2026-06-22 03:11:11.691 7 INFO neutron.db.ovn_revision_numbers_db [None req-a21734a9-f1fd-48f0-8e21-eb875b076114 - - - - - -] Successfully bumped revision number for resource 184f4cf4-0acb-4f3c-96d7-6b664c2aad98 (type: ports) to 3 [pid: 8|app: 0|req: 1197/2467] 10.0.0.234 () {32 vars in 669 bytes} [Mon Jun 22 03:11:11 2026] GET /v2.0/ports?tags-any=blue => generated 1513 bytes in 81 msecs (HTTP/1.1 200) 4 headers in 158 bytes (1 switches on core 0) [pid: 8|app: 0|req: 1198/2468] 10.0.0.234 () {32 vars in 679 bytes} [Mon Jun 22 03:11:11 2026] GET /v2.0/networks?tags=red%2Cblue => generated 1337 bytes in 48 msecs (HTTP/1.1 200) 4 headers in 158 bytes (1 switches on core 0) [pid: 8|app: 0|req: 1199/2469] 10.0.0.234 () {32 vars in 733 bytes} [Mon Jun 22 03:11:11 2026] DELETE /v2.0/qos/policies/b481d801-4588-4485-bd44-a1bcf467669b => generated 0 bytes in 48 msecs (HTTP/1.1 204) 2 headers in 112 bytes (1 switches on core 0) [pid: 8|app: 0|req: 1200/2470] 10.0.0.234 () {32 vars in 681 bytes} [Mon Jun 22 03:11:11 2026] GET /v2.0/ports?tags-any=red%2Cblue => generated 2253 bytes in 53 msecs (HTTP/1.1 200) 4 headers in 158 bytes (1 switches on core 0) [pid: 7|app: 0|req: 1271/2471] 10.0.0.234 () {34 vars in 684 bytes} [Mon Jun 22 03:11:07 2026] POST /v2.0/vpn/vpnservices => generated 458 bytes in 4680 msecs (HTTP/1.1 201) 4 headers in 162 bytes (1 switches on core 0) [pid: 8|app: 0|req: 1201/2472] 10.0.0.234 () {32 vars in 675 bytes} [Mon Jun 22 03:11:11 2026] GET /v2.0/networks?tags-any=blue => generated 1337 bytes in 66 msecs (HTTP/1.1 200) 4 headers in 158 bytes (1 switches on core 0) [pid: 7|app: 0|req: 1272/2473] 10.0.0.234 () {32 vars in 733 bytes} [Mon Jun 22 03:11:11 2026] DELETE /v2.0/qos/policies/41658e00-6a4e-41fd-99da-50807a4e7374 => generated 0 bytes in 64 msecs (HTTP/1.1 204) 2 headers in 112 bytes (1 switches on core 0) [pid: 7|app: 0|req: 1273/2474] 10.0.0.234 () {32 vars in 662 bytes} [Mon Jun 22 03:11:11 2026] GET /v2.0/vpn/vpnservices => generated 1306 bytes in 13 msecs (HTTP/1.1 200) 4 headers in 158 bytes (1 switches on core 0) [pid: 8|app: 0|req: 1202/2475] 10.0.0.234 () {32 vars in 667 bytes} [Mon Jun 22 03:11:11 2026] GET /v2.0/ports?not-tags=red => generated 5268 bytes in 118 msecs (HTTP/1.1 200) 4 headers in 158 bytes (1 switches on core 0) [pid: 7|app: 0|req: 1274/2476] 10.0.0.234 () {32 vars in 687 bytes} [Mon Jun 22 03:11:11 2026] GET /v2.0/networks?tags-any=red%2Cblue => generated 1988 bytes in 68 msecs (HTTP/1.1 200) 4 headers in 158 bytes (1 switches on core 0) [pid: 8|app: 0|req: 1203/2477] 10.0.0.234 () {32 vars in 733 bytes} [Mon Jun 22 03:11:12 2026] DELETE /v2.0/qos/policies/b4c6bb91-b322-4842-b93a-aef3ad386127 => generated 0 bytes in 69 msecs (HTTP/1.1 204) 2 headers in 112 bytes (1 switches on core 0) [pid: 8|app: 0|req: 1204/2478] 10.0.0.234 () {32 vars in 681 bytes} [Mon Jun 22 03:11:12 2026] GET /v2.0/ports?not-tags=red%2Cblue => generated 6008 bytes in 92 msecs (HTTP/1.1 200) 4 headers in 158 bytes (1 switches on core 0)
2026-06-22 03:11:12.923 7 INFO neutron_taas.services.taas.taas_plugin [None req-d90d875e-c718-435d-94e9-44280564f74b f30a8106915149039a80858b268934a7 703428e00a36428392546bd6bbc4e4a5 - - default default] TaaS: Handle Delete Port: 084f4d41-3f17-4bdd-beb5-0d786df305fe
2026-06-22 03:11:12.926 7 INFO neutron_taas.services.taas.tap_mirror_plugin [None req-d90d875e-c718-435d-94e9-44280564f74b f30a8106915149039a80858b268934a7 703428e00a36428392546bd6bbc4e4a5 - - default default] Tap Mirror: Handle Delete Port: 084f4d41-3f17-4bdd-beb5-0d786df305fe
2026-06-22 03:11:12.965 8 WARNING neutron.plugins.ml2.drivers.ovn.mech_driver.ovsdb.ovn_client [None req-c915cb9c-0223-44ba-87d2-851d4a6408d3 - - - - - -] No hosting information found for port fcf57039-c760-4116-b0e4-6d591227b0af: RuntimeError: No hosting information found for port fcf57039-c760-4116-b0e4-6d591227b0af [pid: 8|app: 0|req: 1205/2479] 10.0.0.234 () {32 vars in 673 bytes} [Mon Jun 22 03:11:12 2026] GET /v2.0/networks?not-tags=red => generated 1987 bytes in 819 msecs (HTTP/1.1 200) 4 headers in 158 bytes (1 switches on core 0)
2026-06-22 03:11:13.118 8 INFO neutron.db.ovn_revision_numbers_db [None req-c915cb9c-0223-44ba-87d2-851d4a6408d3 - - - - - -] Successfully bumped revision number for resource fcf57039-c760-4116-b0e4-6d591227b0af (type: router_ports) to 2 [pid: 8|app: 0|req: 1206/2480] 10.0.0.234 () {32 vars in 733 bytes} [Mon Jun 22 03:11:13 2026] DELETE /v2.0/qos/policies/9c2549c9-7cef-47c3-8280-dbbdd3b44238 => generated 0 bytes in 109 msecs (HTTP/1.1 204) 2 headers in 112 bytes (1 switches on core 0)
2026-06-22 03:11:13.184 7 INFO neutron_taas.services.taas.taas_plugin [None req-1a4b6dff-a431-4b02-a2ce-4d7109334184 - - - - - -] TaaS: Handle Delete Port: 184f4cf4-0acb-4f3c-96d7-6b664c2aad98
2026-06-22 03:11:13.187 7 INFO neutron_taas.services.taas.tap_mirror_plugin [None req-1a4b6dff-a431-4b02-a2ce-4d7109334184 - - - - - -] Tap Mirror: Handle Delete Port: 184f4cf4-0acb-4f3c-96d7-6b664c2aad98
2026-06-22 03:11:13.239 8 INFO neutron.plugins.ml2.drivers.ovn.mech_driver.mech_driver [None req-c915cb9c-0223-44ba-87d2-851d4a6408d3 - - - - - -] OVN reports status down for port: 659c8c95-c389-4139-a530-47868385782f [pid: 8|app: 0|req: 1207/2481] 10.0.0.234 () {32 vars in 677 bytes} [Mon Jun 22 03:11:13 2026] GET /v2.0/ports?not-tags-any=blue => generated 6008 bytes in 178 msecs (HTTP/1.1 200) 4 headers in 158 bytes (1 switches on core 0)
2026-06-22 03:11:13.417 8 INFO neutron.plugins.ml2.drivers.ovn.mech_driver.mech_driver [None req-c915cb9c-0223-44ba-87d2-851d4a6408d3 - - - - - -] OVN reports status down for port: 084f4d41-3f17-4bdd-beb5-0d786df305fe
2026-06-22 03:11:13.432 8 INFO neutron.plugins.ml2.drivers.ovn.mech_driver.mech_driver [None req-c915cb9c-0223-44ba-87d2-851d4a6408d3 - - - - - -] OVN reports status down for port: 9bf0bac2-8721-47fb-a0e9-40b7a3b471d1 [pid: 8|app: 0|req: 1208/2482] 10.0.0.234 () {32 vars in 687 bytes} [Mon Jun 22 03:11:13 2026] GET /v2.0/networks?not-tags=red%2Cblue => generated 2638 bytes in 176 msecs (HTTP/1.1 200) 4 headers in 158 bytes (1 switches on core 0)
2026-06-22 03:11:13.566 8 INFO neutron.plugins.ml2.drivers.ovn.mech_driver.mech_driver [None req-c915cb9c-0223-44ba-87d2-851d4a6408d3 - - - - - -] OVN reports status down for port: 4175bf4c-6db5-43e8-a10d-8fb7c5fb4376 [pid: 8|app: 0|req: 1209/2483] 10.0.0.234 () {32 vars in 689 bytes} [Mon Jun 22 03:11:13 2026] GET /v2.0/ports?not-tags-any=red%2Cblue => generated 5268 bytes in 110 msecs (HTTP/1.1 200) 4 headers in 158 bytes (1 switches on core 0)
2026-06-22 03:11:13.614 7 INFO neutron_taas.services.taas.taas_plugin [None req-36cfa937-7532-4cdc-8865-f18e71170e5a - - - - - -] TaaS: Handle Delete Port: 7dd5fc6c-2898-4841-97d7-ee5198cb0dcb
2026-06-22 03:11:13.617 7 INFO neutron_taas.services.taas.tap_mirror_plugin [None req-36cfa937-7532-4cdc-8865-f18e71170e5a - - - - - -] Tap Mirror: Handle Delete Port: 7dd5fc6c-2898-4841-97d7-ee5198cb0dcb [pid: 8|app: 0|req: 1210/2484] 10.0.0.234 () {32 vars in 683 bytes} [Mon Jun 22 03:11:13 2026] GET /v2.0/networks?not-tags-any=blue => generated 2638 bytes in 130 msecs (HTTP/1.1 200) 4 headers in 158 bytes (1 switches on core 0)
2026-06-22 03:11:13.729 8 INFO neutron.plugins.ml2.drivers.ovn.mech_driver.mech_driver [None req-c915cb9c-0223-44ba-87d2-851d4a6408d3 - - - - - -] OVN reports status down for port: 7dd5fc6c-2898-4841-97d7-ee5198cb0dcb
2026-06-22 03:11:13.780 8 INFO neutron.plugins.ml2.db [None req-c915cb9c-0223-44ba-87d2-851d4a6408d3 - - - - - -] No ports have port_id starting with 7dd5fc6c-2898-4841-97d7-ee5198cb0dcb
2026-06-22 03:11:13.781 8 WARNING neutron.plugins.ml2.drivers.ovn.mech_driver.ovsdb.ovn_client [None req-c915cb9c-0223-44ba-87d2-851d4a6408d3 - - - - - -] Logical_Switch_Port 7dd5fc6c-2898-4841-97d7-ee5198cb0dcb host information not removed, the port state is up
2026-06-22 03:11:13.781 8 INFO neutron.plugins.ml2.drivers.ovn.mech_driver.mech_driver [None req-c915cb9c-0223-44ba-87d2-851d4a6408d3 - - - - - -] OVN reports status up for port: 7dd5fc6c-2898-4841-97d7-ee5198cb0dcb
2026-06-22 03:11:13.824 8 INFO neutron.plugins.ml2.drivers.ovn.mech_driver.mech_driver [None req-c915cb9c-0223-44ba-87d2-851d4a6408d3 - - - - - -] OVN reports status down for port: 184f4cf4-0acb-4f3c-96d7-6b664c2aad98
2026-06-22 03:11:13.911 8 INFO neutron_taas.services.taas.taas_plugin [None req-bae6e2e4-31de-4adc-a624-4a1ca59fd812 8dc0314a2eaa4841a9fcc1b27afadde6 50a1ab30fed34914b4582a2bce475f5e - - default default] TaaS: Handle Delete Port: e16f0761-7ee3-445d-a238-1ec221d5941d
2026-06-22 03:11:13.914 8 INFO neutron_taas.services.taas.tap_mirror_plugin [None req-bae6e2e4-31de-4adc-a624-4a1ca59fd812 8dc0314a2eaa4841a9fcc1b27afadde6 50a1ab30fed34914b4582a2bce475f5e - - default default] Tap Mirror: Handle Delete Port: e16f0761-7ee3-445d-a238-1ec221d5941d [pid: 8|app: 0|req: 1211/2485] 10.0.0.234 () {32 vars in 719 bytes} [Mon Jun 22 03:11:13 2026] DELETE /v2.0/ports/e16f0761-7ee3-445d-a238-1ec221d5941d => generated 0 bytes in 309 msecs (HTTP/1.1 204) 3 headers in 131 bytes (1 switches on core 0) [pid: 8|app: 0|req: 1212/2486] 10.0.0.234 () {32 vars in 695 bytes} [Mon Jun 22 03:11:14 2026] GET /v2.0/networks?not-tags-any=red%2Cblue => generated 1987 bytes in 52 msecs (HTTP/1.1 200) 4 headers in 158 bytes (1 switches on core 0)
2026-06-22 03:11:14.397 8 INFO neutron.db.ovn_revision_numbers_db [None req-4575ff21-f451-4bc5-a948-2987e3edbb49 0d40768d69bd43fda4c7a5280a1fb5e1 f7612168e69a4f4fa71277a00e4bb238 - - default default] Successfully bumped revision number for resource 18860b9f-cd68-499d-9635-bccdf3bd6e5c (type: security_groups) to 1
2026-06-22 03:11:14.409 8 INFO neutron.db.ovn_revision_numbers_db [None req-4575ff21-f451-4bc5-a948-2987e3edbb49 0d40768d69bd43fda4c7a5280a1fb5e1 f7612168e69a4f4fa71277a00e4bb238 - - default default] Successfully bumped revision number for resource 66bddc13-7ac7-4679-b4c3-6e3b733151f8 (type: security_group_rules) to 0
2026-06-22 03:11:14.429 8 INFO neutron.db.ovn_revision_numbers_db [None req-4575ff21-f451-4bc5-a948-2987e3edbb49 0d40768d69bd43fda4c7a5280a1fb5e1 f7612168e69a4f4fa71277a00e4bb238 - - default default] Successfully bumped revision number for resource ae088be7-a343-41de-a0a8-8aade7ad7360 (type: security_group_rules) to 0
2026-06-22 03:11:14.450 8 INFO neutron.db.ovn_revision_numbers_db [None req-4575ff21-f451-4bc5-a948-2987e3edbb49 0d40768d69bd43fda4c7a5280a1fb5e1 f7612168e69a4f4fa71277a00e4bb238 - - default default] Successfully bumped revision number for resource aebf996b-dd9f-48b3-a382-8723a185bcb6 (type: security_group_rules) to 0
2026-06-22 03:11:14.464 8 INFO neutron.db.ovn_revision_numbers_db [None req-4575ff21-f451-4bc5-a948-2987e3edbb49 0d40768d69bd43fda4c7a5280a1fb5e1 f7612168e69a4f4fa71277a00e4bb238 - - default default] Successfully bumped revision number for resource deed8818-09f3-4664-b1a7-c812f478f802 (type: security_group_rules) to 0 [pid: 8|app: 0|req: 1213/2487] 10.0.0.234 () {32 vars in 773 bytes} [Mon Jun 22 03:11:14 2026] GET /v2.0/security-groups?tenant_id=72b5fcab4dd8445db83730c51f0d444b&name=default => generated 2925 bytes in 427 msecs (HTTP/1.1 200) 4 headers in 158 bytes (1 switches on core 0)
2026-06-22 03:11:14.554 7 INFO neutron_taas.services.taas.taas_plugin [None req-36cfa937-7532-4cdc-8865-f18e71170e5a - - - - - -] TaaS: Handle Delete Port: 4175bf4c-6db5-43e8-a10d-8fb7c5fb4376
2026-06-22 03:11:14.557 7 INFO neutron_taas.services.taas.tap_mirror_plugin [None req-36cfa937-7532-4cdc-8865-f18e71170e5a - - - - - -] Tap Mirror: Handle Delete Port: 4175bf4c-6db5-43e8-a10d-8fb7c5fb4376
2026-06-22 03:11:14.625 8 INFO neutron_taas.services.taas.taas_plugin [None req-14503e2b-0cda-437d-971f-3a4c4de7328b 8dc0314a2eaa4841a9fcc1b27afadde6 50a1ab30fed34914b4582a2bce475f5e - - default default] TaaS: Handle Delete Port: f1898750-cf3b-4bc7-8578-8a638399a3f3
2026-06-22 03:11:14.628 8 INFO neutron_taas.services.taas.tap_mirror_plugin [None req-14503e2b-0cda-437d-971f-3a4c4de7328b 8dc0314a2eaa4841a9fcc1b27afadde6 50a1ab30fed34914b4582a2bce475f5e - - default default] Tap Mirror: Handle Delete Port: f1898750-cf3b-4bc7-8578-8a638399a3f3
2026-06-22 03:11:14.734 7 INFO neutron.services.segments.plugin [-] Segment 3ad6b1a6-392b-4b39-89ef-c96612f34fdb resource provider aggregate not found
2026-06-22 03:11:14.742 7 INFO neutron.services.segments.plugin [-] Segment 3ad6b1a6-392b-4b39-89ef-c96612f34fdb resource provider aggregate not found [pid: 8|app: 0|req: 1214/2488] 10.0.0.234 () {32 vars in 719 bytes} [Mon Jun 22 03:11:14 2026] DELETE /v2.0/ports/f1898750-cf3b-4bc7-8578-8a638399a3f3 => generated 0 bytes in 244 msecs (HTTP/1.1 204) 3 headers in 131 bytes (1 switches on core 0)
2026-06-22 03:11:14.761 7 INFO neutron.services.segments.plugin [-] Segment 3ad6b1a6-392b-4b39-89ef-c96612f34fdb resource provider not found; error: Placement Client Error (4xx): {"errors": [{"status": 404, "title": "Not Found", "detail": "The resource could not be found.\n\n No resource provider with uuid 3ad6b1a6-392b-4b39-89ef-c96612f34fdb found for delete ", "request_id": "req-f4db7aa8-aa15-42b4-b888-7dd3120617c9"}]}
2026-06-22 03:11:14.763 7 INFO neutron.services.segments.plugin [-] Segment 3ad6b1a6-392b-4b39-89ef-c96612f34fdb resource provider not found; error: Placement Client Error (4xx): {"errors": [{"status": 404, "title": "Not Found", "detail": "The resource could not be found.\n\n No resource provider with uuid 3ad6b1a6-392b-4b39-89ef-c96612f34fdb found for delete ", "request_id": "req-b7b69e48-ab92-4d67-bed2-d2df31d7e988"}]} [pid: 7|app: 0|req: 1275/2489] 10.0.0.234 () {32 vars in 739 bytes} [Mon Jun 22 03:11:12 2026] DELETE /v2.0/vpn/vpnservices/ac268a99-911b-46d5-b4d7-153f834bcdb1 => generated 0 bytes in 2760 msecs (HTTP/1.1 204) 2 headers in 112 bytes (1 switches on core 0) /var/lib/openstack/lib/python3.12/site-packages/pycadf/identifier.py:70: UserWarning: Invalid uuid: neutron. To ensure interoperability, identifiers should be a valid uuid. warnings.warn(('Invalid uuid: %s. To ensure interoperability, '
2026-06-22 03:11:14.898 8 INFO neutron_taas.services.taas.taas_plugin [None req-235c7dcf-65e7-4f6d-8a27-dc1def581281 89006faa36a44b4a81d8b0ee679d0056 71fa1ac02de5439d83a639a1d230e243 - - default default] TaaS: Handle Delete Port: e0c0aa4e-97ee-4731-90e9-fcb7553a31dd
2026-06-22 03:11:14.900 8 INFO neutron_taas.services.taas.tap_mirror_plugin [None req-235c7dcf-65e7-4f6d-8a27-dc1def581281 89006faa36a44b4a81d8b0ee679d0056 71fa1ac02de5439d83a639a1d230e243 - - default default] Tap Mirror: Handle Delete Port: e0c0aa4e-97ee-4731-90e9-fcb7553a31dd [pid: 7|app: 0|req: 1276/2490] 10.0.0.234 () {32 vars in 739 bytes} [Mon Jun 22 03:11:14 2026] DELETE /v2.0/security-groups/18860b9f-cd68-499d-9635-bccdf3bd6e5c => generated 0 bytes in 271 msecs (HTTP/1.1 204) 2 headers in 112 bytes (1 switches on core 0)
2026-06-22 03:11:15.114 8 INFO neutron.services.segments.plugin [-] Segment 8ba19425-7e16-435d-93ab-2ade356207ac resource provider aggregate not found
2026-06-22 03:11:15.118 8 INFO neutron.services.segments.plugin [-] Segment 8ba19425-7e16-435d-93ab-2ade356207ac resource provider aggregate not found
2026-06-22 03:11:15.136 8 INFO neutron.services.segments.plugin [-] Segment 8ba19425-7e16-435d-93ab-2ade356207ac resource provider not found; error: Placement Client Error (4xx): {"errors": [{"status": 404, "title": "Not Found", "detail": "The resource could not be found.\n\n No resource provider with uuid 8ba19425-7e16-435d-93ab-2ade356207ac found for delete ", "request_id": "req-093422e2-08cb-47b9-94a0-5efc4469e1b4"}]}
2026-06-22 03:11:15.137 8 INFO neutron.services.segments.plugin [-] Segment 8ba19425-7e16-435d-93ab-2ade356207ac resource provider not found; error: Placement Client Error (4xx): {"errors": [{"status": 404, "title": "Not Found", "detail": "The resource could not be found.\n\n No resource provider with uuid 8ba19425-7e16-435d-93ab-2ade356207ac found for delete ", "request_id": "req-99a097c5-8fe3-4bf1-b753-79de97a123ad"}]} [pid: 8|app: 0|req: 1215/2491] 10.0.0.234 () {32 vars in 725 bytes} [Mon Jun 22 03:11:14 2026] DELETE /v2.0/networks/6e00f6f3-a5da-478f-91bb-6d3e2894c948 => generated 0 bytes in 409 msecs (HTTP/1.1 204) 3 headers in 131 bytes (1 switches on core 0) [pid: 8|app: 0|req: 1216/2492] 10.0.0.234 () {32 vars in 662 bytes} [Mon Jun 22 03:11:15 2026] GET /v2.0/vpn/vpnservices => generated 862 bytes in 7 msecs (HTTP/1.1 200) 4 headers in 157 bytes (1 switches on core 0)
2026-06-22 03:11:15.242 7 INFO neutron_taas.services.taas.taas_plugin [None req-287493cb-a96d-4ab8-835e-3c4314b54688 8dc0314a2eaa4841a9fcc1b27afadde6 50a1ab30fed34914b4582a2bce475f5e - - default default] TaaS: Handle Delete Port: fa24b0b0-8939-4e1e-b9f4-4a8aa7e291fc
2026-06-22 03:11:15.246 7 INFO neutron_taas.services.taas.tap_mirror_plugin [None req-287493cb-a96d-4ab8-835e-3c4314b54688 8dc0314a2eaa4841a9fcc1b27afadde6 50a1ab30fed34914b4582a2bce475f5e - - default default] Tap Mirror: Handle Delete Port: fa24b0b0-8939-4e1e-b9f4-4a8aa7e291fc
2026-06-22 03:11:15.281 8 INFO neutron_taas.services.taas.taas_plugin [None req-8f67d363-e890-46b0-a83e-2eab293e5569 89006faa36a44b4a81d8b0ee679d0056 71fa1ac02de5439d83a639a1d230e243 - - default default] TaaS: Handle Delete Port: 02aaa5ef-8a54-475a-8987-3fba754d5e04
2026-06-22 03:11:15.284 8 INFO neutron_taas.services.taas.tap_mirror_plugin [None req-8f67d363-e890-46b0-a83e-2eab293e5569 89006faa36a44b4a81d8b0ee679d0056 71fa1ac02de5439d83a639a1d230e243 - - default default] Tap Mirror: Handle Delete Port: 02aaa5ef-8a54-475a-8987-3fba754d5e04 [pid: 7|app: 0|req: 1277/2493] 10.0.0.234 () {32 vars in 719 bytes} [Mon Jun 22 03:11:15 2026] DELETE /v2.0/ports/fa24b0b0-8939-4e1e-b9f4-4a8aa7e291fc => generated 0 bytes in 286 msecs (HTTP/1.1 204) 3 headers in 131 bytes (1 switches on core 0) [pid: 8|app: 0|req: 1217/2494] 10.0.0.234 () {32 vars in 725 bytes} [Mon Jun 22 03:11:15 2026] DELETE /v2.0/networks/0b1b21e5-ea18-4496-8baa-7bb156f54477 => generated 0 bytes in 360 msecs (HTTP/1.1 204) 3 headers in 131 bytes (1 switches on core 0)
2026-06-22 03:11:15.543 7 INFO neutron.db.ovn_revision_numbers_db [None req-d74f393b-9696-4216-9b38-1b6f26107f48 0d40768d69bd43fda4c7a5280a1fb5e1 f7612168e69a4f4fa71277a00e4bb238 - - default default] Successfully bumped revision number for resource 500faa5d-dd5f-4c27-8fb7-81da67fa337f (type: security_groups) to 1
2026-06-22 03:11:15.557 7 INFO neutron.db.ovn_revision_numbers_db [None req-d74f393b-9696-4216-9b38-1b6f26107f48 0d40768d69bd43fda4c7a5280a1fb5e1 f7612168e69a4f4fa71277a00e4bb238 - - default default] Successfully bumped revision number for resource 29756f04-524e-4dbf-acd3-15af683fd21e (type: security_group_rules) to 0
2026-06-22 03:11:15.576 7 INFO neutron.db.ovn_revision_numbers_db [None req-d74f393b-9696-4216-9b38-1b6f26107f48 0d40768d69bd43fda4c7a5280a1fb5e1 f7612168e69a4f4fa71277a00e4bb238 - - default default] Successfully bumped revision number for resource 4de87648-806e-487f-8014-6fdc857d903f (type: security_group_rules) to 0
2026-06-22 03:11:15.584 8 INFO neutron.api.v2.resource [None req-7cb15c50-7b18-4978-b4be-774e58d18020 f30a8106915149039a80858b268934a7 703428e00a36428392546bd6bbc4e4a5 - - default default] create failed (client error): The server could not comply with the request since it is either malformed or otherwise incorrect.
2026-06-22 03:11:15.587 7 INFO neutron.db.ovn_revision_numbers_db [None req-d74f393b-9696-4216-9b38-1b6f26107f48 0d40768d69bd43fda4c7a5280a1fb5e1 f7612168e69a4f4fa71277a00e4bb238 - - default default] Successfully bumped revision number for resource d5d6851a-f2b0-4b8a-98a8-f417b9a7cd31 (type: security_group_rules) to 0 [pid: 8|app: 0|req: 1218/2495] 10.0.0.234 () {34 vars in 706 bytes} [Mon Jun 22 03:11:15 2026] POST /v2.0/vpn/ipsec-site-connections => generated 127 bytes in 56 msecs (HTTP/1.1 400) 4 headers in 166 bytes (1 switches on core 0)
2026-06-22 03:11:15.598 7 INFO neutron.db.ovn_revision_numbers_db [None req-d74f393b-9696-4216-9b38-1b6f26107f48 0d40768d69bd43fda4c7a5280a1fb5e1 f7612168e69a4f4fa71277a00e4bb238 - - default default] Successfully bumped revision number for resource e03c701e-575a-4b98-adc0-462ddfc3e9e0 (type: security_group_rules) to 0 [pid: 7|app: 0|req: 1278/2496] 10.0.0.234 () {32 vars in 773 bytes} [Mon Jun 22 03:11:15 2026] GET /v2.0/security-groups?tenant_id=f0fc86ae574441c796ee16a6c4ca0079&name=default => generated 2925 bytes in 279 msecs (HTTP/1.1 200) 4 headers in 158 bytes (1 switches on core 0)
2026-06-22 03:11:15.714 8 INFO neutron_taas.services.taas.taas_plugin [None req-88f8f570-9d2a-494f-96f6-6c976e78de97 8dc0314a2eaa4841a9fcc1b27afadde6 50a1ab30fed34914b4582a2bce475f5e - - default default] TaaS: Handle Delete Port: 659c8c95-c389-4139-a530-47868385782f
2026-06-22 03:11:15.717 8 INFO neutron_taas.services.taas.tap_mirror_plugin [None req-88f8f570-9d2a-494f-96f6-6c976e78de97 8dc0314a2eaa4841a9fcc1b27afadde6 50a1ab30fed34914b4582a2bce475f5e - - default default] Tap Mirror: Handle Delete Port: 659c8c95-c389-4139-a530-47868385782f
2026-06-22 03:11:15.763 7 INFO neutron_taas.services.taas.taas_plugin [None req-8b66f483-aebe-4ff2-a328-f5943e9be50d 89006faa36a44b4a81d8b0ee679d0056 71fa1ac02de5439d83a639a1d230e243 - - default default] TaaS: Handle Delete Port: 9bf0bac2-8721-47fb-a0e9-40b7a3b471d1
2026-06-22 03:11:15.766 7 INFO neutron_taas.services.taas.tap_mirror_plugin [None req-8b66f483-aebe-4ff2-a328-f5943e9be50d 89006faa36a44b4a81d8b0ee679d0056 71fa1ac02de5439d83a639a1d230e243 - - default default] Tap Mirror: Handle Delete Port: 9bf0bac2-8721-47fb-a0e9-40b7a3b471d1 [pid: 8|app: 0|req: 1219/2497] 10.0.0.234 () {32 vars in 719 bytes} [Mon Jun 22 03:11:15 2026] DELETE /v2.0/ports/659c8c95-c389-4139-a530-47868385782f => generated 0 bytes in 270 msecs (HTTP/1.1 204) 3 headers in 131 bytes (1 switches on core 0)
2026-06-22 03:11:15.941 8 INFO neutron.api.v2.resource [None req-7c1916d2-915b-48af-949c-32a1814b4c7b f30a8106915149039a80858b268934a7 703428e00a36428392546bd6bbc4e4a5 - - default default] create failed (client error): The server could not comply with the request since it is either malformed or otherwise incorrect. [pid: 8|app: 0|req: 1220/2498] 10.0.0.234 () {34 vars in 706 bytes} [Mon Jun 22 03:11:15 2026] POST /v2.0/vpn/ipsec-site-connections => generated 136 bytes in 84 msecs (HTTP/1.1 400) 4 headers in 166 bytes (1 switches on core 0) [pid: 7|app: 0|req: 1279/2499] 10.0.0.234 () {32 vars in 725 bytes} [Mon Jun 22 03:11:15 2026] DELETE /v2.0/networks/ee8dd5ab-16c2-4268-a43a-dced9fa77f17 => generated 0 bytes in 379 msecs (HTTP/1.1 204) 3 headers in 131 bytes (1 switches on core 0) [pid: 8|app: 0|req: 1221/2500] 10.0.0.234 () {32 vars in 739 bytes} [Mon Jun 22 03:11:15 2026] DELETE /v2.0/security-groups/500faa5d-dd5f-4c27-8fb7-81da67fa337f => generated 0 bytes in 233 msecs (HTTP/1.1 204) 2 headers in 112 bytes (1 switches on core 0)
2026-06-22 03:11:16.180 7 INFO neutron_taas.services.taas.taas_plugin [None req-015f94bb-6481-4866-8ac7-fb03459de63e 8dc0314a2eaa4841a9fcc1b27afadde6 50a1ab30fed34914b4582a2bce475f5e - - default default] TaaS: Handle Delete Port: ace6244e-c254-46ae-baf6-7c23615799a1
2026-06-22 03:11:16.181 8 WARNING neutron.api.v2.base [None req-7df0af72-0281-401a-bc76-fe9e005ee790 f30a8106915149039a80858b268934a7 703428e00a36428392546bd6bbc4e4a5 - - default default] An exception happened while processing the request body. The exception message is [Invalid input for dpd. Reason: '59' is not a dictionary.].: webob.exc.HTTPBadRequest: Invalid input for dpd. Reason: '59' is not a dictionary.
2026-06-22 03:11:16.182 8 INFO neutron.api.v2.resource [None req-7df0af72-0281-401a-bc76-fe9e005ee790 f30a8106915149039a80858b268934a7 703428e00a36428392546bd6bbc4e4a5 - - default default] create failed (client error): Invalid input for dpd. Reason: '59' is not a dictionary. [pid: 8|app: 0|req: 1222/2501] 10.0.0.234 () {34 vars in 706 bytes} [Mon Jun 22 03:11:16 2026] POST /v2.0/vpn/ipsec-site-connections => generated 129 bytes in 6 msecs (HTTP/1.1 400) 4 headers in 166 bytes (1 switches on core 0)
2026-06-22 03:11:16.184 7 INFO neutron_taas.services.taas.tap_mirror_plugin [None req-015f94bb-6481-4866-8ac7-fb03459de63e 8dc0314a2eaa4841a9fcc1b27afadde6 50a1ab30fed34914b4582a2bce475f5e - - default default] Tap Mirror: Handle Delete Port: ace6244e-c254-46ae-baf6-7c23615799a1 [pid: 7|app: 0|req: 1280/2502] 10.0.0.234 () {32 vars in 719 bytes} [Mon Jun 22 03:11:16 2026] DELETE /v2.0/ports/ace6244e-c254-46ae-baf6-7c23615799a1 => generated 0 bytes in 267 msecs (HTTP/1.1 204) 3 headers in 131 bytes (1 switches on core 0)
2026-06-22 03:11:16.325 8 INFO neutron_taas.services.taas.taas_plugin [None req-65a74374-2938-4c7e-ae8d-a0f7a67d5300 89006faa36a44b4a81d8b0ee679d0056 71fa1ac02de5439d83a639a1d230e243 - - default default] TaaS: Handle Delete Port: c301d247-398c-4b0a-93df-7949cd42c7fe
2026-06-22 03:11:16.328 8 INFO neutron_taas.services.taas.tap_mirror_plugin [None req-65a74374-2938-4c7e-ae8d-a0f7a67d5300 89006faa36a44b4a81d8b0ee679d0056 71fa1ac02de5439d83a639a1d230e243 - - default default] Tap Mirror: Handle Delete Port: c301d247-398c-4b0a-93df-7949cd42c7fe [pid: 7|app: 0|req: 1281/2503] 10.0.0.234 () {34 vars in 692 bytes} [Mon Jun 22 03:11:16 2026] POST /v2.0/vpn/endpoint-groups => generated 294 bytes in 42 msecs (HTTP/1.1 201) 4 headers in 162 bytes (1 switches on core 0)
2026-06-22 03:11:16.469 7 INFO neutron_taas.services.taas.taas_plugin [None req-80a7471d-b6c2-4e1f-a4d9-5edd633db117 8dc0314a2eaa4841a9fcc1b27afadde6 50a1ab30fed34914b4582a2bce475f5e - - default default] TaaS: Handle Delete Port: 1206c457-e98f-475d-9663-611aa931c2d2
2026-06-22 03:11:16.472 7 INFO neutron_taas.services.taas.tap_mirror_plugin [None req-80a7471d-b6c2-4e1f-a4d9-5edd633db117 8dc0314a2eaa4841a9fcc1b27afadde6 50a1ab30fed34914b4582a2bce475f5e - - default default] Tap Mirror: Handle Delete Port: 1206c457-e98f-475d-9663-611aa931c2d2 [pid: 8|app: 0|req: 1223/2504] 10.0.0.234 () {32 vars in 725 bytes} [Mon Jun 22 03:11:16 2026] DELETE /v2.0/networks/9cc7ea3c-05bc-4d75-88b6-9b3c7fdf8b98 => generated 0 bytes in 347 msecs (HTTP/1.1 204) 3 headers in 131 bytes (1 switches on core 0)
2026-06-22 03:11:16.713 8 INFO neutron.db.ovn_revision_numbers_db [None req-4981000d-6a09-46bf-ba3c-40504d2514dd 0d40768d69bd43fda4c7a5280a1fb5e1 f7612168e69a4f4fa71277a00e4bb238 - - default default] Successfully bumped revision number for resource e20bf85c-038f-490a-be0a-212ce7bfb83f (type: security_groups) to 1 [pid: 7|app: 0|req: 1282/2505] 10.0.0.234 () {32 vars in 725 bytes} [Mon Jun 22 03:11:16 2026] DELETE /v2.0/networks/903d25f4-76f1-4ae5-983c-071c24517afa => generated 0 bytes in 404 msecs (HTTP/1.1 204) 3 headers in 131 bytes (1 switches on core 0)
2026-06-22 03:11:16.740 8 INFO neutron.db.ovn_revision_numbers_db [None req-4981000d-6a09-46bf-ba3c-40504d2514dd 0d40768d69bd43fda4c7a5280a1fb5e1 f7612168e69a4f4fa71277a00e4bb238 - - default default] Successfully bumped revision number for resource 127128d6-4428-4d8b-918b-27564d5ab440 (type: security_group_rules) to 0
2026-06-22 03:11:16.756 8 INFO neutron.db.ovn_revision_numbers_db [None req-4981000d-6a09-46bf-ba3c-40504d2514dd 0d40768d69bd43fda4c7a5280a1fb5e1 f7612168e69a4f4fa71277a00e4bb238 - - default default] Successfully bumped revision number for resource 22ca6c45-f597-4593-8178-8df93bf3daa4 (type: security_group_rules) to 0
2026-06-22 03:11:16.768 8 INFO neutron.db.ovn_revision_numbers_db [None req-4981000d-6a09-46bf-ba3c-40504d2514dd 0d40768d69bd43fda4c7a5280a1fb5e1 f7612168e69a4f4fa71277a00e4bb238 - - default default] Successfully bumped revision number for resource 3754832d-e846-4f6e-b33d-29024768102f (type: security_group_rules) to 0
2026-06-22 03:11:16.782 7 INFO neutron.services.segments.plugin [-] Segment f26d2738-8c7f-401b-bbad-17d418ac1e14 resource provider aggregate not found
2026-06-22 03:11:16.783 8 INFO neutron.db.ovn_revision_numbers_db [None req-4981000d-6a09-46bf-ba3c-40504d2514dd 0d40768d69bd43fda4c7a5280a1fb5e1 f7612168e69a4f4fa71277a00e4bb238 - - default default] Successfully bumped revision number for resource f3e20fe5-bbd7-4064-aa65-da1d82e757d4 (type: security_group_rules) to 0
2026-06-22 03:11:16.788 7 INFO neutron.services.segments.plugin [-] Segment f26d2738-8c7f-401b-bbad-17d418ac1e14 resource provider aggregate not found
2026-06-22 03:11:16.801 7 INFO neutron.api.v2.resource [None req-9d0dc343-dd1a-4bae-a47c-15a202bd9555 f30a8106915149039a80858b268934a7 703428e00a36428392546bd6bbc4e4a5 - - default default] create failed (client error): The server could not comply with the request since it is either malformed or otherwise incorrect. [pid: 7|app: 0|req: 1283/2506] 10.0.0.234 () {34 vars in 706 bytes} [Mon Jun 22 03:11:16 2026] POST /v2.0/vpn/ipsec-site-connections => generated 149 bytes in 65 msecs (HTTP/1.1 400) 4 headers in 166 bytes (1 switches on core 0)
2026-06-22 03:11:16.807 7 INFO neutron.services.segments.plugin [-] Segment f26d2738-8c7f-401b-bbad-17d418ac1e14 resource provider not found; error: Placement Client Error (4xx): {"errors": [{"status": 404, "title": "Not Found", "detail": "The resource could not be found.\n\n No resource provider with uuid f26d2738-8c7f-401b-bbad-17d418ac1e14 found for delete ", "request_id": "req-d863be9e-5c4f-4719-9405-7b0000d7834b"}]}
2026-06-22 03:11:16.817 7 INFO neutron.services.segments.plugin [-] Segment f26d2738-8c7f-401b-bbad-17d418ac1e14 resource provider not found; error: Placement Client Error (4xx): {"errors": [{"status": 404, "title": "Not Found", "detail": "The resource could not be found.\n\n No resource provider with uuid f26d2738-8c7f-401b-bbad-17d418ac1e14 found for delete ", "request_id": "req-725c30a8-16dc-4970-b769-531062ff38f6"}]} [pid: 8|app: 0|req: 1224/2507] 10.0.0.234 () {32 vars in 773 bytes} [Mon Jun 22 03:11:16 2026] GET /v2.0/security-groups?tenant_id=c320c1e1fd0146fb8d2a1880948f64ce&name=default => generated 2925 bytes in 296 msecs (HTTP/1.1 200) 4 headers in 158 bytes (1 switches on core 0)
2026-06-22 03:11:16.833 7 INFO neutron.services.segments.plugin [-] Segment 85f7d7bc-2488-4dad-9e16-feea08cfd573 resource provider aggregate not found
2026-06-22 03:11:16.851 7 INFO neutron.services.segments.plugin [-] Segment 85f7d7bc-2488-4dad-9e16-feea08cfd573 resource provider not found; error: Placement Client Error (4xx): {"errors": [{"status": 404, "title": "Not Found", "detail": "The resource could not be found.\n\n No resource provider with uuid 85f7d7bc-2488-4dad-9e16-feea08cfd573 found for delete ", "request_id": "req-63440011-3613-4416-a45d-076663a2e1af"}]}
2026-06-22 03:11:16.863 7 INFO neutron.services.segments.plugin [-] Segment 85f7d7bc-2488-4dad-9e16-feea08cfd573 resource provider aggregate not found
2026-06-22 03:11:16.885 7 INFO neutron.services.segments.plugin [-] Segment 85f7d7bc-2488-4dad-9e16-feea08cfd573 resource provider not found; error: Placement Client Error (4xx): {"errors": [{"status": 404, "title": "Not Found", "detail": "The resource could not be found.\n\n No resource provider with uuid 85f7d7bc-2488-4dad-9e16-feea08cfd573 found for delete ", "request_id": "req-4c4458bd-ce93-433f-9c07-d73b8da377a4"}]}
2026-06-22 03:11:16.964 8 INFO neutron_taas.services.taas.taas_plugin [None req-30baf97f-1f2d-4177-94b1-cda04fbc8f0f 8dc0314a2eaa4841a9fcc1b27afadde6 50a1ab30fed34914b4582a2bce475f5e - - default default] TaaS: Handle Delete Port: af1df05f-8286-42b5-bbf7-d75d134f7625
2026-06-22 03:11:16.967 8 INFO neutron_taas.services.taas.tap_mirror_plugin [None req-30baf97f-1f2d-4177-94b1-cda04fbc8f0f 8dc0314a2eaa4841a9fcc1b27afadde6 50a1ab30fed34914b4582a2bce475f5e - - default default] Tap Mirror: Handle Delete Port: af1df05f-8286-42b5-bbf7-d75d134f7625
2026-06-22 03:11:16.973 7 INFO neutron_taas.services.taas.taas_plugin [None req-e5acbc52-6a98-4efc-aa52-4b3404bed669 89006faa36a44b4a81d8b0ee679d0056 71fa1ac02de5439d83a639a1d230e243 - - default default] TaaS: Handle Delete Port: 061c9956-71d8-4aad-8c99-a2fd6b7363a1
2026-06-22 03:11:16.976 7 INFO neutron_taas.services.taas.tap_mirror_plugin [None req-e5acbc52-6a98-4efc-aa52-4b3404bed669 89006faa36a44b4a81d8b0ee679d0056 71fa1ac02de5439d83a639a1d230e243 - - default default] Tap Mirror: Handle Delete Port: 061c9956-71d8-4aad-8c99-a2fd6b7363a1
2026-06-22 03:11:17.160 8 INFO neutron.services.segments.plugin [-] Segment 55578a92-544c-4f36-8898-d5f94b6e48c8 resource provider aggregate not found
2026-06-22 03:11:17.166 8 INFO neutron.services.segments.plugin [-] Segment 55578a92-544c-4f36-8898-d5f94b6e48c8 resource provider aggregate not found
2026-06-22 03:11:17.189 8 INFO neutron.services.segments.plugin [-] Segment 55578a92-544c-4f36-8898-d5f94b6e48c8 resource provider not found; error: Placement Client Error (4xx): {"errors": [{"status": 404, "title": "Not Found", "detail": "The resource could not be found.\n\n No resource provider with uuid 55578a92-544c-4f36-8898-d5f94b6e48c8 found for delete ", "request_id": "req-2ef2572a-2c2a-48d5-991b-57850194d5f3"}]}
2026-06-22 03:11:17.195 8 INFO neutron.services.segments.plugin [-] Segment 55578a92-544c-4f36-8898-d5f94b6e48c8 resource provider not found; error: Placement Client Error (4xx): {"errors": [{"status": 404, "title": "Not Found", "detail": "The resource could not be found.\n\n No resource provider with uuid 55578a92-544c-4f36-8898-d5f94b6e48c8 found for delete ", "request_id": "req-8f6527e3-dd24-44b1-aa73-de5595752bb9"}]} [pid: 7|app: 0|req: 1284/2508] 10.0.0.234 () {32 vars in 725 bytes} [Mon Jun 22 03:11:16 2026] DELETE /v2.0/networks/09350ca9-3c8d-4c68-9664-a299bdaacea2 => generated 0 bytes in 405 msecs (HTTP/1.1 204) 3 headers in 131 bytes (1 switches on core 0)
2026-06-22 03:11:17.217 8 INFO neutron.services.segments.plugin [-] Segment c9110ea1-43f5-479f-ab5d-f705ba6b9fdd resource provider aggregate not found
2026-06-22 03:11:17.220 8 INFO neutron.services.segments.plugin [-] Segment c9110ea1-43f5-479f-ab5d-f705ba6b9fdd resource provider aggregate not found [pid: 7|app: 0|req: 1285/2509] 10.0.0.234 () {32 vars in 670 bytes} [Mon Jun 22 03:11:17 2026] GET /v2.0/vpn/endpoint-groups => generated 909 bytes in 10 msecs (HTTP/1.1 200) 4 headers in 157 bytes (1 switches on core 0)
2026-06-22 03:11:17.238 8 INFO neutron.services.segments.plugin [-] Segment c9110ea1-43f5-479f-ab5d-f705ba6b9fdd resource provider not found; error: Placement Client Error (4xx): {"errors": [{"status": 404, "title": "Not Found", "detail": "The resource could not be found.\n\n No resource provider with uuid c9110ea1-43f5-479f-ab5d-f705ba6b9fdd found for delete ", "request_id": "req-51498b52-8614-447b-964a-237b79d7060d"}]}
2026-06-22 03:11:17.245 8 INFO neutron.services.segments.plugin [-] Segment c9110ea1-43f5-479f-ab5d-f705ba6b9fdd resource provider not found; error: Placement Client Error (4xx): {"errors": [{"status": 404, "title": "Not Found", "detail": "The resource could not be found.\n\n No resource provider with uuid c9110ea1-43f5-479f-ab5d-f705ba6b9fdd found for delete ", "request_id": "req-279348ff-9e94-42d3-8e06-e0f13891efc7"}]} [pid: 8|app: 0|req: 1225/2510] 10.0.0.234 () {32 vars in 725 bytes} [Mon Jun 22 03:11:16 2026] DELETE /v2.0/networks/06d98663-ed2e-47a4-80bb-d7862df7b5a3 => generated 0 bytes in 446 msecs (HTTP/1.1 204) 3 headers in 131 bytes (1 switches on core 0) [pid: 8|app: 0|req: 1226/2511] 10.0.0.234 () {32 vars in 747 bytes} [Mon Jun 22 03:11:17 2026] DELETE /v2.0/vpn/endpoint-groups/55727cd3-7e92-407c-a022-816023b9eb3d => generated 0 bytes in 32 msecs (HTTP/1.1 204) 2 headers in 112 bytes (1 switches on core 0)
2026-06-22 03:11:17.444 8 INFO neutron_taas.services.taas.taas_plugin [None req-2864755c-3549-4ac1-a779-339e6bea38ea 8dc0314a2eaa4841a9fcc1b27afadde6 50a1ab30fed34914b4582a2bce475f5e - - default default] TaaS: Handle Delete Port: 81df2fc6-6f38-495f-b548-01953a14b021
2026-06-22 03:11:17.447 8 INFO neutron_taas.services.taas.tap_mirror_plugin [None req-2864755c-3549-4ac1-a779-339e6bea38ea 8dc0314a2eaa4841a9fcc1b27afadde6 50a1ab30fed34914b4582a2bce475f5e - - default default] Tap Mirror: Handle Delete Port: 81df2fc6-6f38-495f-b548-01953a14b021 [pid: 7|app: 0|req: 1286/2512] 10.0.0.234 () {32 vars in 739 bytes} [Mon Jun 22 03:11:17 2026] DELETE /v2.0/security-groups/e20bf85c-038f-490a-be0a-212ce7bfb83f => generated 0 bytes in 266 msecs (HTTP/1.1 204) 2 headers in 112 bytes (1 switches on core 0) [pid: 7|app: 0|req: 1287/2513] 10.0.0.234 () {32 vars in 670 bytes} [Mon Jun 22 03:11:17 2026] GET /v2.0/vpn/endpoint-groups => generated 633 bytes in 9 msecs (HTTP/1.1 200) 4 headers in 157 bytes (1 switches on core 0) [pid: 7|app: 0|req: 1288/2514] 10.0.0.234 () {34 vars in 692 bytes} [Mon Jun 22 03:11:17 2026] POST /v2.0/vpn/endpoint-groups => generated 301 bytes in 69 msecs (HTTP/1.1 201) 4 headers in 162 bytes (1 switches on core 0)
2026-06-22 03:11:17.618 7 INFO neutron.api.v2.resource [None req-74a2ae54-52f8-47e7-9617-966601e0951a f30a8106915149039a80858b268934a7 703428e00a36428392546bd6bbc4e4a5 - - default default] create failed (client error): The server could not comply with the request since it is either malformed or otherwise incorrect. [pid: 7|app: 0|req: 1289/2515] 10.0.0.234 () {34 vars in 706 bytes} [Mon Jun 22 03:11:17 2026] POST /v2.0/vpn/ipsec-site-connections => generated 148 bytes in 42 msecs (HTTP/1.1 400) 4 headers in 166 bytes (1 switches on core 0) [pid: 7|app: 0|req: 1290/2516] 10.0.0.234 () {32 vars in 670 bytes} [Mon Jun 22 03:11:17 2026] GET /v2.0/vpn/endpoint-groups => generated 916 bytes in 12 msecs (HTTP/1.1 200) 4 headers in 157 bytes (1 switches on core 0) [pid: 7|app: 0|req: 1291/2517] 10.0.0.234 () {32 vars in 747 bytes} [Mon Jun 22 03:11:17 2026] DELETE /v2.0/vpn/endpoint-groups/2495e89e-4df8-4dbb-a8fd-c15a1a4ec63f => generated 0 bytes in 23 msecs (HTTP/1.1 204) 2 headers in 112 bytes (1 switches on core 0) [pid: 7|app: 0|req: 1292/2518] 10.0.0.234 () {32 vars in 670 bytes} [Mon Jun 22 03:11:17 2026] GET /v2.0/vpn/endpoint-groups => generated 633 bytes in 19 msecs (HTTP/1.1 200) 4 headers in 157 bytes (1 switches on core 0)
2026-06-22 03:11:17.703 7 WARNING neutron.api.v2.base [None req-bf7c4c05-fa6d-424a-aa7a-e7fb25e4f1b0 f30a8106915149039a80858b268934a7 703428e00a36428392546bd6bbc4e4a5 - - default default] An exception happened while processing the request body. The exception message is [Invalid input for peer_cidrs. Reason: '1.0.0.0/33' is not a valid IP subnet.].: webob.exc.HTTPBadRequest: Invalid input for peer_cidrs. Reason: '1.0.0.0/33' is not a valid IP subnet.
2026-06-22 03:11:17.703 7 INFO neutron.api.v2.resource [None req-bf7c4c05-fa6d-424a-aa7a-e7fb25e4f1b0 f30a8106915149039a80858b268934a7 703428e00a36428392546bd6bbc4e4a5 - - default default] create failed (client error): Invalid input for peer_cidrs. Reason: '1.0.0.0/33' is not a valid IP subnet. [pid: 7|app: 0|req: 1293/2519] 10.0.0.234 () {34 vars in 706 bytes} [Mon Jun 22 03:11:17 2026] POST /v2.0/vpn/ipsec-site-connections => generated 149 bytes in 8 msecs (HTTP/1.1 400) 4 headers in 166 bytes (1 switches on core 0) [pid: 8|app: 0|req: 1227/2520] 10.0.0.234 () {32 vars in 725 bytes} [Mon Jun 22 03:11:17 2026] DELETE /v2.0/networks/f8c6e5d1-269f-4e88-8795-7f2c2e6f506a => generated 0 bytes in 398 msecs (HTTP/1.1 204) 3 headers in 131 bytes (1 switches on core 0)
2026-06-22 03:11:17.803 8 INFO neutron.db.segments_db [None req-752ac154-66f5-41f1-aa5a-eecfbf96e8dd f30a8106915149039a80858b268934a7 703428e00a36428392546bd6bbc4e4a5 - - default default] Added segment c6dd3644-e5dd-4b29-8d6f-bc1d29a09f61 of type geneve for network 88e8173a-29d3-4e4d-9846-16c38d0d23a5
2026-06-22 03:11:17.852 7 INFO neutron_taas.services.taas.taas_plugin [None req-61d978a2-afda-4953-bd51-d3928afe3170 8dc0314a2eaa4841a9fcc1b27afadde6 50a1ab30fed34914b4582a2bce475f5e - - default default] TaaS: Handle Delete Port: 16393fe3-9158-4cf6-b71a-7db972374762
2026-06-22 03:11:17.854 7 INFO neutron_taas.services.taas.tap_mirror_plugin [None req-61d978a2-afda-4953-bd51-d3928afe3170 8dc0314a2eaa4841a9fcc1b27afadde6 50a1ab30fed34914b4582a2bce475f5e - - default default] Tap Mirror: Handle Delete Port: 16393fe3-9158-4cf6-b71a-7db972374762
2026-06-22 03:11:17.927 8 INFO neutron.db.ovn_revision_numbers_db [None req-752ac154-66f5-41f1-aa5a-eecfbf96e8dd f30a8106915149039a80858b268934a7 703428e00a36428392546bd6bbc4e4a5 - - default default] Successfully bumped revision number for resource 88e8173a-29d3-4e4d-9846-16c38d0d23a5 (type: networks) to 1
2026-06-22 03:11:18.132 8 WARNING neutron.scheduler.dhcp_agent_scheduler [None req-752ac154-66f5-41f1-aa5a-eecfbf96e8dd f30a8106915149039a80858b268934a7 703428e00a36428392546bd6bbc4e4a5 - - default default] No more DHCP agents
2026-06-22 03:11:18.133 8 WARNING neutron.api.rpc.agentnotifiers.dhcp_rpc_agent_api [None req-752ac154-66f5-41f1-aa5a-eecfbf96e8dd f30a8106915149039a80858b268934a7 703428e00a36428392546bd6bbc4e4a5 - - default default] Unable to schedule network 88e8173a-29d3-4e4d-9846-16c38d0d23a5: no agents available; will retry on subsequent port and subnet creation events. [pid: 7|app: 0|req: 1294/2521] 10.0.0.234 () {32 vars in 725 bytes} [Mon Jun 22 03:11:17 2026] DELETE /v2.0/networks/45774d9f-d737-4144-a00a-2b8959e084ee => generated 0 bytes in 437 msecs (HTTP/1.1 204) 3 headers in 131 bytes (1 switches on core 0)
2026-06-22 03:11:18.188 7 INFO neutron.plugins.ml2.drivers.ovn.mech_driver.mech_driver [None req-1ffb22a7-a83f-456f-aa84-9b6b22efc974 - - - - - -] OVN reports status down for port: 231d28ae-6a3a-4868-9ba4-82861ee39531
2026-06-22 03:11:18.227 8 INFO neutron.db.ovn_revision_numbers_db [None req-752ac154-66f5-41f1-aa5a-eecfbf96e8dd f30a8106915149039a80858b268934a7 703428e00a36428392546bd6bbc4e4a5 - - default default] Successfully bumped revision number for resource 231d28ae-6a3a-4868-9ba4-82861ee39531 (type: ports) to 1 [pid: 8|app: 0|req: 1228/2522] 10.0.0.234 () {34 vars in 669 bytes} [Mon Jun 22 03:11:17 2026] POST /v2.0/networks => generated 670 bytes in 546 msecs (HTTP/1.1 201) 4 headers in 162 bytes (1 switches on core 0)
2026-06-22 03:11:18.379 8 INFO neutron_taas.services.taas.taas_plugin [None req-417641ff-90d1-4139-877a-1d5df6242328 8dc0314a2eaa4841a9fcc1b27afadde6 50a1ab30fed34914b4582a2bce475f5e - - default default] TaaS: Handle Delete Port: 1e4a5307-ec89-45b9-bc0d-22f0fe7d7aad
2026-06-22 03:11:18.383 8 INFO neutron_taas.services.taas.tap_mirror_plugin [None req-417641ff-90d1-4139-877a-1d5df6242328 8dc0314a2eaa4841a9fcc1b27afadde6 50a1ab30fed34914b4582a2bce475f5e - - default default] Tap Mirror: Handle Delete Port: 1e4a5307-ec89-45b9-bc0d-22f0fe7d7aad
2026-06-22 03:11:18.399 7 INFO neutron.db.ovn_revision_numbers_db [None req-500823eb-470a-412c-bed4-3ddde0454612 0d40768d69bd43fda4c7a5280a1fb5e1 f7612168e69a4f4fa71277a00e4bb238 - - default default] Successfully bumped revision number for resource c6c07bf4-a5cc-4a8a-8f3b-8e8e085ee180 (type: security_groups) to 1
2026-06-22 03:11:18.416 7 INFO neutron.db.ovn_revision_numbers_db [None req-500823eb-470a-412c-bed4-3ddde0454612 0d40768d69bd43fda4c7a5280a1fb5e1 f7612168e69a4f4fa71277a00e4bb238 - - default default] Successfully bumped revision number for resource 02fcb009-1f06-4895-93b6-733dc98126ad (type: security_group_rules) to 0
2026-06-22 03:11:18.429 7 INFO neutron.db.ovn_revision_numbers_db [None req-500823eb-470a-412c-bed4-3ddde0454612 0d40768d69bd43fda4c7a5280a1fb5e1 f7612168e69a4f4fa71277a00e4bb238 - - default default] Successfully bumped revision number for resource 21fa5711-1a48-4f82-9704-f1cd15fcd569 (type: security_group_rules) to 0
2026-06-22 03:11:18.445 7 INFO neutron.db.ovn_revision_numbers_db [None req-500823eb-470a-412c-bed4-3ddde0454612 0d40768d69bd43fda4c7a5280a1fb5e1 f7612168e69a4f4fa71277a00e4bb238 - - default default] Successfully bumped revision number for resource d9755ac7-fa37-43ec-9c96-8b35624daa40 (type: security_group_rules) to 0
2026-06-22 03:11:18.456 7 INFO neutron.db.ovn_revision_numbers_db [None req-500823eb-470a-412c-bed4-3ddde0454612 0d40768d69bd43fda4c7a5280a1fb5e1 f7612168e69a4f4fa71277a00e4bb238 - - default default] Successfully bumped revision number for resource ed46b54d-7896-4c00-b1f1-145b6d63e3e9 (type: security_group_rules) to 0 [pid: 7|app: 0|req: 1295/2523] 10.0.0.234 () {32 vars in 773 bytes} [Mon Jun 22 03:11:18 2026] GET /v2.0/security-groups?tenant_id=6307f0e467ae46ac93623d6003bf994d&name=default => generated 2925 bytes in 351 msecs (HTTP/1.1 200) 4 headers in 158 bytes (1 switches on core 0) [pid: 8|app: 0|req: 1229/2524] 10.0.0.234 () {32 vars in 725 bytes} [Mon Jun 22 03:11:18 2026] DELETE /v2.0/networks/ffa3bca8-e2be-450e-8f72-cb5007ad0e14 => generated 0 bytes in 359 msecs (HTTP/1.1 204) 3 headers in 131 bytes (1 switches on core 0)
2026-06-22 03:11:18.680 7 WARNING neutron.scheduler.dhcp_agent_scheduler [None req-182028d3-43e8-41b3-8b53-bfa77a72c5c9 f30a8106915149039a80858b268934a7 703428e00a36428392546bd6bbc4e4a5 - - default default] No more DHCP agents
2026-06-22 03:11:18.682 7 WARNING neutron.api.rpc.agentnotifiers.dhcp_rpc_agent_api [None req-182028d3-43e8-41b3-8b53-bfa77a72c5c9 f30a8106915149039a80858b268934a7 703428e00a36428392546bd6bbc4e4a5 - - default default] Unable to schedule network 88e8173a-29d3-4e4d-9846-16c38d0d23a5: no agents available; will retry on subsequent port and subnet creation events.
2026-06-22 03:11:18.874 7 INFO neutron.services.segments.plugin [-] Segment 72a602ba-eeba-41ad-baa9-5088359dd831 resource provider aggregate not found [pid: 8|app: 0|req: 1230/2525] 10.0.0.234 () {32 vars in 739 bytes} [Mon Jun 22 03:11:18 2026] DELETE /v2.0/security-groups/c6c07bf4-a5cc-4a8a-8f3b-8e8e085ee180 => generated 0 bytes in 280 msecs (HTTP/1.1 204) 2 headers in 112 bytes (1 switches on core 0)
2026-06-22 03:11:18.909 7 INFO neutron.services.segments.plugin [-] Segment 72a602ba-eeba-41ad-baa9-5088359dd831 resource provider not found; error: Placement Client Error (4xx): {"errors": [{"status": 404, "title": "Not Found", "detail": "The resource could not be found.\n\n No resource provider with uuid 72a602ba-eeba-41ad-baa9-5088359dd831 found for delete ", "request_id": "req-e18bed56-3e30-4325-af32-1f3d1e000e91"}]}
2026-06-22 03:11:18.921 7 INFO neutron.services.segments.plugin [-] Segment 72a602ba-eeba-41ad-baa9-5088359dd831 resource provider aggregate not found
2026-06-22 03:11:18.940 7 INFO neutron.services.segments.plugin [-] Segment 72a602ba-eeba-41ad-baa9-5088359dd831 resource provider not found; error: Placement Client Error (4xx): {"errors": [{"status": 404, "title": "Not Found", "detail": "The resource could not be found.\n\n No resource provider with uuid 72a602ba-eeba-41ad-baa9-5088359dd831 found for delete ", "request_id": "req-dc2bf901-0711-472f-aa8e-5964079cf8ee"}]}
2026-06-22 03:11:18.947 7 INFO neutron.services.segments.plugin [-] Segment 5d1fa36e-56b8-4a4d-92d4-03b8cbe6a1e9 resource provider aggregate not found
2026-06-22 03:11:18.968 7 INFO neutron.services.segments.plugin [-] Segment 5d1fa36e-56b8-4a4d-92d4-03b8cbe6a1e9 resource provider aggregate not found
2026-06-22 03:11:18.973 7 INFO neutron.services.segments.plugin [-] Segment 5d1fa36e-56b8-4a4d-92d4-03b8cbe6a1e9 resource provider not found; error: Placement Client Error (4xx): {"errors": [{"status": 404, "title": "Not Found", "detail": "The resource could not be found.\n\n No resource provider with uuid 5d1fa36e-56b8-4a4d-92d4-03b8cbe6a1e9 found for delete ", "request_id": "req-80975f1e-53de-4b75-8b81-fef751ca00d9"}]}
2026-06-22 03:11:18.994 7 INFO neutron.services.segments.plugin [-] Segment 5d1fa36e-56b8-4a4d-92d4-03b8cbe6a1e9 resource provider not found; error: Placement Client Error (4xx): {"errors": [{"status": 404, "title": "Not Found", "detail": "The resource could not be found.\n\n No resource provider with uuid 5d1fa36e-56b8-4a4d-92d4-03b8cbe6a1e9 found for delete ", "request_id": "req-44e6042e-72e4-43ac-be57-c0c9367b3ed3"}]}
2026-06-22 03:11:19.171 8 INFO neutron.db.ovn_revision_numbers_db [None req-51584180-72c9-4ee3-9ffb-c698a02400c8 0d40768d69bd43fda4c7a5280a1fb5e1 f7612168e69a4f4fa71277a00e4bb238 - - default default] Successfully bumped revision number for resource e08a5279-78f6-4a6a-a4f7-90b8fd14caf1 (type: security_groups) to 1
2026-06-22 03:11:19.188 8 INFO neutron.db.ovn_revision_numbers_db [None req-51584180-72c9-4ee3-9ffb-c698a02400c8 0d40768d69bd43fda4c7a5280a1fb5e1 f7612168e69a4f4fa71277a00e4bb238 - - default default] Successfully bumped revision number for resource 28a832e1-2aa3-418e-b833-686c15d53fff (type: security_group_rules) to 0
2026-06-22 03:11:19.210 8 INFO neutron.db.ovn_revision_numbers_db [None req-51584180-72c9-4ee3-9ffb-c698a02400c8 0d40768d69bd43fda4c7a5280a1fb5e1 f7612168e69a4f4fa71277a00e4bb238 - - default default] Successfully bumped revision number for resource a2275f55-29a2-441b-92b1-b5abb3b321e2 (type: security_group_rules) to 0
2026-06-22 03:11:19.223 8 INFO neutron.db.ovn_revision_numbers_db [None req-51584180-72c9-4ee3-9ffb-c698a02400c8 0d40768d69bd43fda4c7a5280a1fb5e1 f7612168e69a4f4fa71277a00e4bb238 - - default default] Successfully bumped revision number for resource bf40dd48-da08-429b-9fe4-21ca51f06b37 (type: security_group_rules) to 0
2026-06-22 03:11:19.231 7 INFO neutron.db.ovn_revision_numbers_db [None req-60df65c2-5be0-4591-96ed-04fc76c7e6fb - - - - - -] Successfully bumped revision number for resource 231d28ae-6a3a-4868-9ba4-82861ee39531 (type: ports) to 2
2026-06-22 03:11:19.234 8 INFO neutron.db.ovn_revision_numbers_db [None req-51584180-72c9-4ee3-9ffb-c698a02400c8 0d40768d69bd43fda4c7a5280a1fb5e1 f7612168e69a4f4fa71277a00e4bb238 - - default default] Successfully bumped revision number for resource df97e417-4dff-48d7-98c3-f2159fee876d (type: security_group_rules) to 0
2026-06-22 03:11:19.263 8 INFO neutron.services.segments.plugin [-] Segment 069e3f4d-ad7e-4f2c-ae93-c4b0bf95e3b0 resource provider aggregate not found
2026-06-22 03:11:19.268 7 INFO neutron.db.ovn_revision_numbers_db [None req-60df65c2-5be0-4591-96ed-04fc76c7e6fb - - - - - -] Successfully bumped revision number for resource 52340e1d-f988-442f-8eb1-2a3007667689 (type: subnets) to 0
