2026-06-22 03:11:01.397 7 INFO neutron.db.segments_db [None req-dcad98de-29ee-4705-8260-af9f2cf7528a f30a8106915149039a80858b268934a7 703428e00a36428392546bd6bbc4e4a5 - - default default] Added segment 34f76163-93c6-4c1e-93e2-cb9dd1ab2eae of type geneve for network 867f76dc-6098-49a6-b3b8-59095de04286
2026-06-22 03:11:01.454 8 INFO neutron.db.ovn_revision_numbers_db [None req-b3d36b27-70df-4e6b-b151-daa3ab7c3350 8dc0314a2eaa4841a9fcc1b27afadde6 50a1ab30fed34914b4582a2bce475f5e - - default default] Successfully bumped revision number for resource 903d25f4-76f1-4ae5-983c-071c24517afa (type: networks) to 1
2026-06-22 03:11:01.553 7 INFO neutron.db.ovn_revision_numbers_db [None req-dcad98de-29ee-4705-8260-af9f2cf7528a f30a8106915149039a80858b268934a7 703428e00a36428392546bd6bbc4e4a5 - - default default] Successfully bumped revision number for resource 867f76dc-6098-49a6-b3b8-59095de04286 (type: networks) to 1
2026-06-22 03:11:01.725 7 WARNING neutron.scheduler.dhcp_agent_scheduler [None req-dcad98de-29ee-4705-8260-af9f2cf7528a f30a8106915149039a80858b268934a7 703428e00a36428392546bd6bbc4e4a5 - - default default] No more DHCP agents
2026-06-22 03:11:01.726 7 WARNING neutron.api.rpc.agentnotifiers.dhcp_rpc_agent_api [None req-dcad98de-29ee-4705-8260-af9f2cf7528a f30a8106915149039a80858b268934a7 703428e00a36428392546bd6bbc4e4a5 - - default default] Unable to schedule network 867f76dc-6098-49a6-b3b8-59095de04286: no agents available; will retry on subsequent port and subnet creation events.
2026-06-22 03:11:01.726 8 WARNING neutron.scheduler.dhcp_agent_scheduler [None req-b3d36b27-70df-4e6b-b151-daa3ab7c3350 8dc0314a2eaa4841a9fcc1b27afadde6 50a1ab30fed34914b4582a2bce475f5e - - default default] No more DHCP agents
2026-06-22 03:11:01.729 8 WARNING neutron.api.rpc.agentnotifiers.dhcp_rpc_agent_api [None req-b3d36b27-70df-4e6b-b151-daa3ab7c3350 8dc0314a2eaa4841a9fcc1b27afadde6 50a1ab30fed34914b4582a2bce475f5e - - default default] Unable to schedule network 903d25f4-76f1-4ae5-983c-071c24517afa: no agents available; will retry on subsequent port and subnet creation events.
2026-06-22 03:11:01.811 8 INFO neutron.plugins.ml2.drivers.ovn.mech_driver.mech_driver [None req-f9c2e774-65db-40b4-9cdf-081ed53f9f45 - - - - - -] OVN reports status down for port: b0959589-86e4-4f37-a9a5-d4a108becfce
2026-06-22 03:11:01.816 7 INFO neutron.db.ovn_revision_numbers_db [None req-dcad98de-29ee-4705-8260-af9f2cf7528a f30a8106915149039a80858b268934a7 703428e00a36428392546bd6bbc4e4a5 - - default default] Successfully bumped revision number for resource b0959589-86e4-4f37-a9a5-d4a108becfce (type: ports) to 1 [pid: 7|app: 0|req: 1257/2417] 10.0.0.234 () {34 vars in 669 bytes} [Mon Jun 22 03:11:01 2026] POST /v2.0/networks => generated 670 bytes in 536 msecs (HTTP/1.1 201) 4 headers in 162 bytes (1 switches on core 0)
2026-06-22 03:11:01.953 8 INFO neutron.plugins.ml2.drivers.ovn.mech_driver.mech_driver [None req-f9c2e774-65db-40b4-9cdf-081ed53f9f45 - - - - - -] OVN reports status down for port: 1206c457-e98f-475d-9663-611aa931c2d2
2026-06-22 03:11:01.977 8 INFO neutron.db.ovn_revision_numbers_db [None req-b3d36b27-70df-4e6b-b151-daa3ab7c3350 8dc0314a2eaa4841a9fcc1b27afadde6 50a1ab30fed34914b4582a2bce475f5e - - default default] Successfully bumped revision number for resource 1206c457-e98f-475d-9663-611aa931c2d2 (type: ports) to 1 [pid: 8|app: 0|req: 1161/2418] 10.0.0.234 () {34 vars in 669 bytes} [Mon Jun 22 03:11:00 2026] POST /v2.0/networks => generated 669 bytes in 1322 msecs (HTTP/1.1 201) 4 headers in 162 bytes (1 switches on core 0) [pid: 7|app: 0|req: 1258/2419] 10.0.0.234 () {34 vars in 677 bytes} [Mon Jun 22 03:11:01 2026] POST /v2.0/qos/policies => generated 359 bytes in 210 msecs (HTTP/1.1 201) 4 headers in 162 bytes (1 switches on core 0)
2026-06-22 03:11:02.275 7 WARNING neutron.scheduler.dhcp_agent_scheduler [None req-8973328d-60dd-4ae0-bdb9-4f52ebcce508 8dc0314a2eaa4841a9fcc1b27afadde6 50a1ab30fed34914b4582a2bce475f5e - - default default] No more DHCP agents
2026-06-22 03:11:02.276 7 WARNING neutron.api.rpc.agentnotifiers.dhcp_rpc_agent_api [None req-8973328d-60dd-4ae0-bdb9-4f52ebcce508 8dc0314a2eaa4841a9fcc1b27afadde6 50a1ab30fed34914b4582a2bce475f5e - - default default] Unable to schedule network 903d25f4-76f1-4ae5-983c-071c24517afa: no agents available; will retry on subsequent port and subnet creation events.
2026-06-22 03:11:02.343 8 WARNING neutron.scheduler.dhcp_agent_scheduler [None req-4fc65be4-c346-4f43-bcdf-d0b2cb690f9c f30a8106915149039a80858b268934a7 703428e00a36428392546bd6bbc4e4a5 - - default default] No more DHCP agents
2026-06-22 03:11:02.353 8 WARNING neutron.api.rpc.agentnotifiers.dhcp_rpc_agent_api [None req-4fc65be4-c346-4f43-bcdf-d0b2cb690f9c f30a8106915149039a80858b268934a7 703428e00a36428392546bd6bbc4e4a5 - - default default] Unable to schedule network 867f76dc-6098-49a6-b3b8-59095de04286: no agents available; will retry on subsequent port and subnet creation events.
2026-06-22 03:11:02.366 7 INFO neutron.plugins.ml2.drivers.ovn.mech_driver.mech_driver [None req-1ffb22a7-a83f-456f-aa84-9b6b22efc974 - - - - - -] OVN reports status down for port: e16f0761-7ee3-445d-a238-1ec221d5941d
2026-06-22 03:11:02.446 7 INFO neutron.db.ovn_revision_numbers_db [None req-8973328d-60dd-4ae0-bdb9-4f52ebcce508 8dc0314a2eaa4841a9fcc1b27afadde6 50a1ab30fed34914b4582a2bce475f5e - - default default] Successfully bumped revision number for resource e16f0761-7ee3-445d-a238-1ec221d5941d (type: ports) to 1 [pid: 7|app: 0|req: 1259/2420] 10.0.0.234 () {34 vars in 663 bytes} [Mon Jun 22 03:11:02 2026] POST /v2.0/ports => generated 743 bytes in 484 msecs (HTTP/1.1 201) 4 headers in 162 bytes (1 switches on core 0) /var/lib/openstack/lib/python3.12/site-packages/pycadf/identifier.py:70: UserWarning: Invalid uuid: neutron. To ensure interoperability, identifiers should be a valid uuid. warnings.warn(('Invalid uuid: %s. To ensure interoperability, ' [pid: 7|app: 0|req: 1260/2421] 10.0.0.234 () {34 vars in 677 bytes} [Mon Jun 22 03:11:02 2026] POST /v2.0/qos/policies => generated 359 bytes in 43 msecs (HTTP/1.1 201) 4 headers in 162 bytes (1 switches on core 0)
2026-06-22 03:11:02.674 7 INFO neutron.db.segments_db [None req-a262c629-7863-4a29-9aca-e8b3172c9ac3 8dc0314a2eaa4841a9fcc1b27afadde6 50a1ab30fed34914b4582a2bce475f5e - - default default] Added segment 069e3f4d-ad7e-4f2c-ae93-c4b0bf95e3b0 of type geneve for network 06d98663-ed2e-47a4-80bb-d7862df7b5a3
2026-06-22 03:11:02.797 7 INFO neutron.db.ovn_revision_numbers_db [None req-a262c629-7863-4a29-9aca-e8b3172c9ac3 8dc0314a2eaa4841a9fcc1b27afadde6 50a1ab30fed34914b4582a2bce475f5e - - default default] Successfully bumped revision number for resource 06d98663-ed2e-47a4-80bb-d7862df7b5a3 (type: networks) to 1
2026-06-22 03:11:02.924 8 INFO neutron.db.ovn_revision_numbers_db [None req-3c139179-a359-47ae-b457-ed1f3cf2b5ca - - - - - -] Successfully bumped revision number for resource b0959589-86e4-4f37-a9a5-d4a108becfce (type: ports) to 2
2026-06-22 03:11:02.968 8 INFO neutron.db.ovn_revision_numbers_db [None req-3c139179-a359-47ae-b457-ed1f3cf2b5ca - - - - - -] Successfully bumped revision number for resource 17aed86d-b78c-4487-9a64-f8879c70dec3 (type: subnets) to 0 [pid: 8|app: 0|req: 1162/2422] 10.0.0.234 () {34 vars in 668 bytes} [Mon Jun 22 03:11:02 2026] POST /v2.0/subnets => generated 629 bytes in 965 msecs (HTTP/1.1 201) 4 headers in 162 bytes (1 switches on core 0)
2026-06-22 03:11:03.039 7 WARNING neutron.scheduler.dhcp_agent_scheduler [None req-a262c629-7863-4a29-9aca-e8b3172c9ac3 8dc0314a2eaa4841a9fcc1b27afadde6 50a1ab30fed34914b4582a2bce475f5e - - default default] No more DHCP agents [pid: 8|app: 0|req: 1163/2423] 10.0.0.234 () {34 vars in 677 bytes} [Mon Jun 22 03:11:02 2026] POST /v2.0/qos/policies => generated 359 bytes in 58 msecs (HTTP/1.1 201) 4 headers in 162 bytes (1 switches on core 0)
2026-06-22 03:11:03.044 7 WARNING neutron.api.rpc.agentnotifiers.dhcp_rpc_agent_api [None req-a262c629-7863-4a29-9aca-e8b3172c9ac3 8dc0314a2eaa4841a9fcc1b27afadde6 50a1ab30fed34914b4582a2bce475f5e - - default default] Unable to schedule network 06d98663-ed2e-47a4-80bb-d7862df7b5a3: no agents available; will retry on subsequent port and subnet creation events.
2026-06-22 03:11:03.141 8 INFO neutron.plugins.ml2.drivers.ovn.mech_driver.mech_driver [None req-f9c2e774-65db-40b4-9cdf-081ed53f9f45 - - - - - -] OVN reports status down for port: af1df05f-8286-42b5-bbf7-d75d134f7625
2026-06-22 03:11:03.153 7 INFO neutron.db.ovn_revision_numbers_db [None req-a262c629-7863-4a29-9aca-e8b3172c9ac3 8dc0314a2eaa4841a9fcc1b27afadde6 50a1ab30fed34914b4582a2bce475f5e - - default default] Successfully bumped revision number for resource af1df05f-8286-42b5-bbf7-d75d134f7625 (type: ports) to 1 [pid: 7|app: 0|req: 1261/2424] 10.0.0.234 () {34 vars in 669 bytes} [Mon Jun 22 03:11:02 2026] POST /v2.0/networks => generated 668 bytes in 602 msecs (HTTP/1.1 201) 4 headers in 162 bytes (1 switches on core 0) [pid: 7|app: 0|req: 1262/2425] 10.0.0.234 () {34 vars in 677 bytes} [Mon Jun 22 03:11:03 2026] POST /v2.0/qos/policies => generated 359 bytes in 47 msecs (HTTP/1.1 201) 4 headers in 162 bytes (1 switches on core 0)
2026-06-22 03:11:03.484 7 WARNING neutron.scheduler.dhcp_agent_scheduler [None req-11157341-5dca-4dc7-8d3e-e27f4e96c376 8dc0314a2eaa4841a9fcc1b27afadde6 50a1ab30fed34914b4582a2bce475f5e - - default default] No more DHCP agents
2026-06-22 03:11:03.485 7 WARNING neutron.api.rpc.agentnotifiers.dhcp_rpc_agent_api [None req-11157341-5dca-4dc7-8d3e-e27f4e96c376 8dc0314a2eaa4841a9fcc1b27afadde6 50a1ab30fed34914b4582a2bce475f5e - - default default] Unable to schedule network 06d98663-ed2e-47a4-80bb-d7862df7b5a3: no agents available; will retry on subsequent port and subnet creation events.
2026-06-22 03:11:03.538 7 INFO neutron.plugins.ml2.drivers.ovn.mech_driver.mech_driver [None req-1ffb22a7-a83f-456f-aa84-9b6b22efc974 - - - - - -] OVN reports status down for port: f1898750-cf3b-4bc7-8578-8a638399a3f3
2026-06-22 03:11:03.619 7 INFO neutron.db.ovn_revision_numbers_db [None req-11157341-5dca-4dc7-8d3e-e27f4e96c376 8dc0314a2eaa4841a9fcc1b27afadde6 50a1ab30fed34914b4582a2bce475f5e - - default default] Successfully bumped revision number for resource f1898750-cf3b-4bc7-8578-8a638399a3f3 (type: ports) to 1
2026-06-22 03:11:03.661 8 WARNING neutron.scheduler.dhcp_agent_scheduler [None req-44a1e471-4b45-4c4c-9d81-0d3d1a68ea52 f30a8106915149039a80858b268934a7 703428e00a36428392546bd6bbc4e4a5 - - default default] No more DHCP agents
2026-06-22 03:11:03.663 8 WARNING neutron.api.rpc.agentnotifiers.dhcp_rpc_agent_api [None req-44a1e471-4b45-4c4c-9d81-0d3d1a68ea52 f30a8106915149039a80858b268934a7 703428e00a36428392546bd6bbc4e4a5 - - default default] Unable to schedule network 67de6d95-b05d-4437-97ba-7962e1fd5338: no agents available; will retry on subsequent port and subnet creation events. [pid: 7|app: 0|req: 1263/2426] 10.0.0.234 () {34 vars in 663 bytes} [Mon Jun 22 03:11:03 2026] POST /v2.0/ports => generated 743 bytes in 481 msecs (HTTP/1.1 201) 4 headers in 162 bytes (1 switches on core 0) /var/lib/openstack/lib/python3.12/site-packages/pycadf/identifier.py:70: UserWarning: Invalid uuid: neutron. To ensure interoperability, identifiers should be a valid uuid. warnings.warn(('Invalid uuid: %s. To ensure interoperability, ' [pid: 7|app: 0|req: 1264/2427] 10.0.0.234 () {34 vars in 677 bytes} [Mon Jun 22 03:11:03 2026] POST /v2.0/qos/policies => generated 359 bytes in 44 msecs (HTTP/1.1 201) 4 headers in 162 bytes (1 switches on core 0)
2026-06-22 03:11:03.798 7 INFO neutron.plugins.ml2.drivers.ovn.mech_driver.mech_driver [None req-1ffb22a7-a83f-456f-aa84-9b6b22efc974 - - - - - -] OVN reports status down for port: 559d4cf4-08d1-4ed2-8469-cc8a9b437e4a
2026-06-22 03:11:03.820 8 INFO neutron.db.ovn_revision_numbers_db [None req-44a1e471-4b45-4c4c-9d81-0d3d1a68ea52 f30a8106915149039a80858b268934a7 703428e00a36428392546bd6bbc4e4a5 - - default default] Successfully bumped revision number for resource 559d4cf4-08d1-4ed2-8469-cc8a9b437e4a (type: ports) to 1
2026-06-22 03:11:03.897 7 INFO neutron.db.segments_db [None req-d1065d2b-3c88-4f66-921c-3b7a992eb993 8dc0314a2eaa4841a9fcc1b27afadde6 50a1ab30fed34914b4582a2bce475f5e - - default default] Added segment a38594d3-f0af-4799-9a44-8582d4abace3 of type geneve for network f8c6e5d1-269f-4e88-8795-7f2c2e6f506a
2026-06-22 03:11:04.012 7 INFO neutron.db.ovn_revision_numbers_db [None req-d1065d2b-3c88-4f66-921c-3b7a992eb993 8dc0314a2eaa4841a9fcc1b27afadde6 50a1ab30fed34914b4582a2bce475f5e - - default default] Successfully bumped revision number for resource f8c6e5d1-269f-4e88-8795-7f2c2e6f506a (type: networks) to 1
2026-06-22 03:11:04.177 7 WARNING neutron.scheduler.dhcp_agent_scheduler [None req-d1065d2b-3c88-4f66-921c-3b7a992eb993 8dc0314a2eaa4841a9fcc1b27afadde6 50a1ab30fed34914b4582a2bce475f5e - - default default] No more DHCP agents
2026-06-22 03:11:04.179 7 WARNING neutron.api.rpc.agentnotifiers.dhcp_rpc_agent_api [None req-d1065d2b-3c88-4f66-921c-3b7a992eb993 8dc0314a2eaa4841a9fcc1b27afadde6 50a1ab30fed34914b4582a2bce475f5e - - default default] Unable to schedule network f8c6e5d1-269f-4e88-8795-7f2c2e6f506a: no agents available; will retry on subsequent port and subnet creation events.
2026-06-22 03:11:04.234 7 INFO neutron.plugins.ml2.drivers.ovn.mech_driver.mech_driver [None req-1ffb22a7-a83f-456f-aa84-9b6b22efc974 - - - - - -] OVN reports status down for port: 81df2fc6-6f38-495f-b548-01953a14b021
2026-06-22 03:11:04.298 7 INFO neutron.db.ovn_revision_numbers_db [None req-d1065d2b-3c88-4f66-921c-3b7a992eb993 8dc0314a2eaa4841a9fcc1b27afadde6 50a1ab30fed34914b4582a2bce475f5e - - default default] Successfully bumped revision number for resource 81df2fc6-6f38-495f-b548-01953a14b021 (type: ports) to 1 [pid: 7|app: 0|req: 1265/2428] 10.0.0.234 () {34 vars in 669 bytes} [Mon Jun 22 03:11:03 2026] POST /v2.0/networks => generated 670 bytes in 573 msecs (HTTP/1.1 201) 4 headers in 162 bytes (1 switches on core 0) [pid: 7|app: 0|req: 1266/2429] 10.0.0.234 () {34 vars in 752 bytes} [Mon Jun 22 03:11:04 2026] PUT /v2.0/policies/19a57dd3-13e4-4cc8-8a59-8716153213da/tags => generated 17 bytes in 53 msecs (HTTP/1.1 200) 4 headers in 156 bytes (1 switches on core 0)
2026-06-22 03:11:04.496 8 INFO neutron.plugins.ml2.drivers.ovn.mech_driver.ovsdb.commands [None req-71fe7a47-e9f8-4c4b-8711-169ffcc5ccc3 - - - - - -] Schedule LRP lrp-559d4cf4-08d1-4ed2-8469-cc8a9b437e4a on gateway 8af945b8-f310-41b7-9511-d79d4edeef4f with priority 1
2026-06-22 03:11:04.552 7 INFO neutron.plugins.ml2.drivers.ovn.mech_driver.mech_driver [None req-1ffb22a7-a83f-456f-aa84-9b6b22efc974 - - - - - -] OVN reports status up for port: 559d4cf4-08d1-4ed2-8469-cc8a9b437e4a
2026-06-22 03:11:04.569 8 INFO neutron.db.ovn_revision_numbers_db [None req-44a1e471-4b45-4c4c-9d81-0d3d1a68ea52 f30a8106915149039a80858b268934a7 703428e00a36428392546bd6bbc4e4a5 - - default default] Successfully bumped revision number for resource 559d4cf4-08d1-4ed2-8469-cc8a9b437e4a (type: router_ports) to 1
2026-06-22 03:11:04.586 7 INFO neutron.plugins.ml2.plugin [None req-1ffb22a7-a83f-456f-aa84-9b6b22efc974 - - - - - -] Attempt 1 to provision port 559d4cf4-08d1-4ed2-8469-cc8a9b437e4a
2026-06-22 03:11:04.658 8 INFO neutron.db.ovn_revision_numbers_db [None req-44a1e471-4b45-4c4c-9d81-0d3d1a68ea52 f30a8106915149039a80858b268934a7 703428e00a36428392546bd6bbc4e4a5 - - default default] Successfully bumped revision number for resource bd8c15f8-4745-4e05-8ad2-01b4850681fa (type: routers) to 2
2026-06-22 03:11:04.676 7 WARNING neutron.scheduler.dhcp_agent_scheduler [None req-39f84be5-f8e5-4067-8a89-294e7e784aae 8dc0314a2eaa4841a9fcc1b27afadde6 50a1ab30fed34914b4582a2bce475f5e - - default default] No more DHCP agents [pid: 8|app: 0|req: 1164/2430] 10.0.0.234 () {34 vars in 668 bytes} [Mon Jun 22 03:11:03 2026] POST /v2.0/routers => generated 935 bytes in 1632 msecs (HTTP/1.1 201) 4 headers in 162 bytes (1 switches on core 0)
2026-06-22 03:11:04.678 7 WARNING neutron.api.rpc.agentnotifiers.dhcp_rpc_agent_api [None req-39f84be5-f8e5-4067-8a89-294e7e784aae 8dc0314a2eaa4841a9fcc1b27afadde6 50a1ab30fed34914b4582a2bce475f5e - - default default] Unable to schedule network f8c6e5d1-269f-4e88-8795-7f2c2e6f506a: no agents available; will retry on subsequent port and subnet creation events. [pid: 8|app: 0|req: 1165/2431] 10.0.0.234 () {34 vars in 752 bytes} [Mon Jun 22 03:11:04 2026] PUT /v2.0/policies/b481d801-4588-4485-bd44-a1bcf467669b/tags => generated 25 bytes in 52 msecs (HTTP/1.1 200) 4 headers in 156 bytes (1 switches on core 0)
2026-06-22 03:11:04.768 8 INFO neutron.plugins.ml2.drivers.ovn.mech_driver.mech_driver [None req-f9c2e774-65db-40b4-9cdf-081ed53f9f45 - - - - - -] OVN reports status down for port: fa24b0b0-8939-4e1e-b9f4-4a8aa7e291fc
2026-06-22 03:11:04.811 7 INFO neutron.db.ovn_revision_numbers_db [None req-39f84be5-f8e5-4067-8a89-294e7e784aae 8dc0314a2eaa4841a9fcc1b27afadde6 50a1ab30fed34914b4582a2bce475f5e - - default default] Successfully bumped revision number for resource fa24b0b0-8939-4e1e-b9f4-4a8aa7e291fc (type: ports) to 1 [pid: 7|app: 0|req: 1267/2432] 10.0.0.234 () {34 vars in 663 bytes} [Mon Jun 22 03:11:04 2026] POST /v2.0/ports => generated 743 bytes in 481 msecs (HTTP/1.1 201) 4 headers in 162 bytes (1 switches on core 0) /var/lib/openstack/lib/python3.12/site-packages/pycadf/identifier.py:70: UserWarning: Invalid uuid: neutron. To ensure interoperability, identifiers should be a valid uuid. warnings.warn(('Invalid uuid: %s. To ensure interoperability, '
2026-06-22 03:11:05.073 8 INFO neutron.db.ovn_revision_numbers_db [None req-85ffe8f7-f2b1-432d-aa93-8cda1e5a0988 89006faa36a44b4a81d8b0ee679d0056 71fa1ac02de5439d83a639a1d230e243 - - default default] Successfully bumped revision number for resource d5b46368-9cae-41de-b68e-85bcb2eb108e (type: security_groups) to 1
2026-06-22 03:11:05.089 8 INFO neutron.db.ovn_revision_numbers_db [None req-85ffe8f7-f2b1-432d-aa93-8cda1e5a0988 89006faa36a44b4a81d8b0ee679d0056 71fa1ac02de5439d83a639a1d230e243 - - default default] Successfully bumped revision number for resource 25ca8861-e2bc-445f-a087-7d95729123d5 (type: security_group_rules) to 0
2026-06-22 03:11:05.103 8 INFO neutron.db.ovn_revision_numbers_db [None req-85ffe8f7-f2b1-432d-aa93-8cda1e5a0988 89006faa36a44b4a81d8b0ee679d0056 71fa1ac02de5439d83a639a1d230e243 - - default default] Successfully bumped revision number for resource 53060b85-ee88-4f9d-a0e9-dd4225fd3dbf (type: security_group_rules) to 0
2026-06-22 03:11:05.116 8 INFO neutron.db.ovn_revision_numbers_db [None req-85ffe8f7-f2b1-432d-aa93-8cda1e5a0988 89006faa36a44b4a81d8b0ee679d0056 71fa1ac02de5439d83a639a1d230e243 - - default default] Successfully bumped revision number for resource d0483cef-655b-43b8-be45-c00fe7a2ab2a (type: security_group_rules) to 0
2026-06-22 03:11:05.130 8 INFO neutron.db.ovn_revision_numbers_db [None req-85ffe8f7-f2b1-432d-aa93-8cda1e5a0988 89006faa36a44b4a81d8b0ee679d0056 71fa1ac02de5439d83a639a1d230e243 - - default default] Successfully bumped revision number for resource fb35189d-f9f5-4761-84ea-8013ef8a06a8 (type: security_group_rules) to 0
2026-06-22 03:11:05.201 8 INFO neutron.db.segments_db [None req-85ffe8f7-f2b1-432d-aa93-8cda1e5a0988 89006faa36a44b4a81d8b0ee679d0056 71fa1ac02de5439d83a639a1d230e243 - - default default] Added segment 8ba19425-7e16-435d-93ab-2ade356207ac of type geneve for network 6e00f6f3-a5da-478f-91bb-6d3e2894c948
2026-06-22 03:11:05.307 8 INFO neutron.db.ovn_revision_numbers_db [None req-85ffe8f7-f2b1-432d-aa93-8cda1e5a0988 89006faa36a44b4a81d8b0ee679d0056 71fa1ac02de5439d83a639a1d230e243 - - default default] Successfully bumped revision number for resource 6e00f6f3-a5da-478f-91bb-6d3e2894c948 (type: networks) to 1
2026-06-22 03:11:05.426 7 WARNING neutron.scheduler.dhcp_agent_scheduler [None req-e2e8343f-4421-46eb-bede-841d64032033 f30a8106915149039a80858b268934a7 703428e00a36428392546bd6bbc4e4a5 - - default default] No more DHCP agents
2026-06-22 03:11:05.427 7 WARNING neutron.api.rpc.agentnotifiers.dhcp_rpc_agent_api [None req-e2e8343f-4421-46eb-bede-841d64032033 f30a8106915149039a80858b268934a7 703428e00a36428392546bd6bbc4e4a5 - - default default] Unable to schedule network 867f76dc-6098-49a6-b3b8-59095de04286: no agents available; will retry on subsequent port and subnet creation events.
2026-06-22 03:11:05.488 8 WARNING neutron.scheduler.dhcp_agent_scheduler [None req-85ffe8f7-f2b1-432d-aa93-8cda1e5a0988 89006faa36a44b4a81d8b0ee679d0056 71fa1ac02de5439d83a639a1d230e243 - - default default] No more DHCP agents
2026-06-22 03:11:05.491 8 WARNING neutron.api.rpc.agentnotifiers.dhcp_rpc_agent_api [None req-85ffe8f7-f2b1-432d-aa93-8cda1e5a0988 89006faa36a44b4a81d8b0ee679d0056 71fa1ac02de5439d83a639a1d230e243 - - default default] Unable to schedule network 6e00f6f3-a5da-478f-91bb-6d3e2894c948: no agents available; will retry on subsequent port and subnet creation events.
2026-06-22 03:11:05.549 8 INFO neutron.plugins.ml2.drivers.ovn.mech_driver.mech_driver [None req-f9c2e774-65db-40b4-9cdf-081ed53f9f45 - - - - - -] OVN reports status down for port: e0c0aa4e-97ee-4731-90e9-fcb7553a31dd
2026-06-22 03:11:05.600 7 INFO neutron.db.ovn_revision_numbers_db [None req-e2e8343f-4421-46eb-bede-841d64032033 f30a8106915149039a80858b268934a7 703428e00a36428392546bd6bbc4e4a5 - - default default] Successfully bumped revision number for resource fcf57039-c760-4116-b0e4-6d591227b0af (type: ports) to 1
2026-06-22 03:11:05.635 8 INFO neutron.db.ovn_revision_numbers_db [None req-85ffe8f7-f2b1-432d-aa93-8cda1e5a0988 89006faa36a44b4a81d8b0ee679d0056 71fa1ac02de5439d83a639a1d230e243 - - default default] Successfully bumped revision number for resource e0c0aa4e-97ee-4731-90e9-fcb7553a31dd (type: ports) to 1 [pid: 8|app: 0|req: 1166/2433] 10.0.0.234 () {34 vars in 669 bytes} [Mon Jun 22 03:11:04 2026] POST /v2.0/networks => generated 670 bytes in 960 msecs (HTTP/1.1 201) 4 headers in 162 bytes (1 switches on core 0)
2026-06-22 03:11:05.697 8 INFO neutron.plugins.ml2.drivers.ovn.mech_driver.mech_driver [None req-f9c2e774-65db-40b4-9cdf-081ed53f9f45 - - - - - -] OVN reports status down for port: fcf57039-c760-4116-b0e4-6d591227b0af [pid: 8|app: 0|req: 1167/2434] 10.0.0.234 () {34 vars in 752 bytes} [Mon Jun 22 03:11:05 2026] PUT /v2.0/policies/41658e00-6a4e-41fd-99da-50807a4e7374/tags => generated 34 bytes in 72 msecs (HTTP/1.1 200) 4 headers in 156 bytes (1 switches on core 0)
2026-06-22 03:11:05.906 8 INFO neutron.db.segments_db [None req-07a825e2-e255-473a-ba9b-b899da81455e 8dc0314a2eaa4841a9fcc1b27afadde6 50a1ab30fed34914b4582a2bce475f5e - - default default] Added segment 5d1fa36e-56b8-4a4d-92d4-03b8cbe6a1e9 of type geneve for network 45774d9f-d737-4144-a00a-2b8959e084ee
2026-06-22 03:11:06.035 8 INFO neutron.db.ovn_revision_numbers_db [None req-07a825e2-e255-473a-ba9b-b899da81455e 8dc0314a2eaa4841a9fcc1b27afadde6 50a1ab30fed34914b4582a2bce475f5e - - default default] Successfully bumped revision number for resource 45774d9f-d737-4144-a00a-2b8959e084ee (type: networks) to 1
2026-06-22 03:11:06.214 8 WARNING neutron.scheduler.dhcp_agent_scheduler [None req-07a825e2-e255-473a-ba9b-b899da81455e 8dc0314a2eaa4841a9fcc1b27afadde6 50a1ab30fed34914b4582a2bce475f5e - - default default] No more DHCP agents
2026-06-22 03:11:06.215 8 WARNING neutron.api.rpc.agentnotifiers.dhcp_rpc_agent_api [None req-07a825e2-e255-473a-ba9b-b899da81455e 8dc0314a2eaa4841a9fcc1b27afadde6 50a1ab30fed34914b4582a2bce475f5e - - default default] Unable to schedule network 45774d9f-d737-4144-a00a-2b8959e084ee: no agents available; will retry on subsequent port and subnet creation events.
2026-06-22 03:11:06.309 8 INFO neutron.db.ovn_revision_numbers_db [None req-07a825e2-e255-473a-ba9b-b899da81455e 8dc0314a2eaa4841a9fcc1b27afadde6 50a1ab30fed34914b4582a2bce475f5e - - default default] Successfully bumped revision number for resource 16393fe3-9158-4cf6-b71a-7db972374762 (type: ports) to 1
2026-06-22 03:11:06.320 8 INFO neutron.plugins.ml2.drivers.ovn.mech_driver.mech_driver [None req-f9c2e774-65db-40b4-9cdf-081ed53f9f45 - - - - - -] OVN reports status up for port: fcf57039-c760-4116-b0e4-6d591227b0af
2026-06-22 03:11:06.339 8 INFO neutron.plugins.ml2.plugin [None req-f9c2e774-65db-40b4-9cdf-081ed53f9f45 - - - - - -] Attempt 1 to provision port fcf57039-c760-4116-b0e4-6d591227b0af [pid: 8|app: 0|req: 1170/2437] 10.0.0.234 () {34 vars in 669 bytes} [Mon Jun 22 03:11:05 2026] POST /v2.0/networks => generated 670 bytes in 578 msecs (HTTP/1.1 201) 4 headers in 162 bytes (1 switches on core 0)
2026-06-22 03:11:06.386 7 WARNING neutron.scheduler.dhcp_agent_scheduler [None req-e2e8343f-4421-46eb-bede-841d64032033 f30a8106915149039a80858b268934a7 703428e00a36428392546bd6bbc4e4a5 - - default default] No more DHCP agents
2026-06-22 03:11:06.388 7 WARNING neutron.api.rpc.agentnotifiers.dhcp_rpc_agent_api [None req-e2e8343f-4421-46eb-bede-841d64032033 f30a8106915149039a80858b268934a7 703428e00a36428392546bd6bbc4e4a5 - - default default] Unable to schedule network 867f76dc-6098-49a6-b3b8-59095de04286: no agents available; will retry on subsequent port and subnet creation events.
2026-06-22 03:11:06.480 8 INFO neutron.db.segments_db [None req-e48b9273-3e00-4bc5-b74f-0c2fab0e61bf 89006faa36a44b4a81d8b0ee679d0056 71fa1ac02de5439d83a639a1d230e243 - - default default] Added segment 55578a92-544c-4f36-8898-d5f94b6e48c8 of type geneve for network 0b1b21e5-ea18-4496-8baa-7bb156f54477
2026-06-22 03:11:06.711 8 INFO neutron.db.ovn_revision_numbers_db [None req-e48b9273-3e00-4bc5-b74f-0c2fab0e61bf 89006faa36a44b4a81d8b0ee679d0056 71fa1ac02de5439d83a639a1d230e243 - - default default] Successfully bumped revision number for resource 0b1b21e5-ea18-4496-8baa-7bb156f54477 (type: networks) to 1
2026-06-22 03:11:06.724 7 INFO neutron.db.ovn_revision_numbers_db [None req-e2e8343f-4421-46eb-bede-841d64032033 f30a8106915149039a80858b268934a7 703428e00a36428392546bd6bbc4e4a5 - - default default] Successfully bumped revision number for resource fcf57039-c760-4116-b0e4-6d591227b0af (type: router_ports) to 1 [pid: 7|app: 0|req: 1268/2438] 10.0.0.234 () {34 vars in 782 bytes} [Mon Jun 22 03:11:04 2026] PUT /v2.0/routers/bd8c15f8-4745-4e05-8ad2-01b4850681fa/add_router_interface => generated 309 bytes in 1862 msecs (HTTP/1.1 200) 4 headers in 157 bytes (1 switches on core 0) [pid: 7|app: 0|req: 1269/2439] 10.0.0.234 () {34 vars in 752 bytes} [Mon Jun 22 03:11:06 2026] PUT /v2.0/policies/b4c6bb91-b322-4842-b93a-aef3ad386127/tags => generated 19 bytes in 46 msecs (HTTP/1.1 200) 4 headers in 156 bytes (1 switches on core 0)
2026-06-22 03:11:07.039 7 WARNING neutron.scheduler.dhcp_agent_scheduler [None req-71d08a4a-2ef7-4b07-ad23-5bea4aa89116 8dc0314a2eaa4841a9fcc1b27afadde6 50a1ab30fed34914b4582a2bce475f5e - - default default] No more DHCP agents
2026-06-22 03:11:07.042 7 WARNING neutron.api.rpc.agentnotifiers.dhcp_rpc_agent_api [None req-71d08a4a-2ef7-4b07-ad23-5bea4aa89116 8dc0314a2eaa4841a9fcc1b27afadde6 50a1ab30fed34914b4582a2bce475f5e - - default default] Unable to schedule network 45774d9f-d737-4144-a00a-2b8959e084ee: no agents available; will retry on subsequent port and subnet creation events.
2026-06-22 03:11:07.065 8 WARNING neutron.scheduler.dhcp_agent_scheduler [None req-e48b9273-3e00-4bc5-b74f-0c2fab0e61bf 89006faa36a44b4a81d8b0ee679d0056 71fa1ac02de5439d83a639a1d230e243 - - default default] No more DHCP agents
2026-06-22 03:11:07.067 8 WARNING neutron.api.rpc.agentnotifiers.dhcp_rpc_agent_api [None req-e48b9273-3e00-4bc5-b74f-0c2fab0e61bf 89006faa36a44b4a81d8b0ee679d0056 71fa1ac02de5439d83a639a1d230e243 - - default default] Unable to schedule network 0b1b21e5-ea18-4496-8baa-7bb156f54477: no agents available; will retry on subsequent port and subnet creation events.
2026-06-22 03:11:07.166 7 INFO neutron.db.ovn_revision_numbers_db [None req-71d08a4a-2ef7-4b07-ad23-5bea4aa89116 8dc0314a2eaa4841a9fcc1b27afadde6 50a1ab30fed34914b4582a2bce475f5e - - default default] Successfully bumped revision number for resource 659c8c95-c389-4139-a530-47868385782f (type: ports) to 1 [pid: 7|app: 0|req: 1270/2440] 10.0.0.234 () {34 vars in 663 bytes} [Mon Jun 22 03:11:06 2026] POST /v2.0/ports => generated 743 bytes in 442 msecs (HTTP/1.1 201) 4 headers in 162 bytes (1 switches on core 0) /var/lib/openstack/lib/python3.12/site-packages/pycadf/identifier.py:70: UserWarning: Invalid uuid: neutron. To ensure interoperability, identifiers should be a valid uuid. warnings.warn(('Invalid uuid: %s. To ensure interoperability, '
2026-06-22 03:11:07.257 8 INFO neutron.db.ovn_revision_numbers_db [None req-f9c2e774-65db-40b4-9cdf-081ed53f9f45 - - - - - -] Successfully bumped revision number for resource fcf57039-c760-4116-b0e4-6d591227b0af (type: ports) to 2
2026-06-22 03:11:07.296 8 INFO neutron.db.ovn_revision_numbers_db [None req-e48b9273-3e00-4bc5-b74f-0c2fab0e61bf 89006faa36a44b4a81d8b0ee679d0056 71fa1ac02de5439d83a639a1d230e243 - - default default] Successfully bumped revision number for resource 02aaa5ef-8a54-475a-8987-3fba754d5e04 (type: ports) to 1 [pid: 8|app: 0|req: 1171/2441] 10.0.0.234 () {34 vars in 669 bytes} [Mon Jun 22 03:11:06 2026] POST /v2.0/networks => generated 670 bytes in 997 msecs (HTTP/1.1 201) 4 headers in 162 bytes (1 switches on core 0) [pid: 8|app: 0|req: 1172/2442] 10.0.0.234 () {32 vars in 673 bytes} [Mon Jun 22 03:11:07 2026] GET /v2.0/qos/policies?tags=red => generated 1101 bytes in 137 msecs (HTTP/1.1 200) 4 headers in 158 bytes (1 switches on core 0)
2026-06-22 03:11:07.598 8 INFO neutron.db.segments_db [None req-0fb3ccb1-1f31-41f7-bc31-ae4b54b18447 8dc0314a2eaa4841a9fcc1b27afadde6 50a1ab30fed34914b4582a2bce475f5e - - default default] Added segment ccf170fc-ef05-483d-a5c1-bfd6b03c922f of type geneve for network ffa3bca8-e2be-450e-8f72-cb5007ad0e14
2026-06-22 03:11:07.732 8 INFO neutron.db.ovn_revision_numbers_db [None req-0fb3ccb1-1f31-41f7-bc31-ae4b54b18447 8dc0314a2eaa4841a9fcc1b27afadde6 50a1ab30fed34914b4582a2bce475f5e - - default default] Successfully bumped revision number for resource ffa3bca8-e2be-450e-8f72-cb5007ad0e14 (type: networks) to 1
2026-06-22 03:11:07.773 7 WARNING neutron.scheduler.dhcp_agent_scheduler [None req-f05b8452-a4d6-4d9a-8e2f-a0d6782cb049 - - - - - -] No more DHCP agents
2026-06-22 03:11:07.774 7 WARNING neutron.api.rpc.agentnotifiers.dhcp_rpc_agent_api [None req-f05b8452-a4d6-4d9a-8e2f-a0d6782cb049 - - - - - -] Unable to schedule network 67de6d95-b05d-4437-97ba-7962e1fd5338: no agents available; will retry on subsequent port and subnet creation events.
2026-06-22 03:11:07.930 7 INFO neutron.db.ovn_revision_numbers_db [None req-f05b8452-a4d6-4d9a-8e2f-a0d6782cb049 - - - - - -] Successfully bumped revision number for resource 084f4d41-3f17-4bdd-beb5-0d786df305fe (type: ports) to 1
2026-06-22 03:11:07.974 8 WARNING neutron.scheduler.dhcp_agent_scheduler [None req-0fb3ccb1-1f31-41f7-bc31-ae4b54b18447 8dc0314a2eaa4841a9fcc1b27afadde6 50a1ab30fed34914b4582a2bce475f5e - - default default] No more DHCP agents
2026-06-22 03:11:07.976 8 WARNING neutron.api.rpc.agentnotifiers.dhcp_rpc_agent_api [None req-0fb3ccb1-1f31-41f7-bc31-ae4b54b18447 8dc0314a2eaa4841a9fcc1b27afadde6 50a1ab30fed34914b4582a2bce475f5e - - default default] Unable to schedule network ffa3bca8-e2be-450e-8f72-cb5007ad0e14: no agents available; will retry on subsequent port and subnet creation events.
2026-06-22 03:11:08.099 8 INFO neutron.db.ovn_revision_numbers_db [None req-0fb3ccb1-1f31-41f7-bc31-ae4b54b18447 8dc0314a2eaa4841a9fcc1b27afadde6 50a1ab30fed34914b4582a2bce475f5e - - default default] Successfully bumped revision number for resource 1e4a5307-ec89-45b9-bc0d-22f0fe7d7aad (type: ports) to 1 [pid: 8|app: 0|req: 1173/2443] 10.0.0.234 () {34 vars in 669 bytes} [Mon Jun 22 03:11:07 2026] POST /v2.0/networks => generated 670 bytes in 645 msecs (HTTP/1.1 201) 4 headers in 162 bytes (1 switches on core 0)
2026-06-22 03:11:08.217 8 INFO neutron.db.segments_db [None req-2f3d3d0e-2109-4055-be1b-3b1b22c0006f 89006faa36a44b4a81d8b0ee679d0056 71fa1ac02de5439d83a639a1d230e243 - - default default] Added segment f26d2738-8c7f-401b-bbad-17d418ac1e14 of type geneve for network ee8dd5ab-16c2-4268-a43a-dced9fa77f17
2026-06-22 03:11:08.266 7 INFO neutron.db.ovn_revision_numbers_db [None req-f05b8452-a4d6-4d9a-8e2f-a0d6782cb049 - - - - - -] Successfully bumped revision number for resource 084f4d41-3f17-4bdd-beb5-0d786df305fe (type: ports) to 3
2026-06-22 03:11:08.338 7 INFO neutron.db.segments_db [None req-f05b8452-a4d6-4d9a-8e2f-a0d6782cb049 - - - - - -] Added segment 3ad6b1a6-392b-4b39-89ef-c96612f34fdb of type geneve for network e4e3e79f-ee1c-496e-9f68-4f544b72fc5e
2026-06-22 03:11:08.366 8 INFO neutron.db.ovn_revision_numbers_db [None req-2f3d3d0e-2109-4055-be1b-3b1b22c0006f 89006faa36a44b4a81d8b0ee679d0056 71fa1ac02de5439d83a639a1d230e243 - - default default] Successfully bumped revision number for resource ee8dd5ab-16c2-4268-a43a-dced9fa77f17 (type: networks) to 1
2026-06-22 03:11:08.459 7 INFO neutron.db.ovn_revision_numbers_db [None req-a21734a9-f1fd-48f0-8e21-eb875b076114 - - - - - -] Successfully bumped revision number for resource e4e3e79f-ee1c-496e-9f68-4f544b72fc5e (type: networks) to 1
2026-06-22 03:11:08.565 8 WARNING neutron.scheduler.dhcp_agent_scheduler [None req-2f3d3d0e-2109-4055-be1b-3b1b22c0006f 89006faa36a44b4a81d8b0ee679d0056 71fa1ac02de5439d83a639a1d230e243 - - default default] No more DHCP agents
2026-06-22 03:11:08.566 8 WARNING neutron.api.rpc.agentnotifiers.dhcp_rpc_agent_api [None req-2f3d3d0e-2109-4055-be1b-3b1b22c0006f 89006faa36a44b4a81d8b0ee679d0056 71fa1ac02de5439d83a639a1d230e243 - - default default] Unable to schedule network ee8dd5ab-16c2-4268-a43a-dced9fa77f17: no agents available; will retry on subsequent port and subnet creation events.
2026-06-22 03:11:08.626 7 WARNING neutron.scheduler.dhcp_agent_scheduler [None req-a21734a9-f1fd-48f0-8e21-eb875b076114 - - - - - -] No more DHCP agents
2026-06-22 03:11:08.632 7 WARNING neutron.api.rpc.agentnotifiers.dhcp_rpc_agent_api [None req-a21734a9-f1fd-48f0-8e21-eb875b076114 - - - - - -] Unable to schedule network e4e3e79f-ee1c-496e-9f68-4f544b72fc5e: no agents available; will retry on subsequent port and subnet creation events.
2026-06-22 03:11:08.651 8 INFO neutron.db.ovn_revision_numbers_db [None req-2f3d3d0e-2109-4055-be1b-3b1b22c0006f 89006faa36a44b4a81d8b0ee679d0056 71fa1ac02de5439d83a639a1d230e243 - - default default] Successfully bumped revision number for resource 9bf0bac2-8721-47fb-a0e9-40b7a3b471d1 (type: ports) to 1 [pid: 8|app: 0|req: 1174/2444] 10.0.0.234 () {34 vars in 669 bytes} [Mon Jun 22 03:11:08 2026] POST /v2.0/networks => generated 669 bytes in 538 msecs (HTTP/1.1 201) 4 headers in 162 bytes (1 switches on core 0)
2026-06-22 03:11:08.724 7 INFO neutron.db.ovn_revision_numbers_db [None req-a21734a9-f1fd-48f0-8e21-eb875b076114 - - - - - -] Successfully bumped revision number for resource 4175bf4c-6db5-43e8-a10d-8fb7c5fb4376 (type: ports) to 1 [pid: 8|app: 0|req: 1175/2445] 10.0.0.234 () {32 vars in 687 bytes} [Mon Jun 22 03:11:08 2026] GET /v2.0/qos/policies?tags=red%2Cblue => generated 747 bytes in 74 msecs (HTTP/1.1 200) 4 headers in 157 bytes (1 switches on core 0)
2026-06-22 03:11:08.869 7 WARNING neutron.scheduler.dhcp_agent_scheduler [None req-a21734a9-f1fd-48f0-8e21-eb875b076114 - - - - - -] No more DHCP agents
2026-06-22 03:11:08.870 7 WARNING neutron.api.rpc.agentnotifiers.dhcp_rpc_agent_api [None req-a21734a9-f1fd-48f0-8e21-eb875b076114 - - - - - -] Unable to schedule network e4e3e79f-ee1c-496e-9f68-4f544b72fc5e: no agents available; will retry on subsequent port and subnet creation events.
2026-06-22 03:11:08.895 7 INFO neutron.db.ovn_revision_numbers_db [None req-a21734a9-f1fd-48f0-8e21-eb875b076114 - - - - - -] Successfully bumped revision number for resource e6d6dc37-9bdc-4e1a-96e4-52ce7fb8b977 (type: subnets) to 0
2026-06-22 03:11:09.007 8 WARNING neutron.scheduler.dhcp_agent_scheduler [None req-36aabbfe-3ba2-4ee5-8fe7-c23fec73503d 8dc0314a2eaa4841a9fcc1b27afadde6 50a1ab30fed34914b4582a2bce475f5e - - default default] No more DHCP agents
2026-06-22 03:11:09.008 8 WARNING neutron.api.rpc.agentnotifiers.dhcp_rpc_agent_api [None req-36aabbfe-3ba2-4ee5-8fe7-c23fec73503d 8dc0314a2eaa4841a9fcc1b27afadde6 50a1ab30fed34914b4582a2bce475f5e - - default default] Unable to schedule network ffa3bca8-e2be-450e-8f72-cb5007ad0e14: no agents available; will retry on subsequent port and subnet creation events.
2026-06-22 03:11:09.104 8 INFO neutron.db.ovn_revision_numbers_db [None req-36aabbfe-3ba2-4ee5-8fe7-c23fec73503d 8dc0314a2eaa4841a9fcc1b27afadde6 50a1ab30fed34914b4582a2bce475f5e - - default default] Successfully bumped revision number for resource ace6244e-c254-46ae-baf6-7c23615799a1 (type: ports) to 1 [pid: 8|app: 0|req: 1176/2446] 10.0.0.234 () {34 vars in 663 bytes} [Mon Jun 22 03:11:08 2026] POST /v2.0/ports => generated 743 bytes in 414 msecs (HTTP/1.1 201) 4 headers in 162 bytes (1 switches on core 0) /var/lib/openstack/lib/python3.12/site-packages/pycadf/identifier.py:70: UserWarning: Invalid uuid: neutron. To ensure interoperability, identifiers should be a valid uuid. warnings.warn(('Invalid uuid: %s. To ensure interoperability, '
2026-06-22 03:11:09.267 8 INFO neutron.db.segments_db [None req-0d82517c-f253-4ee9-b6ee-b99a307f78e2 89006faa36a44b4a81d8b0ee679d0056 71fa1ac02de5439d83a639a1d230e243 - - default default] Added segment c9110ea1-43f5-479f-ab5d-f705ba6b9fdd of type geneve for network 9cc7ea3c-05bc-4d75-88b6-9b3c7fdf8b98
2026-06-22 03:11:09.301 7 WARNING neutron.scheduler.dhcp_agent_scheduler [None req-a21734a9-f1fd-48f0-8e21-eb875b076114 - - - - - -] No more DHCP agents
2026-06-22 03:11:09.302 7 WARNING neutron.api.rpc.agentnotifiers.dhcp_rpc_agent_api [None req-a21734a9-f1fd-48f0-8e21-eb875b076114 - - - - - -] Unable to schedule network e4e3e79f-ee1c-496e-9f68-4f544b72fc5e: no agents available; will retry on subsequent port and subnet creation events.
2026-06-22 03:11:09.403 8 INFO neutron.db.ovn_revision_numbers_db [None req-0d82517c-f253-4ee9-b6ee-b99a307f78e2 89006faa36a44b4a81d8b0ee679d0056 71fa1ac02de5439d83a639a1d230e243 - - default default] Successfully bumped revision number for resource 9cc7ea3c-05bc-4d75-88b6-9b3c7fdf8b98 (type: networks) to 1
2026-06-22 03:11:09.438 7 INFO neutron.db.ovn_revision_numbers_db [None req-a21734a9-f1fd-48f0-8e21-eb875b076114 - - - - - -] Successfully bumped revision number for resource 7dd5fc6c-2898-4841-97d7-ee5198cb0dcb (type: ports) to 1
2026-06-22 03:11:09.601 8 WARNING neutron.scheduler.dhcp_agent_scheduler [None req-0d82517c-f253-4ee9-b6ee-b99a307f78e2 89006faa36a44b4a81d8b0ee679d0056 71fa1ac02de5439d83a639a1d230e243 - - default default] No more DHCP agents
2026-06-22 03:11:09.602 8 WARNING neutron.api.rpc.agentnotifiers.dhcp_rpc_agent_api [None req-0d82517c-f253-4ee9-b6ee-b99a307f78e2 89006faa36a44b4a81d8b0ee679d0056 71fa1ac02de5439d83a639a1d230e243 - - default default] Unable to schedule network 9cc7ea3c-05bc-4d75-88b6-9b3c7fdf8b98: no agents available; will retry on subsequent port and subnet creation events.
2026-06-22 03:11:09.683 8 INFO neutron.db.ovn_revision_numbers_db [None req-0d82517c-f253-4ee9-b6ee-b99a307f78e2 89006faa36a44b4a81d8b0ee679d0056 71fa1ac02de5439d83a639a1d230e243 - - default default] Successfully bumped revision number for resource c301d247-398c-4b0a-93df-7949cd42c7fe (type: ports) to 1 [pid: 8|app: 0|req: 1177/2447] 10.0.0.234 () {34 vars in 669 bytes} [Mon Jun 22 03:11:09 2026] POST /v2.0/networks => generated 669 bytes in 547 msecs (HTTP/1.1 201) 4 headers in 162 bytes (1 switches on core 0) [pid: 8|app: 0|req: 1178/2448] 10.0.0.234 () {32 vars in 683 bytes} [Mon Jun 22 03:11:09 2026] GET /v2.0/qos/policies?tags-any=blue => generated 747 bytes in 52 msecs (HTTP/1.1 200) 4 headers in 157 bytes (1 switches on core 0) [pid: 8|app: 0|req: 1179/2449] 10.0.0.234 () {34 vars in 746 bytes} [Mon Jun 22 03:11:09 2026] PUT /v2.0/ports/e16f0761-7ee3-445d-a238-1ec221d5941d/tags => generated 17 bytes in 76 msecs (HTTP/1.1 200) 4 headers in 156 bytes (1 switches on core 0) /var/lib/openstack/lib/python3.12/site-packages/pycadf/identifier.py:70: UserWarning: Invalid uuid: neutron. To ensure interoperability, identifiers should be a valid uuid. warnings.warn(('Invalid uuid: %s. To ensure interoperability, '
2026-06-22 03:11:09.943 8 INFO neutron.db.segments_db [None req-1c0cda40-c36d-441a-9841-6d86c1c16ae4 89006faa36a44b4a81d8b0ee679d0056 71fa1ac02de5439d83a639a1d230e243 - - default default] Added segment 72a602ba-eeba-41ad-baa9-5088359dd831 of type geneve for network 09350ca9-3c8d-4c68-9664-a299bdaacea2
2026-06-22 03:11:10.145 7 WARNING neutron.plugins.ml2.drivers.ovn.mech_driver.ovsdb.ovn_client [None req-1ffb22a7-a83f-456f-aa84-9b6b22efc974 - - - - - -] No hosting information found for port 559d4cf4-08d1-4ed2-8469-cc8a9b437e4a: RuntimeError: No hosting information found for port 559d4cf4-08d1-4ed2-8469-cc8a9b437e4a
2026-06-22 03:11:10.146 7 INFO neutron.plugins.ml2.drivers.ovn.mech_driver.mech_driver [None req-1ffb22a7-a83f-456f-aa84-9b6b22efc974 - - - - - -] OVN reports status down for port: 16393fe3-9158-4cf6-b71a-7db972374762
2026-06-22 03:11:10.201 8 INFO neutron.db.ovn_revision_numbers_db [None req-1c0cda40-c36d-441a-9841-6d86c1c16ae4 89006faa36a44b4a81d8b0ee679d0056 71fa1ac02de5439d83a639a1d230e243 - - default default] Successfully bumped revision number for resource 09350ca9-3c8d-4c68-9664-a299bdaacea2 (type: networks) to 1
2026-06-22 03:11:10.311 7 INFO neutron.plugins.ml2.drivers.ovn.mech_driver.mech_driver [None req-1ffb22a7-a83f-456f-aa84-9b6b22efc974 - - - - - -] OVN reports status down for port: 02aaa5ef-8a54-475a-8987-3fba754d5e04
2026-06-22 03:11:10.391 8 WARNING neutron.scheduler.dhcp_agent_scheduler [None req-1c0cda40-c36d-441a-9841-6d86c1c16ae4 89006faa36a44b4a81d8b0ee679d0056 71fa1ac02de5439d83a639a1d230e243 - - default default] No more DHCP agents
2026-06-22 03:11:10.393 8 WARNING neutron.api.rpc.agentnotifiers.dhcp_rpc_agent_api [None req-1c0cda40-c36d-441a-9841-6d86c1c16ae4 89006faa36a44b4a81d8b0ee679d0056 71fa1ac02de5439d83a639a1d230e243 - - default default] Unable to schedule network 09350ca9-3c8d-4c68-9664-a299bdaacea2: no agents available; will retry on subsequent port and subnet creation events.
2026-06-22 03:11:10.408 7 INFO neutron.plugins.ml2.drivers.ovn.mech_driver.mech_driver [None req-1ffb22a7-a83f-456f-aa84-9b6b22efc974 - - - - - -] OVN reports status down for port: 1e4a5307-ec89-45b9-bc0d-22f0fe7d7aad
2026-06-22 03:11:10.455 7 WARNING neutron.scheduler.dhcp_agent_scheduler [None req-a21734a9-f1fd-48f0-8e21-eb875b076114 - - - - - -] No more DHCP agents
2026-06-22 03:11:10.459 7 WARNING neutron.api.rpc.agentnotifiers.dhcp_rpc_agent_api [None req-a21734a9-f1fd-48f0-8e21-eb875b076114 - - - - - -] Unable to schedule network e4e3e79f-ee1c-496e-9f68-4f544b72fc5e: no agents available; will retry on subsequent port and subnet creation events.
2026-06-22 03:11:10.468 8 INFO neutron.db.ovn_revision_numbers_db [None req-1c0cda40-c36d-441a-9841-6d86c1c16ae4 89006faa36a44b4a81d8b0ee679d0056 71fa1ac02de5439d83a639a1d230e243 - - default default] Successfully bumped revision number for resource 061c9956-71d8-4aad-8c99-a2fd6b7363a1 (type: ports) to 1 [pid: 8|app: 0|req: 1180/2450] 10.0.0.234 () {34 vars in 669 bytes} [Mon Jun 22 03:11:09 2026] POST /v2.0/networks => generated 670 bytes in 651 msecs (HTTP/1.1 201) 4 headers in 162 bytes (1 switches on core 0) [pid: 8|app: 0|req: 1181/2451] 10.0.0.234 () {32 vars in 695 bytes} [Mon Jun 22 03:11:10 2026] GET /v2.0/qos/policies?tags-any=red%2Cblue => generated 1101 bytes in 66 msecs (HTTP/1.1 200) 4 headers in 158 bytes (1 switches on core 0)
2026-06-22 03:11:10.566 7 INFO neutron.plugins.ml2.drivers.ovn.mech_driver.mech_driver [None req-1ffb22a7-a83f-456f-aa84-9b6b22efc974 - - - - - -] OVN reports status down for port: ace6244e-c254-46ae-baf6-7c23615799a1 [pid: 8|app: 0|req: 1182/2452] 10.0.0.234 () {34 vars in 746 bytes} [Mon Jun 22 03:11:10 2026] PUT /v2.0/ports/f1898750-cf3b-4bc7-8578-8a638399a3f3/tags => generated 25 bytes in 58 msecs (HTTP/1.1 200) 4 headers in 156 bytes (1 switches on core 0) /var/lib/openstack/lib/python3.12/site-packages/pycadf/identifier.py:70: UserWarning: Invalid uuid: neutron. To ensure interoperability, identifiers should be a valid uuid. warnings.warn(('Invalid uuid: %s. To ensure interoperability, ' [pid: 8|app: 0|req: 1183/2453] 10.0.0.234 () {34 vars in 752 bytes} [Mon Jun 22 03:11:10 2026] PUT /v2.0/networks/6e00f6f3-a5da-478f-91bb-6d3e2894c948/tags => generated 17 bytes in 53 msecs (HTTP/1.1 200) 4 headers in 156 bytes (1 switches on core 0)
2026-06-22 03:11:10.671 7 INFO neutron.plugins.ml2.drivers.ovn.mech_driver.mech_driver [None req-1ffb22a7-a83f-456f-aa84-9b6b22efc974 - - - - - -] OVN reports status down for port: c301d247-398c-4b0a-93df-7949cd42c7fe [pid: 8|app: 0|req: 1184/2454] 10.0.0.234 () {32 vars in 681 bytes} [Mon Jun 22 03:11:10 2026] GET /v2.0/qos/policies?not-tags=red => generated 719 bytes in 48 msecs (HTTP/1.1 200) 4 headers in 157 bytes (1 switches on core 0) [pid: 8|app: 0|req: 1185/2455] 10.0.0.234 () {34 vars in 746 bytes} [Mon Jun 22 03:11:10 2026] PUT /v2.0/ports/fa24b0b0-8939-4e1e-b9f4-4a8aa7e291fc/tags => generated 34 bytes in 63 msecs (HTTP/1.1 200) 4 headers in 156 bytes (1 switches on core 0) /var/lib/openstack/lib/python3.12/site-packages/pycadf/identifier.py:70: UserWarning: Invalid uuid: neutron. To ensure interoperability, identifiers should be a valid uuid. warnings.warn(('Invalid uuid: %s. To ensure interoperability, '
2026-06-22 03:11:10.806 7 INFO neutron.plugins.ml2.drivers.ovn.mech_driver.mech_driver [None req-1ffb22a7-a83f-456f-aa84-9b6b22efc974 - - - - - -] OVN reports status down for port: 061c9956-71d8-4aad-8c99-a2fd6b7363a1 [pid: 8|app: 0|req: 1186/2456] 10.0.0.234 () {34 vars in 752 bytes} [Mon Jun 22 03:11:10 2026] PUT /v2.0/networks/0b1b21e5-ea18-4496-8baa-7bb156f54477/tags => generated 25 bytes in 60 msecs (HTTP/1.1 200) 4 headers in 156 bytes (1 switches on core 0) [pid: 8|app: 0|req: 1187/2457] 10.0.0.234 () {32 vars in 695 bytes} [Mon Jun 22 03:11:10 2026] GET /v2.0/qos/policies?not-tags=red%2Cblue => generated 1073 bytes in 81 msecs (HTTP/1.1 200) 4 headers in 158 bytes (1 switches on core 0) [pid: 8|app: 0|req: 1188/2458] 10.0.0.234 () {34 vars in 746 bytes} [Mon Jun 22 03:11:10 2026] PUT /v2.0/ports/659c8c95-c389-4139-a530-47868385782f/tags => generated 19 bytes in 59 msecs (HTTP/1.1 200) 4 headers in 156 bytes (1 switches on core 0) /var/lib/openstack/lib/python3.12/site-packages/pycadf/identifier.py:70: UserWarning: Invalid uuid: neutron. To ensure interoperability, identifiers should be a valid uuid. warnings.warn(('Invalid uuid: %s. To ensure interoperability, ' [pid: 8|app: 0|req: 1189/2459] 10.0.0.234 () {34 vars in 752 bytes} [Mon Jun 22 03:11:10 2026] PUT /v2.0/networks/ee8dd5ab-16c2-4268-a43a-dced9fa77f17/tags => generated 34 bytes in 45 msecs (HTTP/1.1 200) 4 headers in 156 bytes (1 switches on core 0) [pid: 8|app: 0|req: 1190/2460] 10.0.0.234 () {32 vars in 691 bytes} [Mon Jun 22 03:11:11 2026] GET /v2.0/qos/policies?not-tags-any=blue => generated 1073 bytes in 86 msecs (HTTP/1.1 200) 4 headers in 158 bytes (1 switches on core 0)
2026-06-22 03:11:11.130 7 INFO neutron.db.ovn_revision_numbers_db [None req-a21734a9-f1fd-48f0-8e21-eb875b076114 - - - - - -] Successfully bumped revision number for resource 7dd5fc6c-2898-4841-97d7-ee5198cb0dcb (type: router_ports) to 1
2026-06-22 03:11:11.328 7 WARNING neutron.scheduler.dhcp_agent_scheduler [None req-a21734a9-f1fd-48f0-8e21-eb875b076114 - - - - - -] No more DHCP agents
2026-06-22 03:11:11.329 7 WARNING neutron.api.rpc.agentnotifiers.dhcp_rpc_agent_api [None req-a21734a9-f1fd-48f0-8e21-eb875b076114 - - - - - -] Unable to schedule network e4e3e79f-ee1c-496e-9f68-4f544b72fc5e: no agents available; will retry on subsequent port and subnet creation events. [pid: 8|app: 0|req: 1191/2461] 10.0.0.234 () {32 vars in 659 bytes} [Mon Jun 22 03:11:11 2026] GET /v2.0/ports?tags=red => generated 2253 bytes in 217 msecs (HTTP/1.1 200) 4 headers in 158 bytes (1 switches on core 0) [pid: 8|app: 0|req: 1192/2462] 10.0.0.234 () {34 vars in 752 bytes} [Mon Jun 22 03:11:11 2026] PUT /v2.0/networks/9cc7ea3c-05bc-4d75-88b6-9b3c7fdf8b98/tags => generated 19 bytes in 55 msecs (HTTP/1.1 200) 4 headers in 156 bytes (1 switches on core 0)
2026-06-22 03:11:11.456 7 INFO neutron.db.ovn_revision_numbers_db [None req-a21734a9-f1fd-48f0-8e21-eb875b076114 - - - - - -] Successfully bumped revision number for resource 184f4cf4-0acb-4f3c-96d7-6b664c2aad98 (type: ports) to 1 [pid: 8|app: 0|req: 1193/2463] 10.0.0.234 () {32 vars in 703 bytes} [Mon Jun 22 03:11:11 2026] GET /v2.0/qos/policies?not-tags-any=red%2Cblue => generated 719 bytes in 70 msecs (HTTP/1.1 200) 4 headers in 157 bytes (1 switches on core 0) [pid: 8|app: 0|req: 1194/2464] 10.0.0.234 () {32 vars in 673 bytes} [Mon Jun 22 03:11:11 2026] GET /v2.0/ports?tags=red%2Cblue => generated 1513 bytes in 62 msecs (HTTP/1.1 200) 4 headers in 158 bytes (1 switches on core 0) [pid: 8|app: 0|req: 1195/2465] 10.0.0.234 () {32 vars in 665 bytes} [Mon Jun 22 03:11:11 2026] GET /v2.0/networks?tags=red => generated 1988 bytes in 41 msecs (HTTP/1.1 200) 4 headers in 158 bytes (1 switches on core 0) [pid: 8|app: 0|req: 1196/2466] 10.0.0.234 () {32 vars in 733 bytes} [Mon Jun 22 03:11:11 2026] DELETE /v2.0/qos/policies/19a57dd3-13e4-4cc8-8a59-8716153213da => generated 0 bytes in 41 msecs (HTTP/1.1 204) 2 headers in 112 bytes (1 switches on core 0)
