2026-06-22 03:09:21.899 7 INFO cinder.volume.api [None req-2979a148-cebc-4f3d-a46d-619677f8eb33 bd1846937bee4f1981a31373d78cee6e ff808ae722b54039a6e1c5487616464d - - default default] Volume info retrieved successfully.
2026-06-22 03:09:21.904 7 INFO cinder.api.openstack.wsgi [None req-2979a148-cebc-4f3d-a46d-619677f8eb33 bd1846937bee4f1981a31373d78cee6e ff808ae722b54039a6e1c5487616464d - - default default] http://cinder-api.openstack.svc.cluster.local:8776/v3/ff808ae722b54039a6e1c5487616464d/volumes/a5f4145f-4dd1-4127-83ff-05696272b09e returned with HTTP 200 [pid: 7|app: 0|req: 411/824] 10.0.0.234 () {32 vars in 775 bytes} [Mon Jun 22 03:09:21 2026] GET /v3/ff808ae722b54039a6e1c5487616464d/volumes/a5f4145f-4dd1-4127-83ff-05696272b09e => generated 969 bytes in 25 msecs (HTTP/1.1 200) 7 headers in 285 bytes (1 switches on core 0) /var/lib/openstack/lib/python3.12/site-packages/pycadf/identifier.py:70: UserWarning: Invalid uuid: cinderv3. To ensure interoperability, identifiers should be a valid uuid. warnings.warn(('Invalid uuid: %s. To ensure interoperability, '
2026-06-22 03:09:21.931 8 INFO cinder.api.openstack.wsgi [None req-3668a1fb-9b5b-49c5-a28a-76ef291c32f0 bd1846937bee4f1981a31373d78cee6e ff808ae722b54039a6e1c5487616464d - - default default] GET http://cinder-api.openstack.svc.cluster.local:8776/v3/ff808ae722b54039a6e1c5487616464d/volumes/a5f4145f-4dd1-4127-83ff-05696272b09e /var/lib/openstack/lib/python3.12/site-packages/oslo_context/context.py:101: DeprecationWarning: Policy enforcement is depending on the value of is_admin. This key is deprecated. Please update your policy file to use the standard policy values. warnings.warn(
2026-06-22 03:09:21.949 8 INFO cinder.volume.api [None req-3668a1fb-9b5b-49c5-a28a-76ef291c32f0 bd1846937bee4f1981a31373d78cee6e ff808ae722b54039a6e1c5487616464d - - default default] Volume info retrieved successfully.
2026-06-22 03:09:21.960 8 INFO cinder.api.openstack.wsgi [None req-3668a1fb-9b5b-49c5-a28a-76ef291c32f0 bd1846937bee4f1981a31373d78cee6e ff808ae722b54039a6e1c5487616464d - - default default] http://cinder-api.openstack.svc.cluster.local:8776/v3/ff808ae722b54039a6e1c5487616464d/volumes/a5f4145f-4dd1-4127-83ff-05696272b09e returned with HTTP 200 [pid: 8|app: 0|req: 414/825] 10.0.0.234 () {32 vars in 775 bytes} [Mon Jun 22 03:09:21 2026] GET /v3/ff808ae722b54039a6e1c5487616464d/volumes/a5f4145f-4dd1-4127-83ff-05696272b09e => generated 969 bytes in 36 msecs (HTTP/1.1 200) 7 headers in 285 bytes (1 switches on core 0) /var/lib/openstack/lib/python3.12/site-packages/pycadf/identifier.py:70: UserWarning: Invalid uuid: cinderv3. To ensure interoperability, identifiers should be a valid uuid. warnings.warn(('Invalid uuid: %s. To ensure interoperability, '
2026-06-22 03:09:21.980 7 INFO cinder.api.openstack.wsgi [None req-136be59e-fceb-4f24-bd86-7b04ba7e63ae bd1846937bee4f1981a31373d78cee6e ff808ae722b54039a6e1c5487616464d - - default default] POST http://cinder-api.openstack.svc.cluster.local:8776/v3/ff808ae722b54039a6e1c5487616464d/volumes
2026-06-22 03:09:21.983 7 INFO cinder.api.v3.volumes [None req-136be59e-fceb-4f24-bd86-7b04ba7e63ae bd1846937bee4f1981a31373d78cee6e ff808ae722b54039a6e1c5487616464d - - default default] Create volume of 1 GB
2026-06-22 03:09:21.989 7 INFO cinder.volume.api [None req-136be59e-fceb-4f24-bd86-7b04ba7e63ae bd1846937bee4f1981a31373d78cee6e ff808ae722b54039a6e1c5487616464d - - default default] Availability Zones retrieved successfully.
2026-06-22 03:09:22.135 7 INFO cinder.volume.api [None req-136be59e-fceb-4f24-bd86-7b04ba7e63ae bd1846937bee4f1981a31373d78cee6e ff808ae722b54039a6e1c5487616464d - - default default] Create volume request issued successfully.
2026-06-22 03:09:22.136 7 INFO cinder.api.openstack.wsgi [None req-136be59e-fceb-4f24-bd86-7b04ba7e63ae bd1846937bee4f1981a31373d78cee6e ff808ae722b54039a6e1c5487616464d - - default default] http://cinder-api.openstack.svc.cluster.local:8776/v3/ff808ae722b54039a6e1c5487616464d/volumes returned with HTTP 202 [pid: 7|app: 0|req: 412/826] 10.0.0.234 () {34 vars in 723 bytes} [Mon Jun 22 03:09:21 2026] POST /v3/ff808ae722b54039a6e1c5487616464d/volumes => generated 876 bytes in 163 msecs (HTTP/1.1 202) 7 headers in 291 bytes (1 switches on core 0) /var/lib/openstack/lib/python3.12/site-packages/pycadf/identifier.py:70: UserWarning: Invalid uuid: cinderv3. To ensure interoperability, identifiers should be a valid uuid. warnings.warn(('Invalid uuid: %s. To ensure interoperability, '
2026-06-22 03:09:22.155 8 INFO cinder.api.openstack.wsgi [None req-def75afc-8704-405b-9a94-52c9b24d3ef4 bd1846937bee4f1981a31373d78cee6e ff808ae722b54039a6e1c5487616464d - - default default] GET http://cinder-api.openstack.svc.cluster.local:8776/v3/ff808ae722b54039a6e1c5487616464d/volumes/c49e9441-8a48-45f0-8b36-9f37a1875803 /var/lib/openstack/lib/python3.12/site-packages/oslo_context/context.py:101: DeprecationWarning: Policy enforcement is depending on the value of is_admin. This key is deprecated. Please update your policy file to use the standard policy values. warnings.warn(
2026-06-22 03:09:22.186 8 INFO cinder.volume.api [None req-def75afc-8704-405b-9a94-52c9b24d3ef4 bd1846937bee4f1981a31373d78cee6e ff808ae722b54039a6e1c5487616464d - - default default] Volume info retrieved successfully.
2026-06-22 03:09:22.192 8 INFO cinder.api.openstack.wsgi [None req-def75afc-8704-405b-9a94-52c9b24d3ef4 bd1846937bee4f1981a31373d78cee6e ff808ae722b54039a6e1c5487616464d - - default default] http://cinder-api.openstack.svc.cluster.local:8776/v3/ff808ae722b54039a6e1c5487616464d/volumes/c49e9441-8a48-45f0-8b36-9f37a1875803 returned with HTTP 200 [pid: 8|app: 0|req: 415/827] 10.0.0.234 () {32 vars in 775 bytes} [Mon Jun 22 03:09:22 2026] GET /v3/ff808ae722b54039a6e1c5487616464d/volumes/c49e9441-8a48-45f0-8b36-9f37a1875803 => generated 944 bytes in 43 msecs (HTTP/1.1 200) 7 headers in 285 bytes (1 switches on core 0) /var/lib/openstack/lib/python3.12/site-packages/pycadf/identifier.py:70: UserWarning: Invalid uuid: cinderv3. To ensure interoperability, identifiers should be a valid uuid. warnings.warn(('Invalid uuid: %s. To ensure interoperability, '
2026-06-22 03:09:23.077 7 INFO cinder.api.openstack.wsgi [None req-c506f935-6204-4c4c-8255-036a14907829 0d40768d69bd43fda4c7a5280a1fb5e1 f7612168e69a4f4fa71277a00e4bb238 - - default default] GET http://cinder-api.openstack.svc.cluster.local:8776/v3/f7612168e69a4f4fa71277a00e4bb238/volumes/detail?all_tenants=true /var/lib/openstack/lib/python3.12/site-packages/oslo_context/context.py:101: DeprecationWarning: Policy enforcement is depending on the value of is_admin. This key is deprecated. Please update your policy file to use the standard policy values. warnings.warn(
2026-06-22 03:09:23.088 7 INFO cinder.volume.api [None req-c506f935-6204-4c4c-8255-036a14907829 0d40768d69bd43fda4c7a5280a1fb5e1 f7612168e69a4f4fa71277a00e4bb238 - - default default] Get all volumes completed successfully. /var/lib/openstack/lib/python3.12/site-packages/oslo_context/context.py:101: DeprecationWarning: Policy enforcement is depending on the value of is_admin. This key is deprecated. Please update your policy file to use the standard policy values. warnings.warn(
2026-06-22 03:09:23.093 7 INFO cinder.api.openstack.wsgi [None req-c506f935-6204-4c4c-8255-036a14907829 0d40768d69bd43fda4c7a5280a1fb5e1 f7612168e69a4f4fa71277a00e4bb238 - - default default] http://cinder-api.openstack.svc.cluster.local:8776/v3/f7612168e69a4f4fa71277a00e4bb238/volumes/detail?all_tenants=true returned with HTTP 200 [pid: 7|app: 0|req: 413/828] 10.0.0.74 () {28 vars in 683 bytes} [Mon Jun 22 03:09:22 2026] GET /v3/f7612168e69a4f4fa71277a00e4bb238/volumes/detail?all_tenants=true => generated 2261 bytes in 149 msecs (HTTP/1.1 200) 7 headers in 286 bytes (1 switches on core 0) /var/lib/openstack/lib/python3.12/site-packages/pycadf/identifier.py:70: UserWarning: Invalid uuid: cinderv3. To ensure interoperability, identifiers should be a valid uuid. warnings.warn(('Invalid uuid: %s. To ensure interoperability, '
2026-06-22 03:09:23.108 8 INFO cinder.api.openstack.wsgi [None req-8249bd71-ae81-4431-ba26-4e32106a2dfd 0d40768d69bd43fda4c7a5280a1fb5e1 f7612168e69a4f4fa71277a00e4bb238 - - default default] GET http://cinder-api.openstack.svc.cluster.local:8776/v3/f7612168e69a4f4fa71277a00e4bb238/snapshots?all_tenants=true
2026-06-22 03:09:23.117 8 INFO cinder.volume.api [None req-8249bd71-ae81-4431-ba26-4e32106a2dfd 0d40768d69bd43fda4c7a5280a1fb5e1 f7612168e69a4f4fa71277a00e4bb238 - - default default] Get all snapshots completed successfully.
2026-06-22 03:09:23.119 8 INFO cinder.api.openstack.wsgi [None req-8249bd71-ae81-4431-ba26-4e32106a2dfd 0d40768d69bd43fda4c7a5280a1fb5e1 f7612168e69a4f4fa71277a00e4bb238 - - default default] http://cinder-api.openstack.svc.cluster.local:8776/v3/f7612168e69a4f4fa71277a00e4bb238/snapshots?all_tenants=true returned with HTTP 200 [pid: 8|app: 0|req: 416/829] 10.0.0.74 () {28 vars in 673 bytes} [Mon Jun 22 03:09:23 2026] GET /v3/f7612168e69a4f4fa71277a00e4bb238/snapshots?all_tenants=true => generated 17 bytes in 20 msecs (HTTP/1.1 200) 7 headers in 284 bytes (1 switches on core 0) /var/lib/openstack/lib/python3.12/site-packages/pycadf/identifier.py:70: UserWarning: Invalid uuid: cinderv3. To ensure interoperability, identifiers should be a valid uuid. warnings.warn(('Invalid uuid: %s. To ensure interoperability, '
2026-06-22 03:09:23.129 7 INFO cinder.api.openstack.wsgi [None req-bda58a5c-0d40-447d-8a7b-ae6ff1707990 0d40768d69bd43fda4c7a5280a1fb5e1 f7612168e69a4f4fa71277a00e4bb238 - - default default] GET http://cinder-api.openstack.svc.cluster.local:8776/v3/f7612168e69a4f4fa71277a00e4bb238/volumes/detail?all_tenants=true
2026-06-22 03:09:23.144 7 INFO cinder.volume.api [None req-bda58a5c-0d40-447d-8a7b-ae6ff1707990 0d40768d69bd43fda4c7a5280a1fb5e1 f7612168e69a4f4fa71277a00e4bb238 - - default default] Get all volumes completed successfully. /var/lib/openstack/lib/python3.12/site-packages/oslo_context/context.py:101: DeprecationWarning: Policy enforcement is depending on the value of is_admin. This key is deprecated. Please update your policy file to use the standard policy values. warnings.warn(
2026-06-22 03:09:23.152 7 INFO cinder.api.openstack.wsgi [None req-bda58a5c-0d40-447d-8a7b-ae6ff1707990 0d40768d69bd43fda4c7a5280a1fb5e1 f7612168e69a4f4fa71277a00e4bb238 - - default default] http://cinder-api.openstack.svc.cluster.local:8776/v3/f7612168e69a4f4fa71277a00e4bb238/volumes/detail?all_tenants=true returned with HTTP 200 [pid: 7|app: 0|req: 414/830] 10.0.0.74 () {28 vars in 683 bytes} [Mon Jun 22 03:09:23 2026] GET /v3/f7612168e69a4f4fa71277a00e4bb238/volumes/detail?all_tenants=true => generated 2261 bytes in 28 msecs (HTTP/1.1 200) 7 headers in 286 bytes (1 switches on core 0)
2026-06-22 03:09:23.167 8 INFO cinder.api.openstack.wsgi [None req-8a2dc1b4-8a91-4482-bf12-ef8d2daca17c 0d40768d69bd43fda4c7a5280a1fb5e1 f7612168e69a4f4fa71277a00e4bb238 - - default default] GET http://cinder-api.openstack.svc.cluster.local:8776/v3/f7612168e69a4f4fa71277a00e4bb238/scheduler-stats/get_pools?detail=true /var/lib/openstack/lib/python3.12/site-packages/pycadf/identifier.py:70: UserWarning: Invalid uuid: cinderv3. To ensure interoperability, identifiers should be a valid uuid. warnings.warn(('Invalid uuid: %s. To ensure interoperability, '
2026-06-22 03:09:23.214 7 INFO cinder.api.openstack.wsgi [None req-4fc45267-6ed9-46b7-ba57-e22b48ae826b bd1846937bee4f1981a31373d78cee6e ff808ae722b54039a6e1c5487616464d - - default default] GET http://cinder-api.openstack.svc.cluster.local:8776/v3/ff808ae722b54039a6e1c5487616464d/volumes/c49e9441-8a48-45f0-8b36-9f37a1875803 /var/lib/openstack/lib/python3.12/site-packages/oslo_context/context.py:101: DeprecationWarning: Policy enforcement is depending on the value of is_admin. This key is deprecated. Please update your policy file to use the standard policy values. warnings.warn(
2026-06-22 03:09:23.233 7 INFO cinder.volume.api [None req-4fc45267-6ed9-46b7-ba57-e22b48ae826b bd1846937bee4f1981a31373d78cee6e ff808ae722b54039a6e1c5487616464d - - default default] Volume info retrieved successfully.
2026-06-22 03:09:23.241 7 INFO cinder.api.openstack.wsgi [None req-4fc45267-6ed9-46b7-ba57-e22b48ae826b bd1846937bee4f1981a31373d78cee6e ff808ae722b54039a6e1c5487616464d - - default default] http://cinder-api.openstack.svc.cluster.local:8776/v3/ff808ae722b54039a6e1c5487616464d/volumes/c49e9441-8a48-45f0-8b36-9f37a1875803 returned with HTTP 200 [pid: 7|app: 0|req: 415/831] 10.0.0.234 () {32 vars in 775 bytes} [Mon Jun 22 03:09:23 2026] GET /v3/ff808ae722b54039a6e1c5487616464d/volumes/c49e9441-8a48-45f0-8b36-9f37a1875803 => generated 969 bytes in 34 msecs (HTTP/1.1 200) 7 headers in 285 bytes (1 switches on core 0) /var/lib/openstack/lib/python3.12/site-packages/pycadf/identifier.py:70: UserWarning: Invalid uuid: cinderv3. To ensure interoperability, identifiers should be a valid uuid. warnings.warn(('Invalid uuid: %s. To ensure interoperability, '
2026-06-22 03:09:23.261 7 INFO cinder.api.openstack.wsgi [None req-c922d1ab-8084-4475-8790-4f656b384321 bd1846937bee4f1981a31373d78cee6e ff808ae722b54039a6e1c5487616464d - - default default] GET http://cinder-api.openstack.svc.cluster.local:8776/v3/ff808ae722b54039a6e1c5487616464d/volumes/c49e9441-8a48-45f0-8b36-9f37a1875803 /var/lib/openstack/lib/python3.12/site-packages/oslo_context/context.py:101: DeprecationWarning: Policy enforcement is depending on the value of is_admin. This key is deprecated. Please update your policy file to use the standard policy values. warnings.warn(
2026-06-22 03:09:23.281 7 INFO cinder.volume.api [None req-c922d1ab-8084-4475-8790-4f656b384321 bd1846937bee4f1981a31373d78cee6e ff808ae722b54039a6e1c5487616464d - - default default] Volume info retrieved successfully.
2026-06-22 03:09:23.288 7 INFO cinder.api.openstack.wsgi [None req-c922d1ab-8084-4475-8790-4f656b384321 bd1846937bee4f1981a31373d78cee6e ff808ae722b54039a6e1c5487616464d - - default default] http://cinder-api.openstack.svc.cluster.local:8776/v3/ff808ae722b54039a6e1c5487616464d/volumes/c49e9441-8a48-45f0-8b36-9f37a1875803 returned with HTTP 200 [pid: 7|app: 0|req: 416/832] 10.0.0.234 () {32 vars in 775 bytes} [Mon Jun 22 03:09:23 2026] GET /v3/ff808ae722b54039a6e1c5487616464d/volumes/c49e9441-8a48-45f0-8b36-9f37a1875803 => generated 969 bytes in 34 msecs (HTTP/1.1 200) 7 headers in 285 bytes (1 switches on core 0) /var/lib/openstack/lib/python3.12/site-packages/pycadf/identifier.py:70: UserWarning: Invalid uuid: cinderv3. To ensure interoperability, identifiers should be a valid uuid. warnings.warn(('Invalid uuid: %s. To ensure interoperability, '
2026-06-22 03:09:23.313 7 INFO cinder.api.openstack.wsgi [None req-c7172a6c-7ece-4e1e-b116-fc2bfc6a163d bd1846937bee4f1981a31373d78cee6e ff808ae722b54039a6e1c5487616464d - - default default] POST http://cinder-api.openstack.svc.cluster.local:8776/v3/ff808ae722b54039a6e1c5487616464d/volumes
2026-06-22 03:09:23.316 7 INFO cinder.api.v3.volumes [None req-c7172a6c-7ece-4e1e-b116-fc2bfc6a163d bd1846937bee4f1981a31373d78cee6e ff808ae722b54039a6e1c5487616464d - - default default] Create volume of 1 GB
2026-06-22 03:09:23.322 7 INFO cinder.volume.api [None req-c7172a6c-7ece-4e1e-b116-fc2bfc6a163d bd1846937bee4f1981a31373d78cee6e ff808ae722b54039a6e1c5487616464d - - default default] Availability Zones retrieved successfully.
2026-06-22 03:09:23.487 7 INFO cinder.volume.api [None req-c7172a6c-7ece-4e1e-b116-fc2bfc6a163d bd1846937bee4f1981a31373d78cee6e ff808ae722b54039a6e1c5487616464d - - default default] Create volume request issued successfully.
2026-06-22 03:09:23.488 7 INFO cinder.api.openstack.wsgi [None req-c7172a6c-7ece-4e1e-b116-fc2bfc6a163d bd1846937bee4f1981a31373d78cee6e ff808ae722b54039a6e1c5487616464d - - default default] http://cinder-api.openstack.svc.cluster.local:8776/v3/ff808ae722b54039a6e1c5487616464d/volumes returned with HTTP 202 [pid: 7|app: 0|req: 417/833] 10.0.0.234 () {34 vars in 723 bytes} [Mon Jun 22 03:09:23 2026] POST /v3/ff808ae722b54039a6e1c5487616464d/volumes => generated 876 bytes in 184 msecs (HTTP/1.1 202) 7 headers in 291 bytes (1 switches on core 0) /var/lib/openstack/lib/python3.12/site-packages/pycadf/identifier.py:70: UserWarning: Invalid uuid: cinderv3. To ensure interoperability, identifiers should be a valid uuid. warnings.warn(('Invalid uuid: %s. To ensure interoperability, '
2026-06-22 03:09:23.510 7 INFO cinder.api.openstack.wsgi [None req-813268bc-44ec-41b4-9fcb-bc61054cffcf bd1846937bee4f1981a31373d78cee6e ff808ae722b54039a6e1c5487616464d - - default default] GET http://cinder-api.openstack.svc.cluster.local:8776/v3/ff808ae722b54039a6e1c5487616464d/volumes/54c487a5-e91c-48c8-9551-6d20a7c7bb56 /var/lib/openstack/lib/python3.12/site-packages/oslo_context/context.py:101: DeprecationWarning: Policy enforcement is depending on the value of is_admin. This key is deprecated. Please update your policy file to use the standard policy values. warnings.warn(
2026-06-22 03:09:23.527 7 INFO cinder.volume.api [None req-813268bc-44ec-41b4-9fcb-bc61054cffcf bd1846937bee4f1981a31373d78cee6e ff808ae722b54039a6e1c5487616464d - - default default] Volume info retrieved successfully.
2026-06-22 03:09:23.537 7 INFO cinder.api.openstack.wsgi [None req-813268bc-44ec-41b4-9fcb-bc61054cffcf bd1846937bee4f1981a31373d78cee6e ff808ae722b54039a6e1c5487616464d - - default default] http://cinder-api.openstack.svc.cluster.local:8776/v3/ff808ae722b54039a6e1c5487616464d/volumes/54c487a5-e91c-48c8-9551-6d20a7c7bb56 returned with HTTP 200 [pid: 7|app: 0|req: 418/834] 10.0.0.234 () {32 vars in 775 bytes} [Mon Jun 22 03:09:23 2026] GET /v3/ff808ae722b54039a6e1c5487616464d/volumes/54c487a5-e91c-48c8-9551-6d20a7c7bb56 => generated 944 bytes in 34 msecs (HTTP/1.1 200) 7 headers in 285 bytes (1 switches on core 0)
2026-06-22 03:09:23.673 8 INFO cinder.api.openstack.wsgi [None req-8a2dc1b4-8a91-4482-bf12-ef8d2daca17c 0d40768d69bd43fda4c7a5280a1fb5e1 f7612168e69a4f4fa71277a00e4bb238 - - default default] http://cinder-api.openstack.svc.cluster.local:8776/v3/f7612168e69a4f4fa71277a00e4bb238/scheduler-stats/get_pools?detail=true returned with HTTP 200 [pid: 8|app: 0|req: 417/835] 10.0.0.74 () {28 vars in 695 bytes} [Mon Jun 22 03:09:23 2026] GET /v3/f7612168e69a4f4fa71277a00e4bb238/scheduler-stats/get_pools?detail=true => generated 668 bytes in 516 msecs (HTTP/1.1 200) 7 headers in 285 bytes (1 switches on core 0) /var/lib/openstack/lib/python3.12/site-packages/pycadf/identifier.py:70: UserWarning: Invalid uuid: cinderv3. To ensure interoperability, identifiers should be a valid uuid. warnings.warn(('Invalid uuid: %s. To ensure interoperability, '
2026-06-22 03:09:23.750 7 INFO cinder.api.openstack.wsgi [None req-d17625e8-3689-442c-8cc2-74ee9ee22a4d 0d40768d69bd43fda4c7a5280a1fb5e1 f7612168e69a4f4fa71277a00e4bb238 - - default default] GET http://cinder-api.openstack.svc.cluster.local:8776/v3/f7612168e69a4f4fa71277a00e4bb238/os-quota-sets/0aa689bd405f483c9977dde62fe9a9f5?usage=true
2026-06-22 03:09:23.782 7 INFO cinder.api.openstack.wsgi [None req-d17625e8-3689-442c-8cc2-74ee9ee22a4d 0d40768d69bd43fda4c7a5280a1fb5e1 f7612168e69a4f4fa71277a00e4bb238 - - default default] http://cinder-api.openstack.svc.cluster.local:8776/v3/f7612168e69a4f4fa71277a00e4bb238/os-quota-sets/0aa689bd405f483c9977dde62fe9a9f5?usage=true returned with HTTP 200 [pid: 7|app: 0|req: 419/836] 10.0.0.74 () {28 vars in 735 bytes} [Mon Jun 22 03:09:23 2026] GET /v3/f7612168e69a4f4fa71277a00e4bb238/os-quota-sets/0aa689bd405f483c9977dde62fe9a9f5?usage=true => generated 847 bytes in 47 msecs (HTTP/1.1 200) 7 headers in 285 bytes (1 switches on core 0)
2026-06-22 03:09:23.805 8 INFO cinder.api.openstack.wsgi [None req-54f44071-b4b3-4541-8eb9-5d75f6f6c053 0d40768d69bd43fda4c7a5280a1fb5e1 f7612168e69a4f4fa71277a00e4bb238 - - default default] GET http://cinder-api.openstack.svc.cluster.local:8776/v3/f7612168e69a4f4fa71277a00e4bb238/os-quota-sets/0fd89db87b494e4da064d6978fbdc6e4?usage=true
2026-06-22 03:09:23.971 8 INFO cinder.api.openstack.wsgi [None req-54f44071-b4b3-4541-8eb9-5d75f6f6c053 0d40768d69bd43fda4c7a5280a1fb5e1 f7612168e69a4f4fa71277a00e4bb238 - - default default] http://cinder-api.openstack.svc.cluster.local:8776/v3/f7612168e69a4f4fa71277a00e4bb238/os-quota-sets/0fd89db87b494e4da064d6978fbdc6e4?usage=true returned with HTTP 200 [pid: 8|app: 0|req: 418/837] 10.0.0.74 () {28 vars in 735 bytes} [Mon Jun 22 03:09:23 2026] GET /v3/f7612168e69a4f4fa71277a00e4bb238/os-quota-sets/0fd89db87b494e4da064d6978fbdc6e4?usage=true => generated 847 bytes in 173 msecs (HTTP/1.1 200) 7 headers in 285 bytes (1 switches on core 0)
2026-06-22 03:09:23.983 7 INFO cinder.api.openstack.wsgi [None req-5a0c75f2-5dd3-4cf6-905f-6d8a4fcbbd67 0d40768d69bd43fda4c7a5280a1fb5e1 f7612168e69a4f4fa71277a00e4bb238 - - default default] GET http://cinder-api.openstack.svc.cluster.local:8776/v3/f7612168e69a4f4fa71277a00e4bb238/os-quota-sets/1640da47a1e84777b36c28e79c1de803?usage=true
2026-06-22 03:09:24.005 7 INFO cinder.api.openstack.wsgi [None req-5a0c75f2-5dd3-4cf6-905f-6d8a4fcbbd67 0d40768d69bd43fda4c7a5280a1fb5e1 f7612168e69a4f4fa71277a00e4bb238 - - default default] http://cinder-api.openstack.svc.cluster.local:8776/v3/f7612168e69a4f4fa71277a00e4bb238/os-quota-sets/1640da47a1e84777b36c28e79c1de803?usage=true returned with HTTP 200 [pid: 7|app: 0|req: 420/838] 10.0.0.74 () {28 vars in 735 bytes} [Mon Jun 22 03:09:23 2026] GET /v3/f7612168e69a4f4fa71277a00e4bb238/os-quota-sets/1640da47a1e84777b36c28e79c1de803?usage=true => generated 845 bytes in 30 msecs (HTTP/1.1 200) 7 headers in 285 bytes (1 switches on core 0)
2026-06-22 03:09:24.015 8 INFO cinder.api.openstack.wsgi [None req-b9a4a316-a2dd-4433-a9ba-33aa8a43ab8b 0d40768d69bd43fda4c7a5280a1fb5e1 f7612168e69a4f4fa71277a00e4bb238 - - default default] GET http://cinder-api.openstack.svc.cluster.local:8776/v3/f7612168e69a4f4fa71277a00e4bb238/os-quota-sets/567e48ae518f475b9a41fb4da24c4d18?usage=true
2026-06-22 03:09:24.044 8 INFO cinder.api.openstack.wsgi [None req-b9a4a316-a2dd-4433-a9ba-33aa8a43ab8b 0d40768d69bd43fda4c7a5280a1fb5e1 f7612168e69a4f4fa71277a00e4bb238 - - default default] http://cinder-api.openstack.svc.cluster.local:8776/v3/f7612168e69a4f4fa71277a00e4bb238/os-quota-sets/567e48ae518f475b9a41fb4da24c4d18?usage=true returned with HTTP 200 [pid: 8|app: 0|req: 419/839] 10.0.0.74 () {28 vars in 735 bytes} [Mon Jun 22 03:09:24 2026] GET /v3/f7612168e69a4f4fa71277a00e4bb238/os-quota-sets/567e48ae518f475b9a41fb4da24c4d18?usage=true => generated 847 bytes in 35 msecs (HTTP/1.1 200) 7 headers in 285 bytes (1 switches on core 0)
2026-06-22 03:09:24.063 7 INFO cinder.api.openstack.wsgi [None req-7c9e869f-3879-405d-927b-c9baf0196c0f 0d40768d69bd43fda4c7a5280a1fb5e1 f7612168e69a4f4fa71277a00e4bb238 - - default default] GET http://cinder-api.openstack.svc.cluster.local:8776/v3/f7612168e69a4f4fa71277a00e4bb238/os-quota-sets/597ea1a11df547fb8fa63054cead6476?usage=true
2026-06-22 03:09:24.091 7 INFO cinder.api.openstack.wsgi [None req-7c9e869f-3879-405d-927b-c9baf0196c0f 0d40768d69bd43fda4c7a5280a1fb5e1 f7612168e69a4f4fa71277a00e4bb238 - - default default] http://cinder-api.openstack.svc.cluster.local:8776/v3/f7612168e69a4f4fa71277a00e4bb238/os-quota-sets/597ea1a11df547fb8fa63054cead6476?usage=true returned with HTTP 200 [pid: 7|app: 0|req: 421/840] 10.0.0.74 () {28 vars in 735 bytes} [Mon Jun 22 03:09:24 2026] GET /v3/f7612168e69a4f4fa71277a00e4bb238/os-quota-sets/597ea1a11df547fb8fa63054cead6476?usage=true => generated 847 bytes in 38 msecs (HTTP/1.1 200) 7 headers in 285 bytes (1 switches on core 0)
2026-06-22 03:09:24.105 8 INFO cinder.api.openstack.wsgi [None req-62504c92-e9bf-4b71-8932-9252a6b40176 0d40768d69bd43fda4c7a5280a1fb5e1 f7612168e69a4f4fa71277a00e4bb238 - - default default] GET http://cinder-api.openstack.svc.cluster.local:8776/v3/f7612168e69a4f4fa71277a00e4bb238/os-quota-sets/88c54a6387d847d0abd40b3d2097734f?usage=true
2026-06-22 03:09:24.133 8 INFO cinder.api.openstack.wsgi [None req-62504c92-e9bf-4b71-8932-9252a6b40176 0d40768d69bd43fda4c7a5280a1fb5e1 f7612168e69a4f4fa71277a00e4bb238 - - default default] http://cinder-api.openstack.svc.cluster.local:8776/v3/f7612168e69a4f4fa71277a00e4bb238/os-quota-sets/88c54a6387d847d0abd40b3d2097734f?usage=true returned with HTTP 200 [pid: 8|app: 0|req: 420/841] 10.0.0.74 () {28 vars in 735 bytes} [Mon Jun 22 03:09:24 2026] GET /v3/f7612168e69a4f4fa71277a00e4bb238/os-quota-sets/88c54a6387d847d0abd40b3d2097734f?usage=true => generated 847 bytes in 37 msecs (HTTP/1.1 200) 7 headers in 285 bytes (1 switches on core 0)
2026-06-22 03:09:24.143 7 INFO cinder.api.openstack.wsgi [None req-db54b054-5196-4232-8943-67f88e524ac1 0d40768d69bd43fda4c7a5280a1fb5e1 f7612168e69a4f4fa71277a00e4bb238 - - default default] GET http://cinder-api.openstack.svc.cluster.local:8776/v3/f7612168e69a4f4fa71277a00e4bb238/os-quota-sets/f7612168e69a4f4fa71277a00e4bb238?usage=true
2026-06-22 03:09:24.172 7 INFO cinder.api.openstack.wsgi [None req-db54b054-5196-4232-8943-67f88e524ac1 0d40768d69bd43fda4c7a5280a1fb5e1 f7612168e69a4f4fa71277a00e4bb238 - - default default] http://cinder-api.openstack.svc.cluster.local:8776/v3/f7612168e69a4f4fa71277a00e4bb238/os-quota-sets/f7612168e69a4f4fa71277a00e4bb238?usage=true returned with HTTP 200 [pid: 7|app: 0|req: 422/842] 10.0.0.74 () {28 vars in 735 bytes} [Mon Jun 22 03:09:24 2026] GET /v3/f7612168e69a4f4fa71277a00e4bb238/os-quota-sets/f7612168e69a4f4fa71277a00e4bb238?usage=true => generated 845 bytes in 37 msecs (HTTP/1.1 200) 7 headers in 285 bytes (1 switches on core 0)
2026-06-22 03:09:24.198 8 INFO cinder.api.openstack.wsgi [None req-a03f7eb6-94b0-4b57-bef4-87ec16258dd1 0d40768d69bd43fda4c7a5280a1fb5e1 f7612168e69a4f4fa71277a00e4bb238 - - default default] GET http://cinder-api.openstack.svc.cluster.local:8776/v3/f7612168e69a4f4fa71277a00e4bb238/os-quota-sets/ff808ae722b54039a6e1c5487616464d?usage=true
2026-06-22 03:09:24.221 8 INFO cinder.api.openstack.wsgi [None req-a03f7eb6-94b0-4b57-bef4-87ec16258dd1 0d40768d69bd43fda4c7a5280a1fb5e1 f7612168e69a4f4fa71277a00e4bb238 - - default default] http://cinder-api.openstack.svc.cluster.local:8776/v3/f7612168e69a4f4fa71277a00e4bb238/os-quota-sets/ff808ae722b54039a6e1c5487616464d?usage=true returned with HTTP 200 [pid: 8|app: 0|req: 421/843] 10.0.0.74 () {28 vars in 735 bytes} [Mon Jun 22 03:09:24 2026] GET /v3/f7612168e69a4f4fa71277a00e4bb238/os-quota-sets/ff808ae722b54039a6e1c5487616464d?usage=true => generated 847 bytes in 39 msecs (HTTP/1.1 200) 7 headers in 285 bytes (1 switches on core 0)
2026-06-22 03:09:24.243 7 INFO cinder.api.openstack.wsgi [None req-809d5d2b-575b-4ae1-9813-8018babcbaba 0d40768d69bd43fda4c7a5280a1fb5e1 f7612168e69a4f4fa71277a00e4bb238 - - default default] GET http://cinder-api.openstack.svc.cluster.local:8776/v3/f7612168e69a4f4fa71277a00e4bb238/os-services
2026-06-22 03:09:24.249 7 INFO cinder.api.openstack.wsgi [None req-809d5d2b-575b-4ae1-9813-8018babcbaba 0d40768d69bd43fda4c7a5280a1fb5e1 f7612168e69a4f4fa71277a00e4bb238 - - default default] http://cinder-api.openstack.svc.cluster.local:8776/v3/f7612168e69a4f4fa71277a00e4bb238/os-services returned with HTTP 200 [pid: 7|app: 0|req: 423/844] 10.0.0.74 () {28 vars in 644 bytes} [Mon Jun 22 03:09:24 2026] GET /v3/f7612168e69a4f4fa71277a00e4bb238/os-services => generated 646 bytes in 22 msecs (HTTP/1.1 200) 7 headers in 285 bytes (1 switches on core 0)
2026-06-22 03:09:24.561 8 INFO cinder.api.openstack.wsgi [None req-b4e414ba-77f2-485f-9302-a770e99eb35b bd1846937bee4f1981a31373d78cee6e ff808ae722b54039a6e1c5487616464d - - default default] GET http://cinder-api.openstack.svc.cluster.local:8776/v3/ff808ae722b54039a6e1c5487616464d/volumes/54c487a5-e91c-48c8-9551-6d20a7c7bb56 /var/lib/openstack/lib/python3.12/site-packages/oslo_context/context.py:101: DeprecationWarning: Policy enforcement is depending on the value of is_admin. This key is deprecated. Please update your policy file to use the standard policy values. warnings.warn(
2026-06-22 03:09:24.577 8 INFO cinder.volume.api [None req-b4e414ba-77f2-485f-9302-a770e99eb35b bd1846937bee4f1981a31373d78cee6e ff808ae722b54039a6e1c5487616464d - - default default] Volume info retrieved successfully.
2026-06-22 03:09:24.583 8 INFO cinder.api.openstack.wsgi [None req-b4e414ba-77f2-485f-9302-a770e99eb35b bd1846937bee4f1981a31373d78cee6e ff808ae722b54039a6e1c5487616464d - - default default] http://cinder-api.openstack.svc.cluster.local:8776/v3/ff808ae722b54039a6e1c5487616464d/volumes/54c487a5-e91c-48c8-9551-6d20a7c7bb56 returned with HTTP 200 [pid: 8|app: 0|req: 422/845] 10.0.0.234 () {32 vars in 775 bytes} [Mon Jun 22 03:09:24 2026] GET /v3/ff808ae722b54039a6e1c5487616464d/volumes/54c487a5-e91c-48c8-9551-6d20a7c7bb56 => generated 969 bytes in 28 msecs (HTTP/1.1 200) 7 headers in 285 bytes (1 switches on core 0)
2026-06-22 03:09:24.604 7 INFO cinder.api.openstack.wsgi [None req-a6331d5f-d1be-4753-b9aa-cd4cf819761e bd1846937bee4f1981a31373d78cee6e ff808ae722b54039a6e1c5487616464d - - default default] GET http://cinder-api.openstack.svc.cluster.local:8776/v3/ff808ae722b54039a6e1c5487616464d/volumes/54c487a5-e91c-48c8-9551-6d20a7c7bb56 /var/lib/openstack/lib/python3.12/site-packages/oslo_context/context.py:101: DeprecationWarning: Policy enforcement is depending on the value of is_admin. This key is deprecated. Please update your policy file to use the standard policy values. warnings.warn(
2026-06-22 03:09:24.618 7 INFO cinder.volume.api [None req-a6331d5f-d1be-4753-b9aa-cd4cf819761e bd1846937bee4f1981a31373d78cee6e ff808ae722b54039a6e1c5487616464d - - default default] Volume info retrieved successfully.
2026-06-22 03:09:24.633 7 INFO cinder.api.openstack.wsgi [None req-a6331d5f-d1be-4753-b9aa-cd4cf819761e bd1846937bee4f1981a31373d78cee6e ff808ae722b54039a6e1c5487616464d - - default default] http://cinder-api.openstack.svc.cluster.local:8776/v3/ff808ae722b54039a6e1c5487616464d/volumes/54c487a5-e91c-48c8-9551-6d20a7c7bb56 returned with HTTP 200 [pid: 7|app: 0|req: 424/846] 10.0.0.234 () {32 vars in 775 bytes} [Mon Jun 22 03:09:24 2026] GET /v3/ff808ae722b54039a6e1c5487616464d/volumes/54c487a5-e91c-48c8-9551-6d20a7c7bb56 => generated 969 bytes in 38 msecs (HTTP/1.1 200) 7 headers in 285 bytes (1 switches on core 0) /var/lib/openstack/lib/python3.12/site-packages/pycadf/identifier.py:70: UserWarning: Invalid uuid: cinderv3. To ensure interoperability, identifiers should be a valid uuid. warnings.warn(('Invalid uuid: %s. To ensure interoperability, '
2026-06-22 03:09:24.655 8 INFO cinder.api.openstack.wsgi [None req-29b16388-919f-45a2-b5ad-6b5b7b0cc524 bd1846937bee4f1981a31373d78cee6e ff808ae722b54039a6e1c5487616464d - - default default] GET http://cinder-api.openstack.svc.cluster.local:8776/v3/ff808ae722b54039a6e1c5487616464d/volumes
2026-06-22 03:09:24.668 8 INFO cinder.volume.api [None req-29b16388-919f-45a2-b5ad-6b5b7b0cc524 bd1846937bee4f1981a31373d78cee6e ff808ae722b54039a6e1c5487616464d - - default default] Get all volumes completed successfully.
2026-06-22 03:09:24.669 8 INFO cinder.api.openstack.wsgi [None req-29b16388-919f-45a2-b5ad-6b5b7b0cc524 bd1846937bee4f1981a31373d78cee6e ff808ae722b54039a6e1c5487616464d - - default default] http://cinder-api.openstack.svc.cluster.local:8776/v3/ff808ae722b54039a6e1c5487616464d/volumes returned with HTTP 200 [pid: 8|app: 0|req: 423/847] 10.0.0.234 () {32 vars in 701 bytes} [Mon Jun 22 03:09:24 2026] GET /v3/ff808ae722b54039a6e1c5487616464d/volumes => generated 1324 bytes in 18 msecs (HTTP/1.1 200) 7 headers in 286 bytes (1 switches on core 0) /var/lib/openstack/lib/python3.12/site-packages/pycadf/identifier.py:70: UserWarning: Invalid uuid: cinderv3. To ensure interoperability, identifiers should be a valid uuid. warnings.warn(('Invalid uuid: %s. To ensure interoperability, '
2026-06-22 03:09:24.682 7 INFO cinder.api.openstack.wsgi [None req-e967cb64-4920-49ef-b524-0a470fc63b16 bd1846937bee4f1981a31373d78cee6e ff808ae722b54039a6e1c5487616464d - - default default] GET http://cinder-api.openstack.svc.cluster.local:8776/v3/ff808ae722b54039a6e1c5487616464d/volumes/54c487a5-e91c-48c8-9551-6d20a7c7bb56 /var/lib/openstack/lib/python3.12/site-packages/oslo_context/context.py:101: DeprecationWarning: Policy enforcement is depending on the value of is_admin. This key is deprecated. Please update your policy file to use the standard policy values. warnings.warn(
2026-06-22 03:09:24.698 7 INFO cinder.volume.api [None req-e967cb64-4920-49ef-b524-0a470fc63b16 bd1846937bee4f1981a31373d78cee6e ff808ae722b54039a6e1c5487616464d - - default default] Volume info retrieved successfully.
2026-06-22 03:09:24.703 7 INFO cinder.api.openstack.wsgi [None req-e967cb64-4920-49ef-b524-0a470fc63b16 bd1846937bee4f1981a31373d78cee6e ff808ae722b54039a6e1c5487616464d - - default default] http://cinder-api.openstack.svc.cluster.local:8776/v3/ff808ae722b54039a6e1c5487616464d/volumes/54c487a5-e91c-48c8-9551-6d20a7c7bb56 returned with HTTP 200 [pid: 7|app: 0|req: 425/848] 10.0.0.234 () {32 vars in 775 bytes} [Mon Jun 22 03:09:24 2026] GET /v3/ff808ae722b54039a6e1c5487616464d/volumes/54c487a5-e91c-48c8-9551-6d20a7c7bb56 => generated 969 bytes in 26 msecs (HTTP/1.1 200) 7 headers in 285 bytes (1 switches on core 0) /var/lib/openstack/lib/python3.12/site-packages/pycadf/identifier.py:70: UserWarning: Invalid uuid: cinderv3. To ensure interoperability, identifiers should be a valid uuid. warnings.warn(('Invalid uuid: %s. To ensure interoperability, '
2026-06-22 03:09:24.722 8 INFO cinder.api.openstack.wsgi [None req-5219c5a1-d296-42d3-bfa7-722f9a54fb7c bd1846937bee4f1981a31373d78cee6e ff808ae722b54039a6e1c5487616464d - - default default] DELETE http://cinder-api.openstack.svc.cluster.local:8776/v3/ff808ae722b54039a6e1c5487616464d/volumes/54c487a5-e91c-48c8-9551-6d20a7c7bb56
2026-06-22 03:09:24.722 8 INFO cinder.api.v3.volumes [None req-5219c5a1-d296-42d3-bfa7-722f9a54fb7c bd1846937bee4f1981a31373d78cee6e ff808ae722b54039a6e1c5487616464d - - default default] Delete volume with id: 54c487a5-e91c-48c8-9551-6d20a7c7bb56 /var/lib/openstack/lib/python3.12/site-packages/oslo_context/context.py:101: DeprecationWarning: Policy enforcement is depending on the value of is_admin. This key is deprecated. Please update your policy file to use the standard policy values. warnings.warn(
2026-06-22 03:09:24.734 8 INFO cinder.volume.api [None req-5219c5a1-d296-42d3-bfa7-722f9a54fb7c bd1846937bee4f1981a31373d78cee6e ff808ae722b54039a6e1c5487616464d - - default default] Volume info retrieved successfully.
2026-06-22 03:09:24.775 8 INFO cinder.volume.api [None req-5219c5a1-d296-42d3-bfa7-722f9a54fb7c bd1846937bee4f1981a31373d78cee6e ff808ae722b54039a6e1c5487616464d - - default default] Delete volume request issued successfully.
2026-06-22 03:09:24.776 8 INFO cinder.api.openstack.wsgi [None req-5219c5a1-d296-42d3-bfa7-722f9a54fb7c bd1846937bee4f1981a31373d78cee6e ff808ae722b54039a6e1c5487616464d - - default default] http://cinder-api.openstack.svc.cluster.local:8776/v3/ff808ae722b54039a6e1c5487616464d/volumes/54c487a5-e91c-48c8-9551-6d20a7c7bb56 returned with HTTP 202 [pid: 8|app: 0|req: 424/849] 10.0.0.234 () {32 vars in 778 bytes} [Mon Jun 22 03:09:24 2026] DELETE /v3/ff808ae722b54039a6e1c5487616464d/volumes/54c487a5-e91c-48c8-9551-6d20a7c7bb56 => generated 0 bytes in 61 msecs (HTTP/1.1 202) 6 headers in 233 bytes (1 switches on core 0) /var/lib/openstack/lib/python3.12/site-packages/pycadf/identifier.py:70: UserWarning: Invalid uuid: cinderv3. To ensure interoperability, identifiers should be a valid uuid. warnings.warn(('Invalid uuid: %s. To ensure interoperability, '
2026-06-22 03:09:24.790 7 INFO cinder.api.openstack.wsgi [None req-c24a52d8-103a-4563-a457-244bb5640d14 bd1846937bee4f1981a31373d78cee6e ff808ae722b54039a6e1c5487616464d - - default default] GET http://cinder-api.openstack.svc.cluster.local:8776/v3/ff808ae722b54039a6e1c5487616464d/volumes/54c487a5-e91c-48c8-9551-6d20a7c7bb56 /var/lib/openstack/lib/python3.12/site-packages/oslo_context/context.py:101: DeprecationWarning: Policy enforcement is depending on the value of is_admin. This key is deprecated. Please update your policy file to use the standard policy values. warnings.warn(
2026-06-22 03:09:24.812 7 INFO cinder.volume.api [None req-c24a52d8-103a-4563-a457-244bb5640d14 bd1846937bee4f1981a31373d78cee6e ff808ae722b54039a6e1c5487616464d - - default default] Volume info retrieved successfully.
2026-06-22 03:09:24.820 7 INFO cinder.api.openstack.wsgi [None req-c24a52d8-103a-4563-a457-244bb5640d14 bd1846937bee4f1981a31373d78cee6e ff808ae722b54039a6e1c5487616464d - - default default] http://cinder-api.openstack.svc.cluster.local:8776/v3/ff808ae722b54039a6e1c5487616464d/volumes/54c487a5-e91c-48c8-9551-6d20a7c7bb56 returned with HTTP 200 [pid: 7|app: 0|req: 426/850] 10.0.0.234 () {32 vars in 775 bytes} [Mon Jun 22 03:09:24 2026] GET /v3/ff808ae722b54039a6e1c5487616464d/volumes/54c487a5-e91c-48c8-9551-6d20a7c7bb56 => generated 968 bytes in 37 msecs (HTTP/1.1 200) 7 headers in 285 bytes (1 switches on core 0) /var/lib/openstack/lib/python3.12/site-packages/pycadf/identifier.py:70: UserWarning: Invalid uuid: cinderv3. To ensure interoperability, identifiers should be a valid uuid. warnings.warn(('Invalid uuid: %s. To ensure interoperability, '
2026-06-22 03:09:25.839 8 INFO cinder.api.openstack.wsgi [None req-01326c95-9da8-4fce-8c77-2ff65521ce70 bd1846937bee4f1981a31373d78cee6e ff808ae722b54039a6e1c5487616464d - - default default] GET http://cinder-api.openstack.svc.cluster.local:8776/v3/ff808ae722b54039a6e1c5487616464d/volumes/54c487a5-e91c-48c8-9551-6d20a7c7bb56
2026-06-22 03:09:25.847 8 INFO cinder.api.openstack.wsgi [None req-01326c95-9da8-4fce-8c77-2ff65521ce70 bd1846937bee4f1981a31373d78cee6e ff808ae722b54039a6e1c5487616464d - - default default] http://cinder-api.openstack.svc.cluster.local:8776/v3/ff808ae722b54039a6e1c5487616464d/volumes/54c487a5-e91c-48c8-9551-6d20a7c7bb56 returned with HTTP 404 [pid: 8|app: 0|req: 425/851] 10.0.0.234 () {32 vars in 775 bytes} [Mon Jun 22 03:09:25 2026] GET /v3/ff808ae722b54039a6e1c5487616464d/volumes/54c487a5-e91c-48c8-9551-6d20a7c7bb56 => generated 109 bytes in 13 msecs (HTTP/1.1 404) 7 headers in 292 bytes (1 switches on core 0) /var/lib/openstack/lib/python3.12/site-packages/pycadf/identifier.py:70: UserWarning: Invalid uuid: cinderv3. To ensure interoperability, identifiers should be a valid uuid. warnings.warn(('Invalid uuid: %s. To ensure interoperability, '
2026-06-22 03:09:25.860 7 INFO cinder.api.openstack.wsgi [None req-3a06e543-aef5-4b26-8072-f5b7e18a5f20 bd1846937bee4f1981a31373d78cee6e ff808ae722b54039a6e1c5487616464d - - default default] GET http://cinder-api.openstack.svc.cluster.local:8776/v3/ff808ae722b54039a6e1c5487616464d/volumes/c49e9441-8a48-45f0-8b36-9f37a1875803 /var/lib/openstack/lib/python3.12/site-packages/oslo_context/context.py:101: DeprecationWarning: Policy enforcement is depending on the value of is_admin. This key is deprecated. Please update your policy file to use the standard policy values. warnings.warn(
2026-06-22 03:09:25.883 7 INFO cinder.volume.api [None req-3a06e543-aef5-4b26-8072-f5b7e18a5f20 bd1846937bee4f1981a31373d78cee6e ff808ae722b54039a6e1c5487616464d - - default default] Volume info retrieved successfully.
2026-06-22 03:09:25.891 7 INFO cinder.api.openstack.wsgi [None req-3a06e543-aef5-4b26-8072-f5b7e18a5f20 bd1846937bee4f1981a31373d78cee6e ff808ae722b54039a6e1c5487616464d - - default default] http://cinder-api.openstack.svc.cluster.local:8776/v3/ff808ae722b54039a6e1c5487616464d/volumes/c49e9441-8a48-45f0-8b36-9f37a1875803 returned with HTTP 200 [pid: 7|app: 0|req: 427/852] 10.0.0.234 () {32 vars in 775 bytes} [Mon Jun 22 03:09:25 2026] GET /v3/ff808ae722b54039a6e1c5487616464d/volumes/c49e9441-8a48-45f0-8b36-9f37a1875803 => generated 969 bytes in 38 msecs (HTTP/1.1 200) 7 headers in 285 bytes (1 switches on core 0)
2026-06-22 03:09:25.914 8 INFO cinder.api.openstack.wsgi [None req-9eeea288-2dcc-4ce1-bb50-0b42b0e1f653 bd1846937bee4f1981a31373d78cee6e ff808ae722b54039a6e1c5487616464d - - default default] DELETE http://cinder-api.openstack.svc.cluster.local:8776/v3/ff808ae722b54039a6e1c5487616464d/volumes/c49e9441-8a48-45f0-8b36-9f37a1875803
2026-06-22 03:09:25.915 8 INFO cinder.api.v3.volumes [None req-9eeea288-2dcc-4ce1-bb50-0b42b0e1f653 bd1846937bee4f1981a31373d78cee6e ff808ae722b54039a6e1c5487616464d - - default default] Delete volume with id: c49e9441-8a48-45f0-8b36-9f37a1875803 /var/lib/openstack/lib/python3.12/site-packages/oslo_context/context.py:101: DeprecationWarning: Policy enforcement is depending on the value of is_admin. This key is deprecated. Please update your policy file to use the standard policy values. warnings.warn(
2026-06-22 03:09:25.925 8 INFO cinder.volume.api [None req-9eeea288-2dcc-4ce1-bb50-0b42b0e1f653 bd1846937bee4f1981a31373d78cee6e ff808ae722b54039a6e1c5487616464d - - default default] Volume info retrieved successfully.
2026-06-22 03:09:25.944 8 INFO cinder.volume.api [None req-9eeea288-2dcc-4ce1-bb50-0b42b0e1f653 bd1846937bee4f1981a31373d78cee6e ff808ae722b54039a6e1c5487616464d - - default default] Delete volume request issued successfully.
2026-06-22 03:09:25.944 8 INFO cinder.api.openstack.wsgi [None req-9eeea288-2dcc-4ce1-bb50-0b42b0e1f653 bd1846937bee4f1981a31373d78cee6e ff808ae722b54039a6e1c5487616464d - - default default] http://cinder-api.openstack.svc.cluster.local:8776/v3/ff808ae722b54039a6e1c5487616464d/volumes/c49e9441-8a48-45f0-8b36-9f37a1875803 returned with HTTP 202 [pid: 8|app: 0|req: 426/853] 10.0.0.234 () {32 vars in 778 bytes} [Mon Jun 22 03:09:25 2026] DELETE /v3/ff808ae722b54039a6e1c5487616464d/volumes/c49e9441-8a48-45f0-8b36-9f37a1875803 => generated 0 bytes in 35 msecs (HTTP/1.1 202) 6 headers in 233 bytes (1 switches on core 0) /var/lib/openstack/lib/python3.12/site-packages/pycadf/identifier.py:70: UserWarning: Invalid uuid: cinderv3. To ensure interoperability, identifiers should be a valid uuid. warnings.warn(('Invalid uuid: %s. To ensure interoperability, '
2026-06-22 03:09:25.955 7 INFO cinder.api.openstack.wsgi [None req-32bf81cf-0c02-4fa6-9539-cb9eb9425e40 bd1846937bee4f1981a31373d78cee6e ff808ae722b54039a6e1c5487616464d - - default default] GET http://cinder-api.openstack.svc.cluster.local:8776/v3/ff808ae722b54039a6e1c5487616464d/volumes/c49e9441-8a48-45f0-8b36-9f37a1875803 /var/lib/openstack/lib/python3.12/site-packages/oslo_context/context.py:101: DeprecationWarning: Policy enforcement is depending on the value of is_admin. This key is deprecated. Please update your policy file to use the standard policy values. warnings.warn(
2026-06-22 03:09:25.975 7 INFO cinder.volume.api [None req-32bf81cf-0c02-4fa6-9539-cb9eb9425e40 bd1846937bee4f1981a31373d78cee6e ff808ae722b54039a6e1c5487616464d - - default default] Volume info retrieved successfully.
2026-06-22 03:09:25.985 7 INFO cinder.api.openstack.wsgi [None req-32bf81cf-0c02-4fa6-9539-cb9eb9425e40 bd1846937bee4f1981a31373d78cee6e ff808ae722b54039a6e1c5487616464d - - default default] http://cinder-api.openstack.svc.cluster.local:8776/v3/ff808ae722b54039a6e1c5487616464d/volumes/c49e9441-8a48-45f0-8b36-9f37a1875803 returned with HTTP 200 [pid: 7|app: 0|req: 428/854] 10.0.0.234 () {32 vars in 775 bytes} [Mon Jun 22 03:09:25 2026] GET /v3/ff808ae722b54039a6e1c5487616464d/volumes/c49e9441-8a48-45f0-8b36-9f37a1875803 => generated 968 bytes in 36 msecs (HTTP/1.1 200) 7 headers in 285 bytes (1 switches on core 0)
2026-06-22 03:09:26.363 7 INFO cinder.api.openstack.wsgi [None req-32bf81cf-0c02-4fa6-9539-cb9eb9425e40 bd1846937bee4f1981a31373d78cee6e ff808ae722b54039a6e1c5487616464d - - default default] GET http://10.0.0.102:8776/
2026-06-22 03:09:26.363 8 INFO cinder.api.openstack.wsgi [None req-9eeea288-2dcc-4ce1-bb50-0b42b0e1f653 bd1846937bee4f1981a31373d78cee6e ff808ae722b54039a6e1c5487616464d - - default default] GET http://10.0.0.102:8776/
2026-06-22 03:09:26.364 7 INFO cinder.api.openstack.wsgi [None req-32bf81cf-0c02-4fa6-9539-cb9eb9425e40 bd1846937bee4f1981a31373d78cee6e ff808ae722b54039a6e1c5487616464d - - default default] http://10.0.0.102:8776/ returned with HTTP 300
2026-06-22 03:09:26.365 8 INFO cinder.api.openstack.wsgi [None req-9eeea288-2dcc-4ce1-bb50-0b42b0e1f653 bd1846937bee4f1981a31373d78cee6e ff808ae722b54039a6e1c5487616464d - - default default] http://10.0.0.102:8776/ returned with HTTP 300 /var/lib/openstack/lib/python3.12/site-packages/pycadf/identifier.py:70: UserWarning: Invalid uuid: cinderv3. To ensure interoperability, identifiers should be a valid uuid. warnings.warn(('Invalid uuid: %s. To ensure interoperability, '
2026-06-22 03:09:27.010 7 INFO cinder.api.openstack.wsgi [None req-59d6c78f-da11-4dcf-8a0a-f1e3784c60c6 bd1846937bee4f1981a31373d78cee6e ff808ae722b54039a6e1c5487616464d - - default default] GET http://cinder-api.openstack.svc.cluster.local:8776/v3/ff808ae722b54039a6e1c5487616464d/volumes/c49e9441-8a48-45f0-8b36-9f37a1875803
2026-06-22 03:09:27.019 7 INFO cinder.api.openstack.wsgi [None req-59d6c78f-da11-4dcf-8a0a-f1e3784c60c6 bd1846937bee4f1981a31373d78cee6e ff808ae722b54039a6e1c5487616464d - - default default] http://cinder-api.openstack.svc.cluster.local:8776/v3/ff808ae722b54039a6e1c5487616464d/volumes/c49e9441-8a48-45f0-8b36-9f37a1875803 returned with HTTP 404 [pid: 7|app: 0|req: 430/857] 10.0.0.234 () {32 vars in 775 bytes} [Mon Jun 22 03:09:27 2026] GET /v3/ff808ae722b54039a6e1c5487616464d/volumes/c49e9441-8a48-45f0-8b36-9f37a1875803 => generated 109 bytes in 17 msecs (HTTP/1.1 404) 7 headers in 292 bytes (1 switches on core 0) /var/lib/openstack/lib/python3.12/site-packages/pycadf/identifier.py:70: UserWarning: Invalid uuid: cinderv3. To ensure interoperability, identifiers should be a valid uuid. warnings.warn(('Invalid uuid: %s. To ensure interoperability, '
2026-06-22 03:09:27.031 8 INFO cinder.api.openstack.wsgi [None req-90138837-c23e-4a50-abba-191563768432 bd1846937bee4f1981a31373d78cee6e ff808ae722b54039a6e1c5487616464d - - default default] GET http://cinder-api.openstack.svc.cluster.local:8776/v3/ff808ae722b54039a6e1c5487616464d/volumes/a5f4145f-4dd1-4127-83ff-05696272b09e /var/lib/openstack/lib/python3.12/site-packages/oslo_context/context.py:101: DeprecationWarning: Policy enforcement is depending on the value of is_admin. This key is deprecated. Please update your policy file to use the standard policy values. warnings.warn(
2026-06-22 03:09:27.044 8 INFO cinder.volume.api [None req-90138837-c23e-4a50-abba-191563768432 bd1846937bee4f1981a31373d78cee6e ff808ae722b54039a6e1c5487616464d - - default default] Volume info retrieved successfully.
2026-06-22 03:09:27.049 8 INFO cinder.api.openstack.wsgi [None req-90138837-c23e-4a50-abba-191563768432 bd1846937bee4f1981a31373d78cee6e ff808ae722b54039a6e1c5487616464d - - default default] http://cinder-api.openstack.svc.cluster.local:8776/v3/ff808ae722b54039a6e1c5487616464d/volumes/a5f4145f-4dd1-4127-83ff-05696272b09e returned with HTTP 200 [pid: 8|app: 0|req: 428/858] 10.0.0.234 () {32 vars in 775 bytes} [Mon Jun 22 03:09:27 2026] GET /v3/ff808ae722b54039a6e1c5487616464d/volumes/a5f4145f-4dd1-4127-83ff-05696272b09e => generated 969 bytes in 25 msecs (HTTP/1.1 200) 7 headers in 285 bytes (1 switches on core 0)
2026-06-22 03:09:27.070 7 INFO cinder.api.openstack.wsgi [None req-0641a1ff-1882-4765-87cf-a62ef388b486 bd1846937bee4f1981a31373d78cee6e ff808ae722b54039a6e1c5487616464d - - default default] DELETE http://cinder-api.openstack.svc.cluster.local:8776/v3/ff808ae722b54039a6e1c5487616464d/volumes/a5f4145f-4dd1-4127-83ff-05696272b09e
2026-06-22 03:09:27.071 7 INFO cinder.api.v3.volumes [None req-0641a1ff-1882-4765-87cf-a62ef388b486 bd1846937bee4f1981a31373d78cee6e ff808ae722b54039a6e1c5487616464d - - default default] Delete volume with id: a5f4145f-4dd1-4127-83ff-05696272b09e /var/lib/openstack/lib/python3.12/site-packages/oslo_context/context.py:101: DeprecationWarning: Policy enforcement is depending on the value of is_admin. This key is deprecated. Please update your policy file to use the standard policy values. warnings.warn(
2026-06-22 03:09:27.082 7 INFO cinder.volume.api [None req-0641a1ff-1882-4765-87cf-a62ef388b486 bd1846937bee4f1981a31373d78cee6e ff808ae722b54039a6e1c5487616464d - - default default] Volume info retrieved successfully.
2026-06-22 03:09:27.108 7 INFO cinder.volume.api [None req-0641a1ff-1882-4765-87cf-a62ef388b486 bd1846937bee4f1981a31373d78cee6e ff808ae722b54039a6e1c5487616464d - - default default] Delete volume request issued successfully.
2026-06-22 03:09:27.108 7 INFO cinder.api.openstack.wsgi [None req-0641a1ff-1882-4765-87cf-a62ef388b486 bd1846937bee4f1981a31373d78cee6e ff808ae722b54039a6e1c5487616464d - - default default] http://cinder-api.openstack.svc.cluster.local:8776/v3/ff808ae722b54039a6e1c5487616464d/volumes/a5f4145f-4dd1-4127-83ff-05696272b09e returned with HTTP 202 [pid: 7|app: 0|req: 431/859] 10.0.0.234 () {32 vars in 778 bytes} [Mon Jun 22 03:09:27 2026] DELETE /v3/ff808ae722b54039a6e1c5487616464d/volumes/a5f4145f-4dd1-4127-83ff-05696272b09e => generated 0 bytes in 45 msecs (HTTP/1.1 202) 6 headers in 233 bytes (1 switches on core 0) /var/lib/openstack/lib/python3.12/site-packages/pycadf/identifier.py:70: UserWarning: Invalid uuid: cinderv3. To ensure interoperability, identifiers should be a valid uuid. warnings.warn(('Invalid uuid: %s. To ensure interoperability, '
2026-06-22 03:09:27.119 8 INFO cinder.api.openstack.wsgi [None req-45c426a7-5c0d-4cc5-86f1-6f0600ad77ff bd1846937bee4f1981a31373d78cee6e ff808ae722b54039a6e1c5487616464d - - default default] GET http://cinder-api.openstack.svc.cluster.local:8776/v3/ff808ae722b54039a6e1c5487616464d/volumes/a5f4145f-4dd1-4127-83ff-05696272b09e /var/lib/openstack/lib/python3.12/site-packages/oslo_context/context.py:101: DeprecationWarning: Policy enforcement is depending on the value of is_admin. This key is deprecated. Please update your policy file to use the standard policy values. warnings.warn(
