Jun 16 01:34:59.054023 np0000180640 devstack@neutron-api.service[103394]: DEBUG neutron.api.extensions [None req-16e295f8-5231-46e7-b55f-0f7613748c39 None None] Ext name="Pagination support" alias="pagination" description="Extension that indicates that pagination is enabled." updated="2016-06-12T00:00:00-00:00" {{(pid=103394) _check_extension /opt/stack/neutron/neutron/api/extensions.py:415}}
Jun 16 01:34:59.054054 np0000180640 devstack@neutron-api.service[103395]: DEBUG neutron_lib.callbacks.manager [None req-e499e109-9bdb-49cf-91e0-357b21209071 None None] Subscribe: > address_group after_create 55550000, False {{(pid=103395) subscribe /opt/stack/data/venv/lib/python3.12/site-packages/neutron_lib/callbacks/manager.py:52}}
Jun 16 01:34:59.054087 np0000180640 devstack@neutron-api.service[103394]: INFO neutron.api.extensions [None req-16e295f8-5231-46e7-b55f-0f7613748c39 None None] Loaded extension: pagination
Jun 16 01:34:59.054087 np0000180640 devstack@neutron-api.service[103394]: DEBUG neutron.api.extensions [None req-16e295f8-5231-46e7-b55f-0f7613748c39 None None] Loading extension file: port_device_profile.py {{(pid=103394) _load_all_extensions_from_path /opt/stack/neutron/neutron/api/extensions.py:449}}
Jun 16 01:34:59.054135 np0000180640 devstack@neutron-api.service[103395]: DEBUG neutron_lib.callbacks.manager [None req-e499e109-9bdb-49cf-91e0-357b21209071 None None] Subscribe: > address_group after_update 55550000, False {{(pid=103395) subscribe /opt/stack/data/venv/lib/python3.12/site-packages/neutron_lib/callbacks/manager.py:52}}
Jun 16 01:34:59.054196 np0000180640 devstack@neutron-api.service[103395]: DEBUG neutron_lib.callbacks.manager [None req-e499e109-9bdb-49cf-91e0-357b21209071 None None] Subscribe: > address_group after_delete 55550000, False {{(pid=103395) subscribe /opt/stack/data/venv/lib/python3.12/site-packages/neutron_lib/callbacks/manager.py:52}}
Jun 16 01:34:59.054335 np0000180640 devstack@neutron-api.service[103393]: DEBUG neutron.api.extensions [None req-062a7570-f294-410b-8cef-08ff9388de6c None None] Extended resource: dhcp-agents {{(pid=103393) __init__ /opt/stack/neutron/neutron/api/extensions.py:156}}
Jun 16 01:34:59.054414 np0000180640 devstack@neutron-api.service[103394]: DEBUG neutron.api.extensions [None req-16e295f8-5231-46e7-b55f-0f7613748c39 None None] Ext name="Port device profile" alias="port-device-profile" description="Expose the port device profile (Cyborg)" updated="2020-12-17T10:00:00-00:00" {{(pid=103394) _check_extension /opt/stack/neutron/neutron/api/extensions.py:415}}
Jun 16 01:34:59.054487 np0000180640 devstack@neutron-api.service[103395]: DEBUG neutron_lib.callbacks.manager [None req-e499e109-9bdb-49cf-91e0-357b21209071 None None] Subscribe: > qos_plugin after_init 55550000, False {{(pid=103395) subscribe /opt/stack/data/venv/lib/python3.12/site-packages/neutron_lib/callbacks/manager.py:52}}
Jun 16 01:34:59.054612 np0000180640 devstack@neutron-api.service[103394]: INFO neutron.api.extensions [None req-16e295f8-5231-46e7-b55f-0f7613748c39 None None] Loaded extension: port-device-profile
Jun 16 01:34:59.054612 np0000180640 devstack@neutron-api.service[103394]: DEBUG neutron.api.extensions [None req-16e295f8-5231-46e7-b55f-0f7613748c39 None None] Loading extension file: port_hardware_offload_type.py {{(pid=103394) _load_all_extensions_from_path /opt/stack/neutron/neutron/api/extensions.py:449}}
Jun 16 01:34:59.054666 np0000180640 devstack@neutron-api.service[103395]: DEBUG neutron_lib.callbacks.manager [None req-e499e109-9bdb-49cf-91e0-357b21209071 None None] Subscribe: > trunk_plugin after_init 55550000, False {{(pid=103395) subscribe /opt/stack/data/venv/lib/python3.12/site-packages/neutron_lib/callbacks/manager.py:52}}
Jun 16 01:34:59.054798 np0000180640 devstack@neutron-api.service[103394]: DEBUG neutron.api.extensions [None req-16e295f8-5231-46e7-b55f-0f7613748c39 None None] Ext name="Port hardware offload" alias="port-hardware-offload-type" description="Expose port hardware offload extension" updated="2023-05-09T10:00:00-00:00" {{(pid=103394) _check_extension /opt/stack/neutron/neutron/api/extensions.py:415}}
Jun 16 01:34:59.054847 np0000180640 devstack@neutron-api.service[103395]: DEBUG neutron_lib.callbacks.manager [None req-e499e109-9bdb-49cf-91e0-357b21209071 None None] Subscribe: > logging-plugin after_init 55550000, False {{(pid=103395) subscribe /opt/stack/data/venv/lib/python3.12/site-packages/neutron_lib/callbacks/manager.py:52}}
Jun 16 01:34:59.054955 np0000180640 devstack@neutron-api.service[103393]: DEBUG neutron.api.extensions [None req-062a7570-f294-410b-8cef-08ff9388de6c None None] Extended resource: routers {{(pid=103393) __init__ /opt/stack/neutron/neutron/api/extensions.py:156}}
Jun 16 01:34:59.055000 np0000180640 devstack@neutron-api.service[103394]: INFO neutron.api.extensions [None req-16e295f8-5231-46e7-b55f-0f7613748c39 None None] Extension port-hardware-offload-type not supported by any of loaded plugins
Jun 16 01:34:59.055038 np0000180640 devstack@neutron-api.service[103394]: DEBUG neutron.api.extensions [None req-16e295f8-5231-46e7-b55f-0f7613748c39 None None] Loading extension file: port_hint_ovs_tx_steering.py {{(pid=103394) _load_all_extensions_from_path /opt/stack/neutron/neutron/api/extensions.py:449}}
Jun 16 01:34:59.055296 np0000180640 devstack@neutron-api.service[103394]: DEBUG neutron.api.extensions [None req-16e295f8-5231-46e7-b55f-0f7613748c39 None None] Ext name="Port hint: Open vSwitch Tx steering" alias="port-hint-ovs-tx-steering" description="Enable Port hint: Open vSwitch Tx steering" updated="2023-01-01T00:00:00-00:00" {{(pid=103394) _check_extension /opt/stack/neutron/neutron/api/extensions.py:415}}
Jun 16 01:34:59.055401 np0000180640 devstack@neutron-api.service[103395]: INFO neutron.services.logapi.drivers.ovn.driver [None req-e499e109-9bdb-49cf-91e0-357b21209071 None None] OVN logging driver registered
Jun 16 01:34:59.055479 np0000180640 devstack@neutron-api.service[103394]: INFO neutron.api.extensions [None req-16e295f8-5231-46e7-b55f-0f7613748c39 None None] Extension port-hint-ovs-tx-steering not supported by any of loaded plugins
Jun 16 01:34:59.055621 np0000180640 devstack@neutron-api.service[103395]: DEBUG neutron_lib.callbacks.manager [None req-e499e109-9bdb-49cf-91e0-357b21209071 None None] Subscribe: ._register_pvlan_driver at 0x7c8150994720> pvlan_plugin before_spawn 55550000, False {{(pid=103395) subscribe /opt/stack/data/venv/lib/python3.12/site-packages/neutron_lib/callbacks/manager.py:52}}
Jun 16 01:34:59.055706 np0000180640 devstack@neutron-api.service[103394]: DEBUG neutron.api.extensions [None req-16e295f8-5231-46e7-b55f-0f7613748c39 None None] Loading extension file: port_hints.py {{(pid=103394) _load_all_extensions_from_path /opt/stack/neutron/neutron/api/extensions.py:449}}
Jun 16 01:34:59.055827 np0000180640 devstack@neutron-api.service[103395]: DEBUG neutron_lib.callbacks.manager [None req-e499e109-9bdb-49cf-91e0-357b21209071 None None] Subscribe: process after_init 55550000, False {{(pid=103395) subscribe /opt/stack/data/venv/lib/python3.12/site-packages/neutron_lib/callbacks/manager.py:52}}
Jun 16 01:34:59.055885 np0000180640 devstack@neutron-api.service[103394]: DEBUG neutron.api.extensions [None req-16e295f8-5231-46e7-b55f-0f7613748c39 None None] Ext name="Port hints" alias="port-hints" description="Backend specific port hints to allow backend specific tuning" updated="2023-01-01T00:00:00-00:00" {{(pid=103394) _check_extension /opt/stack/neutron/neutron/api/extensions.py:415}}
Jun 16 01:34:59.055943 np0000180640 devstack@neutron-api.service[103394]: INFO neutron.api.extensions [None req-16e295f8-5231-46e7-b55f-0f7613748c39 None None] Extension port-hints not supported by any of loaded plugins
Jun 16 01:34:59.056032 np0000180640 devstack@neutron-api.service[103394]: DEBUG neutron.api.extensions [None req-16e295f8-5231-46e7-b55f-0f7613748c39 None None] Loading extension file: port_mac_address_override.py {{(pid=103394) _load_all_extensions_from_path /opt/stack/neutron/neutron/api/extensions.py:449}}
Jun 16 01:34:59.056090 np0000180640 devstack@neutron-api.service[103393]: DEBUG neutron.api.extensions [None req-062a7570-f294-410b-8cef-08ff9388de6c None None] Extended resource: flavors {{(pid=103393) __init__ /opt/stack/neutron/neutron/api/extensions.py:156}}
Jun 16 01:34:59.056254 np0000180640 devstack@neutron-api.service[103394]: DEBUG neutron.api.extensions [None req-16e295f8-5231-46e7-b55f-0f7613748c39 None None] Ext name="Neutron Port MAC address override" alias="port-mac-override" description="Allow overriding the MAC address of a direct-physical Port via the active binding profile" updated="2022-03-18T10:00:00-00:00" {{(pid=103394) _check_extension /opt/stack/neutron/neutron/api/extensions.py:415}}
Jun 16 01:34:59.056417 np0000180640 devstack@neutron-api.service[103394]: INFO neutron.api.extensions [None req-16e295f8-5231-46e7-b55f-0f7613748c39 None None] Extension port-mac-override not supported by any of loaded plugins
Jun 16 01:34:59.056507 np0000180640 devstack@neutron-api.service[103394]: DEBUG neutron.api.extensions [None req-16e295f8-5231-46e7-b55f-0f7613748c39 None None] Loading extension file: port_mac_address_regenerate.py {{(pid=103394) _load_all_extensions_from_path /opt/stack/neutron/neutron/api/extensions.py:449}}
Jun 16 01:34:59.056582 np0000180640 devstack@neutron-api.service[103393]: DEBUG neutron.api.extensions [None req-062a7570-f294-410b-8cef-08ff9388de6c None None] Extended resource: service_profiles {{(pid=103393) __init__ /opt/stack/neutron/neutron/api/extensions.py:156}}
Jun 16 01:34:59.056751 np0000180640 devstack@neutron-api.service[103394]: DEBUG neutron.api.extensions [None req-16e295f8-5231-46e7-b55f-0f7613748c39 None None] Ext name="Neutron Port MAC address regenerate" alias="port-mac-address-regenerate" description="Network port MAC address regenerate" updated="2018-05-03T10:00:00-00:00" {{(pid=103394) _check_extension /opt/stack/neutron/neutron/api/extensions.py:415}}
Jun 16 01:34:59.057082 np0000180640 devstack@neutron-api.service[103394]: INFO neutron.api.extensions [None req-16e295f8-5231-46e7-b55f-0f7613748c39 None None] Loaded extension: port-mac-address-regenerate
Jun 16 01:34:59.057082 np0000180640 devstack@neutron-api.service[103394]: DEBUG neutron.api.extensions [None req-16e295f8-5231-46e7-b55f-0f7613748c39 None None] Loading extension file: port_numa_affinity_policy.py {{(pid=103394) _load_all_extensions_from_path /opt/stack/neutron/neutron/api/extensions.py:449}}
Jun 16 01:34:59.057261 np0000180640 devstack@neutron-api.service[103393]: DEBUG neutron.api.extensions [None req-062a7570-f294-410b-8cef-08ff9388de6c None None] Extended resource: next_providers {{(pid=103393) __init__ /opt/stack/neutron/neutron/api/extensions.py:156}}
Jun 16 01:34:59.057656 np0000180640 devstack@neutron-api.service[103394]: DEBUG neutron.api.extensions [None req-16e295f8-5231-46e7-b55f-0f7613748c39 None None] Ext name="Port NUMA affinity policy" alias="port-numa-affinity-policy" description="Expose the port NUMA affinity policy" updated="2020-07-08T10:00:00-00:00" {{(pid=103394) _check_extension /opt/stack/neutron/neutron/api/extensions.py:415}}
Jun 16 01:34:59.057788 np0000180640 devstack@neutron-api.service[103395]: DEBUG neutron.plugins.ml2.plugin [None req-e499e109-9bdb-49cf-91e0-357b21209071 None None] neutron.plugins.ml2.plugin.Ml2Plugin method _start_rpc_notifiers called with arguments () {} {{(pid=103395) wrapper /opt/stack/data/venv/lib/python3.12/site-packages/oslo_log/helpers.py:77}}
Jun 16 01:34:59.057916 np0000180640 devstack@neutron-api.service[103394]: INFO neutron.api.extensions [None req-16e295f8-5231-46e7-b55f-0f7613748c39 None None] Loaded extension: port-numa-affinity-policy
Jun 16 01:34:59.057916 np0000180640 devstack@neutron-api.service[103394]: DEBUG neutron.api.extensions [None req-16e295f8-5231-46e7-b55f-0f7613748c39 None None] Loading extension file: port_numa_affinity_policy_socket.py {{(pid=103394) _load_all_extensions_from_path /opt/stack/neutron/neutron/api/extensions.py:449}}
Jun 16 01:34:59.058088 np0000180640 devstack@neutron-api.service[103395]: DEBUG neutron_lib.callbacks.manager [None req-e499e109-9bdb-49cf-91e0-357b21209071 None None] Subscribe: > port after_create 55550000, False {{(pid=103395) subscribe /opt/stack/data/venv/lib/python3.12/site-packages/neutron_lib/callbacks/manager.py:52}}
Jun 16 01:34:59.058088 np0000180640 devstack@neutron-api.service[103395]: DEBUG neutron_lib.callbacks.manager [None req-e499e109-9bdb-49cf-91e0-357b21209071 None None] Subscribe: > port after_update 55550000, False {{(pid=103395) subscribe /opt/stack/data/venv/lib/python3.12/site-packages/neutron_lib/callbacks/manager.py:52}}
Jun 16 01:34:59.058255 np0000180640 devstack@neutron-api.service[103394]: DEBUG neutron.api.extensions [None req-16e295f8-5231-46e7-b55f-0f7613748c39 None None] Ext name="Port NUMA affinity policy "socket"" alias="port-numa-affinity-policy-socket" description="Adds "socket" to the supported port NUMA affinity policies" updated="2024-02-09T10:00:00-00:00" {{(pid=103394) _check_extension /opt/stack/neutron/neutron/api/extensions.py:415}}
Jun 16 01:34:59.058395 np0000180640 devstack@neutron-api.service[103395]: DEBUG neutron_lib.callbacks.manager [None req-e499e109-9bdb-49cf-91e0-357b21209071 None None] Subscribe: > port after_delete 55550000, False {{(pid=103395) subscribe /opt/stack/data/venv/lib/python3.12/site-packages/neutron_lib/callbacks/manager.py:52}}
Jun 16 01:34:59.058571 np0000180640 devstack@neutron-api.service[103393]: DEBUG neutron.api.extensions [None req-062a7570-f294-410b-8cef-08ff9388de6c None None] Extended resource: service_profiles {{(pid=103393) __init__ /opt/stack/neutron/neutron/api/extensions.py:156}}
Jun 16 01:34:59.058705 np0000180640 devstack@neutron-api.service[103395]: DEBUG neutron_lib.callbacks.manager [None req-e499e109-9bdb-49cf-91e0-357b21209071 None None] Subscribe: > subnet after_create 55550000, False {{(pid=103395) subscribe /opt/stack/data/venv/lib/python3.12/site-packages/neutron_lib/callbacks/manager.py:52}}
Jun 16 01:34:59.058834 np0000180640 devstack@neutron-api.service[103394]: INFO neutron.api.extensions [None req-16e295f8-5231-46e7-b55f-0f7613748c39 None None] Loaded extension: port-numa-affinity-policy-socket
Jun 16 01:34:59.058834 np0000180640 devstack@neutron-api.service[103394]: DEBUG neutron.api.extensions [None req-16e295f8-5231-46e7-b55f-0f7613748c39 None None] Loading extension file: port_resource_request.py {{(pid=103394) _load_all_extensions_from_path /opt/stack/neutron/neutron/api/extensions.py:449}}
Jun 16 01:34:59.058955 np0000180640 devstack@neutron-api.service[103395]: DEBUG neutron_lib.callbacks.manager [None req-e499e109-9bdb-49cf-91e0-357b21209071 None None] Subscribe: > subnet after_update 55550000, False {{(pid=103395) subscribe /opt/stack/data/venv/lib/python3.12/site-packages/neutron_lib/callbacks/manager.py:52}}
Jun 16 01:34:59.058955 np0000180640 devstack@neutron-api.service[103395]: DEBUG neutron_lib.callbacks.manager [None req-e499e109-9bdb-49cf-91e0-357b21209071 None None] Subscribe: > subnet after_delete 55550000, False {{(pid=103395) subscribe /opt/stack/data/venv/lib/python3.12/site-packages/neutron_lib/callbacks/manager.py:52}}
Jun 16 01:34:59.058955 np0000180640 devstack@neutron-api.service[103395]: DEBUG neutron_lib.callbacks.manager [None req-e499e109-9bdb-49cf-91e0-357b21209071 None None] Subscribe: > network after_create 55550000, False {{(pid=103395) subscribe /opt/stack/data/venv/lib/python3.12/site-packages/neutron_lib/callbacks/manager.py:52}}
Jun 16 01:34:59.059269 np0000180640 devstack@neutron-api.service[103394]: DEBUG neutron.api.extensions [None req-16e295f8-5231-46e7-b55f-0f7613748c39 None None] Ext name="Port Resource Request" alias="port-resource-request" description="Expose resource request to Port" updated="2018-05-08T10:00:00-00:00" {{(pid=103394) _check_extension /opt/stack/neutron/neutron/api/extensions.py:415}}
Jun 16 01:34:59.059395 np0000180640 devstack@neutron-api.service[103395]: DEBUG neutron_lib.callbacks.manager [None req-e499e109-9bdb-49cf-91e0-357b21209071 None None] Subscribe: > network after_update 55550000, False {{(pid=103395) subscribe /opt/stack/data/venv/lib/python3.12/site-packages/neutron_lib/callbacks/manager.py:52}}
Jun 16 01:34:59.059548 np0000180640 devstack@neutron-api.service[103394]: INFO neutron.api.extensions [None req-16e295f8-5231-46e7-b55f-0f7613748c39 None None] Extension port-resource-request not supported by any of loaded plugins
Jun 16 01:34:59.059673 np0000180640 devstack@neutron-api.service[103395]: DEBUG neutron_lib.callbacks.manager [None req-e499e109-9bdb-49cf-91e0-357b21209071 None None] Subscribe: > network after_delete 55550000, False {{(pid=103395) subscribe /opt/stack/data/venv/lib/python3.12/site-packages/neutron_lib/callbacks/manager.py:52}}
Jun 16 01:34:59.059819 np0000180640 devstack@neutron-api.service[103394]: DEBUG neutron.api.extensions [None req-16e295f8-5231-46e7-b55f-0f7613748c39 None None] Loading extension file: port_resource_request_groups.py {{(pid=103394) _load_all_extensions_from_path /opt/stack/neutron/neutron/api/extensions.py:449}}
Jun 16 01:34:59.059946 np0000180640 devstack@neutron-api.service[103393]: DEBUG neutron.api.extensions [None req-062a7570-f294-410b-8cef-08ff9388de6c None None] Extended resource: floatingip-pools {{(pid=103393) __init__ /opt/stack/neutron/neutron/api/extensions.py:156}}
Jun 16 01:34:59.060063 np0000180640 devstack@neutron-api.service[103395]: DEBUG neutron_lib.callbacks.manager [None req-e499e109-9bdb-49cf-91e0-357b21209071 None None] Subscribe: > security_group after_create 55550000, False {{(pid=103395) subscribe /opt/stack/data/venv/lib/python3.12/site-packages/neutron_lib/callbacks/manager.py:52}}
Jun 16 01:34:59.060063 np0000180640 devstack@neutron-api.service[103395]: DEBUG neutron_lib.callbacks.manager [None req-e499e109-9bdb-49cf-91e0-357b21209071 None None] Subscribe: > security_group after_update 55550000, False {{(pid=103395) subscribe /opt/stack/data/venv/lib/python3.12/site-packages/neutron_lib/callbacks/manager.py:52}}
Jun 16 01:34:59.060063 np0000180640 devstack@neutron-api.service[103395]: DEBUG neutron_lib.callbacks.manager [None req-e499e109-9bdb-49cf-91e0-357b21209071 None None] Subscribe: > security_group after_delete 55550000, False {{(pid=103395) subscribe /opt/stack/data/venv/lib/python3.12/site-packages/neutron_lib/callbacks/manager.py:52}}
Jun 16 01:34:59.060228 np0000180640 devstack@neutron-api.service[103394]: DEBUG neutron.api.extensions [None req-16e295f8-5231-46e7-b55f-0f7613748c39 None None] Ext name="Port Resource Request Groups" alias="port-resource-request-groups" description="Support requesting multiple groups of resources and traits from the same RP subtree in resource_request" updated="2021-08-02T10:00:00-00:00" {{(pid=103394) _check_extension /opt/stack/neutron/neutron/api/extensions.py:415}}
Jun 16 01:34:59.060287 np0000180640 devstack@neutron-api.service[103395]: DEBUG neutron_lib.callbacks.manager [None req-e499e109-9bdb-49cf-91e0-357b21209071 None None] Subscribe: > security_group_rule after_create 55550000, False {{(pid=103395) subscribe /opt/stack/data/venv/lib/python3.12/site-packages/neutron_lib/callbacks/manager.py:52}}
Jun 16 01:34:59.060355 np0000180640 devstack@neutron-api.service[103394]: INFO neutron.api.extensions [None req-16e295f8-5231-46e7-b55f-0f7613748c39 None None] Extension port-resource-request-groups not supported by any of loaded plugins
Jun 16 01:34:59.060410 np0000180640 devstack@neutron-api.service[103395]: DEBUG neutron_lib.callbacks.manager [None req-e499e109-9bdb-49cf-91e0-357b21209071 None None] Subscribe: > security_group_rule after_update 55550000, False {{(pid=103395) subscribe /opt/stack/data/venv/lib/python3.12/site-packages/neutron_lib/callbacks/manager.py:52}}
Jun 16 01:34:59.060477 np0000180640 devstack@neutron-api.service[103394]: DEBUG neutron.api.extensions [None req-16e295f8-5231-46e7-b55f-0f7613748c39 None None] Loading extension file: port_trusted_vif.py {{(pid=103394) _load_all_extensions_from_path /opt/stack/neutron/neutron/api/extensions.py:449}}
Jun 16 01:34:59.060559 np0000180640 devstack@neutron-api.service[103395]: DEBUG neutron_lib.callbacks.manager [None req-e499e109-9bdb-49cf-91e0-357b21209071 None None] Subscribe: > security_group_rule after_delete 55550000, False {{(pid=103395) subscribe /opt/stack/data/venv/lib/python3.12/site-packages/neutron_lib/callbacks/manager.py:52}}
Jun 16 01:34:59.060630 np0000180640 devstack@neutron-api.service[103393]: DEBUG neutron.api.extensions [None req-062a7570-f294-410b-8cef-08ff9388de6c None None] Extended resource: routers {{(pid=103393) __init__ /opt/stack/neutron/neutron/api/extensions.py:156}}
Jun 16 01:34:59.060681 np0000180640 devstack@neutron-api.service[103395]: DEBUG neutron_lib.callbacks.manager [None req-e499e109-9bdb-49cf-91e0-357b21209071 None None] Subscribe: > address_group after_create 55550000, False {{(pid=103395) subscribe /opt/stack/data/venv/lib/python3.12/site-packages/neutron_lib/callbacks/manager.py:52}}
Jun 16 01:34:59.060681 np0000180640 devstack@neutron-api.service[103395]: DEBUG neutron_lib.callbacks.manager [None req-e499e109-9bdb-49cf-91e0-357b21209071 None None] Subscribe: > address_group after_update 55550000, False {{(pid=103395) subscribe /opt/stack/data/venv/lib/python3.12/site-packages/neutron_lib/callbacks/manager.py:52}}
Jun 16 01:34:59.060793 np0000180640 devstack@neutron-api.service[103394]: DEBUG neutron.api.extensions [None req-16e295f8-5231-46e7-b55f-0f7613748c39 None None] Ext name="Port trusted vif" alias="port-trusted-vif" description="Expose port 'trusted' attribute in the API" updated="2024-07-10T10:00:00-00:00" {{(pid=103394) _check_extension /opt/stack/neutron/neutron/api/extensions.py:415}}
Jun 16 01:34:59.060856 np0000180640 devstack@neutron-api.service[103395]: DEBUG neutron_lib.callbacks.manager [None req-e499e109-9bdb-49cf-91e0-357b21209071 None None] Subscribe: > address_group after_delete 55550000, False {{(pid=103395) subscribe /opt/stack/data/venv/lib/python3.12/site-packages/neutron_lib/callbacks/manager.py:52}}
Jun 16 01:34:59.060913 np0000180640 devstack@neutron-api.service[103394]: INFO neutron.api.extensions [None req-16e295f8-5231-46e7-b55f-0f7613748c39 None None] Extension port-trusted-vif not supported by any of loaded plugins
Jun 16 01:34:59.060979 np0000180640 devstack@neutron-api.service[103395]: DEBUG neutron.plugins.ml2.ovo_rpc [None req-e499e109-9bdb-49cf-91e0-357b21209071 None None] ML2 OVO RPC backend initialized. {{(pid=103395) __init__ /opt/stack/neutron/neutron/plugins/ml2/ovo_rpc.py:117}}
Jun 16 01:34:59.061036 np0000180640 devstack@neutron-api.service[103394]: DEBUG neutron.api.extensions [None req-16e295f8-5231-46e7-b55f-0f7613748c39 None None] Loading extension file: portbindings.py {{(pid=103394) _load_all_extensions_from_path /opt/stack/neutron/neutron/api/extensions.py:449}}
Jun 16 01:34:59.061036 np0000180640 devstack@neutron-api.service[103394]: DEBUG neutron.api.extensions [None req-16e295f8-5231-46e7-b55f-0f7613748c39 None None] Ext name="Port Binding" alias="binding" description="Expose port bindings of a virtual port to external application" updated="2014-02-03T10:00:00-00:00" {{(pid=103394) _check_extension /opt/stack/neutron/neutron/api/extensions.py:415}}
Jun 16 01:34:59.061036 np0000180640 devstack@neutron-api.service[103394]: INFO neutron.api.extensions [None req-16e295f8-5231-46e7-b55f-0f7613748c39 None None] Loaded extension: binding
Jun 16 01:34:59.061036 np0000180640 devstack@neutron-api.service[103394]: DEBUG neutron.api.extensions [None req-16e295f8-5231-46e7-b55f-0f7613748c39 None None] Loading extension file: portbindings_extended.py {{(pid=103394) _load_all_extensions_from_path /opt/stack/neutron/neutron/api/extensions.py:449}}
Jun 16 01:34:59.061227 np0000180640 devstack@neutron-api.service[103393]: DEBUG neutron.api.extensions [None req-062a7570-f294-410b-8cef-08ff9388de6c None None] Extended resource: floatingips {{(pid=103393) __init__ /opt/stack/neutron/neutron/api/extensions.py:156}}
Jun 16 01:34:59.061347 np0000180640 devstack@neutron-api.service[103394]: DEBUG neutron.api.extensions [None req-16e295f8-5231-46e7-b55f-0f7613748c39 None None] Ext name="Port Bindings Extended" alias="binding-extended" description="Expose port bindings of a virtual port to external application" updated="2017-07-17T10:00:00-00:00" {{(pid=103394) _check_extension /opt/stack/neutron/neutron/api/extensions.py:415}}
Jun 16 01:34:59.061416 np0000180640 devstack@neutron-api.service[103395]: INFO neutron.quota [None req-e499e109-9bdb-49cf-91e0-357b21209071 None None] Loaded quota_driver: .
Jun 16 01:34:59.061489 np0000180640 devstack@neutron-api.service[103394]: INFO neutron.api.extensions [None req-16e295f8-5231-46e7-b55f-0f7613748c39 None None] Loaded extension: binding-extended
Jun 16 01:34:59.061565 np0000180640 devstack@neutron-api.service[103395]: INFO neutron.plugins.ml2.plugin [None req-e499e109-9bdb-49cf-91e0-357b21209071 None None] Modular L2 Plugin initialization complete
Jun 16 01:34:59.061629 np0000180640 devstack@neutron-api.service[103394]: DEBUG neutron.api.extensions [None req-16e295f8-5231-46e7-b55f-0f7613748c39 None None] Loading extension file: portsecurity.py {{(pid=103394) _load_all_extensions_from_path /opt/stack/neutron/neutron/api/extensions.py:449}}
Jun 16 01:34:59.061686 np0000180640 devstack@neutron-api.service[103395]: DEBUG neutron.manager [None req-e499e109-9bdb-49cf-91e0-357b21209071 None None] Loading services supported by the core plugin {{(pid=103395) _load_services_from_core_plugin /opt/stack/neutron/neutron/manager.py:170}}
Jun 16 01:34:59.061839 np0000180640 devstack@neutron-api.service[103393]: DEBUG neutron.api.extensions [None req-062a7570-f294-410b-8cef-08ff9388de6c None None] Extended resource: l3-routers {{(pid=103393) __init__ /opt/stack/neutron/neutron/api/extensions.py:156}}
Jun 16 01:34:59.061969 np0000180640 devstack@neutron-api.service[103395]: INFO neutron.plugins.ml2.managers [None req-e499e109-9bdb-49cf-91e0-357b21209071 None None] Got port-security extension from driver 'port_security'
Jun 16 01:34:59.062097 np0000180640 devstack@neutron-api.service[103394]: DEBUG neutron.api.extensions [None req-16e295f8-5231-46e7-b55f-0f7613748c39 None None] Ext name="Port Security" alias="port-security" description="Provides port security" updated="2012-07-23T10:00:00-00:00" {{(pid=103394) _check_extension /opt/stack/neutron/neutron/api/extensions.py:415}}
Jun 16 01:34:59.062097 np0000180640 devstack@neutron-api.service[103394]: INFO neutron.api.extensions [None req-16e295f8-5231-46e7-b55f-0f7613748c39 None None] Loaded extension: port-security
Jun 16 01:34:59.062097 np0000180640 devstack@neutron-api.service[103394]: DEBUG neutron.api.extensions [None req-16e295f8-5231-46e7-b55f-0f7613748c39 None None] Loading extension file: project_id.py {{(pid=103394) _load_all_extensions_from_path /opt/stack/neutron/neutron/api/extensions.py:449}}
Jun 16 01:34:59.062334 np0000180640 devstack@neutron-api.service[103395]: DEBUG neutron.manager [None req-e499e109-9bdb-49cf-91e0-357b21209071 None None] Loading service plugins: ['ovn-router', 'auto_allocate', 'tag', 'timestamp', 'network_ip_availability', 'flavors', 'revisions'] {{(pid=103395) _load_service_plugins /opt/stack/neutron/neutron/manager.py:195}}
Jun 16 01:34:59.062334 np0000180640 devstack@neutron-api.service[103395]: INFO neutron.manager [None req-e499e109-9bdb-49cf-91e0-357b21209071 None None] Loading Plugin: ovn-router
Jun 16 01:34:59.062652 np0000180640 devstack@neutron-api.service[103394]: DEBUG neutron.api.extensions [None req-16e295f8-5231-46e7-b55f-0f7613748c39 None None] Ext name="project_id field enabled" alias="project-id" description="Extension that indicates that project_id field is enabled." updated="2016-09-09T09:09:09-09:09" {{(pid=103394) _check_extension /opt/stack/neutron/neutron/api/extensions.py:415}}
Jun 16 01:34:59.062880 np0000180640 devstack@neutron-api.service[103393]: DEBUG neutron.api.extensions [None req-062a7570-f294-410b-8cef-08ff9388de6c None None] Extended resource: l3-agents {{(pid=103393) __init__ /opt/stack/neutron/neutron/api/extensions.py:156}}
Jun 16 01:34:59.062936 np0000180640 devstack@neutron-api.service[103394]: INFO neutron.api.extensions [None req-16e295f8-5231-46e7-b55f-0f7613748c39 None None] Loaded extension: project-id
Jun 16 01:34:59.062936 np0000180640 devstack@neutron-api.service[103394]: DEBUG neutron.api.extensions [None req-16e295f8-5231-46e7-b55f-0f7613748c39 None None] Loading extension file: providernet.py {{(pid=103394) _load_all_extensions_from_path /opt/stack/neutron/neutron/api/extensions.py:449}}
Jun 16 01:34:59.062936 np0000180640 devstack@neutron-api.service[103394]: DEBUG neutron.api.extensions [None req-16e295f8-5231-46e7-b55f-0f7613748c39 None None] Ext name="Provider Network" alias="provider" description="Expose mapping of virtual networks to physical networks" updated="2012-09-07T10:00:00-00:00" {{(pid=103394) _check_extension /opt/stack/neutron/neutron/api/extensions.py:415}}
Jun 16 01:34:59.062936 np0000180640 devstack@neutron-api.service[103394]: INFO neutron.api.extensions [None req-16e295f8-5231-46e7-b55f-0f7613748c39 None None] Loaded extension: provider
Jun 16 01:34:59.062936 np0000180640 devstack@neutron-api.service[103394]: DEBUG neutron.api.extensions [None req-16e295f8-5231-46e7-b55f-0f7613748c39 None None] Loading extension file: pvlan.py {{(pid=103394) _load_all_extensions_from_path /opt/stack/neutron/neutron/api/extensions.py:449}}
Jun 16 01:34:59.063202 np0000180640 devstack@neutron-api.service[103393]: DEBUG neutron.api.extensions [None req-062a7570-f294-410b-8cef-08ff9388de6c None None] Extended resource: network-ip-availabilities {{(pid=103393) __init__ /opt/stack/neutron/neutron/api/extensions.py:156}}
Jun 16 01:34:59.063257 np0000180640 devstack@neutron-api.service[103394]: DEBUG neutron.api.extensions [None req-16e295f8-5231-46e7-b55f-0f7613748c39 None None] Ext name="Private VLAN" alias="pvlan" description="The Private VLAN semantics extension." updated="2026-02-03T10:00:00-00:00" {{(pid=103394) _check_extension /opt/stack/neutron/neutron/api/extensions.py:415}}
Jun 16 01:34:59.063257 np0000180640 devstack@neutron-api.service[103394]: INFO neutron.api.extensions [None req-16e295f8-5231-46e7-b55f-0f7613748c39 None None] Extension pvlan not supported by any of loaded plugins
Jun 16 01:34:59.063257 np0000180640 devstack@neutron-api.service[103394]: DEBUG neutron.api.extensions [None req-16e295f8-5231-46e7-b55f-0f7613748c39 None None] Loading extension file: qinq.py {{(pid=103394) _load_all_extensions_from_path /opt/stack/neutron/neutron/api/extensions.py:449}}
Jun 16 01:34:59.063461 np0000180640 devstack@neutron-api.service[103393]: DEBUG neutron.api.extensions [None req-062a7570-f294-410b-8cef-08ff9388de6c None None] Extended resource: network-ip-availabilities {{(pid=103393) __init__ /opt/stack/neutron/neutron/api/extensions.py:156}}
Jun 16 01:34:59.063540 np0000180640 devstack@neutron-api.service[103394]: DEBUG neutron.api.extensions [None req-16e295f8-5231-46e7-b55f-0f7613748c39 None None] Ext name="QinQ networks" alias="qinq" description="Expose network 'qinq' attribute in the API. This allows to configure network to allow vlan in vlan configuration using 0x88a8 ethertype (QinQ)." updated="2024-12-02T10:00:00-00:00" {{(pid=103394) _check_extension /opt/stack/neutron/neutron/api/extensions.py:415}}
Jun 16 01:34:59.063540 np0000180640 devstack@neutron-api.service[103394]: INFO neutron.api.extensions [None req-16e295f8-5231-46e7-b55f-0f7613748c39 None None] Loaded extension: qinq
Jun 16 01:34:59.063540 np0000180640 devstack@neutron-api.service[103394]: DEBUG neutron.api.extensions [None req-16e295f8-5231-46e7-b55f-0f7613748c39 None None] Loading extension file: qos.py {{(pid=103394) _load_all_extensions_from_path /opt/stack/neutron/neutron/api/extensions.py:449}}
Jun 16 01:34:59.063788 np0000180640 devstack@neutron-api.service[103393]: DEBUG neutron.api.extensions [None req-062a7570-f294-410b-8cef-08ff9388de6c None None] Extended resource: bindings {{(pid=103393) __init__ /opt/stack/neutron/neutron/api/extensions.py:156}}
Jun 16 01:34:59.063918 np0000180640 devstack@neutron-api.service[103394]: DEBUG neutron.api.extensions [None req-16e295f8-5231-46e7-b55f-0f7613748c39 None None] Ext name="Quality of Service" alias="qos" description="The Quality of Service extension." updated="2015-06-08T10:00:00-00:00" {{(pid=103394) _check_extension /opt/stack/neutron/neutron/api/extensions.py:415}}
Jun 16 01:34:59.064042 np0000180640 devstack@neutron-api.service[103393]: DEBUG neutron.api.extensions [None req-062a7570-f294-410b-8cef-08ff9388de6c None None] Extended resource: quotas {{(pid=103393) __init__ /opt/stack/neutron/neutron/api/extensions.py:156}}
Jun 16 01:34:59.064165 np0000180640 devstack@neutron-api.service[103394]: INFO neutron.api.extensions [None req-16e295f8-5231-46e7-b55f-0f7613748c39 None None] Extension qos not supported by any of loaded plugins
Jun 16 01:34:59.064165 np0000180640 devstack@neutron-api.service[103394]: DEBUG neutron.api.extensions [None req-16e295f8-5231-46e7-b55f-0f7613748c39 None None] Loading extension file: qos_bw_limit_direction.py {{(pid=103394) _load_all_extensions_from_path /opt/stack/neutron/neutron/api/extensions.py:449}}
Jun 16 01:34:59.064415 np0000180640 devstack@neutron-api.service[103394]: DEBUG neutron.api.extensions [None req-16e295f8-5231-46e7-b55f-0f7613748c39 None None] Ext name="Direction for QoS bandwidth limit rule" alias="qos-bw-limit-direction" description="Allow to configure QoS bandwidth limit rule with specific direction: ingress or egress" updated="2017-04-10T10:00:00-00:00" {{(pid=103394) _check_extension /opt/stack/neutron/neutron/api/extensions.py:415}}
Jun 16 01:34:59.064415 np0000180640 devstack@neutron-api.service[103394]: INFO neutron.api.extensions [None req-16e295f8-5231-46e7-b55f-0f7613748c39 None None] Extension qos-bw-limit-direction not supported by any of loaded plugins
Jun 16 01:34:59.064616 np0000180640 devstack@neutron-api.service[103393]: DEBUG neutron.api.extensions [None req-062a7570-f294-410b-8cef-08ff9388de6c None None] Extended resource: quotas {{(pid=103393) __init__ /opt/stack/neutron/neutron/api/extensions.py:156}}
Jun 16 01:34:59.064740 np0000180640 devstack@neutron-api.service[103394]: DEBUG neutron.api.extensions [None req-16e295f8-5231-46e7-b55f-0f7613748c39 None None] Loading extension file: qos_bw_minimum_ingress.py {{(pid=103394) _load_all_extensions_from_path /opt/stack/neutron/neutron/api/extensions.py:449}}
Jun 16 01:34:59.064740 np0000180640 devstack@neutron-api.service[103394]: DEBUG neutron.api.extensions [None req-16e295f8-5231-46e7-b55f-0f7613748c39 None None] Ext name="Ingress direction for QoS minimum bandwidth rule" alias="qos-bw-minimum-ingress" description="Allow to configure QoS minumum bandwidth rule with ingress direction." updated="2018-07-09T10:00:00-00:00" {{(pid=103394) _check_extension /opt/stack/neutron/neutron/api/extensions.py:415}}
Jun 16 01:34:59.064962 np0000180640 devstack@neutron-api.service[103394]: INFO neutron.api.extensions [None req-16e295f8-5231-46e7-b55f-0f7613748c39 None None] Extension qos-bw-minimum-ingress not supported by any of loaded plugins
Jun 16 01:34:59.064962 np0000180640 devstack@neutron-api.service[103394]: DEBUG neutron.api.extensions [None req-16e295f8-5231-46e7-b55f-0f7613748c39 None None] Loading extension file: qos_default.py {{(pid=103394) _load_all_extensions_from_path /opt/stack/neutron/neutron/api/extensions.py:449}}
Jun 16 01:34:59.065238 np0000180640 devstack@neutron-api.service[103393]: DEBUG neutron.api.extensions [None req-062a7570-f294-410b-8cef-08ff9388de6c None None] Extended resource: rbac-policies {{(pid=103393) __init__ /opt/stack/neutron/neutron/api/extensions.py:156}}
Jun 16 01:34:59.065368 np0000180640 devstack@neutron-api.service[103394]: DEBUG neutron.api.extensions [None req-16e295f8-5231-46e7-b55f-0f7613748c39 None None] Ext name="QoS default policy" alias="qos-default" description="Expose the QoS default policy per project" updated="2017-041-06T10:00:00-00:00" {{(pid=103394) _check_extension /opt/stack/neutron/neutron/api/extensions.py:415}}
Jun 16 01:34:59.065368 np0000180640 devstack@neutron-api.service[103394]: INFO neutron.api.extensions [None req-16e295f8-5231-46e7-b55f-0f7613748c39 None None] Extension qos-default not supported by any of loaded plugins
Jun 16 01:34:59.065584 np0000180640 devstack@neutron-api.service[103394]: DEBUG neutron.api.extensions [None req-16e295f8-5231-46e7-b55f-0f7613748c39 None None] Loading extension file: qos_fip.py {{(pid=103394) _load_all_extensions_from_path /opt/stack/neutron/neutron/api/extensions.py:449}}
Jun 16 01:34:59.065714 np0000180640 devstack@neutron-api.service[103394]: DEBUG neutron.api.extensions [None req-16e295f8-5231-46e7-b55f-0f7613748c39 None None] Ext name="Floating IP QoS" alias="qos-fip" description="The floating IP Quality of Service extension" updated="2017-07-20T00:00:00-00:00" {{(pid=103394) _check_extension /opt/stack/neutron/neutron/api/extensions.py:415}}
Jun 16 01:34:59.065873 np0000180640 devstack@neutron-api.service[103393]: DEBUG neutron.api.extensions [None req-062a7570-f294-410b-8cef-08ff9388de6c None None] Extended resource: default-security-group-rules {{(pid=103393) __init__ /opt/stack/neutron/neutron/api/extensions.py:156}}
Jun 16 01:34:59.066005 np0000180640 devstack@neutron-api.service[103394]: INFO neutron.api.extensions [None req-16e295f8-5231-46e7-b55f-0f7613748c39 None None] Extension qos-fip not supported by any of loaded plugins
Jun 16 01:34:59.066005 np0000180640 devstack@neutron-api.service[103394]: DEBUG neutron.api.extensions [None req-16e295f8-5231-46e7-b55f-0f7613748c39 None None] Loading extension file: qos_fip_network_policy.py {{(pid=103394) _load_all_extensions_from_path /opt/stack/neutron/neutron/api/extensions.py:449}}
Jun 16 01:34:59.066177 np0000180640 devstack@neutron-api.service[103394]: DEBUG neutron.api.extensions [None req-16e295f8-5231-46e7-b55f-0f7613748c39 None None] Ext name="QoS floating IP network policy ID" alias="qos-fip-network-policy" description="Adds a the QoS network ID to the floating IP definition" updated="2021-11-15T10:00:00-00:00" {{(pid=103394) _check_extension /opt/stack/neutron/neutron/api/extensions.py:415}}
Jun 16 01:34:59.066232 np0000180640 devstack@neutron-api.service[103393]: DEBUG neutron.api.extensions [None req-062a7570-f294-410b-8cef-08ff9388de6c None None] Extended resource: security-groups {{(pid=103393) __init__ /opt/stack/neutron/neutron/api/extensions.py:156}}
Jun 16 01:34:59.066296 np0000180640 devstack@neutron-api.service[103394]: INFO neutron.api.extensions [None req-16e295f8-5231-46e7-b55f-0f7613748c39 None None] Extension qos-fip-network-policy not supported by any of loaded plugins
Jun 16 01:34:59.066903 np0000180640 devstack@neutron-api.service[103394]: DEBUG neutron.api.extensions [None req-16e295f8-5231-46e7-b55f-0f7613748c39 None None] Loading extension file: qos_gateway_ip.py {{(pid=103394) _load_all_extensions_from_path /opt/stack/neutron/neutron/api/extensions.py:449}}
Jun 16 01:34:59.066903 np0000180640 devstack@neutron-api.service[103394]: DEBUG neutron.api.extensions [None req-16e295f8-5231-46e7-b55f-0f7613748c39 None None] Ext name="Router gateway IP QoS" alias="qos-gateway-ip" description="The Router gateway IP Quality of Service extension" updated="2018-02-24T00:00:00-00:00" {{(pid=103394) _check_extension /opt/stack/neutron/neutron/api/extensions.py:415}}
Jun 16 01:34:59.066903 np0000180640 devstack@neutron-api.service[103394]: INFO neutron.api.extensions [None req-16e295f8-5231-46e7-b55f-0f7613748c39 None None] Extension qos-gateway-ip not supported by any of loaded plugins
Jun 16 01:34:59.067194 np0000180640 devstack@neutron-api.service[103393]: DEBUG neutron.api.extensions [None req-062a7570-f294-410b-8cef-08ff9388de6c None None] Extended resource: security-group-rules {{(pid=103393) __init__ /opt/stack/neutron/neutron/api/extensions.py:156}}
Jun 16 01:34:59.067326 np0000180640 devstack@neutron-api.service[103394]: DEBUG neutron.api.extensions [None req-16e295f8-5231-46e7-b55f-0f7613748c39 None None] Loading extension file: qos_port_network_policy.py {{(pid=103394) _load_all_extensions_from_path /opt/stack/neutron/neutron/api/extensions.py:449}}
Jun 16 01:34:59.067326 np0000180640 devstack@neutron-api.service[103394]: DEBUG neutron.api.extensions [None req-16e295f8-5231-46e7-b55f-0f7613748c39 None None] Ext name="QoS port network policy ID" alias="qos-port-network-policy" description="Adds a the QoS network ID to the port definition" updated="2019-11-01T10:00:00-00:00" {{(pid=103394) _check_extension /opt/stack/neutron/neutron/api/extensions.py:415}}
Jun 16 01:34:59.067326 np0000180640 devstack@neutron-api.service[103394]: INFO neutron.api.extensions [None req-16e295f8-5231-46e7-b55f-0f7613748c39 None None] Extension qos-port-network-policy not supported by any of loaded plugins
Jun 16 01:34:59.067326 np0000180640 devstack@neutron-api.service[103394]: DEBUG neutron.api.extensions [None req-16e295f8-5231-46e7-b55f-0f7613748c39 None None] Loading extension file: qos_pps_minimum_rule.py {{(pid=103394) _load_all_extensions_from_path /opt/stack/neutron/neutron/api/extensions.py:449}}
Jun 16 01:34:59.067638 np0000180640 devstack@neutron-api.service[103394]: DEBUG neutron.api.extensions [None req-16e295f8-5231-46e7-b55f-0f7613748c39 None None] Ext name="QoS minimum packet rate rule" alias="qos-pps-minimum" description="Allow to configure QoS minimum packet rate rule." updated="2021-07-14T10:00:00-00:00" {{(pid=103394) _check_extension /opt/stack/neutron/neutron/api/extensions.py:415}}
Jun 16 01:34:59.067812 np0000180640 devstack@neutron-api.service[103394]: INFO neutron.api.extensions [None req-16e295f8-5231-46e7-b55f-0f7613748c39 None None] Extension qos-pps-minimum not supported by any of loaded plugins
Jun 16 01:34:59.067812 np0000180640 devstack@neutron-api.service[103394]: DEBUG neutron.api.extensions [None req-16e295f8-5231-46e7-b55f-0f7613748c39 None None] Loading extension file: qos_pps_minimum_rule_alias.py {{(pid=103394) _load_all_extensions_from_path /opt/stack/neutron/neutron/api/extensions.py:449}}
Jun 16 01:34:59.067873 np0000180640 devstack@neutron-api.service[103393]: DEBUG neutron.api.extensions [None req-062a7570-f294-410b-8cef-08ff9388de6c None None] Extended resource: service-providers {{(pid=103393) __init__ /opt/stack/neutron/neutron/api/extensions.py:156}}
Jun 16 01:34:59.068062 np0000180640 devstack@neutron-api.service[103394]: DEBUG neutron.api.extensions [None req-16e295f8-5231-46e7-b55f-0f7613748c39 None None] Ext name="QoS minimum packet rate rule alias" alias="qos-pps-minimum-rule-alias" description="API to enable GET, PUT and DELETE operations on QoS minimum packet rate rule without specifying policy ID" updated="2021-10-22T10:00:00-00:00" {{(pid=103394) _check_extension /opt/stack/neutron/neutron/api/extensions.py:415}}
Jun 16 01:34:59.068228 np0000180640 devstack@neutron-api.service[103394]: INFO neutron.api.extensions [None req-16e295f8-5231-46e7-b55f-0f7613748c39 None None] Extension qos-pps-minimum-rule-alias not supported by any of loaded plugins
Jun 16 01:34:59.068316 np0000180640 devstack@neutron-api.service[103394]: DEBUG neutron.api.extensions [None req-16e295f8-5231-46e7-b55f-0f7613748c39 None None] Loading extension file: qos_pps_rule.py {{(pid=103394) _load_all_extensions_from_path /opt/stack/neutron/neutron/api/extensions.py:449}}
Jun 16 01:34:59.068349 np0000180640 devstack@neutron-api.service[103393]: DEBUG neutron.api.extensions [None req-062a7570-f294-410b-8cef-08ff9388de6c None None] Extended resource: subnetpools {{(pid=103393) __init__ /opt/stack/neutron/neutron/api/extensions.py:156}}
Jun 16 01:34:59.068582 np0000180640 devstack@neutron-api.service[103394]: DEBUG neutron.api.extensions [None req-16e295f8-5231-46e7-b55f-0f7613748c39 None None] Ext name="QoS Rule Type Packet per Second Extension" alias="qos-pps" description="Add QoS Rule Type Packet per Second" updated="2021-05-12T10:00:00-00:00" {{(pid=103394) _check_extension /opt/stack/neutron/neutron/api/extensions.py:415}}
Jun 16 01:34:59.068754 np0000180640 devstack@neutron-api.service[103394]: INFO neutron.api.extensions [None req-16e295f8-5231-46e7-b55f-0f7613748c39 None None] Extension qos-pps not supported by any of loaded plugins
Jun 16 01:34:59.068842 np0000180640 devstack@neutron-api.service[103394]: DEBUG neutron.api.extensions [None req-16e295f8-5231-46e7-b55f-0f7613748c39 None None] Loading extension file: qos_rule_type_details.py {{(pid=103394) _load_all_extensions_from_path /opt/stack/neutron/neutron/api/extensions.py:449}}
Jun 16 01:34:59.068932 np0000180640 devstack@neutron-api.service[103393]: DEBUG neutron.api.extensions [None req-062a7570-f294-410b-8cef-08ff9388de6c None None] Extended resource: subnetpools {{(pid=103393) __init__ /opt/stack/neutron/neutron/api/extensions.py:156}}
Jun 16 01:34:59.069066 np0000180640 devstack@neutron-api.service[103394]: DEBUG neutron.api.extensions [None req-16e295f8-5231-46e7-b55f-0f7613748c39 None None] Ext name="Details of QoS rule types" alias="qos-rule-type-details" description="Expose details about QoS rule types supported by loaded backend drivers" updated="2017-06-22T10:00:00-00:00" {{(pid=103394) _check_extension /opt/stack/neutron/neutron/api/extensions.py:415}}
Jun 16 01:34:59.069230 np0000180640 devstack@neutron-api.service[103394]: INFO neutron.api.extensions [None req-16e295f8-5231-46e7-b55f-0f7613748c39 None None] Extension qos-rule-type-details not supported by any of loaded plugins
Jun 16 01:34:59.069333 np0000180640 devstack@neutron-api.service[103394]: DEBUG neutron.api.extensions [None req-16e295f8-5231-46e7-b55f-0f7613748c39 None None] Loading extension file: qos_rule_type_filter.py {{(pid=103394) _load_all_extensions_from_path /opt/stack/neutron/neutron/api/extensions.py:449}}
Jun 16 01:34:59.069568 np0000180640 devstack@neutron-api.service[103394]: DEBUG neutron.api.extensions [None req-16e295f8-5231-46e7-b55f-0f7613748c39 None None] Ext name="Allow to filter the list of QoS rule types" alias="qos-rule-type-filter" description="Allows to filter the QoS rule type list adding two new flags. "all_rules" prints all implemented QoS rule types."all_supported" prints all supported QoS rule types by the loaded mechanism drivers" updated="2022-02-02T10:00:00-00:00" {{(pid=103394) _check_extension /opt/stack/neutron/neutron/api/extensions.py:415}}
Jun 16 01:34:59.069623 np0000180640 devstack@neutron-api.service[103393]: DEBUG neutron.api.extensions [None req-062a7570-f294-410b-8cef-08ff9388de6c None None] Extended resource: tags {{(pid=103393) __init__ /opt/stack/neutron/neutron/api/extensions.py:156}}
Jun 16 01:34:59.069726 np0000180640 devstack@neutron-api.service[103394]: INFO neutron.api.extensions [None req-16e295f8-5231-46e7-b55f-0f7613748c39 None None] Extension qos-rule-type-filter not supported by any of loaded plugins
Jun 16 01:34:59.069812 np0000180640 devstack@neutron-api.service[103394]: DEBUG neutron.api.extensions [None req-16e295f8-5231-46e7-b55f-0f7613748c39 None None] Loading extension file: qos_rules_alias.py {{(pid=103394) _load_all_extensions_from_path /opt/stack/neutron/neutron/api/extensions.py:449}}
Jun 16 01:34:59.070046 np0000180640 devstack@neutron-api.service[103394]: DEBUG neutron.api.extensions [None req-16e295f8-5231-46e7-b55f-0f7613748c39 None None] Ext name="Quality of Service rules alias API" alias="qos-rules-alias" description="API to enable GET, PUT and DELETE operations on QoS policy rules without specifying policy ID" updated="2018-10-07T10:00:00-00:00" {{(pid=103394) _check_extension /opt/stack/neutron/neutron/api/extensions.py:415}}
Jun 16 01:34:59.070210 np0000180640 devstack@neutron-api.service[103394]: INFO neutron.api.extensions [None req-16e295f8-5231-46e7-b55f-0f7613748c39 None None] Extension qos-rules-alias not supported by any of loaded plugins
Jun 16 01:34:59.070298 np0000180640 devstack@neutron-api.service[103394]: DEBUG neutron.api.extensions [None req-16e295f8-5231-46e7-b55f-0f7613748c39 None None] Loading extension file: quota_check_limit.py {{(pid=103394) _load_all_extensions_from_path /opt/stack/neutron/neutron/api/extensions.py:449}}
Jun 16 01:34:59.070330 np0000180640 devstack@neutron-api.service[103393]: DEBUG neutron.api.extensions [None req-062a7570-f294-410b-8cef-08ff9388de6c None None] Extended resource: tags {{(pid=103393) __init__ /opt/stack/neutron/neutron/api/extensions.py:156}}
Jun 16 01:34:59.070532 np0000180640 devstack@neutron-api.service[103394]: DEBUG neutron.api.extensions [None req-16e295f8-5231-46e7-b55f-0f7613748c39 None None] Ext name="Quota engine limit check" alias="quota-check-limit" description="Support for checking the resource usage before applying a new quota limit" updated="2021-09-08T16:00:00-00:00" {{(pid=103394) _check_extension /opt/stack/neutron/neutron/api/extensions.py:415}}
Jun 16 01:34:59.070706 np0000180640 devstack@neutron-api.service[103394]: INFO neutron.api.extensions [None req-16e295f8-5231-46e7-b55f-0f7613748c39 None None] Loaded extension: quota-check-limit
Jun 16 01:34:59.070842 np0000180640 devstack@neutron-api.service[103394]: DEBUG neutron.api.extensions [None req-16e295f8-5231-46e7-b55f-0f7613748c39 None None] Loading extension file: quota_check_limit_default.py {{(pid=103394) _load_all_extensions_from_path /opt/stack/neutron/neutron/api/extensions.py:449}}
