Jun 16 01:35:33.084093 np0000180640 systemd[1]: Starting devstack@n-api-meta.service - Devstack devstack@n-api-meta.service...
Jun 16 01:35:33.092374 np0000180640 devstack@n-api-meta.service[108518]: [uWSGI] getting INI configuration from /etc/nova/nova-metadata-uwsgi.ini
Jun 16 01:35:33.094662 np0000180640 devstack@n-api-meta.service[108518]: *** Starting uWSGI 2.0.24-debian (64bit) on [Tue Jun 16 01:35:33 2026] ***
Jun 16 01:35:33.094662 np0000180640 devstack@n-api-meta.service[108518]: compiled with version: 13.2.0 on 17 April 2024 16:23:48
Jun 16 01:35:33.094662 np0000180640 devstack@n-api-meta.service[108518]: os: Linux-6.8.0-124-generic #124-Ubuntu SMP PREEMPT_DYNAMIC Tue May 26 13:00:45 UTC 2026
Jun 16 01:35:33.094662 np0000180640 devstack@n-api-meta.service[108518]: nodename: np0000180640
Jun 16 01:35:33.094662 np0000180640 devstack@n-api-meta.service[108518]: machine: x86_64
Jun 16 01:35:33.094662 np0000180640 devstack@n-api-meta.service[108518]: clock source: unix
Jun 16 01:35:33.094662 np0000180640 devstack@n-api-meta.service[108518]: pcre jit disabled
Jun 16 01:35:33.094662 np0000180640 devstack@n-api-meta.service[108518]: detected number of CPU cores: 16
Jun 16 01:35:33.094662 np0000180640 devstack@n-api-meta.service[108518]: current working directory: /
Jun 16 01:35:33.094662 np0000180640 devstack@n-api-meta.service[108518]: detected binary path: /usr/bin/uwsgi-core
Jun 16 01:35:33.094662 np0000180640 devstack@n-api-meta.service[108518]: your processes number limit is 256917
Jun 16 01:35:33.094662 np0000180640 devstack@n-api-meta.service[108518]: your memory page size is 4096 bytes
Jun 16 01:35:33.094662 np0000180640 devstack@n-api-meta.service[108518]: detected max file descriptor number: 2048
Jun 16 01:35:33.094662 np0000180640 devstack@n-api-meta.service[108518]: lock engine: pthread robust mutexes
Jun 16 01:35:33.095336 np0000180640 devstack@n-api-meta.service[108518]: thunder lock: enabled
Jun 16 01:35:33.095336 np0000180640 devstack@n-api-meta.service[108518]: uWSGI http bound on 0.0.0.0:8775 fd 5
Jun 16 01:35:33.095336 np0000180640 devstack@n-api-meta.service[108518]: uwsgi socket 0 bound to TCP address 127.0.0.1:37347 (port auto-assigned) fd 4
Jun 16 01:35:33.095336 np0000180640 devstack@n-api-meta.service[108518]: Python version: 3.12.3 (main, Mar 23 2026, 19:04:32) [GCC 13.3.0]
Jun 16 01:35:33.095336 np0000180640 devstack@n-api-meta.service[108518]: PEP 405 virtualenv detected: /opt/stack/data/venv
Jun 16 01:35:33.095336 np0000180640 devstack@n-api-meta.service[108518]: Set PythonHome to /opt/stack/data/venv
Jun 16 01:35:33.128988 np0000180640 devstack@n-api-meta.service[108518]: Python main interpreter initialized at 0x74fc95ea3668
Jun 16 01:35:33.128988 np0000180640 devstack@n-api-meta.service[108518]: python threads support enabled
Jun 16 01:35:33.128988 np0000180640 devstack@n-api-meta.service[108518]: your server socket listen backlog is limited to 100 connections
Jun 16 01:35:33.128988 np0000180640 devstack@n-api-meta.service[108518]: your mercy for graceful operations on workers is 80 seconds
Jun 16 01:35:33.129473 np0000180640 devstack@n-api-meta.service[108518]: mapped 671795 bytes (656 KB) for 4 cores
Jun 16 01:35:33.129649 np0000180640 devstack@n-api-meta.service[108518]: *** Operational MODE: preforking ***
Jun 16 01:35:33.129795 np0000180640 devstack@n-api-meta.service[108518]: *** uWSGI is running in multiple interpreter mode ***
Jun 16 01:35:33.129795 np0000180640 devstack@n-api-meta.service[108518]: spawned uWSGI master process (pid: 108518)
Jun 16 01:35:33.129936 np0000180640 systemd[1]: Started devstack@n-api-meta.service - Devstack devstack@n-api-meta.service.
Jun 16 01:35:33.130612 np0000180640 devstack@n-api-meta.service[108518]: spawned uWSGI worker 1 (pid: 108519, cores: 1)
Jun 16 01:35:33.131179 np0000180640 devstack@n-api-meta.service[108518]: spawned uWSGI worker 2 (pid: 108520, cores: 1)
Jun 16 01:35:33.131763 np0000180640 devstack@n-api-meta.service[108518]: spawned uWSGI worker 3 (pid: 108521, cores: 1)
Jun 16 01:35:33.132280 np0000180640 devstack@n-api-meta.service[108518]: spawned uWSGI worker 4 (pid: 108522, cores: 1)
Jun 16 01:35:33.133042 np0000180640 devstack@n-api-meta.service[108518]: spawned uWSGI http 1 (pid: 108523)
Jun 16 01:35:33.133042 np0000180640 devstack@n-api-meta.service[108518]: running "unix_signal:15 gracefully_kill_them_all" (master-start)...
Jun 16 01:35:34.752777 np0000180640 devstack@n-api-meta.service[108521]: INFO dbcounter [None req-5f5724bc-bdad-4111-bcd3-49c105401c6f None None] Registered counter for database nova_api
Jun 16 01:35:34.784156 np0000180640 devstack@n-api-meta.service[108519]: INFO dbcounter [None req-b8d00db5-8966-435c-bfaf-c827652cfa1e None None] Registered counter for database nova_api
Jun 16 01:35:34.801718 np0000180640 devstack@n-api-meta.service[108521]: DEBUG oslo_db.sqlalchemy.engines [None req-5f5724bc-bdad-4111-bcd3-49c105401c6f None None] MySQL server mode set to STRICT_TRANS_TABLES,STRICT_ALL_TABLES,NO_ZERO_IN_DATE,NO_ZERO_DATE,ERROR_FOR_DIVISION_BY_ZERO,TRADITIONAL,NO_ENGINE_SUBSTITUTION {{(pid=108521) _check_effective_sql_mode /opt/stack/data/venv/lib/python3.12/site-packages/oslo_db/sqlalchemy/engines.py:325}}
Jun 16 01:35:34.830205 np0000180640 devstack@n-api-meta.service[108520]: INFO dbcounter [None req-dab7fc33-6a43-4660-a6a8-a37b1017668f None None] Registered counter for database nova_api
Jun 16 01:35:34.832576 np0000180640 devstack@n-api-meta.service[108519]: DEBUG oslo_db.sqlalchemy.engines [None req-b8d00db5-8966-435c-bfaf-c827652cfa1e None None] MySQL server mode set to STRICT_TRANS_TABLES,STRICT_ALL_TABLES,NO_ZERO_IN_DATE,NO_ZERO_DATE,ERROR_FOR_DIVISION_BY_ZERO,TRADITIONAL,NO_ENGINE_SUBSTITUTION {{(pid=108519) _check_effective_sql_mode /opt/stack/data/venv/lib/python3.12/site-packages/oslo_db/sqlalchemy/engines.py:325}}
Jun 16 01:35:34.834933 np0000180640 devstack@n-api-meta.service[108521]: DEBUG dbcounter [-] [108521] Writer thread running {{(pid=108521) stat_writer /opt/stack/data/venv/lib/python3.12/site-packages/dbcounter.py:102}}
Jun 16 01:35:34.837509 np0000180640 devstack@n-api-meta.service[108521]: DEBUG nova.context [None req-5f5724bc-bdad-4111-bcd3-49c105401c6f None None] Found 2 cells: 00000000-0000-0000-0000-000000000000(cell0),e4ee5e30-a07a-422b-a0d4-345b844a21ff(cell1) {{(pid=108521) load_cells /opt/stack/nova/nova/context.py:509}}
Jun 16 01:35:34.837760 np0000180640 devstack@n-api-meta.service[108521]: INFO nova.utils [None req-5f5724bc-bdad-4111-bcd3-49c105401c6f None None] The cell worker thread pool MainProcess.cell_worker is initialized
Jun 16 01:35:34.840151 np0000180640 devstack@n-api-meta.service[108521]: DEBUG oslo_concurrency.lockutils [None req-5f5724bc-bdad-4111-bcd3-49c105401c6f None None] Acquiring lock "00000000-0000-0000-0000-000000000000" by "nova.context.set_target_cell..get_or_set_cached_cell_and_set_connections" {{(pid=108521) inner /opt/stack/data/venv/lib/python3.12/site-packages/oslo_concurrency/lockutils.py:511}}
Jun 16 01:35:34.840980 np0000180640 devstack@n-api-meta.service[108521]: DEBUG oslo_concurrency.lockutils [None req-5f5724bc-bdad-4111-bcd3-49c105401c6f None None] Lock "00000000-0000-0000-0000-000000000000" acquired by "nova.context.set_target_cell..get_or_set_cached_cell_and_set_connections" :: waited 0.000s {{(pid=108521) inner /opt/stack/data/venv/lib/python3.12/site-packages/oslo_concurrency/lockutils.py:524}}
Jun 16 01:35:34.840980 np0000180640 devstack@n-api-meta.service[108521]: DEBUG oslo_concurrency.lockutils [None req-5f5724bc-bdad-4111-bcd3-49c105401c6f None None] Lock "00000000-0000-0000-0000-000000000000" "released" by "nova.context.set_target_cell..get_or_set_cached_cell_and_set_connections" :: held 0.000s {{(pid=108521) inner /opt/stack/data/venv/lib/python3.12/site-packages/oslo_concurrency/lockutils.py:543}}
Jun 16 01:35:34.841618 np0000180640 devstack@n-api-meta.service[108521]: DEBUG oslo_concurrency.lockutils [None req-5f5724bc-bdad-4111-bcd3-49c105401c6f None None] Acquiring lock "e4ee5e30-a07a-422b-a0d4-345b844a21ff" by "nova.context.set_target_cell..get_or_set_cached_cell_and_set_connections" {{(pid=108521) inner /opt/stack/data/venv/lib/python3.12/site-packages/oslo_concurrency/lockutils.py:511}}
Jun 16 01:35:34.841846 np0000180640 devstack@n-api-meta.service[108521]: DEBUG oslo_concurrency.lockutils [None req-5f5724bc-bdad-4111-bcd3-49c105401c6f None None] Lock "e4ee5e30-a07a-422b-a0d4-345b844a21ff" acquired by "nova.context.set_target_cell..get_or_set_cached_cell_and_set_connections" :: waited 0.000s {{(pid=108521) inner /opt/stack/data/venv/lib/python3.12/site-packages/oslo_concurrency/lockutils.py:524}}
Jun 16 01:35:34.842923 np0000180640 devstack@n-api-meta.service[108521]: DEBUG oslo_concurrency.lockutils [None req-5f5724bc-bdad-4111-bcd3-49c105401c6f None None] Lock "e4ee5e30-a07a-422b-a0d4-345b844a21ff" "released" by "nova.context.set_target_cell..get_or_set_cached_cell_and_set_connections" :: held 0.001s {{(pid=108521) inner /opt/stack/data/venv/lib/python3.12/site-packages/oslo_concurrency/lockutils.py:543}}
Jun 16 01:35:34.846093 np0000180640 devstack@n-api-meta.service[108521]: INFO dbcounter [None req-5f5724bc-bdad-4111-bcd3-49c105401c6f None None] Registered counter for database nova_cell0
Jun 16 01:35:34.851751 np0000180640 devstack@n-api-meta.service[108521]: INFO dbcounter [None req-5f5724bc-bdad-4111-bcd3-49c105401c6f None None] Registered counter for database nova_cell1
Jun 16 01:35:34.866705 np0000180640 devstack@n-api-meta.service[108519]: DEBUG dbcounter [-] [108519] Writer thread running {{(pid=108519) stat_writer /opt/stack/data/venv/lib/python3.12/site-packages/dbcounter.py:102}}
Jun 16 01:35:34.869603 np0000180640 devstack@n-api-meta.service[108519]: DEBUG nova.context [None req-b8d00db5-8966-435c-bfaf-c827652cfa1e None None] Found 2 cells: 00000000-0000-0000-0000-000000000000(cell0),e4ee5e30-a07a-422b-a0d4-345b844a21ff(cell1) {{(pid=108519) load_cells /opt/stack/nova/nova/context.py:509}}
Jun 16 01:35:34.869889 np0000180640 devstack@n-api-meta.service[108519]: INFO nova.utils [None req-b8d00db5-8966-435c-bfaf-c827652cfa1e None None] The cell worker thread pool MainProcess.cell_worker is initialized
Jun 16 01:35:34.872294 np0000180640 devstack@n-api-meta.service[108519]: DEBUG oslo_concurrency.lockutils [None req-b8d00db5-8966-435c-bfaf-c827652cfa1e None None] Acquiring lock "00000000-0000-0000-0000-000000000000" by "nova.context.set_target_cell..get_or_set_cached_cell_and_set_connections" {{(pid=108519) inner /opt/stack/data/venv/lib/python3.12/site-packages/oslo_concurrency/lockutils.py:511}}
Jun 16 01:35:34.872542 np0000180640 devstack@n-api-meta.service[108519]: DEBUG oslo_concurrency.lockutils [None req-b8d00db5-8966-435c-bfaf-c827652cfa1e None None] Lock "00000000-0000-0000-0000-000000000000" acquired by "nova.context.set_target_cell..get_or_set_cached_cell_and_set_connections" :: waited 0.000s {{(pid=108519) inner /opt/stack/data/venv/lib/python3.12/site-packages/oslo_concurrency/lockutils.py:524}}
Jun 16 01:35:34.873024 np0000180640 devstack@n-api-meta.service[108519]: DEBUG oslo_concurrency.lockutils [None req-b8d00db5-8966-435c-bfaf-c827652cfa1e None None] Lock "00000000-0000-0000-0000-000000000000" "released" by "nova.context.set_target_cell..get_or_set_cached_cell_and_set_connections" :: held 0.000s {{(pid=108519) inner /opt/stack/data/venv/lib/python3.12/site-packages/oslo_concurrency/lockutils.py:543}}
Jun 16 01:35:34.873957 np0000180640 devstack@n-api-meta.service[108519]: DEBUG oslo_concurrency.lockutils [None req-b8d00db5-8966-435c-bfaf-c827652cfa1e None None] Acquiring lock "e4ee5e30-a07a-422b-a0d4-345b844a21ff" by "nova.context.set_target_cell..get_or_set_cached_cell_and_set_connections" {{(pid=108519) inner /opt/stack/data/venv/lib/python3.12/site-packages/oslo_concurrency/lockutils.py:511}}
Jun 16 01:35:34.874153 np0000180640 devstack@n-api-meta.service[108519]: DEBUG oslo_concurrency.lockutils [None req-b8d00db5-8966-435c-bfaf-c827652cfa1e None None] Lock "e4ee5e30-a07a-422b-a0d4-345b844a21ff" acquired by "nova.context.set_target_cell..get_or_set_cached_cell_and_set_connections" :: waited 0.000s {{(pid=108519) inner /opt/stack/data/venv/lib/python3.12/site-packages/oslo_concurrency/lockutils.py:524}}
Jun 16 01:35:34.875309 np0000180640 devstack@n-api-meta.service[108519]: DEBUG oslo_concurrency.lockutils [None req-b8d00db5-8966-435c-bfaf-c827652cfa1e None None] Lock "e4ee5e30-a07a-422b-a0d4-345b844a21ff" "released" by "nova.context.set_target_cell..get_or_set_cached_cell_and_set_connections" :: held 0.001s {{(pid=108519) inner /opt/stack/data/venv/lib/python3.12/site-packages/oslo_concurrency/lockutils.py:543}}
Jun 16 01:35:34.880779 np0000180640 devstack@n-api-meta.service[108519]: INFO dbcounter [None req-b8d00db5-8966-435c-bfaf-c827652cfa1e None None] Registered counter for database nova_cell0
Jun 16 01:35:34.881347 np0000180640 devstack@n-api-meta.service[108520]: DEBUG oslo_db.sqlalchemy.engines [None req-dab7fc33-6a43-4660-a6a8-a37b1017668f None None] MySQL server mode set to STRICT_TRANS_TABLES,STRICT_ALL_TABLES,NO_ZERO_IN_DATE,NO_ZERO_DATE,ERROR_FOR_DIVISION_BY_ZERO,TRADITIONAL,NO_ENGINE_SUBSTITUTION {{(pid=108520) _check_effective_sql_mode /opt/stack/data/venv/lib/python3.12/site-packages/oslo_db/sqlalchemy/engines.py:325}}
Jun 16 01:35:34.881685 np0000180640 devstack@n-api-meta.service[108522]: INFO dbcounter [None req-966e0df9-2ccf-4548-b7fb-5dbd3c1e09c5 None None] Registered counter for database nova_api
Jun 16 01:35:34.883568 np0000180640 devstack@n-api-meta.service[108519]: INFO dbcounter [None req-b8d00db5-8966-435c-bfaf-c827652cfa1e None None] Registered counter for database nova_cell1
Jun 16 01:35:34.914394 np0000180640 devstack@n-api-meta.service[108520]: DEBUG dbcounter [-] [108520] Writer thread running {{(pid=108520) stat_writer /opt/stack/data/venv/lib/python3.12/site-packages/dbcounter.py:102}}
Jun 16 01:35:34.917056 np0000180640 devstack@n-api-meta.service[108520]: DEBUG nova.context [None req-dab7fc33-6a43-4660-a6a8-a37b1017668f None None] Found 2 cells: 00000000-0000-0000-0000-000000000000(cell0),e4ee5e30-a07a-422b-a0d4-345b844a21ff(cell1) {{(pid=108520) load_cells /opt/stack/nova/nova/context.py:509}}
Jun 16 01:35:34.917290 np0000180640 devstack@n-api-meta.service[108520]: INFO nova.utils [None req-dab7fc33-6a43-4660-a6a8-a37b1017668f None None] The cell worker thread pool MainProcess.cell_worker is initialized
Jun 16 01:35:34.918624 np0000180640 devstack@n-api-meta.service[108521]: DEBUG oslo_db.sqlalchemy.engines [None req-5f5724bc-bdad-4111-bcd3-49c105401c6f None None] MySQL server mode set to STRICT_TRANS_TABLES,STRICT_ALL_TABLES,NO_ZERO_IN_DATE,NO_ZERO_DATE,ERROR_FOR_DIVISION_BY_ZERO,TRADITIONAL,NO_ENGINE_SUBSTITUTION {{(pid=108521) _check_effective_sql_mode /opt/stack/data/venv/lib/python3.12/site-packages/oslo_db/sqlalchemy/engines.py:325}}
Jun 16 01:35:34.919139 np0000180640 devstack@n-api-meta.service[108520]: DEBUG oslo_concurrency.lockutils [None req-dab7fc33-6a43-4660-a6a8-a37b1017668f None None] Acquiring lock "00000000-0000-0000-0000-000000000000" by "nova.context.set_target_cell..get_or_set_cached_cell_and_set_connections" {{(pid=108520) inner /opt/stack/data/venv/lib/python3.12/site-packages/oslo_concurrency/lockutils.py:511}}
Jun 16 01:35:34.919301 np0000180640 devstack@n-api-meta.service[108520]: DEBUG oslo_concurrency.lockutils [None req-dab7fc33-6a43-4660-a6a8-a37b1017668f None None] Lock "00000000-0000-0000-0000-000000000000" acquired by "nova.context.set_target_cell..get_or_set_cached_cell_and_set_connections" :: waited 0.000s {{(pid=108520) inner /opt/stack/data/venv/lib/python3.12/site-packages/oslo_concurrency/lockutils.py:524}}
Jun 16 01:35:34.919670 np0000180640 devstack@n-api-meta.service[108520]: DEBUG oslo_concurrency.lockutils [None req-dab7fc33-6a43-4660-a6a8-a37b1017668f None None] Lock "00000000-0000-0000-0000-000000000000" "released" by "nova.context.set_target_cell..get_or_set_cached_cell_and_set_connections" :: held 0.000s {{(pid=108520) inner /opt/stack/data/venv/lib/python3.12/site-packages/oslo_concurrency/lockutils.py:543}}
Jun 16 01:35:34.920399 np0000180640 devstack@n-api-meta.service[108520]: DEBUG oslo_concurrency.lockutils [None req-dab7fc33-6a43-4660-a6a8-a37b1017668f None None] Acquiring lock "e4ee5e30-a07a-422b-a0d4-345b844a21ff" by "nova.context.set_target_cell..get_or_set_cached_cell_and_set_connections" {{(pid=108520) inner /opt/stack/data/venv/lib/python3.12/site-packages/oslo_concurrency/lockutils.py:511}}
Jun 16 01:35:34.922797 np0000180640 devstack@n-api-meta.service[108520]: INFO dbcounter [None req-dab7fc33-6a43-4660-a6a8-a37b1017668f None None] Registered counter for database nova_cell0
Jun 16 01:35:34.923895 np0000180640 devstack@n-api-meta.service[108521]: DEBUG oslo_db.sqlalchemy.engines [None req-5f5724bc-bdad-4111-bcd3-49c105401c6f None None] MySQL server mode set to STRICT_TRANS_TABLES,STRICT_ALL_TABLES,NO_ZERO_IN_DATE,NO_ZERO_DATE,ERROR_FOR_DIVISION_BY_ZERO,TRADITIONAL,NO_ENGINE_SUBSTITUTION {{(pid=108521) _check_effective_sql_mode /opt/stack/data/venv/lib/python3.12/site-packages/oslo_db/sqlalchemy/engines.py:325}}
Jun 16 01:35:34.924446 np0000180640 devstack@n-api-meta.service[108520]: DEBUG oslo_concurrency.lockutils [None req-dab7fc33-6a43-4660-a6a8-a37b1017668f None None] Lock "e4ee5e30-a07a-422b-a0d4-345b844a21ff" acquired by "nova.context.set_target_cell..get_or_set_cached_cell_and_set_connections" :: waited 0.002s {{(pid=108520) inner /opt/stack/data/venv/lib/python3.12/site-packages/oslo_concurrency/lockutils.py:524}}
Jun 16 01:35:34.926065 np0000180640 devstack@n-api-meta.service[108520]: DEBUG oslo_concurrency.lockutils [None req-dab7fc33-6a43-4660-a6a8-a37b1017668f None None] Lock "e4ee5e30-a07a-422b-a0d4-345b844a21ff" "released" by "nova.context.set_target_cell..get_or_set_cached_cell_and_set_connections" :: held 0.003s {{(pid=108520) inner /opt/stack/data/venv/lib/python3.12/site-packages/oslo_concurrency/lockutils.py:543}}
Jun 16 01:35:34.930835 np0000180640 devstack@n-api-meta.service[108520]: INFO dbcounter [None req-dab7fc33-6a43-4660-a6a8-a37b1017668f None None] Registered counter for database nova_cell1
Jun 16 01:35:34.940862 np0000180640 devstack@n-api-meta.service[108522]: DEBUG oslo_db.sqlalchemy.engines [None req-966e0df9-2ccf-4548-b7fb-5dbd3c1e09c5 None None] MySQL server mode set to STRICT_TRANS_TABLES,STRICT_ALL_TABLES,NO_ZERO_IN_DATE,NO_ZERO_DATE,ERROR_FOR_DIVISION_BY_ZERO,TRADITIONAL,NO_ENGINE_SUBSTITUTION {{(pid=108522) _check_effective_sql_mode /opt/stack/data/venv/lib/python3.12/site-packages/oslo_db/sqlalchemy/engines.py:325}}
Jun 16 01:35:34.972530 np0000180640 devstack@n-api-meta.service[108522]: DEBUG dbcounter [-] [108522] Writer thread running {{(pid=108522) stat_writer /opt/stack/data/venv/lib/python3.12/site-packages/dbcounter.py:102}}
Jun 16 01:35:34.976876 np0000180640 devstack@n-api-meta.service[108519]: DEBUG oslo_db.sqlalchemy.engines [None req-b8d00db5-8966-435c-bfaf-c827652cfa1e None None] MySQL server mode set to STRICT_TRANS_TABLES,STRICT_ALL_TABLES,NO_ZERO_IN_DATE,NO_ZERO_DATE,ERROR_FOR_DIVISION_BY_ZERO,TRADITIONAL,NO_ENGINE_SUBSTITUTION {{(pid=108519) _check_effective_sql_mode /opt/stack/data/venv/lib/python3.12/site-packages/oslo_db/sqlalchemy/engines.py:325}}
Jun 16 01:35:34.978652 np0000180640 devstack@n-api-meta.service[108522]: DEBUG nova.context [None req-966e0df9-2ccf-4548-b7fb-5dbd3c1e09c5 None None] Found 2 cells: 00000000-0000-0000-0000-000000000000(cell0),e4ee5e30-a07a-422b-a0d4-345b844a21ff(cell1) {{(pid=108522) load_cells /opt/stack/nova/nova/context.py:509}}
Jun 16 01:35:34.979682 np0000180640 devstack@n-api-meta.service[108522]: INFO nova.utils [None req-966e0df9-2ccf-4548-b7fb-5dbd3c1e09c5 None None] The cell worker thread pool MainProcess.cell_worker is initialized
Jun 16 01:35:34.984013 np0000180640 devstack@n-api-meta.service[108522]: DEBUG oslo_concurrency.lockutils [None req-966e0df9-2ccf-4548-b7fb-5dbd3c1e09c5 None None] Acquiring lock "00000000-0000-0000-0000-000000000000" by "nova.context.set_target_cell..get_or_set_cached_cell_and_set_connections" {{(pid=108522) inner /opt/stack/data/venv/lib/python3.12/site-packages/oslo_concurrency/lockutils.py:511}}
Jun 16 01:35:34.984206 np0000180640 devstack@n-api-meta.service[108522]: DEBUG oslo_concurrency.lockutils [None req-966e0df9-2ccf-4548-b7fb-5dbd3c1e09c5 None None] Lock "00000000-0000-0000-0000-000000000000" acquired by "nova.context.set_target_cell..get_or_set_cached_cell_and_set_connections" :: waited 0.000s {{(pid=108522) inner /opt/stack/data/venv/lib/python3.12/site-packages/oslo_concurrency/lockutils.py:524}}
Jun 16 01:35:34.984637 np0000180640 devstack@n-api-meta.service[108522]: DEBUG oslo_concurrency.lockutils [None req-966e0df9-2ccf-4548-b7fb-5dbd3c1e09c5 None None] Lock "00000000-0000-0000-0000-000000000000" "released" by "nova.context.set_target_cell..get_or_set_cached_cell_and_set_connections" :: held 0.000s {{(pid=108522) inner /opt/stack/data/venv/lib/python3.12/site-packages/oslo_concurrency/lockutils.py:543}}
Jun 16 01:35:34.985404 np0000180640 devstack@n-api-meta.service[108522]: DEBUG oslo_concurrency.lockutils [None req-966e0df9-2ccf-4548-b7fb-5dbd3c1e09c5 None None] Acquiring lock "e4ee5e30-a07a-422b-a0d4-345b844a21ff" by "nova.context.set_target_cell..get_or_set_cached_cell_and_set_connections" {{(pid=108522) inner /opt/stack/data/venv/lib/python3.12/site-packages/oslo_concurrency/lockutils.py:511}}
Jun 16 01:35:34.985573 np0000180640 devstack@n-api-meta.service[108522]: DEBUG oslo_concurrency.lockutils [None req-966e0df9-2ccf-4548-b7fb-5dbd3c1e09c5 None None] Lock "e4ee5e30-a07a-422b-a0d4-345b844a21ff" acquired by "nova.context.set_target_cell..get_or_set_cached_cell_and_set_connections" :: waited 0.000s {{(pid=108522) inner /opt/stack/data/venv/lib/python3.12/site-packages/oslo_concurrency/lockutils.py:524}}
Jun 16 01:35:34.986506 np0000180640 devstack@n-api-meta.service[108522]: DEBUG oslo_concurrency.lockutils [None req-966e0df9-2ccf-4548-b7fb-5dbd3c1e09c5 None None] Lock "e4ee5e30-a07a-422b-a0d4-345b844a21ff" "released" by "nova.context.set_target_cell..get_or_set_cached_cell_and_set_connections" :: held 0.001s {{(pid=108522) inner /opt/stack/data/venv/lib/python3.12/site-packages/oslo_concurrency/lockutils.py:543}}
Jun 16 01:35:34.988845 np0000180640 devstack@n-api-meta.service[108522]: INFO dbcounter [None req-966e0df9-2ccf-4548-b7fb-5dbd3c1e09c5 None None] Registered counter for database nova_cell0
Jun 16 01:35:34.992601 np0000180640 devstack@n-api-meta.service[108522]: INFO dbcounter [None req-966e0df9-2ccf-4548-b7fb-5dbd3c1e09c5 None None] Registered counter for database nova_cell1
Jun 16 01:35:34.994083 np0000180640 devstack@n-api-meta.service[108519]: DEBUG oslo_db.sqlalchemy.engines [None req-b8d00db5-8966-435c-bfaf-c827652cfa1e None None] MySQL server mode set to STRICT_TRANS_TABLES,STRICT_ALL_TABLES,NO_ZERO_IN_DATE,NO_ZERO_DATE,ERROR_FOR_DIVISION_BY_ZERO,TRADITIONAL,NO_ENGINE_SUBSTITUTION {{(pid=108519) _check_effective_sql_mode /opt/stack/data/venv/lib/python3.12/site-packages/oslo_db/sqlalchemy/engines.py:325}}
Jun 16 01:35:35.001108 np0000180640 devstack@n-api-meta.service[108520]: DEBUG oslo_db.sqlalchemy.engines [None req-dab7fc33-6a43-4660-a6a8-a37b1017668f None None] MySQL server mode set to STRICT_TRANS_TABLES,STRICT_ALL_TABLES,NO_ZERO_IN_DATE,NO_ZERO_DATE,ERROR_FOR_DIVISION_BY_ZERO,TRADITIONAL,NO_ENGINE_SUBSTITUTION {{(pid=108520) _check_effective_sql_mode /opt/stack/data/venv/lib/python3.12/site-packages/oslo_db/sqlalchemy/engines.py:325}}
Jun 16 01:35:35.007580 np0000180640 devstack@n-api-meta.service[108520]: DEBUG oslo_db.sqlalchemy.engines [None req-dab7fc33-6a43-4660-a6a8-a37b1017668f None None] MySQL server mode set to STRICT_TRANS_TABLES,STRICT_ALL_TABLES,NO_ZERO_IN_DATE,NO_ZERO_DATE,ERROR_FOR_DIVISION_BY_ZERO,TRADITIONAL,NO_ENGINE_SUBSTITUTION {{(pid=108520) _check_effective_sql_mode /opt/stack/data/venv/lib/python3.12/site-packages/oslo_db/sqlalchemy/engines.py:325}}
Jun 16 01:35:35.014334 np0000180640 devstack@n-api-meta.service[108521]: DEBUG dbcounter [-] [108521] Writer thread running {{(pid=108521) stat_writer /opt/stack/data/venv/lib/python3.12/site-packages/dbcounter.py:102}}
Jun 16 01:35:35.018409 np0000180640 devstack@n-api-meta.service[108521]: DEBUG dbcounter [-] [108521] Writer thread running {{(pid=108521) stat_writer /opt/stack/data/venv/lib/python3.12/site-packages/dbcounter.py:102}}
Jun 16 01:35:35.023539 np0000180640 devstack@n-api-meta.service[108521]: INFO dbcounter [None req-5f5724bc-bdad-4111-bcd3-49c105401c6f None None] Registered counter for database nova_cell0
Jun 16 01:35:35.064578 np0000180640 devstack@n-api-meta.service[108522]: DEBUG oslo_db.sqlalchemy.engines [None req-966e0df9-2ccf-4548-b7fb-5dbd3c1e09c5 None None] MySQL server mode set to STRICT_TRANS_TABLES,STRICT_ALL_TABLES,NO_ZERO_IN_DATE,NO_ZERO_DATE,ERROR_FOR_DIVISION_BY_ZERO,TRADITIONAL,NO_ENGINE_SUBSTITUTION {{(pid=108522) _check_effective_sql_mode /opt/stack/data/venv/lib/python3.12/site-packages/oslo_db/sqlalchemy/engines.py:325}}
Jun 16 01:35:35.069261 np0000180640 devstack@n-api-meta.service[108522]: DEBUG oslo_db.sqlalchemy.engines [None req-966e0df9-2ccf-4548-b7fb-5dbd3c1e09c5 None None] MySQL server mode set to STRICT_TRANS_TABLES,STRICT_ALL_TABLES,NO_ZERO_IN_DATE,NO_ZERO_DATE,ERROR_FOR_DIVISION_BY_ZERO,TRADITIONAL,NO_ENGINE_SUBSTITUTION {{(pid=108522) _check_effective_sql_mode /opt/stack/data/venv/lib/python3.12/site-packages/oslo_db/sqlalchemy/engines.py:325}}
Jun 16 01:35:35.072992 np0000180640 devstack@n-api-meta.service[108519]: DEBUG dbcounter [-] [108519] Writer thread running {{(pid=108519) stat_writer /opt/stack/data/venv/lib/python3.12/site-packages/dbcounter.py:102}}
Jun 16 01:35:35.073503 np0000180640 devstack@n-api-meta.service[108521]: DEBUG oslo_db.sqlalchemy.engines [None req-5f5724bc-bdad-4111-bcd3-49c105401c6f None None] MySQL server mode set to STRICT_TRANS_TABLES,STRICT_ALL_TABLES,NO_ZERO_IN_DATE,NO_ZERO_DATE,ERROR_FOR_DIVISION_BY_ZERO,TRADITIONAL,NO_ENGINE_SUBSTITUTION {{(pid=108521) _check_effective_sql_mode /opt/stack/data/venv/lib/python3.12/site-packages/oslo_db/sqlalchemy/engines.py:325}}
Jun 16 01:35:35.082258 np0000180640 devstack@n-api-meta.service[108519]: DEBUG dbcounter [-] [108519] Writer thread running {{(pid=108519) stat_writer /opt/stack/data/venv/lib/python3.12/site-packages/dbcounter.py:102}}
Jun 16 01:35:35.084251 np0000180640 devstack@n-api-meta.service[108521]: DEBUG dbcounter [-] [108521] Writer thread running {{(pid=108521) stat_writer /opt/stack/data/venv/lib/python3.12/site-packages/dbcounter.py:102}}
Jun 16 01:35:35.088578 np0000180640 devstack@n-api-meta.service[108519]: INFO dbcounter [None req-b8d00db5-8966-435c-bfaf-c827652cfa1e None None] Registered counter for database nova_cell0
Jun 16 01:35:35.090002 np0000180640 devstack@n-api-meta.service[108520]: DEBUG dbcounter [-] [108520] Writer thread running {{(pid=108520) stat_writer /opt/stack/data/venv/lib/python3.12/site-packages/dbcounter.py:102}}
Jun 16 01:35:35.097544 np0000180640 devstack@n-api-meta.service[108520]: DEBUG dbcounter [-] [108520] Writer thread running {{(pid=108520) stat_writer /opt/stack/data/venv/lib/python3.12/site-packages/dbcounter.py:102}}
Jun 16 01:35:35.103159 np0000180640 devstack@n-api-meta.service[108520]: INFO dbcounter [None req-dab7fc33-6a43-4660-a6a8-a37b1017668f None None] Registered counter for database nova_cell0
Jun 16 01:35:35.137416 np0000180640 devstack@n-api-meta.service[108521]: WARNING nova.api.metadata.handler [None req-5f5724bc-bdad-4111-bcd3-49c105401c6f None None] metadata_proxy_shared_secret is not configured, the metadata information returned by the proxy cannot be trusted
Jun 16 01:35:35.140124 np0000180640 devstack@n-api-meta.service[108521]: DEBUG nova.api.openstack.wsgi_app [None req-5f5724bc-bdad-4111-bcd3-49c105401c6f None None] ******************************************************************************** {{(pid=108521) log_opt_values /opt/stack/data/venv/lib/python3.12/site-packages/oslo_config/cfg.py:3226}}
Jun 16 01:35:35.140226 np0000180640 devstack@n-api-meta.service[108521]: DEBUG nova.api.openstack.wsgi_app [None req-5f5724bc-bdad-4111-bcd3-49c105401c6f None None] Configuration options gathered from: {{(pid=108521) log_opt_values /opt/stack/data/venv/lib/python3.12/site-packages/oslo_config/cfg.py:3227}}
Jun 16 01:35:35.140336 np0000180640 devstack@n-api-meta.service[108521]: DEBUG nova.api.openstack.wsgi_app [None req-5f5724bc-bdad-4111-bcd3-49c105401c6f None None] command line args: [] {{(pid=108521) log_opt_values /opt/stack/data/venv/lib/python3.12/site-packages/oslo_config/cfg.py:3228}}
Jun 16 01:35:35.140505 np0000180640 devstack@n-api-meta.service[108521]: DEBUG nova.api.openstack.wsgi_app [None req-5f5724bc-bdad-4111-bcd3-49c105401c6f None None] config files: ['/etc/nova/api-paste.ini', '/etc/nova/nova.conf'] {{(pid=108521) log_opt_values /opt/stack/data/venv/lib/python3.12/site-packages/oslo_config/cfg.py:3229}}
Jun 16 01:35:35.140661 np0000180640 devstack@n-api-meta.service[108521]: DEBUG nova.api.openstack.wsgi_app [None req-5f5724bc-bdad-4111-bcd3-49c105401c6f None None] ================================================================================ {{(pid=108521) log_opt_values /opt/stack/data/venv/lib/python3.12/site-packages/oslo_config/cfg.py:3234}}
Jun 16 01:35:35.140721 np0000180640 devstack@n-api-meta.service[108519]: DEBUG oslo_db.sqlalchemy.engines [None req-b8d00db5-8966-435c-bfaf-c827652cfa1e None None] MySQL server mode set to STRICT_TRANS_TABLES,STRICT_ALL_TABLES,NO_ZERO_IN_DATE,NO_ZERO_DATE,ERROR_FOR_DIVISION_BY_ZERO,TRADITIONAL,NO_ENGINE_SUBSTITUTION {{(pid=108519) _check_effective_sql_mode /opt/stack/data/venv/lib/python3.12/site-packages/oslo_db/sqlalchemy/engines.py:325}}
Jun 16 01:35:35.140848 np0000180640 devstack@n-api-meta.service[108521]: DEBUG nova.api.openstack.wsgi_app [None req-5f5724bc-bdad-4111-bcd3-49c105401c6f None None] allow_resize_to_same_host = True {{(pid=108521) log_opt_values /opt/stack/data/venv/lib/python3.12/site-packages/oslo_config/cfg.py:3242}}
Jun 16 01:35:35.140988 np0000180640 devstack@n-api-meta.service[108521]: DEBUG nova.api.openstack.wsgi_app [None req-5f5724bc-bdad-4111-bcd3-49c105401c6f None None] arq_binding_timeout = 300 {{(pid=108521) log_opt_values /opt/stack/data/venv/lib/python3.12/site-packages/oslo_config/cfg.py:3242}}
Jun 16 01:35:35.141115 np0000180640 devstack@n-api-meta.service[108521]: DEBUG nova.api.openstack.wsgi_app [None req-5f5724bc-bdad-4111-bcd3-49c105401c6f None None] block_device_allocate_retries = 60 {{(pid=108521) log_opt_values /opt/stack/data/venv/lib/python3.12/site-packages/oslo_config/cfg.py:3242}}
Jun 16 01:35:35.141245 np0000180640 devstack@n-api-meta.service[108521]: DEBUG nova.api.openstack.wsgi_app [None req-5f5724bc-bdad-4111-bcd3-49c105401c6f None None] block_device_allocate_retries_interval = 3 {{(pid=108521) log_opt_values /opt/stack/data/venv/lib/python3.12/site-packages/oslo_config/cfg.py:3242}}
Jun 16 01:35:35.141378 np0000180640 devstack@n-api-meta.service[108521]: DEBUG nova.api.openstack.wsgi_app [None req-5f5724bc-bdad-4111-bcd3-49c105401c6f None None] cell_worker_thread_pool_size = 5 {{(pid=108521) log_opt_values /opt/stack/data/venv/lib/python3.12/site-packages/oslo_config/cfg.py:3242}}
Jun 16 01:35:35.141538 np0000180640 devstack@n-api-meta.service[108521]: DEBUG nova.api.openstack.wsgi_app [None req-5f5724bc-bdad-4111-bcd3-49c105401c6f None None] cert = self.pem {{(pid=108521) log_opt_values /opt/stack/data/venv/lib/python3.12/site-packages/oslo_config/cfg.py:3242}}
Jun 16 01:35:35.141787 np0000180640 devstack@n-api-meta.service[108521]: DEBUG nova.api.openstack.wsgi_app [None req-5f5724bc-bdad-4111-bcd3-49c105401c6f None None] compute_driver = libvirt.LibvirtDriver {{(pid=108521) log_opt_values /opt/stack/data/venv/lib/python3.12/site-packages/oslo_config/cfg.py:3242}}
Jun 16 01:35:35.141950 np0000180640 devstack@n-api-meta.service[108521]: DEBUG nova.api.openstack.wsgi_app [None req-5f5724bc-bdad-4111-bcd3-49c105401c6f None None] compute_monitors = [] {{(pid=108521) log_opt_values /opt/stack/data/venv/lib/python3.12/site-packages/oslo_config/cfg.py:3242}}
Jun 16 01:35:35.142095 np0000180640 devstack@n-api-meta.service[108521]: DEBUG nova.api.openstack.wsgi_app [None req-5f5724bc-bdad-4111-bcd3-49c105401c6f None None] config_dir = [] {{(pid=108521) log_opt_values /opt/stack/data/venv/lib/python3.12/site-packages/oslo_config/cfg.py:3242}}
Jun 16 01:35:35.142236 np0000180640 devstack@n-api-meta.service[108521]: DEBUG nova.api.openstack.wsgi_app [None req-5f5724bc-bdad-4111-bcd3-49c105401c6f None None] config_drive_format = iso9660 {{(pid=108521) log_opt_values /opt/stack/data/venv/lib/python3.12/site-packages/oslo_config/cfg.py:3242}}
Jun 16 01:35:35.142344 np0000180640 devstack@n-api-meta.service[108521]: DEBUG nova.api.openstack.wsgi_app [None req-5f5724bc-bdad-4111-bcd3-49c105401c6f None None] config_file = ['/etc/nova/api-paste.ini', '/etc/nova/nova.conf'] {{(pid=108521) log_opt_values /opt/stack/data/venv/lib/python3.12/site-packages/oslo_config/cfg.py:3242}}
Jun 16 01:35:35.142475 np0000180640 devstack@n-api-meta.service[108521]: DEBUG nova.api.openstack.wsgi_app [None req-5f5724bc-bdad-4111-bcd3-49c105401c6f None None] config_source = [] {{(pid=108521) log_opt_values /opt/stack/data/venv/lib/python3.12/site-packages/oslo_config/cfg.py:3242}}
Jun 16 01:35:35.142628 np0000180640 devstack@n-api-meta.service[108521]: DEBUG nova.api.openstack.wsgi_app [None req-5f5724bc-bdad-4111-bcd3-49c105401c6f None None] console_host = np0000180640 {{(pid=108521) log_opt_values /opt/stack/data/venv/lib/python3.12/site-packages/oslo_config/cfg.py:3242}}
Jun 16 01:35:35.142766 np0000180640 devstack@n-api-meta.service[108521]: DEBUG nova.api.openstack.wsgi_app [None req-5f5724bc-bdad-4111-bcd3-49c105401c6f None None] control_exchange = nova {{(pid=108521) log_opt_values /opt/stack/data/venv/lib/python3.12/site-packages/oslo_config/cfg.py:3242}}
Jun 16 01:35:35.142896 np0000180640 devstack@n-api-meta.service[108521]: DEBUG nova.api.openstack.wsgi_app [None req-5f5724bc-bdad-4111-bcd3-49c105401c6f None None] cpu_allocation_ratio = None {{(pid=108521) log_opt_values /opt/stack/data/venv/lib/python3.12/site-packages/oslo_config/cfg.py:3242}}
Jun 16 01:35:35.143024 np0000180640 devstack@n-api-meta.service[108521]: DEBUG nova.api.openstack.wsgi_app [None req-5f5724bc-bdad-4111-bcd3-49c105401c6f None None] daemon = False {{(pid=108521) log_opt_values /opt/stack/data/venv/lib/python3.12/site-packages/oslo_config/cfg.py:3242}}
Jun 16 01:35:35.143158 np0000180640 devstack@n-api-meta.service[108521]: DEBUG nova.api.openstack.wsgi_app [None req-5f5724bc-bdad-4111-bcd3-49c105401c6f None None] debug = True {{(pid=108521) log_opt_values /opt/stack/data/venv/lib/python3.12/site-packages/oslo_config/cfg.py:3242}}
Jun 16 01:35:35.143287 np0000180640 devstack@n-api-meta.service[108521]: DEBUG nova.api.openstack.wsgi_app [None req-5f5724bc-bdad-4111-bcd3-49c105401c6f None None] default_access_ip_network_name = None {{(pid=108521) log_opt_values /opt/stack/data/venv/lib/python3.12/site-packages/oslo_config/cfg.py:3242}}
Jun 16 01:35:35.143430 np0000180640 devstack@n-api-meta.service[108521]: DEBUG nova.api.openstack.wsgi_app [None req-5f5724bc-bdad-4111-bcd3-49c105401c6f None None] default_availability_zone = nova {{(pid=108521) log_opt_values /opt/stack/data/venv/lib/python3.12/site-packages/oslo_config/cfg.py:3242}}
Jun 16 01:35:35.143587 np0000180640 devstack@n-api-meta.service[108521]: DEBUG nova.api.openstack.wsgi_app [None req-5f5724bc-bdad-4111-bcd3-49c105401c6f None None] default_ephemeral_format = ext4 {{(pid=108521) log_opt_values /opt/stack/data/venv/lib/python3.12/site-packages/oslo_config/cfg.py:3242}}
Jun 16 01:35:35.143717 np0000180640 devstack@n-api-meta.service[108521]: DEBUG nova.api.openstack.wsgi_app [None req-5f5724bc-bdad-4111-bcd3-49c105401c6f None None] default_green_pool_size = 1000 {{(pid=108521) log_opt_values /opt/stack/data/venv/lib/python3.12/site-packages/oslo_config/cfg.py:3242}}
Jun 16 01:35:35.143930 np0000180640 devstack@n-api-meta.service[108521]: DEBUG nova.api.openstack.wsgi_app [None req-5f5724bc-bdad-4111-bcd3-49c105401c6f None None] default_log_levels = ['amqp=WARN', 'boto=WARN', 'sqlalchemy=WARN', 'suds=INFO', 'oslo.messaging=INFO', 'oslo_messaging=INFO', 'iso8601=WARN', 'requests.packages.urllib3.connectionpool=WARN', 'urllib3.connectionpool=WARN', 'websocket=WARN', 'requests.packages.urllib3.util.retry=WARN', 'urllib3.util.retry=WARN', 'keystonemiddleware=WARN', 'routes.middleware=WARN', 'stevedore=WARN', 'taskflow=WARN', 'keystoneauth=WARN', 'oslo.cache=INFO', 'oslo_policy=INFO', 'dogpile.core.dogpile=INFO', 'glanceclient=WARN', 'oslo.privsep.daemon=INFO'] {{(pid=108521) log_opt_values /opt/stack/data/venv/lib/python3.12/site-packages/oslo_config/cfg.py:3242}}
Jun 16 01:35:35.144059 np0000180640 devstack@n-api-meta.service[108521]: DEBUG nova.api.openstack.wsgi_app [None req-5f5724bc-bdad-4111-bcd3-49c105401c6f None None] default_schedule_zone = None {{(pid=108521) log_opt_values /opt/stack/data/venv/lib/python3.12/site-packages/oslo_config/cfg.py:3242}}
Jun 16 01:35:35.144188 np0000180640 devstack@n-api-meta.service[108521]: DEBUG nova.api.openstack.wsgi_app [None req-5f5724bc-bdad-4111-bcd3-49c105401c6f None None] default_thread_pool_size = 10 {{(pid=108521) log_opt_values /opt/stack/data/venv/lib/python3.12/site-packages/oslo_config/cfg.py:3242}}
Jun 16 01:35:35.144320 np0000180640 devstack@n-api-meta.service[108521]: DEBUG nova.api.openstack.wsgi_app [None req-5f5724bc-bdad-4111-bcd3-49c105401c6f None None] disk_allocation_ratio = None {{(pid=108521) log_opt_values /opt/stack/data/venv/lib/python3.12/site-packages/oslo_config/cfg.py:3242}}
Jun 16 01:35:35.144447 np0000180640 devstack@n-api-meta.service[108521]: DEBUG nova.api.openstack.wsgi_app [None req-5f5724bc-bdad-4111-bcd3-49c105401c6f None None] enable_new_services = True {{(pid=108521) log_opt_values /opt/stack/data/venv/lib/python3.12/site-packages/oslo_config/cfg.py:3242}}
Jun 16 01:35:35.144671 np0000180640 devstack@n-api-meta.service[108521]: DEBUG nova.api.openstack.wsgi_app [None req-5f5724bc-bdad-4111-bcd3-49c105401c6f None None] flat_injected = False {{(pid=108521) log_opt_values /opt/stack/data/venv/lib/python3.12/site-packages/oslo_config/cfg.py:3242}}
Jun 16 01:35:35.144744 np0000180640 devstack@n-api-meta.service[108521]: DEBUG nova.api.openstack.wsgi_app [None req-5f5724bc-bdad-4111-bcd3-49c105401c6f None None] force_config_drive = False {{(pid=108521) log_opt_values /opt/stack/data/venv/lib/python3.12/site-packages/oslo_config/cfg.py:3242}}
Jun 16 01:35:35.144871 np0000180640 devstack@n-api-meta.service[108521]: DEBUG nova.api.openstack.wsgi_app [None req-5f5724bc-bdad-4111-bcd3-49c105401c6f None None] force_raw_images = True {{(pid=108521) log_opt_values /opt/stack/data/venv/lib/python3.12/site-packages/oslo_config/cfg.py:3242}}
Jun 16 01:35:35.145012 np0000180640 devstack@n-api-meta.service[108521]: DEBUG nova.api.openstack.wsgi_app [None req-5f5724bc-bdad-4111-bcd3-49c105401c6f None None] graceful_shutdown_timeout = 5 {{(pid=108521) log_opt_values /opt/stack/data/venv/lib/python3.12/site-packages/oslo_config/cfg.py:3242}}
Jun 16 01:35:35.145144 np0000180640 devstack@n-api-meta.service[108521]: DEBUG nova.api.openstack.wsgi_app [None req-5f5724bc-bdad-4111-bcd3-49c105401c6f None None] heal_instance_info_cache_interval = -1 {{(pid=108521) log_opt_values /opt/stack/data/venv/lib/python3.12/site-packages/oslo_config/cfg.py:3242}}
Jun 16 01:35:35.145327 np0000180640 devstack@n-api-meta.service[108521]: DEBUG nova.api.openstack.wsgi_app [None req-5f5724bc-bdad-4111-bcd3-49c105401c6f None None] host = np0000180640 {{(pid=108521) log_opt_values /opt/stack/data/venv/lib/python3.12/site-packages/oslo_config/cfg.py:3242}}
Jun 16 01:35:35.145463 np0000180640 devstack@n-api-meta.service[108521]: DEBUG nova.api.openstack.wsgi_app [None req-5f5724bc-bdad-4111-bcd3-49c105401c6f None None] initial_cpu_allocation_ratio = 4.0 {{(pid=108521) log_opt_values /opt/stack/data/venv/lib/python3.12/site-packages/oslo_config/cfg.py:3242}}
Jun 16 01:35:35.145616 np0000180640 devstack@n-api-meta.service[108521]: DEBUG nova.api.openstack.wsgi_app [None req-5f5724bc-bdad-4111-bcd3-49c105401c6f None None] initial_disk_allocation_ratio = 1.0 {{(pid=108521) log_opt_values /opt/stack/data/venv/lib/python3.12/site-packages/oslo_config/cfg.py:3242}}
Jun 16 01:35:35.145745 np0000180640 devstack@n-api-meta.service[108521]: DEBUG nova.api.openstack.wsgi_app [None req-5f5724bc-bdad-4111-bcd3-49c105401c6f None None] initial_ram_allocation_ratio = 1.0 {{(pid=108521) log_opt_values /opt/stack/data/venv/lib/python3.12/site-packages/oslo_config/cfg.py:3242}}
Jun 16 01:35:35.145991 np0000180640 devstack@n-api-meta.service[108521]: DEBUG nova.api.openstack.wsgi_app [None req-5f5724bc-bdad-4111-bcd3-49c105401c6f None None] injected_network_template = /opt/stack/nova/nova/virt/interfaces.template {{(pid=108521) log_opt_values /opt/stack/data/venv/lib/python3.12/site-packages/oslo_config/cfg.py:3242}}
Jun 16 01:35:35.146109 np0000180640 devstack@n-api-meta.service[108521]: DEBUG nova.api.openstack.wsgi_app [None req-5f5724bc-bdad-4111-bcd3-49c105401c6f None None] instance_build_timeout = 0 {{(pid=108521) log_opt_values /opt/stack/data/venv/lib/python3.12/site-packages/oslo_config/cfg.py:3242}}
Jun 16 01:35:35.146242 np0000180640 devstack@n-api-meta.service[108521]: DEBUG nova.api.openstack.wsgi_app [None req-5f5724bc-bdad-4111-bcd3-49c105401c6f None None] instance_delete_interval = 300 {{(pid=108521) log_opt_values /opt/stack/data/venv/lib/python3.12/site-packages/oslo_config/cfg.py:3242}}
Jun 16 01:35:35.146378 np0000180640 devstack@n-api-meta.service[108521]: DEBUG nova.api.openstack.wsgi_app [None req-5f5724bc-bdad-4111-bcd3-49c105401c6f None None] instance_format = [instance: %(uuid)s] {{(pid=108521) log_opt_values /opt/stack/data/venv/lib/python3.12/site-packages/oslo_config/cfg.py:3242}}
Jun 16 01:35:35.146535 np0000180640 devstack@n-api-meta.service[108521]: DEBUG nova.api.openstack.wsgi_app [None req-5f5724bc-bdad-4111-bcd3-49c105401c6f None None] instance_name_template = instance-%08x {{(pid=108521) log_opt_values /opt/stack/data/venv/lib/python3.12/site-packages/oslo_config/cfg.py:3242}}
Jun 16 01:35:35.146663 np0000180640 devstack@n-api-meta.service[108521]: DEBUG nova.api.openstack.wsgi_app [None req-5f5724bc-bdad-4111-bcd3-49c105401c6f None None] instance_usage_audit = False {{(pid=108521) log_opt_values /opt/stack/data/venv/lib/python3.12/site-packages/oslo_config/cfg.py:3242}}
Jun 16 01:35:35.146808 np0000180640 devstack@n-api-meta.service[108521]: DEBUG nova.api.openstack.wsgi_app [None req-5f5724bc-bdad-4111-bcd3-49c105401c6f None None] instance_usage_audit_period = month {{(pid=108521) log_opt_values /opt/stack/data/venv/lib/python3.12/site-packages/oslo_config/cfg.py:3242}}
Jun 16 01:35:35.146970 np0000180640 devstack@n-api-meta.service[108521]: DEBUG nova.api.openstack.wsgi_app [None req-5f5724bc-bdad-4111-bcd3-49c105401c6f None None] instance_uuid_format = [instance: %(uuid)s] {{(pid=108521) log_opt_values /opt/stack/data/venv/lib/python3.12/site-packages/oslo_config/cfg.py:3242}}
Jun 16 01:35:35.147110 np0000180640 devstack@n-api-meta.service[108521]: DEBUG nova.api.openstack.wsgi_app [None req-5f5724bc-bdad-4111-bcd3-49c105401c6f None None] instances_path = /opt/stack/data/nova/instances {{(pid=108521) log_opt_values /opt/stack/data/venv/lib/python3.12/site-packages/oslo_config/cfg.py:3242}}
Jun 16 01:35:35.147242 np0000180640 devstack@n-api-meta.service[108521]: DEBUG nova.api.openstack.wsgi_app [None req-5f5724bc-bdad-4111-bcd3-49c105401c6f None None] internal_service_availability_zone = internal {{(pid=108521) log_opt_values /opt/stack/data/venv/lib/python3.12/site-packages/oslo_config/cfg.py:3242}}
Jun 16 01:35:35.147368 np0000180640 devstack@n-api-meta.service[108521]: DEBUG nova.api.openstack.wsgi_app [None req-5f5724bc-bdad-4111-bcd3-49c105401c6f None None] key = None {{(pid=108521) log_opt_values /opt/stack/data/venv/lib/python3.12/site-packages/oslo_config/cfg.py:3242}}
Jun 16 01:35:35.147498 np0000180640 devstack@n-api-meta.service[108521]: DEBUG nova.api.openstack.wsgi_app [None req-5f5724bc-bdad-4111-bcd3-49c105401c6f None None] live_migration_retry_count = 30 {{(pid=108521) log_opt_values /opt/stack/data/venv/lib/python3.12/site-packages/oslo_config/cfg.py:3242}}
Jun 16 01:35:35.147659 np0000180640 devstack@n-api-meta.service[108521]: DEBUG nova.api.openstack.wsgi_app [None req-5f5724bc-bdad-4111-bcd3-49c105401c6f None None] log_color = False {{(pid=108521) log_opt_values /opt/stack/data/venv/lib/python3.12/site-packages/oslo_config/cfg.py:3242}}
Jun 16 01:35:35.147794 np0000180640 devstack@n-api-meta.service[108521]: DEBUG nova.api.openstack.wsgi_app [None req-5f5724bc-bdad-4111-bcd3-49c105401c6f None None] log_config_append = None {{(pid=108521) log_opt_values /opt/stack/data/venv/lib/python3.12/site-packages/oslo_config/cfg.py:3242}}
Jun 16 01:35:35.147932 np0000180640 devstack@n-api-meta.service[108521]: DEBUG nova.api.openstack.wsgi_app [None req-5f5724bc-bdad-4111-bcd3-49c105401c6f None None] log_date_format = %Y-%m-%d %H:%M:%S {{(pid=108521) log_opt_values /opt/stack/data/venv/lib/python3.12/site-packages/oslo_config/cfg.py:3242}}
Jun 16 01:35:35.148063 np0000180640 devstack@n-api-meta.service[108521]: DEBUG nova.api.openstack.wsgi_app [None req-5f5724bc-bdad-4111-bcd3-49c105401c6f None None] log_dir = None {{(pid=108521) log_opt_values /opt/stack/data/venv/lib/python3.12/site-packages/oslo_config/cfg.py:3242}}
Jun 16 01:35:35.148193 np0000180640 devstack@n-api-meta.service[108521]: DEBUG nova.api.openstack.wsgi_app [None req-5f5724bc-bdad-4111-bcd3-49c105401c6f None None] log_file = None {{(pid=108521) log_opt_values /opt/stack/data/venv/lib/python3.12/site-packages/oslo_config/cfg.py:3242}}
Jun 16 01:35:35.148297 np0000180640 devstack@n-api-meta.service[108521]: DEBUG nova.api.openstack.wsgi_app [None req-5f5724bc-bdad-4111-bcd3-49c105401c6f None None] log_options = True {{(pid=108521) log_opt_values /opt/stack/data/venv/lib/python3.12/site-packages/oslo_config/cfg.py:3242}}
Jun 16 01:35:35.148426 np0000180640 devstack@n-api-meta.service[108521]: DEBUG nova.api.openstack.wsgi_app [None req-5f5724bc-bdad-4111-bcd3-49c105401c6f None None] log_rotate_interval = 1 {{(pid=108521) log_opt_values /opt/stack/data/venv/lib/python3.12/site-packages/oslo_config/cfg.py:3242}}
Jun 16 01:35:35.148581 np0000180640 devstack@n-api-meta.service[108521]: DEBUG nova.api.openstack.wsgi_app [None req-5f5724bc-bdad-4111-bcd3-49c105401c6f None None] log_rotate_interval_type = days {{(pid=108521) log_opt_values /opt/stack/data/venv/lib/python3.12/site-packages/oslo_config/cfg.py:3242}}
Jun 16 01:35:35.148718 np0000180640 devstack@n-api-meta.service[108521]: DEBUG nova.api.openstack.wsgi_app [None req-5f5724bc-bdad-4111-bcd3-49c105401c6f None None] log_rotation_type = none {{(pid=108521) log_opt_values /opt/stack/data/venv/lib/python3.12/site-packages/oslo_config/cfg.py:3242}}
Jun 16 01:35:35.148861 np0000180640 devstack@n-api-meta.service[108520]: DEBUG oslo_db.sqlalchemy.engines [None req-dab7fc33-6a43-4660-a6a8-a37b1017668f None None] MySQL server mode set to STRICT_TRANS_TABLES,STRICT_ALL_TABLES,NO_ZERO_IN_DATE,NO_ZERO_DATE,ERROR_FOR_DIVISION_BY_ZERO,TRADITIONAL,NO_ENGINE_SUBSTITUTION {{(pid=108520) _check_effective_sql_mode /opt/stack/data/venv/lib/python3.12/site-packages/oslo_db/sqlalchemy/engines.py:325}}
Jun 16 01:35:35.148918 np0000180640 devstack@n-api-meta.service[108521]: DEBUG nova.api.openstack.wsgi_app [None req-5f5724bc-bdad-4111-bcd3-49c105401c6f None None] logging_context_format_string = %(color)s%(levelname)s %(name)s [%(global_request_id)s %(request_id)s %(project_name)s %(user_name)s%(color)s] %(instance)s%(color)s%(message)s {{(pid=108521) log_opt_values /opt/stack/data/venv/lib/python3.12/site-packages/oslo_config/cfg.py:3242}}
Jun 16 01:35:35.148983 np0000180640 devstack@n-api-meta.service[108521]: DEBUG nova.api.openstack.wsgi_app [None req-5f5724bc-bdad-4111-bcd3-49c105401c6f None None] logging_debug_format_suffix = {{(pid=%(process)d) %(funcName)s %(pathname)s:%(lineno)d}} {{(pid=108521) log_opt_values /opt/stack/data/venv/lib/python3.12/site-packages/oslo_config/cfg.py:3242}}
Jun 16 01:35:35.149134 np0000180640 devstack@n-api-meta.service[108521]: DEBUG nova.api.openstack.wsgi_app [None req-5f5724bc-bdad-4111-bcd3-49c105401c6f None None] logging_default_format_string = %(color)s%(levelname)s %(name)s [-%(color)s] %(instance)s%(color)s%(message)s {{(pid=108521) log_opt_values /opt/stack/data/venv/lib/python3.12/site-packages/oslo_config/cfg.py:3242}}
Jun 16 01:35:35.149232 np0000180640 devstack@n-api-meta.service[108521]: DEBUG nova.api.openstack.wsgi_app [None req-5f5724bc-bdad-4111-bcd3-49c105401c6f None None] logging_exception_prefix = ERROR %(name)s %(instance)s {{(pid=108521) log_opt_values /opt/stack/data/venv/lib/python3.12/site-packages/oslo_config/cfg.py:3242}}
Jun 16 01:35:35.149335 np0000180640 devstack@n-api-meta.service[108521]: DEBUG nova.api.openstack.wsgi_app [None req-5f5724bc-bdad-4111-bcd3-49c105401c6f None None] logging_user_identity_format = %(user)s %(project)s %(domain)s %(system_scope)s %(user_domain)s %(project_domain)s {{(pid=108521) log_opt_values /opt/stack/data/venv/lib/python3.12/site-packages/oslo_config/cfg.py:3242}}
Jun 16 01:35:35.149465 np0000180640 devstack@n-api-meta.service[108521]: DEBUG nova.api.openstack.wsgi_app [None req-5f5724bc-bdad-4111-bcd3-49c105401c6f None None] long_rpc_timeout = 1800 {{(pid=108521) log_opt_values /opt/stack/data/venv/lib/python3.12/site-packages/oslo_config/cfg.py:3242}}
