2026-02-27 19:26:31.676 9 INFO neutron.db.ovn_revision_numbers_db [None req-5b72f7cd-387a-490a-992d-206a5d6280a0 778d7154e6794a52a5bfdcf955d53ab3 6bba581ff869420ea127bb7803648be2 - - default default] Successfully bumped revision number for resource 6d82d517-6e3c-4537-88b9-2cf242fc3f99 (type: router_ports) to 1
2026-02-27 19:26:31.682 9 INFO neutron.wsgi [None req-5b72f7cd-387a-490a-992d-206a5d6280a0 778d7154e6794a52a5bfdcf955d53ab3 6bba581ff869420ea127bb7803648be2 - - default default] 10.0.0.20 "PUT /v2.0/routers/f1a04113-6e76-4808-a3d2-2396d5615250/add_router_interface HTTP/1.1" status: 200 len: 503 time: 3.2441549
2026-02-27 19:26:31.720 9 INFO neutron.db.ovn_revision_numbers_db [None req-641b0081-d0e5-4862-a016-48b39de2b4be 6c9497d4b7eb4c699b92d9a9cacae0c8 e3d0fa26362c443fa2da60af31910461 - - default default] Successfully bumped revision number for resource b09ed057-a284-4840-9788-a23d3ae0ae20 (type: router_ports) to 1
2026-02-27 19:26:31.743 10 INFO neutron.wsgi [req-f745ec37-062b-4646-b9c1-fdeab8f0908c req-4ee82a1e-78f8-42a9-829a-0d71768c1df2 89d5c116b2f34af191f252029d0cf57e f93db5426c7e42daaaaf664590872084 - - 6f7b00aaeedb4e52a68b5d418fcd20ae 6f7b00aaeedb4e52a68b5d418fcd20ae] 199.204.45.49 "GET /v2.0/networks/c15020fd-253e-42f8-8d2f-450a567f0cd8?fields=provider%3Aphysical_network&fields=provider%3Anetwork_type HTTP/1.1" status: 200 len: 277 time: 0.0734951
2026-02-27 19:26:31.749 9 WARNING neutron_lib.context [None req-3b3e6652-cf08-46eb-8a3c-90347716e635 778d7154e6794a52a5bfdcf955d53ab3 6bba581ff869420ea127bb7803648be2 - - default default] Method 'is_advsvc' is deprecated since 2023.2 release (neutron-lib 3.8.0) and will be removed once support for the old RBAC API policies will be removed from Neutron. Please use method 'is_service_role' instead.
2026-02-27 19:26:31.896 9 INFO neutron.db.ovn_revision_numbers_db [None req-3b3e6652-cf08-46eb-8a3c-90347716e635 778d7154e6794a52a5bfdcf955d53ab3 6bba581ff869420ea127bb7803648be2 - - default default] Successfully bumped revision number for resource c98a7bcc-12d3-4932-b8b0-b44e5810476a (type: security_groups) to 1
2026-02-27 19:26:31.921 9 INFO neutron.db.ovn_revision_numbers_db [None req-3b3e6652-cf08-46eb-8a3c-90347716e635 778d7154e6794a52a5bfdcf955d53ab3 6bba581ff869420ea127bb7803648be2 - - default default] Successfully bumped revision number for resource 94492ee6-c3b5-4242-91c2-49f7553c6f2d (type: security_group_rules) to 0
2026-02-27 19:26:31.936 9 INFO neutron.db.ovn_revision_numbers_db [None req-3b3e6652-cf08-46eb-8a3c-90347716e635 778d7154e6794a52a5bfdcf955d53ab3 6bba581ff869420ea127bb7803648be2 - - default default] Successfully bumped revision number for resource ce843a9c-7ea9-4436-8c8c-75291d58e4ae (type: security_group_rules) to 0
2026-02-27 19:26:31.966 9 INFO neutron.wsgi [None req-3b3e6652-cf08-46eb-8a3c-90347716e635 778d7154e6794a52a5bfdcf955d53ab3 6bba581ff869420ea127bb7803648be2 - - default default] 10.0.0.20 "POST /v2.0/security-groups HTTP/1.1" status: 201 len: 1827 time: 0.2307715
2026-02-27 19:26:31.976 9 WARNING neutron.scheduler.dhcp_agent_scheduler [None req-fa8053a5-e4f2-4153-8611-69587e6443cb - - - - - -] No more DHCP agents
2026-02-27 19:26:31.977 9 WARNING neutron.api.rpc.agentnotifiers.dhcp_rpc_agent_api [None req-fa8053a5-e4f2-4153-8611-69587e6443cb - - - - - -] Unable to schedule network fb912599-288f-4637-84ac-e71e1061e6b7: no agents available; will retry on subsequent port and subnet creation events.
2026-02-27 19:26:31.978 10 WARNING neutron_lib.context [None req-ee4ff7c9-1951-4fd1-9c55-0c024ee23b08 778d7154e6794a52a5bfdcf955d53ab3 6bba581ff869420ea127bb7803648be2 - - default default] Method 'is_advsvc' is deprecated since 2023.2 release (neutron-lib 3.8.0) and will be removed once support for the old RBAC API policies will be removed from Neutron. Please use method 'is_service_role' instead.
2026-02-27 19:26:32.016 10 INFO neutron.services.segments.plugin [-] Segment c93a4717-eb4a-42de-afda-2cdb39161a49 resource provider aggregate not found
2026-02-27 19:26:32.020 10 INFO neutron.services.segments.plugin [-] Segment c93a4717-eb4a-42de-afda-2cdb39161a49 resource provider aggregate not found
2026-02-27 19:26:32.037 10 INFO neutron.services.segments.plugin [-] Segment c93a4717-eb4a-42de-afda-2cdb39161a49 resource provider not found; error: Placement Client Error (4xx): {"errors": [{"status": 404, "title": "Not Found", "detail": "The resource could not be found.\n\n No resource provider with uuid c93a4717-eb4a-42de-afda-2cdb39161a49 found for delete ", "request_id": "req-d4ab50eb-bcdc-4726-8ada-906049e3963d"}]}
2026-02-27 19:26:32.038 10 INFO neutron.services.segments.plugin [-] Segment c93a4717-eb4a-42de-afda-2cdb39161a49 resource provider not found; error: Placement Client Error (4xx): {"errors": [{"status": 404, "title": "Not Found", "detail": "The resource could not be found.\n\n No resource provider with uuid c93a4717-eb4a-42de-afda-2cdb39161a49 found for delete ", "request_id": "req-0689ab54-c842-4885-be54-c8980bdc495a"}]}
2026-02-27 19:26:32.063 10 INFO neutron.wsgi [None req-95c51f56-ad7b-4fba-9fa3-d142c3e6b13d db702ebb2eb3475897d018b68f69982a 24148dc6075a4231876239a0ba878425 - - default default] 10.0.0.20 "DELETE /v2.0/networks/2ae35786-1ea7-4da0-a253-fe8cce21d3ca HTTP/1.1" status: 204 len: 168 time: 0.4232619
2026-02-27 19:26:32.081 10 WARNING neutron_lib.context [None req-c96f9b22-d774-4ab0-b1a4-a62ca0b5ebd4 db702ebb2eb3475897d018b68f69982a 24148dc6075a4231876239a0ba878425 - - default default] Method 'is_advsvc' is deprecated since 2023.2 release (neutron-lib 3.8.0) and will be removed once support for the old RBAC API policies will be removed from Neutron. Please use method 'is_service_role' instead.
2026-02-27 19:26:32.156 9 INFO neutron.db.ovn_revision_numbers_db [None req-fa8053a5-e4f2-4153-8611-69587e6443cb - - - - - -] Successfully bumped revision number for resource 3e635f0a-3998-4fb7-be3c-8bf047f27377 (type: ports) to 1
2026-02-27 19:26:32.178 10 INFO neutron.db.ovn_revision_numbers_db [None req-ee4ff7c9-1951-4fd1-9c55-0c024ee23b08 778d7154e6794a52a5bfdcf955d53ab3 6bba581ff869420ea127bb7803648be2 - - default default] Successfully bumped revision number for resource a881fce1-43eb-4b5f-ad74-5557a2d0e5b0 (type: security_group_rules) to 0
2026-02-27 19:26:32.187 10 INFO neutron.db.segments_db [None req-c96f9b22-d774-4ab0-b1a4-a62ca0b5ebd4 db702ebb2eb3475897d018b68f69982a 24148dc6075a4231876239a0ba878425 - - default default] Added segment 11c3e4cc-54f6-43e4-b403-0dc187aa16f2 of type geneve for network ae7dca5b-0620-48f7-8d7a-dbdddd3efacb
2026-02-27 19:26:32.214 10 INFO neutron.wsgi [None req-ee4ff7c9-1951-4fd1-9c55-0c024ee23b08 778d7154e6794a52a5bfdcf955d53ab3 6bba581ff869420ea127bb7803648be2 - - default default] 10.0.0.20 "POST /v2.0/security-group-rules HTTP/1.1" status: 201 len: 796 time: 0.2428417
2026-02-27 19:26:32.227 9 WARNING neutron_lib.context [None req-309f478e-0d64-4697-a1e4-c4b24a99e94f 778d7154e6794a52a5bfdcf955d53ab3 6bba581ff869420ea127bb7803648be2 - - default default] Method 'is_advsvc' is deprecated since 2023.2 release (neutron-lib 3.8.0) and will be removed once support for the old RBAC API policies will be removed from Neutron. Please use method 'is_service_role' instead.
2026-02-27 19:26:32.336 10 INFO neutron.db.ovn_revision_numbers_db [None req-c96f9b22-d774-4ab0-b1a4-a62ca0b5ebd4 db702ebb2eb3475897d018b68f69982a 24148dc6075a4231876239a0ba878425 - - default default] Successfully bumped revision number for resource ae7dca5b-0620-48f7-8d7a-dbdddd3efacb (type: networks) to 1
2026-02-27 19:26:32.381 10 WARNING neutron_lib.context [None req-d43884d8-a3b2-4301-8d71-7a75f9324b86 d6dcbc27ee9542de8de42c17dff7aaf8 382522d2a5e941b8a23eb0b041870a65 - - default default] Method 'is_advsvc' is deprecated since 2023.2 release (neutron-lib 3.8.0) and will be removed once support for the old RBAC API policies will be removed from Neutron. Please use method 'is_service_role' instead.
2026-02-27 19:26:32.434 9 INFO neutron.db.ovn_revision_numbers_db [None req-309f478e-0d64-4697-a1e4-c4b24a99e94f 778d7154e6794a52a5bfdcf955d53ab3 6bba581ff869420ea127bb7803648be2 - - default default] Successfully bumped revision number for resource a2251da8-2272-4e0d-a5e5-9f6f7f53fd07 (type: security_group_rules) to 0
2026-02-27 19:26:32.442 9 INFO neutron.db.ovn_revision_numbers_db [None req-fa8053a5-e4f2-4153-8611-69587e6443cb - - - - - -] Successfully bumped revision number for resource 3e635f0a-3998-4fb7-be3c-8bf047f27377 (type: ports) to 1
2026-02-27 19:26:32.461 9 INFO neutron.wsgi [None req-309f478e-0d64-4697-a1e4-c4b24a99e94f 778d7154e6794a52a5bfdcf955d53ab3 6bba581ff869420ea127bb7803648be2 - - default default] 10.0.0.20 "POST /v2.0/security-group-rules HTTP/1.1" status: 201 len: 796 time: 0.2409098
2026-02-27 19:26:32.476 10 WARNING neutron_lib.context [None req-1edcc229-7d75-4832-9ab8-1bd9d032d9cc 778d7154e6794a52a5bfdcf955d53ab3 6bba581ff869420ea127bb7803648be2 - - default default] Method 'is_advsvc' is deprecated since 2023.2 release (neutron-lib 3.8.0) and will be removed once support for the old RBAC API policies will be removed from Neutron. Please use method 'is_service_role' instead.
2026-02-27 19:26:32.564 10 WARNING neutron.scheduler.dhcp_agent_scheduler [None req-c96f9b22-d774-4ab0-b1a4-a62ca0b5ebd4 db702ebb2eb3475897d018b68f69982a 24148dc6075a4231876239a0ba878425 - - default default] No more DHCP agents
2026-02-27 19:26:32.568 10 WARNING neutron.api.rpc.agentnotifiers.dhcp_rpc_agent_api [None req-c96f9b22-d774-4ab0-b1a4-a62ca0b5ebd4 db702ebb2eb3475897d018b68f69982a 24148dc6075a4231876239a0ba878425 - - default default] Unable to schedule network ae7dca5b-0620-48f7-8d7a-dbdddd3efacb: no agents available; will retry on subsequent port and subnet creation events.
2026-02-27 19:26:32.607 10 INFO neutron.db.ovn_revision_numbers_db [None req-d43884d8-a3b2-4301-8d71-7a75f9324b86 d6dcbc27ee9542de8de42c17dff7aaf8 382522d2a5e941b8a23eb0b041870a65 - - default default] Successfully bumped revision number for resource ef28c851-1e7e-45ef-9231-a128ff33836e (type: security_groups) to 1
2026-02-27 19:26:32.632 10 INFO neutron.db.ovn_revision_numbers_db [None req-d43884d8-a3b2-4301-8d71-7a75f9324b86 d6dcbc27ee9542de8de42c17dff7aaf8 382522d2a5e941b8a23eb0b041870a65 - - default default] Successfully bumped revision number for resource 5ae767d4-c2c0-48a7-949b-f171c8ea1af9 (type: security_group_rules) to 0
2026-02-27 19:26:32.665 10 INFO neutron.db.ovn_revision_numbers_db [None req-d43884d8-a3b2-4301-8d71-7a75f9324b86 d6dcbc27ee9542de8de42c17dff7aaf8 382522d2a5e941b8a23eb0b041870a65 - - default default] Successfully bumped revision number for resource bbe0c340-9745-4ca7-920e-c06e9794ed87 (type: security_group_rules) to 0
2026-02-27 19:26:32.683 9 INFO neutron.wsgi [None req-641b0081-d0e5-4862-a016-48b39de2b4be 6c9497d4b7eb4c699b92d9a9cacae0c8 e3d0fa26362c443fa2da60af31910461 - - default default] 10.0.0.20 "POST /v2.0/vpn/vpnservices HTTP/1.1" status: 201 len: 656 time: 6.9345441
2026-02-27 19:26:32.690 10 INFO neutron.db.ovn_revision_numbers_db [None req-c96f9b22-d774-4ab0-b1a4-a62ca0b5ebd4 db702ebb2eb3475897d018b68f69982a 24148dc6075a4231876239a0ba878425 - - default default] Successfully bumped revision number for resource 99f9b93b-8377-4253-a583-b35f37084f50 (type: ports) to 1
2026-02-27 19:26:32.695 9 WARNING neutron_lib.context [None req-f617e26a-b31c-4dc5-80a7-ef53b7bc0ecb 6c9497d4b7eb4c699b92d9a9cacae0c8 e3d0fa26362c443fa2da60af31910461 - - default default] Method 'is_advsvc' is deprecated since 2023.2 release (neutron-lib 3.8.0) and will be removed once support for the old RBAC API policies will be removed from Neutron. Please use method 'is_service_role' instead.
2026-02-27 19:26:32.696 10 INFO neutron.wsgi [None req-d43884d8-a3b2-4301-8d71-7a75f9324b86 d6dcbc27ee9542de8de42c17dff7aaf8 382522d2a5e941b8a23eb0b041870a65 - - default default] 10.0.0.20 "POST /v2.0/security-groups HTTP/1.1" status: 201 len: 1873 time: 0.3211284
2026-02-27 19:26:32.698 10 INFO neutron.db.ovn_revision_numbers_db [None req-1edcc229-7d75-4832-9ab8-1bd9d032d9cc 778d7154e6794a52a5bfdcf955d53ab3 6bba581ff869420ea127bb7803648be2 - - default default] Successfully bumped revision number for resource ce9e516e-9db0-41ae-a4d4-82a658c98dd6 (type: security_group_rules) to 0
2026-02-27 19:26:32.707 9 WARNING neutron_lib.context [None req-b12eaf89-96f5-4618-af60-12e2a72113e3 d6dcbc27ee9542de8de42c17dff7aaf8 382522d2a5e941b8a23eb0b041870a65 - - default default] Method 'is_advsvc' is deprecated since 2023.2 release (neutron-lib 3.8.0) and will be removed once support for the old RBAC API policies will be removed from Neutron. Please use method 'is_service_role' instead.
2026-02-27 19:26:32.722 10 INFO neutron.wsgi [None req-c96f9b22-d774-4ab0-b1a4-a62ca0b5ebd4 db702ebb2eb3475897d018b68f69982a 24148dc6075a4231876239a0ba878425 - - default default] 10.0.0.20 "POST /v2.0/networks HTTP/1.1" status: 201 len: 833 time: 0.6459653
2026-02-27 19:26:32.728 10 INFO neutron.wsgi [None req-1edcc229-7d75-4832-9ab8-1bd9d032d9cc 778d7154e6794a52a5bfdcf955d53ab3 6bba581ff869420ea127bb7803648be2 - - default default] 10.0.0.20 "POST /v2.0/security-group-rules HTTP/1.1" status: 201 len: 798 time: 0.2575495
2026-02-27 19:26:32.734 10 WARNING neutron_lib.context [None req-74e2948c-1a26-40d0-b638-59b2cb180cdc db702ebb2eb3475897d018b68f69982a 24148dc6075a4231876239a0ba878425 - - default default] Method 'is_advsvc' is deprecated since 2023.2 release (neutron-lib 3.8.0) and will be removed once support for the old RBAC API policies will be removed from Neutron. Please use method 'is_service_role' instead.
2026-02-27 19:26:32.741 10 WARNING neutron_lib.context [None req-450d6e12-56df-4b5e-b1a9-8d1b87cc870b 778d7154e6794a52a5bfdcf955d53ab3 6bba581ff869420ea127bb7803648be2 - - default default] Method 'is_advsvc' is deprecated since 2023.2 release (neutron-lib 3.8.0) and will be removed once support for the old RBAC API policies will be removed from Neutron. Please use method 'is_service_role' instead.
2026-02-27 19:26:32.912 9 INFO neutron.db.ovn_revision_numbers_db [None req-b12eaf89-96f5-4618-af60-12e2a72113e3 d6dcbc27ee9542de8de42c17dff7aaf8 382522d2a5e941b8a23eb0b041870a65 - - default default] Successfully bumped revision number for resource 109341f5-a951-4cfd-bfb9-13abd402b0d1 (type: security_group_rules) to 0
2026-02-27 19:26:32.932 10 INFO neutron.db.ovn_revision_numbers_db [None req-450d6e12-56df-4b5e-b1a9-8d1b87cc870b 778d7154e6794a52a5bfdcf955d53ab3 6bba581ff869420ea127bb7803648be2 - - default default] Successfully bumped revision number for resource e942be25-968b-4809-8b09-7a8b28e4a121 (type: security_group_rules) to 0
2026-02-27 19:26:32.955 9 INFO neutron.wsgi [None req-b12eaf89-96f5-4618-af60-12e2a72113e3 d6dcbc27ee9542de8de42c17dff7aaf8 382522d2a5e941b8a23eb0b041870a65 - - default default] 10.0.0.20 "POST /v2.0/security-group-rules HTTP/1.1" status: 201 len: 796 time: 0.2530944
2026-02-27 19:26:32.963 10 INFO neutron.wsgi [None req-450d6e12-56df-4b5e-b1a9-8d1b87cc870b 778d7154e6794a52a5bfdcf955d53ab3 6bba581ff869420ea127bb7803648be2 - - default default] 10.0.0.20 "POST /v2.0/security-group-rules HTTP/1.1" status: 201 len: 800 time: 0.2268023
2026-02-27 19:26:32.964 9 WARNING neutron_lib.context [None req-6bf883e0-dd16-46be-ac07-1b2c9834ed08 d6dcbc27ee9542de8de42c17dff7aaf8 382522d2a5e941b8a23eb0b041870a65 - - default default] Method 'is_advsvc' is deprecated since 2023.2 release (neutron-lib 3.8.0) and will be removed once support for the old RBAC API policies will be removed from Neutron. Please use method 'is_service_role' instead.
2026-02-27 19:26:32.977 9 WARNING neutron_lib.context [None req-37aeb263-3b8c-46cd-a781-66c9f33f6e2c 778d7154e6794a52a5bfdcf955d53ab3 6bba581ff869420ea127bb7803648be2 - - default default] Method 'is_advsvc' is deprecated since 2023.2 release (neutron-lib 3.8.0) and will be removed once support for the old RBAC API policies will be removed from Neutron. Please use method 'is_service_role' instead.
2026-02-27 19:26:32.990 10 WARNING neutron.scheduler.dhcp_agent_scheduler [None req-74e2948c-1a26-40d0-b638-59b2cb180cdc db702ebb2eb3475897d018b68f69982a 24148dc6075a4231876239a0ba878425 - - default default] No more DHCP agents
2026-02-27 19:26:32.996 10 WARNING neutron.api.rpc.agentnotifiers.dhcp_rpc_agent_api [None req-74e2948c-1a26-40d0-b638-59b2cb180cdc db702ebb2eb3475897d018b68f69982a 24148dc6075a4231876239a0ba878425 - - default default] Unable to schedule network ae7dca5b-0620-48f7-8d7a-dbdddd3efacb: no agents available; will retry on subsequent port and subnet creation events.
2026-02-27 19:26:33.002 10 WARNING neutron.plugins.ml2.drivers.ovn.mech_driver.ovsdb.ovn_client [None req-cd22cb5e-bbff-43fa-a989-1d0dd7f5d2c4 - - - - - -] No hosting information found for port 5686bd7b-014c-4fb1-82db-76018dc1fbea: RuntimeError: No hosting information found for port 5686bd7b-014c-4fb1-82db-76018dc1fbea
2026-02-27 19:26:33.003 10 INFO neutron.plugins.ml2.drivers.ovn.mech_driver.mech_driver [None req-cd22cb5e-bbff-43fa-a989-1d0dd7f5d2c4 - - - - - -] OVN reports status up for port: 86e11b7e-1443-4039-8184-cc6c0db3a65f
2026-02-27 19:26:33.016 10 INFO neutron.plugins.ml2.plugin [None req-cd22cb5e-bbff-43fa-a989-1d0dd7f5d2c4 - - - - - -] Attempt 1 to provision port 86e11b7e-1443-4039-8184-cc6c0db3a65f
2026-02-27 19:26:33.046 10 INFO neutron.db.ovn_revision_numbers_db [None req-74e2948c-1a26-40d0-b638-59b2cb180cdc db702ebb2eb3475897d018b68f69982a 24148dc6075a4231876239a0ba878425 - - default default] Successfully bumped revision number for resource 2c5e681e-3caa-412f-a869-a16f19a33603 (type: subnets) to 0
2026-02-27 19:26:33.060 10 INFO neutron.wsgi [None req-74e2948c-1a26-40d0-b638-59b2cb180cdc db702ebb2eb3475897d018b68f69982a 24148dc6075a4231876239a0ba878425 - - default default] 10.0.0.20 "POST /v2.0/subnets HTTP/1.1" status: 201 len: 821 time: 0.3304670
2026-02-27 19:26:33.071 10 WARNING neutron_lib.context [None req-e2520853-5a83-4235-8539-f88231525f7a db702ebb2eb3475897d018b68f69982a 24148dc6075a4231876239a0ba878425 - - default default] Method 'is_advsvc' is deprecated since 2023.2 release (neutron-lib 3.8.0) and will be removed once support for the old RBAC API policies will be removed from Neutron. Please use method 'is_service_role' instead.
2026-02-27 19:26:33.154 9 INFO neutron.wsgi [None req-f617e26a-b31c-4dc5-80a7-ef53b7bc0ecb 6c9497d4b7eb4c699b92d9a9cacae0c8 e3d0fa26362c443fa2da60af31910461 - - default default] 10.0.0.20 "POST /v2.0/vpn/vpnservices HTTP/1.1" status: 201 len: 623 time: 0.4650791
2026-02-27 19:26:33.164 9 WARNING neutron_lib.context [None req-113964a9-0ffe-4beb-a78a-229d77757754 6c9497d4b7eb4c699b92d9a9cacae0c8 e3d0fa26362c443fa2da60af31910461 - - default default] Method 'is_advsvc' is deprecated since 2023.2 release (neutron-lib 3.8.0) and will be removed once support for the old RBAC API policies will be removed from Neutron. Please use method 'is_service_role' instead.
2026-02-27 19:26:33.194 9 INFO neutron.db.ovn_revision_numbers_db [None req-6bf883e0-dd16-46be-ac07-1b2c9834ed08 d6dcbc27ee9542de8de42c17dff7aaf8 382522d2a5e941b8a23eb0b041870a65 - - default default] Successfully bumped revision number for resource 8f0c65ec-4628-4420-8f3c-aafa65c2b5a3 (type: security_group_rules) to 0
2026-02-27 19:26:33.206 9 INFO neutron.db.ovn_revision_numbers_db [None req-37aeb263-3b8c-46cd-a781-66c9f33f6e2c 778d7154e6794a52a5bfdcf955d53ab3 6bba581ff869420ea127bb7803648be2 - - default default] Successfully bumped revision number for resource 85702671-91d5-4b0c-b52a-547d3a1fb74f (type: security_group_rules) to 0
2026-02-27 19:26:33.211 9 INFO neutron.wsgi [None req-113964a9-0ffe-4beb-a78a-229d77757754 6c9497d4b7eb4c699b92d9a9cacae0c8 e3d0fa26362c443fa2da60af31910461 - - default default] 10.0.0.20 "POST /v2.0/vpn/ikepolicies HTTP/1.1" status: 201 len: 602 time: 0.0519273
2026-02-27 19:26:33.222 9 WARNING neutron_lib.context [None req-6954e119-e363-43c8-a002-10a9914dcc4f 6c9497d4b7eb4c699b92d9a9cacae0c8 e3d0fa26362c443fa2da60af31910461 - - default default] Method 'is_advsvc' is deprecated since 2023.2 release (neutron-lib 3.8.0) and will be removed once support for the old RBAC API policies will be removed from Neutron. Please use method 'is_service_role' instead.
2026-02-27 19:26:33.229 9 INFO neutron.wsgi [None req-6bf883e0-dd16-46be-ac07-1b2c9834ed08 d6dcbc27ee9542de8de42c17dff7aaf8 382522d2a5e941b8a23eb0b041870a65 - - default default] 10.0.0.20 "POST /v2.0/security-group-rules HTTP/1.1" status: 201 len: 795 time: 0.2690177
2026-02-27 19:26:33.241 9 WARNING neutron_lib.context [None req-f166e1ca-6f5f-4cfe-8f1d-401a67468393 d6dcbc27ee9542de8de42c17dff7aaf8 382522d2a5e941b8a23eb0b041870a65 - - default default] Method 'is_advsvc' is deprecated since 2023.2 release (neutron-lib 3.8.0) and will be removed once support for the old RBAC API policies will be removed from Neutron. Please use method 'is_service_role' instead.
2026-02-27 19:26:33.249 9 INFO neutron.wsgi [None req-37aeb263-3b8c-46cd-a781-66c9f33f6e2c 778d7154e6794a52a5bfdcf955d53ab3 6bba581ff869420ea127bb7803648be2 - - default default] 10.0.0.20 "POST /v2.0/security-group-rules HTTP/1.1" status: 201 len: 800 time: 0.2809377
2026-02-27 19:26:33.259 9 WARNING neutron_lib.context [None req-8c99ead7-3a60-4e27-b513-7ed1dd3af6db 778d7154e6794a52a5bfdcf955d53ab3 6bba581ff869420ea127bb7803648be2 - - default default] Method 'is_advsvc' is deprecated since 2023.2 release (neutron-lib 3.8.0) and will be removed once support for the old RBAC API policies will be removed from Neutron. Please use method 'is_service_role' instead.
2026-02-27 19:26:33.287 9 INFO neutron.wsgi [None req-6954e119-e363-43c8-a002-10a9914dcc4f 6c9497d4b7eb4c699b92d9a9cacae0c8 e3d0fa26362c443fa2da60af31910461 - - default default] 10.0.0.20 "POST /v2.0/vpn/ipsecpolicies HTTP/1.1" status: 201 len: 612 time: 0.0700374
2026-02-27 19:26:33.296 9 WARNING neutron_lib.context [None req-905191c6-08d5-46b3-be23-3529715522d1 6c9497d4b7eb4c699b92d9a9cacae0c8 e3d0fa26362c443fa2da60af31910461 - - default default] Method 'is_advsvc' is deprecated since 2023.2 release (neutron-lib 3.8.0) and will be removed once support for the old RBAC API policies will be removed from Neutron. Please use method 'is_service_role' instead.
2026-02-27 19:26:33.386 9 INFO neutron.wsgi [None req-905191c6-08d5-46b3-be23-3529715522d1 6c9497d4b7eb4c699b92d9a9cacae0c8 e3d0fa26362c443fa2da60af31910461 - - default default] 10.0.0.20 "POST /v2.0/vpn/endpoint-groups HTTP/1.1" status: 201 len: 526 time: 0.0947394
2026-02-27 19:26:33.397 9 WARNING neutron_lib.context [None req-6c6789f6-e721-4a12-947c-1c9c6b28bb58 6c9497d4b7eb4c699b92d9a9cacae0c8 e3d0fa26362c443fa2da60af31910461 - - default default] Method 'is_advsvc' is deprecated since 2023.2 release (neutron-lib 3.8.0) and will be removed once support for the old RBAC API policies will be removed from Neutron. Please use method 'is_service_role' instead.
2026-02-27 19:26:33.431 10 INFO neutron.db.ovn_revision_numbers_db [None req-e2520853-5a83-4235-8539-f88231525f7a db702ebb2eb3475897d018b68f69982a 24148dc6075a4231876239a0ba878425 - - default default] Successfully bumped revision number for resource 2d0c8c4d-34a8-4558-8aa2-2607cc18b0cb (type: routers) to 1
2026-02-27 19:26:33.447 10 INFO neutron.wsgi [None req-e2520853-5a83-4235-8539-f88231525f7a db702ebb2eb3475897d018b68f69982a 24148dc6075a4231876239a0ba878425 - - default default] 10.0.0.20 "POST /v2.0/routers HTTP/1.1" status: 201 len: 806 time: 0.3806574
2026-02-27 19:26:33.451 9 INFO neutron.db.ovn_revision_numbers_db [None req-f166e1ca-6f5f-4cfe-8f1d-401a67468393 d6dcbc27ee9542de8de42c17dff7aaf8 382522d2a5e941b8a23eb0b041870a65 - - default default] Successfully bumped revision number for resource 7e35a342-8a3e-43a3-88ca-f439beecb7a6 (type: security_group_rules) to 0
2026-02-27 19:26:33.702 9 INFO neutron.wsgi [None req-6c6789f6-e721-4a12-947c-1c9c6b28bb58 6c9497d4b7eb4c699b92d9a9cacae0c8 e3d0fa26362c443fa2da60af31910461 - - default default] 10.0.0.20 "POST /v2.0/vpn/endpoint-groups HTTP/1.1" status: 201 len: 519 time: 0.3111873
2026-02-27 19:26:33.704 9 INFO neutron.db.ovn_revision_numbers_db [None req-8c99ead7-3a60-4e27-b513-7ed1dd3af6db 778d7154e6794a52a5bfdcf955d53ab3 6bba581ff869420ea127bb7803648be2 - - default default] Successfully bumped revision number for resource be18286f-d7dc-44b9-bdd7-8630e98b6c94 (type: security_group_rules) to 0
2026-02-27 19:26:33.714 9 WARNING neutron_lib.context [None req-64fcf422-768a-4610-b71a-477bb610f1de 6c9497d4b7eb4c699b92d9a9cacae0c8 e3d0fa26362c443fa2da60af31910461 - - default default] Method 'is_advsvc' is deprecated since 2023.2 release (neutron-lib 3.8.0) and will be removed once support for the old RBAC API policies will be removed from Neutron. Please use method 'is_service_role' instead.
2026-02-27 19:26:33.732 9 INFO neutron.wsgi [None req-f166e1ca-6f5f-4cfe-8f1d-401a67468393 d6dcbc27ee9542de8de42c17dff7aaf8 382522d2a5e941b8a23eb0b041870a65 - - default default] 10.0.0.20 "POST /v2.0/security-group-rules HTTP/1.1" status: 201 len: 801 time: 0.4963951
2026-02-27 19:26:33.742 9 WARNING neutron_lib.context [None req-fa8a4226-1781-4032-b55b-a3ab08e27052 d6dcbc27ee9542de8de42c17dff7aaf8 382522d2a5e941b8a23eb0b041870a65 - - default default] Method 'is_advsvc' is deprecated since 2023.2 release (neutron-lib 3.8.0) and will be removed once support for the old RBAC API policies will be removed from Neutron. Please use method 'is_service_role' instead.
2026-02-27 19:26:33.754 9 INFO neutron.wsgi [None req-8c99ead7-3a60-4e27-b513-7ed1dd3af6db 778d7154e6794a52a5bfdcf955d53ab3 6bba581ff869420ea127bb7803648be2 - - default default] 10.0.0.20 "POST /v2.0/security-group-rules HTTP/1.1" status: 201 len: 796 time: 0.4992487
2026-02-27 19:26:33.769 10 WARNING neutron_lib.context [None req-120643f9-b7b9-4e37-86eb-7515fb858a25 778d7154e6794a52a5bfdcf955d53ab3 6bba581ff869420ea127bb7803648be2 - - default default] Method 'is_advsvc' is deprecated since 2023.2 release (neutron-lib 3.8.0) and will be removed once support for the old RBAC API policies will be removed from Neutron. Please use method 'is_service_role' instead.
2026-02-27 19:26:33.823 10 INFO neutron.db.ovn_revision_numbers_db [None req-cd22cb5e-bbff-43fa-a989-1d0dd7f5d2c4 - - - - - -] Successfully bumped revision number for resource 86e11b7e-1443-4039-8184-cc6c0db3a65f (type: ports) to 2
2026-02-27 19:26:33.945 9 INFO neutron.db.ovn_revision_numbers_db [None req-fa8a4226-1781-4032-b55b-a3ab08e27052 d6dcbc27ee9542de8de42c17dff7aaf8 382522d2a5e941b8a23eb0b041870a65 - - default default] Successfully bumped revision number for resource 5dd67d72-fe68-40a9-a744-38aca796d55e (type: security_group_rules) to 0
2026-02-27 19:26:33.986 9 INFO neutron.wsgi [None req-fa8a4226-1781-4032-b55b-a3ab08e27052 d6dcbc27ee9542de8de42c17dff7aaf8 382522d2a5e941b8a23eb0b041870a65 - - default default] 10.0.0.20 "POST /v2.0/security-group-rules HTTP/1.1" status: 201 len: 800 time: 0.2477055
2026-02-27 19:26:33.998 9 WARNING neutron_lib.context [None req-f0f0a2a3-cef9-4128-8ba3-bba82a74ea10 d6dcbc27ee9542de8de42c17dff7aaf8 382522d2a5e941b8a23eb0b041870a65 - - default default] Method 'is_advsvc' is deprecated since 2023.2 release (neutron-lib 3.8.0) and will be removed once support for the old RBAC API policies will be removed from Neutron. Please use method 'is_service_role' instead.
2026-02-27 19:26:34.042 10 WARNING neutron.scheduler.dhcp_agent_scheduler [None req-3d95e681-cfa1-435d-84ff-b8b7786ea3c1 db702ebb2eb3475897d018b68f69982a 24148dc6075a4231876239a0ba878425 - - default default] No more DHCP agents
2026-02-27 19:26:34.044 10 WARNING neutron.api.rpc.agentnotifiers.dhcp_rpc_agent_api [None req-3d95e681-cfa1-435d-84ff-b8b7786ea3c1 db702ebb2eb3475897d018b68f69982a 24148dc6075a4231876239a0ba878425 - - default default] Unable to schedule network ae7dca5b-0620-48f7-8d7a-dbdddd3efacb: no agents available; will retry on subsequent port and subnet creation events.
2026-02-27 19:26:34.052 9 INFO neutron.db.securitygroups_db [None req-f0f0a2a3-cef9-4128-8ba3-bba82a74ea10 d6dcbc27ee9542de8de42c17dff7aaf8 382522d2a5e941b8a23eb0b041870a65 - - default default] Project 382522d2a5e941b8a23eb0b041870a65 added a security group rule with legacy IPv6 ICMP protocol name icmp, ipv6-icmp should be used instead. It was automatically converted.
2026-02-27 19:26:34.093 10 INFO neutron.db.ovn_revision_numbers_db [None req-cd22cb5e-bbff-43fa-a989-1d0dd7f5d2c4 - - - - - -] Successfully bumped revision number for resource 86e11b7e-1443-4039-8184-cc6c0db3a65f (type: router_ports) to 2
2026-02-27 19:26:34.125 10 INFO neutron.db.ovn_revision_numbers_db [None req-120643f9-b7b9-4e37-86eb-7515fb858a25 778d7154e6794a52a5bfdcf955d53ab3 6bba581ff869420ea127bb7803648be2 - - default default] Successfully bumped revision number for resource 9ef9e0d7-fca6-4a73-8b0e-59ea870e45b5 (type: security_group_rules) to 0
2026-02-27 19:26:34.169 10 INFO neutron.wsgi [None req-120643f9-b7b9-4e37-86eb-7515fb858a25 778d7154e6794a52a5bfdcf955d53ab3 6bba581ff869420ea127bb7803648be2 - - default default] 10.0.0.20 "POST /v2.0/security-group-rules HTTP/1.1" status: 201 len: 796 time: 0.4043858
2026-02-27 19:26:34.190 9 WARNING neutron_lib.context [None req-23a4bec0-30e9-492f-81a6-72bd82ef94dd 778d7154e6794a52a5bfdcf955d53ab3 6bba581ff869420ea127bb7803648be2 - - default default] Method 'is_advsvc' is deprecated since 2023.2 release (neutron-lib 3.8.0) and will be removed once support for the old RBAC API policies will be removed from Neutron. Please use method 'is_service_role' instead.
2026-02-27 19:26:34.230 10 INFO neutron.db.ovn_revision_numbers_db [None req-3d95e681-cfa1-435d-84ff-b8b7786ea3c1 db702ebb2eb3475897d018b68f69982a 24148dc6075a4231876239a0ba878425 - - default default] Successfully bumped revision number for resource 6254d924-d369-4cfe-a7a7-26ca3036d6d5 (type: ports) to 1
2026-02-27 19:26:34.248 9 INFO neutron.db.ovn_revision_numbers_db [None req-f0f0a2a3-cef9-4128-8ba3-bba82a74ea10 d6dcbc27ee9542de8de42c17dff7aaf8 382522d2a5e941b8a23eb0b041870a65 - - default default] Successfully bumped revision number for resource ca9462a8-e6e0-4035-aabb-b130d9a6e44c (type: security_group_rules) to 0
2026-02-27 19:26:34.294 9 INFO neutron.wsgi [None req-f0f0a2a3-cef9-4128-8ba3-bba82a74ea10 d6dcbc27ee9542de8de42c17dff7aaf8 382522d2a5e941b8a23eb0b041870a65 - - default default] 10.0.0.20 "POST /v2.0/security-group-rules HTTP/1.1" status: 201 len: 806 time: 0.3004704
2026-02-27 19:26:34.308 10 WARNING neutron_lib.context [None req-d68cae3f-3612-4282-8255-596098f5017d d6dcbc27ee9542de8de42c17dff7aaf8 382522d2a5e941b8a23eb0b041870a65 - - default default] Method 'is_advsvc' is deprecated since 2023.2 release (neutron-lib 3.8.0) and will be removed once support for the old RBAC API policies will be removed from Neutron. Please use method 'is_service_role' instead.
2026-02-27 19:26:34.383 10 INFO neutron.db.securitygroups_db [None req-d68cae3f-3612-4282-8255-596098f5017d d6dcbc27ee9542de8de42c17dff7aaf8 382522d2a5e941b8a23eb0b041870a65 - - default default] Project 382522d2a5e941b8a23eb0b041870a65 added a security group rule with legacy IPv6 ICMP protocol name icmp, ipv6-icmp should be used instead. It was automatically converted.
2026-02-27 19:26:34.457 9 INFO neutron.db.ovn_revision_numbers_db [None req-23a4bec0-30e9-492f-81a6-72bd82ef94dd 778d7154e6794a52a5bfdcf955d53ab3 6bba581ff869420ea127bb7803648be2 - - default default] Successfully bumped revision number for resource 2f738369-c5ae-4c3d-a64e-0d63cd298bf4 (type: security_group_rules) to 0
2026-02-27 19:26:34.488 9 INFO neutron.wsgi [None req-23a4bec0-30e9-492f-81a6-72bd82ef94dd 778d7154e6794a52a5bfdcf955d53ab3 6bba581ff869420ea127bb7803648be2 - - default default] 10.0.0.20 "POST /v2.0/security-group-rules HTTP/1.1" status: 201 len: 796 time: 0.3046753
2026-02-27 19:26:34.498 9 WARNING neutron_lib.context [None req-7814984d-cd0c-4615-9ab0-8b2e7edfe9b5 778d7154e6794a52a5bfdcf955d53ab3 6bba581ff869420ea127bb7803648be2 - - default default] Method 'is_advsvc' is deprecated since 2023.2 release (neutron-lib 3.8.0) and will be removed once support for the old RBAC API policies will be removed from Neutron. Please use method 'is_service_role' instead.
2026-02-27 19:26:34.536 10 INFO neutron.db.ovn_revision_numbers_db [None req-d68cae3f-3612-4282-8255-596098f5017d d6dcbc27ee9542de8de42c17dff7aaf8 382522d2a5e941b8a23eb0b041870a65 - - default default] Successfully bumped revision number for resource 061698b8-733e-4f54-998f-6b6cdfef0083 (type: security_group_rules) to 0
2026-02-27 19:26:34.564 10 INFO neutron.wsgi [None req-d68cae3f-3612-4282-8255-596098f5017d d6dcbc27ee9542de8de42c17dff7aaf8 382522d2a5e941b8a23eb0b041870a65 - - default default] 10.0.0.20 "POST /v2.0/security-group-rules HTTP/1.1" status: 201 len: 805 time: 0.2643192
2026-02-27 19:26:34.593 9 INFO neutron.db.ovn_revision_numbers_db [None req-64fcf422-768a-4610-b71a-477bb610f1de 6c9497d4b7eb4c699b92d9a9cacae0c8 e3d0fa26362c443fa2da60af31910461 - - default default] Successfully bumped revision number for resource 33d67a82-96b7-46da-a2a5-3c21b63890f5 (type: routers) to 5
2026-02-27 19:26:34.640 9 INFO neutron.wsgi [None req-64fcf422-768a-4610-b71a-477bb610f1de 6c9497d4b7eb4c699b92d9a9cacae0c8 e3d0fa26362c443fa2da60af31910461 - - default default] 10.0.0.20 "POST /v2.0/vpn/ipsec-site-connections HTTP/1.1" status: 201 len: 1001 time: 0.9330251
2026-02-27 19:26:34.660 10 WARNING neutron_lib.context [None req-8f4a9635-d0dc-41e5-bb19-122bbab13597 6c9497d4b7eb4c699b92d9a9cacae0c8 e3d0fa26362c443fa2da60af31910461 - - default default] Method 'is_advsvc' is deprecated since 2023.2 release (neutron-lib 3.8.0) and will be removed once support for the old RBAC API policies will be removed from Neutron. Please use method 'is_service_role' instead.
2026-02-27 19:26:34.671 9 INFO neutron.db.ovn_revision_numbers_db [None req-7814984d-cd0c-4615-9ab0-8b2e7edfe9b5 778d7154e6794a52a5bfdcf955d53ab3 6bba581ff869420ea127bb7803648be2 - - default default] Successfully bumped revision number for resource 10e748b4-8026-4f5d-8dcc-abe20fcaaba0 (type: security_group_rules) to 0
2026-02-27 19:26:34.696 9 INFO neutron.wsgi [None req-7814984d-cd0c-4615-9ab0-8b2e7edfe9b5 778d7154e6794a52a5bfdcf955d53ab3 6bba581ff869420ea127bb7803648be2 - - default default] 10.0.0.20 "POST /v2.0/security-group-rules HTTP/1.1" status: 201 len: 798 time: 0.2036951
2026-02-27 19:26:34.706 9 WARNING neutron_lib.context [None req-60440a3c-1d30-4c10-8f45-8f91eace9b4f 778d7154e6794a52a5bfdcf955d53ab3 6bba581ff869420ea127bb7803648be2 - - default default] Method 'is_advsvc' is deprecated since 2023.2 release (neutron-lib 3.8.0) and will be removed once support for the old RBAC API policies will be removed from Neutron. Please use method 'is_service_role' instead.
2026-02-27 19:26:34.712 10 INFO neutron.wsgi [None req-8f4a9635-d0dc-41e5-bb19-122bbab13597 6c9497d4b7eb4c699b92d9a9cacae0c8 e3d0fa26362c443fa2da60af31910461 - - default default] 10.0.0.20 "POST /v2.0/vpn/endpoint-groups HTTP/1.1" status: 201 len: 487 time: 0.0654528
2026-02-27 19:26:34.714 10 ERROR ovsdbapp.backend.ovs_idl.command [None req-3d95e681-cfa1-435d-84ff-b8b7786ea3c1 db702ebb2eb3475897d018b68f69982a 24148dc6075a4231876239a0ba878425 - - default default] Error executing command (DbGetCommand): ovsdbapp.backend.ovs_idl.idlutils.RowNotFound: Cannot find Logical_Router_Port with name=lrp-6254d924-d369-4cfe-a7a7-26ca3036d6d5
2026-02-27 19:26:34.714 10 ERROR ovsdbapp.backend.ovs_idl.command
Traceback (most recent call last):
2026-02-27 19:26:34.714 10 ERROR ovsdbapp.backend.ovs_idl.command
File "/var/lib/openstack/lib/python3.10/site-packages/ovsdbapp/backend/ovs_idl/command.py", line 47, in execute
2026-02-27 19:26:34.714 10 ERROR ovsdbapp.backend.ovs_idl.command self.run_idl(None)
2026-02-27 19:26:34.714 10 ERROR ovsdbapp.backend.ovs_idl.command
File "/var/lib/openstack/lib/python3.10/site-packages/ovsdbapp/backend/ovs_idl/command.py", line 235, in run_idl
2026-02-27 19:26:34.714 10 ERROR ovsdbapp.backend.ovs_idl.command record = self.api.lookup(self.table, self.record)
2026-02-27 19:26:34.714 10 ERROR ovsdbapp.backend.ovs_idl.command
File "/var/lib/openstack/lib/python3.10/site-packages/ovsdbapp/backend/ovs_idl/__init__.py", line 184, in lookup
2026-02-27 19:26:34.714 10 ERROR ovsdbapp.backend.ovs_idl.command return self._lookup(table, record)
2026-02-27 19:26:34.714 10 ERROR ovsdbapp.backend.ovs_idl.command
File "/var/lib/openstack/lib/python3.10/site-packages/ovsdbapp/backend/ovs_idl/__init__.py", line 235, in _lookup
2026-02-27 19:26:34.714 10 ERROR ovsdbapp.backend.ovs_idl.command row = idlutils.row_by_value(self, rl.table, rl.column, record)
2026-02-27 19:26:34.714 10 ERROR ovsdbapp.backend.ovs_idl.command
File "/var/lib/openstack/lib/python3.10/site-packages/ovsdbapp/backend/ovs_idl/idlutils.py", line 114, in row_by_value
2026-02-27 19:26:34.714 10 ERROR ovsdbapp.backend.ovs_idl.command raise RowNotFound(table=table, col=column, match=match)
2026-02-27 19:26:34.714 10 ERROR ovsdbapp.backend.ovs_idl.command ovsdbapp.backend.ovs_idl.idlutils.RowNotFound: Cannot find Logical_Router_Port with name=lrp-6254d924-d369-4cfe-a7a7-26ca3036d6d5
2026-02-27 19:26:34.714 10 ERROR ovsdbapp.backend.ovs_idl.command 
2026-02-27 19:26:34.714 10 ERROR neutron_lib.callbacks.manager [None req-3d95e681-cfa1-435d-84ff-b8b7786ea3c1 db702ebb2eb3475897d018b68f69982a 24148dc6075a4231876239a0ba878425 - - default default] Error during notification for neutron.services.ovn_l3.plugin.OVNL3RouterPlugin._port_update-8750809390831 port, after_update: ovsdbapp.backend.ovs_idl.idlutils.RowNotFound: Cannot find Logical_Router_Port with name=lrp-6254d924-d369-4cfe-a7a7-26ca3036d6d5
2026-02-27 19:26:34.714 10 ERROR neutron_lib.callbacks.manager
Traceback (most recent call last):
2026-02-27 19:26:34.714 10 ERROR neutron_lib.callbacks.manager
File "/var/lib/openstack/lib/python3.10/site-packages/neutron_lib/callbacks/manager.py", line 189, in _notify_loop
2026-02-27 19:26:34.714 10 ERROR neutron_lib.callbacks.manager callback.method(resource, event, trigger, payload=payload)
2026-02-27 19:26:34.714 10 ERROR neutron_lib.callbacks.manager
File "/var/lib/openstack/lib/python3.10/site-packages/neutron/services/ovn_l3/plugin.py", line 391, in _port_update
2026-02-27 19:26:34.714 10 ERROR neutron_lib.callbacks.manager l3plugin._ovn_client.update_router_port(context,
2026-02-27 19:26:34.714 10 ERROR neutron_lib.callbacks.manager
File "/var/lib/openstack/lib/python3.10/site-packages/neutron/plugins/ml2/drivers/ovn/mech_driver/ovsdb/ovn_client.py", line 1878, in update_router_port
2026-02-27 19:26:34.714 10 ERROR neutron_lib.callbacks.manager self._update_lrouter_port(context, port, if_exists=if_exists,
2026-02-27 19:26:34.714 10 ERROR neutron_lib.callbacks.manager
File "/var/lib/openstack/lib/python3.10/site-packages/neutron/plugins/ml2/drivers/ovn/mech_driver/ovsdb/ovn_client.py", line 1855, in _update_lrouter_port
2026-02-27 19:26:34.714 10 ERROR neutron_lib.callbacks.manager external_ids = self._nb_idl.db_get(
2026-02-27 19:26:34.714 10 ERROR neutron_lib.callbacks.manager
File "/var/lib/openstack/lib/python3.10/site-packages/ovsdbapp/backend/ovs_idl/command.py", line 47, in execute
2026-02-27 19:26:34.714 10 ERROR neutron_lib.callbacks.manager self.run_idl(None)
2026-02-27 19:26:34.714 10 ERROR neutron_lib.callbacks.manager
File "/var/lib/openstack/lib/python3.10/site-packages/ovsdbapp/backend/ovs_idl/command.py", line 235, in run_idl
2026-02-27 19:26:34.714 10 ERROR neutron_lib.callbacks.manager record = self.api.lookup(self.table, self.record)
2026-02-27 19:26:34.714 10 ERROR neutron_lib.callbacks.manager
File "/var/lib/openstack/lib/python3.10/site-packages/ovsdbapp/backend/ovs_idl/__init__.py", line 184, in lookup
2026-02-27 19:26:34.714 10 ERROR neutron_lib.callbacks.manager return self._lookup(table, record)
2026-02-27 19:26:34.714 10 ERROR neutron_lib.callbacks.manager
File "/var/lib/openstack/lib/python3.10/site-packages/ovsdbapp/backend/ovs_idl/__init__.py", line 235, in _lookup
2026-02-27 19:26:34.714 10 ERROR neutron_lib.callbacks.manager row = idlutils.row_by_value(self, rl.table, rl.column, record)
2026-02-27 19:26:34.714 10 ERROR neutron_lib.callbacks.manager
File "/var/lib/openstack/lib/python3.10/site-packages/ovsdbapp/backend/ovs_idl/idlutils.py", line 114, in row_by_value
2026-02-27 19:26:34.714 10 ERROR neutron_lib.callbacks.manager raise RowNotFound(table=table, col=column, match=match)
2026-02-27 19:26:34.714 10 ERROR neutron_lib.callbacks.manager ovsdbapp.backend.ovs_idl.idlutils.RowNotFound: Cannot find Logical_Router_Port with name=lrp-6254d924-d369-4cfe-a7a7-26ca3036d6d5
2026-02-27 19:26:34.714 10 ERROR neutron_lib.callbacks.manager 
2026-02-27 19:26:34.749 10 INFO neutron.wsgi [None req-19df1952-66c6-49ef-b6e4-d7f3820d3e7a 6c9497d4b7eb4c699b92d9a9cacae0c8 e3d0fa26362c443fa2da60af31910461 - - default default] 10.0.0.20 "DELETE /v2.0/vpn/endpoint-groups/511ffd05-53a6-4da3-9d44-04929d43eda1 HTTP/1.1" status: 204 len: 168 time: 0.0320740
2026-02-27 19:26:34.769 10 INFO neutron.wsgi [None req-b66a6f0f-3a5c-4b05-a782-c210f8c64a9b 6c9497d4b7eb4c699b92d9a9cacae0c8 e3d0fa26362c443fa2da60af31910461 - - default default] 10.0.0.20 "GET /v2.0/vpn/endpoint-groups HTTP/1.1" status: 200 len: 826 time: 0.0156834
2026-02-27 19:26:34.791 10 INFO neutron.wsgi [None req-2cdf63d3-9ce5-47bf-bd03-0040f0ae1e84 6c9497d4b7eb4c699b92d9a9cacae0c8 e3d0fa26362c443fa2da60af31910461 - - default default] 10.0.0.20 "GET /v2.0/vpn/endpoint-groups HTTP/1.1" status: 200 len: 826 time: 0.0174415
2026-02-27 19:26:34.876 9 INFO neutron.db.ovn_revision_numbers_db [None req-60440a3c-1d30-4c10-8f45-8f91eace9b4f 778d7154e6794a52a5bfdcf955d53ab3 6bba581ff869420ea127bb7803648be2 - - default default] Successfully bumped revision number for resource c47743f3-807d-4a47-b41e-c92962f45517 (type: security_group_rules) to 0
2026-02-27 19:26:34.901 9 INFO neutron.wsgi [None req-60440a3c-1d30-4c10-8f45-8f91eace9b4f 778d7154e6794a52a5bfdcf955d53ab3 6bba581ff869420ea127bb7803648be2 - - default default] 10.0.0.20 "POST /v2.0/security-group-rules HTTP/1.1" status: 201 len: 800 time: 0.2004590
2026-02-27 19:26:34.911 9 WARNING neutron_lib.context [None req-64e50fde-b45f-4c73-b1ab-eb0559ba5082 778d7154e6794a52a5bfdcf955d53ab3 6bba581ff869420ea127bb7803648be2 - - default default] Method 'is_advsvc' is deprecated since 2023.2 release (neutron-lib 3.8.0) and will be removed once support for the old RBAC API policies will be removed from Neutron. Please use method 'is_service_role' instead.
2026-02-27 19:26:35.092 9 INFO neutron.wsgi [None req-6642565e-b086-4b94-a76c-2331023d5338 d6dcbc27ee9542de8de42c17dff7aaf8 382522d2a5e941b8a23eb0b041870a65 - - default default] 10.0.0.20 "GET /v2.0/networks HTTP/1.1" status: 200 len: 1492 time: 0.1341681
2026-02-27 19:26:35.116 9 INFO neutron.db.ovn_revision_numbers_db [None req-64e50fde-b45f-4c73-b1ab-eb0559ba5082 778d7154e6794a52a5bfdcf955d53ab3 6bba581ff869420ea127bb7803648be2 - - default default] Successfully bumped revision number for resource c5c2e284-f8c4-40cc-8105-ec9db202c83e (type: security_group_rules) to 0
2026-02-27 19:26:35.147 9 INFO neutron.wsgi [None req-64e50fde-b45f-4c73-b1ab-eb0559ba5082 778d7154e6794a52a5bfdcf955d53ab3 6bba581ff869420ea127bb7803648be2 - - default default] 10.0.0.20 "POST /v2.0/security-group-rules HTTP/1.1" status: 201 len: 796 time: 0.2407894
2026-02-27 19:26:35.167 10 INFO neutron.db.ovn_revision_numbers_db [None req-3d95e681-cfa1-435d-84ff-b8b7786ea3c1 db702ebb2eb3475897d018b68f69982a 24148dc6075a4231876239a0ba878425 - - default default] Successfully bumped revision number for resource 6254d924-d369-4cfe-a7a7-26ca3036d6d5 (type: ports) to 1
2026-02-27 19:26:35.212 9 INFO neutron.wsgi [req-0be63a00-7df2-4eb8-b450-722d9f0dbbe4 req-750f54a4-93c0-4097-85ae-41c7f9fb0ce4 d6dcbc27ee9542de8de42c17dff7aaf8 382522d2a5e941b8a23eb0b041870a65 - - default default] 10.0.0.156 "GET /v2.0/security-groups?name=tempest-secgroup-smoke-675635520&fields=id&tenant_id=382522d2a5e941b8a23eb0b041870a65 HTTP/1.1" status: 200 len: 267 time: 0.0430267
2026-02-27 19:26:35.219 9 INFO neutron.wsgi [None req-f7249ef4-b10d-4655-995c-2fb31f4e44e6 dcf77572f5804b049daffdd7078f0da5 cc578a60fe8045f5a68fc6d68cde1db3 - - default default] 10.0.0.20 "POST /v2.0/vpn/ikepolicies HTTP/1.1" status: 201 len: 602 time: 0.0925145
2026-02-27 19:26:35.238 10 INFO neutron.wsgi [None req-5919dc5b-6f35-462a-bfbb-5f41147ee123 6c9497d4b7eb4c699b92d9a9cacae0c8 e3d0fa26362c443fa2da60af31910461 - - default default] 10.0.0.20 "GET /v2.0/vpn/ikepolicies HTTP/1.1" status: 200 len: 991 time: 0.0146515
2026-02-27 19:26:35.251 10 WARNING neutron.scheduler.dhcp_agent_scheduler [None req-3d95e681-cfa1-435d-84ff-b8b7786ea3c1 db702ebb2eb3475897d018b68f69982a 24148dc6075a4231876239a0ba878425 - - default default] No more DHCP agents
2026-02-27 19:26:35.253 10 WARNING neutron.api.rpc.agentnotifiers.dhcp_rpc_agent_api [None req-3d95e681-cfa1-435d-84ff-b8b7786ea3c1 db702ebb2eb3475897d018b68f69982a 24148dc6075a4231876239a0ba878425 - - default default] Unable to schedule network ae7dca5b-0620-48f7-8d7a-dbdddd3efacb: no agents available; will retry on subsequent port and subnet creation events.
2026-02-27 19:26:35.295 10 INFO neutron.wsgi [None req-c5fde2b2-88ef-47c2-a505-bd25ad31ec91 dcf77572f5804b049daffdd7078f0da5 cc578a60fe8045f5a68fc6d68cde1db3 - - default default] 10.0.0.20 "DELETE /v2.0/vpn/ikepolicies/0193942b-693c-4651-b405-d0c068dfd8e5 HTTP/1.1" status: 204 len: 168 time: 0.0519302
2026-02-27 19:26:35.350 9 INFO neutron.wsgi [req-0be63a00-7df2-4eb8-b450-722d9f0dbbe4 req-b7931866-9236-4f6e-97ab-f8e885754fe7 d6dcbc27ee9542de8de42c17dff7aaf8 382522d2a5e941b8a23eb0b041870a65 - - default default] 10.0.0.156 "GET /v2.0/networks?id=c15020fd-253e-42f8-8d2f-450a567f0cd8 HTTP/1.1" status: 200 len: 859 time: 0.1301622
2026-02-27 19:26:35.371 9 INFO neutron.wsgi [None req-cb53039a-2dbf-4e3f-8e44-b98c092e7cab dcf77572f5804b049daffdd7078f0da5 cc578a60fe8045f5a68fc6d68cde1db3 - - default default] 10.0.0.20 "POST /v2.0/vpn/ipsecpolicies HTTP/1.1" status: 201 len: 610 time: 0.0639303
2026-02-27 19:26:35.375 9 INFO neutron.wsgi [req-0be63a00-7df2-4eb8-b450-722d9f0dbbe4 req-6868b321-d9f6-410e-8a6b-62fb90500d12 d6dcbc27ee9542de8de42c17dff7aaf8 382522d2a5e941b8a23eb0b041870a65 - - default default] 10.0.0.156 "GET /v2.0/quotas/382522d2a5e941b8a23eb0b041870a65 HTTP/1.1" status: 200 len: 491 time: 0.0165501
2026-02-27 19:26:35.409 9 INFO neutron.wsgi [None req-2bfe4c0c-f968-4d04-b997-6f62564e03fd 6c9497d4b7eb4c699b92d9a9cacae0c8 e3d0fa26362c443fa2da60af31910461 - - default default] 10.0.0.20 "GET /v2.0/vpn/ipsecpolicies HTTP/1.1" status: 200 len: 1007 time: 0.0322964
2026-02-27 19:26:35.463 10 INFO neutron.wsgi [None req-8ef1be69-d616-4c13-ae1c-8a5cd3d85481 dcf77572f5804b049daffdd7078f0da5 cc578a60fe8045f5a68fc6d68cde1db3 - - default default] 10.0.0.20 "DELETE /v2.0/vpn/ipsecpolicies/2c7fac00-a8e7-4ec6-ad0c-50ca59687fcf HTTP/1.1" status: 204 len: 168 time: 0.0441630
2026-02-27 19:26:35.475 10 WARNING neutron_lib.context [None req-2909eff3-9048-4328-bf81-8478544e5f09 6c9497d4b7eb4c699b92d9a9cacae0c8 e3d0fa26362c443fa2da60af31910461 - - default default] Method 'is_advsvc' is deprecated since 2023.2 release (neutron-lib 3.8.0) and will be removed once support for the old RBAC API policies will be removed from Neutron. Please use method 'is_service_role' instead.
2026-02-27 19:26:35.480 10 INFO neutron.db.ovn_revision_numbers_db [None req-3d95e681-cfa1-435d-84ff-b8b7786ea3c1 db702ebb2eb3475897d018b68f69982a 24148dc6075a4231876239a0ba878425 - - default default] Successfully bumped revision number for resource 6254d924-d369-4cfe-a7a7-26ca3036d6d5 (type: router_ports) to 1
2026-02-27 19:26:35.486 10 INFO neutron.wsgi [None req-3d95e681-cfa1-435d-84ff-b8b7786ea3c1 db702ebb2eb3475897d018b68f69982a 24148dc6075a4231876239a0ba878425 - - default default] 10.0.0.20 "PUT /v2.0/routers/2d0c8c4d-34a8-4558-8aa2-2607cc18b0cb/add_router_interface HTTP/1.1" status: 200 len: 503 time: 2.0276566
2026-02-27 19:26:35.518 10 INFO neutron.wsgi [req-dc5a58b7-3a7e-4d42-8f57-d33c15dede2c req-f94a6397-04c6-4616-9bd6-f7de3d295ac7 778d7154e6794a52a5bfdcf955d53ab3 6bba581ff869420ea127bb7803648be2 - - default default] 10.0.0.156 "GET /v2.0/security-groups?name=tempest-lb_member_SG-364003104&fields=id&tenant_id=6bba581ff869420ea127bb7803648be2 HTTP/1.1" status: 200 len: 267 time: 0.0684273
2026-02-27 19:26:35.534 9 INFO neutron.wsgi [req-0be63a00-7df2-4eb8-b450-722d9f0dbbe4 req-bc254233-3ccb-4dc8-9d90-93b091bea055 d6dcbc27ee9542de8de42c17dff7aaf8 382522d2a5e941b8a23eb0b041870a65 - - default default] 10.0.0.156 "GET /v2.0/ports?tenant_id=382522d2a5e941b8a23eb0b041870a65&fields=id HTTP/1.1" status: 200 len: 348 time: 0.1513212
2026-02-27 19:26:35.637 9 INFO neutron.wsgi [None req-5c990d37-3cd7-4547-a1e3-91abc144388f db702ebb2eb3475897d018b68f69982a 24148dc6075a4231876239a0ba878425 - - default default] 10.0.0.20 "GET /v2.0/ports/6254d924-d369-4cfe-a7a7-26ca3036d6d5 HTTP/1.1" status: 200 len: 1139 time: 0.1463749
2026-02-27 19:26:35.640 9 INFO neutron.wsgi [req-0be63a00-7df2-4eb8-b450-722d9f0dbbe4 req-3c6c4e0f-6281-4de0-8005-81ffc2700552 89d5c116b2f34af191f252029d0cf57e f93db5426c7e42daaaaf664590872084 - - 6f7b00aaeedb4e52a68b5d418fcd20ae 6f7b00aaeedb4e52a68b5d418fcd20ae] 10.0.0.156 "GET /v2.0/networks/c15020fd-253e-42f8-8d2f-450a567f0cd8?fields=segments HTTP/1.1" status: 200 len: 212 time: 0.0872278
2026-02-27 19:26:35.652 10 INFO neutron.db.segments_db [None req-2909eff3-9048-4328-bf81-8478544e5f09 6c9497d4b7eb4c699b92d9a9cacae0c8 e3d0fa26362c443fa2da60af31910461 - - default default] Added segment 55f0f28e-ea13-4f33-b4af-285958e9d492 of type geneve for network ab1b76ee-9587-42d7-a61c-110306d2d0dc
