2026-02-27 19:23:41.526 10 INFO neutron.db.ovn_revision_numbers_db [req-dbc76afe-0989-4684-b9b3-0ca36c1ffcff req-35c7d851-0831-448c-947b-ffda80c82abe 3a590d9c7eef493e962dde93c84a9260 0f8b230138564249bbb4471456a62eb9 - - default default] Successfully bumped revision number for resource a7122a5c-3ec9-471f-943b-a94742a12c3e (type: security_groups) to 1
2026-02-27 19:23:41.549 10 INFO neutron.db.ovn_revision_numbers_db [req-dbc76afe-0989-4684-b9b3-0ca36c1ffcff req-35c7d851-0831-448c-947b-ffda80c82abe 3a590d9c7eef493e962dde93c84a9260 0f8b230138564249bbb4471456a62eb9 - - default default] Successfully bumped revision number for resource 723c6d34-617b-4ed4-a773-a28523b6651e (type: security_group_rules) to 0
2026-02-27 19:23:41.577 10 INFO neutron.db.ovn_revision_numbers_db [req-dbc76afe-0989-4684-b9b3-0ca36c1ffcff req-35c7d851-0831-448c-947b-ffda80c82abe 3a590d9c7eef493e962dde93c84a9260 0f8b230138564249bbb4471456a62eb9 - - default default] Successfully bumped revision number for resource 7a86d360-2398-4b00-ae6c-152322c6ed45 (type: security_group_rules) to 0
2026-02-27 19:23:41.615 10 INFO neutron.wsgi [req-dbc76afe-0989-4684-b9b3-0ca36c1ffcff req-35c7d851-0831-448c-947b-ffda80c82abe 3a590d9c7eef493e962dde93c84a9260 0f8b230138564249bbb4471456a62eb9 - - default default] 10.0.0.156 "POST /v2.0/security-groups HTTP/1.1" status: 201 len: 1890 time: 0.2512968
2026-02-27 19:23:41.693 9 INFO neutron.wsgi [req-7bba1c6c-e25b-4256-9e03-3e8359b14c1a req-2a9535a2-36ee-4634-b0db-8d3f6f9f086b 3a590d9c7eef493e962dde93c84a9260 0f8b230138564249bbb4471456a62eb9 - - default default] 10.0.0.156 "GET /v2.0/security-groups/a7122a5c-3ec9-471f-943b-a94742a12c3e HTTP/1.1" status: 200 len: 1885 time: 0.0533810
2026-02-27 19:23:41.705 9 WARNING neutron_lib.context [req-7bba1c6c-e25b-4256-9e03-3e8359b14c1a req-4d4d7304-385f-49c6-b375-e7d245a660e3 3a590d9c7eef493e962dde93c84a9260 0f8b230138564249bbb4471456a62eb9 - - default default] Method 'is_advsvc' is deprecated since 2023.2 release (neutron-lib 3.8.0) and will be removed once support for the old RBAC API policies will be removed from Neutron. Please use method 'is_service_role' instead.
2026-02-27 19:23:41.925 10 INFO neutron.db.ovn_revision_numbers_db [None req-cd22cb5e-bbff-43fa-a989-1d0dd7f5d2c4 - - - - - -] Successfully bumped revision number for resource 29c11a08-1bc1-4854-8995-d85edf4bce49 (type: ports) to 2
2026-02-27 19:23:42.089 10 INFO neutron.db.ovn_revision_numbers_db [None req-cd22cb5e-bbff-43fa-a989-1d0dd7f5d2c4 - - - - - -] Successfully bumped revision number for resource 29c11a08-1bc1-4854-8995-d85edf4bce49 (type: router_ports) to 2
2026-02-27 19:23:42.114 9 INFO neutron.wsgi [req-9a320e05-5fcb-4f11-b744-e0e1d02d267a req-ca59dd22-7cd9-4bd2-8d2f-b5e437f611e5 a45c39e52e45458fa4224833ef0bd300 0b0d38c9e2d342889ccca4034552e004 - - default default] 199.204.45.49 "GET /v2.0/networks?id=b479d51c-f1e5-43d5-b27d-cb2536b1e66b HTTP/1.1" status: 200 len: 875 time: 0.5401380
2026-02-27 19:23:42.117 9 INFO neutron.db.ovn_revision_numbers_db [req-7bba1c6c-e25b-4256-9e03-3e8359b14c1a req-4d4d7304-385f-49c6-b375-e7d245a660e3 3a590d9c7eef493e962dde93c84a9260 0f8b230138564249bbb4471456a62eb9 - - default default] Successfully bumped revision number for resource d5ad74e1-bb6e-48d5-b3cc-7c788cf5f23f (type: security_group_rules) to 0
2026-02-27 19:23:42.181 9 INFO neutron.wsgi [req-7bba1c6c-e25b-4256-9e03-3e8359b14c1a req-4d4d7304-385f-49c6-b375-e7d245a660e3 3a590d9c7eef493e962dde93c84a9260 0f8b230138564249bbb4471456a62eb9 - - default default] 10.0.0.156 "POST /v2.0/security-group-rules HTTP/1.1" status: 201 len: 818 time: 0.4827032
2026-02-27 19:23:42.239 9 INFO neutron.wsgi [req-9a320e05-5fcb-4f11-b744-e0e1d02d267a req-9c2ec27b-c67d-4e1c-b27c-08b9be5a5fdb a45c39e52e45458fa4224833ef0bd300 0b0d38c9e2d342889ccca4034552e004 - - default default] 199.204.45.49 "GET /v2.0/security-groups?fields=id&fields=name&tenant_id=0b0d38c9e2d342889ccca4034552e004 HTTP/1.1" status: 200 len: 380 time: 0.0867741
2026-02-27 19:23:42.247 10 INFO neutron.wsgi [req-ab296382-44a3-4748-9fbf-68020cad6732 req-cc52479f-cff4-470c-8317-2c2e89c25b12 3a590d9c7eef493e962dde93c84a9260 0f8b230138564249bbb4471456a62eb9 - - default default] 10.0.0.156 "GET /v2.0/security-groups/a7122a5c-3ec9-471f-943b-a94742a12c3e HTTP/1.1" status: 200 len: 2510 time: 0.0351939
2026-02-27 19:23:42.259 9 WARNING neutron_lib.context [req-9a320e05-5fcb-4f11-b744-e0e1d02d267a req-ea53c215-85bf-4138-800f-09a13bb891c9 a45c39e52e45458fa4224833ef0bd300 0b0d38c9e2d342889ccca4034552e004 - - default default] Method 'is_advsvc' is deprecated since 2023.2 release (neutron-lib 3.8.0) and will be removed once support for the old RBAC API policies will be removed from Neutron. Please use method 'is_service_role' instead.
2026-02-27 19:23:42.267 10 WARNING neutron_lib.context [req-ab296382-44a3-4748-9fbf-68020cad6732 req-be30ec8c-730c-46c0-8935-c07d5f7fad2e 3a590d9c7eef493e962dde93c84a9260 0f8b230138564249bbb4471456a62eb9 - - default default] Method 'is_advsvc' is deprecated since 2023.2 release (neutron-lib 3.8.0) and will be removed once support for the old RBAC API policies will be removed from Neutron. Please use method 'is_service_role' instead.
2026-02-27 19:23:42.378 9 INFO neutron.wsgi [req-10492892-8b99-4841-85ec-3c6bdd4f7343 req-5807e520-9992-466e-955a-a158dd2f1f61 a45c39e52e45458fa4224833ef0bd300 0b0d38c9e2d342889ccca4034552e004 - - default default] 10.0.0.156 "GET /v2.0/ports?device_id=41678581-2cbf-4195-b074-dac70d1d61c5 HTTP/1.1" status: 200 len: 210 time: 0.0396080
2026-02-27 19:23:42.412 10 INFO neutron.db.ovn_revision_numbers_db [req-ab296382-44a3-4748-9fbf-68020cad6732 req-be30ec8c-730c-46c0-8935-c07d5f7fad2e 3a590d9c7eef493e962dde93c84a9260 0f8b230138564249bbb4471456a62eb9 - - default default] Successfully bumped revision number for resource 23dfa20e-9e1d-4cd0-b8d4-181aa9a6fbcd (type: security_group_rules) to 0
2026-02-27 19:23:42.435 10 INFO neutron.wsgi [req-ab296382-44a3-4748-9fbf-68020cad6732 req-be30ec8c-730c-46c0-8935-c07d5f7fad2e 3a590d9c7eef493e962dde93c84a9260 0f8b230138564249bbb4471456a62eb9 - - default default] 10.0.0.156 "POST /v2.0/security-group-rules HTTP/1.1" status: 201 len: 823 time: 0.1788418
2026-02-27 19:23:42.537 9 INFO neutron.wsgi [req-dcd8873e-31c3-4511-a97e-334a8e0b4c74 req-a95d7cf5-ff8d-4af9-a771-12c3c69c6692 3a590d9c7eef493e962dde93c84a9260 0f8b230138564249bbb4471456a62eb9 - - default default] 10.0.0.156 "GET /v2.0/security-groups/a7122a5c-3ec9-471f-943b-a94742a12c3e HTTP/1.1" status: 200 len: 3140 time: 0.0733421
2026-02-27 19:23:42.586 10 INFO neutron.wsgi [req-34ffec81-0a0b-4886-8655-ec9b262a0ea5 req-19749809-a46e-4532-bcb4-df4e423ba49b 3a590d9c7eef493e962dde93c84a9260 0f8b230138564249bbb4471456a62eb9 - - default default] 10.0.0.156 "GET /v2.0/security-group-rules/23dfa20e-9e1d-4cd0-b8d4-181aa9a6fbcd HTTP/1.1" status: 200 len: 815 time: 0.0205965
2026-02-27 19:23:42.628 10 INFO neutron.wsgi [req-34ffec81-0a0b-4886-8655-ec9b262a0ea5 req-cbe04419-7e2f-4b1f-9e4a-39e5876accab 3a590d9c7eef493e962dde93c84a9260 0f8b230138564249bbb4471456a62eb9 - - default default] 10.0.0.156 "GET /v2.0/security-groups/a7122a5c-3ec9-471f-943b-a94742a12c3e HTTP/1.1" status: 200 len: 3140 time: 0.0365195
2026-02-27 19:23:42.687 9 INFO neutron.wsgi [None req-1bd0e59f-9439-4140-9c4d-0bd47cb49bb7 47c62716c03a4a4c96d809bc8d006bc6 1fdea886561b449284a7f80e9351b184 - - default default] 10.0.0.20 "PUT /v2.0/routers/b11ed0af-3dcb-4698-a9a6-cf94aa64e72f/remove_router_interface HTTP/1.1" status: 200 len: 503 time: 1.9216404
2026-02-27 19:23:42.838 9 WARNING neutron.scheduler.dhcp_agent_scheduler [req-9a320e05-5fcb-4f11-b744-e0e1d02d267a req-ea53c215-85bf-4138-800f-09a13bb891c9 a45c39e52e45458fa4224833ef0bd300 0b0d38c9e2d342889ccca4034552e004 - - default default] No more DHCP agents
2026-02-27 19:23:42.840 9 WARNING neutron.api.rpc.agentnotifiers.dhcp_rpc_agent_api [req-9a320e05-5fcb-4f11-b744-e0e1d02d267a req-ea53c215-85bf-4138-800f-09a13bb891c9 a45c39e52e45458fa4224833ef0bd300 0b0d38c9e2d342889ccca4034552e004 - - default default] Unable to schedule network b479d51c-f1e5-43d5-b27d-cb2536b1e66b: no agents available; will retry on subsequent port and subnet creation events.
2026-02-27 19:23:42.853 10 INFO neutron.wsgi [req-34ffec81-0a0b-4886-8655-ec9b262a0ea5 req-c91fe71e-2d44-4278-a07c-b76032b2c19a 3a590d9c7eef493e962dde93c84a9260 0f8b230138564249bbb4471456a62eb9 - - default default] 10.0.0.156 "DELETE /v2.0/security-group-rules/23dfa20e-9e1d-4cd0-b8d4-181aa9a6fbcd HTTP/1.1" status: 204 len: 173 time: 0.2118621 /var/lib/openstack/lib/python3.10/site-packages/pycadf/identifier.py:71: UserWarning: Invalid uuid: neutron. To ensure interoperability, identifiers should be a valid uuid. warnings.warn(('Invalid uuid: %s. To ensure interoperability, '
2026-02-27 19:23:42.912 9 INFO neutron.wsgi [req-e586e46d-02b3-413d-abba-a6c556e43b45 req-928aeb8b-50cd-4430-a5ab-cafd27ff11e9 3a590d9c7eef493e962dde93c84a9260 0f8b230138564249bbb4471456a62eb9 - - default default] 10.0.0.156 "GET /v2.0/security-groups/a7122a5c-3ec9-471f-943b-a94742a12c3e HTTP/1.1" status: 200 len: 2510 time: 0.0362082
2026-02-27 19:23:43.070 9 INFO neutron.db.ovn_revision_numbers_db [req-9a320e05-5fcb-4f11-b744-e0e1d02d267a req-ea53c215-85bf-4138-800f-09a13bb891c9 a45c39e52e45458fa4224833ef0bd300 0b0d38c9e2d342889ccca4034552e004 - - default default] Successfully bumped revision number for resource 6f866fac-033c-4dec-953c-a26e3f88f920 (type: ports) to 1
2026-02-27 19:23:43.098 9 INFO neutron.wsgi [req-9a320e05-5fcb-4f11-b744-e0e1d02d267a req-ea53c215-85bf-4138-800f-09a13bb891c9 a45c39e52e45458fa4224833ef0bd300 0b0d38c9e2d342889ccca4034552e004 - - default default] 199.204.45.49 "POST /v2.0/ports HTTP/1.1" status: 201 len: 1162 time: 0.8514545
2026-02-27 19:23:43.111 9 INFO neutron.wsgi [req-9a320e05-5fcb-4f11-b744-e0e1d02d267a req-785c1503-4dac-42df-b03e-e5c760d5422e a45c39e52e45458fa4224833ef0bd300 0b0d38c9e2d342889ccca4034552e004 - - default default] 199.204.45.49 "GET /v2.0/extensions HTTP/1.1" status: 200 len: 18683 time: 0.0096171
2026-02-27 19:23:43.125 9 INFO neutron.wsgi [req-e586e46d-02b3-413d-abba-a6c556e43b45 req-dc876dcb-0bd9-4763-ad77-e6ec2c05f0a2 3a590d9c7eef493e962dde93c84a9260 0f8b230138564249bbb4471456a62eb9 - - default default] 10.0.0.156 "DELETE /v2.0/security-groups/a7122a5c-3ec9-471f-943b-a94742a12c3e HTTP/1.1" status: 204 len: 173 time: 0.2062037
2026-02-27 19:23:43.153 10 INFO neutron.db.ovn_revision_numbers_db [None req-22de8123-8fa9-4a39-966a-f7e16651c4f6 47c62716c03a4a4c96d809bc8d006bc6 1fdea886561b449284a7f80e9351b184 - - default default] Successfully bumped revision number for resource a4e63154-018b-4915-bf8a-a4131cf4ad2f (type: security_groups) to 1
2026-02-27 19:23:43.177 10 INFO neutron.db.ovn_revision_numbers_db [None req-22de8123-8fa9-4a39-966a-f7e16651c4f6 47c62716c03a4a4c96d809bc8d006bc6 1fdea886561b449284a7f80e9351b184 - - default default] Successfully bumped revision number for resource 3cddb5ee-a0a3-43be-a2e2-b327b04e9c18 (type: security_group_rules) to 0
2026-02-27 19:23:43.185 10 INFO neutron.wsgi [req-7c252e34-839f-47d5-801c-db1a2a3f4fa7 req-7666b937-c88b-488b-950e-c61af3f995ac 3a590d9c7eef493e962dde93c84a9260 0f8b230138564249bbb4471456a62eb9 - - default default] 10.0.0.156 "GET /v2.0/security-groups/ac890e47-128e-4b51-ab9d-e6fbcd4a1d11 HTTP/1.1" status: 200 len: 2510 time: 0.0407679
2026-02-27 19:23:43.201 10 INFO neutron.db.ovn_revision_numbers_db [None req-22de8123-8fa9-4a39-966a-f7e16651c4f6 47c62716c03a4a4c96d809bc8d006bc6 1fdea886561b449284a7f80e9351b184 - - default default] Successfully bumped revision number for resource c7a086e4-652f-4583-b9d1-07ece690bafd (type: security_group_rules) to 0
2026-02-27 19:23:43.234 10 INFO neutron.db.ovn_revision_numbers_db [None req-22de8123-8fa9-4a39-966a-f7e16651c4f6 47c62716c03a4a4c96d809bc8d006bc6 1fdea886561b449284a7f80e9351b184 - - default default] Successfully bumped revision number for resource e7ebe5be-b0c7-4c4e-9d48-0fb46422315b (type: security_group_rules) to 0
2026-02-27 19:23:43.251 10 INFO neutron.db.ovn_revision_numbers_db [None req-22de8123-8fa9-4a39-966a-f7e16651c4f6 47c62716c03a4a4c96d809bc8d006bc6 1fdea886561b449284a7f80e9351b184 - - default default] Successfully bumped revision number for resource edf04ac5-080a-4d1d-8619-3826272ab24b (type: security_group_rules) to 0
2026-02-27 19:23:43.290 10 INFO neutron.wsgi [None req-22de8123-8fa9-4a39-966a-f7e16651c4f6 47c62716c03a4a4c96d809bc8d006bc6 1fdea886561b449284a7f80e9351b184 - - default default] 10.0.0.20 "GET /v2.0/security-groups?tenant_id=c7bc089c3875498b8c4ac730d16e4e77&name=default HTTP/1.1" status: 200 len: 3120 time: 0.6747134
2026-02-27 19:23:43.383 10 INFO neutron.wsgi [req-7c252e34-839f-47d5-801c-db1a2a3f4fa7 req-760dde77-d9bd-45b3-835a-5a90a2464a6d 3a590d9c7eef493e962dde93c84a9260 0f8b230138564249bbb4471456a62eb9 - - default default] 10.0.0.156 "DELETE /v2.0/security-groups/ac890e47-128e-4b51-ab9d-e6fbcd4a1d11 HTTP/1.1" status: 204 len: 173 time: 0.1908534
2026-02-27 19:23:43.744 9 INFO neutron.wsgi [req-8ef41ba5-60bc-44b2-8392-ef99aaeed54e req-51563720-ed0d-408d-9565-5d9554b33211 a45c39e52e45458fa4224833ef0bd300 0b0d38c9e2d342889ccca4034552e004 - - default default] 10.0.0.156 "GET /v2.0/ports?device_id=41678581-2cbf-4195-b074-dac70d1d61c5 HTTP/1.1" status: 200 len: 1160 time: 0.2892954
2026-02-27 19:23:43.832 9 INFO neutron.wsgi [None req-e4ffce9c-5cf0-40be-9fa8-33c9c89d47da 47c62716c03a4a4c96d809bc8d006bc6 1fdea886561b449284a7f80e9351b184 - - default default] 10.0.0.20 "DELETE /v2.0/security-groups/a4e63154-018b-4915-bf8a-a4131cf4ad2f HTTP/1.1" status: 204 len: 168 time: 0.5348055
2026-02-27 19:23:43.833 10 INFO neutron.wsgi [None req-0041924c-bc49-4d91-9f8f-b8431bc192b2 47c62716c03a4a4c96d809bc8d006bc6 1fdea886561b449284a7f80e9351b184 - - default default] 10.0.0.20 "DELETE /v2.0/routers/b11ed0af-3dcb-4698-a9a6-cf94aa64e72f HTTP/1.1" status: 204 len: 168 time: 1.1397638
2026-02-27 19:23:43.854 9 INFO neutron.wsgi [req-8ef41ba5-60bc-44b2-8392-ef99aaeed54e req-d9aadda4-88a6-4dd9-87e4-ec2b19b63080 a45c39e52e45458fa4224833ef0bd300 0b0d38c9e2d342889ccca4034552e004 - - default default] 10.0.0.156 "GET /v2.0/security-groups?id=4cfd1af2-d0ef-4ee0-9ee3-d1efa0c067df&fields=id&fields=name HTTP/1.1" status: 200 len: 313 time: 0.1032591
2026-02-27 19:23:44.032 10 INFO neutron.wsgi [None req-bff3bfa3-fd85-4657-b4ad-dcb782cc2d50 47c62716c03a4a4c96d809bc8d006bc6 1fdea886561b449284a7f80e9351b184 - - default default] 10.0.0.20 "DELETE /v2.0/subnets/a79d9970-eb46-4f37-9388-53333d2a25dd HTTP/1.1" status: 204 len: 168 time: 0.1949327
2026-02-27 19:23:44.208 9 INFO neutron.db.ovn_revision_numbers_db [None req-5f99df68-4e98-4cc0-8e83-33d1585fc2ae 47c62716c03a4a4c96d809bc8d006bc6 1fdea886561b449284a7f80e9351b184 - - default default] Successfully bumped revision number for resource b3c2effc-8be0-451b-9156-3ae6b4c0a58c (type: security_groups) to 1
2026-02-27 19:23:44.230 9 INFO neutron.db.ovn_revision_numbers_db [None req-5f99df68-4e98-4cc0-8e83-33d1585fc2ae 47c62716c03a4a4c96d809bc8d006bc6 1fdea886561b449284a7f80e9351b184 - - default default] Successfully bumped revision number for resource 0ca12955-1bc2-4156-a96f-4c132dd4465c (type: security_group_rules) to 0
2026-02-27 19:23:44.266 9 INFO neutron.db.ovn_revision_numbers_db [None req-5f99df68-4e98-4cc0-8e83-33d1585fc2ae 47c62716c03a4a4c96d809bc8d006bc6 1fdea886561b449284a7f80e9351b184 - - default default] Successfully bumped revision number for resource 18d194ef-ff13-4e19-9ba9-c9133834c37d (type: security_group_rules) to 0
2026-02-27 19:23:44.291 9 INFO neutron.db.ovn_revision_numbers_db [None req-5f99df68-4e98-4cc0-8e83-33d1585fc2ae 47c62716c03a4a4c96d809bc8d006bc6 1fdea886561b449284a7f80e9351b184 - - default default] Successfully bumped revision number for resource 3ca40270-56e6-4529-911b-1d225a22cf40 (type: security_group_rules) to 0
2026-02-27 19:23:44.306 9 INFO neutron.db.ovn_revision_numbers_db [req-9a320e05-5fcb-4f11-b744-e0e1d02d267a req-e7882a58-5f1e-451a-a2ed-b68e42fda882 89d5c116b2f34af191f252029d0cf57e f93db5426c7e42daaaaf664590872084 - - 6f7b00aaeedb4e52a68b5d418fcd20ae 6f7b00aaeedb4e52a68b5d418fcd20ae] Successfully bumped revision number for resource 6f866fac-033c-4dec-953c-a26e3f88f920 (type: ports) to 2
2026-02-27 19:23:44.309 9 INFO neutron.db.ovn_revision_numbers_db [None req-5f99df68-4e98-4cc0-8e83-33d1585fc2ae 47c62716c03a4a4c96d809bc8d006bc6 1fdea886561b449284a7f80e9351b184 - - default default] Successfully bumped revision number for resource 78a78004-38d9-4941-aff0-c65cee9be81d (type: security_group_rules) to 0
2026-02-27 19:23:44.340 9 INFO neutron.wsgi [None req-5f99df68-4e98-4cc0-8e83-33d1585fc2ae 47c62716c03a4a4c96d809bc8d006bc6 1fdea886561b449284a7f80e9351b184 - - default default] 10.0.0.20 "GET /v2.0/security-groups?tenant_id=c04ce4fa049943219e9b30984da7cb5d&name=default HTTP/1.1" status: 200 len: 3120 time: 0.3889401
2026-02-27 19:23:44.498 10 INFO neutron.wsgi [None req-2cdfb00b-d5d1-4abe-ac59-939932f00c1b 47c62716c03a4a4c96d809bc8d006bc6 1fdea886561b449284a7f80e9351b184 - - default default] 10.0.0.20 "DELETE /v2.0/networks/0f216097-2cc7-4041-ba8b-92ab65da7dca HTTP/1.1" status: 204 len: 168 time: 0.4612477
2026-02-27 19:23:44.613 10 INFO neutron.wsgi [None req-e2ee0613-d038-4285-88c8-9694154a2487 47c62716c03a4a4c96d809bc8d006bc6 1fdea886561b449284a7f80e9351b184 - - default default] 10.0.0.20 "DELETE /v2.0/security-groups/b3c2effc-8be0-451b-9156-3ae6b4c0a58c HTTP/1.1" status: 204 len: 168 time: 0.2675560
2026-02-27 19:23:44.642 9 INFO neutron.db.ovn_revision_numbers_db [req-9a320e05-5fcb-4f11-b744-e0e1d02d267a req-e7882a58-5f1e-451a-a2ed-b68e42fda882 89d5c116b2f34af191f252029d0cf57e f93db5426c7e42daaaaf664590872084 - - 6f7b00aaeedb4e52a68b5d418fcd20ae 6f7b00aaeedb4e52a68b5d418fcd20ae] Successfully bumped revision number for resource 6f866fac-033c-4dec-953c-a26e3f88f920 (type: ports) to 2
2026-02-27 19:23:44.668 9 INFO neutron.wsgi [req-9a320e05-5fcb-4f11-b744-e0e1d02d267a req-e7882a58-5f1e-451a-a2ed-b68e42fda882 89d5c116b2f34af191f252029d0cf57e f93db5426c7e42daaaaf664590872084 - - 6f7b00aaeedb4e52a68b5d418fcd20ae 6f7b00aaeedb4e52a68b5d418fcd20ae] 199.204.45.49 "PUT /v2.0/ports/6f866fac-033c-4dec-953c-a26e3f88f920 HTTP/1.1" status: 200 len: 1380 time: 1.2320216
2026-02-27 19:23:44.695 10 INFO neutron.wsgi [None req-3f9acdc6-5690-4a34-bad8-b797ced38cd0 47c62716c03a4a4c96d809bc8d006bc6 1fdea886561b449284a7f80e9351b184 - - default default] 10.0.0.20 "GET /v2.0/security-groups?tenant_id=1ce91477d85547e29078a03a5e729b4d&name=default HTTP/1.1" status: 200 len: 3116 time: 0.0354238 /var/lib/openstack/lib/python3.10/site-packages/pycadf/identifier.py:71: UserWarning: Invalid uuid: neutron. To ensure interoperability, identifiers should be a valid uuid. warnings.warn(('Invalid uuid: %s. To ensure interoperability, '
2026-02-27 19:23:44.773 9 INFO neutron.wsgi [req-9a320e05-5fcb-4f11-b744-e0e1d02d267a req-df86f997-51aa-4198-992b-56027be890bd 89d5c116b2f34af191f252029d0cf57e f93db5426c7e42daaaaf664590872084 - - 6f7b00aaeedb4e52a68b5d418fcd20ae 6f7b00aaeedb4e52a68b5d418fcd20ae] 199.204.45.49 "GET /v2.0/ports?tenant_id=0b0d38c9e2d342889ccca4034552e004&device_id=41678581-2cbf-4195-b074-dac70d1d61c5 HTTP/1.1" status: 200 len: 1411 time: 0.0642900
2026-02-27 19:23:44.826 9 INFO neutron.wsgi [req-9a320e05-5fcb-4f11-b744-e0e1d02d267a req-8a8a1c3d-bcf4-4a2e-a2a5-02cef8047759 89d5c116b2f34af191f252029d0cf57e f93db5426c7e42daaaaf664590872084 - - 6f7b00aaeedb4e52a68b5d418fcd20ae 6f7b00aaeedb4e52a68b5d418fcd20ae] 199.204.45.49 "GET /v2.0/floatingips?fixed_ip_address=10.100.0.12&port_id=6f866fac-033c-4dec-953c-a26e3f88f920 HTTP/1.1" status: 200 len: 217 time: 0.0478909
2026-02-27 19:23:44.981 10 INFO neutron.services.segments.plugin [-] Segment 5a697cd4-aae6-45a8-8e9d-2f0dccaf7a1b resource provider aggregate not found
2026-02-27 19:23:44.990 10 INFO neutron.services.segments.plugin [-] Segment 5a697cd4-aae6-45a8-8e9d-2f0dccaf7a1b resource provider aggregate not found
2026-02-27 19:23:45.002 10 INFO neutron.services.segments.plugin [-] Segment 5a697cd4-aae6-45a8-8e9d-2f0dccaf7a1b resource provider not found; error: Placement Client Error (4xx): {"errors": [{"status": 404, "title": "Not Found", "detail": "The resource could not be found.\n\n No resource provider with uuid 5a697cd4-aae6-45a8-8e9d-2f0dccaf7a1b found for delete ", "request_id": "req-2d1e48fd-20d1-4ded-90cb-8e91019e77fe"}]}
2026-02-27 19:23:45.005 10 INFO neutron.services.segments.plugin [-] Segment 5a697cd4-aae6-45a8-8e9d-2f0dccaf7a1b resource provider not found; error: Placement Client Error (4xx): {"errors": [{"status": 404, "title": "Not Found", "detail": "The resource could not be found.\n\n No resource provider with uuid 5a697cd4-aae6-45a8-8e9d-2f0dccaf7a1b found for delete ", "request_id": "req-683e5c9a-8c29-450f-af3f-e95a5a3ad364"}]}
2026-02-27 19:23:45.013 10 INFO neutron.wsgi [req-1d123476-967d-4380-864c-7686639b4412 req-02a3fa19-8cb7-4e7b-917a-ed6ba0af4384 a45c39e52e45458fa4224833ef0bd300 0b0d38c9e2d342889ccca4034552e004 - - default default] 10.0.0.156 "GET /v2.0/ports?device_id=41678581-2cbf-4195-b074-dac70d1d61c5 HTTP/1.1" status: 200 len: 1172 time: 0.1024830
2026-02-27 19:23:45.018 9 INFO neutron.wsgi [req-9a320e05-5fcb-4f11-b744-e0e1d02d267a req-ce7e80d7-3a32-4e48-9c6a-730b2afb9e5c 89d5c116b2f34af191f252029d0cf57e f93db5426c7e42daaaaf664590872084 - - 6f7b00aaeedb4e52a68b5d418fcd20ae 6f7b00aaeedb4e52a68b5d418fcd20ae] 199.204.45.49 "GET /v2.0/subnets?id=380ef031-5258-43d1-a617-ebe159325241 HTTP/1.1" status: 200 len: 869 time: 0.1781240
2026-02-27 19:23:45.062 10 INFO neutron.wsgi [req-1d123476-967d-4380-864c-7686639b4412 req-6848b87a-69e1-46eb-9477-67621eb9b850 a45c39e52e45458fa4224833ef0bd300 0b0d38c9e2d342889ccca4034552e004 - - default default] 10.0.0.156 "GET /v2.0/security-groups?id=4cfd1af2-d0ef-4ee0-9ee3-d1efa0c067df&fields=id&fields=name HTTP/1.1" status: 200 len: 313 time: 0.0410197
2026-02-27 19:23:45.072 9 INFO neutron.wsgi [req-9a320e05-5fcb-4f11-b744-e0e1d02d267a req-a65383de-bad8-4a69-9c90-3fd91efc5e6f 89d5c116b2f34af191f252029d0cf57e f93db5426c7e42daaaaf664590872084 - - 6f7b00aaeedb4e52a68b5d418fcd20ae 6f7b00aaeedb4e52a68b5d418fcd20ae] 199.204.45.49 "GET /v2.0/ports?network_id=b479d51c-f1e5-43d5-b27d-cb2536b1e66b&device_owner=network%3Adhcp HTTP/1.1" status: 200 len: 210 time: 0.0462577
2026-02-27 19:23:45.183 9 INFO neutron.notifiers.nova [-] Nova event matching ['req-0277f9eb-cb7e-40eb-a449-c49a9b6e35ee'] response: {'name': 'network-changed', 'server_uuid': '41678581-2cbf-4195-b074-dac70d1d61c5', 'tag': '6f866fac-033c-4dec-953c-a26e3f88f920', 'status': 'completed', 'code': 200}
2026-02-27 19:23:45.188 9 INFO neutron.wsgi [req-9a320e05-5fcb-4f11-b744-e0e1d02d267a req-13073244-c159-46d6-923d-686e7aaa66f4 89d5c116b2f34af191f252029d0cf57e f93db5426c7e42daaaaf664590872084 - - 6f7b00aaeedb4e52a68b5d418fcd20ae 6f7b00aaeedb4e52a68b5d418fcd20ae] 199.204.45.49 "GET /v2.0/networks/b479d51c-f1e5-43d5-b27d-cb2536b1e66b?fields=segments HTTP/1.1" status: 200 len: 212 time: 0.0949450
2026-02-27 19:23:45.289 9 INFO neutron.wsgi [req-9a320e05-5fcb-4f11-b744-e0e1d02d267a req-ac3f4b76-b5cb-4c09-a26d-dc0b29ae07a0 89d5c116b2f34af191f252029d0cf57e f93db5426c7e42daaaaf664590872084 - - 6f7b00aaeedb4e52a68b5d418fcd20ae 6f7b00aaeedb4e52a68b5d418fcd20ae] 199.204.45.49 "GET /v2.0/networks/b479d51c-f1e5-43d5-b27d-cb2536b1e66b?fields=provider%3Aphysical_network&fields=provider%3Anetwork_type HTTP/1.1" status: 200 len: 277 time: 0.0801945
2026-02-27 19:23:45.313 9 INFO neutron.wsgi [None req-0663e834-e3b0-4a2c-869e-6b547cb8fe5c 47c62716c03a4a4c96d809bc8d006bc6 1fdea886561b449284a7f80e9351b184 - - default default] 10.0.0.20 "DELETE /v2.0/security-groups/b0485ba0-576c-469a-b9e2-4733df64b5bc HTTP/1.1" status: 204 len: 168 time: 0.6108959
2026-02-27 19:23:45.388 9 INFO neutron.wsgi [None req-22118d0c-e59e-48b2-a409-d82aedef18bf 47c62716c03a4a4c96d809bc8d006bc6 1fdea886561b449284a7f80e9351b184 - - default default] 10.0.0.20 "PUT /v2.0/routers/49187cbd-ae2a-40ab-92bb-883ff3eded1f/remove_router_interface HTTP/1.1" status: 200 len: 503 time: 1.9935088
2026-02-27 19:23:45.404 9 INFO neutron.wsgi [req-7fe227a8-f409-4ac9-8c41-3569bfb65d06 req-d39fb2d7-aab7-4568-908c-15956de05d8f 89d5c116b2f34af191f252029d0cf57e f93db5426c7e42daaaaf664590872084 - - 6f7b00aaeedb4e52a68b5d418fcd20ae 6f7b00aaeedb4e52a68b5d418fcd20ae] 199.204.45.49 "GET /v2.0/ports?tenant_id=0b0d38c9e2d342889ccca4034552e004&device_id=41678581-2cbf-4195-b074-dac70d1d61c5 HTTP/1.1" status: 200 len: 1411 time: 0.0740087 /var/lib/openstack/lib/python3.10/site-packages/pycadf/identifier.py:71: UserWarning: Invalid uuid: neutron. To ensure interoperability, identifiers should be a valid uuid. warnings.warn(('Invalid uuid: %s. To ensure interoperability, '
2026-02-27 19:23:45.523 9 INFO neutron.wsgi [req-7fe227a8-f409-4ac9-8c41-3569bfb65d06 req-0a6c1665-9b6c-4af4-b6d3-457baf2b524d 89d5c116b2f34af191f252029d0cf57e f93db5426c7e42daaaaf664590872084 - - 6f7b00aaeedb4e52a68b5d418fcd20ae 6f7b00aaeedb4e52a68b5d418fcd20ae] 199.204.45.49 "GET /v2.0/networks?id=b479d51c-f1e5-43d5-b27d-cb2536b1e66b HTTP/1.1" status: 200 len: 974 time: 0.0605154
2026-02-27 19:23:45.555 9 INFO neutron.wsgi [req-7fe227a8-f409-4ac9-8c41-3569bfb65d06 req-2cc1734d-63b5-439d-9bc9-1be946937158 89d5c116b2f34af191f252029d0cf57e f93db5426c7e42daaaaf664590872084 - - 6f7b00aaeedb4e52a68b5d418fcd20ae 6f7b00aaeedb4e52a68b5d418fcd20ae] 199.204.45.49 "GET /v2.0/floatingips?fixed_ip_address=10.100.0.12&port_id=6f866fac-033c-4dec-953c-a26e3f88f920 HTTP/1.1" status: 200 len: 217 time: 0.0265524
2026-02-27 19:23:45.598 9 INFO neutron.wsgi [req-7fe227a8-f409-4ac9-8c41-3569bfb65d06 req-65b2250d-8c6b-425c-a9c3-7ad233cbb551 89d5c116b2f34af191f252029d0cf57e f93db5426c7e42daaaaf664590872084 - - 6f7b00aaeedb4e52a68b5d418fcd20ae 6f7b00aaeedb4e52a68b5d418fcd20ae] 199.204.45.49 "GET /v2.0/subnets?id=380ef031-5258-43d1-a617-ebe159325241 HTTP/1.1" status: 200 len: 869 time: 0.0392623
2026-02-27 19:23:45.633 9 INFO neutron.wsgi [req-7fe227a8-f409-4ac9-8c41-3569bfb65d06 req-52907143-22be-4d1b-a22c-e6dfe7b22800 89d5c116b2f34af191f252029d0cf57e f93db5426c7e42daaaaf664590872084 - - 6f7b00aaeedb4e52a68b5d418fcd20ae 6f7b00aaeedb4e52a68b5d418fcd20ae] 199.204.45.49 "GET /v2.0/ports?network_id=b479d51c-f1e5-43d5-b27d-cb2536b1e66b&device_owner=network%3Adhcp HTTP/1.1" status: 200 len: 210 time: 0.0311737
2026-02-27 19:23:45.695 9 INFO neutron.wsgi [req-7fe227a8-f409-4ac9-8c41-3569bfb65d06 req-f83eb334-88b1-4401-aa9c-4ba49058912f 89d5c116b2f34af191f252029d0cf57e f93db5426c7e42daaaaf664590872084 - - 6f7b00aaeedb4e52a68b5d418fcd20ae 6f7b00aaeedb4e52a68b5d418fcd20ae] 199.204.45.49 "GET /v2.0/networks/b479d51c-f1e5-43d5-b27d-cb2536b1e66b?fields=segments HTTP/1.1" status: 200 len: 212 time: 0.0579579
2026-02-27 19:23:45.757 9 INFO neutron.wsgi [req-7fe227a8-f409-4ac9-8c41-3569bfb65d06 req-71b2ba63-0fb2-4706-95e6-405085cde920 89d5c116b2f34af191f252029d0cf57e f93db5426c7e42daaaaf664590872084 - - 6f7b00aaeedb4e52a68b5d418fcd20ae 6f7b00aaeedb4e52a68b5d418fcd20ae] 199.204.45.49 "GET /v2.0/networks/b479d51c-f1e5-43d5-b27d-cb2536b1e66b?fields=provider%3Aphysical_network&fields=provider%3Anetwork_type HTTP/1.1" status: 200 len: 277 time: 0.0558596
2026-02-27 19:23:46.188 10 INFO neutron.wsgi [req-1cdae141-8128-4d1c-b3dd-a906b3462bbd req-04ead0be-dd4b-4b2f-82af-53c1480d478b a45c39e52e45458fa4224833ef0bd300 0b0d38c9e2d342889ccca4034552e004 - - default default] 10.0.0.156 "GET /v2.0/ports?device_id=41678581-2cbf-4195-b074-dac70d1d61c5 HTTP/1.1" status: 200 len: 1172 time: 0.0605655
2026-02-27 19:23:46.282 10 INFO neutron.wsgi [req-1cdae141-8128-4d1c-b3dd-a906b3462bbd req-22eedd94-3262-4cd0-ac52-20bd455e099c a45c39e52e45458fa4224833ef0bd300 0b0d38c9e2d342889ccca4034552e004 - - default default] 10.0.0.156 "GET /v2.0/security-groups?id=4cfd1af2-d0ef-4ee0-9ee3-d1efa0c067df&fields=id&fields=name HTTP/1.1" status: 200 len: 313 time: 0.0839808
2026-02-27 19:23:46.333 10 INFO neutron.wsgi [None req-56aa38d7-944f-4ed8-afe5-6fd1611dc2b1 47c62716c03a4a4c96d809bc8d006bc6 1fdea886561b449284a7f80e9351b184 - - default default] 10.0.0.20 "DELETE /v2.0/routers/49187cbd-ae2a-40ab-92bb-883ff3eded1f HTTP/1.1" status: 204 len: 168 time: 0.9402156
2026-02-27 19:23:46.536 10 INFO neutron.wsgi [None req-99ea59b7-a6cb-4930-82d2-df6b3be8ad3d 47c62716c03a4a4c96d809bc8d006bc6 1fdea886561b449284a7f80e9351b184 - - default default] 10.0.0.20 "DELETE /v2.0/subnets/a1206b7f-1f75-4330-8fdc-81feace12048 HTTP/1.1" status: 204 len: 168 time: 0.1934955
2026-02-27 19:23:46.916 10 INFO neutron.wsgi [None req-0081f362-5bcb-45b8-b2c3-c2b09389f225 47c62716c03a4a4c96d809bc8d006bc6 1fdea886561b449284a7f80e9351b184 - - default default] 10.0.0.20 "DELETE /v2.0/networks/1d4688dc-3c63-46fa-8794-811e03f05fd4 HTTP/1.1" status: 204 len: 168 time: 0.3750465
2026-02-27 19:23:47.024 10 INFO neutron.services.segments.plugin [-] Segment 2a12e9fb-93cf-41a1-a1f5-7ffe07e36df2 resource provider aggregate not found
2026-02-27 19:23:47.029 10 INFO neutron.services.segments.plugin [-] Segment 2a12e9fb-93cf-41a1-a1f5-7ffe07e36df2 resource provider aggregate not found
2026-02-27 19:23:47.037 10 INFO neutron.services.segments.plugin [-] Segment 2a12e9fb-93cf-41a1-a1f5-7ffe07e36df2 resource provider not found; error: Placement Client Error (4xx): {"errors": [{"status": 404, "title": "Not Found", "detail": "The resource could not be found.\n\n No resource provider with uuid 2a12e9fb-93cf-41a1-a1f5-7ffe07e36df2 found for delete ", "request_id": "req-9fd77aa7-77e1-4c41-b4a5-b4d026786dc5"}]}
2026-02-27 19:23:47.047 10 INFO neutron.services.segments.plugin [-] Segment 2a12e9fb-93cf-41a1-a1f5-7ffe07e36df2 resource provider not found; error: Placement Client Error (4xx): {"errors": [{"status": 404, "title": "Not Found", "detail": "The resource could not be found.\n\n No resource provider with uuid 2a12e9fb-93cf-41a1-a1f5-7ffe07e36df2 found for delete ", "request_id": "req-936081d4-3fb6-46e8-b7c4-82598c8b4bd0"}]}
2026-02-27 19:23:47.074 10 INFO neutron.wsgi [None req-806e2147-9dfd-432a-9646-b9ab53b6a11b 47c62716c03a4a4c96d809bc8d006bc6 1fdea886561b449284a7f80e9351b184 - - default default] 10.0.0.20 "GET /v2.0/security-groups?tenant_id=0f8b230138564249bbb4471456a62eb9&name=default HTTP/1.1" status: 200 len: 3116 time: 0.0364807
2026-02-27 19:23:47.291 9 INFO neutron.db.ovn_revision_numbers_db [None req-a7a53492-ccec-4f1b-a4b8-fc247ff12f2c 47c62716c03a4a4c96d809bc8d006bc6 1fdea886561b449284a7f80e9351b184 - - default default] Successfully bumped revision number for resource 4be8bea7-3296-4820-99b1-7878f4ee517c (type: security_groups) to 1
2026-02-27 19:23:47.311 9 INFO neutron.db.ovn_revision_numbers_db [None req-a7a53492-ccec-4f1b-a4b8-fc247ff12f2c 47c62716c03a4a4c96d809bc8d006bc6 1fdea886561b449284a7f80e9351b184 - - default default] Successfully bumped revision number for resource 0ec0d2d1-f476-47b7-a818-5becbd192456 (type: security_group_rules) to 0
2026-02-27 19:23:47.340 9 INFO neutron.db.ovn_revision_numbers_db [None req-a7a53492-ccec-4f1b-a4b8-fc247ff12f2c 47c62716c03a4a4c96d809bc8d006bc6 1fdea886561b449284a7f80e9351b184 - - default default] Successfully bumped revision number for resource a0349091-70db-407d-956c-42d51f0caffb (type: security_group_rules) to 0
2026-02-27 19:23:47.381 9 INFO neutron.wsgi [None req-d4db195a-eb32-4706-92a2-2ad0e938bd54 47c62716c03a4a4c96d809bc8d006bc6 1fdea886561b449284a7f80e9351b184 - - default default] 10.0.0.20 "DELETE /v2.0/security-groups/ec1e5993-bf06-4d5f-9157-eb740d1c37d7 HTTP/1.1" status: 204 len: 168 time: 0.2981210
2026-02-27 19:23:47.386 9 INFO neutron.db.ovn_revision_numbers_db [None req-a7a53492-ccec-4f1b-a4b8-fc247ff12f2c 47c62716c03a4a4c96d809bc8d006bc6 1fdea886561b449284a7f80e9351b184 - - default default] Successfully bumped revision number for resource e1c33c8e-f8db-4470-b355-20eda7898da3 (type: security_group_rules) to 0
2026-02-27 19:23:47.412 9 INFO neutron.db.ovn_revision_numbers_db [None req-a7a53492-ccec-4f1b-a4b8-fc247ff12f2c 47c62716c03a4a4c96d809bc8d006bc6 1fdea886561b449284a7f80e9351b184 - - default default] Successfully bumped revision number for resource f2bc0420-209a-4f49-890a-b5a184324292 (type: security_group_rules) to 0
2026-02-27 19:23:47.425 9 INFO neutron.wsgi [req-a0eae5bd-dfd9-48cb-8110-bc9fde48065a req-a1f7d379-0096-4d00-b903-d5e998676ac8 a45c39e52e45458fa4224833ef0bd300 0b0d38c9e2d342889ccca4034552e004 - - default default] 10.0.0.156 "GET /v2.0/ports?device_id=41678581-2cbf-4195-b074-dac70d1d61c5 HTTP/1.1" status: 200 len: 1172 time: 0.0789731
2026-02-27 19:23:47.474 9 INFO neutron.db.segments_db [None req-a7a53492-ccec-4f1b-a4b8-fc247ff12f2c 47c62716c03a4a4c96d809bc8d006bc6 1fdea886561b449284a7f80e9351b184 - - default default] Added segment da2b7ee8-2dda-40d1-acb1-f74c4d6bf862 of type geneve for network 8805c031-1c1f-4a57-a25c-a19d73cc16b9
2026-02-27 19:23:47.511 9 INFO neutron.wsgi [req-a0eae5bd-dfd9-48cb-8110-bc9fde48065a req-096908e2-fb62-41ff-9b4c-a4e7a0bcde42 a45c39e52e45458fa4224833ef0bd300 0b0d38c9e2d342889ccca4034552e004 - - default default] 10.0.0.156 "GET /v2.0/security-groups?id=4cfd1af2-d0ef-4ee0-9ee3-d1efa0c067df&fields=id&fields=name HTTP/1.1" status: 200 len: 313 time: 0.0764880
2026-02-27 19:23:47.615 9 INFO neutron.db.ovn_revision_numbers_db [None req-a7a53492-ccec-4f1b-a4b8-fc247ff12f2c 47c62716c03a4a4c96d809bc8d006bc6 1fdea886561b449284a7f80e9351b184 - - default default] Successfully bumped revision number for resource 8805c031-1c1f-4a57-a25c-a19d73cc16b9 (type: networks) to 1
2026-02-27 19:23:47.807 9 WARNING neutron.scheduler.dhcp_agent_scheduler [None req-a7a53492-ccec-4f1b-a4b8-fc247ff12f2c 47c62716c03a4a4c96d809bc8d006bc6 1fdea886561b449284a7f80e9351b184 - - default default] No more DHCP agents
2026-02-27 19:23:47.809 9 WARNING neutron.api.rpc.agentnotifiers.dhcp_rpc_agent_api [None req-a7a53492-ccec-4f1b-a4b8-fc247ff12f2c 47c62716c03a4a4c96d809bc8d006bc6 1fdea886561b449284a7f80e9351b184 - - default default] Unable to schedule network 8805c031-1c1f-4a57-a25c-a19d73cc16b9: no agents available; will retry on subsequent port and subnet creation events.
2026-02-27 19:23:47.903 9 INFO neutron.db.ovn_revision_numbers_db [None req-a7a53492-ccec-4f1b-a4b8-fc247ff12f2c 47c62716c03a4a4c96d809bc8d006bc6 1fdea886561b449284a7f80e9351b184 - - default default] Successfully bumped revision number for resource 0651dec4-8dd7-45e0-a6e2-7299ab889073 (type: ports) to 1
2026-02-27 19:23:47.918 10 WARNING neutron.plugins.ml2.drivers.ovn.mech_driver.ovsdb.ovn_client [None req-cd22cb5e-bbff-43fa-a989-1d0dd7f5d2c4 - - - - - -] No port found with ID 29c11a08-1bc1-4854-8995-d85edf4bce49: RuntimeError: No port found with ID 29c11a08-1bc1-4854-8995-d85edf4bce49
2026-02-27 19:23:47.919 10 INFO neutron.plugins.ml2.drivers.ovn.mech_driver.mech_driver [None req-cd22cb5e-bbff-43fa-a989-1d0dd7f5d2c4 - - - - - -] OVN reports status up for port: 6f866fac-033c-4dec-953c-a26e3f88f920
2026-02-27 19:23:47.933 9 INFO neutron.wsgi [None req-a7a53492-ccec-4f1b-a4b8-fc247ff12f2c 47c62716c03a4a4c96d809bc8d006bc6 1fdea886561b449284a7f80e9351b184 - - default default] 10.0.0.20 "POST /v2.0/networks HTTP/1.1" status: 201 len: 950 time: 1.0153208
2026-02-27 19:23:47.935 10 INFO neutron.plugins.ml2.plugin [None req-cd22cb5e-bbff-43fa-a989-1d0dd7f5d2c4 - - - - - -] Attempt 1 to provision port 6f866fac-033c-4dec-953c-a26e3f88f920
2026-02-27 19:23:48.092 9 WARNING neutron.scheduler.dhcp_agent_scheduler [None req-28d2d8b0-bca1-4442-a951-86d9d9643bbc 47c62716c03a4a4c96d809bc8d006bc6 1fdea886561b449284a7f80e9351b184 - - default default] No more DHCP agents
2026-02-27 19:23:48.096 9 WARNING neutron.api.rpc.agentnotifiers.dhcp_rpc_agent_api [None req-28d2d8b0-bca1-4442-a951-86d9d9643bbc 47c62716c03a4a4c96d809bc8d006bc6 1fdea886561b449284a7f80e9351b184 - - default default] Unable to schedule network 8805c031-1c1f-4a57-a25c-a19d73cc16b9: no agents available; will retry on subsequent port and subnet creation events.
2026-02-27 19:23:48.199 10 INFO neutron.db.ovn_revision_numbers_db [None req-cd22cb5e-bbff-43fa-a989-1d0dd7f5d2c4 - - - - - -] Successfully bumped revision number for resource 6f866fac-033c-4dec-953c-a26e3f88f920 (type: ports) to 4
2026-02-27 19:23:48.611 10 INFO neutron.notifiers.nova [-] Nova event matching ['req-d5b81449-fc1f-4596-8fac-19899de02991'] response: {'server_uuid': '41678581-2cbf-4195-b074-dac70d1d61c5', 'name': 'network-vif-plugged', 'status': 'completed', 'tag': '6f866fac-033c-4dec-953c-a26e3f88f920', 'code': 200}
2026-02-27 19:23:48.619 9 INFO neutron.wsgi [req-e269b7ce-ec06-487f-ace1-25093040623c req-6d176ccc-1bfd-42f0-85fc-e60675006a78 a45c39e52e45458fa4224833ef0bd300 0b0d38c9e2d342889ccca4034552e004 - - default default] 10.0.0.156 "GET /v2.0/ports?device_id=41678581-2cbf-4195-b074-dac70d1d61c5 HTTP/1.1" status: 200 len: 1174 time: 0.0466714
2026-02-27 19:23:48.619 9 INFO neutron.db.ovn_revision_numbers_db [None req-28d2d8b0-bca1-4442-a951-86d9d9643bbc 47c62716c03a4a4c96d809bc8d006bc6 1fdea886561b449284a7f80e9351b184 - - default default] Successfully bumped revision number for resource 0651dec4-8dd7-45e0-a6e2-7299ab889073 (type: ports) to 2
2026-02-27 19:23:48.759 9 INFO neutron.db.ovn_revision_numbers_db [None req-28d2d8b0-bca1-4442-a951-86d9d9643bbc 47c62716c03a4a4c96d809bc8d006bc6 1fdea886561b449284a7f80e9351b184 - - default default] Successfully bumped revision number for resource 8575262e-6fa0-406b-a737-8213b0fb44c4 (type: subnets) to 0
2026-02-27 19:23:48.767 9 INFO neutron.wsgi [req-e269b7ce-ec06-487f-ace1-25093040623c req-676aca90-dad9-4b68-aeab-2b34c6a0cc69 a45c39e52e45458fa4224833ef0bd300 0b0d38c9e2d342889ccca4034552e004 - - default default] 10.0.0.156 "GET /v2.0/security-groups?id=4cfd1af2-d0ef-4ee0-9ee3-d1efa0c067df&fields=id&fields=name HTTP/1.1" status: 200 len: 313 time: 0.1401663
2026-02-27 19:23:48.779 9 INFO neutron.wsgi [None req-28d2d8b0-bca1-4442-a951-86d9d9643bbc 47c62716c03a4a4c96d809bc8d006bc6 1fdea886561b449284a7f80e9351b184 - - default default] 10.0.0.20 "POST /v2.0/subnets HTTP/1.1" status: 201 len: 870 time: 0.8292150 /var/lib/openstack/lib/python3.10/site-packages/pycadf/identifier.py:71: UserWarning: Invalid uuid: neutron. To ensure interoperability, identifiers should be a valid uuid. warnings.warn(('Invalid uuid: %s. To ensure interoperability, '
2026-02-27 19:23:48.954 10 INFO neutron.db.ovn_revision_numbers_db [None req-07e443bd-316b-4807-a8d1-e27dc1e0518b 47c62716c03a4a4c96d809bc8d006bc6 1fdea886561b449284a7f80e9351b184 - - default default] Successfully bumped revision number for resource 56ac4a09-9f2d-45a6-b397-183e31341faf (type: security_groups) to 1
2026-02-27 19:23:48.967 10 INFO neutron.db.ovn_revision_numbers_db [None req-07e443bd-316b-4807-a8d1-e27dc1e0518b 47c62716c03a4a4c96d809bc8d006bc6 1fdea886561b449284a7f80e9351b184 - - default default] Successfully bumped revision number for resource 2606371f-585e-4797-8485-4cc00b2c4bf0 (type: security_group_rules) to 0
2026-02-27 19:23:48.981 10 INFO neutron.db.ovn_revision_numbers_db [None req-07e443bd-316b-4807-a8d1-e27dc1e0518b 47c62716c03a4a4c96d809bc8d006bc6 1fdea886561b449284a7f80e9351b184 - - default default] Successfully bumped revision number for resource 579d7d53-798d-4681-98bb-83870db6ecab (type: security_group_rules) to 0
2026-02-27 19:23:48.997 10 INFO neutron.db.ovn_revision_numbers_db [None req-07e443bd-316b-4807-a8d1-e27dc1e0518b 47c62716c03a4a4c96d809bc8d006bc6 1fdea886561b449284a7f80e9351b184 - - default default] Successfully bumped revision number for resource b42869ef-9d4f-46af-a5d9-fce4663fc4b6 (type: security_group_rules) to 0
2026-02-27 19:23:49.008 10 INFO neutron.db.ovn_revision_numbers_db [None req-07e443bd-316b-4807-a8d1-e27dc1e0518b 47c62716c03a4a4c96d809bc8d006bc6 1fdea886561b449284a7f80e9351b184 - - default default] Successfully bumped revision number for resource b6748d25-7edb-4f78-bc64-4cfe7c0d69a5 (type: security_group_rules) to 0
2026-02-27 19:23:49.035 10 INFO neutron.wsgi [None req-07e443bd-316b-4807-a8d1-e27dc1e0518b 47c62716c03a4a4c96d809bc8d006bc6 1fdea886561b449284a7f80e9351b184 - - default default] 10.0.0.20 "GET /v2.0/security-groups?tenant_id=c556c67a364e42b6bc5a657ea033c125&name=default HTTP/1.1" status: 200 len: 3120 time: 0.3754084
2026-02-27 19:23:49.281 9 WARNING neutron.scheduler.dhcp_agent_scheduler [None req-50f81e6c-a9a6-47b0-8780-2ced7a930f48 47c62716c03a4a4c96d809bc8d006bc6 1fdea886561b449284a7f80e9351b184 - - default default] No more DHCP agents
2026-02-27 19:23:49.285 9 WARNING neutron.api.rpc.agentnotifiers.dhcp_rpc_agent_api [None req-50f81e6c-a9a6-47b0-8780-2ced7a930f48 47c62716c03a4a4c96d809bc8d006bc6 1fdea886561b449284a7f80e9351b184 - - default default] Unable to schedule network 7d087bdb-961f-4f32-a9a9-adf5ea602af2: no agents available; will retry on subsequent port and subnet creation events.
2026-02-27 19:23:49.295 10 INFO neutron.wsgi [None req-2e81fa92-ff28-42bb-8fe9-9f727b2f696c 47c62716c03a4a4c96d809bc8d006bc6 1fdea886561b449284a7f80e9351b184 - - default default] 10.0.0.20 "DELETE /v2.0/security-groups/56ac4a09-9f2d-45a6-b397-183e31341faf HTTP/1.1" status: 204 len: 168 time: 0.2543728
2026-02-27 19:23:49.423 9 INFO neutron.db.ovn_revision_numbers_db [None req-50f81e6c-a9a6-47b0-8780-2ced7a930f48 47c62716c03a4a4c96d809bc8d006bc6 1fdea886561b449284a7f80e9351b184 - - default default] Successfully bumped revision number for resource bc0dcc39-cc30-466f-92b5-f44890dcd5f2 (type: ports) to 1
2026-02-27 19:23:49.580 10 INFO neutron.db.ovn_revision_numbers_db [None req-735bc0ec-60a4-4005-a3a2-100467b9282e 47c62716c03a4a4c96d809bc8d006bc6 1fdea886561b449284a7f80e9351b184 - - default default] Successfully bumped revision number for resource 3277af5e-c782-4b07-a0bc-914453856f5d (type: security_groups) to 1
2026-02-27 19:23:49.596 10 INFO neutron.db.ovn_revision_numbers_db [None req-735bc0ec-60a4-4005-a3a2-100467b9282e 47c62716c03a4a4c96d809bc8d006bc6 1fdea886561b449284a7f80e9351b184 - - default default] Successfully bumped revision number for resource 9a34daff-7609-4616-a672-2aebf83d1249 (type: security_group_rules) to 0
2026-02-27 19:23:49.626 10 INFO neutron.db.ovn_revision_numbers_db [None req-735bc0ec-60a4-4005-a3a2-100467b9282e 47c62716c03a4a4c96d809bc8d006bc6 1fdea886561b449284a7f80e9351b184 - - default default] Successfully bumped revision number for resource b824e86f-b779-4ea1-9445-48de714981e0 (type: security_group_rules) to 0
2026-02-27 19:23:49.646 10 INFO neutron.db.ovn_revision_numbers_db [None req-735bc0ec-60a4-4005-a3a2-100467b9282e 47c62716c03a4a4c96d809bc8d006bc6 1fdea886561b449284a7f80e9351b184 - - default default] Successfully bumped revision number for resource dd13bec6-0697-4153-8354-92045e4a4253 (type: security_group_rules) to 0
2026-02-27 19:23:49.668 10 INFO neutron.db.ovn_revision_numbers_db [None req-735bc0ec-60a4-4005-a3a2-100467b9282e 47c62716c03a4a4c96d809bc8d006bc6 1fdea886561b449284a7f80e9351b184 - - default default] Successfully bumped revision number for resource f66fc4f1-fa7d-4785-a906-11f8f4c83569 (type: security_group_rules) to 0
2026-02-27 19:23:49.699 10 INFO neutron.wsgi [None req-735bc0ec-60a4-4005-a3a2-100467b9282e 47c62716c03a4a4c96d809bc8d006bc6 1fdea886561b449284a7f80e9351b184 - - default default] 10.0.0.20 "GET /v2.0/security-groups?tenant_id=f7a9aea20da14bb88c1a3fc442955fca&name=default HTTP/1.1" status: 200 len: 3120 time: 0.2309065
2026-02-27 19:23:49.742 10 INFO neutron.db.ovn_revision_numbers_db [None req-8f7c5c9a-eb86-4ead-8297-81221a6a3bab 47c62716c03a4a4c96d809bc8d006bc6 1fdea886561b449284a7f80e9351b184 - - default default] Successfully bumped revision number for resource 701190be-053b-4a00-950a-3517f1269683 (type: security_groups) to 1
2026-02-27 19:23:49.766 10 INFO neutron.db.ovn_revision_numbers_db [None req-8f7c5c9a-eb86-4ead-8297-81221a6a3bab 47c62716c03a4a4c96d809bc8d006bc6 1fdea886561b449284a7f80e9351b184 - - default default] Successfully bumped revision number for resource 15a3ebeb-83b9-463d-96dc-3acffda1bc5c (type: security_group_rules) to 0
2026-02-27 19:23:49.785 10 INFO neutron.db.ovn_revision_numbers_db [None req-8f7c5c9a-eb86-4ead-8297-81221a6a3bab 47c62716c03a4a4c96d809bc8d006bc6 1fdea886561b449284a7f80e9351b184 - - default default] Successfully bumped revision number for resource 7c726bf0-31dd-4b80-b630-dbc5d8cc4374 (type: security_group_rules) to 0
2026-02-27 19:23:49.800 10 INFO neutron.db.ovn_revision_numbers_db [None req-8f7c5c9a-eb86-4ead-8297-81221a6a3bab 47c62716c03a4a4c96d809bc8d006bc6 1fdea886561b449284a7f80e9351b184 - - default default] Successfully bumped revision number for resource 902d3928-af64-4df5-aebe-fb2d879ee5ef (type: security_group_rules) to 0
2026-02-27 19:23:49.839 10 INFO neutron.db.ovn_revision_numbers_db [None req-8f7c5c9a-eb86-4ead-8297-81221a6a3bab 47c62716c03a4a4c96d809bc8d006bc6 1fdea886561b449284a7f80e9351b184 - - default default] Successfully bumped revision number for resource d0c46977-d4e2-4357-8f70-33bcff0ab410 (type: security_group_rules) to 0
2026-02-27 19:23:49.907 10 INFO neutron.wsgi [req-9212eb9e-bc55-4aad-ae0c-f54583202a37 req-42e24ef0-2497-4c20-a12e-cee0fc502296 a45c39e52e45458fa4224833ef0bd300 0b0d38c9e2d342889ccca4034552e004 - - default default] 10.0.0.156 "GET /v2.0/ports?device_id=41678581-2cbf-4195-b074-dac70d1d61c5 HTTP/1.1" status: 200 len: 1174 time: 0.0639436
2026-02-27 19:23:49.930 10 INFO neutron.db.segments_db [None req-8f7c5c9a-eb86-4ead-8297-81221a6a3bab 47c62716c03a4a4c96d809bc8d006bc6 1fdea886561b449284a7f80e9351b184 - - default default] Added segment 8af76eb0-acf5-45f9-8eca-bfae9408e57b of type geneve for network dc91bf6f-59aa-4671-83f1-7eb2d11ea6d0
2026-02-27 19:23:49.979 10 INFO neutron.wsgi [req-9212eb9e-bc55-4aad-ae0c-f54583202a37 req-6952711b-e4b7-4587-9f8d-43a89eca768f a45c39e52e45458fa4224833ef0bd300 0b0d38c9e2d342889ccca4034552e004 - - default default] 10.0.0.156 "GET /v2.0/security-groups?id=4cfd1af2-d0ef-4ee0-9ee3-d1efa0c067df&fields=id&fields=name HTTP/1.1" status: 200 len: 313 time: 0.0625563
2026-02-27 19:23:50.069 10 INFO neutron.wsgi [None req-253a3525-01e6-4716-b775-105ffaa09f90 47c62716c03a4a4c96d809bc8d006bc6 1fdea886561b449284a7f80e9351b184 - - default default] 10.0.0.20 "DELETE /v2.0/security-groups/3277af5e-c782-4b07-a0bc-914453856f5d HTTP/1.1" status: 204 len: 168 time: 0.3607490
2026-02-27 19:23:50.088 10 INFO neutron.db.ovn_revision_numbers_db [None req-8f7c5c9a-eb86-4ead-8297-81221a6a3bab 47c62716c03a4a4c96d809bc8d006bc6 1fdea886561b449284a7f80e9351b184 - - default default] Successfully bumped revision number for resource dc91bf6f-59aa-4671-83f1-7eb2d11ea6d0 (type: networks) to 1
2026-02-27 19:23:50.172 9 INFO neutron.wsgi [req-ef410994-d491-4e7c-a82a-9c974651edd8 req-50ef4352-4458-44f9-a0cb-92dc079f950e a45c39e52e45458fa4224833ef0bd300 0b0d38c9e2d342889ccca4034552e004 - - default default] 10.0.0.156 "GET /v2.0/ports?device_id=41678581-2cbf-4195-b074-dac70d1d61c5 HTTP/1.1" status: 200 len: 1174 time: 0.1031525
2026-02-27 19:23:50.307 9 INFO neutron.plugins.ml2.drivers.ovn.mech_driver.ovsdb.commands [None req-b6cc3296-f48e-4825-8fb6-121dbaf8e242 - - - - - -] Schedule LRP lrp-bc0dcc39-cc30-466f-92b5-f44890dcd5f2 on gateway e86a0888-33b2-49c0-9b5a-02a225357f4b with priority 1
2026-02-27 19:23:50.377 9 INFO neutron.db.ovn_revision_numbers_db [None req-50f81e6c-a9a6-47b0-8780-2ced7a930f48 47c62716c03a4a4c96d809bc8d006bc6 1fdea886561b449284a7f80e9351b184 - - default default] Successfully bumped revision number for resource bc0dcc39-cc30-466f-92b5-f44890dcd5f2 (type: router_ports) to 1
2026-02-27 19:23:50.427 10 INFO neutron.plugins.ml2.drivers.ovn.mech_driver.ovsdb.ovsdb_monitor [None req-37d1ac50-491a-496d-9877-ecc3da819a1d - - - - - -] Router 23cecfcd-95ff-4ea2-8df5-df43e334d382 is bound to host instance
2026-02-27 19:23:50.432 10 INFO neutron.plugins.ml2.drivers.ovn.mech_driver.mech_driver [None req-cd22cb5e-bbff-43fa-a989-1d0dd7f5d2c4 - - - - - -] OVN reports status up for port: bc0dcc39-cc30-466f-92b5-f44890dcd5f2
2026-02-27 19:23:50.463 10 WARNING neutron.scheduler.dhcp_agent_scheduler [None req-8f7c5c9a-eb86-4ead-8297-81221a6a3bab 47c62716c03a4a4c96d809bc8d006bc6 1fdea886561b449284a7f80e9351b184 - - default default] No more DHCP agents
2026-02-27 19:23:50.474 9 INFO neutron.db.ovn_revision_numbers_db [None req-50f81e6c-a9a6-47b0-8780-2ced7a930f48 47c62716c03a4a4c96d809bc8d006bc6 1fdea886561b449284a7f80e9351b184 - - default default] Successfully bumped revision number for resource 23cecfcd-95ff-4ea2-8df5-df43e334d382 (type: routers) to 2
2026-02-27 19:23:50.475 10 INFO neutron.plugins.ml2.plugin [None req-cd22cb5e-bbff-43fa-a989-1d0dd7f5d2c4 - - - - - -] Attempt 1 to provision port bc0dcc39-cc30-466f-92b5-f44890dcd5f2
2026-02-27 19:23:50.476 10 WARNING neutron.api.rpc.agentnotifiers.dhcp_rpc_agent_api [None req-8f7c5c9a-eb86-4ead-8297-81221a6a3bab 47c62716c03a4a4c96d809bc8d006bc6 1fdea886561b449284a7f80e9351b184 - - default default] Unable to schedule network dc91bf6f-59aa-4671-83f1-7eb2d11ea6d0: no agents available; will retry on subsequent port and subnet creation events.
2026-02-27 19:23:50.502 9 INFO neutron.wsgi [None req-50f81e6c-a9a6-47b0-8780-2ced7a930f48 47c62716c03a4a4c96d809bc8d006bc6 1fdea886561b449284a7f80e9351b184 - - default default] 10.0.0.20 "POST /v2.0/routers HTTP/1.1" status: 201 len: 1172 time: 1.7162254
2026-02-27 19:23:50.654 10 INFO neutron.notifiers.nova [-] Nova event matching ['req-c45ca3de-9770-487c-ba16-a6b02a97fb5a'] response: {'server_uuid': '41678581-2cbf-4195-b074-dac70d1d61c5', 'name': 'network-vif-plugged', 'status': 'completed', 'tag': '6f866fac-033c-4dec-953c-a26e3f88f920', 'code': 200}
2026-02-27 19:23:50.732 10 INFO neutron.db.ovn_revision_numbers_db [None req-8f7c5c9a-eb86-4ead-8297-81221a6a3bab 47c62716c03a4a4c96d809bc8d006bc6 1fdea886561b449284a7f80e9351b184 - - default default] Successfully bumped revision number for resource 782f9ad3-07ca-4ef2-ab42-348af0f16926 (type: ports) to 1
