2026-02-27 19:28:01.418 9 INFO neutron.db.ovn_revision_numbers_db [None req-bab98221-8e78-424f-b515-3a3596c515d0 47c62716c03a4a4c96d809bc8d006bc6 1fdea886561b449284a7f80e9351b184 - - default default] Successfully bumped revision number for resource cd174896-6ca0-4fe0-99e8-692e46137e3f (type: security_groups) to 1
2026-02-27 19:28:01.432 9 INFO neutron.db.ovn_revision_numbers_db [None req-bab98221-8e78-424f-b515-3a3596c515d0 47c62716c03a4a4c96d809bc8d006bc6 1fdea886561b449284a7f80e9351b184 - - default default] Successfully bumped revision number for resource 352242a0-2c35-4a46-8396-876136ed3ace (type: security_group_rules) to 0
2026-02-27 19:28:01.445 9 INFO neutron.db.ovn_revision_numbers_db [None req-bab98221-8e78-424f-b515-3a3596c515d0 47c62716c03a4a4c96d809bc8d006bc6 1fdea886561b449284a7f80e9351b184 - - default default] Successfully bumped revision number for resource 83162607-0a6f-4ad2-8fec-529146ccb7ff (type: security_group_rules) to 0
2026-02-27 19:28:01.459 9 INFO neutron.db.ovn_revision_numbers_db [None req-bab98221-8e78-424f-b515-3a3596c515d0 47c62716c03a4a4c96d809bc8d006bc6 1fdea886561b449284a7f80e9351b184 - - default default] Successfully bumped revision number for resource 925b9ddc-f81e-4a72-858d-283af6a4fd37 (type: security_group_rules) to 0
2026-02-27 19:28:01.474 9 INFO neutron.db.ovn_revision_numbers_db [None req-bab98221-8e78-424f-b515-3a3596c515d0 47c62716c03a4a4c96d809bc8d006bc6 1fdea886561b449284a7f80e9351b184 - - default default] Successfully bumped revision number for resource 9be13e19-99f3-4cc5-b324-f3127259a3a1 (type: security_group_rules) to 0
2026-02-27 19:28:01.496 9 INFO neutron.wsgi [None req-bab98221-8e78-424f-b515-3a3596c515d0 47c62716c03a4a4c96d809bc8d006bc6 1fdea886561b449284a7f80e9351b184 - - default default] 10.0.0.20 "GET /v2.0/security-groups?tenant_id=ccf4243a67f2442bba2be8b815e0b259&name=default HTTP/1.1" status: 200 len: 3124 time: 0.2063568
2026-02-27 19:28:01.727 10 INFO neutron.wsgi [None req-debff4df-bd22-4c9d-b5ac-bcc5df19cd1f 47c62716c03a4a4c96d809bc8d006bc6 1fdea886561b449284a7f80e9351b184 - - default default] 10.0.0.20 "DELETE /v2.0/security-groups/cd174896-6ca0-4fe0-99e8-692e46137e3f HTTP/1.1" status: 204 len: 168 time: 0.2244380
2026-02-27 19:28:02.016 9 INFO neutron.db.ovn_revision_numbers_db [None req-7843d9a9-9a46-4ef5-8c8f-169500f5e842 47c62716c03a4a4c96d809bc8d006bc6 1fdea886561b449284a7f80e9351b184 - - default default] Successfully bumped revision number for resource d3d7ebfa-52e1-46e7-b2c7-994cad61984b (type: security_groups) to 1
2026-02-27 19:28:02.031 9 INFO neutron.db.ovn_revision_numbers_db [None req-7843d9a9-9a46-4ef5-8c8f-169500f5e842 47c62716c03a4a4c96d809bc8d006bc6 1fdea886561b449284a7f80e9351b184 - - default default] Successfully bumped revision number for resource 4675537b-71ae-42f9-9335-635f4d3a4f2c (type: security_group_rules) to 0
2026-02-27 19:28:02.044 9 INFO neutron.db.ovn_revision_numbers_db [None req-7843d9a9-9a46-4ef5-8c8f-169500f5e842 47c62716c03a4a4c96d809bc8d006bc6 1fdea886561b449284a7f80e9351b184 - - default default] Successfully bumped revision number for resource 737cd0ba-f142-43bf-b55f-51a9e34a7fd8 (type: security_group_rules) to 0
2026-02-27 19:28:02.059 9 INFO neutron.db.ovn_revision_numbers_db [None req-7843d9a9-9a46-4ef5-8c8f-169500f5e842 47c62716c03a4a4c96d809bc8d006bc6 1fdea886561b449284a7f80e9351b184 - - default default] Successfully bumped revision number for resource 77980419-73f3-424e-a9ec-f1d7a99284a0 (type: security_group_rules) to 0
2026-02-27 19:28:02.076 9 INFO neutron.db.ovn_revision_numbers_db [None req-7843d9a9-9a46-4ef5-8c8f-169500f5e842 47c62716c03a4a4c96d809bc8d006bc6 1fdea886561b449284a7f80e9351b184 - - default default] Successfully bumped revision number for resource a101543a-9f25-4901-a941-b9b1bf9061a3 (type: security_group_rules) to 0
2026-02-27 19:28:02.103 9 INFO neutron.wsgi [None req-7843d9a9-9a46-4ef5-8c8f-169500f5e842 47c62716c03a4a4c96d809bc8d006bc6 1fdea886561b449284a7f80e9351b184 - - default default] 10.0.0.20 "GET /v2.0/security-groups?tenant_id=47d6a1364ff74964ac81b920f9d24ad8&name=default HTTP/1.1" status: 200 len: 3124 time: 0.2090564
2026-02-27 19:28:02.340 9 INFO neutron.wsgi [None req-4cbfcb50-eeb9-48d7-a59b-5b77d074a412 47c62716c03a4a4c96d809bc8d006bc6 1fdea886561b449284a7f80e9351b184 - - default default] 10.0.0.20 "DELETE /v2.0/security-groups/d3d7ebfa-52e1-46e7-b2c7-994cad61984b HTTP/1.1" status: 204 len: 168 time: 0.2282958
2026-02-27 19:28:06.164 15 INFO neutron.db.ovn_revision_numbers_db [None req-e908fc2c-fcb4-4808-929e-ce40cc8bacd4 - - - - - -] Successfully bumped revision number for resource 23751341-ad98-47f3-b1b2-cb43590130e5 (type: networks) to 3
2026-02-27 19:28:06.302 15 INFO neutron.db.ovn_revision_numbers_db [None req-e908fc2c-fcb4-4808-929e-ce40cc8bacd4 - - - - - -] Successfully bumped revision number for resource 8697947a-27d8-4760-a636-69efe6b22bba (type: networks) to 3
2026-02-27 19:28:06.427 15 INFO neutron.db.ovn_revision_numbers_db [None req-e908fc2c-fcb4-4808-929e-ce40cc8bacd4 - - - - - -] Successfully bumped revision number for resource 0346d947-000f-4683-a8b3-b933575d82fa (type: networks) to 3
2026-02-27 19:28:06.493 15 INFO neutron.db.ovn_revision_numbers_db [None req-e908fc2c-fcb4-4808-929e-ce40cc8bacd4 - - - - - -] Successfully bumped revision number for resource c98a7bcc-12d3-4932-b8b0-b44e5810476a (type: security_groups) to 12
2026-02-27 19:28:06.608 10 WARNING neutron_lib.context [None req-0ebc57c5-1674-4de1-8231-e57b8a2458fc 68f9c3e5897d4157b188d5ff37da0a20 4ed5bb9d509a42aca2da8f47b7d8d903 - - default default] Method 'is_advsvc' is deprecated since 2023.2 release (neutron-lib 3.8.0) and will be removed once support for the old RBAC API policies will be removed from Neutron. Please use method 'is_service_role' instead.
2026-02-27 19:28:06.751 10 INFO neutron.db.ovn_revision_numbers_db [None req-0ebc57c5-1674-4de1-8231-e57b8a2458fc 68f9c3e5897d4157b188d5ff37da0a20 4ed5bb9d509a42aca2da8f47b7d8d903 - - default default] Successfully bumped revision number for resource 349b2f0f-70c3-4ebc-bd41-e8a02c674dce (type: security_groups) to 1
2026-02-27 19:28:06.764 10 INFO neutron.db.ovn_revision_numbers_db [None req-0ebc57c5-1674-4de1-8231-e57b8a2458fc 68f9c3e5897d4157b188d5ff37da0a20 4ed5bb9d509a42aca2da8f47b7d8d903 - - default default] Successfully bumped revision number for resource 0ea04db2-737f-4b4b-9506-c2e3f1a2aae0 (type: security_group_rules) to 0
2026-02-27 19:28:06.776 10 INFO neutron.db.ovn_revision_numbers_db [None req-0ebc57c5-1674-4de1-8231-e57b8a2458fc 68f9c3e5897d4157b188d5ff37da0a20 4ed5bb9d509a42aca2da8f47b7d8d903 - - default default] Successfully bumped revision number for resource 390490b0-79b6-4fdb-8d5b-8c00c8d4b7bc (type: security_group_rules) to 0
2026-02-27 19:28:06.789 10 INFO neutron.db.ovn_revision_numbers_db [None req-0ebc57c5-1674-4de1-8231-e57b8a2458fc 68f9c3e5897d4157b188d5ff37da0a20 4ed5bb9d509a42aca2da8f47b7d8d903 - - default default] Successfully bumped revision number for resource 45815635-a45c-4a4b-8d42-e74788add134 (type: security_group_rules) to 0
2026-02-27 19:28:06.802 10 INFO neutron.db.ovn_revision_numbers_db [None req-0ebc57c5-1674-4de1-8231-e57b8a2458fc 68f9c3e5897d4157b188d5ff37da0a20 4ed5bb9d509a42aca2da8f47b7d8d903 - - default default] Successfully bumped revision number for resource 69c4b8db-ec46-4750-9237-146fa68240e6 (type: security_group_rules) to 0
2026-02-27 19:28:06.809 15 INFO neutron.db.ovn_revision_numbers_db [None req-e908fc2c-fcb4-4808-929e-ce40cc8bacd4 - - - - - -] Successfully bumped revision number for resource f1a04113-6e76-4808-a3d2-2396d5615250 (type: routers) to 5
2026-02-27 19:28:06.853 10 INFO neutron.db.segments_db [None req-0ebc57c5-1674-4de1-8231-e57b8a2458fc 68f9c3e5897d4157b188d5ff37da0a20 4ed5bb9d509a42aca2da8f47b7d8d903 - - default default] Added segment 48a9b30a-e4cb-4144-8f44-609b7899caaf of type geneve for network 2f3a513e-e09d-4bc2-abcc-fae78d3c3962
2026-02-27 19:28:06.999 10 INFO neutron.db.ovn_revision_numbers_db [None req-0ebc57c5-1674-4de1-8231-e57b8a2458fc 68f9c3e5897d4157b188d5ff37da0a20 4ed5bb9d509a42aca2da8f47b7d8d903 - - default default] Successfully bumped revision number for resource 2f3a513e-e09d-4bc2-abcc-fae78d3c3962 (type: networks) to 1
2026-02-27 19:28:07.008 9 INFO neutron.wsgi [-] 10.0.0.146 "GET / HTTP/1.1" status: 200 len: 246 time: 0.0020072
2026-02-27 19:28:07.011 9 INFO neutron.wsgi [-] 10.0.0.146 "GET / HTTP/1.1" status: 200 len: 246 time: 0.0014563
2026-02-27 19:28:07.213 10 WARNING neutron.scheduler.dhcp_agent_scheduler [None req-0ebc57c5-1674-4de1-8231-e57b8a2458fc 68f9c3e5897d4157b188d5ff37da0a20 4ed5bb9d509a42aca2da8f47b7d8d903 - - default default] No more DHCP agents
2026-02-27 19:28:07.215 10 WARNING neutron.api.rpc.agentnotifiers.dhcp_rpc_agent_api [None req-0ebc57c5-1674-4de1-8231-e57b8a2458fc 68f9c3e5897d4157b188d5ff37da0a20 4ed5bb9d509a42aca2da8f47b7d8d903 - - default default] Unable to schedule network 2f3a513e-e09d-4bc2-abcc-fae78d3c3962: no agents available; will retry on subsequent port and subnet creation events.
2026-02-27 19:28:07.299 10 INFO neutron.db.ovn_revision_numbers_db [None req-0ebc57c5-1674-4de1-8231-e57b8a2458fc 68f9c3e5897d4157b188d5ff37da0a20 4ed5bb9d509a42aca2da8f47b7d8d903 - - default default] Successfully bumped revision number for resource e744e7db-2f14-49b7-80c2-ab61bc962fa6 (type: ports) to 1
2026-02-27 19:28:07.319 10 INFO neutron.wsgi [None req-0ebc57c5-1674-4de1-8231-e57b8a2458fc 68f9c3e5897d4157b188d5ff37da0a20 4ed5bb9d509a42aca2da8f47b7d8d903 - - default default] 10.0.0.20 "POST /v2.0/networks HTTP/1.1" status: 201 len: 830 time: 0.8955700
2026-02-27 19:28:07.329 10 WARNING neutron_lib.context [None req-eb5d7d15-e350-499b-9807-6c84c99b3648 68f9c3e5897d4157b188d5ff37da0a20 4ed5bb9d509a42aca2da8f47b7d8d903 - - default default] Method 'is_advsvc' is deprecated since 2023.2 release (neutron-lib 3.8.0) and will be removed once support for the old RBAC API policies will be removed from Neutron. Please use method 'is_service_role' instead.
2026-02-27 19:28:07.787 10 WARNING neutron.scheduler.dhcp_agent_scheduler [None req-eb5d7d15-e350-499b-9807-6c84c99b3648 68f9c3e5897d4157b188d5ff37da0a20 4ed5bb9d509a42aca2da8f47b7d8d903 - - default default] No more DHCP agents
2026-02-27 19:28:07.789 10 WARNING neutron.api.rpc.agentnotifiers.dhcp_rpc_agent_api [None req-eb5d7d15-e350-499b-9807-6c84c99b3648 68f9c3e5897d4157b188d5ff37da0a20 4ed5bb9d509a42aca2da8f47b7d8d903 - - default default] Unable to schedule network 2f3a513e-e09d-4bc2-abcc-fae78d3c3962: no agents available; will retry on subsequent port and subnet creation events.
2026-02-27 19:28:07.871 10 INFO neutron.db.ovn_revision_numbers_db [None req-eb5d7d15-e350-499b-9807-6c84c99b3648 68f9c3e5897d4157b188d5ff37da0a20 4ed5bb9d509a42aca2da8f47b7d8d903 - - default default] Successfully bumped revision number for resource 6a01eaa7-9544-4f88-b79f-ff25390876d1 (type: ports) to 1
2026-02-27 19:28:07.895 10 INFO neutron.wsgi [None req-eb5d7d15-e350-499b-9807-6c84c99b3648 68f9c3e5897d4157b188d5ff37da0a20 4ed5bb9d509a42aca2da8f47b7d8d903 - - default default] 10.0.0.20 "POST /v2.0/ports HTTP/1.1" status: 201 len: 942 time: 0.5711358 /var/lib/openstack/lib/python3.10/site-packages/pycadf/identifier.py:71: UserWarning: Invalid uuid: neutron. To ensure interoperability, identifiers should be a valid uuid. warnings.warn(('Invalid uuid: %s. To ensure interoperability, '
2026-02-27 19:28:07.904 10 WARNING neutron_lib.context [None req-718801be-09aa-4886-afb3-e271da20025a 68f9c3e5897d4157b188d5ff37da0a20 4ed5bb9d509a42aca2da8f47b7d8d903 - - default default] Method 'is_advsvc' is deprecated since 2023.2 release (neutron-lib 3.8.0) and will be removed once support for the old RBAC API policies will be removed from Neutron. Please use method 'is_service_role' instead.
2026-02-27 19:28:08.221 10 INFO neutron.wsgi [None req-718801be-09aa-4886-afb3-e271da20025a 68f9c3e5897d4157b188d5ff37da0a20 4ed5bb9d509a42aca2da8f47b7d8d903 - - default default] 10.0.0.20 "POST /v2.0/trunks HTTP/1.1" status: 201 len: 608 time: 0.3220749
2026-02-27 19:28:08.234 10 WARNING neutron_lib.context [None req-4feadbc8-c78c-4302-b808-04559e32a768 68f9c3e5897d4157b188d5ff37da0a20 4ed5bb9d509a42aca2da8f47b7d8d903 - - default default] Method 'is_advsvc' is deprecated since 2023.2 release (neutron-lib 3.8.0) and will be removed once support for the old RBAC API policies will be removed from Neutron. Please use method 'is_service_role' instead.
2026-02-27 19:28:08.338 10 INFO neutron.db.segments_db [None req-4feadbc8-c78c-4302-b808-04559e32a768 68f9c3e5897d4157b188d5ff37da0a20 4ed5bb9d509a42aca2da8f47b7d8d903 - - default default] Added segment bab574cc-4ab5-4f81-9ac9-58460f9652f8 of type geneve for network 7d7c728a-d616-4a99-bf4a-7f9ac72928c4
2026-02-27 19:28:08.497 10 INFO neutron.db.ovn_revision_numbers_db [None req-4feadbc8-c78c-4302-b808-04559e32a768 68f9c3e5897d4157b188d5ff37da0a20 4ed5bb9d509a42aca2da8f47b7d8d903 - - default default] Successfully bumped revision number for resource 7d7c728a-d616-4a99-bf4a-7f9ac72928c4 (type: networks) to 1
2026-02-27 19:28:08.569 15 INFO neutron.plugins.ml2.drivers.ovn.mech_driver.ovsdb.maintenance [None req-e908fc2c-fcb4-4808-929e-ce40cc8bacd4 - - - - - -] Maintenance task: Synchronization completed (took 2.53 seconds)
2026-02-27 19:28:08.674 10 WARNING neutron.scheduler.dhcp_agent_scheduler [None req-4feadbc8-c78c-4302-b808-04559e32a768 68f9c3e5897d4157b188d5ff37da0a20 4ed5bb9d509a42aca2da8f47b7d8d903 - - default default] No more DHCP agents
2026-02-27 19:28:08.676 10 WARNING neutron.api.rpc.agentnotifiers.dhcp_rpc_agent_api [None req-4feadbc8-c78c-4302-b808-04559e32a768 68f9c3e5897d4157b188d5ff37da0a20 4ed5bb9d509a42aca2da8f47b7d8d903 - - default default] Unable to schedule network 7d7c728a-d616-4a99-bf4a-7f9ac72928c4: no agents available; will retry on subsequent port and subnet creation events.
2026-02-27 19:28:08.761 10 INFO neutron.db.ovn_revision_numbers_db [None req-4feadbc8-c78c-4302-b808-04559e32a768 68f9c3e5897d4157b188d5ff37da0a20 4ed5bb9d509a42aca2da8f47b7d8d903 - - default default] Successfully bumped revision number for resource 7f47926a-7718-42f3-bb19-2be95475175e (type: ports) to 1
2026-02-27 19:28:08.784 10 INFO neutron.wsgi [None req-4feadbc8-c78c-4302-b808-04559e32a768 68f9c3e5897d4157b188d5ff37da0a20 4ed5bb9d509a42aca2da8f47b7d8d903 - - default default] 10.0.0.20 "POST /v2.0/networks HTTP/1.1" status: 201 len: 831 time: 0.5563288
2026-02-27 19:28:08.794 10 WARNING neutron_lib.context [None req-d8a1f556-dc84-4398-95cc-3a189832d55c 68f9c3e5897d4157b188d5ff37da0a20 4ed5bb9d509a42aca2da8f47b7d8d903 - - default default] Method 'is_advsvc' is deprecated since 2023.2 release (neutron-lib 3.8.0) and will be removed once support for the old RBAC API policies will be removed from Neutron. Please use method 'is_service_role' instead.
2026-02-27 19:28:09.064 10 WARNING neutron.scheduler.dhcp_agent_scheduler [None req-d8a1f556-dc84-4398-95cc-3a189832d55c 68f9c3e5897d4157b188d5ff37da0a20 4ed5bb9d509a42aca2da8f47b7d8d903 - - default default] No more DHCP agents
2026-02-27 19:28:09.066 10 WARNING neutron.api.rpc.agentnotifiers.dhcp_rpc_agent_api [None req-d8a1f556-dc84-4398-95cc-3a189832d55c 68f9c3e5897d4157b188d5ff37da0a20 4ed5bb9d509a42aca2da8f47b7d8d903 - - default default] Unable to schedule network 7d7c728a-d616-4a99-bf4a-7f9ac72928c4: no agents available; will retry on subsequent port and subnet creation events.
2026-02-27 19:28:09.168 10 INFO neutron.db.ovn_revision_numbers_db [None req-d8a1f556-dc84-4398-95cc-3a189832d55c 68f9c3e5897d4157b188d5ff37da0a20 4ed5bb9d509a42aca2da8f47b7d8d903 - - default default] Successfully bumped revision number for resource 53858444-3f9f-4484-8681-9d7293ad7e12 (type: ports) to 1
2026-02-27 19:28:09.194 10 INFO neutron.wsgi [None req-d8a1f556-dc84-4398-95cc-3a189832d55c 68f9c3e5897d4157b188d5ff37da0a20 4ed5bb9d509a42aca2da8f47b7d8d903 - - default default] 10.0.0.20 "POST /v2.0/ports HTTP/1.1" status: 201 len: 942 time: 0.4043562 /var/lib/openstack/lib/python3.10/site-packages/pycadf/identifier.py:71: UserWarning: Invalid uuid: neutron. To ensure interoperability, identifiers should be a valid uuid. warnings.warn(('Invalid uuid: %s. To ensure interoperability, '
2026-02-27 19:28:09.205 10 WARNING neutron_lib.context [None req-6bc084c5-be9f-48c1-8bd5-725dff6be4d5 68f9c3e5897d4157b188d5ff37da0a20 4ed5bb9d509a42aca2da8f47b7d8d903 - - default default] Method 'is_advsvc' is deprecated since 2023.2 release (neutron-lib 3.8.0) and will be removed once support for the old RBAC API policies will be removed from Neutron. Please use method 'is_service_role' instead.
2026-02-27 19:28:09.421 10 INFO neutron.wsgi [None req-6bc084c5-be9f-48c1-8bd5-725dff6be4d5 68f9c3e5897d4157b188d5ff37da0a20 4ed5bb9d509a42aca2da8f47b7d8d903 - - default default] 10.0.0.20 "POST /v2.0/trunks HTTP/1.1" status: 201 len: 608 time: 0.2213693
2026-02-27 19:28:09.433 10 WARNING neutron_lib.context [None req-1b7fb07d-c4fe-4334-864f-febb29c3ddb5 68f9c3e5897d4157b188d5ff37da0a20 4ed5bb9d509a42aca2da8f47b7d8d903 - - default default] Method 'is_advsvc' is deprecated since 2023.2 release (neutron-lib 3.8.0) and will be removed once support for the old RBAC API policies will be removed from Neutron. Please use method 'is_service_role' instead.
2026-02-27 19:28:09.528 10 INFO neutron.db.segments_db [None req-1b7fb07d-c4fe-4334-864f-febb29c3ddb5 68f9c3e5897d4157b188d5ff37da0a20 4ed5bb9d509a42aca2da8f47b7d8d903 - - default default] Added segment b4492950-5c37-4807-86d7-ebed62c2b123 of type geneve for network bf54329f-9293-445d-8425-e2ab9c456abb
2026-02-27 19:28:09.665 10 INFO neutron.db.ovn_revision_numbers_db [None req-1b7fb07d-c4fe-4334-864f-febb29c3ddb5 68f9c3e5897d4157b188d5ff37da0a20 4ed5bb9d509a42aca2da8f47b7d8d903 - - default default] Successfully bumped revision number for resource bf54329f-9293-445d-8425-e2ab9c456abb (type: networks) to 1
2026-02-27 19:28:09.835 10 WARNING neutron.scheduler.dhcp_agent_scheduler [None req-1b7fb07d-c4fe-4334-864f-febb29c3ddb5 68f9c3e5897d4157b188d5ff37da0a20 4ed5bb9d509a42aca2da8f47b7d8d903 - - default default] No more DHCP agents
2026-02-27 19:28:09.837 10 WARNING neutron.api.rpc.agentnotifiers.dhcp_rpc_agent_api [None req-1b7fb07d-c4fe-4334-864f-febb29c3ddb5 68f9c3e5897d4157b188d5ff37da0a20 4ed5bb9d509a42aca2da8f47b7d8d903 - - default default] Unable to schedule network bf54329f-9293-445d-8425-e2ab9c456abb: no agents available; will retry on subsequent port and subnet creation events.
2026-02-27 19:28:09.927 10 INFO neutron.db.ovn_revision_numbers_db [None req-1b7fb07d-c4fe-4334-864f-febb29c3ddb5 68f9c3e5897d4157b188d5ff37da0a20 4ed5bb9d509a42aca2da8f47b7d8d903 - - default default] Successfully bumped revision number for resource c7624000-9577-44d0-922f-ccdcb2888a92 (type: ports) to 1
2026-02-27 19:28:09.947 10 INFO neutron.wsgi [None req-1b7fb07d-c4fe-4334-864f-febb29c3ddb5 68f9c3e5897d4157b188d5ff37da0a20 4ed5bb9d509a42aca2da8f47b7d8d903 - - default default] 10.0.0.20 "POST /v2.0/networks HTTP/1.1" status: 201 len: 830 time: 0.5197134
2026-02-27 19:28:09.957 10 WARNING neutron_lib.context [None req-151b2d2e-5270-4487-9a98-499d47836733 68f9c3e5897d4157b188d5ff37da0a20 4ed5bb9d509a42aca2da8f47b7d8d903 - - default default] Method 'is_advsvc' is deprecated since 2023.2 release (neutron-lib 3.8.0) and will be removed once support for the old RBAC API policies will be removed from Neutron. Please use method 'is_service_role' instead.
2026-02-27 19:28:10.248 10 WARNING neutron.scheduler.dhcp_agent_scheduler [None req-151b2d2e-5270-4487-9a98-499d47836733 68f9c3e5897d4157b188d5ff37da0a20 4ed5bb9d509a42aca2da8f47b7d8d903 - - default default] No more DHCP agents
2026-02-27 19:28:10.250 10 WARNING neutron.api.rpc.agentnotifiers.dhcp_rpc_agent_api [None req-151b2d2e-5270-4487-9a98-499d47836733 68f9c3e5897d4157b188d5ff37da0a20 4ed5bb9d509a42aca2da8f47b7d8d903 - - default default] Unable to schedule network bf54329f-9293-445d-8425-e2ab9c456abb: no agents available; will retry on subsequent port and subnet creation events.
2026-02-27 19:28:10.392 10 INFO neutron.db.ovn_revision_numbers_db [None req-151b2d2e-5270-4487-9a98-499d47836733 68f9c3e5897d4157b188d5ff37da0a20 4ed5bb9d509a42aca2da8f47b7d8d903 - - default default] Successfully bumped revision number for resource b0371b50-f3e9-4d19-a459-a54824e06b6d (type: ports) to 1
2026-02-27 19:28:10.415 10 INFO neutron.wsgi [None req-151b2d2e-5270-4487-9a98-499d47836733 68f9c3e5897d4157b188d5ff37da0a20 4ed5bb9d509a42aca2da8f47b7d8d903 - - default default] 10.0.0.20 "POST /v2.0/ports HTTP/1.1" status: 201 len: 942 time: 0.4627750 /var/lib/openstack/lib/python3.10/site-packages/pycadf/identifier.py:71: UserWarning: Invalid uuid: neutron. To ensure interoperability, identifiers should be a valid uuid. warnings.warn(('Invalid uuid: %s. To ensure interoperability, '
2026-02-27 19:28:10.426 10 WARNING neutron_lib.context [None req-ea664b06-6484-4b22-8718-e0c3db838242 68f9c3e5897d4157b188d5ff37da0a20 4ed5bb9d509a42aca2da8f47b7d8d903 - - default default] Method 'is_advsvc' is deprecated since 2023.2 release (neutron-lib 3.8.0) and will be removed once support for the old RBAC API policies will be removed from Neutron. Please use method 'is_service_role' instead.
2026-02-27 19:28:10.622 10 INFO neutron.wsgi [None req-ea664b06-6484-4b22-8718-e0c3db838242 68f9c3e5897d4157b188d5ff37da0a20 4ed5bb9d509a42aca2da8f47b7d8d903 - - default default] 10.0.0.20 "POST /v2.0/trunks HTTP/1.1" status: 201 len: 608 time: 0.2018123
2026-02-27 19:28:10.633 10 WARNING neutron_lib.context [None req-6eb6fddb-6467-4cc2-ad12-81e27c9e75c6 68f9c3e5897d4157b188d5ff37da0a20 4ed5bb9d509a42aca2da8f47b7d8d903 - - default default] Method 'is_advsvc' is deprecated since 2023.2 release (neutron-lib 3.8.0) and will be removed once support for the old RBAC API policies will be removed from Neutron. Please use method 'is_service_role' instead.
2026-02-27 19:28:10.720 10 INFO neutron.db.segments_db [None req-6eb6fddb-6467-4cc2-ad12-81e27c9e75c6 68f9c3e5897d4157b188d5ff37da0a20 4ed5bb9d509a42aca2da8f47b7d8d903 - - default default] Added segment 7fee2f50-3252-416d-af66-43722545f924 of type geneve for network 523c1040-dfbb-4694-8999-1e6be046b85a
2026-02-27 19:28:10.848 10 INFO neutron.db.ovn_revision_numbers_db [None req-6eb6fddb-6467-4cc2-ad12-81e27c9e75c6 68f9c3e5897d4157b188d5ff37da0a20 4ed5bb9d509a42aca2da8f47b7d8d903 - - default default] Successfully bumped revision number for resource 523c1040-dfbb-4694-8999-1e6be046b85a (type: networks) to 1
2026-02-27 19:28:11.021 10 WARNING neutron.scheduler.dhcp_agent_scheduler [None req-6eb6fddb-6467-4cc2-ad12-81e27c9e75c6 68f9c3e5897d4157b188d5ff37da0a20 4ed5bb9d509a42aca2da8f47b7d8d903 - - default default] No more DHCP agents
2026-02-27 19:28:11.022 10 WARNING neutron.api.rpc.agentnotifiers.dhcp_rpc_agent_api [None req-6eb6fddb-6467-4cc2-ad12-81e27c9e75c6 68f9c3e5897d4157b188d5ff37da0a20 4ed5bb9d509a42aca2da8f47b7d8d903 - - default default] Unable to schedule network 523c1040-dfbb-4694-8999-1e6be046b85a: no agents available; will retry on subsequent port and subnet creation events.
2026-02-27 19:28:11.107 10 INFO neutron.db.ovn_revision_numbers_db [None req-6eb6fddb-6467-4cc2-ad12-81e27c9e75c6 68f9c3e5897d4157b188d5ff37da0a20 4ed5bb9d509a42aca2da8f47b7d8d903 - - default default] Successfully bumped revision number for resource bceff9a4-f6c1-4f6e-9fd2-93635256ed3e (type: ports) to 1
2026-02-27 19:28:11.128 10 INFO neutron.wsgi [None req-6eb6fddb-6467-4cc2-ad12-81e27c9e75c6 68f9c3e5897d4157b188d5ff37da0a20 4ed5bb9d509a42aca2da8f47b7d8d903 - - default default] 10.0.0.20 "POST /v2.0/networks HTTP/1.1" status: 201 len: 831 time: 0.5008261
2026-02-27 19:28:11.138 10 WARNING neutron_lib.context [None req-2953bd66-fcd4-405f-853d-4dbf7546d22e 68f9c3e5897d4157b188d5ff37da0a20 4ed5bb9d509a42aca2da8f47b7d8d903 - - default default] Method 'is_advsvc' is deprecated since 2023.2 release (neutron-lib 3.8.0) and will be removed once support for the old RBAC API policies will be removed from Neutron. Please use method 'is_service_role' instead.
2026-02-27 19:28:11.385 10 WARNING neutron.scheduler.dhcp_agent_scheduler [None req-2953bd66-fcd4-405f-853d-4dbf7546d22e 68f9c3e5897d4157b188d5ff37da0a20 4ed5bb9d509a42aca2da8f47b7d8d903 - - default default] No more DHCP agents
2026-02-27 19:28:11.387 10 WARNING neutron.api.rpc.agentnotifiers.dhcp_rpc_agent_api [None req-2953bd66-fcd4-405f-853d-4dbf7546d22e 68f9c3e5897d4157b188d5ff37da0a20 4ed5bb9d509a42aca2da8f47b7d8d903 - - default default] Unable to schedule network 523c1040-dfbb-4694-8999-1e6be046b85a: no agents available; will retry on subsequent port and subnet creation events.
2026-02-27 19:28:11.464 10 INFO neutron.db.ovn_revision_numbers_db [None req-2953bd66-fcd4-405f-853d-4dbf7546d22e 68f9c3e5897d4157b188d5ff37da0a20 4ed5bb9d509a42aca2da8f47b7d8d903 - - default default] Successfully bumped revision number for resource fda52bea-2aad-4c9d-911b-dec0cbd8e530 (type: ports) to 1
2026-02-27 19:28:11.487 10 INFO neutron.wsgi [None req-2953bd66-fcd4-405f-853d-4dbf7546d22e 68f9c3e5897d4157b188d5ff37da0a20 4ed5bb9d509a42aca2da8f47b7d8d903 - - default default] 10.0.0.20 "POST /v2.0/ports HTTP/1.1" status: 201 len: 942 time: 0.3534131 /var/lib/openstack/lib/python3.10/site-packages/pycadf/identifier.py:71: UserWarning: Invalid uuid: neutron. To ensure interoperability, identifiers should be a valid uuid. warnings.warn(('Invalid uuid: %s. To ensure interoperability, '
2026-02-27 19:28:11.497 10 WARNING neutron_lib.context [None req-a24887be-353e-4c83-8e96-ba02b54659fe 68f9c3e5897d4157b188d5ff37da0a20 4ed5bb9d509a42aca2da8f47b7d8d903 - - default default] Method 'is_advsvc' is deprecated since 2023.2 release (neutron-lib 3.8.0) and will be removed once support for the old RBAC API policies will be removed from Neutron. Please use method 'is_service_role' instead.
2026-02-27 19:28:11.703 10 INFO neutron.wsgi [None req-a24887be-353e-4c83-8e96-ba02b54659fe 68f9c3e5897d4157b188d5ff37da0a20 4ed5bb9d509a42aca2da8f47b7d8d903 - - default default] 10.0.0.20 "POST /v2.0/trunks HTTP/1.1" status: 201 len: 608 time: 0.2112596
2026-02-27 19:28:11.716 10 WARNING neutron_lib.context [None req-cf8c19b8-24cd-434d-bcea-473e23bb07c7 68f9c3e5897d4157b188d5ff37da0a20 4ed5bb9d509a42aca2da8f47b7d8d903 - - default default] Method 'is_advsvc' is deprecated since 2023.2 release (neutron-lib 3.8.0) and will be removed once support for the old RBAC API policies will be removed from Neutron. Please use method 'is_service_role' instead.
2026-02-27 19:28:11.806 10 INFO neutron.db.segments_db [None req-cf8c19b8-24cd-434d-bcea-473e23bb07c7 68f9c3e5897d4157b188d5ff37da0a20 4ed5bb9d509a42aca2da8f47b7d8d903 - - default default] Added segment 019f645b-71f1-4ca7-8968-bd732b8a5b02 of type geneve for network e09c52c1-d18c-4897-981f-3921623ed96b
2026-02-27 19:28:11.949 10 INFO neutron.db.ovn_revision_numbers_db [None req-cf8c19b8-24cd-434d-bcea-473e23bb07c7 68f9c3e5897d4157b188d5ff37da0a20 4ed5bb9d509a42aca2da8f47b7d8d903 - - default default] Successfully bumped revision number for resource e09c52c1-d18c-4897-981f-3921623ed96b (type: networks) to 1
2026-02-27 19:28:12.148 10 WARNING neutron.scheduler.dhcp_agent_scheduler [None req-cf8c19b8-24cd-434d-bcea-473e23bb07c7 68f9c3e5897d4157b188d5ff37da0a20 4ed5bb9d509a42aca2da8f47b7d8d903 - - default default] No more DHCP agents
2026-02-27 19:28:12.151 10 WARNING neutron.api.rpc.agentnotifiers.dhcp_rpc_agent_api [None req-cf8c19b8-24cd-434d-bcea-473e23bb07c7 68f9c3e5897d4157b188d5ff37da0a20 4ed5bb9d509a42aca2da8f47b7d8d903 - - default default] Unable to schedule network e09c52c1-d18c-4897-981f-3921623ed96b: no agents available; will retry on subsequent port and subnet creation events.
2026-02-27 19:28:12.251 10 INFO neutron.db.ovn_revision_numbers_db [None req-cf8c19b8-24cd-434d-bcea-473e23bb07c7 68f9c3e5897d4157b188d5ff37da0a20 4ed5bb9d509a42aca2da8f47b7d8d903 - - default default] Successfully bumped revision number for resource 493b4458-2656-41aa-8521-6be571227d69 (type: ports) to 1
2026-02-27 19:28:12.272 10 INFO neutron.wsgi [None req-cf8c19b8-24cd-434d-bcea-473e23bb07c7 68f9c3e5897d4157b188d5ff37da0a20 4ed5bb9d509a42aca2da8f47b7d8d903 - - default default] 10.0.0.20 "POST /v2.0/networks HTTP/1.1" status: 201 len: 830 time: 0.5620387
2026-02-27 19:28:12.282 10 WARNING neutron_lib.context [None req-db926d77-fcad-4cec-900e-accb95eefe0e 68f9c3e5897d4157b188d5ff37da0a20 4ed5bb9d509a42aca2da8f47b7d8d903 - - default default] Method 'is_advsvc' is deprecated since 2023.2 release (neutron-lib 3.8.0) and will be removed once support for the old RBAC API policies will be removed from Neutron. Please use method 'is_service_role' instead.
2026-02-27 19:28:12.526 10 WARNING neutron.scheduler.dhcp_agent_scheduler [None req-db926d77-fcad-4cec-900e-accb95eefe0e 68f9c3e5897d4157b188d5ff37da0a20 4ed5bb9d509a42aca2da8f47b7d8d903 - - default default] No more DHCP agents
2026-02-27 19:28:12.527 10 WARNING neutron.api.rpc.agentnotifiers.dhcp_rpc_agent_api [None req-db926d77-fcad-4cec-900e-accb95eefe0e 68f9c3e5897d4157b188d5ff37da0a20 4ed5bb9d509a42aca2da8f47b7d8d903 - - default default] Unable to schedule network e09c52c1-d18c-4897-981f-3921623ed96b: no agents available; will retry on subsequent port and subnet creation events.
2026-02-27 19:28:12.607 10 INFO neutron.db.ovn_revision_numbers_db [None req-db926d77-fcad-4cec-900e-accb95eefe0e 68f9c3e5897d4157b188d5ff37da0a20 4ed5bb9d509a42aca2da8f47b7d8d903 - - default default] Successfully bumped revision number for resource 2dcfc09c-1e29-4bb5-8fb6-a813a4fa91b6 (type: ports) to 1
2026-02-27 19:28:12.628 10 INFO neutron.wsgi [None req-db926d77-fcad-4cec-900e-accb95eefe0e 68f9c3e5897d4157b188d5ff37da0a20 4ed5bb9d509a42aca2da8f47b7d8d903 - - default default] 10.0.0.20 "POST /v2.0/ports HTTP/1.1" status: 201 len: 942 time: 0.3509960 /var/lib/openstack/lib/python3.10/site-packages/pycadf/identifier.py:71: UserWarning: Invalid uuid: neutron. To ensure interoperability, identifiers should be a valid uuid. warnings.warn(('Invalid uuid: %s. To ensure interoperability, '
2026-02-27 19:28:12.638 10 WARNING neutron_lib.context [None req-1c7b99a7-4d78-4812-92c7-8e738cdc4490 68f9c3e5897d4157b188d5ff37da0a20 4ed5bb9d509a42aca2da8f47b7d8d903 - - default default] Method 'is_advsvc' is deprecated since 2023.2 release (neutron-lib 3.8.0) and will be removed once support for the old RBAC API policies will be removed from Neutron. Please use method 'is_service_role' instead.
2026-02-27 19:28:12.834 10 INFO neutron.wsgi [None req-1c7b99a7-4d78-4812-92c7-8e738cdc4490 68f9c3e5897d4157b188d5ff37da0a20 4ed5bb9d509a42aca2da8f47b7d8d903 - - default default] 10.0.0.20 "POST /v2.0/trunks HTTP/1.1" status: 201 len: 608 time: 0.2016292
2026-02-27 19:28:12.873 10 INFO neutron.wsgi [None req-604b11e3-fadf-4ef6-9153-9cde0e85b400 68f9c3e5897d4157b188d5ff37da0a20 4ed5bb9d509a42aca2da8f47b7d8d903 - - default default] 10.0.0.20 "PUT /v2.0/trunks/639a3a08-12e2-4043-b94f-ad2492545567/tags HTTP/1.1" status: 200 len: 210 time: 0.0333188
2026-02-27 19:28:12.912 10 INFO neutron.wsgi [None req-fcec64e7-4513-475d-94ff-0f926debf3f7 68f9c3e5897d4157b188d5ff37da0a20 4ed5bb9d509a42aca2da8f47b7d8d903 - - default default] 10.0.0.20 "PUT /v2.0/trunks/40359559-8172-4dd2-bc9d-4163aeffca88/tags HTTP/1.1" status: 200 len: 218 time: 0.0305197
2026-02-27 19:28:12.947 10 INFO neutron.wsgi [None req-38945fe8-9dad-41eb-a221-66dd29447154 68f9c3e5897d4157b188d5ff37da0a20 4ed5bb9d509a42aca2da8f47b7d8d903 - - default default] 10.0.0.20 "PUT /v2.0/trunks/60c6966e-43a2-47ef-8927-ddf67eb2ab3d/tags HTTP/1.1" status: 200 len: 227 time: 0.0312860
2026-02-27 19:28:12.982 10 INFO neutron.wsgi [None req-684fde7e-e804-4d4a-a4ba-abe9720934f0 68f9c3e5897d4157b188d5ff37da0a20 4ed5bb9d509a42aca2da8f47b7d8d903 - - default default] 10.0.0.20 "PUT /v2.0/trunks/46bff40f-ad5a-4011-9a14-7ced313455e2/tags HTTP/1.1" status: 200 len: 212 time: 0.0299726
2026-02-27 19:28:13.008 10 INFO neutron.wsgi [None req-9496cdc5-e3e9-46ea-a929-c5368173ca88 68f9c3e5897d4157b188d5ff37da0a20 4ed5bb9d509a42aca2da8f47b7d8d903 - - default default] 10.0.0.20 "GET /v2.0/trunks?tags=red HTTP/1.1" status: 200 len: 1447 time: 0.0215235
2026-02-27 19:28:13.041 10 INFO neutron.wsgi [None req-ae871215-f4eb-423b-aaaf-1606926f12f3 68f9c3e5897d4157b188d5ff37da0a20 4ed5bb9d509a42aca2da8f47b7d8d903 - - default default] 10.0.0.20 "GET /v2.0/trunks?tags=red%2Cblue HTTP/1.1" status: 200 len: 1041 time: 0.0265462
2026-02-27 19:28:13.068 10 INFO neutron.wsgi [None req-db80a00d-2fe2-436e-9f63-320f4e847dd8 68f9c3e5897d4157b188d5ff37da0a20 4ed5bb9d509a42aca2da8f47b7d8d903 - - default default] 10.0.0.20 "GET /v2.0/trunks?tags-any=blue HTTP/1.1" status: 200 len: 1041 time: 0.0215106
2026-02-27 19:28:13.095 10 INFO neutron.wsgi [None req-6febfd19-187b-48df-8f3b-8fa604ebed84 68f9c3e5897d4157b188d5ff37da0a20 4ed5bb9d509a42aca2da8f47b7d8d903 - - default default] 10.0.0.20 "GET /v2.0/trunks?tags-any=red%2Cblue HTTP/1.1" status: 200 len: 1447 time: 0.0218871
2026-02-27 19:28:13.118 10 INFO neutron.wsgi [None req-b5b55027-c975-4f85-a4bb-e8ddea4b5e82 68f9c3e5897d4157b188d5ff37da0a20 4ed5bb9d509a42aca2da8f47b7d8d903 - - default default] 10.0.0.20 "GET /v2.0/trunks?not-tags=red HTTP/1.1" status: 200 len: 1013 time: 0.0189974
2026-02-27 19:28:13.142 10 INFO neutron.wsgi [None req-5e8d4241-0083-4ee5-a78b-2bc4a6b8e514 68f9c3e5897d4157b188d5ff37da0a20 4ed5bb9d509a42aca2da8f47b7d8d903 - - default default] 10.0.0.20 "GET /v2.0/trunks?not-tags=red%2Cblue HTTP/1.1" status: 200 len: 1419 time: 0.0206730
2026-02-27 19:28:13.169 10 INFO neutron.wsgi [None req-21678223-0716-49c4-ae9d-5211fa387cd7 68f9c3e5897d4157b188d5ff37da0a20 4ed5bb9d509a42aca2da8f47b7d8d903 - - default default] 10.0.0.20 "GET /v2.0/trunks?not-tags-any=blue HTTP/1.1" status: 200 len: 1419 time: 0.0227063
2026-02-27 19:28:13.196 10 INFO neutron.wsgi [None req-8ccb0798-8a07-442b-8c48-b1f16c4bc3a0 68f9c3e5897d4157b188d5ff37da0a20 4ed5bb9d509a42aca2da8f47b7d8d903 - - default default] 10.0.0.20 "GET /v2.0/trunks?not-tags-any=red%2Cblue HTTP/1.1" status: 200 len: 1013 time: 0.0221550
2026-02-27 19:28:13.222 10 INFO neutron.wsgi [None req-e21c4029-20ec-4c24-b8a8-1666968f4c7b 68f9c3e5897d4157b188d5ff37da0a20 4ed5bb9d509a42aca2da8f47b7d8d903 - - default default] 10.0.0.20 "GET /v2.0/trunks/639a3a08-12e2-4043-b94f-ad2492545567 HTTP/1.1" status: 200 len: 608 time: 0.0208120
2026-02-27 19:28:13.347 10 INFO neutron.wsgi [None req-7a013714-edec-4b92-8461-37ee1bcfbd35 68f9c3e5897d4157b188d5ff37da0a20 4ed5bb9d509a42aca2da8f47b7d8d903 - - default default] 10.0.0.20 "GET /v2.0/ports/6a01eaa7-9544-4f88-b79f-ff25390876d1 HTTP/1.1" status: 200 len: 1020 time: 0.1209364
2026-02-27 19:28:13.479 10 INFO neutron.wsgi [None req-cfe7484d-7496-456a-a6f0-a260ecc4aa59 68f9c3e5897d4157b188d5ff37da0a20 4ed5bb9d509a42aca2da8f47b7d8d903 - - default default] 10.0.0.20 "DELETE /v2.0/trunks/639a3a08-12e2-4043-b94f-ad2492545567 HTTP/1.1" status: 204 len: 168 time: 0.1269341
2026-02-27 19:28:13.502 10 INFO neutron.wsgi [None req-7dd241ff-f962-41d7-9952-730a870745ae 68f9c3e5897d4157b188d5ff37da0a20 4ed5bb9d509a42aca2da8f47b7d8d903 - - default default] 10.0.0.20 "GET /v2.0/trunks/40359559-8172-4dd2-bc9d-4163aeffca88 HTTP/1.1" status: 200 len: 616 time: 0.0179338
2026-02-27 19:28:13.619 10 INFO neutron.wsgi [None req-76d8c132-c9d2-42a0-9170-7a99543eaf83 68f9c3e5897d4157b188d5ff37da0a20 4ed5bb9d509a42aca2da8f47b7d8d903 - - default default] 10.0.0.20 "GET /v2.0/ports/53858444-3f9f-4484-8681-9d7293ad7e12 HTTP/1.1" status: 200 len: 1020 time: 0.1111071
2026-02-27 19:28:13.700 10 INFO neutron.wsgi [None req-334a911c-93b0-44ac-a3a9-eb6ec08e850e 68f9c3e5897d4157b188d5ff37da0a20 4ed5bb9d509a42aca2da8f47b7d8d903 - - default default] 10.0.0.20 "DELETE /v2.0/trunks/40359559-8172-4dd2-bc9d-4163aeffca88 HTTP/1.1" status: 204 len: 168 time: 0.0763645
2026-02-27 19:28:13.726 10 INFO neutron.wsgi [None req-54959118-3e6b-4814-bd31-487d88d5b30c 68f9c3e5897d4157b188d5ff37da0a20 4ed5bb9d509a42aca2da8f47b7d8d903 - - default default] 10.0.0.20 "GET /v2.0/trunks/60c6966e-43a2-47ef-8927-ddf67eb2ab3d HTTP/1.1" status: 200 len: 625 time: 0.0186317
2026-02-27 19:28:13.750 9 INFO neutron.wsgi [req-3794cc64-16c3-4887-b507-63e78990fd3e req-6b01face-5ca9-413c-af81-ef46ebf19722 11aeef78a03646f4a40643e8d735f228 e7b601a4d96c43e0aaa5b854541a6029 - - default default] 10.0.0.156 "GET /v2.0/ports?device_id=5af0f871-a3ef-495a-a3ad-fa8ccb9d53b8 HTTP/1.1" status: 200 len: 1214 time: 0.1132374
2026-02-27 19:28:13.806 9 INFO neutron.wsgi [req-3794cc64-16c3-4887-b507-63e78990fd3e req-4a583117-e5f5-4a3a-8e1f-dddd54a8dfec 11aeef78a03646f4a40643e8d735f228 e7b601a4d96c43e0aaa5b854541a6029 - - default default] 10.0.0.156 "GET /v2.0/security-groups?id=a5f5f1ef-f0df-47fa-a0b3-e5ab5ce9fc10&id=b05c1060-bf87-4deb-a4b7-f600c97a2fbb&fields=id&fields=name HTTP/1.1" status: 200 len: 405 time: 0.0521438
2026-02-27 19:28:13.861 10 INFO neutron.wsgi [None req-6f2b5001-f692-4224-8096-839843fac928 68f9c3e5897d4157b188d5ff37da0a20 4ed5bb9d509a42aca2da8f47b7d8d903 - - default default] 10.0.0.20 "GET /v2.0/ports/b0371b50-f3e9-4d19-a459-a54824e06b6d HTTP/1.1" status: 200 len: 1020 time: 0.1303637
2026-02-27 19:28:13.996 10 INFO neutron.wsgi [None req-db16c93a-fdc2-4ad9-9e33-8a24ce0021d6 f77b0d178f9943b29b0429b6e20ce03d faefbb3bf23148e8846aa7da28c83f97 - - default default] 10.0.0.20 "GET /v2.0/ports?device_id=5af0f871-a3ef-495a-a3ad-fa8ccb9d53b8 HTTP/1.1" status: 200 len: 1447 time: 0.1612487
2026-02-27 19:28:14.038 10 INFO neutron.wsgi [None req-e1b055ef-1e54-42fa-a198-dd7311602f9f 68f9c3e5897d4157b188d5ff37da0a20 4ed5bb9d509a42aca2da8f47b7d8d903 - - default default] 10.0.0.20 "DELETE /v2.0/trunks/60c6966e-43a2-47ef-8927-ddf67eb2ab3d HTTP/1.1" status: 204 len: 168 time: 0.1716349
2026-02-27 19:28:14.066 10 INFO neutron.wsgi [None req-4794135c-4fdf-4222-afc3-77098c0e1113 11aeef78a03646f4a40643e8d735f228 e7b601a4d96c43e0aaa5b854541a6029 - - default default] 10.0.0.20 "GET /v2.0/floatingips?floating_network_id=7d087bdb-961f-4f32-a9a9-adf5ea602af2&port_id=898aba19-d21b-4f08-b039-37cdd07e64b7 HTTP/1.1" status: 200 len: 1055 time: 0.0651824
2026-02-27 19:28:14.067 9 INFO neutron.wsgi [None req-bcba85e8-2800-438b-83ff-9a9c2f0e0f02 68f9c3e5897d4157b188d5ff37da0a20 4ed5bb9d509a42aca2da8f47b7d8d903 - - default default] 10.0.0.20 "GET /v2.0/trunks/46bff40f-ad5a-4011-9a14-7ced313455e2 HTTP/1.1" status: 200 len: 610 time: 0.0240431
2026-02-27 19:28:14.188 9 INFO neutron.wsgi [None req-83b88a47-0bc2-449c-9d9e-fc6cc38a6c31 68f9c3e5897d4157b188d5ff37da0a20 4ed5bb9d509a42aca2da8f47b7d8d903 - - default default] 10.0.0.20 "GET /v2.0/ports/fda52bea-2aad-4c9d-911b-dec0cbd8e530 HTTP/1.1" status: 200 len: 1020 time: 0.1163502
2026-02-27 19:28:14.330 9 INFO neutron.wsgi [None req-f1c852d1-751d-4229-a2a9-20be70171fbd 68f9c3e5897d4157b188d5ff37da0a20 4ed5bb9d509a42aca2da8f47b7d8d903 - - default default] 10.0.0.20 "DELETE /v2.0/trunks/46bff40f-ad5a-4011-9a14-7ced313455e2 HTTP/1.1" status: 204 len: 168 time: 0.1366968
2026-02-27 19:28:14.350 9 INFO neutron.wsgi [req-8a361eba-1767-4ab3-b2c5-7be5144816fc req-439796ce-d016-4349-82db-89d0c658d93c 89d5c116b2f34af191f252029d0cf57e f93db5426c7e42daaaaf664590872084 - - 6f7b00aaeedb4e52a68b5d418fcd20ae 6f7b00aaeedb4e52a68b5d418fcd20ae] 10.0.0.176 "GET /v2.0/ports?device_id=5af0f871-a3ef-495a-a3ad-fa8ccb9d53b8 HTTP/1.1" status: 200 len: 1452 time: 0.0483851
2026-02-27 19:28:14.358 10 INFO neutron.wsgi [None req-a613337d-94e5-442b-bef6-59959b7558ad 68f9c3e5897d4157b188d5ff37da0a20 4ed5bb9d509a42aca2da8f47b7d8d903 - - default default] 10.0.0.20 "GET /v2.0/trunks/097bd3d6-0a21-4cfb-85cf-76a99bfee198 HTTP/1.1" status: 200 len: 603 time: 0.0229328
2026-02-27 19:28:14.397 9 INFO neutron.wsgi [req-8a361eba-1767-4ab3-b2c5-7be5144816fc req-38e687d8-f1c6-4999-871b-81cf9a7fd4ea 89d5c116b2f34af191f252029d0cf57e f93db5426c7e42daaaaf664590872084 - - 6f7b00aaeedb4e52a68b5d418fcd20ae 6f7b00aaeedb4e52a68b5d418fcd20ae] 10.0.0.176 "GET /v2.0/security-groups?id=a5f5f1ef-f0df-47fa-a0b3-e5ab5ce9fc10&id=b05c1060-bf87-4deb-a4b7-f600c97a2fbb&fields=id&fields=name HTTP/1.1" status: 200 len: 405 time: 0.0402319
2026-02-27 19:28:14.744 10 INFO neutron.wsgi [None req-15b4a009-647b-470f-8f6b-afcef9079bcb 68f9c3e5897d4157b188d5ff37da0a20 4ed5bb9d509a42aca2da8f47b7d8d903 - - default default] 10.0.0.20 "GET /v2.0/ports/2dcfc09c-1e29-4bb5-8fb6-a813a4fa91b6 HTTP/1.1" status: 200 len: 1020 time: 0.3812833
2026-02-27 19:28:14.831 9 INFO neutron.wsgi [None req-1226f3cc-a770-46d0-b6ab-ef76c33472a0 68f9c3e5897d4157b188d5ff37da0a20 4ed5bb9d509a42aca2da8f47b7d8d903 - - default default] 10.0.0.20 "DELETE /v2.0/trunks/097bd3d6-0a21-4cfb-85cf-76a99bfee198 HTTP/1.1" status: 204 len: 168 time: 0.0791552
2026-02-27 19:28:15.129 9 INFO neutron.wsgi [None req-2c46792c-b57d-453a-ba66-409eccace61b 68f9c3e5897d4157b188d5ff37da0a20 4ed5bb9d509a42aca2da8f47b7d8d903 - - default default] 10.0.0.20 "DELETE /v2.0/ports/6a01eaa7-9544-4f88-b79f-ff25390876d1 HTTP/1.1" status: 204 len: 168 time: 0.2929516
2026-02-27 19:28:15.403 9 INFO neutron.wsgi [None req-1115e6c6-d08b-4c82-b9c3-677c0b260121 68f9c3e5897d4157b188d5ff37da0a20 4ed5bb9d509a42aca2da8f47b7d8d903 - - default default] 10.0.0.20 "DELETE /v2.0/ports/53858444-3f9f-4484-8681-9d7293ad7e12 HTTP/1.1" status: 204 len: 168 time: 0.2682374
2026-02-27 19:28:15.683 9 INFO neutron.wsgi [None req-28356a1d-d8df-4f52-9b5e-ba988d8bb061 68f9c3e5897d4157b188d5ff37da0a20 4ed5bb9d509a42aca2da8f47b7d8d903 - - default default] 10.0.0.20 "DELETE /v2.0/ports/b0371b50-f3e9-4d19-a459-a54824e06b6d HTTP/1.1" status: 204 len: 168 time: 0.2763748
2026-02-27 19:28:16.052 10 INFO neutron.wsgi [None req-fcccc1a0-21c6-4f70-8791-263678f69e6e 68f9c3e5897d4157b188d5ff37da0a20 4ed5bb9d509a42aca2da8f47b7d8d903 - - default default] 10.0.0.20 "DELETE /v2.0/ports/fda52bea-2aad-4c9d-911b-dec0cbd8e530 HTTP/1.1" status: 204 len: 168 time: 0.3655498
2026-02-27 19:28:16.338 10 INFO neutron.wsgi [None req-6a71c37e-4b41-46fd-b175-70fc3ea45134 68f9c3e5897d4157b188d5ff37da0a20 4ed5bb9d509a42aca2da8f47b7d8d903 - - default default] 10.0.0.20 "DELETE /v2.0/ports/2dcfc09c-1e29-4bb5-8fb6-a813a4fa91b6 HTTP/1.1" status: 204 len: 168 time: 0.2811544
2026-02-27 19:28:16.505 9 INFO neutron.plugins.ml2.drivers.ovn.mech_driver.mech_driver [None req-83e8f823-6b8f-4cfc-930d-da03a0ad2252 - - - - - -] OVN reports status down for port: 898aba19-d21b-4f08-b039-37cdd07e64b7
2026-02-27 19:28:16.590 10 INFO neutron.wsgi [req-a26e86cf-cfdf-4e05-b777-930d0269bf4c req-8da33dd1-68dd-4194-b4fc-4520aae2a6f0 11aeef78a03646f4a40643e8d735f228 e7b601a4d96c43e0aaa5b854541a6029 - - default default] 10.0.0.156 "GET /v2.0/ports?device_id=5af0f871-a3ef-495a-a3ad-fa8ccb9d53b8 HTTP/1.1" status: 200 len: 1214 time: 0.1326616
2026-02-27 19:28:16.648 10 INFO neutron.wsgi [req-a26e86cf-cfdf-4e05-b777-930d0269bf4c req-17f87db9-907a-4a65-8889-bbf2d8e01591 11aeef78a03646f4a40643e8d735f228 e7b601a4d96c43e0aaa5b854541a6029 - - default default] 10.0.0.156 "GET /v2.0/security-groups?id=a5f5f1ef-f0df-47fa-a0b3-e5ab5ce9fc10&id=b05c1060-bf87-4deb-a4b7-f600c97a2fbb&fields=id&fields=name HTTP/1.1" status: 200 len: 405 time: 0.0535901
2026-02-27 19:28:16.674 9 INFO neutron.notifiers.nova [-] Nova event matching ['req-14d15c66-b280-400a-97db-0d33b5e7822c'] response: {'server_uuid': '5af0f871-a3ef-495a-a3ad-fa8ccb9d53b8', 'name': 'network-vif-unplugged', 'status': 'completed', 'tag': '898aba19-d21b-4f08-b039-37cdd07e64b7', 'code': 200}
2026-02-27 19:28:16.785 10 INFO neutron.services.segments.plugin [-] Segment 48a9b30a-e4cb-4144-8f44-609b7899caaf resource provider aggregate not found
2026-02-27 19:28:16.793 10 INFO neutron.services.segments.plugin [-] Segment 48a9b30a-e4cb-4144-8f44-609b7899caaf resource provider aggregate not found
2026-02-27 19:28:16.797 10 INFO neutron.services.segments.plugin [-] Segment 48a9b30a-e4cb-4144-8f44-609b7899caaf resource provider not found; error: Placement Client Error (4xx): {"errors": [{"status": 404, "title": "Not Found", "detail": "The resource could not be found.\n\n No resource provider with uuid 48a9b30a-e4cb-4144-8f44-609b7899caaf found for delete ", "request_id": "req-6c0a4b0f-2ee8-42e5-9e4a-ad2ca58502f8"}]}
2026-02-27 19:28:16.803 10 INFO neutron.services.segments.plugin [-] Segment 48a9b30a-e4cb-4144-8f44-609b7899caaf resource provider not found; error: Placement Client Error (4xx): {"errors": [{"status": 404, "title": "Not Found", "detail": "The resource could not be found.\n\n No resource provider with uuid 48a9b30a-e4cb-4144-8f44-609b7899caaf found for delete ", "request_id": "req-100b06b8-2a1e-4d9e-99fd-3117e7cabff5"}]}
2026-02-27 19:28:16.820 10 INFO neutron.wsgi [None req-be9a9ceb-ffa6-4a53-bbd1-c94b87cacebc 68f9c3e5897d4157b188d5ff37da0a20 4ed5bb9d509a42aca2da8f47b7d8d903 - - default default] 10.0.0.20 "DELETE /v2.0/networks/2f3a513e-e09d-4bc2-abcc-fae78d3c3962 HTTP/1.1" status: 204 len: 168 time: 0.4768739
2026-02-27 19:28:16.824 9 INFO neutron.wsgi [req-1b1b66d4-a384-44a3-9551-db84f41db509 req-1dc1541c-74d3-442a-99da-4be9c86231d4 11aeef78a03646f4a40643e8d735f228 e7b601a4d96c43e0aaa5b854541a6029 - - default default] 199.204.45.49 "GET /v2.0/ports?device_id=5af0f871-a3ef-495a-a3ad-fa8ccb9d53b8 HTTP/1.1" status: 200 len: 1212 time: 0.0421000
2026-02-27 19:28:16.830 9 INFO neutron.db.ovn_revision_numbers_db [None req-83e8f823-6b8f-4cfc-930d-da03a0ad2252 - - - - - -] Successfully bumped revision number for resource 898aba19-d21b-4f08-b039-37cdd07e64b7 (type: ports) to 5
2026-02-27 19:28:17.227 9 INFO neutron.db.l3_db [req-1b1b66d4-a384-44a3-9551-db84f41db509 req-0416405f-ca6d-40b3-a887-4248c61fbb62 11aeef78a03646f4a40643e8d735f228 e7b601a4d96c43e0aaa5b854541a6029 - - default default] Floating IP 51cde913-4fae-4075-ad62-413969996691 disassociated. External IP: 10.96.250.215, port: 898aba19-d21b-4f08-b039-37cdd07e64b7.
2026-02-27 19:28:17.229 10 INFO neutron.wsgi [None req-c56c413c-75bd-4590-be5a-7523282c4614 68f9c3e5897d4157b188d5ff37da0a20 4ed5bb9d509a42aca2da8f47b7d8d903 - - default default] 10.0.0.20 "DELETE /v2.0/networks/7d7c728a-d616-4a99-bf4a-7f9ac72928c4 HTTP/1.1" status: 204 len: 168 time: 0.4040451 /var/lib/openstack/lib/python3.10/site-packages/pycadf/identifier.py:71: UserWarning: Invalid uuid: neutron. To ensure interoperability, identifiers should be a valid uuid. warnings.warn(('Invalid uuid: %s. To ensure interoperability, '
2026-02-27 19:28:17.404 9 INFO neutron.wsgi [req-1b1b66d4-a384-44a3-9551-db84f41db509 req-0416405f-ca6d-40b3-a887-4248c61fbb62 11aeef78a03646f4a40643e8d735f228 e7b601a4d96c43e0aaa5b854541a6029 - - default default] 199.204.45.49 "DELETE /v2.0/ports/898aba19-d21b-4f08-b039-37cdd07e64b7 HTTP/1.1" status: 204 len: 173 time: 0.5741017
2026-02-27 19:28:17.698 9 INFO neutron.services.segments.plugin [-] Segment b4492950-5c37-4807-86d7-ebed62c2b123 resource provider aggregate not found
2026-02-27 19:28:17.705 9 INFO neutron.services.segments.plugin [-] Segment b4492950-5c37-4807-86d7-ebed62c2b123 resource provider aggregate not found
2026-02-27 19:28:17.712 9 INFO neutron.services.segments.plugin [-] Segment b4492950-5c37-4807-86d7-ebed62c2b123 resource provider not found; error: Placement Client Error (4xx): {"errors": [{"status": 404, "title": "Not Found", "detail": "The resource could not be found.\n\n No resource provider with uuid b4492950-5c37-4807-86d7-ebed62c2b123 found for delete ", "request_id": "req-51383eb3-29e5-4c15-b841-52e6051e937a"}]}
2026-02-27 19:28:17.725 9 INFO neutron.wsgi [None req-d6bdccd7-6fb1-4fbd-bd40-d8c43ca9af7a 68f9c3e5897d4157b188d5ff37da0a20 4ed5bb9d509a42aca2da8f47b7d8d903 - - default default] 10.0.0.20 "DELETE /v2.0/networks/bf54329f-9293-445d-8425-e2ab9c456abb HTTP/1.1" status: 204 len: 168 time: 0.4906099
2026-02-27 19:28:17.727 9 INFO neutron.services.segments.plugin [-] Segment b4492950-5c37-4807-86d7-ebed62c2b123 resource provider not found; error: Placement Client Error (4xx): {"errors": [{"status": 404, "title": "Not Found", "detail": "The resource could not be found.\n\n No resource provider with uuid b4492950-5c37-4807-86d7-ebed62c2b123 found for delete ", "request_id": "req-c47d7b59-f5fa-4a20-aaa5-e35678a7acb9"}]} /var/lib/openstack/lib/python3.10/site-packages/pycadf/identifier.py:71: UserWarning: Invalid uuid: neutron. To ensure interoperability, identifiers should be a valid uuid. warnings.warn(('Invalid uuid: %s. To ensure interoperability, '
2026-02-27 19:28:17.774 9 INFO neutron.wsgi [req-1da91cdc-2002-4e7a-a5df-b44a061955b0 req-52edd307-21a4-4ec7-9444-c51b9d634dab 11aeef78a03646f4a40643e8d735f228 e7b601a4d96c43e0aaa5b854541a6029 - - default default] 10.0.0.156 "GET /v2.0/ports?device_id=5af0f871-a3ef-495a-a3ad-fa8ccb9d53b8 HTTP/1.1" status: 200 len: 210 time: 0.0280366
2026-02-27 19:28:18.118 10 INFO neutron.wsgi [None req-b5b29f53-e98a-4a41-a96d-835329941cba 68f9c3e5897d4157b188d5ff37da0a20 4ed5bb9d509a42aca2da8f47b7d8d903 - - default default] 10.0.0.20 "DELETE /v2.0/networks/523c1040-dfbb-4694-8999-1e6be046b85a HTTP/1.1" status: 204 len: 168 time: 0.3863432
2026-02-27 19:28:18.498 9 INFO neutron.wsgi [None req-9bffba17-d9a8-41dd-9896-8ab7afe157c9 68f9c3e5897d4157b188d5ff37da0a20 4ed5bb9d509a42aca2da8f47b7d8d903 - - default default] 10.0.0.20 "DELETE /v2.0/networks/e09c52c1-d18c-4897-981f-3921623ed96b HTTP/1.1" status: 204 len: 168 time: 0.3751032
2026-02-27 19:28:18.727 9 INFO neutron.notifiers.nova [-] Nova event matching ['req-4d4e0f6b-4d0c-428f-a05f-a3587f19b238'] response: {'server_uuid': '5af0f871-a3ef-495a-a3ad-fa8ccb9d53b8', 'name': 'network-vif-unplugged', 'status': 'completed', 'tag': '898aba19-d21b-4f08-b039-37cdd07e64b7', 'code': 200}
2026-02-27 19:28:18.727 9 INFO neutron.notifiers.nova [-] Nova event matching ['req-4d4e0f6b-4d0c-428f-a05f-a3587f19b238'] response: {'server_uuid': '5af0f871-a3ef-495a-a3ad-fa8ccb9d53b8', 'name': 'network-vif-deleted', 'tag': '898aba19-d21b-4f08-b039-37cdd07e64b7', 'status': 'completed', 'code': 200}
