2026-02-27 19:26:13.118 10 WARNING neutron.plugins.ml2.drivers.ovn.mech_driver.ovsdb.ovn_client [None req-cd22cb5e-bbff-43fa-a989-1d0dd7f5d2c4 - - - - - -] No hosting information found for port 6b579bf8-60c3-42db-be39-ae7ce18d9937: RuntimeError: No hosting information found for port 6b579bf8-60c3-42db-be39-ae7ce18d9937
2026-02-27 19:26:13.128 9 INFO neutron.db.ovn_revision_numbers_db [None req-14fa2988-f6ef-4bff-8e4a-90949a97e049 db702ebb2eb3475897d018b68f69982a 24148dc6075a4231876239a0ba878425 - - default default] Successfully bumped revision number for resource de66c884-1eae-4cf5-9eb6-fa91339b9444 (type: ports) to 1
2026-02-27 19:26:13.140 10 INFO neutron.db.ovn_revision_numbers_db [None req-e5441852-82dd-4a06-9443-1256c275de12 47c62716c03a4a4c96d809bc8d006bc6 1fdea886561b449284a7f80e9351b184 - - default default] Successfully bumped revision number for resource d5c25881-c6c1-455c-9d83-890aab073c32 (type: security_group_rules) to 0
2026-02-27 19:26:13.167 9 INFO neutron.wsgi [None req-14fa2988-f6ef-4bff-8e4a-90949a97e049 db702ebb2eb3475897d018b68f69982a 24148dc6075a4231876239a0ba878425 - - default default] 10.0.0.20 "POST /v2.0/networks HTTP/1.1" status: 201 len: 833 time: 0.7449634
2026-02-27 19:26:13.172 10 INFO neutron.wsgi [None req-e5441852-82dd-4a06-9443-1256c275de12 47c62716c03a4a4c96d809bc8d006bc6 1fdea886561b449284a7f80e9351b184 - - default default] 10.0.0.20 "GET /v2.0/security-groups?tenant_id=d5d4fc7663c44996b1c01725b77b8ab4&name=default HTTP/1.1" status: 200 len: 3120 time: 0.6337621
2026-02-27 19:26:13.176 9 WARNING neutron_lib.context [None req-23bc2b5f-e632-4fb9-ba05-26e94a3f2d83 db702ebb2eb3475897d018b68f69982a 24148dc6075a4231876239a0ba878425 - - default default] Method 'is_advsvc' is deprecated since 2023.2 release (neutron-lib 3.8.0) and will be removed once support for the old RBAC API policies will be removed from Neutron. Please use method 'is_service_role' instead. /var/lib/openstack/lib/python3.10/site-packages/pycadf/identifier.py:71: UserWarning: Invalid uuid: neutron. To ensure interoperability, identifiers should be a valid uuid. warnings.warn(('Invalid uuid: %s. To ensure interoperability, '
2026-02-27 19:26:13.396 9 INFO neutron.db.ovn_revision_numbers_db [None req-ca1cba2a-eafe-4408-abae-7c89eb9634e6 778d7154e6794a52a5bfdcf955d53ab3 6bba581ff869420ea127bb7803648be2 - - default default] Successfully bumped revision number for resource c2e42b68-e74b-4331-98be-d4c61bddfeee (type: ports) to 2
2026-02-27 19:26:13.408 10 INFO neutron.wsgi [req-3d01c52e-1e7c-41f9-b4f9-b1eeac5810ce req-2f94e2a4-0637-4e6f-ad12-de660473ba7f d6dcbc27ee9542de8de42c17dff7aaf8 382522d2a5e941b8a23eb0b041870a65 - - default default] 10.0.0.156 "GET /v2.0/ports?device_id=87033f5c-ac2a-4258-9b0a-1da47246daba HTTP/1.1" status: 200 len: 1168 time: 0.1629827
2026-02-27 19:26:13.450 9 INFO neutron.db.ovn_revision_numbers_db [None req-ca1cba2a-eafe-4408-abae-7c89eb9634e6 778d7154e6794a52a5bfdcf955d53ab3 6bba581ff869420ea127bb7803648be2 - - default default] Successfully bumped revision number for resource d592836c-8d55-478f-b61f-371bfb16acc5 (type: subnets) to 0
2026-02-27 19:26:13.464 9 WARNING neutron.scheduler.dhcp_agent_scheduler [None req-23bc2b5f-e632-4fb9-ba05-26e94a3f2d83 db702ebb2eb3475897d018b68f69982a 24148dc6075a4231876239a0ba878425 - - default default] No more DHCP agents
2026-02-27 19:26:13.469 9 WARNING neutron.api.rpc.agentnotifiers.dhcp_rpc_agent_api [None req-23bc2b5f-e632-4fb9-ba05-26e94a3f2d83 db702ebb2eb3475897d018b68f69982a 24148dc6075a4231876239a0ba878425 - - default default] Unable to schedule network aa3590d6-6d8a-4c08-b512-dbc0e2c92a61: no agents available; will retry on subsequent port and subnet creation events.
2026-02-27 19:26:13.472 9 INFO neutron.wsgi [None req-ca1cba2a-eafe-4408-abae-7c89eb9634e6 778d7154e6794a52a5bfdcf955d53ab3 6bba581ff869420ea127bb7803648be2 - - default default] 10.0.0.20 "POST /v2.0/subnets HTTP/1.1" status: 201 len: 832 time: 1.0954714
2026-02-27 19:26:13.482 10 INFO neutron.wsgi [req-3d01c52e-1e7c-41f9-b4f9-b1eeac5810ce req-c02fa987-3fc9-4d6f-bd1c-c4fa7e0f9c22 d6dcbc27ee9542de8de42c17dff7aaf8 382522d2a5e941b8a23eb0b041870a65 - - default default] 10.0.0.156 "GET /v2.0/security-groups?id=b6d2721a-2537-4417-b2a6-aad0dcbd9d90&fields=id&fields=name HTTP/1.1" status: 200 len: 312 time: 0.0662522
2026-02-27 19:26:13.488 10 INFO neutron.db.ovn_revision_numbers_db [req-996de321-a8f2-4679-9bdf-79c4b4deca82 req-dd0c11e4-98c1-45c4-854d-4f34a6bb36a8 89d5c116b2f34af191f252029d0cf57e f93db5426c7e42daaaaf664590872084 - - 6f7b00aaeedb4e52a68b5d418fcd20ae 6f7b00aaeedb4e52a68b5d418fcd20ae] Successfully bumped revision number for resource 6f353cbc-f84c-461b-897a-87d1169c98c7 (type: ports) to 2
2026-02-27 19:26:13.502 9 INFO neutron.db.ovn_revision_numbers_db [None req-23bc2b5f-e632-4fb9-ba05-26e94a3f2d83 db702ebb2eb3475897d018b68f69982a 24148dc6075a4231876239a0ba878425 - - default default] Successfully bumped revision number for resource 37b41931-7598-4886-8c87-a036fa7eccb3 (type: subnets) to 0
2026-02-27 19:26:13.520 9 INFO neutron.wsgi [None req-23bc2b5f-e632-4fb9-ba05-26e94a3f2d83 db702ebb2eb3475897d018b68f69982a 24148dc6075a4231876239a0ba878425 - - default default] 10.0.0.20 "POST /v2.0/subnets HTTP/1.1" status: 201 len: 821 time: 0.3482654
2026-02-27 19:26:13.530 9 WARNING neutron_lib.context [None req-fb45c304-d94b-4e24-a149-3a4ba17eda31 db702ebb2eb3475897d018b68f69982a 24148dc6075a4231876239a0ba878425 - - default default] Method 'is_advsvc' is deprecated since 2023.2 release (neutron-lib 3.8.0) and will be removed once support for the old RBAC API policies will be removed from Neutron. Please use method 'is_service_role' instead.
2026-02-27 19:26:13.556 10 INFO neutron.wsgi [None req-813f634b-0fb3-4563-90d4-a8e76b3b038f 47c62716c03a4a4c96d809bc8d006bc6 1fdea886561b449284a7f80e9351b184 - - default default] 10.0.0.20 "DELETE /v2.0/security-groups/8ebe0e13-60ec-4c35-8e80-867288e62327 HTTP/1.1" status: 204 len: 168 time: 0.3787999
2026-02-27 19:26:13.659 9 INFO neutron.wsgi [None req-0296dd85-aa46-46c1-9e77-b5f79eeb5d49 67b4b2dc36db44b880a799ee00874196 b2391fa3112745589e4a06059b96b02b - - default default] 10.0.0.20 "GET /v2.0/subnetpools?name=shared-default-subnetpool-v6 HTTP/1.1" status: 200 len: 212 time: 0.1759741 /var/lib/openstack/lib/python3.10/site-packages/pycadf/identifier.py:71: UserWarning: Invalid uuid: neutron. To ensure interoperability, identifiers should be a valid uuid. warnings.warn(('Invalid uuid: %s. To ensure interoperability, '
2026-02-27 19:26:13.673 10 WARNING neutron_lib.context [None req-1e2f5340-5982-477e-b87b-facf7b9e4e99 778d7154e6794a52a5bfdcf955d53ab3 6bba581ff869420ea127bb7803648be2 - - default default] Method 'is_advsvc' is deprecated since 2023.2 release (neutron-lib 3.8.0) and will be removed once support for the old RBAC API policies will be removed from Neutron. Please use method 'is_service_role' instead.
2026-02-27 19:26:13.726 10 INFO neutron.db.ovn_revision_numbers_db [req-996de321-a8f2-4679-9bdf-79c4b4deca82 req-dd0c11e4-98c1-45c4-854d-4f34a6bb36a8 89d5c116b2f34af191f252029d0cf57e f93db5426c7e42daaaaf664590872084 - - 6f7b00aaeedb4e52a68b5d418fcd20ae 6f7b00aaeedb4e52a68b5d418fcd20ae] Successfully bumped revision number for resource 6f353cbc-f84c-461b-897a-87d1169c98c7 (type: ports) to 2
2026-02-27 19:26:13.747 10 INFO neutron.wsgi [req-996de321-a8f2-4679-9bdf-79c4b4deca82 req-dd0c11e4-98c1-45c4-854d-4f34a6bb36a8 89d5c116b2f34af191f252029d0cf57e f93db5426c7e42daaaaf664590872084 - - 6f7b00aaeedb4e52a68b5d418fcd20ae 6f7b00aaeedb4e52a68b5d418fcd20ae] 199.204.45.49 "PUT /v2.0/ports/6f353cbc-f84c-461b-897a-87d1169c98c7 HTTP/1.1" status: 200 len: 1376 time: 1.1236632
2026-02-27 19:26:13.775 9 WARNING neutron.scheduler.dhcp_agent_scheduler [None req-fb45c304-d94b-4e24-a149-3a4ba17eda31 db702ebb2eb3475897d018b68f69982a 24148dc6075a4231876239a0ba878425 - - default default] No more DHCP agents
2026-02-27 19:26:13.778 9 WARNING neutron.api.rpc.agentnotifiers.dhcp_rpc_agent_api [None req-fb45c304-d94b-4e24-a149-3a4ba17eda31 db702ebb2eb3475897d018b68f69982a 24148dc6075a4231876239a0ba878425 - - default default] Unable to schedule network 7d3d91a4-348d-4fb6-8781-cd30e43730ea: no agents available; will retry on subsequent port and subnet creation events.
2026-02-27 19:26:13.784 10 INFO neutron.notifiers.nova [-] Nova event matching ['req-ce279fa9-8f2c-4b44-b71c-4c8767106139'] response: {'name': 'network-changed', 'server_uuid': '87033f5c-ac2a-4258-9b0a-1da47246daba', 'tag': '6f353cbc-f84c-461b-897a-87d1169c98c7', 'status': 'completed', 'code': 200}
2026-02-27 19:26:13.810 9 INFO neutron.db.ovn_revision_numbers_db [None req-fb45c304-d94b-4e24-a149-3a4ba17eda31 db702ebb2eb3475897d018b68f69982a 24148dc6075a4231876239a0ba878425 - - default default] Successfully bumped revision number for resource 437d6f5f-8f19-425d-94bd-5dfef5e67a0f (type: subnets) to 0
2026-02-27 19:26:13.824 9 INFO neutron.wsgi [None req-fb45c304-d94b-4e24-a149-3a4ba17eda31 db702ebb2eb3475897d018b68f69982a 24148dc6075a4231876239a0ba878425 - - default default] 10.0.0.20 "POST /v2.0/subnets HTTP/1.1" status: 201 len: 830 time: 0.2988617
2026-02-27 19:26:13.834 9 WARNING neutron_lib.context [None req-68900d1f-1348-48e1-a1aa-e73366226350 db702ebb2eb3475897d018b68f69982a 24148dc6075a4231876239a0ba878425 - - default default] Method 'is_advsvc' is deprecated since 2023.2 release (neutron-lib 3.8.0) and will be removed once support for the old RBAC API policies will be removed from Neutron. Please use method 'is_service_role' instead.
2026-02-27 19:26:13.844 10 INFO neutron.wsgi [req-996de321-a8f2-4679-9bdf-79c4b4deca82 req-93e4805a-6d49-41dd-8ce2-2f83f427a4a0 89d5c116b2f34af191f252029d0cf57e f93db5426c7e42daaaaf664590872084 - - 6f7b00aaeedb4e52a68b5d418fcd20ae 6f7b00aaeedb4e52a68b5d418fcd20ae] 199.204.45.49 "GET /v2.0/ports?tenant_id=382522d2a5e941b8a23eb0b041870a65&device_id=87033f5c-ac2a-4258-9b0a-1da47246daba HTTP/1.1" status: 200 len: 1407 time: 0.0622241
2026-02-27 19:26:13.884 10 INFO neutron.wsgi [req-996de321-a8f2-4679-9bdf-79c4b4deca82 req-ef5bcdd5-b026-4f57-b0c1-46824a1737b3 89d5c116b2f34af191f252029d0cf57e f93db5426c7e42daaaaf664590872084 - - 6f7b00aaeedb4e52a68b5d418fcd20ae 6f7b00aaeedb4e52a68b5d418fcd20ae] 199.204.45.49 "GET /v2.0/floatingips?fixed_ip_address=10.100.0.6&port_id=6f353cbc-f84c-461b-897a-87d1169c98c7 HTTP/1.1" status: 200 len: 217 time: 0.0332892
2026-02-27 19:26:13.937 10 INFO neutron.wsgi [req-996de321-a8f2-4679-9bdf-79c4b4deca82 req-13dd7e26-3651-417d-886a-ab47e5f02986 89d5c116b2f34af191f252029d0cf57e f93db5426c7e42daaaaf664590872084 - - 6f7b00aaeedb4e52a68b5d418fcd20ae 6f7b00aaeedb4e52a68b5d418fcd20ae] 199.204.45.49 "GET /v2.0/subnets?id=8778c983-fd1e-4eed-8d80-9b718c5937c1 HTTP/1.1" status: 200 len: 853 time: 0.0457520
2026-02-27 19:26:13.973 9 INFO neutron.db.ovn_revision_numbers_db [None req-68900d1f-1348-48e1-a1aa-e73366226350 db702ebb2eb3475897d018b68f69982a 24148dc6075a4231876239a0ba878425 - - default default] Successfully bumped revision number for resource f09bf76a-8bee-45a2-9965-9f151b53e332 (type: routers) to 1
2026-02-27 19:26:13.983 10 INFO neutron.wsgi [req-996de321-a8f2-4679-9bdf-79c4b4deca82 req-190faf74-7592-4db6-ac9d-6ad9c0cec55d 89d5c116b2f34af191f252029d0cf57e f93db5426c7e42daaaaf664590872084 - - 6f7b00aaeedb4e52a68b5d418fcd20ae 6f7b00aaeedb4e52a68b5d418fcd20ae] 199.204.45.49 "GET /v2.0/ports?network_id=c15020fd-253e-42f8-8d2f-450a567f0cd8&device_owner=network%3Adhcp HTTP/1.1" status: 200 len: 210 time: 0.0385809
2026-02-27 19:26:13.988 9 INFO neutron.wsgi [None req-68900d1f-1348-48e1-a1aa-e73366226350 db702ebb2eb3475897d018b68f69982a 24148dc6075a4231876239a0ba878425 - - default default] 10.0.0.20 "POST /v2.0/routers HTTP/1.1" status: 201 len: 805 time: 0.1587558
2026-02-27 19:26:14.067 10 INFO neutron.wsgi [req-996de321-a8f2-4679-9bdf-79c4b4deca82 req-fe42903c-a9ec-453e-b281-53864624e1f2 89d5c116b2f34af191f252029d0cf57e f93db5426c7e42daaaaf664590872084 - - 6f7b00aaeedb4e52a68b5d418fcd20ae 6f7b00aaeedb4e52a68b5d418fcd20ae] 199.204.45.49 "GET /v2.0/networks/c15020fd-253e-42f8-8d2f-450a567f0cd8?fields=segments HTTP/1.1" status: 200 len: 212 time: 0.0765975
2026-02-27 19:26:14.140 10 WARNING neutron.scheduler.dhcp_agent_scheduler [None req-1e2f5340-5982-477e-b87b-facf7b9e4e99 778d7154e6794a52a5bfdcf955d53ab3 6bba581ff869420ea127bb7803648be2 - - default default] No more DHCP agents
2026-02-27 19:26:14.141 10 WARNING neutron.api.rpc.agentnotifiers.dhcp_rpc_agent_api [None req-1e2f5340-5982-477e-b87b-facf7b9e4e99 778d7154e6794a52a5bfdcf955d53ab3 6bba581ff869420ea127bb7803648be2 - - default default] Unable to schedule network 23751341-ad98-47f3-b1b2-cb43590130e5: no agents available; will retry on subsequent port and subnet creation events.
2026-02-27 19:26:14.146 10 INFO neutron.wsgi [req-996de321-a8f2-4679-9bdf-79c4b4deca82 req-a3744621-9606-475d-a1d0-f29c8b91f203 89d5c116b2f34af191f252029d0cf57e f93db5426c7e42daaaaf664590872084 - - 6f7b00aaeedb4e52a68b5d418fcd20ae 6f7b00aaeedb4e52a68b5d418fcd20ae] 199.204.45.49 "GET /v2.0/networks/c15020fd-253e-42f8-8d2f-450a567f0cd8?fields=provider%3Aphysical_network&fields=provider%3Anetwork_type HTTP/1.1" status: 200 len: 277 time: 0.0721598
2026-02-27 19:26:14.186 10 INFO neutron.db.ovn_revision_numbers_db [None req-1e2f5340-5982-477e-b87b-facf7b9e4e99 778d7154e6794a52a5bfdcf955d53ab3 6bba581ff869420ea127bb7803648be2 - - default default] Successfully bumped revision number for resource 18dd112d-d973-4f7e-8a39-7ed18768bcd3 (type: subnets) to 0
2026-02-27 19:26:14.206 10 INFO neutron.wsgi [None req-1e2f5340-5982-477e-b87b-facf7b9e4e99 778d7154e6794a52a5bfdcf955d53ab3 6bba581ff869420ea127bb7803648be2 - - default default] 10.0.0.20 "POST /v2.0/subnets HTTP/1.1" status: 201 len: 907 time: 0.5413601
2026-02-27 19:26:14.221 10 WARNING neutron_lib.context [None req-61bc4b22-b5ef-4ac6-9305-eaec3cd7e780 778d7154e6794a52a5bfdcf955d53ab3 6bba581ff869420ea127bb7803648be2 - - default default] Method 'is_advsvc' is deprecated since 2023.2 release (neutron-lib 3.8.0) and will be removed once support for the old RBAC API policies will be removed from Neutron. Please use method 'is_service_role' instead.
2026-02-27 19:26:14.239 10 INFO neutron.wsgi [req-0a06e830-add2-4d71-9d3c-b2ef5b501b90 req-42f9811d-d62a-45f5-8bf6-de67d6a9e9e3 89d5c116b2f34af191f252029d0cf57e f93db5426c7e42daaaaf664590872084 - - 6f7b00aaeedb4e52a68b5d418fcd20ae 6f7b00aaeedb4e52a68b5d418fcd20ae] 199.204.45.49 "GET /v2.0/ports?tenant_id=382522d2a5e941b8a23eb0b041870a65&device_id=87033f5c-ac2a-4258-9b0a-1da47246daba HTTP/1.1" status: 200 len: 1407 time: 0.0489740
2026-02-27 19:26:14.336 10 INFO neutron.plugins.ml2.drivers.ovn.mech_driver.mech_driver [None req-cd22cb5e-bbff-43fa-a989-1d0dd7f5d2c4 - - - - - -] OVN reports status up for port: 6f353cbc-f84c-461b-897a-87d1169c98c7
2026-02-27 19:26:14.344 10 INFO neutron.db.segments_db [None req-61bc4b22-b5ef-4ac6-9305-eaec3cd7e780 778d7154e6794a52a5bfdcf955d53ab3 6bba581ff869420ea127bb7803648be2 - - default default] Added segment c127e471-0099-43d5-ac65-8936ba875d24 of type geneve for network 8697947a-27d8-4760-a636-69efe6b22bba
2026-02-27 19:26:14.352 10 INFO neutron.wsgi [req-0a06e830-add2-4d71-9d3c-b2ef5b501b90 req-39d233cd-d59a-4091-ba98-22f36fe96bf1 89d5c116b2f34af191f252029d0cf57e f93db5426c7e42daaaaf664590872084 - - 6f7b00aaeedb4e52a68b5d418fcd20ae 6f7b00aaeedb4e52a68b5d418fcd20ae] 199.204.45.49 "GET /v2.0/networks?id=c15020fd-253e-42f8-8d2f-450a567f0cd8 HTTP/1.1" status: 200 len: 958 time: 0.1054876
2026-02-27 19:26:14.353 10 INFO neutron.plugins.ml2.plugin [None req-cd22cb5e-bbff-43fa-a989-1d0dd7f5d2c4 - - - - - -] Attempt 1 to provision port 6f353cbc-f84c-461b-897a-87d1169c98c7
2026-02-27 19:26:14.401 10 INFO neutron.wsgi [req-0a06e830-add2-4d71-9d3c-b2ef5b501b90 req-ea00c798-dc3e-4477-bf11-9ddcbec189f9 89d5c116b2f34af191f252029d0cf57e f93db5426c7e42daaaaf664590872084 - - 6f7b00aaeedb4e52a68b5d418fcd20ae 6f7b00aaeedb4e52a68b5d418fcd20ae] 199.204.45.49 "GET /v2.0/floatingips?fixed_ip_address=10.100.0.6&port_id=6f353cbc-f84c-461b-897a-87d1169c98c7 HTTP/1.1" status: 200 len: 217 time: 0.0334511
2026-02-27 19:26:14.455 10 INFO neutron.wsgi [req-0a06e830-add2-4d71-9d3c-b2ef5b501b90 req-d19f5ce5-b579-4a18-8b9f-7053bd62602b 89d5c116b2f34af191f252029d0cf57e f93db5426c7e42daaaaf664590872084 - - 6f7b00aaeedb4e52a68b5d418fcd20ae 6f7b00aaeedb4e52a68b5d418fcd20ae] 199.204.45.49 "GET /v2.0/subnets?id=8778c983-fd1e-4eed-8d80-9b718c5937c1 HTTP/1.1" status: 200 len: 853 time: 0.0505881
2026-02-27 19:26:14.501 10 INFO neutron.wsgi [req-0a06e830-add2-4d71-9d3c-b2ef5b501b90 req-64ec2e91-1ee0-4cb2-9a0a-cec8468b04de 89d5c116b2f34af191f252029d0cf57e f93db5426c7e42daaaaf664590872084 - - 6f7b00aaeedb4e52a68b5d418fcd20ae 6f7b00aaeedb4e52a68b5d418fcd20ae] 199.204.45.49 "GET /v2.0/ports?network_id=c15020fd-253e-42f8-8d2f-450a567f0cd8&device_owner=network%3Adhcp HTTP/1.1" status: 200 len: 210 time: 0.0376351
2026-02-27 19:26:14.526 9 WARNING neutron.scheduler.dhcp_agent_scheduler [None req-9f0055a0-4010-4966-9a1c-3ead73bed013 db702ebb2eb3475897d018b68f69982a 24148dc6075a4231876239a0ba878425 - - default default] No more DHCP agents
2026-02-27 19:26:14.528 9 WARNING neutron.api.rpc.agentnotifiers.dhcp_rpc_agent_api [None req-9f0055a0-4010-4966-9a1c-3ead73bed013 db702ebb2eb3475897d018b68f69982a 24148dc6075a4231876239a0ba878425 - - default default] Unable to schedule network aa3590d6-6d8a-4c08-b512-dbc0e2c92a61: no agents available; will retry on subsequent port and subnet creation events.
2026-02-27 19:26:14.610 10 INFO neutron.db.ovn_revision_numbers_db [None req-61bc4b22-b5ef-4ac6-9305-eaec3cd7e780 778d7154e6794a52a5bfdcf955d53ab3 6bba581ff869420ea127bb7803648be2 - - default default] Successfully bumped revision number for resource 8697947a-27d8-4760-a636-69efe6b22bba (type: networks) to 1
2026-02-27 19:26:14.617 10 INFO neutron.wsgi [req-3a4b516a-725b-4d28-a289-2d5cdaacb1aa req-6bf0cd76-424f-4c16-9a54-d6e975595e82 d6dcbc27ee9542de8de42c17dff7aaf8 382522d2a5e941b8a23eb0b041870a65 - - default default] 10.0.0.156 "GET /v2.0/ports?device_id=87033f5c-ac2a-4258-9b0a-1da47246daba HTTP/1.1" status: 200 len: 1168 time: 0.0607581
2026-02-27 19:26:14.651 10 INFO neutron.wsgi [req-0a06e830-add2-4d71-9d3c-b2ef5b501b90 req-8a1296b9-f734-4f31-a197-645c20c7fabd 89d5c116b2f34af191f252029d0cf57e f93db5426c7e42daaaaf664590872084 - - 6f7b00aaeedb4e52a68b5d418fcd20ae 6f7b00aaeedb4e52a68b5d418fcd20ae] 199.204.45.49 "GET /v2.0/networks/c15020fd-253e-42f8-8d2f-450a567f0cd8?fields=segments HTTP/1.1" status: 200 len: 212 time: 0.1427026
2026-02-27 19:26:14.739 10 INFO neutron.wsgi [req-3a4b516a-725b-4d28-a289-2d5cdaacb1aa req-e00f479d-51c9-45b6-a1a3-d6c12ce7b0ff d6dcbc27ee9542de8de42c17dff7aaf8 382522d2a5e941b8a23eb0b041870a65 - - default default] 10.0.0.156 "GET /v2.0/security-groups?id=b6d2721a-2537-4417-b2a6-aad0dcbd9d90&fields=id&fields=name HTTP/1.1" status: 200 len: 312 time: 0.1120601
2026-02-27 19:26:14.789 10 INFO neutron.wsgi [req-0a06e830-add2-4d71-9d3c-b2ef5b501b90 req-112337e9-5485-4a23-b715-5e548d65b1e5 89d5c116b2f34af191f252029d0cf57e f93db5426c7e42daaaaf664590872084 - - 6f7b00aaeedb4e52a68b5d418fcd20ae 6f7b00aaeedb4e52a68b5d418fcd20ae] 199.204.45.49 "GET /v2.0/networks/c15020fd-253e-42f8-8d2f-450a567f0cd8?fields=provider%3Aphysical_network&fields=provider%3Anetwork_type HTTP/1.1" status: 200 len: 277 time: 0.1287956
2026-02-27 19:26:14.888 10 WARNING neutron.scheduler.dhcp_agent_scheduler [None req-61bc4b22-b5ef-4ac6-9305-eaec3cd7e780 778d7154e6794a52a5bfdcf955d53ab3 6bba581ff869420ea127bb7803648be2 - - default default] No more DHCP agents
2026-02-27 19:26:14.896 10 WARNING neutron.api.rpc.agentnotifiers.dhcp_rpc_agent_api [None req-61bc4b22-b5ef-4ac6-9305-eaec3cd7e780 778d7154e6794a52a5bfdcf955d53ab3 6bba581ff869420ea127bb7803648be2 - - default default] Unable to schedule network 8697947a-27d8-4760-a636-69efe6b22bba: no agents available; will retry on subsequent port and subnet creation events.
2026-02-27 19:26:14.911 9 INFO neutron.db.ovn_revision_numbers_db [None req-9f0055a0-4010-4966-9a1c-3ead73bed013 db702ebb2eb3475897d018b68f69982a 24148dc6075a4231876239a0ba878425 - - default default] Successfully bumped revision number for resource 97dc11b9-c321-42c1-86bd-ae1985a6a0ce (type: ports) to 1
2026-02-27 19:26:14.934 10 INFO neutron.db.ovn_revision_numbers_db [None req-cd22cb5e-bbff-43fa-a989-1d0dd7f5d2c4 - - - - - -] Successfully bumped revision number for resource 6f353cbc-f84c-461b-897a-87d1169c98c7 (type: ports) to 4
2026-02-27 19:26:14.995 10 INFO neutron.db.ovn_revision_numbers_db [None req-61bc4b22-b5ef-4ac6-9305-eaec3cd7e780 778d7154e6794a52a5bfdcf955d53ab3 6bba581ff869420ea127bb7803648be2 - - default default] Successfully bumped revision number for resource 20e5e057-bdc2-41a6-902e-8838bce030e4 (type: ports) to 1
2026-02-27 19:26:15.017 10 INFO neutron.wsgi [None req-61bc4b22-b5ef-4ac6-9305-eaec3cd7e780 778d7154e6794a52a5bfdcf955d53ab3 6bba581ff869420ea127bb7803648be2 - - default default] 10.0.0.20 "POST /v2.0/networks HTTP/1.1" status: 201 len: 837 time: 0.7999861 /var/lib/openstack/lib/python3.10/site-packages/pycadf/identifier.py:71: UserWarning: Invalid uuid: neutron. To ensure interoperability, identifiers should be a valid uuid. warnings.warn(('Invalid uuid: %s. To ensure interoperability, '
2026-02-27 19:26:15.026 10 WARNING neutron_lib.context [None req-10f5a9b7-96cf-4ad2-ab53-1e051b8c5b4e 778d7154e6794a52a5bfdcf955d53ab3 6bba581ff869420ea127bb7803648be2 - - default default] Method 'is_advsvc' is deprecated since 2023.2 release (neutron-lib 3.8.0) and will be removed once support for the old RBAC API policies will be removed from Neutron. Please use method 'is_service_role' instead.
2026-02-27 19:26:15.225 10 WARNING neutron.scheduler.dhcp_agent_scheduler [None req-10f5a9b7-96cf-4ad2-ab53-1e051b8c5b4e 778d7154e6794a52a5bfdcf955d53ab3 6bba581ff869420ea127bb7803648be2 - - default default] No more DHCP agents
2026-02-27 19:26:15.228 10 WARNING neutron.api.rpc.agentnotifiers.dhcp_rpc_agent_api [None req-10f5a9b7-96cf-4ad2-ab53-1e051b8c5b4e 778d7154e6794a52a5bfdcf955d53ab3 6bba581ff869420ea127bb7803648be2 - - default default] Unable to schedule network 8697947a-27d8-4760-a636-69efe6b22bba: no agents available; will retry on subsequent port and subnet creation events.
2026-02-27 19:26:15.389 9 ERROR ovsdbapp.backend.ovs_idl.command [None req-9f0055a0-4010-4966-9a1c-3ead73bed013 db702ebb2eb3475897d018b68f69982a 24148dc6075a4231876239a0ba878425 - - default default] Error executing command (DbGetCommand): ovsdbapp.backend.ovs_idl.idlutils.RowNotFound: Cannot find Logical_Router_Port with name=lrp-97dc11b9-c321-42c1-86bd-ae1985a6a0ce
2026-02-27 19:26:15.389 9 ERROR ovsdbapp.backend.ovs_idl.command
Traceback (most recent call last):
2026-02-27 19:26:15.389 9 ERROR ovsdbapp.backend.ovs_idl.command
File "/var/lib/openstack/lib/python3.10/site-packages/ovsdbapp/backend/ovs_idl/command.py", line 47, in execute
2026-02-27 19:26:15.389 9 ERROR ovsdbapp.backend.ovs_idl.command self.run_idl(None)
2026-02-27 19:26:15.389 9 ERROR ovsdbapp.backend.ovs_idl.command
File "/var/lib/openstack/lib/python3.10/site-packages/ovsdbapp/backend/ovs_idl/command.py", line 235, in run_idl
2026-02-27 19:26:15.389 9 ERROR ovsdbapp.backend.ovs_idl.command record = self.api.lookup(self.table, self.record)
2026-02-27 19:26:15.389 9 ERROR ovsdbapp.backend.ovs_idl.command
File "/var/lib/openstack/lib/python3.10/site-packages/ovsdbapp/backend/ovs_idl/__init__.py", line 184, in lookup
2026-02-27 19:26:15.389 9 ERROR ovsdbapp.backend.ovs_idl.command return self._lookup(table, record)
2026-02-27 19:26:15.389 9 ERROR ovsdbapp.backend.ovs_idl.command
File "/var/lib/openstack/lib/python3.10/site-packages/ovsdbapp/backend/ovs_idl/__init__.py", line 235, in _lookup
2026-02-27 19:26:15.389 9 ERROR ovsdbapp.backend.ovs_idl.command row = idlutils.row_by_value(self, rl.table, rl.column, record)
2026-02-27 19:26:15.389 9 ERROR ovsdbapp.backend.ovs_idl.command
File "/var/lib/openstack/lib/python3.10/site-packages/ovsdbapp/backend/ovs_idl/idlutils.py", line 114, in row_by_value
2026-02-27 19:26:15.389 9 ERROR ovsdbapp.backend.ovs_idl.command raise RowNotFound(table=table, col=column, match=match)
2026-02-27 19:26:15.389 9 ERROR ovsdbapp.backend.ovs_idl.command ovsdbapp.backend.ovs_idl.idlutils.RowNotFound: Cannot find Logical_Router_Port with name=lrp-97dc11b9-c321-42c1-86bd-ae1985a6a0ce
2026-02-27 19:26:15.389 9 ERROR ovsdbapp.backend.ovs_idl.command 
2026-02-27 19:26:15.389 9 ERROR neutron_lib.callbacks.manager [None req-9f0055a0-4010-4966-9a1c-3ead73bed013 db702ebb2eb3475897d018b68f69982a 24148dc6075a4231876239a0ba878425 - - default default] Error during notification for neutron.services.ovn_l3.plugin.OVNL3RouterPlugin._port_update-8750809390831 port, after_update: ovsdbapp.backend.ovs_idl.idlutils.RowNotFound: Cannot find Logical_Router_Port with name=lrp-97dc11b9-c321-42c1-86bd-ae1985a6a0ce
2026-02-27 19:26:15.389 9 ERROR neutron_lib.callbacks.manager
Traceback (most recent call last):
2026-02-27 19:26:15.389 9 ERROR neutron_lib.callbacks.manager
File "/var/lib/openstack/lib/python3.10/site-packages/neutron_lib/callbacks/manager.py", line 189, in _notify_loop
2026-02-27 19:26:15.389 9 ERROR neutron_lib.callbacks.manager callback.method(resource, event, trigger, payload=payload)
2026-02-27 19:26:15.389 9 ERROR neutron_lib.callbacks.manager
File "/var/lib/openstack/lib/python3.10/site-packages/neutron/services/ovn_l3/plugin.py", line 391, in _port_update
2026-02-27 19:26:15.389 9 ERROR neutron_lib.callbacks.manager l3plugin._ovn_client.update_router_port(context,
2026-02-27 19:26:15.389 9 ERROR neutron_lib.callbacks.manager
File "/var/lib/openstack/lib/python3.10/site-packages/neutron/plugins/ml2/drivers/ovn/mech_driver/ovsdb/ovn_client.py", line 1878, in update_router_port
2026-02-27 19:26:15.389 9 ERROR neutron_lib.callbacks.manager self._update_lrouter_port(context, port, if_exists=if_exists,
2026-02-27 19:26:15.389 9 ERROR neutron_lib.callbacks.manager
File "/var/lib/openstack/lib/python3.10/site-packages/neutron/plugins/ml2/drivers/ovn/mech_driver/ovsdb/ovn_client.py", line 1855, in _update_lrouter_port
2026-02-27 19:26:15.389 9 ERROR neutron_lib.callbacks.manager external_ids = self._nb_idl.db_get(
2026-02-27 19:26:15.389 9 ERROR neutron_lib.callbacks.manager
File "/var/lib/openstack/lib/python3.10/site-packages/ovsdbapp/backend/ovs_idl/command.py", line 47, in execute
2026-02-27 19:26:15.389 9 ERROR neutron_lib.callbacks.manager self.run_idl(None)
2026-02-27 19:26:15.389 9 ERROR neutron_lib.callbacks.manager
File "/var/lib/openstack/lib/python3.10/site-packages/ovsdbapp/backend/ovs_idl/command.py", line 235, in run_idl
2026-02-27 19:26:15.389 9 ERROR neutron_lib.callbacks.manager record = self.api.lookup(self.table, self.record)
2026-02-27 19:26:15.389 9 ERROR neutron_lib.callbacks.manager
File "/var/lib/openstack/lib/python3.10/site-packages/ovsdbapp/backend/ovs_idl/__init__.py", line 184, in lookup
2026-02-27 19:26:15.389 9 ERROR neutron_lib.callbacks.manager return self._lookup(table, record)
2026-02-27 19:26:15.389 9 ERROR neutron_lib.callbacks.manager
File "/var/lib/openstack/lib/python3.10/site-packages/ovsdbapp/backend/ovs_idl/__init__.py", line 235, in _lookup
2026-02-27 19:26:15.389 9 ERROR neutron_lib.callbacks.manager row = idlutils.row_by_value(self, rl.table, rl.column, record)
2026-02-27 19:26:15.389 9 ERROR neutron_lib.callbacks.manager
File "/var/lib/openstack/lib/python3.10/site-packages/ovsdbapp/backend/ovs_idl/idlutils.py", line 114, in row_by_value
2026-02-27 19:26:15.389 9 ERROR neutron_lib.callbacks.manager raise RowNotFound(table=table, col=column, match=match)
2026-02-27 19:26:15.389 9 ERROR neutron_lib.callbacks.manager ovsdbapp.backend.ovs_idl.idlutils.RowNotFound: Cannot find Logical_Router_Port with name=lrp-97dc11b9-c321-42c1-86bd-ae1985a6a0ce
2026-02-27 19:26:15.389 9 ERROR neutron_lib.callbacks.manager 
2026-02-27 19:26:15.530 10 INFO neutron.plugins.ml2.drivers.ovn.mech_driver.mech_driver [None req-cd22cb5e-bbff-43fa-a989-1d0dd7f5d2c4 - - - - - -] OVN reports status up for port: 97dc11b9-c321-42c1-86bd-ae1985a6a0ce
2026-02-27 19:26:15.541 10 INFO neutron.plugins.ml2.plugin [None req-cd22cb5e-bbff-43fa-a989-1d0dd7f5d2c4 - - - - - -] Attempt 1 to provision port 97dc11b9-c321-42c1-86bd-ae1985a6a0ce
2026-02-27 19:26:15.554 9 INFO neutron.db.ovn_revision_numbers_db [None req-9f0055a0-4010-4966-9a1c-3ead73bed013 db702ebb2eb3475897d018b68f69982a 24148dc6075a4231876239a0ba878425 - - default default] Successfully bumped revision number for resource 97dc11b9-c321-42c1-86bd-ae1985a6a0ce (type: ports) to 1
2026-02-27 19:26:15.635 9 WARNING neutron.scheduler.dhcp_agent_scheduler [None req-9f0055a0-4010-4966-9a1c-3ead73bed013 db702ebb2eb3475897d018b68f69982a 24148dc6075a4231876239a0ba878425 - - default default] No more DHCP agents
2026-02-27 19:26:15.636 9 WARNING neutron.api.rpc.agentnotifiers.dhcp_rpc_agent_api [None req-9f0055a0-4010-4966-9a1c-3ead73bed013 db702ebb2eb3475897d018b68f69982a 24148dc6075a4231876239a0ba878425 - - default default] Unable to schedule network aa3590d6-6d8a-4c08-b512-dbc0e2c92a61: no agents available; will retry on subsequent port and subnet creation events.
2026-02-27 19:26:15.761 9 INFO neutron.db.ovn_revision_numbers_db [None req-9f0055a0-4010-4966-9a1c-3ead73bed013 db702ebb2eb3475897d018b68f69982a 24148dc6075a4231876239a0ba878425 - - default default] Successfully bumped revision number for resource 97dc11b9-c321-42c1-86bd-ae1985a6a0ce (type: router_ports) to 1
2026-02-27 19:26:15.766 9 INFO neutron.wsgi [None req-9f0055a0-4010-4966-9a1c-3ead73bed013 db702ebb2eb3475897d018b68f69982a 24148dc6075a4231876239a0ba878425 - - default default] 10.0.0.20 "PUT /v2.0/routers/f09bf76a-8bee-45a2-9965-9f151b53e332/add_router_interface HTTP/1.1" status: 200 len: 503 time: 1.7728481
2026-02-27 19:26:15.801 9 INFO neutron.wsgi [None req-62ef1b2b-b278-46f9-9438-0a36cb58281d db702ebb2eb3475897d018b68f69982a 24148dc6075a4231876239a0ba878425 - - default default] 10.0.0.20 "GET /v2.0/ports/97dc11b9-c321-42c1-86bd-ae1985a6a0ce HTTP/1.1" status: 200 len: 1141 time: 0.0302577
2026-02-27 19:26:15.820 10 INFO neutron.notifiers.nova [-] Nova event matching ['req-d6f6687f-3cca-4897-8fe1-cf1a7e1ac93c'] response: {'server_uuid': '87033f5c-ac2a-4258-9b0a-1da47246daba', 'name': 'network-vif-plugged', 'status': 'completed', 'tag': '6f353cbc-f84c-461b-897a-87d1169c98c7', 'code': 200}
2026-02-27 19:26:15.821 10 INFO neutron.notifiers.nova [-] Nova event matching ['req-d6f6687f-3cca-4897-8fe1-cf1a7e1ac93c'] response: {'server_uuid': '87033f5c-ac2a-4258-9b0a-1da47246daba', 'name': 'network-vif-plugged', 'status': 'completed', 'tag': '6f353cbc-f84c-461b-897a-87d1169c98c7', 'code': 200}
2026-02-27 19:26:15.958 9 INFO neutron.wsgi [req-7319a9e4-54b3-4924-a0ca-f83e05de71f7 req-a5019992-186b-414a-a4d9-847a20c4c4c6 d6dcbc27ee9542de8de42c17dff7aaf8 382522d2a5e941b8a23eb0b041870a65 - - default default] 10.0.0.156 "GET /v2.0/ports?device_id=87033f5c-ac2a-4258-9b0a-1da47246daba HTTP/1.1" status: 200 len: 1170 time: 0.1301212
2026-02-27 19:26:16.017 9 INFO neutron.wsgi [req-7319a9e4-54b3-4924-a0ca-f83e05de71f7 req-9aee45d2-da5d-48b1-a8f7-c4cdae3865f7 d6dcbc27ee9542de8de42c17dff7aaf8 382522d2a5e941b8a23eb0b041870a65 - - default default] 10.0.0.156 "GET /v2.0/security-groups?id=b6d2721a-2537-4417-b2a6-aad0dcbd9d90&fields=id&fields=name HTTP/1.1" status: 200 len: 312 time: 0.0502658
2026-02-27 19:26:16.131 10 INFO neutron.db.ovn_revision_numbers_db [None req-cd22cb5e-bbff-43fa-a989-1d0dd7f5d2c4 - - - - - -] Successfully bumped revision number for resource 97dc11b9-c321-42c1-86bd-ae1985a6a0ce (type: ports) to 2
2026-02-27 19:26:16.184 10 INFO neutron.db.ovn_revision_numbers_db [None req-10f5a9b7-96cf-4ad2-ab53-1e051b8c5b4e 778d7154e6794a52a5bfdcf955d53ab3 6bba581ff869420ea127bb7803648be2 - - default default] Successfully bumped revision number for resource 20e5e057-bdc2-41a6-902e-8838bce030e4 (type: ports) to 2
2026-02-27 19:26:16.248 10 INFO neutron.db.ovn_revision_numbers_db [None req-10f5a9b7-96cf-4ad2-ab53-1e051b8c5b4e 778d7154e6794a52a5bfdcf955d53ab3 6bba581ff869420ea127bb7803648be2 - - default default] Successfully bumped revision number for resource e5d0e6e1-8af5-4e65-989e-b3657f676fec (type: subnets) to 0
2026-02-27 19:26:16.274 10 INFO neutron.wsgi [None req-10f5a9b7-96cf-4ad2-ab53-1e051b8c5b4e 778d7154e6794a52a5bfdcf955d53ab3 6bba581ff869420ea127bb7803648be2 - - default default] 10.0.0.20 "POST /v2.0/subnets HTTP/1.1" status: 201 len: 831 time: 1.2512348
2026-02-27 19:26:16.284 10 WARNING neutron_lib.context [None req-425a38a3-e58a-4dcb-88eb-49dde97badd0 778d7154e6794a52a5bfdcf955d53ab3 6bba581ff869420ea127bb7803648be2 - - default default] Method 'is_advsvc' is deprecated since 2023.2 release (neutron-lib 3.8.0) and will be removed once support for the old RBAC API policies will be removed from Neutron. Please use method 'is_service_role' instead.
2026-02-27 19:26:16.314 10 INFO neutron.db.ovn_revision_numbers_db [None req-cd22cb5e-bbff-43fa-a989-1d0dd7f5d2c4 - - - - - -] Successfully bumped revision number for resource 97dc11b9-c321-42c1-86bd-ae1985a6a0ce (type: router_ports) to 2
2026-02-27 19:26:16.524 10 WARNING neutron.scheduler.dhcp_agent_scheduler [None req-425a38a3-e58a-4dcb-88eb-49dde97badd0 778d7154e6794a52a5bfdcf955d53ab3 6bba581ff869420ea127bb7803648be2 - - default default] No more DHCP agents
2026-02-27 19:26:16.526 10 WARNING neutron.api.rpc.agentnotifiers.dhcp_rpc_agent_api [None req-425a38a3-e58a-4dcb-88eb-49dde97badd0 778d7154e6794a52a5bfdcf955d53ab3 6bba581ff869420ea127bb7803648be2 - - default default] Unable to schedule network 8697947a-27d8-4760-a636-69efe6b22bba: no agents available; will retry on subsequent port and subnet creation events.
2026-02-27 19:26:16.552 10 INFO neutron.db.ovn_revision_numbers_db [None req-425a38a3-e58a-4dcb-88eb-49dde97badd0 778d7154e6794a52a5bfdcf955d53ab3 6bba581ff869420ea127bb7803648be2 - - default default] Successfully bumped revision number for resource 4c3c71d3-d694-455d-9556-7606155e4ade (type: subnets) to 0
2026-02-27 19:26:16.565 9 WARNING neutron.scheduler.dhcp_agent_scheduler [None req-971acfe0-f05b-494d-85b1-1a15509a3c7a db702ebb2eb3475897d018b68f69982a 24148dc6075a4231876239a0ba878425 - - default default] No more DHCP agents
2026-02-27 19:26:16.567 9 WARNING neutron.api.rpc.agentnotifiers.dhcp_rpc_agent_api [None req-971acfe0-f05b-494d-85b1-1a15509a3c7a db702ebb2eb3475897d018b68f69982a 24148dc6075a4231876239a0ba878425 - - default default] Unable to schedule network 7d3d91a4-348d-4fb6-8781-cd30e43730ea: no agents available; will retry on subsequent port and subnet creation events.
2026-02-27 19:26:16.570 10 INFO neutron.wsgi [None req-425a38a3-e58a-4dcb-88eb-49dde97badd0 778d7154e6794a52a5bfdcf955d53ab3 6bba581ff869420ea127bb7803648be2 - - default default] 10.0.0.20 "POST /v2.0/subnets HTTP/1.1" status: 201 len: 901 time: 0.2919254
2026-02-27 19:26:16.581 10 WARNING neutron_lib.context [None req-d6bb2aa5-ae25-4128-92c3-776ec04b3754 778d7154e6794a52a5bfdcf955d53ab3 6bba581ff869420ea127bb7803648be2 - - default default] Method 'is_advsvc' is deprecated since 2023.2 release (neutron-lib 3.8.0) and will be removed once support for the old RBAC API policies will be removed from Neutron. Please use method 'is_service_role' instead.
2026-02-27 19:26:16.671 10 INFO neutron.db.segments_db [None req-d6bb2aa5-ae25-4128-92c3-776ec04b3754 778d7154e6794a52a5bfdcf955d53ab3 6bba581ff869420ea127bb7803648be2 - - default default] Added segment df1ded18-481e-4f9b-a4e3-32b6cda9e10d of type geneve for network 0346d947-000f-4683-a8b3-b933575d82fa
2026-02-27 19:26:16.730 9 INFO neutron.db.ovn_revision_numbers_db [None req-971acfe0-f05b-494d-85b1-1a15509a3c7a db702ebb2eb3475897d018b68f69982a 24148dc6075a4231876239a0ba878425 - - default default] Successfully bumped revision number for resource af7a760b-9c16-4bbe-b89b-fdfa3e1f5185 (type: ports) to 1
2026-02-27 19:26:16.805 10 INFO neutron.db.ovn_revision_numbers_db [None req-d6bb2aa5-ae25-4128-92c3-776ec04b3754 778d7154e6794a52a5bfdcf955d53ab3 6bba581ff869420ea127bb7803648be2 - - default default] Successfully bumped revision number for resource 0346d947-000f-4683-a8b3-b933575d82fa (type: networks) to 1
2026-02-27 19:26:16.986 10 WARNING neutron.scheduler.dhcp_agent_scheduler [None req-d6bb2aa5-ae25-4128-92c3-776ec04b3754 778d7154e6794a52a5bfdcf955d53ab3 6bba581ff869420ea127bb7803648be2 - - default default] No more DHCP agents
2026-02-27 19:26:16.987 10 WARNING neutron.api.rpc.agentnotifiers.dhcp_rpc_agent_api [None req-d6bb2aa5-ae25-4128-92c3-776ec04b3754 778d7154e6794a52a5bfdcf955d53ab3 6bba581ff869420ea127bb7803648be2 - - default default] Unable to schedule network 0346d947-000f-4683-a8b3-b933575d82fa: no agents available; will retry on subsequent port and subnet creation events.
2026-02-27 19:26:17.078 10 INFO neutron.db.ovn_revision_numbers_db [None req-d6bb2aa5-ae25-4128-92c3-776ec04b3754 778d7154e6794a52a5bfdcf955d53ab3 6bba581ff869420ea127bb7803648be2 - - default default] Successfully bumped revision number for resource 71af650c-022e-4e67-8d8b-b835bf4e9ac9 (type: ports) to 1
2026-02-27 19:26:17.093 10 WARNING neutron_lib.context [None req-33f4b5b7-fdf3-4150-a4f8-131e51a5a7bc 6c9497d4b7eb4c699b92d9a9cacae0c8 e3d0fa26362c443fa2da60af31910461 - - default default] Method 'is_advsvc' is deprecated since 2023.2 release (neutron-lib 3.8.0) and will be removed once support for the old RBAC API policies will be removed from Neutron. Please use method 'is_service_role' instead.
2026-02-27 19:26:17.122 10 INFO neutron.wsgi [None req-d6bb2aa5-ae25-4128-92c3-776ec04b3754 778d7154e6794a52a5bfdcf955d53ab3 6bba581ff869420ea127bb7803648be2 - - default default] 10.0.0.20 "POST /v2.0/networks HTTP/1.1" status: 201 len: 837 time: 0.5460975
2026-02-27 19:26:17.127 10 INFO neutron.wsgi [req-0d3f5cdc-9641-453b-882c-cb98913556b1 req-4ad85809-e8d0-4083-bddb-0cee972b9033 d6dcbc27ee9542de8de42c17dff7aaf8 382522d2a5e941b8a23eb0b041870a65 - - default default] 10.0.0.156 "GET /v2.0/ports?device_id=87033f5c-ac2a-4258-9b0a-1da47246daba HTTP/1.1" status: 200 len: 1170 time: 0.0475321
2026-02-27 19:26:17.134 10 WARNING neutron_lib.context [None req-8c0271c8-986e-498f-b806-fc2d4e4fa209 778d7154e6794a52a5bfdcf955d53ab3 6bba581ff869420ea127bb7803648be2 - - default default] Method 'is_advsvc' is deprecated since 2023.2 release (neutron-lib 3.8.0) and will be removed once support for the old RBAC API policies will be removed from Neutron. Please use method 'is_service_role' instead.
2026-02-27 19:26:17.206 10 INFO neutron.wsgi [req-0d3f5cdc-9641-453b-882c-cb98913556b1 req-752b9824-f8c9-48f4-bf8f-8f1603422073 d6dcbc27ee9542de8de42c17dff7aaf8 382522d2a5e941b8a23eb0b041870a65 - - default default] 10.0.0.156 "GET /v2.0/security-groups?id=b6d2721a-2537-4417-b2a6-aad0dcbd9d90&fields=id&fields=name HTTP/1.1" status: 200 len: 312 time: 0.0694466
2026-02-27 19:26:17.228 9 ERROR ovsdbapp.backend.ovs_idl.command [None req-971acfe0-f05b-494d-85b1-1a15509a3c7a db702ebb2eb3475897d018b68f69982a 24148dc6075a4231876239a0ba878425 - - default default] Error executing command (DbGetCommand): ovsdbapp.backend.ovs_idl.idlutils.RowNotFound: Cannot find Logical_Router_Port with name=lrp-af7a760b-9c16-4bbe-b89b-fdfa3e1f5185
2026-02-27 19:26:17.228 9 ERROR ovsdbapp.backend.ovs_idl.command
Traceback (most recent call last):
2026-02-27 19:26:17.228 9 ERROR ovsdbapp.backend.ovs_idl.command
File "/var/lib/openstack/lib/python3.10/site-packages/ovsdbapp/backend/ovs_idl/command.py", line 47, in execute
2026-02-27 19:26:17.228 9 ERROR ovsdbapp.backend.ovs_idl.command self.run_idl(None)
2026-02-27 19:26:17.228 9 ERROR ovsdbapp.backend.ovs_idl.command
File "/var/lib/openstack/lib/python3.10/site-packages/ovsdbapp/backend/ovs_idl/command.py", line 235, in run_idl
2026-02-27 19:26:17.228 9 ERROR ovsdbapp.backend.ovs_idl.command record = self.api.lookup(self.table, self.record)
2026-02-27 19:26:17.228 9 ERROR ovsdbapp.backend.ovs_idl.command
File "/var/lib/openstack/lib/python3.10/site-packages/ovsdbapp/backend/ovs_idl/__init__.py", line 184, in lookup
2026-02-27 19:26:17.228 9 ERROR ovsdbapp.backend.ovs_idl.command return self._lookup(table, record)
2026-02-27 19:26:17.228 9 ERROR ovsdbapp.backend.ovs_idl.command
File "/var/lib/openstack/lib/python3.10/site-packages/ovsdbapp/backend/ovs_idl/__init__.py", line 235, in _lookup
2026-02-27 19:26:17.228 9 ERROR ovsdbapp.backend.ovs_idl.command row = idlutils.row_by_value(self, rl.table, rl.column, record)
2026-02-27 19:26:17.228 9 ERROR ovsdbapp.backend.ovs_idl.command
File "/var/lib/openstack/lib/python3.10/site-packages/ovsdbapp/backend/ovs_idl/idlutils.py", line 114, in row_by_value
2026-02-27 19:26:17.228 9 ERROR ovsdbapp.backend.ovs_idl.command raise RowNotFound(table=table, col=column, match=match)
2026-02-27 19:26:17.228 9 ERROR ovsdbapp.backend.ovs_idl.command ovsdbapp.backend.ovs_idl.idlutils.RowNotFound: Cannot find Logical_Router_Port with name=lrp-af7a760b-9c16-4bbe-b89b-fdfa3e1f5185
2026-02-27 19:26:17.228 9 ERROR ovsdbapp.backend.ovs_idl.command 
2026-02-27 19:26:17.229 9 ERROR neutron_lib.callbacks.manager [None req-971acfe0-f05b-494d-85b1-1a15509a3c7a db702ebb2eb3475897d018b68f69982a 24148dc6075a4231876239a0ba878425 - - default default] Error during notification for neutron.services.ovn_l3.plugin.OVNL3RouterPlugin._port_update-8750809390831 port, after_update: ovsdbapp.backend.ovs_idl.idlutils.RowNotFound: Cannot find Logical_Router_Port with name=lrp-af7a760b-9c16-4bbe-b89b-fdfa3e1f5185
2026-02-27 19:26:17.229 9 ERROR neutron_lib.callbacks.manager
Traceback (most recent call last):
2026-02-27 19:26:17.229 9 ERROR neutron_lib.callbacks.manager
File "/var/lib/openstack/lib/python3.10/site-packages/neutron_lib/callbacks/manager.py", line 189, in _notify_loop
2026-02-27 19:26:17.229 9 ERROR neutron_lib.callbacks.manager callback.method(resource, event, trigger, payload=payload)
2026-02-27 19:26:17.229 9 ERROR neutron_lib.callbacks.manager
File "/var/lib/openstack/lib/python3.10/site-packages/neutron/services/ovn_l3/plugin.py", line 391, in _port_update
2026-02-27 19:26:17.229 9 ERROR neutron_lib.callbacks.manager l3plugin._ovn_client.update_router_port(context,
2026-02-27 19:26:17.229 9 ERROR neutron_lib.callbacks.manager
File "/var/lib/openstack/lib/python3.10/site-packages/neutron/plugins/ml2/drivers/ovn/mech_driver/ovsdb/ovn_client.py", line 1878, in update_router_port
2026-02-27 19:26:17.229 9 ERROR neutron_lib.callbacks.manager self._update_lrouter_port(context, port, if_exists=if_exists,
2026-02-27 19:26:17.229 9 ERROR neutron_lib.callbacks.manager
File "/var/lib/openstack/lib/python3.10/site-packages/neutron/plugins/ml2/drivers/ovn/mech_driver/ovsdb/ovn_client.py", line 1855, in _update_lrouter_port
2026-02-27 19:26:17.229 9 ERROR neutron_lib.callbacks.manager external_ids = self._nb_idl.db_get(
2026-02-27 19:26:17.229 9 ERROR neutron_lib.callbacks.manager
File "/var/lib/openstack/lib/python3.10/site-packages/ovsdbapp/backend/ovs_idl/command.py", line 47, in execute
2026-02-27 19:26:17.229 9 ERROR neutron_lib.callbacks.manager self.run_idl(None)
2026-02-27 19:26:17.229 9 ERROR neutron_lib.callbacks.manager
File "/var/lib/openstack/lib/python3.10/site-packages/ovsdbapp/backend/ovs_idl/command.py", line 235, in run_idl
2026-02-27 19:26:17.229 9 ERROR neutron_lib.callbacks.manager record = self.api.lookup(self.table, self.record)
2026-02-27 19:26:17.229 9 ERROR neutron_lib.callbacks.manager
File "/var/lib/openstack/lib/python3.10/site-packages/ovsdbapp/backend/ovs_idl/__init__.py", line 184, in lookup
2026-02-27 19:26:17.229 9 ERROR neutron_lib.callbacks.manager return self._lookup(table, record)
2026-02-27 19:26:17.229 9 ERROR neutron_lib.callbacks.manager
File "/var/lib/openstack/lib/python3.10/site-packages/ovsdbapp/backend/ovs_idl/__init__.py", line 235, in _lookup
2026-02-27 19:26:17.229 9 ERROR neutron_lib.callbacks.manager row = idlutils.row_by_value(self, rl.table, rl.column, record)
2026-02-27 19:26:17.229 9 ERROR neutron_lib.callbacks.manager
File "/var/lib/openstack/lib/python3.10/site-packages/ovsdbapp/backend/ovs_idl/idlutils.py", line 114, in row_by_value
2026-02-27 19:26:17.229 9 ERROR neutron_lib.callbacks.manager raise RowNotFound(table=table, col=column, match=match)
2026-02-27 19:26:17.229 9 ERROR neutron_lib.callbacks.manager ovsdbapp.backend.ovs_idl.idlutils.RowNotFound: Cannot find Logical_Router_Port with name=lrp-af7a760b-9c16-4bbe-b89b-fdfa3e1f5185
2026-02-27 19:26:17.229 9 ERROR neutron_lib.callbacks.manager 
2026-02-27 19:26:17.323 10 INFO neutron.db.ovn_revision_numbers_db [None req-33f4b5b7-fdf3-4150-a4f8-131e51a5a7bc 6c9497d4b7eb4c699b92d9a9cacae0c8 e3d0fa26362c443fa2da60af31910461 - - default default] Successfully bumped revision number for resource cc18aa56-eabf-44b9-8579-69bc0effe8c3 (type: security_groups) to 1
2026-02-27 19:26:17.328 9 INFO neutron.wsgi [req-48202bdd-5fcb-4af3-af5c-4011f3e39326 req-13136f57-b327-4847-b50e-9d6e7f064d0e d6dcbc27ee9542de8de42c17dff7aaf8 382522d2a5e941b8a23eb0b041870a65 - - default default] 10.0.0.156 "GET /v2.0/ports?device_id=87033f5c-ac2a-4258-9b0a-1da47246daba HTTP/1.1" status: 200 len: 1170 time: 0.0446310
2026-02-27 19:26:17.346 10 INFO neutron.db.ovn_revision_numbers_db [None req-33f4b5b7-fdf3-4150-a4f8-131e51a5a7bc 6c9497d4b7eb4c699b92d9a9cacae0c8 e3d0fa26362c443fa2da60af31910461 - - default default] Successfully bumped revision number for resource 17834c94-c53e-4b1e-9754-eaf65ea23da0 (type: security_group_rules) to 0
2026-02-27 19:26:17.368 10 INFO neutron.db.ovn_revision_numbers_db [None req-33f4b5b7-fdf3-4150-a4f8-131e51a5a7bc 6c9497d4b7eb4c699b92d9a9cacae0c8 e3d0fa26362c443fa2da60af31910461 - - default default] Successfully bumped revision number for resource 67ff0b8a-0ba9-419f-9297-9b3d62786773 (type: security_group_rules) to 0
2026-02-27 19:26:17.397 10 INFO neutron.db.ovn_revision_numbers_db [None req-33f4b5b7-fdf3-4150-a4f8-131e51a5a7bc 6c9497d4b7eb4c699b92d9a9cacae0c8 e3d0fa26362c443fa2da60af31910461 - - default default] Successfully bumped revision number for resource 843669d2-c3c1-43b2-9da0-10f0a461e801 (type: security_group_rules) to 0
2026-02-27 19:26:17.400 9 INFO neutron.wsgi [req-48202bdd-5fcb-4af3-af5c-4011f3e39326 req-cc6c8445-b93e-4482-9786-05462853adcb d6dcbc27ee9542de8de42c17dff7aaf8 382522d2a5e941b8a23eb0b041870a65 - - default default] 10.0.0.156 "GET /v2.0/security-groups?id=b6d2721a-2537-4417-b2a6-aad0dcbd9d90&fields=id&fields=name HTTP/1.1" status: 200 len: 312 time: 0.0657446
2026-02-27 19:26:17.415 10 WARNING neutron.scheduler.dhcp_agent_scheduler [None req-8c0271c8-986e-498f-b806-fc2d4e4fa209 778d7154e6794a52a5bfdcf955d53ab3 6bba581ff869420ea127bb7803648be2 - - default default] No more DHCP agents
2026-02-27 19:26:17.416 10 INFO neutron.db.ovn_revision_numbers_db [None req-33f4b5b7-fdf3-4150-a4f8-131e51a5a7bc 6c9497d4b7eb4c699b92d9a9cacae0c8 e3d0fa26362c443fa2da60af31910461 - - default default] Successfully bumped revision number for resource fa02315b-c227-4634-8348-6db7020343fc (type: security_group_rules) to 0
2026-02-27 19:26:17.420 10 WARNING neutron.api.rpc.agentnotifiers.dhcp_rpc_agent_api [None req-8c0271c8-986e-498f-b806-fc2d4e4fa209 778d7154e6794a52a5bfdcf955d53ab3 6bba581ff869420ea127bb7803648be2 - - default default] Unable to schedule network 0346d947-000f-4683-a8b3-b933575d82fa: no agents available; will retry on subsequent port and subnet creation events.
2026-02-27 19:26:17.447 9 INFO neutron.db.ovn_revision_numbers_db [None req-971acfe0-f05b-494d-85b1-1a15509a3c7a db702ebb2eb3475897d018b68f69982a 24148dc6075a4231876239a0ba878425 - - default default] Successfully bumped revision number for resource af7a760b-9c16-4bbe-b89b-fdfa3e1f5185 (type: ports) to 1
2026-02-27 19:26:17.482 10 INFO neutron.db.segments_db [None req-33f4b5b7-fdf3-4150-a4f8-131e51a5a7bc 6c9497d4b7eb4c699b92d9a9cacae0c8 e3d0fa26362c443fa2da60af31910461 - - default default] Added segment f0b0b61b-6d8f-466c-93e7-23bee3d1bd16 of type geneve for network 679f4d5a-40df-45bf-bff9-c5f72fa8202d
2026-02-27 19:26:17.492 9 INFO neutron.wsgi [None req-883b8b56-a8bc-4b06-96c8-2ba94f04d32e c0ba0ac3d7294eafb529e362760548d7 e3a4f98990de499bb762113e41995ff5 - - default default] 10.0.0.20 "GET /v2.0/ports?device_id=87033f5c-ac2a-4258-9b0a-1da47246daba HTTP/1.1" status: 200 len: 1404 time: 0.0612836
2026-02-27 19:26:17.513 10 WARNING neutron_lib.context [None req-19f0a2ed-20e3-485a-a5db-def8d0e652e1 d6dcbc27ee9542de8de42c17dff7aaf8 382522d2a5e941b8a23eb0b041870a65 - - default default] Method 'is_advsvc' is deprecated since 2023.2 release (neutron-lib 3.8.0) and will be removed once support for the old RBAC API policies will be removed from Neutron. Please use method 'is_service_role' instead.
2026-02-27 19:26:17.538 9 WARNING neutron.scheduler.dhcp_agent_scheduler [None req-971acfe0-f05b-494d-85b1-1a15509a3c7a db702ebb2eb3475897d018b68f69982a 24148dc6075a4231876239a0ba878425 - - default default] No more DHCP agents
2026-02-27 19:26:17.539 9 WARNING neutron.api.rpc.agentnotifiers.dhcp_rpc_agent_api [None req-971acfe0-f05b-494d-85b1-1a15509a3c7a db702ebb2eb3475897d018b68f69982a 24148dc6075a4231876239a0ba878425 - - default default] Unable to schedule network 7d3d91a4-348d-4fb6-8781-cd30e43730ea: no agents available; will retry on subsequent port and subnet creation events.
2026-02-27 19:26:17.708 10 INFO neutron.db.ovn_revision_numbers_db [None req-33f4b5b7-fdf3-4150-a4f8-131e51a5a7bc 6c9497d4b7eb4c699b92d9a9cacae0c8 e3d0fa26362c443fa2da60af31910461 - - default default] Successfully bumped revision number for resource 679f4d5a-40df-45bf-bff9-c5f72fa8202d (type: networks) to 1
2026-02-27 19:26:17.720 9 INFO neutron.db.ovn_revision_numbers_db [None req-971acfe0-f05b-494d-85b1-1a15509a3c7a db702ebb2eb3475897d018b68f69982a 24148dc6075a4231876239a0ba878425 - - default default] Successfully bumped revision number for resource af7a760b-9c16-4bbe-b89b-fdfa3e1f5185 (type: router_ports) to 1
