2026-02-27 19:07:09.619 9 INFO neutron.plugins.ml2.drivers.ovn.mech_driver.ovsdb.extensions.qos [None req-4ea358df-9017-4f91-91a1-5df75d819021 47c62716c03a4a4c96d809bc8d006bc6 1fdea886561b449284a7f80e9351b184 - - default default] Starting OVNClientQosExtension
2026-02-27 19:07:09.619 9 INFO neutron.plugins.ml2.drivers.ovn.mech_driver.ovsdb.extensions.placement [None req-4ea358df-9017-4f91-91a1-5df75d819021 47c62716c03a4a4c96d809bc8d006bc6 1fdea886561b449284a7f80e9351b184 - - default default] Starting OVNClientPlacementExtension
2026-02-27 19:07:09.667 9 INFO neutron.db.ovn_revision_numbers_db [None req-4ea358df-9017-4f91-91a1-5df75d819021 47c62716c03a4a4c96d809bc8d006bc6 1fdea886561b449284a7f80e9351b184 - - default default] Successfully bumped revision number for resource 82e33593-4ca6-4e20-8cd5-faa98934ad1e (type: security_groups) to 1
2026-02-27 19:07:09.679 9 INFO neutron.db.ovn_revision_numbers_db [None req-4ea358df-9017-4f91-91a1-5df75d819021 47c62716c03a4a4c96d809bc8d006bc6 1fdea886561b449284a7f80e9351b184 - - default default] Successfully bumped revision number for resource 07ee4052-0759-43e3-a3d3-0103c415012d (type: security_group_rules) to 0
2026-02-27 19:07:09.691 9 INFO neutron.db.ovn_revision_numbers_db [None req-4ea358df-9017-4f91-91a1-5df75d819021 47c62716c03a4a4c96d809bc8d006bc6 1fdea886561b449284a7f80e9351b184 - - default default] Successfully bumped revision number for resource a4a6e228-2da4-4ba7-8ef0-fed11931eddb (type: security_group_rules) to 0
2026-02-27 19:07:09.701 9 INFO neutron.db.ovn_revision_numbers_db [None req-4ea358df-9017-4f91-91a1-5df75d819021 47c62716c03a4a4c96d809bc8d006bc6 1fdea886561b449284a7f80e9351b184 - - default default] Successfully bumped revision number for resource dcf108c9-4274-4208-98f2-2d9e1b32e0e1 (type: security_group_rules) to 0
2026-02-27 19:07:09.712 9 INFO neutron.db.ovn_revision_numbers_db [None req-4ea358df-9017-4f91-91a1-5df75d819021 47c62716c03a4a4c96d809bc8d006bc6 1fdea886561b449284a7f80e9351b184 - - default default] Successfully bumped revision number for resource e8ab7831-a49c-4502-94ce-b86a2f524c84 (type: security_group_rules) to 0
2026-02-27 19:07:09.720 9 INFO neutron.wsgi [None req-4ea358df-9017-4f91-91a1-5df75d819021 47c62716c03a4a4c96d809bc8d006bc6 1fdea886561b449284a7f80e9351b184 - - default default] 199.204.45.49,10.0.0.146 "GET /v2.0/security-groups?name=manila-service-security-group&project_id=f93db5426c7e42daaaaf664590872084 HTTP/1.1" status: 200 len: 197 time: 0.2300589
2026-02-27 19:07:09.900 9 WARNING oslo_policy.policy [None req-3e12e5a9-7a0c-4bf7-92fd-265c64d78663 47c62716c03a4a4c96d809bc8d006bc6 1fdea886561b449284a7f80e9351b184 - - default default] Policies ['get_subnets_tags'] reference a rule that is not defined.
2026-02-27 19:07:10.019 9 INFO neutron.db.ovn_revision_numbers_db [None req-3e12e5a9-7a0c-4bf7-92fd-265c64d78663 47c62716c03a4a4c96d809bc8d006bc6 1fdea886561b449284a7f80e9351b184 - - default default] Successfully bumped revision number for resource ef267225-c08a-448a-8120-3e6959cbfdc4 (type: security_groups) to 1
2026-02-27 19:07:10.031 9 INFO neutron.db.ovn_revision_numbers_db [None req-3e12e5a9-7a0c-4bf7-92fd-265c64d78663 47c62716c03a4a4c96d809bc8d006bc6 1fdea886561b449284a7f80e9351b184 - - default default] Successfully bumped revision number for resource b3c651b9-c471-4289-bdda-169b0a455b0e (type: security_group_rules) to 0
2026-02-27 19:07:10.044 9 INFO neutron.db.ovn_revision_numbers_db [None req-3e12e5a9-7a0c-4bf7-92fd-265c64d78663 47c62716c03a4a4c96d809bc8d006bc6 1fdea886561b449284a7f80e9351b184 - - default default] Successfully bumped revision number for resource f31dbc7b-f3d5-4720-81f3-5e02c24046d0 (type: security_group_rules) to 0
2026-02-27 19:07:10.063 9 INFO neutron.wsgi [None req-3e12e5a9-7a0c-4bf7-92fd-265c64d78663 47c62716c03a4a4c96d809bc8d006bc6 1fdea886561b449284a7f80e9351b184 - - default default] 199.204.45.49,10.0.0.146 "POST /v2.0/security-groups HTTP/1.1" status: 201 len: 1805 time: 0.2647388
2026-02-27 19:07:11.047 9 INFO neutron.wsgi [None req-1bd0c24a-4b92-4417-8a00-333ecb974845 47c62716c03a4a4c96d809bc8d006bc6 1fdea886561b449284a7f80e9351b184 - - default default] 199.204.45.49,10.0.0.146 "GET /v2.0/security-groups/ef267225-c08a-448a-8120-3e6959cbfdc4?project_id=f93db5426c7e42daaaaf664590872084 HTTP/1.1" status: 200 len: 1800 time: 0.0538287
2026-02-27 19:07:11.078 9 INFO neutron.wsgi [None req-bee47073-e723-4e6f-a5f2-acf6dc720262 47c62716c03a4a4c96d809bc8d006bc6 1fdea886561b449284a7f80e9351b184 - - default default] 199.204.45.49,10.0.0.146 "GET /v2.0/security-groups/ef267225-c08a-448a-8120-3e6959cbfdc4 HTTP/1.1" status: 200 len: 1800 time: 0.0236914
2026-02-27 19:07:11.174 9 INFO neutron.wsgi [None req-289ae9d1-0bb4-4f71-b9c9-6c403b1845d3 47c62716c03a4a4c96d809bc8d006bc6 1fdea886561b449284a7f80e9351b184 - - default default] 199.204.45.49,10.0.0.146 "GET /v2.0/security-groups/ef267225-c08a-448a-8120-3e6959cbfdc4?project_id=f93db5426c7e42daaaaf664590872084 HTTP/1.1" status: 200 len: 1800 time: 0.0287957
2026-02-27 19:07:11.314 9 INFO neutron.db.ovn_revision_numbers_db [None req-6e96c6ba-b358-4c6d-a6ed-94fc4af3af8e 47c62716c03a4a4c96d809bc8d006bc6 1fdea886561b449284a7f80e9351b184 - - default default] Successfully bumped revision number for resource 9a05a611-3fb5-4d9c-bb59-bb66c7bc0265 (type: security_group_rules) to 0
2026-02-27 19:07:11.344 9 INFO neutron.wsgi [None req-6e96c6ba-b358-4c6d-a6ed-94fc4af3af8e 47c62716c03a4a4c96d809bc8d006bc6 1fdea886561b449284a7f80e9351b184 - - default default] 199.204.45.49,10.0.0.146 "POST /v2.0/security-group-rules HTTP/1.1" status: 201 len: 777 time: 0.1613929
2026-02-27 19:07:12.268 9 INFO neutron.wsgi [None req-306f9e14-6529-42d2-aad9-2fd1b600ac63 47c62716c03a4a4c96d809bc8d006bc6 1fdea886561b449284a7f80e9351b184 - - default default] 199.204.45.49,10.0.0.146 "GET /v2.0/security-groups/ef267225-c08a-448a-8120-3e6959cbfdc4?project_id=f93db5426c7e42daaaaf664590872084 HTTP/1.1" status: 200 len: 2410 time: 0.0556943
2026-02-27 19:07:12.307 9 INFO neutron.wsgi [None req-d7f1bf17-27fe-41ba-8d1d-c9f746fc8a14 47c62716c03a4a4c96d809bc8d006bc6 1fdea886561b449284a7f80e9351b184 - - default default] 199.204.45.49,10.0.0.146 "GET /v2.0/security-groups/ef267225-c08a-448a-8120-3e6959cbfdc4 HTTP/1.1" status: 200 len: 2410 time: 0.0306222
2026-02-27 19:07:12.408 9 INFO neutron.wsgi [None req-368d08e5-47a8-413f-8ff8-f7abbfd4c65a 47c62716c03a4a4c96d809bc8d006bc6 1fdea886561b449284a7f80e9351b184 - - default default] 199.204.45.49,10.0.0.146 "GET /v2.0/security-groups/ef267225-c08a-448a-8120-3e6959cbfdc4?project_id=f93db5426c7e42daaaaf664590872084 HTTP/1.1" status: 200 len: 2410 time: 0.0254924
2026-02-27 19:07:12.540 9 INFO neutron.db.ovn_revision_numbers_db [None req-ac23291a-0058-4504-b1c6-6e35d87b2fac 47c62716c03a4a4c96d809bc8d006bc6 1fdea886561b449284a7f80e9351b184 - - default default] Successfully bumped revision number for resource 01240d90-2e27-46e6-9664-9a336b49280f (type: security_group_rules) to 0
2026-02-27 19:07:12.566 9 INFO neutron.wsgi [None req-ac23291a-0058-4504-b1c6-6e35d87b2fac 47c62716c03a4a4c96d809bc8d006bc6 1fdea886561b449284a7f80e9351b184 - - default default] 199.204.45.49,10.0.0.146 "POST /v2.0/security-group-rules HTTP/1.1" status: 201 len: 779 time: 0.1498575
2026-02-27 19:07:13.452 9 INFO neutron.wsgi [None req-46930923-e206-49a2-836c-76770577518f 47c62716c03a4a4c96d809bc8d006bc6 1fdea886561b449284a7f80e9351b184 - - default default] 199.204.45.49,10.0.0.146 "GET /v2.0/security-groups/ef267225-c08a-448a-8120-3e6959cbfdc4?project_id=f93db5426c7e42daaaaf664590872084 HTTP/1.1" status: 200 len: 3022 time: 0.0561888
2026-02-27 19:07:13.486 9 INFO neutron.wsgi [None req-dc9f28c4-cece-4d03-bac0-b51099a7065d 47c62716c03a4a4c96d809bc8d006bc6 1fdea886561b449284a7f80e9351b184 - - default default] 199.204.45.49,10.0.0.146 "GET /v2.0/security-groups/ef267225-c08a-448a-8120-3e6959cbfdc4 HTTP/1.1" status: 200 len: 3022 time: 0.0283844
2026-02-27 19:07:13.589 9 INFO neutron.wsgi [None req-8dbc1a5b-5d47-4e9c-b11d-d448332da6cb 47c62716c03a4a4c96d809bc8d006bc6 1fdea886561b449284a7f80e9351b184 - - default default] 199.204.45.49,10.0.0.146 "GET /v2.0/security-groups/ef267225-c08a-448a-8120-3e6959cbfdc4?project_id=f93db5426c7e42daaaaf664590872084 HTTP/1.1" status: 200 len: 3022 time: 0.0299520
2026-02-27 19:07:13.728 9 INFO neutron.db.ovn_revision_numbers_db [None req-a5a72fc5-8dd8-4e9a-acc5-ea4ec5c73187 47c62716c03a4a4c96d809bc8d006bc6 1fdea886561b449284a7f80e9351b184 - - default default] Successfully bumped revision number for resource 44385e42-c0c8-4c62-ba70-275301943b38 (type: security_group_rules) to 0
2026-02-27 19:07:13.756 9 INFO neutron.wsgi [None req-a5a72fc5-8dd8-4e9a-acc5-ea4ec5c73187 47c62716c03a4a4c96d809bc8d006bc6 1fdea886561b449284a7f80e9351b184 - - default default] 199.204.45.49,10.0.0.146 "POST /v2.0/security-group-rules HTTP/1.1" status: 201 len: 781 time: 0.1599903
2026-02-27 19:07:14.705 9 INFO neutron.wsgi [None req-9b05e428-27d6-4359-8eaa-44993c090a8c 47c62716c03a4a4c96d809bc8d006bc6 1fdea886561b449284a7f80e9351b184 - - default default] 199.204.45.49,10.0.0.146 "GET /v2.0/security-groups/ef267225-c08a-448a-8120-3e6959cbfdc4?project_id=f93db5426c7e42daaaaf664590872084 HTTP/1.1" status: 200 len: 3636 time: 0.0516298
2026-02-27 19:07:14.735 9 INFO neutron.wsgi [None req-1c287c41-06d9-471f-a27b-d45596626891 47c62716c03a4a4c96d809bc8d006bc6 1fdea886561b449284a7f80e9351b184 - - default default] 199.204.45.49,10.0.0.146 "GET /v2.0/security-groups/ef267225-c08a-448a-8120-3e6959cbfdc4 HTTP/1.1" status: 200 len: 3636 time: 0.0221941
2026-02-27 19:07:14.817 9 INFO neutron.wsgi [None req-d984531d-7ae0-41b2-a347-8d55c0c678e9 47c62716c03a4a4c96d809bc8d006bc6 1fdea886561b449284a7f80e9351b184 - - default default] 199.204.45.49,10.0.0.146 "GET /v2.0/security-groups/ef267225-c08a-448a-8120-3e6959cbfdc4?project_id=f93db5426c7e42daaaaf664590872084 HTTP/1.1" status: 200 len: 3636 time: 0.0247240
2026-02-27 19:07:14.950 9 INFO neutron.db.ovn_revision_numbers_db [None req-3d63cef4-ad21-4e4d-b318-673a490c93e5 47c62716c03a4a4c96d809bc8d006bc6 1fdea886561b449284a7f80e9351b184 - - default default] Successfully bumped revision number for resource a77869be-07c8-416c-8956-068b21450527 (type: security_group_rules) to 0
2026-02-27 19:07:14.975 9 INFO neutron.wsgi [None req-3d63cef4-ad21-4e4d-b318-673a490c93e5 47c62716c03a4a4c96d809bc8d006bc6 1fdea886561b449284a7f80e9351b184 - - default default] 199.204.45.49,10.0.0.146 "POST /v2.0/security-group-rules HTTP/1.1" status: 201 len: 782 time: 0.1505365
2026-02-27 19:07:22.011 9 INFO neutron.wsgi [-] 10.0.0.146 "GET / HTTP/1.1" status: 200 len: 246 time: 0.0038052
2026-02-27 19:07:22.015 9 INFO neutron.wsgi [-] 10.0.0.146 "GET / HTTP/1.1" status: 200 len: 246 time: 0.0026746
2026-02-27 19:07:37.009 9 INFO neutron.wsgi [-] 10.0.0.146 "GET / HTTP/1.1" status: 200 len: 246 time: 0.0023115
2026-02-27 19:07:37.012 9 INFO neutron.wsgi [-] 10.0.0.146 "GET / HTTP/1.1" status: 200 len: 246 time: 0.0026169
2026-02-27 19:07:52.008 9 INFO neutron.wsgi [-] 10.0.0.146 "GET / HTTP/1.1" status: 200 len: 246 time: 0.0023389
2026-02-27 19:07:52.009 10 INFO neutron.wsgi [-] 10.0.0.146 "GET / HTTP/1.1" status: 200 len: 246 time: 0.0026753
2026-02-27 19:08:07.009 10 INFO neutron.wsgi [-] 10.0.0.146 "GET / HTTP/1.1" status: 200 len: 246 time: 0.0024714
2026-02-27 19:08:07.010 9 INFO neutron.wsgi [-] 10.0.0.146 "GET / HTTP/1.1" status: 200 len: 246 time: 0.0032589
2026-02-27 19:08:22.009 9 INFO neutron.wsgi [-] 10.0.0.146 "GET / HTTP/1.1" status: 200 len: 246 time: 0.0023704
2026-02-27 19:08:22.010 10 INFO neutron.wsgi [-] 10.0.0.146 "GET / HTTP/1.1" status: 200 len: 246 time: 0.0034153
2026-02-27 19:08:37.009 10 INFO neutron.wsgi [-] 10.0.0.146 "GET / HTTP/1.1" status: 200 len: 246 time: 0.0025678
2026-02-27 19:08:37.010 9 INFO neutron.wsgi [-] 10.0.0.146 "GET / HTTP/1.1" status: 200 len: 246 time: 0.0032427
2026-02-27 19:08:52.009 10 INFO neutron.wsgi [-] 10.0.0.146 "GET / HTTP/1.1" status: 200 len: 246 time: 0.0025687
2026-02-27 19:08:52.010 9 INFO neutron.wsgi [-] 10.0.0.146 "GET / HTTP/1.1" status: 200 len: 246 time: 0.0035326
2026-02-27 19:09:07.008 9 INFO neutron.wsgi [-] 10.0.0.146 "GET / HTTP/1.1" status: 200 len: 246 time: 0.0022559
2026-02-27 19:09:07.008 10 INFO neutron.wsgi [-] 10.0.0.146 "GET / HTTP/1.1" status: 200 len: 246 time: 0.0023069 /var/lib/openstack/lib/python3.10/site-packages/pycadf/identifier.py:71: UserWarning: Invalid uuid: neutron. To ensure interoperability, identifiers should be a valid uuid. warnings.warn(('Invalid uuid: %s. To ensure interoperability, '
2026-02-27 19:09:20.457 10 INFO neutron.wsgi [None req-e4436bb5-e0d8-4948-bb2f-b6f147941548 2fda18749af549169a2fa2d9ec2c6daf f93db5426c7e42daaaaf664590872084 - - 6f7b00aaeedb4e52a68b5d418fcd20ae 6f7b00aaeedb4e52a68b5d418fcd20ae] 199.204.45.49 "GET /v2.0/networks?tenant_id=f93db5426c7e42daaaaf664590872084&shared=False HTTP/1.1" status: 200 len: 213 time: 0.1585224
2026-02-27 19:09:20.552 10 INFO neutron.db.segments_db [None req-0f653178-e8fb-4d1f-8f46-9f82edc8022c 2fda18749af549169a2fa2d9ec2c6daf f93db5426c7e42daaaaf664590872084 - - 6f7b00aaeedb4e52a68b5d418fcd20ae 6f7b00aaeedb4e52a68b5d418fcd20ae] Added segment aaceb59e-3d9a-463d-bbef-4f5aa4a33bb9 of type geneve for network 2e487429-7770-4b82-8ee9-989f9f7e778f
2026-02-27 19:09:20.708 10 INFO neutron.db.ovn_revision_numbers_db [None req-0f653178-e8fb-4d1f-8f46-9f82edc8022c 2fda18749af549169a2fa2d9ec2c6daf f93db5426c7e42daaaaf664590872084 - - 6f7b00aaeedb4e52a68b5d418fcd20ae 6f7b00aaeedb4e52a68b5d418fcd20ae] Successfully bumped revision number for resource 2e487429-7770-4b82-8ee9-989f9f7e778f (type: networks) to 1
2026-02-27 19:09:20.866 10 WARNING neutron.scheduler.dhcp_agent_scheduler [None req-0f653178-e8fb-4d1f-8f46-9f82edc8022c 2fda18749af549169a2fa2d9ec2c6daf f93db5426c7e42daaaaf664590872084 - - 6f7b00aaeedb4e52a68b5d418fcd20ae 6f7b00aaeedb4e52a68b5d418fcd20ae] No more DHCP agents
2026-02-27 19:09:20.869 10 WARNING neutron.api.rpc.agentnotifiers.dhcp_rpc_agent_api [None req-0f653178-e8fb-4d1f-8f46-9f82edc8022c 2fda18749af549169a2fa2d9ec2c6daf f93db5426c7e42daaaaf664590872084 - - 6f7b00aaeedb4e52a68b5d418fcd20ae 6f7b00aaeedb4e52a68b5d418fcd20ae] Unable to schedule network 2e487429-7770-4b82-8ee9-989f9f7e778f: no agents available; will retry on subsequent port and subnet creation events.
2026-02-27 19:09:20.953 10 INFO neutron.db.ovn_revision_numbers_db [None req-0f653178-e8fb-4d1f-8f46-9f82edc8022c 2fda18749af549169a2fa2d9ec2c6daf f93db5426c7e42daaaaf664590872084 - - 6f7b00aaeedb4e52a68b5d418fcd20ae 6f7b00aaeedb4e52a68b5d418fcd20ae] Successfully bumped revision number for resource 67c0bae6-6b9c-4529-9ac4-3d516d985b9c (type: ports) to 1
2026-02-27 19:09:20.975 10 INFO neutron.wsgi [None req-0f653178-e8fb-4d1f-8f46-9f82edc8022c 2fda18749af549169a2fa2d9ec2c6daf f93db5426c7e42daaaaf664590872084 - - 6f7b00aaeedb4e52a68b5d418fcd20ae 6f7b00aaeedb4e52a68b5d418fcd20ae] 199.204.45.49 "POST /v2.0/networks HTTP/1.1" status: 201 len: 925 time: 0.5110178
2026-02-27 19:09:21.013 10 INFO neutron.wsgi [None req-f6646015-8c1c-4ff1-a1a4-293b3875a3b1 2fda18749af549169a2fa2d9ec2c6daf f93db5426c7e42daaaaf664590872084 - - 6f7b00aaeedb4e52a68b5d418fcd20ae 6f7b00aaeedb4e52a68b5d418fcd20ae] 199.204.45.49 "GET /v2.0/ports?device_id=manila-share&binding%3Ahost_id=instance HTTP/1.1" status: 200 len: 210 time: 0.0287812
2026-02-27 19:09:21.024 10 INFO neutron.wsgi [None req-ae4cadad-f3c0-4175-8552-09b79baab3c7 2fda18749af549169a2fa2d9ec2c6daf f93db5426c7e42daaaaf664590872084 - - 6f7b00aaeedb4e52a68b5d418fcd20ae 6f7b00aaeedb4e52a68b5d418fcd20ae] 199.204.45.49 "GET /v2.0/extensions HTTP/1.1" status: 200 len: 18683 time: 0.0061252
2026-02-27 19:09:21.235 10 WARNING neutron.scheduler.dhcp_agent_scheduler [None req-26e028aa-532a-4ffd-9e1d-615a0513ba68 2fda18749af549169a2fa2d9ec2c6daf f93db5426c7e42daaaaf664590872084 - - 6f7b00aaeedb4e52a68b5d418fcd20ae 6f7b00aaeedb4e52a68b5d418fcd20ae] No more DHCP agents
2026-02-27 19:09:21.237 10 WARNING neutron.api.rpc.agentnotifiers.dhcp_rpc_agent_api [None req-26e028aa-532a-4ffd-9e1d-615a0513ba68 2fda18749af549169a2fa2d9ec2c6daf f93db5426c7e42daaaaf664590872084 - - 6f7b00aaeedb4e52a68b5d418fcd20ae 6f7b00aaeedb4e52a68b5d418fcd20ae] Unable to schedule network 2e487429-7770-4b82-8ee9-989f9f7e778f: no agents available; will retry on subsequent port and subnet creation events.
2026-02-27 19:09:21.319 10 INFO neutron.db.ovn_revision_numbers_db [None req-26e028aa-532a-4ffd-9e1d-615a0513ba68 2fda18749af549169a2fa2d9ec2c6daf f93db5426c7e42daaaaf664590872084 - - 6f7b00aaeedb4e52a68b5d418fcd20ae 6f7b00aaeedb4e52a68b5d418fcd20ae] Successfully bumped revision number for resource 0fcef773-bf5f-4015-b40e-a0299318156d (type: ports) to 1
2026-02-27 19:09:21.489 10 INFO neutron.db.ovn_revision_numbers_db [None req-26e028aa-532a-4ffd-9e1d-615a0513ba68 2fda18749af549169a2fa2d9ec2c6daf f93db5426c7e42daaaaf664590872084 - - 6f7b00aaeedb4e52a68b5d418fcd20ae 6f7b00aaeedb4e52a68b5d418fcd20ae] Successfully bumped revision number for resource 0fcef773-bf5f-4015-b40e-a0299318156d (type: ports) to 1
2026-02-27 19:09:21.517 10 INFO neutron.wsgi [None req-26e028aa-532a-4ffd-9e1d-615a0513ba68 2fda18749af549169a2fa2d9ec2c6daf f93db5426c7e42daaaaf664590872084 - - 6f7b00aaeedb4e52a68b5d418fcd20ae 6f7b00aaeedb4e52a68b5d418fcd20ae] 199.204.45.49 "POST /v2.0/ports HTTP/1.1" status: 201 len: 1144 time: 0.4885974
2026-02-27 19:09:21.564 10 INFO neutron.wsgi [None req-796107e6-6322-4ce9-85f0-17ab24b22ef8 2fda18749af549169a2fa2d9ec2c6daf f93db5426c7e42daaaaf664590872084 - - 6f7b00aaeedb4e52a68b5d418fcd20ae 6f7b00aaeedb4e52a68b5d418fcd20ae] 199.204.45.49 "GET /v2.0/networks/2e487429-7770-4b82-8ee9-989f9f7e778f HTTP/1.1" status: 200 len: 907 time: 0.0410352
2026-02-27 19:09:22.009 10 INFO neutron.wsgi [-] 10.0.0.146 "GET / HTTP/1.1" status: 200 len: 246 time: 0.0023093
2026-02-27 19:09:22.011 10 INFO neutron.wsgi [-] 10.0.0.146 "GET / HTTP/1.1" status: 200 len: 246 time: 0.0012071
2026-02-27 19:09:22.137 9 INFO neutron.plugins.ml2.drivers.ovn.mech_driver.mech_driver [-] OVN reports status up for port: 0fcef773-bf5f-4015-b40e-a0299318156d
2026-02-27 19:09:22.157 9 INFO neutron.plugins.ml2.plugin [None req-83e8f823-6b8f-4cfc-930d-da03a0ad2252 - - - - - -] Attempt 1 to provision port 0fcef773-bf5f-4015-b40e-a0299318156d
2026-02-27 19:09:22.527 9 INFO neutron.db.ovn_revision_numbers_db [None req-83e8f823-6b8f-4cfc-930d-da03a0ad2252 - - - - - -] Successfully bumped revision number for resource 0fcef773-bf5f-4015-b40e-a0299318156d (type: ports) to 3
2026-02-27 19:09:23.238 10 INFO neutron.wsgi [None req-9a8acc0a-1889-41ee-b83d-b7d3a09d6cce 2fda18749af549169a2fa2d9ec2c6daf f93db5426c7e42daaaaf664590872084 - - 6f7b00aaeedb4e52a68b5d418fcd20ae 6f7b00aaeedb4e52a68b5d418fcd20ae] 199.204.45.49 "GET /v2.0/ports?device_id=manila-share&binding%3Ahost_id=instance HTTP/1.1" status: 200 len: 1172 time: 0.0513883
2026-02-27 19:09:23.294 10 INFO neutron.wsgi [None req-a2945474-335b-4079-a96e-221859d776e9 2fda18749af549169a2fa2d9ec2c6daf f93db5426c7e42daaaaf664590872084 - - 6f7b00aaeedb4e52a68b5d418fcd20ae 6f7b00aaeedb4e52a68b5d418fcd20ae] 199.204.45.49 "GET /v2.0/networks/2e487429-7770-4b82-8ee9-989f9f7e778f HTTP/1.1" status: 200 len: 907 time: 0.0496120
2026-02-27 19:09:35.714 9 INFO neutron.wsgi [None req-49d041d9-beb5-4157-b442-64ac471be984 47c62716c03a4a4c96d809bc8d006bc6 1fdea886561b449284a7f80e9351b184 - - default default] 199.204.45.49,10.0.0.146 "GET /v2.0/quotas/f93db5426c7e42daaaaf664590872084 HTTP/1.1" status: 200 len: 467 time: 0.0163770 /var/lib/openstack/lib/python3.10/site-packages/neutron/extensions/quotasv2.py:139: UserWarning: Neutron quota engine will require "--force" parameter to set a quota limit without checking the resource usage. warnings.warn('Neutron quota engine will require "--force" '
2026-02-27 19:09:36.190 9 INFO neutron.wsgi [None req-12f0ad00-bddb-4e5e-99c9-b9290ae52982 47c62716c03a4a4c96d809bc8d006bc6 1fdea886561b449284a7f80e9351b184 - - default default] 199.204.45.49,10.0.0.146 "PUT /v2.0/quotas/f93db5426c7e42daaaaf664590872084 HTTP/1.1" status: 200 len: 466 time: 0.0319738
2026-02-27 19:09:37.008 9 INFO neutron.wsgi [-] 10.0.0.146 "GET / HTTP/1.1" status: 200 len: 246 time: 0.0022912
2026-02-27 19:09:37.008 10 INFO neutron.wsgi [-] 10.0.0.146 "GET / HTTP/1.1" status: 200 len: 246 time: 0.0023541
2026-02-27 19:09:52.007 9 INFO neutron.wsgi [-] 10.0.0.146 "GET / HTTP/1.1" status: 200 len: 246 time: 0.0016816
2026-02-27 19:09:52.008 10 INFO neutron.wsgi [-] 10.0.0.146 "GET / HTTP/1.1" status: 200 len: 246 time: 0.0022068
2026-02-27 19:10:07.010 10 INFO neutron.wsgi [-] 10.0.0.146 "GET / HTTP/1.1" status: 200 len: 246 time: 0.0029364
2026-02-27 19:10:07.012 9 INFO neutron.wsgi [-] 10.0.0.146 "GET / HTTP/1.1" status: 200 len: 246 time: 0.0055568
2026-02-27 19:10:22.009 9 INFO neutron.wsgi [-] 10.0.0.146 "GET / HTTP/1.1" status: 200 len: 246 time: 0.0023537
2026-02-27 19:10:22.012 9 INFO neutron.wsgi [-] 10.0.0.146 "GET / HTTP/1.1" status: 200 len: 246 time: 0.0025918
2026-02-27 19:10:37.008 10 INFO neutron.wsgi [-] 10.0.0.146 "GET / HTTP/1.1" status: 200 len: 246 time: 0.0023382
2026-02-27 19:10:37.011 10 INFO neutron.wsgi [-] 10.0.0.146 "GET / HTTP/1.1" status: 200 len: 246 time: 0.0015786
2026-02-27 19:10:52.008 9 INFO neutron.wsgi [-] 10.0.0.146 "GET / HTTP/1.1" status: 200 len: 246 time: 0.0017419
2026-02-27 19:10:52.010 9 INFO neutron.wsgi [-] 10.0.0.146 "GET / HTTP/1.1" status: 200 len: 246 time: 0.0008967
2026-02-27 19:10:55.495 10 INFO neutron.wsgi [None req-a4ebd31c-b546-4a72-aa2f-c963b18043bd 47c62716c03a4a4c96d809bc8d006bc6 1fdea886561b449284a7f80e9351b184 - - default default] 10.0.0.177 "GET /v2.0/subnets HTTP/1.1" status: 200 len: 1437 time: 0.1531663
2026-02-27 19:10:55.509 10 INFO neutron.wsgi [None req-05885c13-1959-47b5-8c7e-0475e2414be8 47c62716c03a4a4c96d809bc8d006bc6 1fdea886561b449284a7f80e9351b184 - - default default] 10.0.0.177 "GET /v2.0/subnetpools HTTP/1.1" status: 200 len: 193 time: 0.0126173
2026-02-27 19:10:55.662 10 INFO neutron.wsgi [None req-cc457228-ebd6-4967-9542-a2bf16d95a6a 47c62716c03a4a4c96d809bc8d006bc6 1fdea886561b449284a7f80e9351b184 - - default default] 10.0.0.177 "GET /v2.0/networks HTTP/1.1" status: 200 len: 2350 time: 0.1522121
2026-02-27 19:10:55.682 10 INFO neutron.wsgi [None req-406ceaf3-049a-456a-9354-b0638e0a1f66 47c62716c03a4a4c96d809bc8d006bc6 1fdea886561b449284a7f80e9351b184 - - default default] 10.0.0.177 "GET /v2.0/network-ip-availabilities HTTP/1.1" status: 200 len: 1280 time: 0.0168667
2026-02-27 19:10:55.733 10 INFO neutron.wsgi [None req-9520603b-ee1a-43b1-beb6-c3c591c9b467 47c62716c03a4a4c96d809bc8d006bc6 1fdea886561b449284a7f80e9351b184 - - default default] 10.0.0.177 "GET /v2.0/security-groups HTTP/1.1" status: 200 len: 17578 time: 0.0500662
2026-02-27 19:10:55.785 10 INFO neutron.wsgi [None req-f42078e0-07bf-4fdd-9060-77ad6906ab7c 47c62716c03a4a4c96d809bc8d006bc6 1fdea886561b449284a7f80e9351b184 - - default default] 10.0.0.177 "GET /v2.0/routers HTTP/1.1" status: 200 len: 189 time: 0.0388658
2026-02-27 19:10:55.831 10 INFO neutron.wsgi [None req-440c7d06-7bee-4345-99da-7d84b23c3112 47c62716c03a4a4c96d809bc8d006bc6 1fdea886561b449284a7f80e9351b184 - - default default] 10.0.0.177 "GET /v2.0/agents?binary=ovn-controller HTTP/1.1" status: 200 len: 591 time: 0.0450330
2026-02-27 19:10:55.887 10 INFO neutron.wsgi [None req-df4f0b4b-5117-4166-a695-3376d9f2633a 47c62716c03a4a4c96d809bc8d006bc6 1fdea886561b449284a7f80e9351b184 - - default default] 10.0.0.177 "GET /v2.0/ports HTTP/1.1" status: 200 len: 5351 time: 0.0554368
2026-02-27 19:10:55.905 10 INFO neutron.wsgi [None req-7cb53a81-4090-4df5-870f-d258cf174639 47c62716c03a4a4c96d809bc8d006bc6 1fdea886561b449284a7f80e9351b184 - - default default] 10.0.0.177 "GET /v2.0/agents HTTP/1.1" status: 200 len: 1390 time: 0.0138621
2026-02-27 19:10:55.944 10 INFO neutron.wsgi [None req-de6ed35d-48a1-4f65-8005-c913572305a1 47c62716c03a4a4c96d809bc8d006bc6 1fdea886561b449284a7f80e9351b184 - - default default] 10.0.0.177 "GET /v2.0/floatingips HTTP/1.1" status: 200 len: 193 time: 0.0386350
2026-02-27 19:10:55.981 10 INFO neutron.wsgi [None req-6cdd7809-697b-4816-9808-aee2ce1e039b 47c62716c03a4a4c96d809bc8d006bc6 1fdea886561b449284a7f80e9351b184 - - default default] 10.0.0.177 "GET /v2.0/subnets HTTP/1.1" status: 200 len: 1437 time: 0.0355086
2026-02-27 19:11:07.009 9 INFO neutron.wsgi [-] 10.0.0.146 "GET / HTTP/1.1" status: 200 len: 246 time: 0.0027215
2026-02-27 19:11:07.009 10 INFO neutron.wsgi [-] 10.0.0.146 "GET / HTTP/1.1" status: 200 len: 246 time: 0.0026541
2026-02-27 19:11:22.009 9 INFO neutron.wsgi [-] 10.0.0.146 "GET / HTTP/1.1" status: 200 len: 246 time: 0.0029497
2026-02-27 19:11:22.013 9 INFO neutron.wsgi [-] 10.0.0.146 "GET / HTTP/1.1" status: 200 len: 246 time: 0.0021675
2026-02-27 19:11:37.009 9 INFO neutron.wsgi [-] 10.0.0.146 "GET / HTTP/1.1" status: 200 len: 246 time: 0.0023100
2026-02-27 19:11:37.011 10 INFO neutron.wsgi [-] 10.0.0.146 "GET / HTTP/1.1" status: 200 len: 246 time: 0.0035367
2026-02-27 19:11:52.007 9 INFO neutron.wsgi [-] 10.0.0.146 "GET / HTTP/1.1" status: 200 len: 246 time: 0.0016291
2026-02-27 19:11:52.009 9 INFO neutron.wsgi [-] 10.0.0.146 "GET / HTTP/1.1" status: 200 len: 246 time: 0.0014455
2026-02-27 19:11:55.384 10 INFO neutron.wsgi [None req-f5e06c79-a418-477b-837d-7117603ed7cf 47c62716c03a4a4c96d809bc8d006bc6 1fdea886561b449284a7f80e9351b184 - - default default] 10.0.0.177 "GET /v2.0/network-ip-availabilities HTTP/1.1" status: 200 len: 1280 time: 0.0558479
2026-02-27 19:11:55.462 10 INFO neutron.wsgi [None req-4f70c94c-223c-4d73-b762-2b2f27f47e19 47c62716c03a4a4c96d809bc8d006bc6 1fdea886561b449284a7f80e9351b184 - - default default] 10.0.0.177 "GET /v2.0/security-groups HTTP/1.1" status: 200 len: 17578 time: 0.0772257
2026-02-27 19:11:55.528 10 INFO neutron.wsgi [None req-1e7f173c-f7f0-44a6-ae59-f3c0453a69a1 47c62716c03a4a4c96d809bc8d006bc6 1fdea886561b449284a7f80e9351b184 - - default default] 10.0.0.177 "GET /v2.0/ports HTTP/1.1" status: 200 len: 5351 time: 0.0595543
2026-02-27 19:11:55.605 10 INFO neutron.wsgi [None req-c3b39512-3b32-41a5-ab05-04518e91b325 47c62716c03a4a4c96d809bc8d006bc6 1fdea886561b449284a7f80e9351b184 - - default default] 10.0.0.177 "GET /v2.0/networks HTTP/1.1" status: 200 len: 2350 time: 0.0728745
2026-02-27 19:11:55.649 10 INFO neutron.wsgi [None req-c66cea32-d99f-4012-886e-2db25ae0cff5 47c62716c03a4a4c96d809bc8d006bc6 1fdea886561b449284a7f80e9351b184 - - default default] 10.0.0.177 "GET /v2.0/subnets HTTP/1.1" status: 200 len: 1437 time: 0.0417616
2026-02-27 19:11:55.688 10 INFO neutron.wsgi [None req-10fd36af-9996-4ef8-a5ba-e8198b06d053 47c62716c03a4a4c96d809bc8d006bc6 1fdea886561b449284a7f80e9351b184 - - default default] 10.0.0.177 "GET /v2.0/subnets HTTP/1.1" status: 200 len: 1437 time: 0.0384698
2026-02-27 19:11:55.703 10 INFO neutron.wsgi [None req-a48e6fb3-59f2-4be9-8ff9-2f5a1b581830 47c62716c03a4a4c96d809bc8d006bc6 1fdea886561b449284a7f80e9351b184 - - default default] 10.0.0.177 "GET /v2.0/subnetpools HTTP/1.1" status: 200 len: 193 time: 0.0136061
2026-02-27 19:11:55.729 10 INFO neutron.wsgi [None req-71d3c07a-5f8a-4ac2-9cea-4e16068f9b68 47c62716c03a4a4c96d809bc8d006bc6 1fdea886561b449284a7f80e9351b184 - - default default] 10.0.0.177 "GET /v2.0/floatingips HTTP/1.1" status: 200 len: 193 time: 0.0258772
2026-02-27 19:11:55.752 10 INFO neutron.wsgi [None req-d6ef483c-9dfd-41ee-82d1-6115dcee7de0 47c62716c03a4a4c96d809bc8d006bc6 1fdea886561b449284a7f80e9351b184 - - default default] 10.0.0.177 "GET /v2.0/routers HTTP/1.1" status: 200 len: 189 time: 0.0217807
2026-02-27 19:11:55.789 10 INFO neutron.wsgi [None req-a595efec-6e84-4791-8470-cb0182ab74e7 47c62716c03a4a4c96d809bc8d006bc6 1fdea886561b449284a7f80e9351b184 - - default default] 10.0.0.177 "GET /v2.0/agents?binary=ovn-controller HTTP/1.1" status: 200 len: 591 time: 0.0367563
2026-02-27 19:11:55.805 10 INFO neutron.wsgi [None req-854fc118-9099-4ba5-8e9f-78bb35d54071 47c62716c03a4a4c96d809bc8d006bc6 1fdea886561b449284a7f80e9351b184 - - default default] 10.0.0.177 "GET /v2.0/agents HTTP/1.1" status: 200 len: 1390 time: 0.0141423
2026-02-27 19:12:07.009 10 INFO neutron.wsgi [-] 10.0.0.146 "GET / HTTP/1.1" status: 200 len: 246 time: 0.0024803
2026-02-27 19:12:07.009 9 INFO neutron.wsgi [-] 10.0.0.146 "GET / HTTP/1.1" status: 200 len: 246 time: 0.0025063
2026-02-27 19:12:22.009 10 INFO neutron.wsgi [-] 10.0.0.146 "GET / HTTP/1.1" status: 200 len: 246 time: 0.0027485
2026-02-27 19:12:22.009 9 INFO neutron.wsgi [-] 10.0.0.146 "GET / HTTP/1.1" status: 200 len: 246 time: 0.0027988
2026-02-27 19:12:37.009 10 INFO neutron.wsgi [-] 10.0.0.146 "GET / HTTP/1.1" status: 200 len: 246 time: 0.0024047
2026-02-27 19:12:37.009 9 INFO neutron.wsgi [-] 10.0.0.146 "GET / HTTP/1.1" status: 200 len: 246 time: 0.0031128
2026-02-27 19:12:52.008 9 INFO neutron.wsgi [-] 10.0.0.146 "GET / HTTP/1.1" status: 200 len: 246 time: 0.0016391
2026-02-27 19:12:52.014 10 INFO neutron.wsgi [-] 10.0.0.146 "GET / HTTP/1.1" status: 200 len: 246 time: 0.0075970
2026-02-27 19:12:55.495 10 INFO neutron.wsgi [None req-5547d128-7aed-40bf-9baa-c5f7c8e249fd 47c62716c03a4a4c96d809bc8d006bc6 1fdea886561b449284a7f80e9351b184 - - default default] 10.0.0.177 "GET /v2.0/networks HTTP/1.1" status: 200 len: 2350 time: 0.1545782
2026-02-27 19:12:55.515 10 INFO neutron.wsgi [None req-1e35f1fe-388c-4e24-86e8-9dc245f33ae6 47c62716c03a4a4c96d809bc8d006bc6 1fdea886561b449284a7f80e9351b184 - - default default] 10.0.0.177 "GET /v2.0/routers HTTP/1.1" status: 200 len: 189 time: 0.0187571
2026-02-27 19:12:55.544 10 INFO neutron.wsgi [None req-931def3d-75a6-4a5f-a532-064fb830aae4 47c62716c03a4a4c96d809bc8d006bc6 1fdea886561b449284a7f80e9351b184 - - default default] 10.0.0.177 "GET /v2.0/agents?binary=ovn-controller HTTP/1.1" status: 200 len: 591 time: 0.0280254
2026-02-27 19:12:55.555 10 INFO neutron.wsgi [None req-dd021048-cbda-4814-857e-1de37dbcfbf6 47c62716c03a4a4c96d809bc8d006bc6 1fdea886561b449284a7f80e9351b184 - - default default] 10.0.0.177 "GET /v2.0/network-ip-availabilities HTTP/1.1" status: 200 len: 1280 time: 0.0103152
2026-02-27 19:12:55.597 10 INFO neutron.wsgi [None req-efaeccb0-7dae-4d55-a1f0-709aa5bfeef4 47c62716c03a4a4c96d809bc8d006bc6 1fdea886561b449284a7f80e9351b184 - - default default] 10.0.0.177 "GET /v2.0/subnets HTTP/1.1" status: 200 len: 1437 time: 0.0405211
2026-02-27 19:12:55.605 10 INFO neutron.wsgi [None req-51b05a27-c442-4411-bd7b-531ed95116c6 47c62716c03a4a4c96d809bc8d006bc6 1fdea886561b449284a7f80e9351b184 - - default default] 10.0.0.177 "GET /v2.0/subnetpools HTTP/1.1" status: 200 len: 193 time: 0.0072596
2026-02-27 19:12:55.653 10 INFO neutron.wsgi [None req-40e87991-07e7-4b98-85ed-6730090749f4 47c62716c03a4a4c96d809bc8d006bc6 1fdea886561b449284a7f80e9351b184 - - default default] 10.0.0.177 "GET /v2.0/security-groups HTTP/1.1" status: 200 len: 17578 time: 0.0469031
2026-02-27 19:12:55.707 10 INFO neutron.wsgi [None req-254dd665-1b89-40b3-879a-25d625840457 47c62716c03a4a4c96d809bc8d006bc6 1fdea886561b449284a7f80e9351b184 - - default default] 10.0.0.177 "GET /v2.0/ports HTTP/1.1" status: 200 len: 5351 time: 0.0470178
2026-02-27 19:12:55.755 10 INFO neutron.wsgi [None req-2d882927-0d44-42aa-9c47-62c41a5e54b8 47c62716c03a4a4c96d809bc8d006bc6 1fdea886561b449284a7f80e9351b184 - - default default] 10.0.0.177 "GET /v2.0/subnets HTTP/1.1" status: 200 len: 1437 time: 0.0453358
2026-02-27 19:12:55.767 10 INFO neutron.wsgi [None req-96f5e0d5-acdd-48a1-b4f9-2aff6ea80374 47c62716c03a4a4c96d809bc8d006bc6 1fdea886561b449284a7f80e9351b184 - - default default] 10.0.0.177 "GET /v2.0/agents HTTP/1.1" status: 200 len: 1390 time: 0.0111072
2026-02-27 19:12:55.790 10 INFO neutron.wsgi [None req-c829cab1-ed38-48b7-b81c-edbd3514b192 47c62716c03a4a4c96d809bc8d006bc6 1fdea886561b449284a7f80e9351b184 - - default default] 10.0.0.177 "GET /v2.0/floatingips HTTP/1.1" status: 200 len: 193 time: 0.0221879
2026-02-27 19:13:06.058 15 INFO neutron.db.ovn_revision_numbers_db [None req-e908fc2c-fcb4-4808-929e-ce40cc8bacd4 - - - - - -] Successfully bumped revision number for resource ef267225-c08a-448a-8120-3e6959cbfdc4 (type: security_groups) to 5
2026-02-27 19:13:06.059 15 INFO neutron.plugins.ml2.drivers.ovn.mech_driver.ovsdb.maintenance [None req-e908fc2c-fcb4-4808-929e-ce40cc8bacd4 - - - - - -] Maintenance task: Synchronization completed (took 0.04 seconds)
2026-02-27 19:13:07.009 9 INFO neutron.wsgi [-] 10.0.0.146 "GET / HTTP/1.1" status: 200 len: 246 time: 0.0024078
2026-02-27 19:13:07.010 10 INFO neutron.wsgi [-] 10.0.0.146 "GET / HTTP/1.1" status: 200 len: 246 time: 0.0028167
2026-02-27 19:13:22.009 10 INFO neutron.wsgi [-] 10.0.0.146 "GET / HTTP/1.1" status: 200 len: 246 time: 0.0024946
2026-02-27 19:13:22.009 9 INFO neutron.wsgi [-] 10.0.0.146 "GET / HTTP/1.1" status: 200 len: 246 time: 0.0029974
2026-02-27 19:13:37.011 10 INFO neutron.wsgi [-] 10.0.0.146 "GET / HTTP/1.1" status: 200 len: 246 time: 0.0012479
2026-02-27 19:13:37.012 9 INFO neutron.wsgi [-] 10.0.0.146 "GET / HTTP/1.1" status: 200 len: 246 time: 0.0019581
2026-02-27 19:13:52.007 9 INFO neutron.wsgi [-] 10.0.0.146 "GET / HTTP/1.1" status: 200 len: 246 time: 0.0012226
2026-02-27 19:13:52.008 9 INFO neutron.wsgi [-] 10.0.0.146 "GET / HTTP/1.1" status: 200 len: 246 time: 0.0008719
2026-02-27 19:13:55.421 10 INFO neutron.wsgi [None req-b280f796-f59c-41c2-b478-f0c2969c9ccb 47c62716c03a4a4c96d809bc8d006bc6 1fdea886561b449284a7f80e9351b184 - - default default] 10.0.0.177 "GET /v2.0/subnets HTTP/1.1" status: 200 len: 1437 time: 0.1096671
2026-02-27 19:13:55.453 10 INFO neutron.wsgi [None req-df1a3ba3-d6b8-4642-b31d-2fe5fcb0385d 47c62716c03a4a4c96d809bc8d006bc6 1fdea886561b449284a7f80e9351b184 - - default default] 10.0.0.177 "GET /v2.0/routers HTTP/1.1" status: 200 len: 189 time: 0.0304136
2026-02-27 19:13:55.520 10 INFO neutron.wsgi [None req-0abb96b5-103b-4839-8cd0-63bc42a5cad0 47c62716c03a4a4c96d809bc8d006bc6 1fdea886561b449284a7f80e9351b184 - - default default] 10.0.0.177 "GET /v2.0/agents?binary=ovn-controller HTTP/1.1" status: 200 len: 591 time: 0.0664284
2026-02-27 19:13:55.534 10 INFO neutron.wsgi [None req-ff1f1788-7644-4e08-9d5a-513dfcd1888f 47c62716c03a4a4c96d809bc8d006bc6 1fdea886561b449284a7f80e9351b184 - - default default] 10.0.0.177 "GET /v2.0/agents HTTP/1.1" status: 200 len: 1390 time: 0.0127020
2026-02-27 19:13:55.546 10 INFO neutron.wsgi [None req-070e57b3-3596-4c22-8da1-8ccf4dafa766 47c62716c03a4a4c96d809bc8d006bc6 1fdea886561b449284a7f80e9351b184 - - default default] 10.0.0.177 "GET /v2.0/network-ip-availabilities HTTP/1.1" status: 200 len: 1280 time: 0.0106852
2026-02-27 19:13:55.600 10 INFO neutron.wsgi [None req-c058f1be-0d4d-46dc-b4e3-410839db7b72 47c62716c03a4a4c96d809bc8d006bc6 1fdea886561b449284a7f80e9351b184 - - default default] 10.0.0.177 "GET /v2.0/security-groups HTTP/1.1" status: 200 len: 17578 time: 0.0529900
2026-02-27 19:13:55.632 10 INFO neutron.wsgi [None req-f5b95e5b-dfeb-498f-8bbd-a38695bbd260 47c62716c03a4a4c96d809bc8d006bc6 1fdea886561b449284a7f80e9351b184 - - default default] 10.0.0.177 "GET /v2.0/floatingips HTTP/1.1" status: 200 len: 193 time: 0.0222456
2026-02-27 19:13:55.706 10 INFO neutron.wsgi [None req-c495bf64-09f0-4e7e-bc5b-40c07df8966d 47c62716c03a4a4c96d809bc8d006bc6 1fdea886561b449284a7f80e9351b184 - - default default] 10.0.0.177 "GET /v2.0/networks HTTP/1.1" status: 200 len: 2350 time: 0.0732954
2026-02-27 19:13:55.756 10 INFO neutron.wsgi [None req-843b09fa-28b6-4d09-a792-dec18cd58399 47c62716c03a4a4c96d809bc8d006bc6 1fdea886561b449284a7f80e9351b184 - - default default] 10.0.0.177 "GET /v2.0/ports HTTP/1.1" status: 200 len: 5351 time: 0.0485666
2026-02-27 19:13:55.798 10 INFO neutron.wsgi [None req-e2961592-af25-4e63-a140-d1768903a217 47c62716c03a4a4c96d809bc8d006bc6 1fdea886561b449284a7f80e9351b184 - - default default] 10.0.0.177 "GET /v2.0/subnets HTTP/1.1" status: 200 len: 1437 time: 0.0374222
2026-02-27 19:13:55.810 10 INFO neutron.wsgi [None req-cd25b3a1-bc99-4b00-af12-40c3e412e9e7 47c62716c03a4a4c96d809bc8d006bc6 1fdea886561b449284a7f80e9351b184 - - default default] 10.0.0.177 "GET /v2.0/subnetpools HTTP/1.1" status: 200 len: 193 time: 0.0099888
2026-02-27 19:14:07.007 9 INFO neutron.wsgi [-] 10.0.0.146 "GET / HTTP/1.1" status: 200 len: 246 time: 0.0016367
2026-02-27 19:14:07.009 10 INFO neutron.wsgi [-] 10.0.0.146 "GET / HTTP/1.1" status: 200 len: 246 time: 0.0026388
2026-02-27 19:14:22.012 10 INFO neutron.wsgi [-] 10.0.0.146 "GET / HTTP/1.1" status: 200 len: 246 time: 0.0050111
2026-02-27 19:14:22.014 10 INFO neutron.wsgi [-] 10.0.0.146 "GET / HTTP/1.1" status: 200 len: 246 time: 0.0012791
2026-02-27 19:14:37.007 10 INFO neutron.wsgi [-] 10.0.0.146 "GET / HTTP/1.1" status: 200 len: 246 time: 0.0013144
2026-02-27 19:14:37.009 9 INFO neutron.wsgi [-] 10.0.0.146 "GET / HTTP/1.1" status: 200 len: 246 time: 0.0029485
2026-02-27 19:14:52.009 10 INFO neutron.wsgi [-] 10.0.0.146 "GET / HTTP/1.1" status: 200 len: 246 time: 0.0025063
2026-02-27 19:14:52.009 9 INFO neutron.wsgi [-] 10.0.0.146 "GET / HTTP/1.1" status: 200 len: 246 time: 0.0029924
2026-02-27 19:14:55.391 10 INFO neutron.wsgi [None req-e2fe48e5-a11e-4b4c-b81a-6d11a935d6a6 47c62716c03a4a4c96d809bc8d006bc6 1fdea886561b449284a7f80e9351b184 - - default default] 10.0.0.177 "GET /v2.0/network-ip-availabilities HTTP/1.1" status: 200 len: 1280 time: 0.1152532
2026-02-27 19:14:55.439 10 INFO neutron.wsgi [None req-410676b5-817e-4ed7-ad19-bb4b01bf7a96 47c62716c03a4a4c96d809bc8d006bc6 1fdea886561b449284a7f80e9351b184 - - default default] 10.0.0.177 "GET /v2.0/subnets HTTP/1.1" status: 200 len: 1437 time: 0.0461357
2026-02-27 19:14:55.449 10 INFO neutron.wsgi [None req-a6a6dae7-28a7-4aa2-891a-0df099c7e51a 47c62716c03a4a4c96d809bc8d006bc6 1fdea886561b449284a7f80e9351b184 - - default default] 10.0.0.177 "GET /v2.0/subnetpools HTTP/1.1" status: 200 len: 193 time: 0.0100913
2026-02-27 19:14:55.527 10 INFO neutron.wsgi [None req-a41f0d3a-73e9-4336-94b7-feb82f7aa7dd 47c62716c03a4a4c96d809bc8d006bc6 1fdea886561b449284a7f80e9351b184 - - default default] 10.0.0.177 "GET /v2.0/networks HTTP/1.1" status: 200 len: 2350 time: 0.0765021
2026-02-27 19:14:55.560 10 INFO neutron.wsgi [None req-74c6112a-87b8-4c13-9b11-774138be60d9 47c62716c03a4a4c96d809bc8d006bc6 1fdea886561b449284a7f80e9351b184 - - default default] 10.0.0.177 "GET /v2.0/agents HTTP/1.1" status: 200 len: 1390 time: 0.0318596
2026-02-27 19:14:55.594 10 INFO neutron.wsgi [None req-3238b03d-4055-42cf-838f-d28ba4c801b3 47c62716c03a4a4c96d809bc8d006bc6 1fdea886561b449284a7f80e9351b184 - - default default] 10.0.0.177 "GET /v2.0/floatingips HTTP/1.1" status: 200 len: 193 time: 0.0324924
2026-02-27 19:14:55.635 10 INFO neutron.wsgi [None req-6861ccd0-4934-4342-8720-46da69c421d6 47c62716c03a4a4c96d809bc8d006bc6 1fdea886561b449284a7f80e9351b184 - - default default] 10.0.0.177 "GET /v2.0/ports HTTP/1.1" status: 200 len: 5351 time: 0.0387063
2026-02-27 19:14:55.659 10 INFO neutron.wsgi [None req-07eede91-9f1f-41fd-a142-58fd77066d77 47c62716c03a4a4c96d809bc8d006bc6 1fdea886561b449284a7f80e9351b184 - - default default] 10.0.0.177 "GET /v2.0/routers HTTP/1.1" status: 200 len: 189 time: 0.0225985
2026-02-27 19:14:55.676 10 INFO neutron.wsgi [None req-4a919bbd-a2e1-44f7-8bb6-47b1a0dbd102 47c62716c03a4a4c96d809bc8d006bc6 1fdea886561b449284a7f80e9351b184 - - default default] 10.0.0.177 "GET /v2.0/agents?binary=ovn-controller HTTP/1.1" status: 200 len: 591 time: 0.0159709
2026-02-27 19:14:55.779 10 INFO neutron.wsgi [None req-19fce7d0-5f74-4d00-bc54-3f84190dd9cd 47c62716c03a4a4c96d809bc8d006bc6 1fdea886561b449284a7f80e9351b184 - - default default] 10.0.0.177 "GET /v2.0/security-groups HTTP/1.1" status: 200 len: 17578 time: 0.1030450
2026-02-27 19:14:55.821 10 INFO neutron.wsgi [None req-231bfc25-b59d-4631-92a2-11c6df32f967 47c62716c03a4a4c96d809bc8d006bc6 1fdea886561b449284a7f80e9351b184 - - default default] 10.0.0.177 "GET /v2.0/subnets HTTP/1.1" status: 200 len: 1437 time: 0.0354102
2026-02-27 19:15:07.009 9 INFO neutron.wsgi [-] 10.0.0.146 "GET / HTTP/1.1" status: 200 len: 246 time: 0.0025864
2026-02-27 19:15:07.010 10 INFO neutron.wsgi [-] 10.0.0.146 "GET / HTTP/1.1" status: 200 len: 246 time: 0.0032809
2026-02-27 19:15:22.008 10 INFO neutron.wsgi [-] 10.0.0.146 "GET / HTTP/1.1" status: 200 len: 246 time: 0.0012555
2026-02-27 19:15:22.008 9 INFO neutron.wsgi [-] 10.0.0.146 "GET / HTTP/1.1" status: 200 len: 246 time: 0.0018058
2026-02-27 19:15:37.009 10 INFO neutron.wsgi [-] 10.0.0.146 "GET / HTTP/1.1" status: 200 len: 246 time: 0.0028224
2026-02-27 19:15:37.010 9 INFO neutron.wsgi [-] 10.0.0.146 "GET / HTTP/1.1" status: 200 len: 246 time: 0.0034325
2026-02-27 19:15:52.009 10 INFO neutron.wsgi [-] 10.0.0.146 "GET / HTTP/1.1" status: 200 len: 246 time: 0.0023811
2026-02-27 19:15:52.011 10 INFO neutron.wsgi [-] 10.0.0.146 "GET / HTTP/1.1" status: 200 len: 246 time: 0.0013039
2026-02-27 19:15:55.443 10 INFO neutron.wsgi [None req-28af36c0-a384-4fd4-891a-605aa18e95a6 47c62716c03a4a4c96d809bc8d006bc6 1fdea886561b449284a7f80e9351b184 - - default default] 10.0.0.177 "GET /v2.0/network-ip-availabilities HTTP/1.1" status: 200 len: 1280 time: 0.1080816
2026-02-27 19:15:55.503 10 INFO neutron.wsgi [None req-43713f6a-4df8-4147-8489-adf51f7d8eac 47c62716c03a4a4c96d809bc8d006bc6 1fdea886561b449284a7f80e9351b184 - - default default] 10.0.0.177 "GET /v2.0/security-groups HTTP/1.1" status: 200 len: 17578 time: 0.0593228
2026-02-27 19:15:55.549 10 INFO neutron.wsgi [None req-b0617441-b1b2-4666-8901-f89cf1eb17cc 47c62716c03a4a4c96d809bc8d006bc6 1fdea886561b449284a7f80e9351b184 - - default default] 10.0.0.177 "GET /v2.0/agents HTTP/1.1" status: 200 len: 1390 time: 0.0368018
2026-02-27 19:15:55.625 10 INFO neutron.wsgi [None req-da1739dd-13b5-44e5-9b0e-70adadb3393d 47c62716c03a4a4c96d809bc8d006bc6 1fdea886561b449284a7f80e9351b184 - - default default] 10.0.0.177 "GET /v2.0/networks HTTP/1.1" status: 200 len: 2350 time: 0.0755801
2026-02-27 19:15:55.648 10 INFO neutron.wsgi [None req-1bd35cdb-5288-4472-98b6-f734f05463f6 47c62716c03a4a4c96d809bc8d006bc6 1fdea886561b449284a7f80e9351b184 - - default default] 10.0.0.177 "GET /v2.0/routers HTTP/1.1" status: 200 len: 189 time: 0.0215158
2026-02-27 19:15:55.657 10 INFO neutron.wsgi [None req-d2069719-3034-4bfa-859e-528eca63a222 47c62716c03a4a4c96d809bc8d006bc6 1fdea886561b449284a7f80e9351b184 - - default default] 10.0.0.177 "GET /v2.0/agents?binary=ovn-controller HTTP/1.1" status: 200 len: 591 time: 0.0081754
2026-02-27 19:15:55.678 10 INFO neutron.wsgi [None req-e52e84ca-0af6-4865-9a68-a1057c3c9d0d 47c62716c03a4a4c96d809bc8d006bc6 1fdea886561b449284a7f80e9351b184 - - default default] 10.0.0.177 "GET /v2.0/floatingips HTTP/1.1" status: 200 len: 193 time: 0.0201666
2026-02-27 19:15:55.707 10 INFO neutron.wsgi [None req-386a7ea9-6af4-40d1-8e26-5f5646d00d97 47c62716c03a4a4c96d809bc8d006bc6 1fdea886561b449284a7f80e9351b184 - - default default] 10.0.0.177 "GET /v2.0/subnets HTTP/1.1" status: 200 len: 1437 time: 0.0279987
2026-02-27 19:15:55.753 10 INFO neutron.wsgi [None req-cb1438d6-6338-4693-b54f-68f953216ec2 47c62716c03a4a4c96d809bc8d006bc6 1fdea886561b449284a7f80e9351b184 - - default default] 10.0.0.177 "GET /v2.0/ports HTTP/1.1" status: 200 len: 5351 time: 0.0447836
2026-02-27 19:15:55.806 10 INFO neutron.wsgi [None req-a755ff0c-ff9f-491f-9e0f-e44382771012 47c62716c03a4a4c96d809bc8d006bc6 1fdea886561b449284a7f80e9351b184 - - default default] 10.0.0.177 "GET /v2.0/subnets HTTP/1.1" status: 200 len: 1437 time: 0.0460348
2026-02-27 19:15:55.817 10 INFO neutron.wsgi [None req-a6449372-dde1-4c6e-89e8-3e775ce1249f 47c62716c03a4a4c96d809bc8d006bc6 1fdea886561b449284a7f80e9351b184 - - default default] 10.0.0.177 "GET /v2.0/subnetpools HTTP/1.1" status: 200 len: 193 time: 0.0095015
2026-02-27 19:16:07.009 10 INFO neutron.wsgi [-] 10.0.0.146 "GET / HTTP/1.1" status: 200 len: 246 time: 0.0024414
2026-02-27 19:16:07.014 9 INFO neutron.wsgi [-] 10.0.0.146 "GET / HTTP/1.1" status: 200 len: 246 time: 0.0070021
2026-02-27 19:16:22.009 10 INFO neutron.wsgi [-] 10.0.0.146 "GET / HTTP/1.1" status: 200 len: 246 time: 0.0031466
2026-02-27 19:16:22.011 10 INFO neutron.wsgi [-] 10.0.0.146 "GET / HTTP/1.1" status: 200 len: 246 time: 0.0011749
2026-02-27 19:16:37.009 10 INFO neutron.wsgi [-] 10.0.0.146 "GET / HTTP/1.1" status: 200 len: 246 time: 0.0024192
2026-02-27 19:16:37.009 9 INFO neutron.wsgi [-] 10.0.0.146 "GET / HTTP/1.1" status: 200 len: 246 time: 0.0026298
2026-02-27 19:16:52.009 10 INFO neutron.wsgi [-] 10.0.0.146 "GET / HTTP/1.1" status: 200 len: 246 time: 0.0025544
2026-02-27 19:16:52.010 9 INFO neutron.wsgi [-] 10.0.0.146 "GET / HTTP/1.1" status: 200 len: 246 time: 0.0037963
2026-02-27 19:16:55.308 10 INFO neutron.wsgi [None req-d3d50c47-417b-474c-86fe-592ef0c90cca 47c62716c03a4a4c96d809bc8d006bc6 1fdea886561b449284a7f80e9351b184 - - default default] 10.0.0.177 "GET /v2.0/network-ip-availabilities HTTP/1.1" status: 200 len: 1280 time: 0.1000636
2026-02-27 19:16:55.356 10 INFO neutron.wsgi [None req-e729b449-0084-4d93-b1da-22fba9c0e503 47c62716c03a4a4c96d809bc8d006bc6 1fdea886561b449284a7f80e9351b184 - - default default] 10.0.0.177 "GET /v2.0/security-groups HTTP/1.1" status: 200 len: 17578 time: 0.0441792
2026-02-27 19:16:55.414 10 INFO neutron.wsgi [None req-bb3845f3-0ab0-4af1-a37f-ab257acaf05f 47c62716c03a4a4c96d809bc8d006bc6 1fdea886561b449284a7f80e9351b184 - - default default] 10.0.0.177 "GET /v2.0/ports HTTP/1.1" status: 200 len: 5351 time: 0.0541239
2026-02-27 19:16:55.443 10 INFO neutron.wsgi [None req-3ad70b5f-cd74-4238-93b6-a071e9a3a5bd 47c62716c03a4a4c96d809bc8d006bc6 1fdea886561b449284a7f80e9351b184 - - default default] 10.0.0.177 "GET /v2.0/routers HTTP/1.1" status: 200 len: 189 time: 0.0229998
2026-02-27 19:16:55.478 10 INFO neutron.wsgi [None req-3c90a0ee-8991-40fb-ab10-b7d462f180d9 47c62716c03a4a4c96d809bc8d006bc6 1fdea886561b449284a7f80e9351b184 - - default default] 10.0.0.177 "GET /v2.0/agents?binary=ovn-controller HTTP/1.1" status: 200 len: 591 time: 0.0343304
2026-02-27 19:16:55.542 10 INFO neutron.wsgi [None req-ee0993a6-cfd0-42ad-919f-f644f0417d60 47c62716c03a4a4c96d809bc8d006bc6 1fdea886561b449284a7f80e9351b184 - - default default] 10.0.0.177 "GET /v2.0/networks HTTP/1.1" status: 200 len: 2350 time: 0.0631096
2026-02-27 19:16:55.592 10 INFO neutron.wsgi [None req-2644e063-855c-42b2-927c-6e8f005cc0a9 47c62716c03a4a4c96d809bc8d006bc6 1fdea886561b449284a7f80e9351b184 - - default default] 10.0.0.177 "GET /v2.0/subnets HTTP/1.1" status: 200 len: 1437 time: 0.0483398
2026-02-27 19:16:55.610 10 INFO neutron.wsgi [None req-4f8dc272-e1e9-495e-9913-f220e6548cb3 47c62716c03a4a4c96d809bc8d006bc6 1fdea886561b449284a7f80e9351b184 - - default default] 10.0.0.177 "GET /v2.0/subnetpools HTTP/1.1" status: 200 len: 193 time: 0.0168600
2026-02-27 19:16:55.629 10 INFO neutron.wsgi [None req-1a7c60cc-5fd1-4cf5-835f-2b4d2193ddc2 47c62716c03a4a4c96d809bc8d006bc6 1fdea886561b449284a7f80e9351b184 - - default default] 10.0.0.177 "GET /v2.0/floatingips HTTP/1.1" status: 200 len: 193 time: 0.0180182
2026-02-27 19:16:55.659 10 INFO neutron.wsgi [None req-e313a3fa-ee7a-4e31-9187-ace43a40eaa5 47c62716c03a4a4c96d809bc8d006bc6 1fdea886561b449284a7f80e9351b184 - - default default] 10.0.0.177 "GET /v2.0/subnets HTTP/1.1" status: 200 len: 1437 time: 0.0289798
2026-02-27 19:16:55.672 10 INFO neutron.wsgi [None req-57ddc2d7-0b50-4328-91ac-f542d908abd8 47c62716c03a4a4c96d809bc8d006bc6 1fdea886561b449284a7f80e9351b184 - - default default] 10.0.0.177 "GET /v2.0/agents HTTP/1.1" status: 200 len: 1390 time: 0.0109332
2026-02-27 19:17:07.008 9 INFO neutron.wsgi [-] 10.0.0.146 "GET / HTTP/1.1" status: 200 len: 246 time: 0.0017121
2026-02-27 19:17:07.008 10 INFO neutron.wsgi [-] 10.0.0.146 "GET / HTTP/1.1" status: 200 len: 246 time: 0.0022833
2026-02-27 19:17:22.009 9 INFO neutron.wsgi [-] 10.0.0.146 "GET / HTTP/1.1" status: 200 len: 246 time: 0.0022690
2026-02-27 19:17:22.013 9 INFO neutron.wsgi [-] 10.0.0.146 "GET / HTTP/1.1" status: 200 len: 246 time: 0.0025556
2026-02-27 19:17:37.009 9 INFO neutron.wsgi [-] 10.0.0.146 "GET / HTTP/1.1" status: 200 len: 246 time: 0.0024664
2026-02-27 19:17:37.010 10 INFO neutron.wsgi [-] 10.0.0.146 "GET / HTTP/1.1" status: 200 len: 246 time: 0.0030897
2026-02-27 19:17:52.007 10 INFO neutron.wsgi [-] 10.0.0.146 "GET / HTTP/1.1" status: 200 len: 246 time: 0.0013247
2026-02-27 19:17:52.007 9 INFO neutron.wsgi [-] 10.0.0.146 "GET / HTTP/1.1" status: 200 len: 246 time: 0.0017068
2026-02-27 19:17:55.471 10 INFO neutron.wsgi [None req-2b6e375c-ca20-42ca-ad81-3b99a23bbd2e 47c62716c03a4a4c96d809bc8d006bc6 1fdea886561b449284a7f80e9351b184 - - default default] 10.0.0.177 "GET /v2.0/routers HTTP/1.1" status: 200 len: 189 time: 0.1473956
2026-02-27 19:17:55.502 10 INFO neutron.wsgi [None req-74f7e06e-c738-48fa-8059-dcee975d3d2a 47c62716c03a4a4c96d809bc8d006bc6 1fdea886561b449284a7f80e9351b184 - - default default] 10.0.0.177 "GET /v2.0/agents?binary=ovn-controller HTTP/1.1" status: 200 len: 591 time: 0.0305061
2026-02-27 19:17:55.551 10 INFO neutron.wsgi [None req-5fac6951-cbe7-4784-a0fc-99bcba9b33bd 47c62716c03a4a4c96d809bc8d006bc6 1fdea886561b449284a7f80e9351b184 - - default default] 10.0.0.177 "GET /v2.0/ports HTTP/1.1" status: 200 len: 5351 time: 0.0468385
2026-02-27 19:17:55.584 10 INFO neutron.wsgi [None req-b06fa7dc-c5a1-4f04-ad68-7c992117379e 47c62716c03a4a4c96d809bc8d006bc6 1fdea886561b449284a7f80e9351b184 - - default default] 10.0.0.177 "GET /v2.0/subnets HTTP/1.1" status: 200 len: 1437 time: 0.0299368
2026-02-27 19:17:55.595 10 INFO neutron.wsgi [None req-531d22a5-e52b-4102-8c9a-b1871cd56542 47c62716c03a4a4c96d809bc8d006bc6 1fdea886561b449284a7f80e9351b184 - - default default] 10.0.0.177 "GET /v2.0/agents HTTP/1.1" status: 200 len: 1390 time: 0.0100775
2026-02-27 19:17:55.634 10 INFO neutron.wsgi [None req-ef6aaf51-3745-4c6f-a643-fb70238f03f7 47c62716c03a4a4c96d809bc8d006bc6 1fdea886561b449284a7f80e9351b184 - - default default] 10.0.0.177 "GET /v2.0/security-groups HTTP/1.1" status: 200 len: 17578 time: 0.0376964
