2026-02-27 19:24:55.136 10 WARNING neutron.scheduler.dhcp_agent_scheduler [None req-18ffe382-1ad4-496d-97f8-da3d20338338 7552723967b840f5b91ef9736a099081 1814d779e800414c85078c2ec1c15771 - - default default] No more DHCP agents
2026-02-27 19:24:55.141 10 WARNING neutron.api.rpc.agentnotifiers.dhcp_rpc_agent_api [None req-18ffe382-1ad4-496d-97f8-da3d20338338 7552723967b840f5b91ef9736a099081 1814d779e800414c85078c2ec1c15771 - - default default] Unable to schedule network b943fc28-2938-4641-b6dd-0cc093f0f5f2: no agents available; will retry on subsequent port and subnet creation events.
2026-02-27 19:24:55.220 9 INFO neutron.wsgi [None req-838fd0a2-24d6-4ed2-a32a-34817f856d54 946b442c71544927a291230b132346bd 91862045bba4460e853b3ace0bd3ab13 - - default default] 10.0.0.20 "PUT /v2.0/routers/4f94e5ed-78a4-485a-a7b0-d45927ef5b15/remove_router_interface HTTP/1.1" status: 200 len: 503 time: 0.7932632 /var/lib/openstack/lib/python3.10/site-packages/pycadf/identifier.py:71: UserWarning: Invalid uuid: neutron. To ensure interoperability, identifiers should be a valid uuid. warnings.warn(('Invalid uuid: %s. To ensure interoperability, '
2026-02-27 19:24:55.249 9 INFO neutron.wsgi [None req-5dedf3be-2182-4c73-b422-5dd5490bd942 586b3201f2874486bbdf0dabe8755b0e e89fc8507fd54d5a9c90ec1e8e0cf2a0 - - default default] 10.0.0.20 "GET /v2.0/ports HTTP/1.1" status: 200 len: 3211 time: 0.1970096
2026-02-27 19:24:55.255 10 INFO neutron.db.ovn_revision_numbers_db [None req-d608e705-f9a8-4e8f-b14f-372d765c096b 47ae08a4bfa94c1dabd8781b178dd4d4 51d43294dc4f42ef9ff52295ade78183 - - default default] Successfully bumped revision number for resource aeba8b12-6291-4539-af9b-8b61f92374a9 (type: floatingips) to 1 /var/lib/openstack/lib/python3.10/site-packages/pycadf/identifier.py:71: UserWarning: Invalid uuid: neutron. To ensure interoperability, identifiers should be a valid uuid. warnings.warn(('Invalid uuid: %s. To ensure interoperability, '
2026-02-27 19:24:55.340 10 INFO neutron.db.ovn_revision_numbers_db [None req-18ffe382-1ad4-496d-97f8-da3d20338338 7552723967b840f5b91ef9736a099081 1814d779e800414c85078c2ec1c15771 - - default default] Successfully bumped revision number for resource b9ee3f5a-1211-436e-86be-4ebe2aba94da (type: ports) to 1
2026-02-27 19:24:55.342 10 INFO neutron.api.v2.resource [None req-558028dd-d291-433f-bda2-9a1578ba9382 946b442c71544927a291230b132346bd 91862045bba4460e853b3ace0bd3ab13 - - default default] remove_router_interface failed (client error): The resource could not be found.
2026-02-27 19:24:55.343 10 INFO neutron.wsgi [None req-558028dd-d291-433f-bda2-9a1578ba9382 946b442c71544927a291230b132346bd 91862045bba4460e853b3ace0bd3ab13 - - default default] 10.0.0.20 "PUT /v2.0/routers/4f94e5ed-78a4-485a-a7b0-d45927ef5b15/remove_router_interface HTTP/1.1" status: 404 len: 398 time: 0.1167092
2026-02-27 19:24:55.379 9 INFO neutron.wsgi [None req-945780a5-c065-4cac-a9c8-e4393203d65b 946b442c71544927a291230b132346bd 91862045bba4460e853b3ace0bd3ab13 - - default default] 10.0.0.20 "GET /v2.0/ports?device_id=4f94e5ed-78a4-485a-a7b0-d45927ef5b15 HTTP/1.1" status: 200 len: 205 time: 0.0298049
2026-02-27 19:24:55.381 10 INFO neutron.wsgi [None req-18ffe382-1ad4-496d-97f8-da3d20338338 7552723967b840f5b91ef9736a099081 1814d779e800414c85078c2ec1c15771 - - default default] 10.0.0.20 "POST /v2.0/networks HTTP/1.1" status: 201 len: 843 time: 1.6317635
2026-02-27 19:24:55.424 9 WARNING neutron_lib.context [None req-e69d0c4b-8c32-4e2b-aa44-47bb2883bba7 7552723967b840f5b91ef9736a099081 1814d779e800414c85078c2ec1c15771 - - default default] Method 'is_advsvc' is deprecated since 2023.2 release (neutron-lib 3.8.0) and will be removed once support for the old RBAC API policies will be removed from Neutron. Please use method 'is_service_role' instead.
2026-02-27 19:24:55.446 10 INFO neutron.db.ovn_revision_numbers_db [None req-d608e705-f9a8-4e8f-b14f-372d765c096b 47ae08a4bfa94c1dabd8781b178dd4d4 51d43294dc4f42ef9ff52295ade78183 - - default default] Successfully bumped revision number for resource aeba8b12-6291-4539-af9b-8b61f92374a9 (type: floatingips) to 2
2026-02-27 19:24:55.447 10 INFO neutron.db.l3_db [None req-d608e705-f9a8-4e8f-b14f-372d765c096b 47ae08a4bfa94c1dabd8781b178dd4d4 51d43294dc4f42ef9ff52295ade78183 - - default default] Floating IP aeba8b12-6291-4539-af9b-8b61f92374a9 associated. External IP: 10.96.250.208, port: e8239591-7eca-4338-909e-85cb7c5123ce.
2026-02-27 19:24:55.482 10 INFO neutron.wsgi [None req-d608e705-f9a8-4e8f-b14f-372d765c096b 47ae08a4bfa94c1dabd8781b178dd4d4 51d43294dc4f42ef9ff52295ade78183 - - default default] 10.0.0.20 "PUT /v2.0/floatingips/aeba8b12-6291-4539-af9b-8b61f92374a9 HTTP/1.1" status: 200 len: 1049 time: 1.1790011
2026-02-27 19:24:55.522 10 INFO neutron.notifiers.nova [-] Nova event matching ['req-46c0283e-55b7-4bcc-aae7-9cd348db3aa0'] response: {'name': 'network-changed', 'server_uuid': 'fcb79657-a939-4d01-8b5a-76989382021d', 'tag': 'e8239591-7eca-4338-909e-85cb7c5123ce', 'status': 'completed', 'code': 200}
2026-02-27 19:24:55.570 10 INFO neutron.wsgi [req-a1bc0e1a-c787-4f9e-b591-50dfe9351a74 req-ce8afad4-4dcb-44bd-9ea9-df75231ac677 89d5c116b2f34af191f252029d0cf57e f93db5426c7e42daaaaf664590872084 - - 6f7b00aaeedb4e52a68b5d418fcd20ae 6f7b00aaeedb4e52a68b5d418fcd20ae] 199.204.45.49 "GET /v2.0/ports?tenant_id=51d43294dc4f42ef9ff52295ade78183&device_id=fcb79657-a939-4d01-8b5a-76989382021d HTTP/1.1" status: 200 len: 1409 time: 0.0373082
2026-02-27 19:24:55.614 9 INFO neutron.wsgi [req-7563a03f-e54c-45d9-8d8a-06127e2e7166 req-1b053d52-e892-4c49-83b7-d620b3883c1a 47ae08a4bfa94c1dabd8781b178dd4d4 51d43294dc4f42ef9ff52295ade78183 - - default default] 10.0.0.156 "GET /v2.0/ports?device_id=fcb79657-a939-4d01-8b5a-76989382021d HTTP/1.1" status: 200 len: 1170 time: 0.0945842
2026-02-27 19:24:55.645 10 INFO neutron.wsgi [req-a1bc0e1a-c787-4f9e-b591-50dfe9351a74 req-bbf68357-44b4-4b81-9c9c-a2b68dcfcdd6 89d5c116b2f34af191f252029d0cf57e f93db5426c7e42daaaaf664590872084 - - 6f7b00aaeedb4e52a68b5d418fcd20ae 6f7b00aaeedb4e52a68b5d418fcd20ae] 199.204.45.49 "GET /v2.0/networks?id=eabfe5f6-5d4f-4942-bd37-9b8ede6cfac6 HTTP/1.1" status: 200 len: 968 time: 0.0613158
2026-02-27 19:24:55.967 10 INFO neutron.wsgi [req-a1bc0e1a-c787-4f9e-b591-50dfe9351a74 req-d8f61772-db56-4467-8105-267e8c3b8769 89d5c116b2f34af191f252029d0cf57e f93db5426c7e42daaaaf664590872084 - - 6f7b00aaeedb4e52a68b5d418fcd20ae 6f7b00aaeedb4e52a68b5d418fcd20ae] 199.204.45.49 "GET /v2.0/floatingips?fixed_ip_address=10.100.0.6&port_id=e8239591-7eca-4338-909e-85cb7c5123ce HTTP/1.1" status: 200 len: 1059 time: 0.3047950
2026-02-27 19:24:56.029 10 INFO neutron.wsgi [None req-2a7c099f-0f6e-43a7-8c55-e163e5e52908 47c62716c03a4a4c96d809bc8d006bc6 1fdea886561b449284a7f80e9351b184 - - default default] 10.0.0.177 "GET /v2.0/networks HTTP/1.1" status: 200 len: 6013 time: 0.4006398
2026-02-27 19:24:56.043 10 INFO neutron.wsgi [req-a1bc0e1a-c787-4f9e-b591-50dfe9351a74 req-a640a994-7778-44d0-a4cc-2da5bed0296e 89d5c116b2f34af191f252029d0cf57e f93db5426c7e42daaaaf664590872084 - - 6f7b00aaeedb4e52a68b5d418fcd20ae 6f7b00aaeedb4e52a68b5d418fcd20ae] 199.204.45.49 "GET /v2.0/subnets?id=0f2b421e-a4b7-41fa-9c25-0c94825d46de HTTP/1.1" status: 200 len: 863 time: 0.0706756
2026-02-27 19:24:56.107 10 INFO neutron.wsgi [req-a1bc0e1a-c787-4f9e-b591-50dfe9351a74 req-94c4f8c3-a2da-4de5-936b-99f129f1c8c7 89d5c116b2f34af191f252029d0cf57e f93db5426c7e42daaaaf664590872084 - - 6f7b00aaeedb4e52a68b5d418fcd20ae 6f7b00aaeedb4e52a68b5d418fcd20ae] 199.204.45.49 "GET /v2.0/ports?network_id=eabfe5f6-5d4f-4942-bd37-9b8ede6cfac6&device_owner=network%3Adhcp HTTP/1.1" status: 200 len: 210 time: 0.0517194
2026-02-27 19:24:56.135 10 INFO neutron.wsgi [req-830be4d4-4c4e-4609-a631-b4cd01178d83 req-87ba8898-e173-426b-979d-048a1fa3eabf 47c62716c03a4a4c96d809bc8d006bc6 1fdea886561b449284a7f80e9351b184 - - default default] 10.0.0.156 "GET /v2.0/ports?device_id=fcb79657-a939-4d01-8b5a-76989382021d HTTP/1.1" status: 200 len: 1409 time: 0.0879731
2026-02-27 19:24:56.148 10 INFO neutron.wsgi [None req-89371c19-4332-4a6c-affe-5fffb8a2dd9d 47c62716c03a4a4c96d809bc8d006bc6 1fdea886561b449284a7f80e9351b184 - - default default] 10.0.0.177 "GET /v2.0/security-groups HTTP/1.1" status: 200 len: 32057 time: 0.1121409
2026-02-27 19:24:56.159 9 INFO neutron.wsgi [req-7563a03f-e54c-45d9-8d8a-06127e2e7166 req-94c58226-4fbd-4d15-95d0-ec45e510d9cc 47ae08a4bfa94c1dabd8781b178dd4d4 51d43294dc4f42ef9ff52295ade78183 - - default default] 10.0.0.156 "GET /v2.0/security-groups?id=68c4ddc1-5c84-4240-bc87-fd19c7aade4b&fields=id&fields=name HTTP/1.1" status: 200 len: 311 time: 0.5354633
2026-02-27 19:24:56.198 9 INFO neutron.wsgi [None req-58aee2f3-2950-440c-b84b-12460761c59c 946b442c71544927a291230b132346bd 91862045bba4460e853b3ace0bd3ab13 - - default default] 10.0.0.20 "DELETE /v2.0/routers/4f94e5ed-78a4-485a-a7b0-d45927ef5b15 HTTP/1.1" status: 204 len: 168 time: 0.8160141
2026-02-27 19:24:56.237 10 INFO neutron.wsgi [None req-bbf7dbd0-a760-4829-9a02-cbaaa31ad1ab 47c62716c03a4a4c96d809bc8d006bc6 1fdea886561b449284a7f80e9351b184 - - default default] 10.0.0.177 "GET /v2.0/subnets HTTP/1.1" status: 200 len: 2698 time: 0.0703108
2026-02-27 19:24:56.237 9 INFO neutron.wsgi [None req-5459aa79-517f-42bf-b72b-e3bec0c859b8 586b3201f2874486bbdf0dabe8755b0e e89fc8507fd54d5a9c90ec1e8e0cf2a0 - - default default] 10.0.0.20 "DELETE /v2.0/ports/cfa920d5-9db6-41f7-8443-71bb5d78d09e HTTP/1.1" status: 204 len: 168 time: 0.9797871
2026-02-27 19:24:56.268 10 INFO neutron.wsgi [req-a1bc0e1a-c787-4f9e-b591-50dfe9351a74 req-015990c8-1c69-4c81-9e73-8928b1a7795e 89d5c116b2f34af191f252029d0cf57e f93db5426c7e42daaaaf664590872084 - - 6f7b00aaeedb4e52a68b5d418fcd20ae 6f7b00aaeedb4e52a68b5d418fcd20ae] 199.204.45.49 "GET /v2.0/networks/eabfe5f6-5d4f-4942-bd37-9b8ede6cfac6?fields=segments HTTP/1.1" status: 200 len: 212 time: 0.1508915
2026-02-27 19:24:56.270 10 INFO neutron.wsgi [req-830be4d4-4c4e-4609-a631-b4cd01178d83 req-3e95d32e-1bfb-4901-ac7e-ec94c210263f 47c62716c03a4a4c96d809bc8d006bc6 1fdea886561b449284a7f80e9351b184 - - default default] 10.0.0.156 "GET /v2.0/security-groups?id=68c4ddc1-5c84-4240-bc87-fd19c7aade4b&fields=id&fields=name HTTP/1.1" status: 200 len: 311 time: 0.1214895
2026-02-27 19:24:56.280 10 INFO neutron.wsgi [None req-ac9343d1-b5aa-4c43-bed9-178fd6c697d6 47c62716c03a4a4c96d809bc8d006bc6 1fdea886561b449284a7f80e9351b184 - - default default] 10.0.0.177 "GET /v2.0/agents HTTP/1.1" status: 200 len: 1390 time: 0.0331640
2026-02-27 19:24:56.349 9 WARNING neutron.scheduler.dhcp_agent_scheduler [None req-e69d0c4b-8c32-4e2b-aa44-47bb2883bba7 7552723967b840f5b91ef9736a099081 1814d779e800414c85078c2ec1c15771 - - default default] No more DHCP agents
2026-02-27 19:24:56.351 9 WARNING neutron.api.rpc.agentnotifiers.dhcp_rpc_agent_api [None req-e69d0c4b-8c32-4e2b-aa44-47bb2883bba7 7552723967b840f5b91ef9736a099081 1814d779e800414c85078c2ec1c15771 - - default default] Unable to schedule network b943fc28-2938-4641-b6dd-0cc093f0f5f2: no agents available; will retry on subsequent port and subnet creation events.
2026-02-27 19:24:56.404 10 INFO neutron.wsgi [None req-dfe7312b-16ab-43e0-abf6-745c12fda232 47c62716c03a4a4c96d809bc8d006bc6 1fdea886561b449284a7f80e9351b184 - - default default] 10.0.0.177 "GET /v2.0/ports HTTP/1.1" status: 200 len: 15304 time: 0.1188703
2026-02-27 19:24:56.464 10 INFO neutron.wsgi [req-a1bc0e1a-c787-4f9e-b591-50dfe9351a74 req-30cb78b2-6323-4d9c-8bc6-64ca38bac6a7 89d5c116b2f34af191f252029d0cf57e f93db5426c7e42daaaaf664590872084 - - 6f7b00aaeedb4e52a68b5d418fcd20ae 6f7b00aaeedb4e52a68b5d418fcd20ae] 199.204.45.49 "GET /v2.0/networks/eabfe5f6-5d4f-4942-bd37-9b8ede6cfac6?fields=provider%3Aphysical_network&fields=provider%3Anetwork_type HTTP/1.1" status: 200 len: 277 time: 0.1806474
2026-02-27 19:24:56.492 10 INFO neutron.wsgi [None req-75c7b393-7b21-48ac-9374-126b3a5e6795 47c62716c03a4a4c96d809bc8d006bc6 1fdea886561b449284a7f80e9351b184 - - default default] 10.0.0.177 "GET /v2.0/floatingips HTTP/1.1" status: 200 len: 1035 time: 0.0739391
2026-02-27 19:24:56.516 10 INFO neutron.wsgi [None req-84d539d7-d247-49f3-828f-5c783034fe81 47c62716c03a4a4c96d809bc8d006bc6 1fdea886561b449284a7f80e9351b184 - - default default] 10.0.0.177 "GET /v2.0/network-ip-availabilities HTTP/1.1" status: 200 len: 3161 time: 0.0218308
2026-02-27 19:24:56.553 10 INFO neutron.wsgi [None req-e792fd2c-9910-4357-9104-917d14d75d5f 47c62716c03a4a4c96d809bc8d006bc6 1fdea886561b449284a7f80e9351b184 - - default default] 10.0.0.177 "GET /v2.0/subnets HTTP/1.1" status: 200 len: 3323 time: 0.0357811
2026-02-27 19:24:56.575 10 INFO neutron.wsgi [None req-22f5a4ff-1e46-4866-8828-089914b458eb 47c62716c03a4a4c96d809bc8d006bc6 1fdea886561b449284a7f80e9351b184 - - default default] 10.0.0.177 "GET /v2.0/subnetpools HTTP/1.1" status: 200 len: 193 time: 0.0145023
2026-02-27 19:24:56.583 9 INFO neutron.wsgi [None req-f7818aa0-c927-4dfd-95a2-dea25c25bc1f 586b3201f2874486bbdf0dabe8755b0e e89fc8507fd54d5a9c90ec1e8e0cf2a0 - - default default] 10.0.0.20 "DELETE /v2.0/ports/ecef708d-7762-46da-b93b-e3c032c6c04e HTTP/1.1" status: 204 len: 168 time: 0.3400352
2026-02-27 19:24:56.653 9 INFO neutron.plugins.ml2.drivers.ovn.mech_driver.mech_driver [None req-83e8f823-6b8f-4cfc-930d-da03a0ad2252 - - - - - -] OVN reports status down for port: e8239591-7eca-4338-909e-85cb7c5123ce
2026-02-27 19:24:56.677 9 INFO neutron.wsgi [req-a9141785-0f95-426b-b5fa-7a8d5be17d63 req-184e26cb-1a21-45a3-8509-495e8b462b7f 47ae08a4bfa94c1dabd8781b178dd4d4 51d43294dc4f42ef9ff52295ade78183 - - default default] 10.0.0.156 "GET /v2.0/ports?device_id=fcb79657-a939-4d01-8b5a-76989382021d HTTP/1.1" status: 200 len: 1170 time: 0.0913799
2026-02-27 19:24:56.721 10 INFO neutron.wsgi [None req-59c269f1-a2cb-4753-872f-b4a2c950bccf 946b442c71544927a291230b132346bd 91862045bba4460e853b3ace0bd3ab13 - - default default] 10.0.0.20 "DELETE /v2.0/subnets/a9c809ce-62ca-4b4a-a305-3900ea606cea HTTP/1.1" status: 204 len: 168 time: 0.5095031
2026-02-27 19:24:56.722 9 INFO neutron.wsgi [None req-0159f8ac-7c3d-41e1-9146-0a796db69697 586b3201f2874486bbdf0dabe8755b0e e89fc8507fd54d5a9c90ec1e8e0cf2a0 - - default default] 10.0.0.20 "GET /v2.0/ports HTTP/1.1" status: 200 len: 1718 time: 0.1276038
2026-02-27 19:24:56.741 9 WARNING neutron_lib.context [None req-500fbea6-584f-4ed0-b4b3-cd4819d12990 586b3201f2874486bbdf0dabe8755b0e e89fc8507fd54d5a9c90ec1e8e0cf2a0 - - default default] Method 'is_advsvc' is deprecated since 2023.2 release (neutron-lib 3.8.0) and will be removed once support for the old RBAC API policies will be removed from Neutron. Please use method 'is_service_role' instead.
2026-02-27 19:24:56.744 10 INFO neutron.wsgi [None req-f7de027e-1cf0-4ba2-83cd-09beda5dca23 47c62716c03a4a4c96d809bc8d006bc6 1fdea886561b449284a7f80e9351b184 - - default default] 10.0.0.177 "GET /v2.0/routers HTTP/1.1" status: 200 len: 1147 time: 0.1675189
2026-02-27 19:24:56.783 10 INFO neutron.wsgi [None req-a7e7845a-0a88-4f5c-9aa2-63ba00d3dd83 47c62716c03a4a4c96d809bc8d006bc6 1fdea886561b449284a7f80e9351b184 - - default default] 10.0.0.177 "GET /v2.0/agents?binary=ovn-controller HTTP/1.1" status: 200 len: 591 time: 0.0331099
2026-02-27 19:24:56.796 9 INFO neutron.wsgi [req-a9141785-0f95-426b-b5fa-7a8d5be17d63 req-cc31af74-2369-49be-bf7d-79f4f7278866 47ae08a4bfa94c1dabd8781b178dd4d4 51d43294dc4f42ef9ff52295ade78183 - - default default] 10.0.0.156 "GET /v2.0/security-groups?id=68c4ddc1-5c84-4240-bc87-fd19c7aade4b&fields=id&fields=name HTTP/1.1" status: 200 len: 311 time: 0.0970371
2026-02-27 19:24:56.891 9 INFO neutron.db.segments_db [None req-500fbea6-584f-4ed0-b4b3-cd4819d12990 586b3201f2874486bbdf0dabe8755b0e e89fc8507fd54d5a9c90ec1e8e0cf2a0 - - default default] Added segment fdf5df2d-1ab6-489a-bd07-a0e6abe34d35 of type geneve for network a51a1a91-de1d-4bc3-ac99-123b90e3959d
2026-02-27 19:24:56.939 9 INFO neutron.notifiers.nova [-] Nova event matching ['req-4375304b-7cd5-4e6f-bf2e-432153df37b6'] response: {'server_uuid': 'fcb79657-a939-4d01-8b5a-76989382021d', 'name': 'network-vif-unplugged', 'status': 'completed', 'tag': 'e8239591-7eca-4338-909e-85cb7c5123ce', 'code': 200}
2026-02-27 19:24:57.023 10 INFO neutron.wsgi [req-aef02150-28d7-44c3-b87d-0e0bb9030279 req-2ace34b6-7c46-407b-b2f0-80bb2bafbd98 47ae08a4bfa94c1dabd8781b178dd4d4 51d43294dc4f42ef9ff52295ade78183 - - default default] 199.204.45.49 "GET /v2.0/ports?device_id=fcb79657-a939-4d01-8b5a-76989382021d HTTP/1.1" status: 200 len: 1170 time: 0.1118021
2026-02-27 19:24:57.125 9 INFO neutron.db.ovn_revision_numbers_db [None req-500fbea6-584f-4ed0-b4b3-cd4819d12990 586b3201f2874486bbdf0dabe8755b0e e89fc8507fd54d5a9c90ec1e8e0cf2a0 - - default default] Successfully bumped revision number for resource a51a1a91-de1d-4bc3-ac99-123b90e3959d (type: networks) to 1
2026-02-27 19:24:57.192 10 INFO neutron.services.segments.plugin [-] Segment aded0cb4-6e74-40aa-bed9-c91aa57b67ee resource provider aggregate not found
2026-02-27 19:24:57.198 10 INFO neutron.services.segments.plugin [-] Segment aded0cb4-6e74-40aa-bed9-c91aa57b67ee resource provider aggregate not found
2026-02-27 19:24:57.211 10 INFO neutron.services.segments.plugin [-] Segment aded0cb4-6e74-40aa-bed9-c91aa57b67ee resource provider not found; error: Placement Client Error (4xx): {"errors": [{"status": 404, "title": "Not Found", "detail": "The resource could not be found.\n\n No resource provider with uuid aded0cb4-6e74-40aa-bed9-c91aa57b67ee found for delete ", "request_id": "req-5f923aca-73f5-414c-aa5c-6d4e042f3bd6"}]}
2026-02-27 19:24:57.215 10 WARNING neutron.plugins.ml2.drivers.ovn.mech_driver.ovsdb.ovn_client [None req-cd22cb5e-bbff-43fa-a989-1d0dd7f5d2c4 - - - - - -] No hosting information found for port 3e4b972e-8640-4d67-86bb-dba01e26e799: RuntimeError: No hosting information found for port 3e4b972e-8640-4d67-86bb-dba01e26e799
2026-02-27 19:24:57.215 10 INFO neutron.plugins.ml2.drivers.ovn.mech_driver.mech_driver [None req-cd22cb5e-bbff-43fa-a989-1d0dd7f5d2c4 - - - - - -] OVN reports status up for port: e7d5fdfc-dded-46af-bff7-17550655ab16
2026-02-27 19:24:57.228 10 INFO neutron.services.segments.plugin [-] Segment aded0cb4-6e74-40aa-bed9-c91aa57b67ee resource provider not found; error: Placement Client Error (4xx): {"errors": [{"status": 404, "title": "Not Found", "detail": "The resource could not be found.\n\n No resource provider with uuid aded0cb4-6e74-40aa-bed9-c91aa57b67ee found for delete ", "request_id": "req-c1df7371-0b42-4c7f-aae7-82b35488a160"}]}
2026-02-27 19:24:57.275 9 INFO neutron.db.ovn_revision_numbers_db [None req-e69d0c4b-8c32-4e2b-aa44-47bb2883bba7 7552723967b840f5b91ef9736a099081 1814d779e800414c85078c2ec1c15771 - - default default] Successfully bumped revision number for resource b9ee3f5a-1211-436e-86be-4ebe2aba94da (type: ports) to 2
2026-02-27 19:24:57.285 9 INFO neutron.db.ovn_revision_numbers_db [None req-83e8f823-6b8f-4cfc-930d-da03a0ad2252 - - - - - -] Successfully bumped revision number for resource e8239591-7eca-4338-909e-85cb7c5123ce (type: ports) to 5
2026-02-27 19:24:57.307 10 INFO neutron.wsgi [None req-964ed3d2-1009-41ed-817b-8b7cb692b690 946b442c71544927a291230b132346bd 91862045bba4460e853b3ace0bd3ab13 - - default default] 10.0.0.20 "DELETE /v2.0/networks/270c443e-7478-484d-b80c-8e79a7cea97b HTTP/1.1" status: 204 len: 168 time: 0.5806947
2026-02-27 19:24:57.328 9 WARNING neutron_lib.context [None req-4cdfe357-9335-488e-b052-8b8439002fbe 946b442c71544927a291230b132346bd 91862045bba4460e853b3ace0bd3ab13 - - default default] Method 'is_advsvc' is deprecated since 2023.2 release (neutron-lib 3.8.0) and will be removed once support for the old RBAC API policies will be removed from Neutron. Please use method 'is_service_role' instead.
2026-02-27 19:24:57.358 9 INFO neutron.db.ovn_revision_numbers_db [None req-e69d0c4b-8c32-4e2b-aa44-47bb2883bba7 7552723967b840f5b91ef9736a099081 1814d779e800414c85078c2ec1c15771 - - default default] Successfully bumped revision number for resource 7623356e-007a-41a7-a566-a47ddc241ff5 (type: subnets) to 0
2026-02-27 19:24:57.392 9 INFO neutron.wsgi [None req-e69d0c4b-8c32-4e2b-aa44-47bb2883bba7 7552723967b840f5b91ef9736a099081 1814d779e800414c85078c2ec1c15771 - - default default] 10.0.0.20 "POST /v2.0/subnets HTTP/1.1" status: 201 len: 816 time: 1.9727864
2026-02-27 19:24:57.404 9 WARNING neutron.scheduler.dhcp_agent_scheduler [None req-500fbea6-584f-4ed0-b4b3-cd4819d12990 586b3201f2874486bbdf0dabe8755b0e e89fc8507fd54d5a9c90ec1e8e0cf2a0 - - default default] No more DHCP agents /var/lib/openstack/lib/python3.10/site-packages/pycadf/identifier.py:71: UserWarning: Invalid uuid: neutron. To ensure interoperability, identifiers should be a valid uuid. warnings.warn(('Invalid uuid: %s. To ensure interoperability, '
2026-02-27 19:24:57.416 9 WARNING neutron_lib.context [None req-ddaaedf9-1b6c-4e1e-965f-220575c2b571 7552723967b840f5b91ef9736a099081 1814d779e800414c85078c2ec1c15771 - - default default] Method 'is_advsvc' is deprecated since 2023.2 release (neutron-lib 3.8.0) and will be removed once support for the old RBAC API policies will be removed from Neutron. Please use method 'is_service_role' instead.
2026-02-27 19:24:57.420 9 WARNING neutron.api.rpc.agentnotifiers.dhcp_rpc_agent_api [None req-500fbea6-584f-4ed0-b4b3-cd4819d12990 586b3201f2874486bbdf0dabe8755b0e e89fc8507fd54d5a9c90ec1e8e0cf2a0 - - default default] Unable to schedule network a51a1a91-de1d-4bc3-ac99-123b90e3959d: no agents available; will retry on subsequent port and subnet creation events.
2026-02-27 19:24:57.476 9 INFO neutron.db.segments_db [None req-4cdfe357-9335-488e-b052-8b8439002fbe 946b442c71544927a291230b132346bd 91862045bba4460e853b3ace0bd3ab13 - - default default] Added segment a5def868-e63e-4984-9fbd-42cbc6552def of type geneve for network 78a0a0df-25fa-4657-a5cf-b10df16aaee1
2026-02-27 19:24:57.556 9 INFO neutron.db.ovn_revision_numbers_db [None req-500fbea6-584f-4ed0-b4b3-cd4819d12990 586b3201f2874486bbdf0dabe8755b0e e89fc8507fd54d5a9c90ec1e8e0cf2a0 - - default default] Successfully bumped revision number for resource 4c80b5bc-84b6-4de6-87b6-40554a1a7a24 (type: ports) to 1
2026-02-27 19:24:57.557 9 INFO neutron.db.segments_db [None req-ddaaedf9-1b6c-4e1e-965f-220575c2b571 7552723967b840f5b91ef9736a099081 1814d779e800414c85078c2ec1c15771 - - default default] Added segment 6c3396c6-80f0-417e-b053-db421b486db6 of type geneve for network 5c8e1ec9-5d34-409d-9a28-f3d04d1b5e20
2026-02-27 19:24:57.599 9 INFO neutron.wsgi [None req-500fbea6-584f-4ed0-b4b3-cd4819d12990 586b3201f2874486bbdf0dabe8755b0e e89fc8507fd54d5a9c90ec1e8e0cf2a0 - - default default] 10.0.0.20 "POST /v2.0/networks HTTP/1.1" status: 201 len: 849 time: 0.8654943
2026-02-27 19:24:57.600 10 INFO neutron.db.l3_db [req-aef02150-28d7-44c3-b87d-0e0bb9030279 req-730b7adb-3e66-488d-abdc-4db2b13ff594 47ae08a4bfa94c1dabd8781b178dd4d4 51d43294dc4f42ef9ff52295ade78183 - - default default] Floating IP aeba8b12-6291-4539-af9b-8b61f92374a9 disassociated. External IP: 10.96.250.208, port: e8239591-7eca-4338-909e-85cb7c5123ce. /var/lib/openstack/lib/python3.10/site-packages/pycadf/identifier.py:71: UserWarning: Invalid uuid: neutron. To ensure interoperability, identifiers should be a valid uuid. warnings.warn(('Invalid uuid: %s. To ensure interoperability, '
2026-02-27 19:24:57.612 10 WARNING neutron_lib.context [None req-03de4f78-67c7-42e4-8bdf-95a9466b2a77 586b3201f2874486bbdf0dabe8755b0e e89fc8507fd54d5a9c90ec1e8e0cf2a0 - - default default] Method 'is_advsvc' is deprecated since 2023.2 release (neutron-lib 3.8.0) and will be removed once support for the old RBAC API policies will be removed from Neutron. Please use method 'is_service_role' instead.
2026-02-27 19:24:57.676 9 INFO neutron.db.ovn_revision_numbers_db [None req-4cdfe357-9335-488e-b052-8b8439002fbe 946b442c71544927a291230b132346bd 91862045bba4460e853b3ace0bd3ab13 - - default default] Successfully bumped revision number for resource 78a0a0df-25fa-4657-a5cf-b10df16aaee1 (type: networks) to 1
2026-02-27 19:24:57.742 10 INFO neutron.db.segments_db [None req-03de4f78-67c7-42e4-8bdf-95a9466b2a77 586b3201f2874486bbdf0dabe8755b0e e89fc8507fd54d5a9c90ec1e8e0cf2a0 - - default default] Added segment ff58b157-16b0-4030-8a47-6600063a7608 of type geneve for network 20c50bd7-7410-4baf-8fa5-6838cd18f90a
2026-02-27 19:24:57.755 10 INFO neutron.wsgi [req-aef02150-28d7-44c3-b87d-0e0bb9030279 req-730b7adb-3e66-488d-abdc-4db2b13ff594 47ae08a4bfa94c1dabd8781b178dd4d4 51d43294dc4f42ef9ff52295ade78183 - - default default] 199.204.45.49 "DELETE /v2.0/ports/e8239591-7eca-4338-909e-85cb7c5123ce HTTP/1.1" status: 204 len: 173 time: 0.7251356
2026-02-27 19:24:57.792 9 INFO neutron.db.ovn_revision_numbers_db [None req-ddaaedf9-1b6c-4e1e-965f-220575c2b571 7552723967b840f5b91ef9736a099081 1814d779e800414c85078c2ec1c15771 - - default default] Successfully bumped revision number for resource 5c8e1ec9-5d34-409d-9a28-f3d04d1b5e20 (type: networks) to 1
2026-02-27 19:24:57.797 10 INFO neutron.notifiers.nova [-] Nova event matching ['req-c51e86f2-4142-4f64-bd8f-a5bbfbce18b8'] response: {'server_uuid': 'fcb79657-a939-4d01-8b5a-76989382021d', 'name': 'network-vif-deleted', 'tag': 'e8239591-7eca-4338-909e-85cb7c5123ce', 'status': 'completed', 'code': 200}
2026-02-27 19:24:57.899 10 INFO neutron.wsgi [req-dfa93fec-48b3-432e-90e2-2804798c5faf req-da71378c-1d9e-493f-8bdc-271b5ed87c79 47ae08a4bfa94c1dabd8781b178dd4d4 51d43294dc4f42ef9ff52295ade78183 - - default default] 10.0.0.156 "GET /v2.0/ports?device_id=fcb79657-a939-4d01-8b5a-76989382021d HTTP/1.1" status: 200 len: 210 time: 0.0291457
2026-02-27 19:24:57.907 10 INFO neutron.db.ovn_revision_numbers_db [None req-03de4f78-67c7-42e4-8bdf-95a9466b2a77 586b3201f2874486bbdf0dabe8755b0e e89fc8507fd54d5a9c90ec1e8e0cf2a0 - - default default] Successfully bumped revision number for resource 20c50bd7-7410-4baf-8fa5-6838cd18f90a (type: networks) to 1
2026-02-27 19:24:57.955 9 WARNING neutron.scheduler.dhcp_agent_scheduler [None req-4cdfe357-9335-488e-b052-8b8439002fbe 946b442c71544927a291230b132346bd 91862045bba4460e853b3ace0bd3ab13 - - default default] No more DHCP agents
2026-02-27 19:24:57.960 9 WARNING neutron.api.rpc.agentnotifiers.dhcp_rpc_agent_api [None req-4cdfe357-9335-488e-b052-8b8439002fbe 946b442c71544927a291230b132346bd 91862045bba4460e853b3ace0bd3ab13 - - default default] Unable to schedule network 78a0a0df-25fa-4657-a5cf-b10df16aaee1: no agents available; will retry on subsequent port and subnet creation events.
2026-02-27 19:24:58.030 9 WARNING neutron.scheduler.dhcp_agent_scheduler [None req-ddaaedf9-1b6c-4e1e-965f-220575c2b571 7552723967b840f5b91ef9736a099081 1814d779e800414c85078c2ec1c15771 - - default default] No more DHCP agents
2026-02-27 19:24:58.035 9 WARNING neutron.api.rpc.agentnotifiers.dhcp_rpc_agent_api [None req-ddaaedf9-1b6c-4e1e-965f-220575c2b571 7552723967b840f5b91ef9736a099081 1814d779e800414c85078c2ec1c15771 - - default default] Unable to schedule network 5c8e1ec9-5d34-409d-9a28-f3d04d1b5e20: no agents available; will retry on subsequent port and subnet creation events.
2026-02-27 19:24:58.090 9 INFO neutron.db.ovn_revision_numbers_db [None req-4cdfe357-9335-488e-b052-8b8439002fbe 946b442c71544927a291230b132346bd 91862045bba4460e853b3ace0bd3ab13 - - default default] Successfully bumped revision number for resource c5f31f18-a0b3-4ee3-9c18-7efd59fe66a2 (type: ports) to 1
2026-02-27 19:24:58.090 10 WARNING neutron.scheduler.dhcp_agent_scheduler [None req-03de4f78-67c7-42e4-8bdf-95a9466b2a77 586b3201f2874486bbdf0dabe8755b0e e89fc8507fd54d5a9c90ec1e8e0cf2a0 - - default default] No more DHCP agents
2026-02-27 19:24:58.092 10 WARNING neutron.api.rpc.agentnotifiers.dhcp_rpc_agent_api [None req-03de4f78-67c7-42e4-8bdf-95a9466b2a77 586b3201f2874486bbdf0dabe8755b0e e89fc8507fd54d5a9c90ec1e8e0cf2a0 - - default default] Unable to schedule network 20c50bd7-7410-4baf-8fa5-6838cd18f90a: no agents available; will retry on subsequent port and subnet creation events.
2026-02-27 19:24:58.123 9 INFO neutron.wsgi [None req-4cdfe357-9335-488e-b052-8b8439002fbe 946b442c71544927a291230b132346bd 91862045bba4460e853b3ace0bd3ab13 - - default default] 10.0.0.20 "POST /v2.0/networks HTTP/1.1" status: 201 len: 828 time: 0.8011851
2026-02-27 19:24:58.135 9 WARNING neutron_lib.context [None req-76f310d6-6d77-48ef-943e-34ab8510ab02 946b442c71544927a291230b132346bd 91862045bba4460e853b3ace0bd3ab13 - - default default] Method 'is_advsvc' is deprecated since 2023.2 release (neutron-lib 3.8.0) and will be removed once support for the old RBAC API policies will be removed from Neutron. Please use method 'is_service_role' instead.
2026-02-27 19:24:58.163 9 INFO neutron.db.ovn_revision_numbers_db [None req-ddaaedf9-1b6c-4e1e-965f-220575c2b571 7552723967b840f5b91ef9736a099081 1814d779e800414c85078c2ec1c15771 - - default default] Successfully bumped revision number for resource e9d60a58-9331-4713-aba2-159883e8024b (type: ports) to 1
2026-02-27 19:24:58.183 10 INFO neutron.db.ovn_revision_numbers_db [None req-03de4f78-67c7-42e4-8bdf-95a9466b2a77 586b3201f2874486bbdf0dabe8755b0e e89fc8507fd54d5a9c90ec1e8e0cf2a0 - - default default] Successfully bumped revision number for resource 1fbef9b8-70f0-469a-8b48-e5f3bdfdc0d9 (type: ports) to 1
2026-02-27 19:24:58.205 10 INFO neutron.wsgi [None req-03de4f78-67c7-42e4-8bdf-95a9466b2a77 586b3201f2874486bbdf0dabe8755b0e e89fc8507fd54d5a9c90ec1e8e0cf2a0 - - default default] 10.0.0.20 "POST /v2.0/networks HTTP/1.1" status: 201 len: 848 time: 0.5988305
2026-02-27 19:24:58.211 9 INFO neutron.wsgi [None req-ddaaedf9-1b6c-4e1e-965f-220575c2b571 7552723967b840f5b91ef9736a099081 1814d779e800414c85078c2ec1c15771 - - default default] 10.0.0.20 "POST /v2.0/networks HTTP/1.1" status: 201 len: 843 time: 0.8060074
2026-02-27 19:24:58.233 10 WARNING neutron_lib.context [None req-d98b7b09-b764-47d5-9dbf-b3aff8c95d4b 586b3201f2874486bbdf0dabe8755b0e e89fc8507fd54d5a9c90ec1e8e0cf2a0 - - default default] Method 'is_advsvc' is deprecated since 2023.2 release (neutron-lib 3.8.0) and will be removed once support for the old RBAC API policies will be removed from Neutron. Please use method 'is_service_role' instead.
2026-02-27 19:24:58.402 9 WARNING neutron.scheduler.dhcp_agent_scheduler [None req-76f310d6-6d77-48ef-943e-34ab8510ab02 946b442c71544927a291230b132346bd 91862045bba4460e853b3ace0bd3ab13 - - default default] No more DHCP agents
2026-02-27 19:24:58.403 9 WARNING neutron.api.rpc.agentnotifiers.dhcp_rpc_agent_api [None req-76f310d6-6d77-48ef-943e-34ab8510ab02 946b442c71544927a291230b132346bd 91862045bba4460e853b3ace0bd3ab13 - - default default] Unable to schedule network 78a0a0df-25fa-4657-a5cf-b10df16aaee1: no agents available; will retry on subsequent port and subnet creation events.
2026-02-27 19:24:58.528 10 WARNING neutron_lib.context [None req-d98b7b09-b764-47d5-9dbf-b3aff8c95d4b 586b3201f2874486bbdf0dabe8755b0e e89fc8507fd54d5a9c90ec1e8e0cf2a0 - - default default] Method 'is_advsvc' is deprecated since 2023.2 release (neutron-lib 3.8.0) and will be removed once support for the old RBAC API policies will be removed from Neutron. Please use method 'is_service_role' instead.
2026-02-27 19:24:58.699 10 INFO neutron.db.ovn_revision_numbers_db [None req-dffdf888-12fc-413e-8fe4-e39d0044387a 7552723967b840f5b91ef9736a099081 1814d779e800414c85078c2ec1c15771 - - default default] Successfully bumped revision number for resource 5c8e1ec9-5d34-409d-9a28-f3d04d1b5e20 (type: networks) to 2
2026-02-27 19:24:58.703 10 INFO neutron.wsgi [None req-dffdf888-12fc-413e-8fe4-e39d0044387a 7552723967b840f5b91ef9736a099081 1814d779e800414c85078c2ec1c15771 - - default default] 10.0.0.20 "PUT /v2.0/networks/5c8e1ec9-5d34-409d-9a28-f3d04d1b5e20 HTTP/1.1" status: 200 len: 792 time: 0.4849603
2026-02-27 19:24:58.715 10 WARNING neutron_lib.context [None req-d171fce3-7c02-4642-9212-31fc92909848 7552723967b840f5b91ef9736a099081 1814d779e800414c85078c2ec1c15771 - - default default] Method 'is_advsvc' is deprecated since 2023.2 release (neutron-lib 3.8.0) and will be removed once support for the old RBAC API policies will be removed from Neutron. Please use method 'is_service_role' instead.
2026-02-27 19:24:58.911 9 INFO neutron.db.ovn_revision_numbers_db [None req-76f310d6-6d77-48ef-943e-34ab8510ab02 946b442c71544927a291230b132346bd 91862045bba4460e853b3ace0bd3ab13 - - default default] Successfully bumped revision number for resource c5f31f18-a0b3-4ee3-9c18-7efd59fe66a2 (type: ports) to 2
2026-02-27 19:24:58.947 9 INFO neutron.db.ovn_revision_numbers_db [None req-76f310d6-6d77-48ef-943e-34ab8510ab02 946b442c71544927a291230b132346bd 91862045bba4460e853b3ace0bd3ab13 - - default default] Successfully bumped revision number for resource d082477b-d48a-4386-8e13-7bea5a2c85af (type: subnets) to 0
2026-02-27 19:24:58.973 9 INFO neutron.wsgi [None req-76f310d6-6d77-48ef-943e-34ab8510ab02 946b442c71544927a291230b132346bd 91862045bba4460e853b3ace0bd3ab13 - - default default] 10.0.0.20 "POST /v2.0/subnets HTTP/1.1" status: 201 len: 801 time: 0.8438990
2026-02-27 19:24:58.975 9 INFO neutron.notifiers.nova [-] Nova event matching ['req-272f4234-4da6-4c1e-8aa2-06835f5376f0'] response: {'server_uuid': 'fcb79657-a939-4d01-8b5a-76989382021d', 'name': 'network-vif-unplugged', 'status': 'completed', 'tag': 'e8239591-7eca-4338-909e-85cb7c5123ce', 'code': 200}
2026-02-27 19:24:58.983 9 WARNING neutron_lib.context [None req-3137c1cb-050a-4fec-9db2-5c4e9cde9634 946b442c71544927a291230b132346bd 91862045bba4460e853b3ace0bd3ab13 - - default default] Method 'is_advsvc' is deprecated since 2023.2 release (neutron-lib 3.8.0) and will be removed once support for the old RBAC API policies will be removed from Neutron. Please use method 'is_service_role' instead.
2026-02-27 19:24:59.027 10 WARNING neutron.scheduler.dhcp_agent_scheduler [None req-d98b7b09-b764-47d5-9dbf-b3aff8c95d4b 586b3201f2874486bbdf0dabe8755b0e e89fc8507fd54d5a9c90ec1e8e0cf2a0 - - default default] No more DHCP agents
2026-02-27 19:24:59.028 10 WARNING neutron.scheduler.dhcp_agent_scheduler [None req-d171fce3-7c02-4642-9212-31fc92909848 7552723967b840f5b91ef9736a099081 1814d779e800414c85078c2ec1c15771 - - default default] No more DHCP agents
2026-02-27 19:24:59.031 10 WARNING neutron.api.rpc.agentnotifiers.dhcp_rpc_agent_api [None req-d98b7b09-b764-47d5-9dbf-b3aff8c95d4b 586b3201f2874486bbdf0dabe8755b0e e89fc8507fd54d5a9c90ec1e8e0cf2a0 - - default default] Unable to schedule network a51a1a91-de1d-4bc3-ac99-123b90e3959d: no agents available; will retry on subsequent port and subnet creation events.
2026-02-27 19:24:59.033 10 WARNING neutron.api.rpc.agentnotifiers.dhcp_rpc_agent_api [None req-d171fce3-7c02-4642-9212-31fc92909848 7552723967b840f5b91ef9736a099081 1814d779e800414c85078c2ec1c15771 - - default default] Unable to schedule network 5c8e1ec9-5d34-409d-9a28-f3d04d1b5e20: no agents available; will retry on subsequent port and subnet creation events.
2026-02-27 19:24:59.087 9 INFO neutron.db.ovn_revision_numbers_db [None req-3137c1cb-050a-4fec-9db2-5c4e9cde9634 946b442c71544927a291230b132346bd 91862045bba4460e853b3ace0bd3ab13 - - default default] Successfully bumped revision number for resource 4af83a81-3666-4e7c-a2c9-566c52ff0e1f (type: routers) to 1
2026-02-27 19:24:59.103 9 INFO neutron.wsgi [None req-3137c1cb-050a-4fec-9db2-5c4e9cde9634 946b442c71544927a291230b132346bd 91862045bba4460e853b3ace0bd3ab13 - - default default] 10.0.0.20 "POST /v2.0/routers HTTP/1.1" status: 201 len: 801 time: 0.1249306
2026-02-27 19:24:59.254 10 INFO neutron.wsgi [None req-aac03ac9-d7d0-4b38-9c29-0b0b1fb2e41a 47ae08a4bfa94c1dabd8781b178dd4d4 51d43294dc4f42ef9ff52295ade78183 - - default default] 10.0.0.20 "DELETE /v2.0/security-groups/68c4ddc1-5c84-4240-bc87-fd19c7aade4b HTTP/1.1" status: 204 len: 168 time: 0.2682953
2026-02-27 19:24:59.282 10 INFO neutron.api.v2.resource [None req-d56e1c12-182b-477c-b4f2-faedc2381d97 47ae08a4bfa94c1dabd8781b178dd4d4 51d43294dc4f42ef9ff52295ade78183 - - default default] show failed (client error): The resource could not be found.
2026-02-27 19:24:59.283 10 INFO neutron.wsgi [None req-d56e1c12-182b-477c-b4f2-faedc2381d97 47ae08a4bfa94c1dabd8781b178dd4d4 51d43294dc4f42ef9ff52295ade78183 - - default default] 10.0.0.20 "GET /v2.0/security-groups/68c4ddc1-5c84-4240-bc87-fd19c7aade4b HTTP/1.1" status: 404 len: 347 time: 0.0239379
2026-02-27 19:24:59.780 9 WARNING neutron.scheduler.dhcp_agent_scheduler [None req-48fa753f-8f65-40e5-b0b9-468df25c0028 946b442c71544927a291230b132346bd 91862045bba4460e853b3ace0bd3ab13 - - default default] No more DHCP agents
2026-02-27 19:24:59.782 9 WARNING neutron.api.rpc.agentnotifiers.dhcp_rpc_agent_api [None req-48fa753f-8f65-40e5-b0b9-468df25c0028 946b442c71544927a291230b132346bd 91862045bba4460e853b3ace0bd3ab13 - - default default] Unable to schedule network 78a0a0df-25fa-4657-a5cf-b10df16aaee1: no agents available; will retry on subsequent port and subnet creation events.
2026-02-27 19:24:59.933 9 INFO neutron.db.ovn_revision_numbers_db [None req-48fa753f-8f65-40e5-b0b9-468df25c0028 946b442c71544927a291230b132346bd 91862045bba4460e853b3ace0bd3ab13 - - default default] Successfully bumped revision number for resource f26986ae-e27a-456e-aa3c-def5fb2a79a3 (type: ports) to 1
2026-02-27 19:25:00.093 10 INFO neutron.wsgi [None req-a39561fa-92b1-4a55-9a55-04d264c7f1a6 47ae08a4bfa94c1dabd8781b178dd4d4 51d43294dc4f42ef9ff52295ade78183 - - default default] 10.0.0.20 "DELETE /v2.0/floatingips/aeba8b12-6291-4539-af9b-8b61f92374a9 HTTP/1.1" status: 204 len: 168 time: 0.8038454
2026-02-27 19:25:00.114 10 INFO neutron.db.ovn_revision_numbers_db [None req-d171fce3-7c02-4642-9212-31fc92909848 7552723967b840f5b91ef9736a099081 1814d779e800414c85078c2ec1c15771 - - default default] Successfully bumped revision number for resource e9d60a58-9331-4713-aba2-159883e8024b (type: ports) to 2
2026-02-27 19:25:00.124 10 INFO neutron.db.ovn_revision_numbers_db [None req-d98b7b09-b764-47d5-9dbf-b3aff8c95d4b 586b3201f2874486bbdf0dabe8755b0e e89fc8507fd54d5a9c90ec1e8e0cf2a0 - - default default] Successfully bumped revision number for resource 4c80b5bc-84b6-4de6-87b6-40554a1a7a24 (type: ports) to 2
2026-02-27 19:25:00.166 10 INFO neutron.db.ovn_revision_numbers_db [None req-d171fce3-7c02-4642-9212-31fc92909848 7552723967b840f5b91ef9736a099081 1814d779e800414c85078c2ec1c15771 - - default default] Successfully bumped revision number for resource 9d4f7765-a306-4192-beb4-976c1c9808d2 (type: subnets) to 0
2026-02-27 19:25:00.174 10 INFO neutron.db.ovn_revision_numbers_db [None req-d98b7b09-b764-47d5-9dbf-b3aff8c95d4b 586b3201f2874486bbdf0dabe8755b0e e89fc8507fd54d5a9c90ec1e8e0cf2a0 - - default default] Successfully bumped revision number for resource 6157f73c-8b74-4e86-860d-42af3e9a4ce6 (type: subnets) to 0
2026-02-27 19:25:00.195 10 WARNING neutron.scheduler.dhcp_agent_scheduler [None req-d98b7b09-b764-47d5-9dbf-b3aff8c95d4b 586b3201f2874486bbdf0dabe8755b0e e89fc8507fd54d5a9c90ec1e8e0cf2a0 - - default default] No more DHCP agents
2026-02-27 19:25:00.196 10 WARNING neutron.api.rpc.agentnotifiers.dhcp_rpc_agent_api [None req-d98b7b09-b764-47d5-9dbf-b3aff8c95d4b 586b3201f2874486bbdf0dabe8755b0e e89fc8507fd54d5a9c90ec1e8e0cf2a0 - - default default] Unable to schedule network 20c50bd7-7410-4baf-8fa5-6838cd18f90a: no agents available; will retry on subsequent port and subnet creation events.
2026-02-27 19:25:00.202 10 INFO neutron.wsgi [None req-d171fce3-7c02-4642-9212-31fc92909848 7552723967b840f5b91ef9736a099081 1814d779e800414c85078c2ec1c15771 - - default default] 10.0.0.20 "POST /v2.0/subnets HTTP/1.1" status: 201 len: 801 time: 1.4915018
2026-02-27 19:25:00.551 9 ERROR ovsdbapp.backend.ovs_idl.command [None req-48fa753f-8f65-40e5-b0b9-468df25c0028 946b442c71544927a291230b132346bd 91862045bba4460e853b3ace0bd3ab13 - - default default] Error executing command (DbGetCommand): ovsdbapp.backend.ovs_idl.idlutils.RowNotFound: Cannot find Logical_Router_Port with name=lrp-f26986ae-e27a-456e-aa3c-def5fb2a79a3
2026-02-27 19:25:00.551 9 ERROR ovsdbapp.backend.ovs_idl.command
Traceback (most recent call last):
2026-02-27 19:25:00.551 9 ERROR ovsdbapp.backend.ovs_idl.command
File "/var/lib/openstack/lib/python3.10/site-packages/ovsdbapp/backend/ovs_idl/command.py", line 47, in execute
2026-02-27 19:25:00.551 9 ERROR ovsdbapp.backend.ovs_idl.command self.run_idl(None)
2026-02-27 19:25:00.551 9 ERROR ovsdbapp.backend.ovs_idl.command
File "/var/lib/openstack/lib/python3.10/site-packages/ovsdbapp/backend/ovs_idl/command.py", line 235, in run_idl
2026-02-27 19:25:00.551 9 ERROR ovsdbapp.backend.ovs_idl.command record = self.api.lookup(self.table, self.record)
2026-02-27 19:25:00.551 9 ERROR ovsdbapp.backend.ovs_idl.command
File "/var/lib/openstack/lib/python3.10/site-packages/ovsdbapp/backend/ovs_idl/__init__.py", line 184, in lookup
2026-02-27 19:25:00.551 9 ERROR ovsdbapp.backend.ovs_idl.command return self._lookup(table, record)
2026-02-27 19:25:00.551 9 ERROR ovsdbapp.backend.ovs_idl.command
File "/var/lib/openstack/lib/python3.10/site-packages/ovsdbapp/backend/ovs_idl/__init__.py", line 235, in _lookup
2026-02-27 19:25:00.551 9 ERROR ovsdbapp.backend.ovs_idl.command row = idlutils.row_by_value(self, rl.table, rl.column, record)
2026-02-27 19:25:00.551 9 ERROR ovsdbapp.backend.ovs_idl.command
File "/var/lib/openstack/lib/python3.10/site-packages/ovsdbapp/backend/ovs_idl/idlutils.py", line 114, in row_by_value
2026-02-27 19:25:00.551 9 ERROR ovsdbapp.backend.ovs_idl.command raise RowNotFound(table=table, col=column, match=match)
2026-02-27 19:25:00.551 9 ERROR ovsdbapp.backend.ovs_idl.command ovsdbapp.backend.ovs_idl.idlutils.RowNotFound: Cannot find Logical_Router_Port with name=lrp-f26986ae-e27a-456e-aa3c-def5fb2a79a3
2026-02-27 19:25:00.551 9 ERROR ovsdbapp.backend.ovs_idl.command 
2026-02-27 19:25:00.552 9 ERROR neutron_lib.callbacks.manager [None req-48fa753f-8f65-40e5-b0b9-468df25c0028 946b442c71544927a291230b132346bd 91862045bba4460e853b3ace0bd3ab13 - - default default] Error during notification for neutron.services.ovn_l3.plugin.OVNL3RouterPlugin._port_update-8750809390831 port, after_update: ovsdbapp.backend.ovs_idl.idlutils.RowNotFound: Cannot find Logical_Router_Port with name=lrp-f26986ae-e27a-456e-aa3c-def5fb2a79a3
2026-02-27 19:25:00.552 9 ERROR neutron_lib.callbacks.manager
Traceback (most recent call last):
2026-02-27 19:25:00.552 9 ERROR neutron_lib.callbacks.manager
File "/var/lib/openstack/lib/python3.10/site-packages/neutron_lib/callbacks/manager.py", line 189, in _notify_loop
2026-02-27 19:25:00.552 9 ERROR neutron_lib.callbacks.manager callback.method(resource, event, trigger, payload=payload)
2026-02-27 19:25:00.552 9 ERROR neutron_lib.callbacks.manager
File "/var/lib/openstack/lib/python3.10/site-packages/neutron/services/ovn_l3/plugin.py", line 391, in _port_update
2026-02-27 19:25:00.552 9 ERROR neutron_lib.callbacks.manager l3plugin._ovn_client.update_router_port(context,
2026-02-27 19:25:00.552 9 ERROR neutron_lib.callbacks.manager
File "/var/lib/openstack/lib/python3.10/site-packages/neutron/plugins/ml2/drivers/ovn/mech_driver/ovsdb/ovn_client.py", line 1878, in update_router_port
2026-02-27 19:25:00.552 9 ERROR neutron_lib.callbacks.manager self._update_lrouter_port(context, port, if_exists=if_exists,
2026-02-27 19:25:00.552 9 ERROR neutron_lib.callbacks.manager
File "/var/lib/openstack/lib/python3.10/site-packages/neutron/plugins/ml2/drivers/ovn/mech_driver/ovsdb/ovn_client.py", line 1855, in _update_lrouter_port
2026-02-27 19:25:00.552 9 ERROR neutron_lib.callbacks.manager external_ids = self._nb_idl.db_get(
2026-02-27 19:25:00.552 9 ERROR neutron_lib.callbacks.manager
File "/var/lib/openstack/lib/python3.10/site-packages/ovsdbapp/backend/ovs_idl/command.py", line 47, in execute
2026-02-27 19:25:00.552 9 ERROR neutron_lib.callbacks.manager self.run_idl(None)
2026-02-27 19:25:00.552 9 ERROR neutron_lib.callbacks.manager
File "/var/lib/openstack/lib/python3.10/site-packages/ovsdbapp/backend/ovs_idl/command.py", line 235, in run_idl
2026-02-27 19:25:00.552 9 ERROR neutron_lib.callbacks.manager record = self.api.lookup(self.table, self.record)
2026-02-27 19:25:00.552 9 ERROR neutron_lib.callbacks.manager
File "/var/lib/openstack/lib/python3.10/site-packages/ovsdbapp/backend/ovs_idl/__init__.py", line 184, in lookup
2026-02-27 19:25:00.552 9 ERROR neutron_lib.callbacks.manager return self._lookup(table, record)
2026-02-27 19:25:00.552 9 ERROR neutron_lib.callbacks.manager
File "/var/lib/openstack/lib/python3.10/site-packages/ovsdbapp/backend/ovs_idl/__init__.py", line 235, in _lookup
2026-02-27 19:25:00.552 9 ERROR neutron_lib.callbacks.manager row = idlutils.row_by_value(self, rl.table, rl.column, record)
2026-02-27 19:25:00.552 9 ERROR neutron_lib.callbacks.manager
File "/var/lib/openstack/lib/python3.10/site-packages/ovsdbapp/backend/ovs_idl/idlutils.py", line 114, in row_by_value
2026-02-27 19:25:00.552 9 ERROR neutron_lib.callbacks.manager raise RowNotFound(table=table, col=column, match=match)
2026-02-27 19:25:00.552 9 ERROR neutron_lib.callbacks.manager ovsdbapp.backend.ovs_idl.idlutils.RowNotFound: Cannot find Logical_Router_Port with name=lrp-f26986ae-e27a-456e-aa3c-def5fb2a79a3
2026-02-27 19:25:00.552 9 ERROR neutron_lib.callbacks.manager 
2026-02-27 19:25:00.626 10 INFO neutron.db.ovn_revision_numbers_db [None req-0b6aeaf1-a313-441a-84ba-1cc8d3239d6e 7552723967b840f5b91ef9736a099081 1814d779e800414c85078c2ec1c15771 - - default default] Successfully bumped revision number for resource 9d4f7765-a306-4192-beb4-976c1c9808d2 (type: subnets) to 1
2026-02-27 19:25:00.629 10 INFO neutron.wsgi [None req-0b6aeaf1-a313-441a-84ba-1cc8d3239d6e 7552723967b840f5b91ef9736a099081 1814d779e800414c85078c2ec1c15771 - - default default] 10.0.0.20 "PUT /v2.0/subnets/9d4f7765-a306-4192-beb4-976c1c9808d2 HTTP/1.1" status: 200 len: 806 time: 0.4195163
2026-02-27 19:25:00.864 10 INFO neutron.plugins.ml2.drivers.ovn.mech_driver.mech_driver [None req-cd22cb5e-bbff-43fa-a989-1d0dd7f5d2c4 - - - - - -] OVN reports status up for port: f26986ae-e27a-456e-aa3c-def5fb2a79a3
2026-02-27 19:25:00.892 10 INFO neutron.plugins.ml2.plugin [None req-cd22cb5e-bbff-43fa-a989-1d0dd7f5d2c4 - - - - - -] Attempt 1 to provision port f26986ae-e27a-456e-aa3c-def5fb2a79a3
2026-02-27 19:25:00.901 9 INFO neutron.db.ovn_revision_numbers_db [None req-48fa753f-8f65-40e5-b0b9-468df25c0028 946b442c71544927a291230b132346bd 91862045bba4460e853b3ace0bd3ab13 - - default default] Successfully bumped revision number for resource f26986ae-e27a-456e-aa3c-def5fb2a79a3 (type: ports) to 1
2026-02-27 19:25:00.965 10 INFO neutron.db.ovn_revision_numbers_db [None req-d98b7b09-b764-47d5-9dbf-b3aff8c95d4b 586b3201f2874486bbdf0dabe8755b0e e89fc8507fd54d5a9c90ec1e8e0cf2a0 - - default default] Successfully bumped revision number for resource 1fbef9b8-70f0-469a-8b48-e5f3bdfdc0d9 (type: ports) to 2
2026-02-27 19:25:01.020 9 WARNING neutron.scheduler.dhcp_agent_scheduler [None req-48fa753f-8f65-40e5-b0b9-468df25c0028 946b442c71544927a291230b132346bd 91862045bba4460e853b3ace0bd3ab13 - - default default] No more DHCP agents
2026-02-27 19:25:01.021 9 WARNING neutron.api.rpc.agentnotifiers.dhcp_rpc_agent_api [None req-48fa753f-8f65-40e5-b0b9-468df25c0028 946b442c71544927a291230b132346bd 91862045bba4460e853b3ace0bd3ab13 - - default default] Unable to schedule network 78a0a0df-25fa-4657-a5cf-b10df16aaee1: no agents available; will retry on subsequent port and subnet creation events.
2026-02-27 19:25:01.056 10 INFO neutron.db.ovn_revision_numbers_db [None req-d98b7b09-b764-47d5-9dbf-b3aff8c95d4b 586b3201f2874486bbdf0dabe8755b0e e89fc8507fd54d5a9c90ec1e8e0cf2a0 - - default default] Successfully bumped revision number for resource 2a421e40-4bdd-4f7f-b6d9-e56010929054 (type: subnets) to 0
2026-02-27 19:25:01.078 10 INFO neutron.wsgi [None req-d98b7b09-b764-47d5-9dbf-b3aff8c95d4b 586b3201f2874486bbdf0dabe8755b0e e89fc8507fd54d5a9c90ec1e8e0cf2a0 - - default default] 10.0.0.20 "POST /v2.0/subnets HTTP/1.1" status: 201 len: 1426 time: 2.8486178
2026-02-27 19:25:01.180 10 INFO neutron.wsgi [None req-a39f062b-ee69-498d-a8c3-16a1309d28f9 586b3201f2874486bbdf0dabe8755b0e e89fc8507fd54d5a9c90ec1e8e0cf2a0 - - default default] 10.0.0.20 "GET /v2.0/subnets HTTP/1.1" status: 200 len: 2034 time: 0.0968699
2026-02-27 19:25:01.262 9 INFO neutron.db.ovn_revision_numbers_db [None req-48fa753f-8f65-40e5-b0b9-468df25c0028 946b442c71544927a291230b132346bd 91862045bba4460e853b3ace0bd3ab13 - - default default] Successfully bumped revision number for resource f26986ae-e27a-456e-aa3c-def5fb2a79a3 (type: router_ports) to 1
2026-02-27 19:25:01.271 9 INFO neutron.wsgi [None req-48fa753f-8f65-40e5-b0b9-468df25c0028 946b442c71544927a291230b132346bd 91862045bba4460e853b3ace0bd3ab13 - - default default] 10.0.0.20 "PUT /v2.0/routers/4af83a81-3666-4e7c-a2c9-566c52ff0e1f/add_router_interface HTTP/1.1" status: 200 len: 503 time: 2.1640229
2026-02-27 19:25:01.344 9 INFO neutron.wsgi [None req-8573ba32-f6d7-4999-8123-0b4c53808328 946b442c71544927a291230b132346bd 91862045bba4460e853b3ace0bd3ab13 - - default default] 10.0.0.20 "GET /v2.0/ports/f26986ae-e27a-456e-aa3c-def5fb2a79a3 HTTP/1.1" status: 200 len: 1137 time: 0.0686607
2026-02-27 19:25:01.483 9 INFO neutron.wsgi [None req-1279556b-e991-4f1b-a75b-851eaef0bc43 586b3201f2874486bbdf0dabe8755b0e e89fc8507fd54d5a9c90ec1e8e0cf2a0 - - default default] 10.0.0.20 "DELETE /v2.0/subnets/6157f73c-8b74-4e86-860d-42af3e9a4ce6 HTTP/1.1" status: 204 len: 168 time: 0.2848313
2026-02-27 19:25:01.518 10 INFO neutron.wsgi [None req-ef162732-07c1-47a8-ad73-4767af0c1d67 946b442c71544927a291230b132346bd 91862045bba4460e853b3ace0bd3ab13 - - default default] 10.0.0.20 "GET /v2.0/ports/f26986ae-e27a-456e-aa3c-def5fb2a79a3 HTTP/1.1" status: 200 len: 1137 time: 0.1666157
2026-02-27 19:25:01.520 10 INFO neutron.db.ovn_revision_numbers_db [None req-cd22cb5e-bbff-43fa-a989-1d0dd7f5d2c4 - - - - - -] Successfully bumped revision number for resource f26986ae-e27a-456e-aa3c-def5fb2a79a3 (type: ports) to 2
