2026-02-27 19:25:32.020 9 INFO neutron.db.ovn_revision_numbers_db [None req-5e1b30be-5057-41c3-92ea-0d3b55493610 47c62716c03a4a4c96d809bc8d006bc6 1fdea886561b449284a7f80e9351b184 - - default default] Successfully bumped revision number for resource 1cc2f4be-a70e-4eb2-8166-c88c2ed51efc (type: security_group_rules) to 0
2026-02-27 19:25:32.036 9 INFO neutron.db.ovn_revision_numbers_db [None req-5e1b30be-5057-41c3-92ea-0d3b55493610 47c62716c03a4a4c96d809bc8d006bc6 1fdea886561b449284a7f80e9351b184 - - default default] Successfully bumped revision number for resource 6b88f80a-e5dc-4438-876f-d81bcd0dc66c (type: security_group_rules) to 0
2026-02-27 19:25:32.050 9 INFO neutron.db.ovn_revision_numbers_db [None req-5e1b30be-5057-41c3-92ea-0d3b55493610 47c62716c03a4a4c96d809bc8d006bc6 1fdea886561b449284a7f80e9351b184 - - default default] Successfully bumped revision number for resource 83911bcf-c4e2-45f4-a3ca-821bbcf5d1ab (type: security_group_rules) to 0
2026-02-27 19:25:32.062 9 INFO neutron.db.ovn_revision_numbers_db [None req-5e1b30be-5057-41c3-92ea-0d3b55493610 47c62716c03a4a4c96d809bc8d006bc6 1fdea886561b449284a7f80e9351b184 - - default default] Successfully bumped revision number for resource d5a9a657-e75f-4430-bd5a-8ad238ed7673 (type: security_group_rules) to 0
2026-02-27 19:25:32.085 9 INFO neutron.wsgi [None req-5e1b30be-5057-41c3-92ea-0d3b55493610 47c62716c03a4a4c96d809bc8d006bc6 1fdea886561b449284a7f80e9351b184 - - default default] 10.0.0.20 "GET /v2.0/security-groups?tenant_id=db0ef80c944c4aa5aa2e54fa78c08ca2&name=default HTTP/1.1" status: 200 len: 3120 time: 0.2125254
2026-02-27 19:25:32.276 10 INFO neutron.db.ovn_revision_numbers_db [None req-4e2e3f5b-62b0-423a-8003-444b9ab93e3c 47c62716c03a4a4c96d809bc8d006bc6 1fdea886561b449284a7f80e9351b184 - - default default] Successfully bumped revision number for resource 50c2502e-0358-425e-9b7e-87f067178b8a (type: security_groups) to 1
2026-02-27 19:25:32.291 10 INFO neutron.db.ovn_revision_numbers_db [None req-4e2e3f5b-62b0-423a-8003-444b9ab93e3c 47c62716c03a4a4c96d809bc8d006bc6 1fdea886561b449284a7f80e9351b184 - - default default] Successfully bumped revision number for resource 851ba1ca-f00c-4f01-b542-70f2ca1508d5 (type: security_group_rules) to 0
2026-02-27 19:25:32.303 10 INFO neutron.db.ovn_revision_numbers_db [None req-4e2e3f5b-62b0-423a-8003-444b9ab93e3c 47c62716c03a4a4c96d809bc8d006bc6 1fdea886561b449284a7f80e9351b184 - - default default] Successfully bumped revision number for resource 9b0fc8dc-70a7-4686-8d85-e1443b19a126 (type: security_group_rules) to 0
2026-02-27 19:25:32.316 10 INFO neutron.db.ovn_revision_numbers_db [None req-4e2e3f5b-62b0-423a-8003-444b9ab93e3c 47c62716c03a4a4c96d809bc8d006bc6 1fdea886561b449284a7f80e9351b184 - - default default] Successfully bumped revision number for resource d09dcc36-a302-4caa-a0ea-e6a08b99dcb1 (type: security_group_rules) to 0
2026-02-27 19:25:32.329 10 INFO neutron.wsgi [None req-d957f385-8939-4c59-8f6e-3ac780eb14e8 47c62716c03a4a4c96d809bc8d006bc6 1fdea886561b449284a7f80e9351b184 - - default default] 10.0.0.20 "DELETE /v2.0/security-groups/bd7ede39-6584-4c88-b23e-112df0a8169a HTTP/1.1" status: 204 len: 168 time: 0.2370744
2026-02-27 19:25:32.336 10 INFO neutron.db.ovn_revision_numbers_db [None req-4e2e3f5b-62b0-423a-8003-444b9ab93e3c 47c62716c03a4a4c96d809bc8d006bc6 1fdea886561b449284a7f80e9351b184 - - default default] Successfully bumped revision number for resource faed5284-6826-43aa-9101-2fd849e37657 (type: security_group_rules) to 0
2026-02-27 19:25:32.357 10 INFO neutron.wsgi [None req-4e2e3f5b-62b0-423a-8003-444b9ab93e3c 47c62716c03a4a4c96d809bc8d006bc6 1fdea886561b449284a7f80e9351b184 - - default default] 10.0.0.20 "GET /v2.0/security-groups?tenant_id=80df6c62c22b4ddfad0a65dc3f21bb88&name=default HTTP/1.1" status: 200 len: 3120 time: 0.2200875
2026-02-27 19:25:32.578 9 INFO neutron.wsgi [None req-e25428dd-adf6-4d3c-afcd-b49cc5d50297 47c62716c03a4a4c96d809bc8d006bc6 1fdea886561b449284a7f80e9351b184 - - default default] 10.0.0.20 "DELETE /v2.0/security-groups/50c2502e-0358-425e-9b7e-87f067178b8a HTTP/1.1" status: 204 len: 168 time: 0.2139452
2026-02-27 19:25:32.800 9 INFO neutron.db.ovn_revision_numbers_db [None req-b21b5fbf-8cf0-49b2-a111-26ab8d91c6f5 47c62716c03a4a4c96d809bc8d006bc6 1fdea886561b449284a7f80e9351b184 - - default default] Successfully bumped revision number for resource 18359726-ccda-4d26-99b2-85f40b102f57 (type: security_groups) to 1
2026-02-27 19:25:32.813 9 INFO neutron.db.ovn_revision_numbers_db [None req-b21b5fbf-8cf0-49b2-a111-26ab8d91c6f5 47c62716c03a4a4c96d809bc8d006bc6 1fdea886561b449284a7f80e9351b184 - - default default] Successfully bumped revision number for resource 2ed592cd-4c07-4a88-aa5f-65cc9ea5b33c (type: security_group_rules) to 0
2026-02-27 19:25:32.827 9 INFO neutron.db.ovn_revision_numbers_db [None req-b21b5fbf-8cf0-49b2-a111-26ab8d91c6f5 47c62716c03a4a4c96d809bc8d006bc6 1fdea886561b449284a7f80e9351b184 - - default default] Successfully bumped revision number for resource 39a2d836-7cd9-42aa-8f4f-3a97213a5b78 (type: security_group_rules) to 0
2026-02-27 19:25:32.842 9 INFO neutron.db.ovn_revision_numbers_db [None req-b21b5fbf-8cf0-49b2-a111-26ab8d91c6f5 47c62716c03a4a4c96d809bc8d006bc6 1fdea886561b449284a7f80e9351b184 - - default default] Successfully bumped revision number for resource a09b2a94-2e69-4a57-ab2a-d53de699ec72 (type: security_group_rules) to 0
2026-02-27 19:25:32.855 9 INFO neutron.db.ovn_revision_numbers_db [None req-b21b5fbf-8cf0-49b2-a111-26ab8d91c6f5 47c62716c03a4a4c96d809bc8d006bc6 1fdea886561b449284a7f80e9351b184 - - default default] Successfully bumped revision number for resource b18b5951-7f9f-4ac0-bc1c-6ef8fc7cf0d9 (type: security_group_rules) to 0
2026-02-27 19:25:32.871 9 INFO neutron.wsgi [None req-b21b5fbf-8cf0-49b2-a111-26ab8d91c6f5 47c62716c03a4a4c96d809bc8d006bc6 1fdea886561b449284a7f80e9351b184 - - default default] 10.0.0.20 "GET /v2.0/security-groups?tenant_id=9c431ebb7d28422d94969bd3cbe6bc47&name=default HTTP/1.1" status: 200 len: 3120 time: 0.1707213
2026-02-27 19:25:33.105 10 INFO neutron.wsgi [None req-95dfae0b-c2d8-44ca-9ef8-d29bb26c5436 47c62716c03a4a4c96d809bc8d006bc6 1fdea886561b449284a7f80e9351b184 - - default default] 10.0.0.20 "DELETE /v2.0/security-groups/18359726-ccda-4d26-99b2-85f40b102f57 HTTP/1.1" status: 204 len: 168 time: 0.2287078
2026-02-27 19:25:33.235 9 INFO neutron.db.ovn_revision_numbers_db [None req-a7477549-8bc7-47c7-8b52-02158809b858 47c62716c03a4a4c96d809bc8d006bc6 1fdea886561b449284a7f80e9351b184 - - default default] Successfully bumped revision number for resource 2532cd59-b4ce-4fc3-a34d-e85d037a3f62 (type: security_groups) to 1
2026-02-27 19:25:33.245 9 INFO neutron.db.ovn_revision_numbers_db [None req-a7477549-8bc7-47c7-8b52-02158809b858 47c62716c03a4a4c96d809bc8d006bc6 1fdea886561b449284a7f80e9351b184 - - default default] Successfully bumped revision number for resource 6a5a9d0f-1597-4e08-9387-17a5ffd10d06 (type: security_group_rules) to 0
2026-02-27 19:25:33.260 9 INFO neutron.db.ovn_revision_numbers_db [None req-a7477549-8bc7-47c7-8b52-02158809b858 47c62716c03a4a4c96d809bc8d006bc6 1fdea886561b449284a7f80e9351b184 - - default default] Successfully bumped revision number for resource a75a37be-fcbd-4fa5-99c7-42c911c9254e (type: security_group_rules) to 0
2026-02-27 19:25:33.273 9 INFO neutron.db.ovn_revision_numbers_db [None req-a7477549-8bc7-47c7-8b52-02158809b858 47c62716c03a4a4c96d809bc8d006bc6 1fdea886561b449284a7f80e9351b184 - - default default] Successfully bumped revision number for resource b3f07628-6ed2-4e3e-9580-eb95f1991610 (type: security_group_rules) to 0
2026-02-27 19:25:33.286 9 INFO neutron.db.ovn_revision_numbers_db [None req-a7477549-8bc7-47c7-8b52-02158809b858 47c62716c03a4a4c96d809bc8d006bc6 1fdea886561b449284a7f80e9351b184 - - default default] Successfully bumped revision number for resource c43b27b3-d91f-4461-858e-8a22bef20d8c (type: security_group_rules) to 0
2026-02-27 19:25:33.331 9 INFO neutron.db.segments_db [None req-a7477549-8bc7-47c7-8b52-02158809b858 47c62716c03a4a4c96d809bc8d006bc6 1fdea886561b449284a7f80e9351b184 - - default default] Added segment a79cb744-fa74-4a39-8364-46619a254c77 of type geneve for network 1c89bc4c-ee76-4741-8033-04c4e78a0411
2026-02-27 19:25:33.484 9 INFO neutron.db.ovn_revision_numbers_db [None req-a7477549-8bc7-47c7-8b52-02158809b858 47c62716c03a4a4c96d809bc8d006bc6 1fdea886561b449284a7f80e9351b184 - - default default] Successfully bumped revision number for resource 1c89bc4c-ee76-4741-8033-04c4e78a0411 (type: networks) to 1
2026-02-27 19:25:33.646 9 WARNING neutron.scheduler.dhcp_agent_scheduler [None req-a7477549-8bc7-47c7-8b52-02158809b858 47c62716c03a4a4c96d809bc8d006bc6 1fdea886561b449284a7f80e9351b184 - - default default] No more DHCP agents
2026-02-27 19:25:33.648 9 WARNING neutron.api.rpc.agentnotifiers.dhcp_rpc_agent_api [None req-a7477549-8bc7-47c7-8b52-02158809b858 47c62716c03a4a4c96d809bc8d006bc6 1fdea886561b449284a7f80e9351b184 - - default default] Unable to schedule network 1c89bc4c-ee76-4741-8033-04c4e78a0411: no agents available; will retry on subsequent port and subnet creation events.
2026-02-27 19:25:33.736 9 INFO neutron.db.ovn_revision_numbers_db [None req-a7477549-8bc7-47c7-8b52-02158809b858 47c62716c03a4a4c96d809bc8d006bc6 1fdea886561b449284a7f80e9351b184 - - default default] Successfully bumped revision number for resource bd1627b7-ce6a-410a-8b16-780fd8e905d6 (type: ports) to 1
2026-02-27 19:25:33.761 9 INFO neutron.wsgi [None req-a7477549-8bc7-47c7-8b52-02158809b858 47c62716c03a4a4c96d809bc8d006bc6 1fdea886561b449284a7f80e9351b184 - - default default] 10.0.0.20 "POST /v2.0/networks HTTP/1.1" status: 201 len: 943 time: 0.7533090
2026-02-27 19:25:33.898 9 WARNING neutron.scheduler.dhcp_agent_scheduler [None req-e6081383-4025-4393-8d1b-97097b4394c2 47c62716c03a4a4c96d809bc8d006bc6 1fdea886561b449284a7f80e9351b184 - - default default] No more DHCP agents
2026-02-27 19:25:33.899 9 WARNING neutron.api.rpc.agentnotifiers.dhcp_rpc_agent_api [None req-e6081383-4025-4393-8d1b-97097b4394c2 47c62716c03a4a4c96d809bc8d006bc6 1fdea886561b449284a7f80e9351b184 - - default default] Unable to schedule network 1c89bc4c-ee76-4741-8033-04c4e78a0411: no agents available; will retry on subsequent port and subnet creation events.
2026-02-27 19:25:34.350 9 INFO neutron.db.ovn_revision_numbers_db [None req-e6081383-4025-4393-8d1b-97097b4394c2 47c62716c03a4a4c96d809bc8d006bc6 1fdea886561b449284a7f80e9351b184 - - default default] Successfully bumped revision number for resource bd1627b7-ce6a-410a-8b16-780fd8e905d6 (type: ports) to 2
2026-02-27 19:25:34.380 9 INFO neutron.db.ovn_revision_numbers_db [None req-e6081383-4025-4393-8d1b-97097b4394c2 47c62716c03a4a4c96d809bc8d006bc6 1fdea886561b449284a7f80e9351b184 - - default default] Successfully bumped revision number for resource cdaa1152-e760-4d64-a030-ae7dad92b0fd (type: subnets) to 0
2026-02-27 19:25:34.394 9 INFO neutron.wsgi [None req-e6081383-4025-4393-8d1b-97097b4394c2 47c62716c03a4a4c96d809bc8d006bc6 1fdea886561b449284a7f80e9351b184 - - default default] 10.0.0.20 "POST /v2.0/subnets HTTP/1.1" status: 201 len: 863 time: 0.6262467
2026-02-27 19:25:34.882 9 WARNING neutron.scheduler.dhcp_agent_scheduler [None req-c847e931-432e-4b14-9064-faae5caf8328 47c62716c03a4a4c96d809bc8d006bc6 1fdea886561b449284a7f80e9351b184 - - default default] No more DHCP agents
2026-02-27 19:25:34.885 9 WARNING neutron.api.rpc.agentnotifiers.dhcp_rpc_agent_api [None req-c847e931-432e-4b14-9064-faae5caf8328 47c62716c03a4a4c96d809bc8d006bc6 1fdea886561b449284a7f80e9351b184 - - default default] Unable to schedule network 7d087bdb-961f-4f32-a9a9-adf5ea602af2: no agents available; will retry on subsequent port and subnet creation events.
2026-02-27 19:25:35.040 9 INFO neutron.db.ovn_revision_numbers_db [None req-c847e931-432e-4b14-9064-faae5caf8328 47c62716c03a4a4c96d809bc8d006bc6 1fdea886561b449284a7f80e9351b184 - - default default] Successfully bumped revision number for resource 94170ae0-2565-470f-a54a-1628de4d7aaf (type: ports) to 1
2026-02-27 19:25:35.882 9 INFO neutron.plugins.ml2.drivers.ovn.mech_driver.ovsdb.commands [None req-b6cc3296-f48e-4825-8fb6-121dbaf8e242 - - - - - -] Schedule LRP lrp-94170ae0-2565-470f-a54a-1628de4d7aaf on gateway e86a0888-33b2-49c0-9b5a-02a225357f4b with priority 1
2026-02-27 19:25:35.891 9 INFO neutron.plugins.ml2.drivers.ovn.mech_driver.mech_driver [None req-83e8f823-6b8f-4cfc-930d-da03a0ad2252 - - - - - -] OVN reports status up for port: 94170ae0-2565-470f-a54a-1628de4d7aaf
2026-02-27 19:25:35.911 9 INFO neutron.plugins.ml2.drivers.ovn.mech_driver.ovsdb.ovsdb_monitor [None req-dfca0f76-c1ca-4aa7-b85a-5fc2d39c8971 - - - - - -] Router a2992097-0839-48b1-8c8c-0f48f1469c26 is bound to host instance
2026-02-27 19:25:35.912 9 INFO neutron.plugins.ml2.plugin [None req-83e8f823-6b8f-4cfc-930d-da03a0ad2252 - - - - - -] Attempt 1 to provision port 94170ae0-2565-470f-a54a-1628de4d7aaf
2026-02-27 19:25:35.946 9 INFO neutron.db.ovn_revision_numbers_db [None req-c847e931-432e-4b14-9064-faae5caf8328 47c62716c03a4a4c96d809bc8d006bc6 1fdea886561b449284a7f80e9351b184 - - default default] Successfully bumped revision number for resource 94170ae0-2565-470f-a54a-1628de4d7aaf (type: router_ports) to 1
2026-02-27 19:25:36.055 9 INFO neutron.db.ovn_revision_numbers_db [None req-c847e931-432e-4b14-9064-faae5caf8328 47c62716c03a4a4c96d809bc8d006bc6 1fdea886561b449284a7f80e9351b184 - - default default] Successfully bumped revision number for resource a2992097-0839-48b1-8c8c-0f48f1469c26 (type: routers) to 2
2026-02-27 19:25:36.080 9 INFO neutron.wsgi [None req-c847e931-432e-4b14-9064-faae5caf8328 47c62716c03a4a4c96d809bc8d006bc6 1fdea886561b449284a7f80e9351b184 - - default default] 10.0.0.20 "POST /v2.0/routers HTTP/1.1" status: 201 len: 1165 time: 1.6823411
2026-02-27 19:25:36.589 10 WARNING neutron.scheduler.dhcp_agent_scheduler [None req-72f1b02e-e85e-43c5-90e6-9883a50740fd 47c62716c03a4a4c96d809bc8d006bc6 1fdea886561b449284a7f80e9351b184 - - default default] No more DHCP agents
2026-02-27 19:25:36.593 10 WARNING neutron.api.rpc.agentnotifiers.dhcp_rpc_agent_api [None req-72f1b02e-e85e-43c5-90e6-9883a50740fd 47c62716c03a4a4c96d809bc8d006bc6 1fdea886561b449284a7f80e9351b184 - - default default] Unable to schedule network 1c89bc4c-ee76-4741-8033-04c4e78a0411: no agents available; will retry on subsequent port and subnet creation events.
2026-02-27 19:25:36.684 9 INFO neutron.db.ovn_revision_numbers_db [None req-dfca0f76-c1ca-4aa7-b85a-5fc2d39c8971 - - - - - -] Successfully bumped revision number for resource 94170ae0-2565-470f-a54a-1628de4d7aaf (type: ports) to 1
2026-02-27 19:25:36.768 10 INFO neutron.db.ovn_revision_numbers_db [None req-72f1b02e-e85e-43c5-90e6-9883a50740fd 47c62716c03a4a4c96d809bc8d006bc6 1fdea886561b449284a7f80e9351b184 - - default default] Successfully bumped revision number for resource f69339ea-a3b7-40c7-a0e1-002fd1e3b576 (type: ports) to 1
2026-02-27 19:25:37.007 9 INFO neutron.wsgi [-] 10.0.0.146 "GET / HTTP/1.1" status: 200 len: 246 time: 0.0012743
2026-02-27 19:25:37.009 9 INFO neutron.wsgi [-] 10.0.0.146 "GET / HTTP/1.1" status: 200 len: 246 time: 0.0008774
2026-02-27 19:25:37.087 9 INFO neutron.db.ovn_revision_numbers_db [None req-dfca0f76-c1ca-4aa7-b85a-5fc2d39c8971 - - - - - -] Successfully bumped revision number for resource 94170ae0-2565-470f-a54a-1628de4d7aaf (type: router_ports) to 3
2026-02-27 19:25:37.283 10 ERROR ovsdbapp.backend.ovs_idl.command [None req-72f1b02e-e85e-43c5-90e6-9883a50740fd 47c62716c03a4a4c96d809bc8d006bc6 1fdea886561b449284a7f80e9351b184 - - default default] Error executing command (DbGetCommand): ovsdbapp.backend.ovs_idl.idlutils.RowNotFound: Cannot find Logical_Router_Port with name=lrp-f69339ea-a3b7-40c7-a0e1-002fd1e3b576
2026-02-27 19:25:37.283 10 ERROR ovsdbapp.backend.ovs_idl.command
Traceback (most recent call last):
2026-02-27 19:25:37.283 10 ERROR ovsdbapp.backend.ovs_idl.command
File "/var/lib/openstack/lib/python3.10/site-packages/ovsdbapp/backend/ovs_idl/command.py", line 47, in execute
2026-02-27 19:25:37.283 10 ERROR ovsdbapp.backend.ovs_idl.command self.run_idl(None)
2026-02-27 19:25:37.283 10 ERROR ovsdbapp.backend.ovs_idl.command
File "/var/lib/openstack/lib/python3.10/site-packages/ovsdbapp/backend/ovs_idl/command.py", line 235, in run_idl
2026-02-27 19:25:37.283 10 ERROR ovsdbapp.backend.ovs_idl.command record = self.api.lookup(self.table, self.record)
2026-02-27 19:25:37.283 10 ERROR ovsdbapp.backend.ovs_idl.command
File "/var/lib/openstack/lib/python3.10/site-packages/ovsdbapp/backend/ovs_idl/__init__.py", line 184, in lookup
2026-02-27 19:25:37.283 10 ERROR ovsdbapp.backend.ovs_idl.command return self._lookup(table, record)
2026-02-27 19:25:37.283 10 ERROR ovsdbapp.backend.ovs_idl.command
File "/var/lib/openstack/lib/python3.10/site-packages/ovsdbapp/backend/ovs_idl/__init__.py", line 235, in _lookup
2026-02-27 19:25:37.283 10 ERROR ovsdbapp.backend.ovs_idl.command row = idlutils.row_by_value(self, rl.table, rl.column, record)
2026-02-27 19:25:37.283 10 ERROR ovsdbapp.backend.ovs_idl.command
File "/var/lib/openstack/lib/python3.10/site-packages/ovsdbapp/backend/ovs_idl/idlutils.py", line 114, in row_by_value
2026-02-27 19:25:37.283 10 ERROR ovsdbapp.backend.ovs_idl.command raise RowNotFound(table=table, col=column, match=match)
2026-02-27 19:25:37.283 10 ERROR ovsdbapp.backend.ovs_idl.command ovsdbapp.backend.ovs_idl.idlutils.RowNotFound: Cannot find Logical_Router_Port with name=lrp-f69339ea-a3b7-40c7-a0e1-002fd1e3b576
2026-02-27 19:25:37.283 10 ERROR ovsdbapp.backend.ovs_idl.command 
2026-02-27 19:25:37.283 10 ERROR neutron_lib.callbacks.manager [None req-72f1b02e-e85e-43c5-90e6-9883a50740fd 47c62716c03a4a4c96d809bc8d006bc6 1fdea886561b449284a7f80e9351b184 - - default default] Error during notification for neutron.services.ovn_l3.plugin.OVNL3RouterPlugin._port_update-8750809390831 port, after_update: ovsdbapp.backend.ovs_idl.idlutils.RowNotFound: Cannot find Logical_Router_Port with name=lrp-f69339ea-a3b7-40c7-a0e1-002fd1e3b576
2026-02-27 19:25:37.283 10 ERROR neutron_lib.callbacks.manager
Traceback (most recent call last):
2026-02-27 19:25:37.283 10 ERROR neutron_lib.callbacks.manager
File "/var/lib/openstack/lib/python3.10/site-packages/neutron_lib/callbacks/manager.py", line 189, in _notify_loop
2026-02-27 19:25:37.283 10 ERROR neutron_lib.callbacks.manager callback.method(resource, event, trigger, payload=payload)
2026-02-27 19:25:37.283 10 ERROR neutron_lib.callbacks.manager
File "/var/lib/openstack/lib/python3.10/site-packages/neutron/services/ovn_l3/plugin.py", line 391, in _port_update
2026-02-27 19:25:37.283 10 ERROR neutron_lib.callbacks.manager l3plugin._ovn_client.update_router_port(context,
2026-02-27 19:25:37.283 10 ERROR neutron_lib.callbacks.manager
File "/var/lib/openstack/lib/python3.10/site-packages/neutron/plugins/ml2/drivers/ovn/mech_driver/ovsdb/ovn_client.py", line 1878, in update_router_port
2026-02-27 19:25:37.283 10 ERROR neutron_lib.callbacks.manager self._update_lrouter_port(context, port, if_exists=if_exists,
2026-02-27 19:25:37.283 10 ERROR neutron_lib.callbacks.manager
File "/var/lib/openstack/lib/python3.10/site-packages/neutron/plugins/ml2/drivers/ovn/mech_driver/ovsdb/ovn_client.py", line 1855, in _update_lrouter_port
2026-02-27 19:25:37.283 10 ERROR neutron_lib.callbacks.manager external_ids = self._nb_idl.db_get(
2026-02-27 19:25:37.283 10 ERROR neutron_lib.callbacks.manager
File "/var/lib/openstack/lib/python3.10/site-packages/ovsdbapp/backend/ovs_idl/command.py", line 47, in execute
2026-02-27 19:25:37.283 10 ERROR neutron_lib.callbacks.manager self.run_idl(None)
2026-02-27 19:25:37.283 10 ERROR neutron_lib.callbacks.manager
File "/var/lib/openstack/lib/python3.10/site-packages/ovsdbapp/backend/ovs_idl/command.py", line 235, in run_idl
2026-02-27 19:25:37.283 10 ERROR neutron_lib.callbacks.manager record = self.api.lookup(self.table, self.record)
2026-02-27 19:25:37.283 10 ERROR neutron_lib.callbacks.manager
File "/var/lib/openstack/lib/python3.10/site-packages/ovsdbapp/backend/ovs_idl/__init__.py", line 184, in lookup
2026-02-27 19:25:37.283 10 ERROR neutron_lib.callbacks.manager return self._lookup(table, record)
2026-02-27 19:25:37.283 10 ERROR neutron_lib.callbacks.manager
File "/var/lib/openstack/lib/python3.10/site-packages/ovsdbapp/backend/ovs_idl/__init__.py", line 235, in _lookup
2026-02-27 19:25:37.283 10 ERROR neutron_lib.callbacks.manager row = idlutils.row_by_value(self, rl.table, rl.column, record)
2026-02-27 19:25:37.283 10 ERROR neutron_lib.callbacks.manager
File "/var/lib/openstack/lib/python3.10/site-packages/ovsdbapp/backend/ovs_idl/idlutils.py", line 114, in row_by_value
2026-02-27 19:25:37.283 10 ERROR neutron_lib.callbacks.manager raise RowNotFound(table=table, col=column, match=match)
2026-02-27 19:25:37.283 10 ERROR neutron_lib.callbacks.manager ovsdbapp.backend.ovs_idl.idlutils.RowNotFound: Cannot find Logical_Router_Port with name=lrp-f69339ea-a3b7-40c7-a0e1-002fd1e3b576
2026-02-27 19:25:37.283 10 ERROR neutron_lib.callbacks.manager 
2026-02-27 19:25:37.307 9 INFO neutron.db.ovn_revision_numbers_db [None req-dfca0f76-c1ca-4aa7-b85a-5fc2d39c8971 - - - - - -] Successfully bumped revision number for resource 94170ae0-2565-470f-a54a-1628de4d7aaf (type: ports) to 2
2026-02-27 19:25:37.515 10 INFO neutron.plugins.ml2.drivers.ovn.mech_driver.mech_driver [None req-cd22cb5e-bbff-43fa-a989-1d0dd7f5d2c4 - - - - - -] OVN reports status up for port: f69339ea-a3b7-40c7-a0e1-002fd1e3b576
2026-02-27 19:25:37.531 10 INFO neutron.plugins.ml2.plugin [None req-cd22cb5e-bbff-43fa-a989-1d0dd7f5d2c4 - - - - - -] Attempt 1 to provision port f69339ea-a3b7-40c7-a0e1-002fd1e3b576
2026-02-27 19:25:37.542 10 INFO neutron.db.ovn_revision_numbers_db [None req-72f1b02e-e85e-43c5-90e6-9883a50740fd 47c62716c03a4a4c96d809bc8d006bc6 1fdea886561b449284a7f80e9351b184 - - default default] Successfully bumped revision number for resource f69339ea-a3b7-40c7-a0e1-002fd1e3b576 (type: ports) to 1
2026-02-27 19:25:37.631 10 WARNING neutron.scheduler.dhcp_agent_scheduler [None req-72f1b02e-e85e-43c5-90e6-9883a50740fd 47c62716c03a4a4c96d809bc8d006bc6 1fdea886561b449284a7f80e9351b184 - - default default] No more DHCP agents
2026-02-27 19:25:37.634 10 WARNING neutron.api.rpc.agentnotifiers.dhcp_rpc_agent_api [None req-72f1b02e-e85e-43c5-90e6-9883a50740fd 47c62716c03a4a4c96d809bc8d006bc6 1fdea886561b449284a7f80e9351b184 - - default default] Unable to schedule network 1c89bc4c-ee76-4741-8033-04c4e78a0411: no agents available; will retry on subsequent port and subnet creation events.
2026-02-27 19:25:37.681 9 INFO neutron.db.ovn_revision_numbers_db [None req-dfca0f76-c1ca-4aa7-b85a-5fc2d39c8971 - - - - - -] Successfully bumped revision number for resource 94170ae0-2565-470f-a54a-1628de4d7aaf (type: ports) to 4
2026-02-27 19:25:37.725 10 WARNING neutron_lib.context [None req-b0464312-e530-4e7f-a70d-efd2211d82fc f71ac5550df846ebbdafa85ef4d97496 fcb91f5fdd1c4e408025f6f75985475f - - default default] Method 'is_advsvc' is deprecated since 2023.2 release (neutron-lib 3.8.0) and will be removed once support for the old RBAC API policies will be removed from Neutron. Please use method 'is_service_role' instead.
2026-02-27 19:25:37.930 9 INFO neutron.db.ovn_revision_numbers_db [None req-dde443f9-e9c6-471c-9026-1813de348824 47c62716c03a4a4c96d809bc8d006bc6 1fdea886561b449284a7f80e9351b184 - - default default] Successfully bumped revision number for resource 79612477-4783-4ecd-b73e-b80624e3ca88 (type: security_groups) to 1
2026-02-27 19:25:37.950 9 INFO neutron.db.ovn_revision_numbers_db [None req-dde443f9-e9c6-471c-9026-1813de348824 47c62716c03a4a4c96d809bc8d006bc6 1fdea886561b449284a7f80e9351b184 - - default default] Successfully bumped revision number for resource 2171fcb7-5d2a-43d0-8e48-b63dc2996ba1 (type: security_group_rules) to 0
2026-02-27 19:25:37.962 9 INFO neutron.db.ovn_revision_numbers_db [None req-dfca0f76-c1ca-4aa7-b85a-5fc2d39c8971 - - - - - -] Successfully bumped revision number for resource 94170ae0-2565-470f-a54a-1628de4d7aaf (type: router_ports) to 4
2026-02-27 19:25:37.964 9 INFO neutron.db.ovn_revision_numbers_db [None req-dde443f9-e9c6-471c-9026-1813de348824 47c62716c03a4a4c96d809bc8d006bc6 1fdea886561b449284a7f80e9351b184 - - default default] Successfully bumped revision number for resource 5cf06465-391a-4eae-b932-f186aeb30259 (type: security_group_rules) to 0
2026-02-27 19:25:37.986 9 INFO neutron.db.ovn_revision_numbers_db [None req-dde443f9-e9c6-471c-9026-1813de348824 47c62716c03a4a4c96d809bc8d006bc6 1fdea886561b449284a7f80e9351b184 - - default default] Successfully bumped revision number for resource 65fb153e-bf1b-4e6e-a939-16d528ee2652 (type: security_group_rules) to 0
2026-02-27 19:25:38.006 9 INFO neutron.db.ovn_revision_numbers_db [None req-dde443f9-e9c6-471c-9026-1813de348824 47c62716c03a4a4c96d809bc8d006bc6 1fdea886561b449284a7f80e9351b184 - - default default] Successfully bumped revision number for resource 70486a3a-ada5-4b87-aeda-f8b59a992bca (type: security_group_rules) to 0
2026-02-27 19:25:38.023 9 INFO neutron.wsgi [None req-dde443f9-e9c6-471c-9026-1813de348824 47c62716c03a4a4c96d809bc8d006bc6 1fdea886561b449284a7f80e9351b184 - - default default] 10.0.0.20 "GET /v2.0/security-groups?tenant_id=c79546edd4184e5786d7f2c5883e725e&name=default HTTP/1.1" status: 200 len: 3120 time: 0.3047276
2026-02-27 19:25:38.193 10 INFO neutron.db.ovn_revision_numbers_db [None req-b0464312-e530-4e7f-a70d-efd2211d82fc f71ac5550df846ebbdafa85ef4d97496 fcb91f5fdd1c4e408025f6f75985475f - - default default] Successfully bumped revision number for resource acd91a0b-ad57-4bf8-b1d2-09490b96d6a9 (type: security_groups) to 1
2026-02-27 19:25:38.211 10 INFO neutron.db.ovn_revision_numbers_db [None req-b0464312-e530-4e7f-a70d-efd2211d82fc f71ac5550df846ebbdafa85ef4d97496 fcb91f5fdd1c4e408025f6f75985475f - - default default] Successfully bumped revision number for resource 0c8c5917-e7d4-410b-ba4f-e592afab814b (type: security_group_rules) to 0
2026-02-27 19:25:38.242 9 INFO neutron.wsgi [None req-84558e4f-3d09-4ab5-8d35-5064dbca92ee 47c62716c03a4a4c96d809bc8d006bc6 1fdea886561b449284a7f80e9351b184 - - default default] 10.0.0.20 "DELETE /v2.0/security-groups/79612477-4783-4ecd-b73e-b80624e3ca88 HTTP/1.1" status: 204 len: 168 time: 0.2146370
2026-02-27 19:25:38.263 10 INFO neutron.db.ovn_revision_numbers_db [None req-b0464312-e530-4e7f-a70d-efd2211d82fc f71ac5550df846ebbdafa85ef4d97496 fcb91f5fdd1c4e408025f6f75985475f - - default default] Successfully bumped revision number for resource 51cf7341-6a0c-4b24-94ef-94abbbfec45e (type: security_group_rules) to 0
2026-02-27 19:25:38.306 10 INFO neutron.db.ovn_revision_numbers_db [None req-b0464312-e530-4e7f-a70d-efd2211d82fc f71ac5550df846ebbdafa85ef4d97496 fcb91f5fdd1c4e408025f6f75985475f - - default default] Successfully bumped revision number for resource a17ff664-d3f6-4302-9d40-7f2c62010d51 (type: security_group_rules) to 0
2026-02-27 19:25:38.332 10 INFO neutron.db.ovn_revision_numbers_db [None req-b0464312-e530-4e7f-a70d-efd2211d82fc f71ac5550df846ebbdafa85ef4d97496 fcb91f5fdd1c4e408025f6f75985475f - - default default] Successfully bumped revision number for resource fbc7b603-8330-4934-b964-6f513222aad8 (type: security_group_rules) to 0
2026-02-27 19:25:38.412 10 INFO neutron.db.segments_db [None req-b0464312-e530-4e7f-a70d-efd2211d82fc f71ac5550df846ebbdafa85ef4d97496 fcb91f5fdd1c4e408025f6f75985475f - - default default] Added segment 4af3cb57-f131-4c25-952a-2bda7e5a897e of type geneve for network e066159a-fe3c-4e8c-9179-072d2279cb93
2026-02-27 19:25:38.417 10 INFO neutron.db.ovn_revision_numbers_db [None req-cd22cb5e-bbff-43fa-a989-1d0dd7f5d2c4 - - - - - -] Successfully bumped revision number for resource f69339ea-a3b7-40c7-a0e1-002fd1e3b576 (type: ports) to 2
2026-02-27 19:25:38.512 9 INFO neutron.db.ovn_revision_numbers_db [None req-027c646f-d08c-4e20-a75d-6465ede582ad 47c62716c03a4a4c96d809bc8d006bc6 1fdea886561b449284a7f80e9351b184 - - default default] Successfully bumped revision number for resource c1e5e98f-6bef-4194-a4bf-9ed6ef7b9f2d (type: security_groups) to 1
2026-02-27 19:25:38.526 9 INFO neutron.db.ovn_revision_numbers_db [None req-027c646f-d08c-4e20-a75d-6465ede582ad 47c62716c03a4a4c96d809bc8d006bc6 1fdea886561b449284a7f80e9351b184 - - default default] Successfully bumped revision number for resource 26020309-3758-4d96-a527-7303fa94cfb7 (type: security_group_rules) to 0
2026-02-27 19:25:38.541 9 INFO neutron.db.ovn_revision_numbers_db [None req-027c646f-d08c-4e20-a75d-6465ede582ad 47c62716c03a4a4c96d809bc8d006bc6 1fdea886561b449284a7f80e9351b184 - - default default] Successfully bumped revision number for resource 2d808241-5584-4de0-a678-4df913bd1c37 (type: security_group_rules) to 0
2026-02-27 19:25:38.555 9 INFO neutron.db.ovn_revision_numbers_db [None req-027c646f-d08c-4e20-a75d-6465ede582ad 47c62716c03a4a4c96d809bc8d006bc6 1fdea886561b449284a7f80e9351b184 - - default default] Successfully bumped revision number for resource 709f8e8e-84ba-42f5-b631-e51d0d0cacb1 (type: security_group_rules) to 0
2026-02-27 19:25:38.569 9 INFO neutron.db.ovn_revision_numbers_db [None req-027c646f-d08c-4e20-a75d-6465ede582ad 47c62716c03a4a4c96d809bc8d006bc6 1fdea886561b449284a7f80e9351b184 - - default default] Successfully bumped revision number for resource 797fd4cb-bc04-4b27-af51-2bbb288c3989 (type: security_group_rules) to 0
2026-02-27 19:25:38.588 9 INFO neutron.wsgi [None req-027c646f-d08c-4e20-a75d-6465ede582ad 47c62716c03a4a4c96d809bc8d006bc6 1fdea886561b449284a7f80e9351b184 - - default default] 10.0.0.20 "GET /v2.0/security-groups?tenant_id=bf54d9219c904d70ad3bb3a40aa5ce37&name=default HTTP/1.1" status: 200 len: 3120 time: 0.2291498
2026-02-27 19:25:38.674 10 INFO neutron.db.ovn_revision_numbers_db [None req-b0464312-e530-4e7f-a70d-efd2211d82fc f71ac5550df846ebbdafa85ef4d97496 fcb91f5fdd1c4e408025f6f75985475f - - default default] Successfully bumped revision number for resource e066159a-fe3c-4e8c-9179-072d2279cb93 (type: networks) to 1
2026-02-27 19:25:38.678 10 INFO neutron.db.ovn_revision_numbers_db [None req-72f1b02e-e85e-43c5-90e6-9883a50740fd 47c62716c03a4a4c96d809bc8d006bc6 1fdea886561b449284a7f80e9351b184 - - default default] Successfully bumped revision number for resource f69339ea-a3b7-40c7-a0e1-002fd1e3b576 (type: router_ports) to 1
2026-02-27 19:25:38.685 10 INFO neutron.wsgi [None req-72f1b02e-e85e-43c5-90e6-9883a50740fd 47c62716c03a4a4c96d809bc8d006bc6 1fdea886561b449284a7f80e9351b184 - - default default] 10.0.0.20 "PUT /v2.0/routers/a2992097-0839-48b1-8c8c-0f48f1469c26/add_router_interface HTTP/1.1" status: 200 len: 503 time: 2.5979733
2026-02-27 19:25:38.704 10 INFO neutron.db.ovn_revision_numbers_db [None req-cd22cb5e-bbff-43fa-a989-1d0dd7f5d2c4 - - - - - -] Successfully bumped revision number for resource f69339ea-a3b7-40c7-a0e1-002fd1e3b576 (type: router_ports) to 2
2026-02-27 19:25:38.837 9 INFO neutron.wsgi [None req-4ff21e1f-c7bc-411c-9f10-f0c58aef2a7d 47c62716c03a4a4c96d809bc8d006bc6 1fdea886561b449284a7f80e9351b184 - - default default] 10.0.0.20 "DELETE /v2.0/security-groups/c1e5e98f-6bef-4194-a4bf-9ed6ef7b9f2d HTTP/1.1" status: 204 len: 168 time: 0.2328639
2026-02-27 19:25:38.888 10 WARNING neutron.scheduler.dhcp_agent_scheduler [None req-b0464312-e530-4e7f-a70d-efd2211d82fc f71ac5550df846ebbdafa85ef4d97496 fcb91f5fdd1c4e408025f6f75985475f - - default default] No more DHCP agents
2026-02-27 19:25:38.889 10 WARNING neutron.api.rpc.agentnotifiers.dhcp_rpc_agent_api [None req-b0464312-e530-4e7f-a70d-efd2211d82fc f71ac5550df846ebbdafa85ef4d97496 fcb91f5fdd1c4e408025f6f75985475f - - default default] Unable to schedule network e066159a-fe3c-4e8c-9179-072d2279cb93: no agents available; will retry on subsequent port and subnet creation events.
2026-02-27 19:25:38.966 10 INFO neutron.db.ovn_revision_numbers_db [None req-b0464312-e530-4e7f-a70d-efd2211d82fc f71ac5550df846ebbdafa85ef4d97496 fcb91f5fdd1c4e408025f6f75985475f - - default default] Successfully bumped revision number for resource fb40c88a-eb78-4b08-868a-ac8529ba104a (type: ports) to 1
2026-02-27 19:25:38.989 10 INFO neutron.wsgi [None req-b0464312-e530-4e7f-a70d-efd2211d82fc f71ac5550df846ebbdafa85ef4d97496 fcb91f5fdd1c4e408025f6f75985475f - - default default] 10.0.0.20 "POST /v2.0/networks HTTP/1.1" status: 201 len: 830 time: 1.4704971
2026-02-27 19:25:38.998 10 WARNING neutron_lib.context [None req-035039f8-2a81-46a1-9e98-0619ab155ffc f71ac5550df846ebbdafa85ef4d97496 fcb91f5fdd1c4e408025f6f75985475f - - default default] Method 'is_advsvc' is deprecated since 2023.2 release (neutron-lib 3.8.0) and will be removed once support for the old RBAC API policies will be removed from Neutron. Please use method 'is_service_role' instead.
2026-02-27 19:25:39.075 10 INFO neutron.db.segments_db [None req-035039f8-2a81-46a1-9e98-0619ab155ffc f71ac5550df846ebbdafa85ef4d97496 fcb91f5fdd1c4e408025f6f75985475f - - default default] Added segment 80598b2c-4a7e-4679-96fe-46c002dc79d0 of type geneve for network 8161152a-c6da-4f85-9905-bfd1a55d5cf7
2026-02-27 19:25:39.204 10 INFO neutron.db.ovn_revision_numbers_db [None req-035039f8-2a81-46a1-9e98-0619ab155ffc f71ac5550df846ebbdafa85ef4d97496 fcb91f5fdd1c4e408025f6f75985475f - - default default] Successfully bumped revision number for resource 8161152a-c6da-4f85-9905-bfd1a55d5cf7 (type: networks) to 1
2026-02-27 19:25:39.358 10 WARNING neutron.scheduler.dhcp_agent_scheduler [None req-035039f8-2a81-46a1-9e98-0619ab155ffc f71ac5550df846ebbdafa85ef4d97496 fcb91f5fdd1c4e408025f6f75985475f - - default default] No more DHCP agents
2026-02-27 19:25:39.360 10 WARNING neutron.api.rpc.agentnotifiers.dhcp_rpc_agent_api [None req-035039f8-2a81-46a1-9e98-0619ab155ffc f71ac5550df846ebbdafa85ef4d97496 fcb91f5fdd1c4e408025f6f75985475f - - default default] Unable to schedule network 8161152a-c6da-4f85-9905-bfd1a55d5cf7: no agents available; will retry on subsequent port and subnet creation events.
2026-02-27 19:25:39.433 10 INFO neutron.db.ovn_revision_numbers_db [None req-035039f8-2a81-46a1-9e98-0619ab155ffc f71ac5550df846ebbdafa85ef4d97496 fcb91f5fdd1c4e408025f6f75985475f - - default default] Successfully bumped revision number for resource c006f3ff-9033-46ba-8e83-41a80abec524 (type: ports) to 1
2026-02-27 19:25:39.456 10 INFO neutron.wsgi [None req-035039f8-2a81-46a1-9e98-0619ab155ffc f71ac5550df846ebbdafa85ef4d97496 fcb91f5fdd1c4e408025f6f75985475f - - default default] 10.0.0.20 "POST /v2.0/networks HTTP/1.1" status: 201 len: 830 time: 0.4618089
2026-02-27 19:25:39.475 10 WARNING neutron_lib.context [None req-815b3740-f6db-4b06-81cc-4bfc4fa3f72e f71ac5550df846ebbdafa85ef4d97496 fcb91f5fdd1c4e408025f6f75985475f - - default default] Method 'is_advsvc' is deprecated since 2023.2 release (neutron-lib 3.8.0) and will be removed once support for the old RBAC API policies will be removed from Neutron. Please use method 'is_service_role' instead.
2026-02-27 19:25:39.553 10 INFO neutron.db.segments_db [None req-815b3740-f6db-4b06-81cc-4bfc4fa3f72e f71ac5550df846ebbdafa85ef4d97496 fcb91f5fdd1c4e408025f6f75985475f - - default default] Added segment 3447ef82-b0f9-49dc-9b21-53c4f0538f98 of type geneve for network d33f1bc7-2348-43b7-9090-0a07d406d8c2
2026-02-27 19:25:39.687 10 INFO neutron.db.ovn_revision_numbers_db [None req-815b3740-f6db-4b06-81cc-4bfc4fa3f72e f71ac5550df846ebbdafa85ef4d97496 fcb91f5fdd1c4e408025f6f75985475f - - default default] Successfully bumped revision number for resource d33f1bc7-2348-43b7-9090-0a07d406d8c2 (type: networks) to 1
2026-02-27 19:25:39.864 10 WARNING neutron.scheduler.dhcp_agent_scheduler [None req-815b3740-f6db-4b06-81cc-4bfc4fa3f72e f71ac5550df846ebbdafa85ef4d97496 fcb91f5fdd1c4e408025f6f75985475f - - default default] No more DHCP agents
2026-02-27 19:25:39.865 10 WARNING neutron.api.rpc.agentnotifiers.dhcp_rpc_agent_api [None req-815b3740-f6db-4b06-81cc-4bfc4fa3f72e f71ac5550df846ebbdafa85ef4d97496 fcb91f5fdd1c4e408025f6f75985475f - - default default] Unable to schedule network d33f1bc7-2348-43b7-9090-0a07d406d8c2: no agents available; will retry on subsequent port and subnet creation events.
2026-02-27 19:25:39.959 10 INFO neutron.db.ovn_revision_numbers_db [None req-815b3740-f6db-4b06-81cc-4bfc4fa3f72e f71ac5550df846ebbdafa85ef4d97496 fcb91f5fdd1c4e408025f6f75985475f - - default default] Successfully bumped revision number for resource 9c6e3397-8140-4c93-a63d-85defb9508bd (type: ports) to 1
2026-02-27 19:25:39.987 10 INFO neutron.wsgi [None req-815b3740-f6db-4b06-81cc-4bfc4fa3f72e f71ac5550df846ebbdafa85ef4d97496 fcb91f5fdd1c4e408025f6f75985475f - - default default] 10.0.0.20 "POST /v2.0/networks HTTP/1.1" status: 201 len: 831 time: 0.5176420
2026-02-27 19:25:39.996 10 WARNING neutron_lib.context [None req-881da273-bfd6-48f4-8ceb-a763eb149c35 f71ac5550df846ebbdafa85ef4d97496 fcb91f5fdd1c4e408025f6f75985475f - - default default] Method 'is_advsvc' is deprecated since 2023.2 release (neutron-lib 3.8.0) and will be removed once support for the old RBAC API policies will be removed from Neutron. Please use method 'is_service_role' instead.
2026-02-27 19:25:40.082 10 INFO neutron.db.segments_db [None req-881da273-bfd6-48f4-8ceb-a763eb149c35 f71ac5550df846ebbdafa85ef4d97496 fcb91f5fdd1c4e408025f6f75985475f - - default default] Added segment f2484a11-c7c9-44fa-b503-a4586f09318b of type geneve for network 3943bb15-60c6-49a2-8a88-4ef0823edbdd
2026-02-27 19:25:40.245 10 INFO neutron.db.ovn_revision_numbers_db [None req-881da273-bfd6-48f4-8ceb-a763eb149c35 f71ac5550df846ebbdafa85ef4d97496 fcb91f5fdd1c4e408025f6f75985475f - - default default] Successfully bumped revision number for resource 3943bb15-60c6-49a2-8a88-4ef0823edbdd (type: networks) to 1
2026-02-27 19:25:40.432 10 WARNING neutron.scheduler.dhcp_agent_scheduler [None req-881da273-bfd6-48f4-8ceb-a763eb149c35 f71ac5550df846ebbdafa85ef4d97496 fcb91f5fdd1c4e408025f6f75985475f - - default default] No more DHCP agents
2026-02-27 19:25:40.434 10 WARNING neutron.api.rpc.agentnotifiers.dhcp_rpc_agent_api [None req-881da273-bfd6-48f4-8ceb-a763eb149c35 f71ac5550df846ebbdafa85ef4d97496 fcb91f5fdd1c4e408025f6f75985475f - - default default] Unable to schedule network 3943bb15-60c6-49a2-8a88-4ef0823edbdd: no agents available; will retry on subsequent port and subnet creation events.
2026-02-27 19:25:40.517 10 INFO neutron.db.ovn_revision_numbers_db [None req-881da273-bfd6-48f4-8ceb-a763eb149c35 f71ac5550df846ebbdafa85ef4d97496 fcb91f5fdd1c4e408025f6f75985475f - - default default] Successfully bumped revision number for resource 82929e48-2df1-4151-886e-6bfefd83aa19 (type: ports) to 1
2026-02-27 19:25:40.542 10 INFO neutron.wsgi [None req-881da273-bfd6-48f4-8ceb-a763eb149c35 f71ac5550df846ebbdafa85ef4d97496 fcb91f5fdd1c4e408025f6f75985475f - - default default] 10.0.0.20 "POST /v2.0/networks HTTP/1.1" status: 201 len: 830 time: 0.5503480
2026-02-27 19:25:40.550 10 WARNING neutron_lib.context [None req-b7803b4c-177f-434c-a4fb-94a43ce61359 f71ac5550df846ebbdafa85ef4d97496 fcb91f5fdd1c4e408025f6f75985475f - - default default] Method 'is_advsvc' is deprecated since 2023.2 release (neutron-lib 3.8.0) and will be removed once support for the old RBAC API policies will be removed from Neutron. Please use method 'is_service_role' instead.
2026-02-27 19:25:40.638 10 INFO neutron.db.segments_db [None req-b7803b4c-177f-434c-a4fb-94a43ce61359 f71ac5550df846ebbdafa85ef4d97496 fcb91f5fdd1c4e408025f6f75985475f - - default default] Added segment 3134fcfa-6b21-4593-8b62-d7320bc14912 of type geneve for network fe2be204-4667-404b-bf52-66305638b0a1
2026-02-27 19:25:40.816 10 INFO neutron.db.ovn_revision_numbers_db [None req-b7803b4c-177f-434c-a4fb-94a43ce61359 f71ac5550df846ebbdafa85ef4d97496 fcb91f5fdd1c4e408025f6f75985475f - - default default] Successfully bumped revision number for resource fe2be204-4667-404b-bf52-66305638b0a1 (type: networks) to 1
2026-02-27 19:25:41.037 10 WARNING neutron.scheduler.dhcp_agent_scheduler [None req-b7803b4c-177f-434c-a4fb-94a43ce61359 f71ac5550df846ebbdafa85ef4d97496 fcb91f5fdd1c4e408025f6f75985475f - - default default] No more DHCP agents
2026-02-27 19:25:41.041 10 WARNING neutron.api.rpc.agentnotifiers.dhcp_rpc_agent_api [None req-b7803b4c-177f-434c-a4fb-94a43ce61359 f71ac5550df846ebbdafa85ef4d97496 fcb91f5fdd1c4e408025f6f75985475f - - default default] Unable to schedule network fe2be204-4667-404b-bf52-66305638b0a1: no agents available; will retry on subsequent port and subnet creation events.
2026-02-27 19:25:41.085 10 INFO neutron.wsgi [req-fc58014e-86b6-4b77-844f-63df608654cc req-b27026ec-d707-426e-8dcd-7359c53ec68b 7765853c38c344c284d447805c062171 64938ac1d7b3450db8d0dcc6ea5d06be - - default default] 10.0.0.156 "GET /v2.0/networks?id=1c89bc4c-ee76-4741-8033-04c4e78a0411 HTTP/1.1" status: 200 len: 872 time: 0.0979540
2026-02-27 19:25:41.113 10 INFO neutron.wsgi [req-fc58014e-86b6-4b77-844f-63df608654cc req-21f8bf16-3aad-4c00-bd91-d012a7d15d24 7765853c38c344c284d447805c062171 64938ac1d7b3450db8d0dcc6ea5d06be - - default default] 10.0.0.156 "GET /v2.0/quotas/64938ac1d7b3450db8d0dcc6ea5d06be HTTP/1.1" status: 200 len: 491 time: 0.0172417
2026-02-27 19:25:41.140 10 INFO neutron.db.ovn_revision_numbers_db [None req-b7803b4c-177f-434c-a4fb-94a43ce61359 f71ac5550df846ebbdafa85ef4d97496 fcb91f5fdd1c4e408025f6f75985475f - - default default] Successfully bumped revision number for resource 3d793e14-80f7-430e-81bb-cfbd0e053836 (type: ports) to 1
2026-02-27 19:25:41.170 10 INFO neutron.wsgi [None req-b7803b4c-177f-434c-a4fb-94a43ce61359 f71ac5550df846ebbdafa85ef4d97496 fcb91f5fdd1c4e408025f6f75985475f - - default default] 10.0.0.20 "POST /v2.0/networks HTTP/1.1" status: 201 len: 831 time: 0.6242433
2026-02-27 19:25:41.217 10 INFO neutron.wsgi [req-fc58014e-86b6-4b77-844f-63df608654cc req-52444b72-91b5-4d5e-8c3f-a71cd298a0a7 7765853c38c344c284d447805c062171 64938ac1d7b3450db8d0dcc6ea5d06be - - default default] 10.0.0.156 "GET /v2.0/ports?tenant_id=64938ac1d7b3450db8d0dcc6ea5d06be&fields=id HTTP/1.1" status: 200 len: 302 time: 0.0946758
2026-02-27 19:25:41.232 9 INFO neutron.wsgi [None req-8d3a1395-ca64-427c-a112-34fe63f2d49c f71ac5550df846ebbdafa85ef4d97496 fcb91f5fdd1c4e408025f6f75985475f - - default default] 10.0.0.20 "PUT /v2.0/networks/e066159a-fe3c-4e8c-9179-072d2279cb93/tags HTTP/1.1" status: 200 len: 210 time: 0.0570641
2026-02-27 19:25:41.297 10 INFO neutron.wsgi [req-fc58014e-86b6-4b77-844f-63df608654cc req-5f540d17-5403-43e7-bd51-8497b8ba7b0e 89d5c116b2f34af191f252029d0cf57e f93db5426c7e42daaaaf664590872084 - - 6f7b00aaeedb4e52a68b5d418fcd20ae 6f7b00aaeedb4e52a68b5d418fcd20ae] 10.0.0.156 "GET /v2.0/networks/1c89bc4c-ee76-4741-8033-04c4e78a0411?fields=segments HTTP/1.1" status: 200 len: 212 time: 0.0700188
2026-02-27 19:25:41.364 10 INFO neutron.wsgi [req-fc58014e-86b6-4b77-844f-63df608654cc req-bd3a28b8-897f-4a89-ad40-579855796645 89d5c116b2f34af191f252029d0cf57e f93db5426c7e42daaaaf664590872084 - - 6f7b00aaeedb4e52a68b5d418fcd20ae 6f7b00aaeedb4e52a68b5d418fcd20ae] 10.0.0.156 "GET /v2.0/networks/1c89bc4c-ee76-4741-8033-04c4e78a0411?fields=provider%3Aphysical_network&fields=provider%3Anetwork_type HTTP/1.1" status: 200 len: 277 time: 0.0601435
2026-02-27 19:25:41.515 9 INFO neutron.wsgi [None req-f9affa1c-a9b4-403c-bf27-7a0af4323aaa f71ac5550df846ebbdafa85ef4d97496 fcb91f5fdd1c4e408025f6f75985475f - - default default] 10.0.0.20 "PUT /v2.0/networks/8161152a-c6da-4f85-9905-bfd1a55d5cf7/tags HTTP/1.1" status: 200 len: 218 time: 0.2781804
2026-02-27 19:25:41.518 9 INFO neutron.wsgi [req-4027fbd7-717c-43de-aad2-07b0c921a21f req-8a888f27-8111-4c8e-afc1-77ba7084b31c 7765853c38c344c284d447805c062171 64938ac1d7b3450db8d0dcc6ea5d06be - - default default] 10.0.0.156 "GET /v2.0/ports?device_id=3a8c8b3f-81c5-447e-8129-30f2511a15b3 HTTP/1.1" status: 200 len: 210 time: 0.0266576
2026-02-27 19:25:41.605 10 INFO neutron.wsgi [None req-e3be448f-8453-4a92-a26f-ee709785beb4 f71ac5550df846ebbdafa85ef4d97496 fcb91f5fdd1c4e408025f6f75985475f - - default default] 10.0.0.20 "PUT /v2.0/networks/d33f1bc7-2348-43b7-9090-0a07d406d8c2/tags HTTP/1.1" status: 200 len: 227 time: 0.0853784
2026-02-27 19:25:41.695 9 INFO neutron.db.ovn_revision_numbers_db [None req-bf80b083-3e6c-4d44-9314-857f383da47f 47c62716c03a4a4c96d809bc8d006bc6 1fdea886561b449284a7f80e9351b184 - - default default] Successfully bumped revision number for resource 028e4665-aa9b-4cd3-a062-8ae6487c609b (type: security_groups) to 1
2026-02-27 19:25:41.699 9 INFO neutron.wsgi [None req-0e31ed9f-5190-4332-ac6a-7567bbb5ff00 f71ac5550df846ebbdafa85ef4d97496 fcb91f5fdd1c4e408025f6f75985475f - - default default] 10.0.0.20 "PUT /v2.0/networks/3943bb15-60c6-49a2-8a88-4ef0823edbdd/tags HTTP/1.1" status: 200 len: 212 time: 0.0782504
2026-02-27 19:25:41.713 9 INFO neutron.db.ovn_revision_numbers_db [None req-bf80b083-3e6c-4d44-9314-857f383da47f 47c62716c03a4a4c96d809bc8d006bc6 1fdea886561b449284a7f80e9351b184 - - default default] Successfully bumped revision number for resource 18c34f0a-cf16-4a1d-9844-fc458673bcf5 (type: security_group_rules) to 0
2026-02-27 19:25:41.735 9 INFO neutron.db.ovn_revision_numbers_db [None req-bf80b083-3e6c-4d44-9314-857f383da47f 47c62716c03a4a4c96d809bc8d006bc6 1fdea886561b449284a7f80e9351b184 - - default default] Successfully bumped revision number for resource 9e73ee11-51f4-499d-9ada-276fc588b94e (type: security_group_rules) to 0
2026-02-27 19:25:41.764 9 INFO neutron.db.ovn_revision_numbers_db [None req-bf80b083-3e6c-4d44-9314-857f383da47f 47c62716c03a4a4c96d809bc8d006bc6 1fdea886561b449284a7f80e9351b184 - - default default] Successfully bumped revision number for resource a954fcea-0496-465f-8e8f-feb7368ed69e (type: security_group_rules) to 0
2026-02-27 19:25:41.785 10 INFO neutron.wsgi [None req-f783db6e-ca57-41cc-b3f8-bac48647c5a7 f71ac5550df846ebbdafa85ef4d97496 fcb91f5fdd1c4e408025f6f75985475f - - default default] 10.0.0.20 "GET /v2.0/networks?tags=red HTTP/1.1" status: 200 len: 2068 time: 0.0801473
2026-02-27 19:25:41.788 9 INFO neutron.db.ovn_revision_numbers_db [None req-bf80b083-3e6c-4d44-9314-857f383da47f 47c62716c03a4a4c96d809bc8d006bc6 1fdea886561b449284a7f80e9351b184 - - default default] Successfully bumped revision number for resource b98a7ca3-e7dd-4555-936b-13afca908c9a (type: security_group_rules) to 0
2026-02-27 19:25:41.824 9 INFO neutron.wsgi [None req-bf80b083-3e6c-4d44-9314-857f383da47f 47c62716c03a4a4c96d809bc8d006bc6 1fdea886561b449284a7f80e9351b184 - - default default] 10.0.0.20 "GET /v2.0/security-groups?tenant_id=d34654620ad744759dc1b2cf38afb68f&name=default HTTP/1.1" status: 200 len: 3120 time: 0.5834241
2026-02-27 19:25:41.867 10 INFO neutron.wsgi [None req-03b4b653-c2ca-405f-8b58-228cdc80b4b0 f71ac5550df846ebbdafa85ef4d97496 fcb91f5fdd1c4e408025f6f75985475f - - default default] 10.0.0.20 "GET /v2.0/networks?tags=red%2Cblue HTTP/1.1" status: 200 len: 1456 time: 0.0775986
2026-02-27 19:25:41.951 9 INFO neutron.wsgi [None req-272ef848-7991-406a-a382-4a828d07d7b8 f71ac5550df846ebbdafa85ef4d97496 fcb91f5fdd1c4e408025f6f75985475f - - default default] 10.0.0.20 "GET /v2.0/networks?tags-any=blue HTTP/1.1" status: 200 len: 1456 time: 0.0726306
2026-02-27 19:25:42.036 10 INFO neutron.wsgi [None req-0ce2fb74-00fe-4cbc-ad0f-89edcacfd121 f71ac5550df846ebbdafa85ef4d97496 fcb91f5fdd1c4e408025f6f75985475f - - default default] 10.0.0.20 "GET /v2.0/networks?tags-any=red%2Cblue HTTP/1.1" status: 200 len: 2068 time: 0.0779307
2026-02-27 19:25:42.093 9 INFO neutron.wsgi [None req-da29f517-4eb9-452f-898c-d5a4d80f2867 47c62716c03a4a4c96d809bc8d006bc6 1fdea886561b449284a7f80e9351b184 - - default default] 10.0.0.20 "DELETE /v2.0/security-groups/028e4665-aa9b-4cd3-a062-8ae6487c609b HTTP/1.1" status: 204 len: 168 time: 0.2620513
2026-02-27 19:25:42.401 10 INFO neutron.wsgi [req-fc58014e-86b6-4b77-844f-63df608654cc req-d099ccad-5d90-4b59-878d-4e6b976f1626 7765853c38c344c284d447805c062171 64938ac1d7b3450db8d0dcc6ea5d06be - - default default] 199.204.45.49 "GET /v2.0/networks?id=1c89bc4c-ee76-4741-8033-04c4e78a0411 HTTP/1.1" status: 200 len: 872 time: 0.0909472
2026-02-27 19:25:42.408 10 INFO neutron.wsgi [None req-4ff74819-a818-42e8-9840-06ec70400db5 f71ac5550df846ebbdafa85ef4d97496 fcb91f5fdd1c4e408025f6f75985475f - - default default] 10.0.0.20 "GET /v2.0/networks?not-tags=red HTTP/1.1" status: 200 len: 2068 time: 0.3681722
2026-02-27 19:25:42.413 10 WARNING neutron_lib.context [req-fc58014e-86b6-4b77-844f-63df608654cc req-3f4f53b3-e395-44cc-adb9-80679d04b707 7765853c38c344c284d447805c062171 64938ac1d7b3450db8d0dcc6ea5d06be - - default default] Method 'is_advsvc' is deprecated since 2023.2 release (neutron-lib 3.8.0) and will be removed once support for the old RBAC API policies will be removed from Neutron. Please use method 'is_service_role' instead.
2026-02-27 19:25:42.540 9 INFO neutron.wsgi [None req-96947c50-e31d-4d00-8b9a-579ee74665fe f71ac5550df846ebbdafa85ef4d97496 fcb91f5fdd1c4e408025f6f75985475f - - default default] 10.0.0.20 "GET /v2.0/networks?not-tags=red%2Cblue HTTP/1.1" status: 200 len: 2680 time: 0.1261444
2026-02-27 19:25:42.611 10 INFO neutron.wsgi [req-a2b760f7-180a-4632-82a5-fa71edcca897 req-fcf72530-0a37-4251-bd1d-eb6f5acbccb9 7765853c38c344c284d447805c062171 64938ac1d7b3450db8d0dcc6ea5d06be - - default default] 10.0.0.156 "GET /v2.0/ports?device_id=3a8c8b3f-81c5-447e-8129-30f2511a15b3 HTTP/1.1" status: 200 len: 210 time: 0.0195312
2026-02-27 19:25:42.654 9 INFO neutron.wsgi [None req-c62e9753-4b32-427a-bfa6-77d91301feff f71ac5550df846ebbdafa85ef4d97496 fcb91f5fdd1c4e408025f6f75985475f - - default default] 10.0.0.20 "GET /v2.0/networks?not-tags-any=blue HTTP/1.1" status: 200 len: 2680 time: 0.1086001
2026-02-27 19:25:42.761 9 INFO neutron.wsgi [None req-acee42ea-cdb4-4655-a8dc-12ac1e2b6f8a f71ac5550df846ebbdafa85ef4d97496 fcb91f5fdd1c4e408025f6f75985475f - - default default] 10.0.0.20 "GET /v2.0/networks?not-tags-any=red%2Cblue HTTP/1.1" status: 200 len: 2068 time: 0.1029785
