2026-02-27 19:25:21.532 9 INFO neutron.db.ovn_revision_numbers_db [None req-7c0dc858-03c1-4298-b996-8822a4499d46 072b1920a14047d1b6503354b06803bf cecf95e9ceee4e7eae4b98d6bf3d390d - - default default] Successfully bumped revision number for resource db4b7c9c-4788-4d35-9550-1c3af2befb5f (type: security_group_rules) to 0
2026-02-27 19:25:21.551 9 INFO neutron.wsgi [None req-7c0dc858-03c1-4298-b996-8822a4499d46 072b1920a14047d1b6503354b06803bf cecf95e9ceee4e7eae4b98d6bf3d390d - - default default] 10.0.0.20 "POST /v2.0/security-groups HTTP/1.1" status: 201 len: 1825 time: 0.1507361
2026-02-27 19:25:21.560 9 WARNING neutron_lib.context [None req-95809bbf-f20c-43bc-95e3-44da1879f314 072b1920a14047d1b6503354b06803bf cecf95e9ceee4e7eae4b98d6bf3d390d - - default default] Method 'is_advsvc' is deprecated since 2023.2 release (neutron-lib 3.8.0) and will be removed once support for the old RBAC API policies will be removed from Neutron. Please use method 'is_service_role' instead.
2026-02-27 19:25:21.705 9 INFO neutron.db.ovn_revision_numbers_db [None req-95809bbf-f20c-43bc-95e3-44da1879f314 072b1920a14047d1b6503354b06803bf cecf95e9ceee4e7eae4b98d6bf3d390d - - default default] Successfully bumped revision number for resource 40e76dfe-277f-427d-96e3-68af398cf1c9 (type: security_group_rules) to 0
2026-02-27 19:25:21.732 9 INFO neutron.wsgi [None req-95809bbf-f20c-43bc-95e3-44da1879f314 072b1920a14047d1b6503354b06803bf cecf95e9ceee4e7eae4b98d6bf3d390d - - default default] 10.0.0.20 "POST /v2.0/security-group-rules HTTP/1.1" status: 201 len: 800 time: 0.1762764
2026-02-27 19:25:21.754 9 INFO neutron.wsgi [None req-bcfa79d2-2cd0-4277-ad56-7f4c555d5ec8 072b1920a14047d1b6503354b06803bf cecf95e9ceee4e7eae4b98d6bf3d390d - - default default] 10.0.0.20 "GET /v2.0/security-group-rules/40e76dfe-277f-427d-96e3-68af398cf1c9 HTTP/1.1" status: 200 len: 795 time: 0.0176528
2026-02-27 19:25:21.832 9 INFO neutron.wsgi [None req-0afe7db1-f2fc-401c-be3c-13a41243612b 072b1920a14047d1b6503354b06803bf cecf95e9ceee4e7eae4b98d6bf3d390d - - default default] 10.0.0.20 "GET /v2.0/security-group-rules HTTP/1.1" status: 200 len: 4333 time: 0.0742147
2026-02-27 19:25:21.944 9 INFO neutron.wsgi [None req-8e2c0567-a2bd-4158-ba0f-53330fd4446a 072b1920a14047d1b6503354b06803bf cecf95e9ceee4e7eae4b98d6bf3d390d - - default default] 10.0.0.20 "DELETE /v2.0/security-group-rules/40e76dfe-277f-427d-96e3-68af398cf1c9 HTTP/1.1" status: 204 len: 168 time: 0.1070485
2026-02-27 19:25:21.998 10 INFO neutron.notifiers.nova [-] Nova event matching ['req-1ba1a70e-0318-4368-993a-f13fe445d594'] response: {'server_uuid': '8d6151de-ecf1-4e60-b5cd-b7df2065b610', 'name': 'network-vif-plugged', 'status': 'completed', 'tag': '6459657d-5cf5-474b-973a-f17db8beb2a7', 'code': 200}
2026-02-27 19:25:21.998 10 INFO neutron.notifiers.nova [-] Nova event matching ['req-1ba1a70e-0318-4368-993a-f13fe445d594'] response: {'server_uuid': '8d6151de-ecf1-4e60-b5cd-b7df2065b610', 'name': 'network-vif-plugged', 'status': 'completed', 'tag': '6459657d-5cf5-474b-973a-f17db8beb2a7', 'code': 200}
2026-02-27 19:25:22.008 10 INFO neutron.wsgi [-] 10.0.0.146 "GET / HTTP/1.1" status: 200 len: 246 time: 0.0025852
2026-02-27 19:25:22.014 10 INFO neutron.wsgi [-] 10.0.0.146 "GET / HTTP/1.1" status: 200 len: 246 time: 0.0046895
2026-02-27 19:25:22.219 9 INFO neutron.wsgi [None req-56b8bd26-ea5e-41ae-b59c-f50ebee04b14 072b1920a14047d1b6503354b06803bf cecf95e9ceee4e7eae4b98d6bf3d390d - - default default] 10.0.0.20 "GET /v2.0/security-group-rules HTTP/1.1" status: 200 len: 3755 time: 0.2702024
2026-02-27 19:25:22.230 9 WARNING neutron_lib.context [None req-bf48518b-0831-4047-8e36-c5c88e0ec47c 072b1920a14047d1b6503354b06803bf cecf95e9ceee4e7eae4b98d6bf3d390d - - default default] Method 'is_advsvc' is deprecated since 2023.2 release (neutron-lib 3.8.0) and will be removed once support for the old RBAC API policies will be removed from Neutron. Please use method 'is_service_role' instead.
2026-02-27 19:25:22.268 10 INFO neutron.wsgi [None req-a8f91474-610d-4f0e-b9cc-fd1918232694 47c62716c03a4a4c96d809bc8d006bc6 1fdea886561b449284a7f80e9351b184 - - default default] 10.0.0.20 "GET /v2.0/security-groups?tenant_id=6488824828a543998c05032b7f820214&name=default HTTP/1.1" status: 200 len: 3120 time: 0.3033812
2026-02-27 19:25:22.329 10 INFO neutron.wsgi [req-4fcce82e-0858-47e4-a7b4-fd96acaf6da2 req-b083fe3b-5ed7-41e4-acc5-beafd6671b28 d673f2ae1d40475095c0d21aef1ff1fa c7b0e8269e0840e1b57670fb8884d609 - - default default] 10.0.0.156 "GET /v2.0/ports?device_id=8d6151de-ecf1-4e60-b5cd-b7df2065b610 HTTP/1.1" status: 200 len: 1170 time: 0.0911508
2026-02-27 19:25:22.376 10 INFO neutron.wsgi [req-4fcce82e-0858-47e4-a7b4-fd96acaf6da2 req-cf7ad041-3790-4bc7-8176-ac605caed127 d673f2ae1d40475095c0d21aef1ff1fa c7b0e8269e0840e1b57670fb8884d609 - - default default] 10.0.0.156 "GET /v2.0/security-groups?id=9e9f4c60-f277-4171-83fe-3c24efe7239e&fields=id&fields=name HTTP/1.1" status: 200 len: 313 time: 0.0425262
2026-02-27 19:25:22.380 9 INFO neutron.db.ovn_revision_numbers_db [None req-bf48518b-0831-4047-8e36-c5c88e0ec47c 072b1920a14047d1b6503354b06803bf cecf95e9ceee4e7eae4b98d6bf3d390d - - default default] Successfully bumped revision number for resource 6aeafe9d-f0ca-4e59-b887-443c2626e25f (type: security_group_rules) to 0
2026-02-27 19:25:22.415 9 INFO neutron.wsgi [None req-bf48518b-0831-4047-8e36-c5c88e0ec47c 072b1920a14047d1b6503354b06803bf cecf95e9ceee4e7eae4b98d6bf3d390d - - default default] 10.0.0.20 "POST /v2.0/security-group-rules HTTP/1.1" status: 201 len: 800 time: 0.1903756
2026-02-27 19:25:22.440 9 INFO neutron.wsgi [None req-099de93e-0f3d-4b03-b426-7605830570aa 072b1920a14047d1b6503354b06803bf cecf95e9ceee4e7eae4b98d6bf3d390d - - default default] 10.0.0.20 "GET /v2.0/security-group-rules/6aeafe9d-f0ca-4e59-b887-443c2626e25f HTTP/1.1" status: 200 len: 795 time: 0.0195081
2026-02-27 19:25:22.498 9 INFO neutron.wsgi [req-0b33848a-17b3-4592-a383-21cb27bfd3b1 req-4fbeb5a4-81e1-488e-aa35-7f6410371d13 d673f2ae1d40475095c0d21aef1ff1fa c7b0e8269e0840e1b57670fb8884d609 - - default default] 10.0.0.156 "GET /v2.0/ports?device_id=8d6151de-ecf1-4e60-b5cd-b7df2065b610 HTTP/1.1" status: 200 len: 1170 time: 0.0575893
2026-02-27 19:25:22.531 9 INFO neutron.wsgi [None req-b1c935eb-2f53-45de-be43-38913ed1f2e3 072b1920a14047d1b6503354b06803bf cecf95e9ceee4e7eae4b98d6bf3d390d - - default default] 10.0.0.20 "GET /v2.0/security-group-rules HTTP/1.1" status: 200 len: 4333 time: 0.0837905
2026-02-27 19:25:22.562 9 INFO neutron.wsgi [None req-251d3bcc-5ded-4849-80cd-fe9886bae8b5 47c62716c03a4a4c96d809bc8d006bc6 1fdea886561b449284a7f80e9351b184 - - default default] 10.0.0.20 "DELETE /v2.0/security-groups/fd81a81d-e5ab-4db9-b156-665d6c8f17de HTTP/1.1" status: 204 len: 168 time: 0.2901399
2026-02-27 19:25:22.638 9 INFO neutron.wsgi [None req-6b24e30b-015c-4071-b78c-c5500047f3b0 072b1920a14047d1b6503354b06803bf cecf95e9ceee4e7eae4b98d6bf3d390d - - default default] 10.0.0.20 "DELETE /v2.0/security-group-rules/6aeafe9d-f0ca-4e59-b887-443c2626e25f HTTP/1.1" status: 204 len: 168 time: 0.1027982
2026-02-27 19:25:22.701 9 INFO neutron.wsgi [None req-dda3e6d3-e455-4c5a-84ee-6b6b3cee9593 072b1920a14047d1b6503354b06803bf cecf95e9ceee4e7eae4b98d6bf3d390d - - default default] 10.0.0.20 "GET /v2.0/security-group-rules HTTP/1.1" status: 200 len: 3755 time: 0.0569713
2026-02-27 19:25:22.711 9 WARNING neutron_lib.context [None req-c6c566b6-7b52-4a0e-b9e9-7c9629c23c46 072b1920a14047d1b6503354b06803bf cecf95e9ceee4e7eae4b98d6bf3d390d - - default default] Method 'is_advsvc' is deprecated since 2023.2 release (neutron-lib 3.8.0) and will be removed once support for the old RBAC API policies will be removed from Neutron. Please use method 'is_service_role' instead.
2026-02-27 19:25:22.743 9 INFO neutron.db.securitygroups_db [None req-c6c566b6-7b52-4a0e-b9e9-7c9629c23c46 072b1920a14047d1b6503354b06803bf cecf95e9ceee4e7eae4b98d6bf3d390d - - default default] Project cecf95e9ceee4e7eae4b98d6bf3d390d added a security group rule with legacy IPv6 ICMP protocol name icmp, ipv6-icmp should be used instead. It was automatically converted.
2026-02-27 19:25:22.826 9 INFO neutron.db.ovn_revision_numbers_db [None req-c6c566b6-7b52-4a0e-b9e9-7c9629c23c46 072b1920a14047d1b6503354b06803bf cecf95e9ceee4e7eae4b98d6bf3d390d - - default default] Successfully bumped revision number for resource bb0babfb-192b-4548-8291-6634366b9ece (type: security_group_rules) to 0
2026-02-27 19:25:22.850 9 INFO neutron.wsgi [None req-c6c566b6-7b52-4a0e-b9e9-7c9629c23c46 072b1920a14047d1b6503354b06803bf cecf95e9ceee4e7eae4b98d6bf3d390d - - default default] 10.0.0.20 "POST /v2.0/security-group-rules HTTP/1.1" status: 201 len: 806 time: 0.1437078
2026-02-27 19:25:22.871 9 INFO neutron.wsgi [None req-0a4d2bb3-7300-40e6-9ede-2ffbc3ef9006 072b1920a14047d1b6503354b06803bf cecf95e9ceee4e7eae4b98d6bf3d390d - - default default] 10.0.0.20 "GET /v2.0/security-group-rules/bb0babfb-192b-4548-8291-6634366b9ece HTTP/1.1" status: 200 len: 801 time: 0.0157011
2026-02-27 19:25:22.936 9 INFO neutron.wsgi [None req-2d46bb59-e21f-4ef0-81a6-6141770828d2 072b1920a14047d1b6503354b06803bf cecf95e9ceee4e7eae4b98d6bf3d390d - - default default] 10.0.0.20 "GET /v2.0/security-group-rules HTTP/1.1" status: 200 len: 4339 time: 0.0592167
2026-02-27 19:25:23.059 9 INFO neutron.wsgi [None req-fe9b11e6-75e2-4037-8433-aa7c0840bf6c 072b1920a14047d1b6503354b06803bf cecf95e9ceee4e7eae4b98d6bf3d390d - - default default] 10.0.0.20 "DELETE /v2.0/security-group-rules/bb0babfb-192b-4548-8291-6634366b9ece HTTP/1.1" status: 204 len: 168 time: 0.1176329
2026-02-27 19:25:23.121 9 INFO neutron.wsgi [None req-ef9d7c7f-6e03-4f51-b5ef-c4a962c98c8f 072b1920a14047d1b6503354b06803bf cecf95e9ceee4e7eae4b98d6bf3d390d - - default default] 10.0.0.20 "GET /v2.0/security-group-rules HTTP/1.1" status: 200 len: 3755 time: 0.0572875
2026-02-27 19:25:23.178 10 WARNING neutron_lib.context [None req-72c1ecb0-804e-451a-b3f0-fe52ba968c12 d496bbff132344e58c010168a2222bbf cec87613ad864f9ba50a67adf13fcf44 - - default default] Method 'is_advsvc' is deprecated since 2023.2 release (neutron-lib 3.8.0) and will be removed once support for the old RBAC API policies will be removed from Neutron. Please use method 'is_service_role' instead.
2026-02-27 19:25:23.227 9 INFO neutron.wsgi [None req-30b8a825-84ac-4eb3-8870-20e322dd5129 072b1920a14047d1b6503354b06803bf cecf95e9ceee4e7eae4b98d6bf3d390d - - default default] 10.0.0.20 "DELETE /v2.0/security-groups/34d00796-876a-4abb-b841-35da2bc9b1c0 HTTP/1.1" status: 204 len: 168 time: 0.1001332
2026-02-27 19:25:23.271 9 INFO neutron.wsgi [None req-9aa3aa26-437f-472e-b0be-15495d2eccb7 072b1920a14047d1b6503354b06803bf cecf95e9ceee4e7eae4b98d6bf3d390d - - default default] 10.0.0.20 "GET /v2.0/security-groups HTTP/1.1" status: 200 len: 3120 time: 0.0388434
2026-02-27 19:25:23.326 9 INFO neutron.wsgi [None req-22450595-1e46-4215-be74-5f4964dee487 072b1920a14047d1b6503354b06803bf cecf95e9ceee4e7eae4b98d6bf3d390d - - default default] 10.0.0.20 "GET /v2.0/security-groups HTTP/1.1" status: 200 len: 3120 time: 0.0389588
2026-02-27 19:25:23.524 10 INFO neutron.db.ovn_revision_numbers_db [None req-da8bd4dc-828c-4867-ad52-dab54a1e667f d673f2ae1d40475095c0d21aef1ff1fa c7b0e8269e0840e1b57670fb8884d609 - - default default] Successfully bumped revision number for resource 9a6fb7c5-7d64-40ac-905f-4e467e854d16 (type: floatingips) to 1
2026-02-27 19:25:23.619 10 WARNING neutron.scheduler.dhcp_agent_scheduler [None req-72c1ecb0-804e-451a-b3f0-fe52ba968c12 d496bbff132344e58c010168a2222bbf cec87613ad864f9ba50a67adf13fcf44 - - default default] No more DHCP agents
2026-02-27 19:25:23.622 10 WARNING neutron.api.rpc.agentnotifiers.dhcp_rpc_agent_api [None req-72c1ecb0-804e-451a-b3f0-fe52ba968c12 d496bbff132344e58c010168a2222bbf cec87613ad864f9ba50a67adf13fcf44 - - default default] Unable to schedule network 7d087bdb-961f-4f32-a9a9-adf5ea602af2: no agents available; will retry on subsequent port and subnet creation events.
2026-02-27 19:25:23.686 10 INFO neutron.db.ovn_revision_numbers_db [None req-da8bd4dc-828c-4867-ad52-dab54a1e667f d673f2ae1d40475095c0d21aef1ff1fa c7b0e8269e0840e1b57670fb8884d609 - - default default] Successfully bumped revision number for resource 9a6fb7c5-7d64-40ac-905f-4e467e854d16 (type: floatingips) to 2
2026-02-27 19:25:23.686 10 INFO neutron.db.l3_db [None req-da8bd4dc-828c-4867-ad52-dab54a1e667f d673f2ae1d40475095c0d21aef1ff1fa c7b0e8269e0840e1b57670fb8884d609 - - default default] Floating IP 9a6fb7c5-7d64-40ac-905f-4e467e854d16 associated. External IP: 10.96.250.207, port: 6459657d-5cf5-474b-973a-f17db8beb2a7.
2026-02-27 19:25:23.730 10 INFO neutron.wsgi [None req-da8bd4dc-828c-4867-ad52-dab54a1e667f d673f2ae1d40475095c0d21aef1ff1fa c7b0e8269e0840e1b57670fb8884d609 - - default default] 10.0.0.20 "PUT /v2.0/floatingips/9a6fb7c5-7d64-40ac-905f-4e467e854d16 HTTP/1.1" status: 200 len: 1049 time: 1.2181599 /var/lib/openstack/lib/python3.10/site-packages/pycadf/identifier.py:71: UserWarning: Invalid uuid: neutron. To ensure interoperability, identifiers should be a valid uuid. warnings.warn(('Invalid uuid: %s. To ensure interoperability, '
2026-02-27 19:25:23.916 9 INFO neutron.wsgi [None req-ec1d0a43-d60a-4ede-a023-c8004450c07b 47c62716c03a4a4c96d809bc8d006bc6 1fdea886561b449284a7f80e9351b184 - - default default] 10.0.0.20 "GET /v2.0/security-groups?tenant_id=cecf95e9ceee4e7eae4b98d6bf3d390d&name=default HTTP/1.1" status: 200 len: 3120 time: 0.1740243
2026-02-27 19:25:24.023 10 INFO neutron.wsgi [req-330d7c1c-577f-4297-bf2e-a1858445d16a req-b6628570-3d88-4ef5-9042-40d33fc210d0 d673f2ae1d40475095c0d21aef1ff1fa c7b0e8269e0840e1b57670fb8884d609 - - default default] 10.0.0.156 "GET /v2.0/ports?device_id=8d6151de-ecf1-4e60-b5cd-b7df2065b610 HTTP/1.1" status: 200 len: 1170 time: 0.2478940
2026-02-27 19:25:24.049 10 INFO neutron.notifiers.nova [-] Nova event matching ['req-7f71cadb-3db4-4fa8-b115-e14009253687'] response: {'name': 'network-changed', 'server_uuid': '8d6151de-ecf1-4e60-b5cd-b7df2065b610', 'tag': '6459657d-5cf5-474b-973a-f17db8beb2a7', 'status': 'completed', 'code': 200}
2026-02-27 19:25:24.112 10 INFO neutron.wsgi [req-db588029-167e-4214-93ba-982e8af57249 req-d765ef53-8cf3-4d4a-8fe2-b3e0759d3ab7 89d5c116b2f34af191f252029d0cf57e f93db5426c7e42daaaaf664590872084 - - 6f7b00aaeedb4e52a68b5d418fcd20ae 6f7b00aaeedb4e52a68b5d418fcd20ae] 199.204.45.49 "GET /v2.0/ports?tenant_id=c7b0e8269e0840e1b57670fb8884d609&device_id=8d6151de-ecf1-4e60-b5cd-b7df2065b610 HTTP/1.1" status: 200 len: 1409 time: 0.0545349
2026-02-27 19:25:24.119 10 INFO neutron.wsgi [req-330d7c1c-577f-4297-bf2e-a1858445d16a req-13493320-0387-4bed-b3a5-d7d6b7a6dfa8 d673f2ae1d40475095c0d21aef1ff1fa c7b0e8269e0840e1b57670fb8884d609 - - default default] 10.0.0.156 "GET /v2.0/security-groups?id=9e9f4c60-f277-4171-83fe-3c24efe7239e&fields=id&fields=name HTTP/1.1" status: 200 len: 313 time: 0.0874295
2026-02-27 19:25:24.130 9 INFO neutron.wsgi [None req-df0069d9-7201-4f9b-ae0f-00260adf48e3 47c62716c03a4a4c96d809bc8d006bc6 1fdea886561b449284a7f80e9351b184 - - default default] 10.0.0.20 "DELETE /v2.0/security-groups/16564340-711a-4fa3-855d-329b124e73ad HTTP/1.1" status: 204 len: 168 time: 0.2079022
2026-02-27 19:25:24.188 10 INFO neutron.wsgi [req-db588029-167e-4214-93ba-982e8af57249 req-f8cda846-c62e-4a99-b941-dee523242899 89d5c116b2f34af191f252029d0cf57e f93db5426c7e42daaaaf664590872084 - - 6f7b00aaeedb4e52a68b5d418fcd20ae 6f7b00aaeedb4e52a68b5d418fcd20ae] 199.204.45.49 "GET /v2.0/networks?id=4c10dc90-82f5-41ef-966a-6258cc6730c4 HTTP/1.1" status: 200 len: 972 time: 0.0691423
2026-02-27 19:25:24.256 10 INFO neutron.wsgi [req-db588029-167e-4214-93ba-982e8af57249 req-f5e589f3-b42a-454b-91a9-46792ca1db84 89d5c116b2f34af191f252029d0cf57e f93db5426c7e42daaaaf664590872084 - - 6f7b00aaeedb4e52a68b5d418fcd20ae 6f7b00aaeedb4e52a68b5d418fcd20ae] 199.204.45.49 "GET /v2.0/floatingips?fixed_ip_address=10.100.0.4&port_id=6459657d-5cf5-474b-973a-f17db8beb2a7 HTTP/1.1" status: 200 len: 1059 time: 0.0606122
2026-02-27 19:25:24.285 10 INFO neutron.wsgi [None req-72c1ecb0-804e-451a-b3f0-fe52ba968c12 d496bbff132344e58c010168a2222bbf cec87613ad864f9ba50a67adf13fcf44 - - default default] 10.0.0.20 "POST /v2.0/floatingips HTTP/1.1" status: 201 len: 751 time: 1.2685182
2026-02-27 19:25:24.293 10 INFO neutron.wsgi [req-db588029-167e-4214-93ba-982e8af57249 req-badaf16d-ab42-4e55-b153-ad6b3d36ab0d 89d5c116b2f34af191f252029d0cf57e f93db5426c7e42daaaaf664590872084 - - 6f7b00aaeedb4e52a68b5d418fcd20ae 6f7b00aaeedb4e52a68b5d418fcd20ae] 199.204.45.49 "GET /v2.0/subnets?id=3aa59b69-e50a-4c73-8de8-cfbdde445fcd HTTP/1.1" status: 200 len: 867 time: 0.0294478
2026-02-27 19:25:24.304 10 WARNING neutron_lib.context [None req-268a8919-e917-4544-90de-262c3b0aa332 d496bbff132344e58c010168a2222bbf cec87613ad864f9ba50a67adf13fcf44 - - default default] Method 'is_advsvc' is deprecated since 2023.2 release (neutron-lib 3.8.0) and will be removed once support for the old RBAC API policies will be removed from Neutron. Please use method 'is_service_role' instead.
2026-02-27 19:25:24.328 10 INFO neutron.wsgi [req-db588029-167e-4214-93ba-982e8af57249 req-bce9f899-9c9e-4a89-9aac-56b642212e27 89d5c116b2f34af191f252029d0cf57e f93db5426c7e42daaaaf664590872084 - - 6f7b00aaeedb4e52a68b5d418fcd20ae 6f7b00aaeedb4e52a68b5d418fcd20ae] 199.204.45.49 "GET /v2.0/ports?network_id=4c10dc90-82f5-41ef-966a-6258cc6730c4&device_owner=network%3Adhcp HTTP/1.1" status: 200 len: 210 time: 0.0200138
2026-02-27 19:25:24.408 10 INFO neutron.plugins.ml2.drivers.ovn.mech_driver.mech_driver [None req-cd22cb5e-bbff-43fa-a989-1d0dd7f5d2c4 - - - - - -] OVN reports status down for port: 6459657d-5cf5-474b-973a-f17db8beb2a7
2026-02-27 19:25:24.420 9 INFO neutron.wsgi [req-998e8bd1-015f-4712-abff-6ebe44b40894 req-5c5a6b75-477b-4420-8ad2-22555ff3b466 d673f2ae1d40475095c0d21aef1ff1fa c7b0e8269e0840e1b57670fb8884d609 - - default default] 10.0.0.156 "GET /v2.0/ports?device_id=8d6151de-ecf1-4e60-b5cd-b7df2065b610 HTTP/1.1" status: 200 len: 1170 time: 0.0639980
2026-02-27 19:25:24.472 10 INFO neutron.wsgi [req-db588029-167e-4214-93ba-982e8af57249 req-6994a2ab-933c-421d-805e-f6cac8a7a3c7 89d5c116b2f34af191f252029d0cf57e f93db5426c7e42daaaaf664590872084 - - 6f7b00aaeedb4e52a68b5d418fcd20ae 6f7b00aaeedb4e52a68b5d418fcd20ae] 199.204.45.49 "GET /v2.0/networks/4c10dc90-82f5-41ef-966a-6258cc6730c4?fields=segments HTTP/1.1" status: 200 len: 212 time: 0.1343684
2026-02-27 19:25:24.492 9 INFO neutron.wsgi [req-998e8bd1-015f-4712-abff-6ebe44b40894 req-2648573a-eca9-439c-a8bb-69fc2ebb78b8 d673f2ae1d40475095c0d21aef1ff1fa c7b0e8269e0840e1b57670fb8884d609 - - default default] 10.0.0.156 "GET /v2.0/security-groups?id=9e9f4c60-f277-4171-83fe-3c24efe7239e&fields=id&fields=name HTTP/1.1" status: 200 len: 313 time: 0.0590010
2026-02-27 19:25:24.590 10 INFO neutron.wsgi [req-db588029-167e-4214-93ba-982e8af57249 req-4c11a008-47c4-4028-b8ae-2159ceadc2dd 89d5c116b2f34af191f252029d0cf57e f93db5426c7e42daaaaf664590872084 - - 6f7b00aaeedb4e52a68b5d418fcd20ae 6f7b00aaeedb4e52a68b5d418fcd20ae] 199.204.45.49 "GET /v2.0/networks/4c10dc90-82f5-41ef-966a-6258cc6730c4?fields=provider%3Aphysical_network&fields=provider%3Anetwork_type HTTP/1.1" status: 200 len: 277 time: 0.1127455
2026-02-27 19:25:24.647 10 WARNING neutron_lib.context [None req-dce38f17-0c64-4ca3-ae6c-f93e59001bdd 7457be0eae544e25a6cb3a1c525d2210 e53a4f11b89d4549abc6cf5a026ea68c - - default default] Method 'is_advsvc' is deprecated since 2023.2 release (neutron-lib 3.8.0) and will be removed once support for the old RBAC API policies will be removed from Neutron. Please use method 'is_service_role' instead.
2026-02-27 19:25:24.755 10 INFO neutron.wsgi [req-c2b4741f-1e76-4db9-8fc2-7eee69d02f4b req-f4b5db88-8bfd-4f45-a755-eeb50e1c6245 d673f2ae1d40475095c0d21aef1ff1fa c7b0e8269e0840e1b57670fb8884d609 - - default default] 199.204.45.49 "GET /v2.0/ports?device_id=8d6151de-ecf1-4e60-b5cd-b7df2065b610 HTTP/1.1" status: 200 len: 1168 time: 0.0676122
2026-02-27 19:25:24.801 10 INFO neutron.wsgi [None req-dce38f17-0c64-4ca3-ae6c-f93e59001bdd 7457be0eae544e25a6cb3a1c525d2210 e53a4f11b89d4549abc6cf5a026ea68c - - default default] 10.0.0.20 "POST /v2.0/subnetpools HTTP/1.1" status: 201 len: 748 time: 0.3626728
2026-02-27 19:25:24.835 9 INFO neutron.wsgi [None req-4711425d-40fb-41eb-b720-6e5076603505 7457be0eae544e25a6cb3a1c525d2210 e53a4f11b89d4549abc6cf5a026ea68c - - default default] 10.0.0.20 "GET /v2.0/subnetpools/e26a41af-11fb-49bc-964f-b8490a76b4d4 HTTP/1.1" status: 200 len: 743 time: 0.0294759
2026-02-27 19:25:24.850 10 WARNING neutron.scheduler.dhcp_agent_scheduler [None req-268a8919-e917-4544-90de-262c3b0aa332 d496bbff132344e58c010168a2222bbf cec87613ad864f9ba50a67adf13fcf44 - - default default] No more DHCP agents
2026-02-27 19:25:24.852 10 WARNING neutron.api.rpc.agentnotifiers.dhcp_rpc_agent_api [None req-268a8919-e917-4544-90de-262c3b0aa332 d496bbff132344e58c010168a2222bbf cec87613ad864f9ba50a67adf13fcf44 - - default default] Unable to schedule network 7d087bdb-961f-4f32-a9a9-adf5ea602af2: no agents available; will retry on subsequent port and subnet creation events.
2026-02-27 19:25:24.898 9 INFO neutron.wsgi [None req-62d7cc8a-6330-482e-8bf1-d00ab9579c6b 7457be0eae544e25a6cb3a1c525d2210 e53a4f11b89d4549abc6cf5a026ea68c - - default default] 10.0.0.20 "PUT /v2.0/subnetpools/e26a41af-11fb-49bc-964f-b8490a76b4d4 HTTP/1.1" status: 200 len: 695 time: 0.0566144
2026-02-27 19:25:24.965 9 INFO neutron.wsgi [None req-6422539c-3daf-4efd-8d29-2a5f49dd7921 7457be0eae544e25a6cb3a1c525d2210 e53a4f11b89d4549abc6cf5a026ea68c - - default default] 10.0.0.20 "DELETE /v2.0/subnetpools/e26a41af-11fb-49bc-964f-b8490a76b4d4 HTTP/1.1" status: 204 len: 168 time: 0.0628784
2026-02-27 19:25:24.980 9 INFO neutron.api.v2.resource [None req-8f5f4053-dff8-4cdf-aa95-c223bd7dbf91 7457be0eae544e25a6cb3a1c525d2210 e53a4f11b89d4549abc6cf5a026ea68c - - default default] show failed (client error): The resource could not be found.
2026-02-27 19:25:24.981 9 INFO neutron.wsgi [None req-8f5f4053-dff8-4cdf-aa95-c223bd7dbf91 7457be0eae544e25a6cb3a1c525d2210 e53a4f11b89d4549abc6cf5a026ea68c - - default default] 10.0.0.20 "GET /v2.0/subnetpools/e26a41af-11fb-49bc-964f-b8490a76b4d4 HTTP/1.1" status: 404 len: 346 time: 0.0113437
2026-02-27 19:25:24.998 9 INFO neutron.api.v2.resource [None req-32f7e8ec-5576-46d6-9fe2-031aa1eb2639 7457be0eae544e25a6cb3a1c525d2210 e53a4f11b89d4549abc6cf5a026ea68c - - default default] delete failed (client error): The resource could not be found.
2026-02-27 19:25:24.999 9 INFO neutron.wsgi [None req-32f7e8ec-5576-46d6-9fe2-031aa1eb2639 7457be0eae544e25a6cb3a1c525d2210 e53a4f11b89d4549abc6cf5a026ea68c - - default default] 10.0.0.20 "DELETE /v2.0/subnetpools/e26a41af-11fb-49bc-964f-b8490a76b4d4 HTTP/1.1" status: 404 len: 346 time: 0.0143127
2026-02-27 19:25:24.998 10 INFO neutron.db.ovn_revision_numbers_db [None req-cd22cb5e-bbff-43fa-a989-1d0dd7f5d2c4 - - - - - -] Successfully bumped revision number for resource 6459657d-5cf5-474b-973a-f17db8beb2a7 (type: ports) to 5
2026-02-27 19:25:25.452 10 INFO neutron.db.l3_db [req-c2b4741f-1e76-4db9-8fc2-7eee69d02f4b req-8e3468e0-9aee-4f07-a126-ca8b306e3edd d673f2ae1d40475095c0d21aef1ff1fa c7b0e8269e0840e1b57670fb8884d609 - - default default] Floating IP 9a6fb7c5-7d64-40ac-905f-4e467e854d16 disassociated. External IP: 10.96.250.207, port: 6459657d-5cf5-474b-973a-f17db8beb2a7.
2026-02-27 19:25:25.490 10 INFO neutron.wsgi [None req-268a8919-e917-4544-90de-262c3b0aa332 d496bbff132344e58c010168a2222bbf cec87613ad864f9ba50a67adf13fcf44 - - default default] 10.0.0.20 "POST /v2.0/floatingips HTTP/1.1" status: 201 len: 751 time: 1.1934865
2026-02-27 19:25:25.498 9 WARNING neutron_lib.context [None req-a8e2bf74-451e-4ac5-9a9d-bed3cc4380a8 d496bbff132344e58c010168a2222bbf cec87613ad864f9ba50a67adf13fcf44 - - default default] Method 'is_advsvc' is deprecated since 2023.2 release (neutron-lib 3.8.0) and will be removed once support for the old RBAC API policies will be removed from Neutron. Please use method 'is_service_role' instead. /var/lib/openstack/lib/python3.10/site-packages/pycadf/identifier.py:71: UserWarning: Invalid uuid: neutron. To ensure interoperability, identifiers should be a valid uuid. warnings.warn(('Invalid uuid: %s. To ensure interoperability, '
2026-02-27 19:25:25.590 10 INFO neutron.wsgi [req-393dc3f9-a2ed-4155-be24-785b84a76bbc req-6c07f683-934f-4481-afe7-668f176528ee d673f2ae1d40475095c0d21aef1ff1fa c7b0e8269e0840e1b57670fb8884d609 - - default default] 10.0.0.156 "GET /v2.0/ports?device_id=8d6151de-ecf1-4e60-b5cd-b7df2065b610 HTTP/1.1" status: 200 len: 210 time: 0.0330415
2026-02-27 19:25:25.616 10 INFO neutron.wsgi [req-c2b4741f-1e76-4db9-8fc2-7eee69d02f4b req-8e3468e0-9aee-4f07-a126-ca8b306e3edd d673f2ae1d40475095c0d21aef1ff1fa c7b0e8269e0840e1b57670fb8884d609 - - default default] 199.204.45.49 "DELETE /v2.0/ports/6459657d-5cf5-474b-973a-f17db8beb2a7 HTTP/1.1" status: 204 len: 173 time: 0.8559558
2026-02-27 19:25:25.765 9 WARNING neutron.scheduler.dhcp_agent_scheduler [None req-a8e2bf74-451e-4ac5-9a9d-bed3cc4380a8 d496bbff132344e58c010168a2222bbf cec87613ad864f9ba50a67adf13fcf44 - - default default] No more DHCP agents
2026-02-27 19:25:25.768 9 WARNING neutron.api.rpc.agentnotifiers.dhcp_rpc_agent_api [None req-a8e2bf74-451e-4ac5-9a9d-bed3cc4380a8 d496bbff132344e58c010168a2222bbf cec87613ad864f9ba50a67adf13fcf44 - - default default] Unable to schedule network 7d087bdb-961f-4f32-a9a9-adf5ea602af2: no agents available; will retry on subsequent port and subnet creation events.
2026-02-27 19:25:25.861 9 INFO neutron.db.ovn_revision_numbers_db [None req-96f2d7cb-2078-45d9-a679-2c1cc575fa56 47c62716c03a4a4c96d809bc8d006bc6 1fdea886561b449284a7f80e9351b184 - - default default] Successfully bumped revision number for resource 6e344441-5876-4a58-a45b-b7998de7048e (type: security_groups) to 1
2026-02-27 19:25:25.887 9 INFO neutron.db.ovn_revision_numbers_db [None req-96f2d7cb-2078-45d9-a679-2c1cc575fa56 47c62716c03a4a4c96d809bc8d006bc6 1fdea886561b449284a7f80e9351b184 - - default default] Successfully bumped revision number for resource 0992a241-8f4f-41a0-8a6a-2c578d465a5f (type: security_group_rules) to 0
2026-02-27 19:25:25.900 9 INFO neutron.db.ovn_revision_numbers_db [None req-96f2d7cb-2078-45d9-a679-2c1cc575fa56 47c62716c03a4a4c96d809bc8d006bc6 1fdea886561b449284a7f80e9351b184 - - default default] Successfully bumped revision number for resource 7c47cf17-38b7-4ec3-babc-1702bdf50598 (type: security_group_rules) to 0
2026-02-27 19:25:25.924 9 INFO neutron.db.ovn_revision_numbers_db [None req-96f2d7cb-2078-45d9-a679-2c1cc575fa56 47c62716c03a4a4c96d809bc8d006bc6 1fdea886561b449284a7f80e9351b184 - - default default] Successfully bumped revision number for resource b43416dc-5954-4bf2-aadf-d9c3e1eb2495 (type: security_group_rules) to 0
2026-02-27 19:25:25.949 9 INFO neutron.db.ovn_revision_numbers_db [None req-96f2d7cb-2078-45d9-a679-2c1cc575fa56 47c62716c03a4a4c96d809bc8d006bc6 1fdea886561b449284a7f80e9351b184 - - default default] Successfully bumped revision number for resource f8549c91-3634-46fd-81a6-cdefafe5ff8b (type: security_group_rules) to 0
2026-02-27 19:25:25.974 9 INFO neutron.wsgi [None req-96f2d7cb-2078-45d9-a679-2c1cc575fa56 47c62716c03a4a4c96d809bc8d006bc6 1fdea886561b449284a7f80e9351b184 - - default default] 10.0.0.20 "GET /v2.0/security-groups?tenant_id=e53a4f11b89d4549abc6cf5a026ea68c&name=default HTTP/1.1" status: 200 len: 3120 time: 0.4877396
2026-02-27 19:25:26.082 9 INFO neutron.wsgi [None req-a8e2bf74-451e-4ac5-9a9d-bed3cc4380a8 d496bbff132344e58c010168a2222bbf cec87613ad864f9ba50a67adf13fcf44 - - default default] 10.0.0.20 "POST /v2.0/floatingips HTTP/1.1" status: 201 len: 751 time: 0.5890450
2026-02-27 19:25:26.089 10 INFO neutron.notifiers.nova [-] Nova event matching ['req-d5824e36-22df-4a54-a815-c22c7a9b0f95'] response: {'server_uuid': '8d6151de-ecf1-4e60-b5cd-b7df2065b610', 'name': 'network-vif-unplugged', 'status': 'completed', 'tag': '6459657d-5cf5-474b-973a-f17db8beb2a7', 'code': 200}
2026-02-27 19:25:26.089 10 INFO neutron.notifiers.nova [-] Nova event matching ['req-d5824e36-22df-4a54-a815-c22c7a9b0f95'] response: {'server_uuid': '8d6151de-ecf1-4e60-b5cd-b7df2065b610', 'name': 'network-vif-unplugged', 'status': 'completed', 'tag': '6459657d-5cf5-474b-973a-f17db8beb2a7', 'code': 200}
2026-02-27 19:25:26.090 10 INFO neutron.notifiers.nova [-] Nova event matching ['req-d5824e36-22df-4a54-a815-c22c7a9b0f95'] response: {'server_uuid': '8d6151de-ecf1-4e60-b5cd-b7df2065b610', 'name': 'network-vif-deleted', 'tag': '6459657d-5cf5-474b-973a-f17db8beb2a7', 'status': 'completed', 'code': 200}
2026-02-27 19:25:26.094 9 WARNING neutron_lib.context [None req-ee57ae81-91e6-4e9d-b991-0274ad26ad39 d496bbff132344e58c010168a2222bbf cec87613ad864f9ba50a67adf13fcf44 - - default default] Method 'is_advsvc' is deprecated since 2023.2 release (neutron-lib 3.8.0) and will be removed once support for the old RBAC API policies will be removed from Neutron. Please use method 'is_service_role' instead.
2026-02-27 19:25:26.205 10 INFO neutron.wsgi [None req-fb740a7b-3e21-4aee-bcf4-c2dcf67be180 47c62716c03a4a4c96d809bc8d006bc6 1fdea886561b449284a7f80e9351b184 - - default default] 10.0.0.20 "DELETE /v2.0/security-groups/6e344441-5876-4a58-a45b-b7998de7048e HTTP/1.1" status: 204 len: 168 time: 0.2244594
2026-02-27 19:25:26.301 9 WARNING neutron.scheduler.dhcp_agent_scheduler [None req-ee57ae81-91e6-4e9d-b991-0274ad26ad39 d496bbff132344e58c010168a2222bbf cec87613ad864f9ba50a67adf13fcf44 - - default default] No more DHCP agents
2026-02-27 19:25:26.304 9 WARNING neutron.api.rpc.agentnotifiers.dhcp_rpc_agent_api [None req-ee57ae81-91e6-4e9d-b991-0274ad26ad39 d496bbff132344e58c010168a2222bbf cec87613ad864f9ba50a67adf13fcf44 - - default default] Unable to schedule network 7d087bdb-961f-4f32-a9a9-adf5ea602af2: no agents available; will retry on subsequent port and subnet creation events.
2026-02-27 19:25:26.610 9 INFO neutron.wsgi [None req-ee57ae81-91e6-4e9d-b991-0274ad26ad39 d496bbff132344e58c010168a2222bbf cec87613ad864f9ba50a67adf13fcf44 - - default default] 10.0.0.20 "POST /v2.0/floatingips HTTP/1.1" status: 201 len: 751 time: 0.5199628
2026-02-27 19:25:26.620 9 WARNING neutron_lib.context [None req-294b345f-4487-4c94-a05f-604237f70faa d496bbff132344e58c010168a2222bbf cec87613ad864f9ba50a67adf13fcf44 - - default default] Method 'is_advsvc' is deprecated since 2023.2 release (neutron-lib 3.8.0) and will be removed once support for the old RBAC API policies will be removed from Neutron. Please use method 'is_service_role' instead.
2026-02-27 19:25:26.873 9 INFO neutron.wsgi [None req-3c0753aa-23d3-46a8-a1b6-ffd8dff9b0f7 d673f2ae1d40475095c0d21aef1ff1fa c7b0e8269e0840e1b57670fb8884d609 - - default default] 10.0.0.20 "DELETE /v2.0/security-groups/9e9f4c60-f277-4171-83fe-3c24efe7239e HTTP/1.1" status: 204 len: 168 time: 0.1851857
2026-02-27 19:25:26.892 10 INFO neutron.api.v2.resource [None req-da5ade7b-2aaf-48db-af7b-37f5dd638edd d673f2ae1d40475095c0d21aef1ff1fa c7b0e8269e0840e1b57670fb8884d609 - - default default] show failed (client error): The resource could not be found.
2026-02-27 19:25:26.894 10 INFO neutron.wsgi [None req-da5ade7b-2aaf-48db-af7b-37f5dd638edd d673f2ae1d40475095c0d21aef1ff1fa c7b0e8269e0840e1b57670fb8884d609 - - default default] 10.0.0.20 "GET /v2.0/security-groups/9e9f4c60-f277-4171-83fe-3c24efe7239e HTTP/1.1" status: 404 len: 347 time: 0.0156717
2026-02-27 19:25:26.929 9 WARNING neutron.scheduler.dhcp_agent_scheduler [None req-294b345f-4487-4c94-a05f-604237f70faa d496bbff132344e58c010168a2222bbf cec87613ad864f9ba50a67adf13fcf44 - - default default] No more DHCP agents
2026-02-27 19:25:26.933 9 WARNING neutron.api.rpc.agentnotifiers.dhcp_rpc_agent_api [None req-294b345f-4487-4c94-a05f-604237f70faa d496bbff132344e58c010168a2222bbf cec87613ad864f9ba50a67adf13fcf44 - - default default] Unable to schedule network 7d087bdb-961f-4f32-a9a9-adf5ea602af2: no agents available; will retry on subsequent port and subnet creation events.
2026-02-27 19:25:27.227 9 INFO neutron.wsgi [None req-294b345f-4487-4c94-a05f-604237f70faa d496bbff132344e58c010168a2222bbf cec87613ad864f9ba50a67adf13fcf44 - - default default] 10.0.0.20 "POST /v2.0/floatingips HTTP/1.1" status: 201 len: 751 time: 0.6121883
2026-02-27 19:25:27.292 9 INFO neutron.wsgi [None req-0bfc4773-e393-4914-8bbf-41787e4666ab d496bbff132344e58c010168a2222bbf cec87613ad864f9ba50a67adf13fcf44 - - default default] 10.0.0.20 "PUT /v2.0/floatingips/6bc28647-344e-4835-86be-19a62c4d475c/tags HTTP/1.1" status: 200 len: 210 time: 0.0600100
2026-02-27 19:25:27.342 9 INFO neutron.wsgi [None req-94751bf8-d748-4ba2-8bcc-a27972ae5e55 d496bbff132344e58c010168a2222bbf cec87613ad864f9ba50a67adf13fcf44 - - default default] 10.0.0.20 "PUT /v2.0/floatingips/f524fd29-9199-4447-ac0a-8f049068501b/tags HTTP/1.1" status: 200 len: 218 time: 0.0447562
2026-02-27 19:25:27.392 9 INFO neutron.wsgi [None req-300613cc-62ca-42b8-b117-43abe6d06a6f d496bbff132344e58c010168a2222bbf cec87613ad864f9ba50a67adf13fcf44 - - default default] 10.0.0.20 "PUT /v2.0/floatingips/fb2565de-fd81-4b0b-923c-456cd9faefad/tags HTTP/1.1" status: 200 len: 227 time: 0.0443535
2026-02-27 19:25:27.430 9 INFO neutron.wsgi [None req-6f2a38e2-f128-489d-938f-722db1adcef7 d496bbff132344e58c010168a2222bbf cec87613ad864f9ba50a67adf13fcf44 - - default default] 10.0.0.20 "PUT /v2.0/floatingips/8cf720fd-bcb2-4230-ac7a-f4c9ee84b6e9/tags HTTP/1.1" status: 200 len: 212 time: 0.0340276
2026-02-27 19:25:27.475 10 INFO neutron.wsgi [None req-5944c656-5423-45ab-9303-f51238e92737 d673f2ae1d40475095c0d21aef1ff1fa c7b0e8269e0840e1b57670fb8884d609 - - default default] 10.0.0.20 "DELETE /v2.0/floatingips/9a6fb7c5-7d64-40ac-905f-4e467e854d16 HTTP/1.1" status: 204 len: 168 time: 0.5782578
2026-02-27 19:25:27.489 9 INFO neutron.wsgi [None req-83361326-6226-4153-9a34-2d247c177f3b d496bbff132344e58c010168a2222bbf cec87613ad864f9ba50a67adf13fcf44 - - default default] 10.0.0.20 "GET /v2.0/floatingips?tags=red HTTP/1.1" status: 200 len: 1866 time: 0.0535417
2026-02-27 19:25:27.535 9 INFO neutron.wsgi [None req-0eb827e6-12ce-4e44-992a-e246c0170892 d496bbff132344e58c010168a2222bbf cec87613ad864f9ba50a67adf13fcf44 - - default default] 10.0.0.20 "GET /v2.0/floatingips?tags=red%2Cblue HTTP/1.1" status: 200 len: 1323 time: 0.0419009
2026-02-27 19:25:27.584 9 INFO neutron.wsgi [None req-93a7ccba-cf4d-4ab5-b6eb-5e53afb61283 d496bbff132344e58c010168a2222bbf cec87613ad864f9ba50a67adf13fcf44 - - default default] 10.0.0.20 "GET /v2.0/floatingips?tags-any=blue HTTP/1.1" status: 200 len: 1323 time: 0.0445967
2026-02-27 19:25:27.650 10 INFO neutron.wsgi [None req-3cb75b50-dfbe-46f4-8863-484341c0d713 d496bbff132344e58c010168a2222bbf cec87613ad864f9ba50a67adf13fcf44 - - default default] 10.0.0.20 "GET /v2.0/floatingips?tags-any=red%2Cblue HTTP/1.1" status: 200 len: 1866 time: 0.0605237
2026-02-27 19:25:27.653 9 INFO neutron.db.ovn_revision_numbers_db [None req-ba869396-9a82-4115-bdba-433c0f163931 47c62716c03a4a4c96d809bc8d006bc6 1fdea886561b449284a7f80e9351b184 - - default default] Successfully bumped revision number for resource a920d24f-a326-49b3-bc5b-ffd50f915dee (type: security_groups) to 1
2026-02-27 19:25:27.692 9 INFO neutron.db.ovn_revision_numbers_db [None req-ba869396-9a82-4115-bdba-433c0f163931 47c62716c03a4a4c96d809bc8d006bc6 1fdea886561b449284a7f80e9351b184 - - default default] Successfully bumped revision number for resource 4d721457-5646-4514-ac59-8da00d7ac6e7 (type: security_group_rules) to 0
2026-02-27 19:25:27.701 9 INFO neutron.wsgi [None req-476fd99a-0cd4-4e11-b760-d3e39791a18e d496bbff132344e58c010168a2222bbf cec87613ad864f9ba50a67adf13fcf44 - - default default] 10.0.0.20 "GET /v2.0/floatingips?not-tags=red HTTP/1.1" status: 200 len: 1295 time: 0.0453031
2026-02-27 19:25:27.722 9 INFO neutron.db.ovn_revision_numbers_db [None req-ba869396-9a82-4115-bdba-433c0f163931 47c62716c03a4a4c96d809bc8d006bc6 1fdea886561b449284a7f80e9351b184 - - default default] Successfully bumped revision number for resource 5932faf1-7736-4b7e-a555-f69924a1ccab (type: security_group_rules) to 0
2026-02-27 19:25:27.761 9 INFO neutron.wsgi [None req-2b458189-e5dd-4b1d-800f-2fc94e210767 d496bbff132344e58c010168a2222bbf cec87613ad864f9ba50a67adf13fcf44 - - default default] 10.0.0.20 "GET /v2.0/floatingips?not-tags=red%2Cblue HTTP/1.1" status: 200 len: 1838 time: 0.0538056
2026-02-27 19:25:27.772 9 INFO neutron.db.ovn_revision_numbers_db [None req-ba869396-9a82-4115-bdba-433c0f163931 47c62716c03a4a4c96d809bc8d006bc6 1fdea886561b449284a7f80e9351b184 - - default default] Successfully bumped revision number for resource 6754202b-9c05-4a4b-b0d9-d055226cfbc0 (type: security_group_rules) to 0
2026-02-27 19:25:27.808 9 INFO neutron.wsgi [None req-8b158412-21fa-43e2-ba27-79d75364ea7e d496bbff132344e58c010168a2222bbf cec87613ad864f9ba50a67adf13fcf44 - - default default] 10.0.0.20 "GET /v2.0/floatingips?not-tags-any=blue HTTP/1.1" status: 200 len: 1838 time: 0.0415192
2026-02-27 19:25:27.814 9 INFO neutron.db.ovn_revision_numbers_db [None req-ba869396-9a82-4115-bdba-433c0f163931 47c62716c03a4a4c96d809bc8d006bc6 1fdea886561b449284a7f80e9351b184 - - default default] Successfully bumped revision number for resource 67f3a0f1-e21d-42eb-8077-32beef97f37a (type: security_group_rules) to 0
2026-02-27 19:25:27.850 9 INFO neutron.wsgi [None req-ba869396-9a82-4115-bdba-433c0f163931 47c62716c03a4a4c96d809bc8d006bc6 1fdea886561b449284a7f80e9351b184 - - default default] 10.0.0.20 "GET /v2.0/security-groups?tenant_id=5d0738365ae84d1eab213feedada4a57&name=default HTTP/1.1" status: 200 len: 3120 time: 0.5853126
2026-02-27 19:25:27.854 9 INFO neutron.wsgi [None req-11161edc-4793-4884-b348-6b2305612315 d496bbff132344e58c010168a2222bbf cec87613ad864f9ba50a67adf13fcf44 - - default default] 10.0.0.20 "GET /v2.0/floatingips?not-tags-any=red%2Cblue HTTP/1.1" status: 200 len: 1295 time: 0.0408785
2026-02-27 19:25:28.071 9 INFO neutron.wsgi [None req-e5035041-9c42-441c-8d85-caa538e87203 47c62716c03a4a4c96d809bc8d006bc6 1fdea886561b449284a7f80e9351b184 - - default default] 10.0.0.20 "DELETE /v2.0/security-groups/a920d24f-a326-49b3-bc5b-ffd50f915dee HTTP/1.1" status: 204 len: 168 time: 0.2149403
2026-02-27 19:25:28.306 10 INFO neutron.wsgi [None req-de61ec43-9f09-4afa-bd82-8e35a3bdc84b d496bbff132344e58c010168a2222bbf cec87613ad864f9ba50a67adf13fcf44 - - default default] 10.0.0.20 "DELETE /v2.0/floatingips/6bc28647-344e-4835-86be-19a62c4d475c HTTP/1.1" status: 204 len: 168 time: 0.4453576
2026-02-27 19:25:28.714 10 INFO neutron.wsgi [None req-72b283e2-9081-43d4-b1a2-19a804c9913d 47c62716c03a4a4c96d809bc8d006bc6 1fdea886561b449284a7f80e9351b184 - - default default] 10.0.0.20 "PUT /v2.0/routers/18c3d89d-1fb7-46a9-a643-1ddf2930f359/remove_router_interface HTTP/1.1" status: 200 len: 503 time: 1.2331247 /var/lib/openstack/lib/python3.10/site-packages/pycadf/identifier.py:71: UserWarning: Invalid uuid: neutron. To ensure interoperability, identifiers should be a valid uuid. warnings.warn(('Invalid uuid: %s. To ensure interoperability, '
2026-02-27 19:25:28.849 9 INFO neutron.wsgi [None req-9a2afc39-d7e6-4d12-b8e1-5a435deaef53 d496bbff132344e58c010168a2222bbf cec87613ad864f9ba50a67adf13fcf44 - - default default] 10.0.0.20 "DELETE /v2.0/floatingips/f524fd29-9199-4447-ac0a-8f049068501b HTTP/1.1" status: 204 len: 168 time: 0.5355346
2026-02-27 19:25:29.513 10 INFO neutron.wsgi [None req-988eb422-47a9-45d2-8b20-6b768369f91e d496bbff132344e58c010168a2222bbf cec87613ad864f9ba50a67adf13fcf44 - - default default] 10.0.0.20 "DELETE /v2.0/floatingips/fb2565de-fd81-4b0b-923c-456cd9faefad HTTP/1.1" status: 204 len: 168 time: 0.6592064
2026-02-27 19:25:29.861 10 INFO neutron.wsgi [None req-0c769932-1c70-4747-a186-20f0a37bd15a 47c62716c03a4a4c96d809bc8d006bc6 1fdea886561b449284a7f80e9351b184 - - default default] 10.0.0.20 "DELETE /v2.0/routers/18c3d89d-1fb7-46a9-a643-1ddf2930f359 HTTP/1.1" status: 204 len: 168 time: 1.1420448
2026-02-27 19:25:29.907 9 INFO neutron.wsgi [None req-6c50262c-8576-406f-839e-2edd2f338ad4 d496bbff132344e58c010168a2222bbf cec87613ad864f9ba50a67adf13fcf44 - - default default] 10.0.0.20 "DELETE /v2.0/floatingips/8cf720fd-bcb2-4230-ac7a-f4c9ee84b6e9 HTTP/1.1" status: 204 len: 168 time: 0.3861365
2026-02-27 19:25:30.080 10 INFO neutron.wsgi [None req-4c8f600b-b12c-4501-b212-3d471e85642d 47c62716c03a4a4c96d809bc8d006bc6 1fdea886561b449284a7f80e9351b184 - - default default] 10.0.0.20 "DELETE /v2.0/subnets/3aa59b69-e50a-4c73-8de8-cfbdde445fcd HTTP/1.1" status: 204 len: 168 time: 0.2141364
2026-02-27 19:25:30.260 9 INFO neutron.wsgi [None req-a8c0efc5-9902-4bdf-a387-afadc7dfc2f8 d496bbff132344e58c010168a2222bbf cec87613ad864f9ba50a67adf13fcf44 - - default default] 10.0.0.20 "DELETE /v2.0/floatingips/a3c0f345-dc2b-4e71-ae1f-81095b200329 HTTP/1.1" status: 204 len: 168 time: 0.3474677
2026-02-27 19:25:30.478 10 INFO neutron.services.segments.plugin [-] Segment 633f197f-ed47-4c3c-ad40-f7ca46cb1852 resource provider aggregate not found
2026-02-27 19:25:30.484 10 INFO neutron.services.segments.plugin [-] Segment 633f197f-ed47-4c3c-ad40-f7ca46cb1852 resource provider aggregate not found
2026-02-27 19:25:30.500 10 INFO neutron.services.segments.plugin [-] Segment 633f197f-ed47-4c3c-ad40-f7ca46cb1852 resource provider not found; error: Placement Client Error (4xx): {"errors": [{"status": 404, "title": "Not Found", "detail": "The resource could not be found.\n\n No resource provider with uuid 633f197f-ed47-4c3c-ad40-f7ca46cb1852 found for delete ", "request_id": "req-414b1bce-0704-49b7-9cbd-85e081af985b"}]}
2026-02-27 19:25:30.507 10 INFO neutron.services.segments.plugin [-] Segment 633f197f-ed47-4c3c-ad40-f7ca46cb1852 resource provider not found; error: Placement Client Error (4xx): {"errors": [{"status": 404, "title": "Not Found", "detail": "The resource could not be found.\n\n No resource provider with uuid 633f197f-ed47-4c3c-ad40-f7ca46cb1852 found for delete ", "request_id": "req-6cf3b851-d7be-494a-9032-5dcccbe6ef7f"}]}
2026-02-27 19:25:30.513 10 INFO neutron.wsgi [None req-fa53542d-2e79-4c4c-9c5c-6ec649e250a4 47c62716c03a4a4c96d809bc8d006bc6 1fdea886561b449284a7f80e9351b184 - - default default] 10.0.0.20 "DELETE /v2.0/networks/4c10dc90-82f5-41ef-966a-6258cc6730c4 HTTP/1.1" status: 204 len: 168 time: 0.4260302
2026-02-27 19:25:30.667 9 INFO neutron.wsgi [None req-d8300149-46ae-4ae4-b283-2927aaa5480e 47c62716c03a4a4c96d809bc8d006bc6 1fdea886561b449284a7f80e9351b184 - - default default] 10.0.0.20 "GET /v2.0/security-groups?tenant_id=c7b0e8269e0840e1b57670fb8884d609&name=default HTTP/1.1" status: 200 len: 3120 time: 0.0477176
2026-02-27 19:25:30.702 9 INFO neutron.db.ovn_revision_numbers_db [None req-44504c6d-d40e-440b-b7a6-5add3e020cdb 47c62716c03a4a4c96d809bc8d006bc6 1fdea886561b449284a7f80e9351b184 - - default default] Successfully bumped revision number for resource 09946fc6-8e4b-4644-a1d1-b2be8410f00c (type: security_groups) to 1
2026-02-27 19:25:30.720 9 INFO neutron.db.ovn_revision_numbers_db [None req-44504c6d-d40e-440b-b7a6-5add3e020cdb 47c62716c03a4a4c96d809bc8d006bc6 1fdea886561b449284a7f80e9351b184 - - default default] Successfully bumped revision number for resource 08ba19bd-d177-4430-b880-f7056e02e98d (type: security_group_rules) to 0
2026-02-27 19:25:30.736 9 INFO neutron.db.ovn_revision_numbers_db [None req-44504c6d-d40e-440b-b7a6-5add3e020cdb 47c62716c03a4a4c96d809bc8d006bc6 1fdea886561b449284a7f80e9351b184 - - default default] Successfully bumped revision number for resource 112caf47-a15f-4a92-8afb-4df188fd8689 (type: security_group_rules) to 0
2026-02-27 19:25:30.758 9 INFO neutron.db.ovn_revision_numbers_db [None req-44504c6d-d40e-440b-b7a6-5add3e020cdb 47c62716c03a4a4c96d809bc8d006bc6 1fdea886561b449284a7f80e9351b184 - - default default] Successfully bumped revision number for resource 760fb757-d2cd-4598-b022-c7541a76b161 (type: security_group_rules) to 0
2026-02-27 19:25:30.798 9 INFO neutron.db.ovn_revision_numbers_db [None req-44504c6d-d40e-440b-b7a6-5add3e020cdb 47c62716c03a4a4c96d809bc8d006bc6 1fdea886561b449284a7f80e9351b184 - - default default] Successfully bumped revision number for resource 9f365a04-e508-4fa0-84d9-48cc0574de21 (type: security_group_rules) to 0
2026-02-27 19:25:30.832 9 INFO neutron.wsgi [None req-44504c6d-d40e-440b-b7a6-5add3e020cdb 47c62716c03a4a4c96d809bc8d006bc6 1fdea886561b449284a7f80e9351b184 - - default default] 10.0.0.20 "GET /v2.0/security-groups?tenant_id=1c5411343e79488eaaaeb2f52b056102&name=default HTTP/1.1" status: 200 len: 3120 time: 0.4879522
2026-02-27 19:25:30.940 9 INFO neutron.wsgi [None req-562fdc08-04d0-422f-87c8-84cda1cb540b 47c62716c03a4a4c96d809bc8d006bc6 1fdea886561b449284a7f80e9351b184 - - default default] 10.0.0.20 "DELETE /v2.0/security-groups/a3ade1eb-95bc-4521-af71-71e8bed80a56 HTTP/1.1" status: 204 len: 168 time: 0.2665277
2026-02-27 19:25:31.082 10 INFO neutron.wsgi [None req-bb1ef78f-51a0-4618-8607-5eb8f6dc628e 47c62716c03a4a4c96d809bc8d006bc6 1fdea886561b449284a7f80e9351b184 - - default default] 10.0.0.20 "DELETE /v2.0/security-groups/09946fc6-8e4b-4644-a1d1-b2be8410f00c HTTP/1.1" status: 204 len: 168 time: 0.2373996
2026-02-27 19:25:31.394 10 INFO neutron.db.ovn_revision_numbers_db [None req-249db1c5-695b-427f-9664-7ef9cd5c732e 47c62716c03a4a4c96d809bc8d006bc6 1fdea886561b449284a7f80e9351b184 - - default default] Successfully bumped revision number for resource 3877ebb4-7566-48e9-96d2-c309273b4067 (type: security_groups) to 1
2026-02-27 19:25:31.407 10 INFO neutron.db.ovn_revision_numbers_db [None req-249db1c5-695b-427f-9664-7ef9cd5c732e 47c62716c03a4a4c96d809bc8d006bc6 1fdea886561b449284a7f80e9351b184 - - default default] Successfully bumped revision number for resource 78f4f32d-1a01-4526-b610-1fe143e93a0d (type: security_group_rules) to 0
2026-02-27 19:25:31.424 10 INFO neutron.db.ovn_revision_numbers_db [None req-249db1c5-695b-427f-9664-7ef9cd5c732e 47c62716c03a4a4c96d809bc8d006bc6 1fdea886561b449284a7f80e9351b184 - - default default] Successfully bumped revision number for resource 87a61dc2-b656-4a0c-9802-94406494d94f (type: security_group_rules) to 0
2026-02-27 19:25:31.440 10 INFO neutron.db.ovn_revision_numbers_db [None req-249db1c5-695b-427f-9664-7ef9cd5c732e 47c62716c03a4a4c96d809bc8d006bc6 1fdea886561b449284a7f80e9351b184 - - default default] Successfully bumped revision number for resource 8ead8731-6f9d-4560-9480-263d0e353b0c (type: security_group_rules) to 0
2026-02-27 19:25:31.454 10 INFO neutron.db.ovn_revision_numbers_db [None req-249db1c5-695b-427f-9664-7ef9cd5c732e 47c62716c03a4a4c96d809bc8d006bc6 1fdea886561b449284a7f80e9351b184 - - default default] Successfully bumped revision number for resource f9859f01-1bd5-4399-aec1-b57ebf0299a7 (type: security_group_rules) to 0
2026-02-27 19:25:31.505 10 INFO neutron.wsgi [None req-249db1c5-695b-427f-9664-7ef9cd5c732e 47c62716c03a4a4c96d809bc8d006bc6 1fdea886561b449284a7f80e9351b184 - - default default] 10.0.0.20 "GET /v2.0/security-groups?tenant_id=24adfeaff3794d4890a4a40c7a0a0689&name=default HTTP/1.1" status: 200 len: 3120 time: 0.4106941
2026-02-27 19:25:31.617 10 INFO neutron.db.ovn_revision_numbers_db [None req-611ccff4-0567-4f83-8c53-d26c80fb14e3 47c62716c03a4a4c96d809bc8d006bc6 1fdea886561b449284a7f80e9351b184 - - default default] Successfully bumped revision number for resource 9da8c9b5-48fe-4b72-99e7-aecae30858ab (type: security_groups) to 1
2026-02-27 19:25:31.630 10 INFO neutron.db.ovn_revision_numbers_db [None req-611ccff4-0567-4f83-8c53-d26c80fb14e3 47c62716c03a4a4c96d809bc8d006bc6 1fdea886561b449284a7f80e9351b184 - - default default] Successfully bumped revision number for resource 2c651a81-d78c-4de6-94c7-4f29087ae90b (type: security_group_rules) to 0
2026-02-27 19:25:31.648 10 INFO neutron.db.ovn_revision_numbers_db [None req-611ccff4-0567-4f83-8c53-d26c80fb14e3 47c62716c03a4a4c96d809bc8d006bc6 1fdea886561b449284a7f80e9351b184 - - default default] Successfully bumped revision number for resource 4a27ae8b-feb9-48d8-86d3-df9ab3018997 (type: security_group_rules) to 0
2026-02-27 19:25:31.662 10 INFO neutron.db.ovn_revision_numbers_db [None req-611ccff4-0567-4f83-8c53-d26c80fb14e3 47c62716c03a4a4c96d809bc8d006bc6 1fdea886561b449284a7f80e9351b184 - - default default] Successfully bumped revision number for resource 7889414b-82be-4a33-8dc0-b031cd95c010 (type: security_group_rules) to 0
2026-02-27 19:25:31.675 10 INFO neutron.db.ovn_revision_numbers_db [None req-611ccff4-0567-4f83-8c53-d26c80fb14e3 47c62716c03a4a4c96d809bc8d006bc6 1fdea886561b449284a7f80e9351b184 - - default default] Successfully bumped revision number for resource b8cfc4f8-af02-4808-b038-26078f975cdb (type: security_group_rules) to 0
2026-02-27 19:25:31.698 10 INFO neutron.wsgi [None req-611ccff4-0567-4f83-8c53-d26c80fb14e3 47c62716c03a4a4c96d809bc8d006bc6 1fdea886561b449284a7f80e9351b184 - - default default] 10.0.0.20 "GET /v2.0/security-groups?tenant_id=cec87613ad864f9ba50a67adf13fcf44&name=default HTTP/1.1" status: 200 len: 3120 time: 0.4737709
2026-02-27 19:25:31.768 9 INFO neutron.wsgi [None req-407b843f-24c9-4952-aa63-b3086614cdaf 47c62716c03a4a4c96d809bc8d006bc6 1fdea886561b449284a7f80e9351b184 - - default default] 10.0.0.20 "DELETE /v2.0/security-groups/3877ebb4-7566-48e9-96d2-c309273b4067 HTTP/1.1" status: 204 len: 168 time: 0.2581031
2026-02-27 19:25:31.981 9 INFO neutron.wsgi [None req-db764fdd-d4df-4665-8c5a-2365af80cabb 47c62716c03a4a4c96d809bc8d006bc6 1fdea886561b449284a7f80e9351b184 - - default default] 10.0.0.20 "DELETE /v2.0/security-groups/9da8c9b5-48fe-4b72-99e7-aecae30858ab HTTP/1.1" status: 204 len: 168 time: 0.2772295
2026-02-27 19:25:32.006 9 INFO neutron.db.ovn_revision_numbers_db [None req-5e1b30be-5057-41c3-92ea-0d3b55493610 47c62716c03a4a4c96d809bc8d006bc6 1fdea886561b449284a7f80e9351b184 - - default default] Successfully bumped revision number for resource bd7ede39-6584-4c88-b23e-112df0a8169a (type: security_groups) to 1
