2026-02-27 19:17:55.655 10 INFO neutron.wsgi [None req-9d9eaa9c-a9ca-4510-901f-ad2f8937bd06 47c62716c03a4a4c96d809bc8d006bc6 1fdea886561b449284a7f80e9351b184 - - default default] 10.0.0.177 "GET /v2.0/network-ip-availabilities HTTP/1.1" status: 200 len: 1280 time: 0.0151982
2026-02-27 19:17:55.684 10 INFO neutron.wsgi [None req-bad0e720-4ec8-4dda-aeb1-62db71792251 47c62716c03a4a4c96d809bc8d006bc6 1fdea886561b449284a7f80e9351b184 - - default default] 10.0.0.177 "GET /v2.0/subnets HTTP/1.1" status: 200 len: 1437 time: 0.0262873
2026-02-27 19:17:55.692 10 INFO neutron.wsgi [None req-157fa07d-845c-410f-a4f9-41123ecbb4a7 47c62716c03a4a4c96d809bc8d006bc6 1fdea886561b449284a7f80e9351b184 - - default default] 10.0.0.177 "GET /v2.0/subnetpools HTTP/1.1" status: 200 len: 193 time: 0.0071902
2026-02-27 19:17:55.716 10 INFO neutron.wsgi [None req-fda3d697-2fc6-4505-8034-c732e2f2acf7 47c62716c03a4a4c96d809bc8d006bc6 1fdea886561b449284a7f80e9351b184 - - default default] 10.0.0.177 "GET /v2.0/floatingips HTTP/1.1" status: 200 len: 193 time: 0.0233419
2026-02-27 19:17:55.776 10 INFO neutron.wsgi [None req-555f0dc3-4b9a-4a82-8aa4-9fe91689501e 47c62716c03a4a4c96d809bc8d006bc6 1fdea886561b449284a7f80e9351b184 - - default default] 10.0.0.177 "GET /v2.0/networks HTTP/1.1" status: 200 len: 2350 time: 0.0596879
2026-02-27 19:18:07.007 10 INFO neutron.wsgi [-] 10.0.0.146 "GET / HTTP/1.1" status: 200 len: 246 time: 0.0015783
2026-02-27 19:18:07.009 9 INFO neutron.wsgi [-] 10.0.0.146 "GET / HTTP/1.1" status: 200 len: 246 time: 0.0024469
2026-02-27 19:18:22.008 10 INFO neutron.wsgi [-] 10.0.0.146 "GET / HTTP/1.1" status: 200 len: 246 time: 0.0018594
2026-02-27 19:18:22.008 9 INFO neutron.wsgi [-] 10.0.0.146 "GET / HTTP/1.1" status: 200 len: 246 time: 0.0023599
2026-02-27 19:18:37.009 10 INFO neutron.wsgi [-] 10.0.0.146 "GET / HTTP/1.1" status: 200 len: 246 time: 0.0024009
2026-02-27 19:18:37.010 9 INFO neutron.wsgi [-] 10.0.0.146 "GET / HTTP/1.1" status: 200 len: 246 time: 0.0036218
2026-02-27 19:18:52.009 10 INFO neutron.wsgi [-] 10.0.0.146 "GET / HTTP/1.1" status: 200 len: 246 time: 0.0024827
2026-02-27 19:18:52.015 9 INFO neutron.wsgi [-] 10.0.0.146 "GET / HTTP/1.1" status: 200 len: 246 time: 0.0046198
2026-02-27 19:18:55.529 10 INFO neutron.wsgi [None req-6d221ee9-af2f-4959-98c4-cebde4ba07ae 47c62716c03a4a4c96d809bc8d006bc6 1fdea886561b449284a7f80e9351b184 - - default default] 10.0.0.177 "GET /v2.0/agents HTTP/1.1" status: 200 len: 1390 time: 0.2428732
2026-02-27 19:18:55.542 10 INFO neutron.wsgi [None req-016e484e-6272-4475-80c4-83f02d31c059 47c62716c03a4a4c96d809bc8d006bc6 1fdea886561b449284a7f80e9351b184 - - default default] 10.0.0.177 "GET /v2.0/network-ip-availabilities HTTP/1.1" status: 200 len: 1280 time: 0.0110359
2026-02-27 19:18:55.563 10 INFO neutron.wsgi [None req-7fc7b302-591c-49cb-98f5-a9031c8c8929 47c62716c03a4a4c96d809bc8d006bc6 1fdea886561b449284a7f80e9351b184 - - default default] 10.0.0.177 "GET /v2.0/floatingips HTTP/1.1" status: 200 len: 193 time: 0.0189986
2026-02-27 19:18:55.590 10 INFO neutron.wsgi [None req-5867d98d-c47e-4dec-a189-ae477db867cb 47c62716c03a4a4c96d809bc8d006bc6 1fdea886561b449284a7f80e9351b184 - - default default] 10.0.0.177 "GET /v2.0/subnets HTTP/1.1" status: 200 len: 1437 time: 0.0260136
2026-02-27 19:18:55.633 10 INFO neutron.wsgi [None req-ec9c073c-01a4-476e-9830-bbe119959b51 47c62716c03a4a4c96d809bc8d006bc6 1fdea886561b449284a7f80e9351b184 - - default default] 10.0.0.177 "GET /v2.0/ports HTTP/1.1" status: 200 len: 5351 time: 0.0429382
2026-02-27 19:18:55.677 10 INFO neutron.wsgi [None req-67bad3ac-3b62-42f6-b72a-233c1c93d190 47c62716c03a4a4c96d809bc8d006bc6 1fdea886561b449284a7f80e9351b184 - - default default] 10.0.0.177 "GET /v2.0/subnets HTTP/1.1" status: 200 len: 1437 time: 0.0385966
2026-02-27 19:18:55.686 10 INFO neutron.wsgi [None req-2a9d951d-2cae-4a8b-acfe-93dc0e116f52 47c62716c03a4a4c96d809bc8d006bc6 1fdea886561b449284a7f80e9351b184 - - default default] 10.0.0.177 "GET /v2.0/subnetpools HTTP/1.1" status: 200 len: 193 time: 0.0082231
2026-02-27 19:18:55.710 10 INFO neutron.wsgi [None req-2dd93c80-9071-4daa-83c1-326130ae7ea5 47c62716c03a4a4c96d809bc8d006bc6 1fdea886561b449284a7f80e9351b184 - - default default] 10.0.0.177 "GET /v2.0/routers HTTP/1.1" status: 200 len: 189 time: 0.0233254
2026-02-27 19:18:55.721 10 INFO neutron.wsgi [None req-79db6b34-d49c-4124-be99-34e236301241 47c62716c03a4a4c96d809bc8d006bc6 1fdea886561b449284a7f80e9351b184 - - default default] 10.0.0.177 "GET /v2.0/agents?binary=ovn-controller HTTP/1.1" status: 200 len: 591 time: 0.0109472
2026-02-27 19:18:55.793 10 INFO neutron.wsgi [None req-e7ee1fb3-2a60-4aa5-a49b-b9718221b114 47c62716c03a4a4c96d809bc8d006bc6 1fdea886561b449284a7f80e9351b184 - - default default] 10.0.0.177 "GET /v2.0/networks HTTP/1.1" status: 200 len: 2350 time: 0.0706875
2026-02-27 19:18:55.839 10 INFO neutron.wsgi [None req-3097d18c-5f51-430d-82d1-d0ae83b714fe 47c62716c03a4a4c96d809bc8d006bc6 1fdea886561b449284a7f80e9351b184 - - default default] 10.0.0.177 "GET /v2.0/security-groups HTTP/1.1" status: 200 len: 17578 time: 0.0437119
2026-02-27 19:19:07.009 9 INFO neutron.wsgi [-] 10.0.0.146 "GET / HTTP/1.1" status: 200 len: 246 time: 0.0024114
2026-02-27 19:19:07.009 10 INFO neutron.wsgi [-] 10.0.0.146 "GET / HTTP/1.1" status: 200 len: 246 time: 0.0024395
2026-02-27 19:19:22.008 10 INFO neutron.wsgi [-] 10.0.0.146 "GET / HTTP/1.1" status: 200 len: 246 time: 0.0015914
2026-02-27 19:19:22.010 9 INFO neutron.wsgi [-] 10.0.0.146 "GET / HTTP/1.1" status: 200 len: 246 time: 0.0032029
2026-02-27 19:19:37.009 10 INFO neutron.wsgi [-] 10.0.0.146 "GET / HTTP/1.1" status: 200 len: 246 time: 0.0027816
2026-02-27 19:19:37.010 9 INFO neutron.wsgi [-] 10.0.0.146 "GET / HTTP/1.1" status: 200 len: 246 time: 0.0033495
2026-02-27 19:19:52.008 9 INFO neutron.wsgi [-] 10.0.0.146 "GET / HTTP/1.1" status: 200 len: 246 time: 0.0017581
2026-02-27 19:19:52.009 10 INFO neutron.wsgi [-] 10.0.0.146 "GET / HTTP/1.1" status: 200 len: 246 time: 0.0026870 /var/lib/openstack/lib/python3.10/site-packages/pycadf/identifier.py:71: UserWarning: Invalid uuid: unknown. To ensure interoperability, identifiers should be a valid uuid. warnings.warn(('Invalid uuid: %s. To ensure interoperability, '
2026-02-27 19:19:52.944 10 INFO neutron.pecan_wsgi.hooks.translation [None req-69e1fa22-7ae0-4b35-b99c-e0ea88e2644b 47c62716c03a4a4c96d809bc8d006bc6 1fdea886561b449284a7f80e9351b184 - - default default] GET failed (client error): The resource could not be found.
2026-02-27 19:19:52.947 10 INFO neutron.wsgi [None req-69e1fa22-7ae0-4b35-b99c-e0ea88e2644b 47c62716c03a4a4c96d809bc8d006bc6 1fdea886561b449284a7f80e9351b184 - - default default] 199.204.45.49,10.0.0.146 "GET /v2.0/networks/public HTTP/1.1" status: 404 len: 290 time: 0.0778673
2026-02-27 19:19:53.018 10 INFO neutron.wsgi [None req-cdf491f5-9d34-453a-9af1-01b9093e9753 47c62716c03a4a4c96d809bc8d006bc6 1fdea886561b449284a7f80e9351b184 - - default default] 199.204.45.49,10.0.0.146 "GET /v2.0/networks?name=public HTTP/1.1" status: 200 len: 928 time: 0.0687983
2026-02-27 19:19:54.040 9 INFO neutron.pecan_wsgi.hooks.translation [None req-66ce8bea-c0f0-4b3e-85f3-414bf8634da4 47c62716c03a4a4c96d809bc8d006bc6 1fdea886561b449284a7f80e9351b184 - - default default] GET failed (client error): The resource could not be found.
2026-02-27 19:19:54.042 9 INFO neutron.wsgi [None req-66ce8bea-c0f0-4b3e-85f3-414bf8634da4 47c62716c03a4a4c96d809bc8d006bc6 1fdea886561b449284a7f80e9351b184 - - default default] 199.204.45.49,10.0.0.146 "GET /v2.0/networks/public HTTP/1.1" status: 404 len: 290 time: 0.0635159
2026-02-27 19:19:54.151 9 INFO neutron.wsgi [None req-f5aea0eb-5962-49d3-bb35-eacaed933f15 47c62716c03a4a4c96d809bc8d006bc6 1fdea886561b449284a7f80e9351b184 - - default default] 199.204.45.49,10.0.0.146 "GET /v2.0/networks?name=public HTTP/1.1" status: 200 len: 928 time: 0.1056814
2026-02-27 19:19:54.182 9 INFO neutron.pecan_wsgi.hooks.translation [None req-5573d2f3-124c-4a8f-bcd5-aa4472b07e08 47c62716c03a4a4c96d809bc8d006bc6 1fdea886561b449284a7f80e9351b184 - - default default] GET failed (client error): The resource could not be found.
2026-02-27 19:19:54.183 9 INFO neutron.wsgi [None req-5573d2f3-124c-4a8f-bcd5-aa4472b07e08 47c62716c03a4a4c96d809bc8d006bc6 1fdea886561b449284a7f80e9351b184 - - default default] 199.204.45.49,10.0.0.146 "GET /v2.0/subnets/public-subnet?network_id=7d087bdb-961f-4f32-a9a9-adf5ea602af2 HTTP/1.1" status: 404 len: 295 time: 0.0237067
2026-02-27 19:19:54.228 9 INFO neutron.wsgi [None req-94b91071-a90c-44c5-a2e1-836936c5b60a 47c62716c03a4a4c96d809bc8d006bc6 1fdea886561b449284a7f80e9351b184 - - default default] 199.204.45.49,10.0.0.146 "GET /v2.0/subnets?name=public-subnet&network_id=7d087bdb-961f-4f32-a9a9-adf5ea602af2 HTTP/1.1" status: 200 len: 819 time: 0.0411973
2026-02-27 19:19:55.415 10 INFO neutron.wsgi [None req-2db3e6e6-ee02-42f2-b0db-1f7bedd0d718 47c62716c03a4a4c96d809bc8d006bc6 1fdea886561b449284a7f80e9351b184 - - default default] 10.0.0.177 "GET /v2.0/floatingips HTTP/1.1" status: 200 len: 193 time: 0.0745809
2026-02-27 19:19:55.496 10 INFO neutron.wsgi [None req-ccd79ca7-548c-45f7-a664-794ee081706c 47c62716c03a4a4c96d809bc8d006bc6 1fdea886561b449284a7f80e9351b184 - - default default] 10.0.0.177 "GET /v2.0/networks HTTP/1.1" status: 200 len: 2350 time: 0.0800889
2026-02-27 19:19:55.549 10 INFO neutron.wsgi [None req-ac4be01e-0ac3-4f60-9573-66d37e819787 47c62716c03a4a4c96d809bc8d006bc6 1fdea886561b449284a7f80e9351b184 - - default default] 10.0.0.177 "GET /v2.0/security-groups HTTP/1.1" status: 200 len: 17578 time: 0.0515277
2026-02-27 19:19:55.599 10 INFO neutron.wsgi [None req-587aaf0f-99aa-4122-bbc8-b5809fa8eac9 47c62716c03a4a4c96d809bc8d006bc6 1fdea886561b449284a7f80e9351b184 - - default default] 10.0.0.177 "GET /v2.0/subnets HTTP/1.1" status: 200 len: 1437 time: 0.0390143
2026-02-27 19:19:55.642 10 INFO neutron.wsgi [None req-b6c42411-4fbb-4860-b24d-daa0797d703c 47c62716c03a4a4c96d809bc8d006bc6 1fdea886561b449284a7f80e9351b184 - - default default] 10.0.0.177 "GET /v2.0/subnets HTTP/1.1" status: 200 len: 1437 time: 0.0426676
2026-02-27 19:19:55.653 10 INFO neutron.wsgi [None req-4fde4e02-c7cd-4c56-b038-ed551cb588f8 47c62716c03a4a4c96d809bc8d006bc6 1fdea886561b449284a7f80e9351b184 - - default default] 10.0.0.177 "GET /v2.0/subnetpools HTTP/1.1" status: 200 len: 193 time: 0.0095580
2026-02-27 19:19:55.664 10 INFO neutron.wsgi [None req-6c789240-1296-47dd-a581-3bf6f115063c 47c62716c03a4a4c96d809bc8d006bc6 1fdea886561b449284a7f80e9351b184 - - default default] 10.0.0.177 "GET /v2.0/network-ip-availabilities HTTP/1.1" status: 200 len: 1280 time: 0.0106871
2026-02-27 19:19:55.733 10 INFO neutron.wsgi [None req-2a99e0d2-e552-47d8-b214-4276034620df 47c62716c03a4a4c96d809bc8d006bc6 1fdea886561b449284a7f80e9351b184 - - default default] 10.0.0.177 "GET /v2.0/ports HTTP/1.1" status: 200 len: 5351 time: 0.0683544
2026-02-27 19:19:55.787 10 INFO neutron.wsgi [None req-d335782a-47ac-459a-99f0-a3c05c3545e0 47c62716c03a4a4c96d809bc8d006bc6 1fdea886561b449284a7f80e9351b184 - - default default] 10.0.0.177 "GET /v2.0/agents HTTP/1.1" status: 200 len: 1390 time: 0.0475595
2026-02-27 19:19:55.818 10 INFO neutron.wsgi [None req-af80c319-033b-4949-bc3b-a05ba8774a41 47c62716c03a4a4c96d809bc8d006bc6 1fdea886561b449284a7f80e9351b184 - - default default] 10.0.0.177 "GET /v2.0/routers HTTP/1.1" status: 200 len: 189 time: 0.0264664
2026-02-27 19:19:55.829 10 INFO neutron.wsgi [None req-0f0e951d-c921-4fe7-b7fa-edd9e3184078 47c62716c03a4a4c96d809bc8d006bc6 1fdea886561b449284a7f80e9351b184 - - default default] 10.0.0.177 "GET /v2.0/agents?binary=ovn-controller HTTP/1.1" status: 200 len: 591 time: 0.0107658
2026-02-27 19:20:07.008 9 INFO neutron.wsgi [-] 10.0.0.146 "GET / HTTP/1.1" status: 200 len: 246 time: 0.0021527
2026-02-27 19:20:07.011 10 INFO neutron.wsgi [-] 10.0.0.146 "GET / HTTP/1.1" status: 200 len: 246 time: 0.0043824
2026-02-27 19:20:22.010 10 INFO neutron.wsgi [-] 10.0.0.146 "GET / HTTP/1.1" status: 200 len: 246 time: 0.0028081
2026-02-27 19:20:22.014 9 INFO neutron.wsgi [-] 10.0.0.146 "GET / HTTP/1.1" status: 200 len: 246 time: 0.0062387
2026-02-27 19:20:25.632 10 INFO neutron.pecan_wsgi.hooks.translation [None req-97ce83a3-e995-48bb-8576-8e8bcf865fd0 47c62716c03a4a4c96d809bc8d006bc6 1fdea886561b449284a7f80e9351b184 - - default default] GET failed (client error): The resource could not be found.
2026-02-27 19:20:25.634 10 INFO neutron.wsgi [None req-97ce83a3-e995-48bb-8576-8e8bcf865fd0 47c62716c03a4a4c96d809bc8d006bc6 1fdea886561b449284a7f80e9351b184 - - default default] 199.204.45.49,10.0.0.146 "GET /v2.0/networks/lb-mgmt-net HTTP/1.1" status: 404 len: 295 time: 0.0606623
2026-02-27 19:20:25.697 10 INFO neutron.wsgi [None req-fdc368dd-cf6e-45b4-aea8-56b2d0004fa6 47c62716c03a4a4c96d809bc8d006bc6 1fdea886561b449284a7f80e9351b184 - - default default] 199.204.45.49,10.0.0.146 "GET /v2.0/networks?name=lb-mgmt-net HTTP/1.1" status: 200 len: 913 time: 0.0588934
2026-02-27 19:20:26.652 9 INFO neutron.pecan_wsgi.hooks.translation [None req-cf0239c5-1a67-4e60-b175-6f8653693cfc 47c62716c03a4a4c96d809bc8d006bc6 1fdea886561b449284a7f80e9351b184 - - default default] GET failed (client error): The resource could not be found.
2026-02-27 19:20:26.654 9 INFO neutron.wsgi [None req-cf0239c5-1a67-4e60-b175-6f8653693cfc 47c62716c03a4a4c96d809bc8d006bc6 1fdea886561b449284a7f80e9351b184 - - default default] 199.204.45.49,10.0.0.146 "GET /v2.0/networks/lb-mgmt-net HTTP/1.1" status: 404 len: 295 time: 0.0542152
2026-02-27 19:20:26.728 9 INFO neutron.wsgi [None req-c1821f9b-088d-403d-a2cc-96783c8dab02 47c62716c03a4a4c96d809bc8d006bc6 1fdea886561b449284a7f80e9351b184 - - default default] 199.204.45.49,10.0.0.146 "GET /v2.0/networks?name=lb-mgmt-net HTTP/1.1" status: 200 len: 913 time: 0.0706031
2026-02-27 19:20:26.753 9 INFO neutron.pecan_wsgi.hooks.translation [None req-5ca3a2ca-dc0e-4596-b5ed-5a3d80a90e82 47c62716c03a4a4c96d809bc8d006bc6 1fdea886561b449284a7f80e9351b184 - - default default] GET failed (client error): The resource could not be found.
2026-02-27 19:20:26.754 9 INFO neutron.wsgi [None req-5ca3a2ca-dc0e-4596-b5ed-5a3d80a90e82 47c62716c03a4a4c96d809bc8d006bc6 1fdea886561b449284a7f80e9351b184 - - default default] 199.204.45.49,10.0.0.146 "GET /v2.0/subnets/lb-mgmt-subnet?network_id=9c92803b-93e5-4be2-b8b6-26b3d4ccb3c9 HTTP/1.1" status: 404 len: 296 time: 0.0177321
2026-02-27 19:20:26.785 9 INFO neutron.wsgi [None req-df005d13-0a2b-4a74-bda8-68283a1b0305 47c62716c03a4a4c96d809bc8d006bc6 1fdea886561b449284a7f80e9351b184 - - default default] 199.204.45.49,10.0.0.146 "GET /v2.0/subnets?name=lb-mgmt-subnet&network_id=9c92803b-93e5-4be2-b8b6-26b3d4ccb3c9 HTTP/1.1" status: 200 len: 805 time: 0.0283875
2026-02-27 19:20:27.940 9 INFO neutron.api.v2.resource [None req-b3f6b644-e73f-4394-93ac-ca2c2066258f 47c62716c03a4a4c96d809bc8d006bc6 1fdea886561b449284a7f80e9351b184 - - default default] show failed (client error): The resource could not be found.
2026-02-27 19:20:27.941 9 INFO neutron.wsgi [None req-b3f6b644-e73f-4394-93ac-ca2c2066258f 47c62716c03a4a4c96d809bc8d006bc6 1fdea886561b449284a7f80e9351b184 - - default default] 199.204.45.49,10.0.0.146 "GET /v2.0/security-groups/lb-health-mgr-sec-grp HTTP/1.1" status: 404 len: 313 time: 0.0485182
2026-02-27 19:20:27.983 9 INFO neutron.wsgi [None req-603969f5-634b-4465-8e35-d8305927ae2d 47c62716c03a4a4c96d809bc8d006bc6 1fdea886561b449284a7f80e9351b184 - - default default] 199.204.45.49,10.0.0.146 "GET /v2.0/security-groups?name=lb-health-mgr-sec-grp HTTP/1.1" status: 200 len: 4866 time: 0.0368865
2026-02-27 19:20:29.200 9 INFO neutron.wsgi [None req-e4d7aa23-eff9-4c6b-8c08-bcd423876a5d 47c62716c03a4a4c96d809bc8d006bc6 1fdea886561b449284a7f80e9351b184 - - default default] 199.204.45.49,10.0.0.146 "GET /v2.0/security-groups/59afea7e-ad39-421c-9f7b-8a0c0894a02b HTTP/1.1" status: 200 len: 4870 time: 0.0646374
2026-02-27 19:20:29.246 9 INFO neutron.wsgi [None req-6c886793-80c2-45e2-baa9-d7ab2db73797 47c62716c03a4a4c96d809bc8d006bc6 1fdea886561b449284a7f80e9351b184 - - default default] 199.204.45.49,10.0.0.146 "GET /v2.0/security-groups/59afea7e-ad39-421c-9f7b-8a0c0894a02b HTTP/1.1" status: 200 len: 4870 time: 0.0385749
2026-02-27 19:20:29.276 9 INFO neutron.wsgi [None req-3bdc0614-436d-448d-a69a-5fd5ac051dab 47c62716c03a4a4c96d809bc8d006bc6 1fdea886561b449284a7f80e9351b184 - - default default] 199.204.45.49,10.0.0.146 "GET /v2.0/security-group-rules/9a858ab1-76ef-4925-9aee-164e4ef9f395 HTTP/1.1" status: 200 len: 776 time: 0.0211971
2026-02-27 19:20:30.128 9 INFO neutron.wsgi [None req-1643e1dc-5076-49c6-aea1-4ad8fb8b2bff 47c62716c03a4a4c96d809bc8d006bc6 1fdea886561b449284a7f80e9351b184 - - default default] 199.204.45.49,10.0.0.146 "GET /v2.0/security-groups/59afea7e-ad39-421c-9f7b-8a0c0894a02b HTTP/1.1" status: 200 len: 4870 time: 0.0665605
2026-02-27 19:20:30.174 9 INFO neutron.wsgi [None req-96b43fa0-df2a-4598-aaff-4b077dc932bc 47c62716c03a4a4c96d809bc8d006bc6 1fdea886561b449284a7f80e9351b184 - - default default] 199.204.45.49,10.0.0.146 "GET /v2.0/security-groups/59afea7e-ad39-421c-9f7b-8a0c0894a02b HTTP/1.1" status: 200 len: 4870 time: 0.0398064
2026-02-27 19:20:30.201 9 INFO neutron.wsgi [None req-9a69c5c2-f691-4dae-9f0f-f456da2f9042 47c62716c03a4a4c96d809bc8d006bc6 1fdea886561b449284a7f80e9351b184 - - default default] 199.204.45.49,10.0.0.146 "GET /v2.0/security-group-rules/a307e104-de63-4455-9e32-e1654424957f HTTP/1.1" status: 200 len: 778 time: 0.0179224
2026-02-27 19:20:31.087 9 INFO neutron.wsgi [None req-a0ffa24c-8560-4a9b-9095-dbdc946b26cb 47c62716c03a4a4c96d809bc8d006bc6 1fdea886561b449284a7f80e9351b184 - - default default] 199.204.45.49,10.0.0.146 "GET /v2.0/security-groups/59afea7e-ad39-421c-9f7b-8a0c0894a02b HTTP/1.1" status: 200 len: 4870 time: 0.0739434
2026-02-27 19:20:31.137 9 INFO neutron.wsgi [None req-09aecfb9-729e-47c3-9fc4-12befc478eb1 47c62716c03a4a4c96d809bc8d006bc6 1fdea886561b449284a7f80e9351b184 - - default default] 199.204.45.49,10.0.0.146 "GET /v2.0/security-groups/59afea7e-ad39-421c-9f7b-8a0c0894a02b HTTP/1.1" status: 200 len: 4870 time: 0.0406678
2026-02-27 19:20:31.171 9 INFO neutron.wsgi [None req-cc036dcf-16f1-499f-84fb-6c970df67905 47c62716c03a4a4c96d809bc8d006bc6 1fdea886561b449284a7f80e9351b184 - - default default] 199.204.45.49,10.0.0.146 "GET /v2.0/security-group-rules/19f3d57b-f1b8-4d4e-9614-e61f15b120e6 HTTP/1.1" status: 200 len: 778 time: 0.0281231
2026-02-27 19:20:32.112 10 INFO neutron.wsgi [None req-59706332-cd17-44f4-b53b-633f4f7c86ee 47c62716c03a4a4c96d809bc8d006bc6 1fdea886561b449284a7f80e9351b184 - - default default] 199.204.45.49,10.0.0.146 "GET /v2.0/security-groups/59afea7e-ad39-421c-9f7b-8a0c0894a02b HTTP/1.1" status: 200 len: 4870 time: 0.0891125
2026-02-27 19:20:32.155 10 INFO neutron.wsgi [None req-7b7427de-432a-42ec-b1c5-5a22f91ba250 47c62716c03a4a4c96d809bc8d006bc6 1fdea886561b449284a7f80e9351b184 - - default default] 199.204.45.49,10.0.0.146 "GET /v2.0/security-groups/59afea7e-ad39-421c-9f7b-8a0c0894a02b HTTP/1.1" status: 200 len: 4870 time: 0.0355165
2026-02-27 19:20:32.175 10 INFO neutron.wsgi [None req-db8cf68e-88bf-477d-ad84-d1c34a8c71d8 47c62716c03a4a4c96d809bc8d006bc6 1fdea886561b449284a7f80e9351b184 - - default default] 199.204.45.49,10.0.0.146 "GET /v2.0/security-group-rules/2abd5313-92dd-4723-8272-106e8732d2ea HTTP/1.1" status: 200 len: 778 time: 0.0147338
2026-02-27 19:20:33.041 10 INFO neutron.wsgi [None req-518bd4f6-d984-4ea9-9e68-704bbdec3070 47c62716c03a4a4c96d809bc8d006bc6 1fdea886561b449284a7f80e9351b184 - - default default] 199.204.45.49,10.0.0.146 "GET /v2.0/security-groups/59afea7e-ad39-421c-9f7b-8a0c0894a02b HTTP/1.1" status: 200 len: 4870 time: 0.0763628
2026-02-27 19:20:33.088 10 INFO neutron.wsgi [None req-11378d2b-96c8-43a2-a56f-7b2fbf915a3e 47c62716c03a4a4c96d809bc8d006bc6 1fdea886561b449284a7f80e9351b184 - - default default] 199.204.45.49,10.0.0.146 "GET /v2.0/security-groups/59afea7e-ad39-421c-9f7b-8a0c0894a02b HTTP/1.1" status: 200 len: 4870 time: 0.0393491
2026-02-27 19:20:33.109 10 INFO neutron.wsgi [None req-765c3cb3-9914-4f86-8e16-100301d909b4 47c62716c03a4a4c96d809bc8d006bc6 1fdea886561b449284a7f80e9351b184 - - default default] 199.204.45.49,10.0.0.146 "GET /v2.0/security-group-rules/b2d8d63c-13e4-4be5-8711-9a653a880a6c HTTP/1.1" status: 200 len: 778 time: 0.0148664
2026-02-27 19:20:34.498 9 INFO neutron.wsgi [None req-9ea08793-fb63-42cd-8f80-a27900744314 47c62716c03a4a4c96d809bc8d006bc6 1fdea886561b449284a7f80e9351b184 - - default default] 199.204.45.49,10.0.0.146 "GET /v2.0/networks/9c92803b-93e5-4be2-b8b6-26b3d4ccb3c9 HTTP/1.1" status: 200 len: 910 time: 0.0933690
2026-02-27 19:20:34.531 9 INFO neutron.pecan_wsgi.hooks.translation [None req-a3524128-ad06-4399-b0cd-b22a1c9cd4b0 47c62716c03a4a4c96d809bc8d006bc6 1fdea886561b449284a7f80e9351b184 - - default default] GET failed (client error): The resource could not be found.
2026-02-27 19:20:34.532 9 INFO neutron.wsgi [None req-a3524128-ad06-4399-b0cd-b22a1c9cd4b0 47c62716c03a4a4c96d809bc8d006bc6 1fdea886561b449284a7f80e9351b184 - - default default] 199.204.45.49,10.0.0.146 "GET /v2.0/ports/octavia-health-manager-port-instance?network_id=9c92803b-93e5-4be2-b8b6-26b3d4ccb3c9 HTTP/1.1" status: 404 len: 314 time: 0.0260038
2026-02-27 19:20:34.602 9 INFO neutron.wsgi [None req-ccea7896-7d69-40ee-8fbe-d2694b15ae20 47c62716c03a4a4c96d809bc8d006bc6 1fdea886561b449284a7f80e9351b184 - - default default] 199.204.45.49,10.0.0.146 "GET /v2.0/ports?name=octavia-health-manager-port-instance&network_id=9c92803b-93e5-4be2-b8b6-26b3d4ccb3c9 HTTP/1.1" status: 200 len: 1399 time: 0.0655444
2026-02-27 19:20:34.652 9 INFO neutron.wsgi [None req-285dbc18-efd4-42c6-81e3-7a8ab17f0326 47c62716c03a4a4c96d809bc8d006bc6 1fdea886561b449284a7f80e9351b184 - - default default] 199.204.45.49,10.0.0.146 "GET /v2.0/security-groups/59afea7e-ad39-421c-9f7b-8a0c0894a02b HTTP/1.1" status: 200 len: 4870 time: 0.0412934
2026-02-27 19:20:37.010 10 INFO neutron.wsgi [-] 10.0.0.146 "GET / HTTP/1.1" status: 200 len: 246 time: 0.0032010
2026-02-27 19:20:37.010 9 INFO neutron.wsgi [-] 10.0.0.146 "GET / HTTP/1.1" status: 200 len: 246 time: 0.0031719
2026-02-27 19:20:40.969 9 INFO neutron.pecan_wsgi.hooks.translation [None req-12abc31d-7c3f-4f7d-ba72-c4581dd84b9c 47c62716c03a4a4c96d809bc8d006bc6 1fdea886561b449284a7f80e9351b184 - - default default] GET failed (client error): The resource could not be found.
2026-02-27 19:20:40.971 9 INFO neutron.wsgi [None req-12abc31d-7c3f-4f7d-ba72-c4581dd84b9c 47c62716c03a4a4c96d809bc8d006bc6 1fdea886561b449284a7f80e9351b184 - - default default] 199.204.45.49,10.0.0.146 "GET /v2.0/ports/octavia-health-manager-port-instance HTTP/1.1" status: 404 len: 314 time: 0.0712862
2026-02-27 19:20:41.032 9 INFO neutron.wsgi [None req-b35edd7a-b26b-478b-a1c7-3676134385a7 47c62716c03a4a4c96d809bc8d006bc6 1fdea886561b449284a7f80e9351b184 - - default default] 199.204.45.49,10.0.0.146 "GET /v2.0/ports?name=octavia-health-manager-port-instance HTTP/1.1" status: 200 len: 1399 time: 0.0562396
2026-02-27 19:20:42.701 9 INFO neutron.wsgi [None req-8f39bb17-5c78-4ce3-bc3b-745d78fce1d1 47c62716c03a4a4c96d809bc8d006bc6 1fdea886561b449284a7f80e9351b184 - - default default] 199.204.45.49,10.0.0.146 "GET /v2.0/ports HTTP/1.1" status: 200 len: 5351 time: 0.1106036
2026-02-27 19:20:43.812 10 INFO neutron.api.v2.resource [None req-a3d39028-907c-422d-8168-f242a2f07a4e 47c62716c03a4a4c96d809bc8d006bc6 1fdea886561b449284a7f80e9351b184 - - default default] show failed (client error): The resource could not be found.
2026-02-27 19:20:43.813 10 INFO neutron.wsgi [None req-a3d39028-907c-422d-8168-f242a2f07a4e 47c62716c03a4a4c96d809bc8d006bc6 1fdea886561b449284a7f80e9351b184 - - default default] 199.204.45.49,10.0.0.146 "GET /v2.0/security-groups/lb-mgmt-sec-grp HTTP/1.1" status: 404 len: 307 time: 0.0490644
2026-02-27 19:20:43.853 10 INFO neutron.wsgi [None req-4f0b7b48-7b1b-473c-8580-de6dcf5284f0 47c62716c03a4a4c96d809bc8d006bc6 1fdea886561b449284a7f80e9351b184 - - default default] 199.204.45.49,10.0.0.146 "GET /v2.0/security-groups?name=lb-mgmt-sec-grp HTTP/1.1" status: 200 len: 3061 time: 0.0369043
2026-02-27 19:20:44.875 9 INFO neutron.wsgi [None req-63545645-8064-4aaf-a087-ab0587d8dc65 47c62716c03a4a4c96d809bc8d006bc6 1fdea886561b449284a7f80e9351b184 - - default default] 199.204.45.49,10.0.0.146 "GET /v2.0/security-groups/ee79f9bd-9b25-475e-988c-ef489a412bc9 HTTP/1.1" status: 200 len: 3062 time: 0.0808516
2026-02-27 19:20:44.911 9 INFO neutron.wsgi [None req-71363b2e-0dcb-477e-ae7f-55e94796c6b0 47c62716c03a4a4c96d809bc8d006bc6 1fdea886561b449284a7f80e9351b184 - - default default] 199.204.45.49,10.0.0.146 "GET /v2.0/security-groups/ee79f9bd-9b25-475e-988c-ef489a412bc9 HTTP/1.1" status: 200 len: 3062 time: 0.0306041
2026-02-27 19:20:44.942 9 INFO neutron.wsgi [None req-210f3cb2-f657-433e-877b-007eae14b4ab 47c62716c03a4a4c96d809bc8d006bc6 1fdea886561b449284a7f80e9351b184 - - default default] 199.204.45.49,10.0.0.146 "GET /v2.0/security-group-rules/f15e57a3-5632-4304-8e40-6de95953e634 HTTP/1.1" status: 200 len: 798 time: 0.0237734
2026-02-27 19:20:45.842 10 INFO neutron.wsgi [None req-4c5e722c-fb13-4078-a761-4bd9a5804252 47c62716c03a4a4c96d809bc8d006bc6 1fdea886561b449284a7f80e9351b184 - - default default] 199.204.45.49,10.0.0.146 "GET /v2.0/security-groups/ee79f9bd-9b25-475e-988c-ef489a412bc9 HTTP/1.1" status: 200 len: 3062 time: 0.0691223
2026-02-27 19:20:45.881 10 INFO neutron.wsgi [None req-b433a1a4-dee5-4150-81de-4b2dc6e0afbe 47c62716c03a4a4c96d809bc8d006bc6 1fdea886561b449284a7f80e9351b184 - - default default] 199.204.45.49,10.0.0.146 "GET /v2.0/security-groups/ee79f9bd-9b25-475e-988c-ef489a412bc9 HTTP/1.1" status: 200 len: 3062 time: 0.0315294
2026-02-27 19:20:45.906 10 INFO neutron.wsgi [None req-f9b99eef-8506-4acd-89fa-33640a204286 47c62716c03a4a4c96d809bc8d006bc6 1fdea886561b449284a7f80e9351b184 - - default default] 199.204.45.49,10.0.0.146 "GET /v2.0/security-group-rules/cec5ec60-c316-4b07-8ef0-d43c0b716551 HTTP/1.1" status: 200 len: 802 time: 0.0177958
2026-02-27 19:20:52.008 10 INFO neutron.wsgi [-] 10.0.0.146 "GET / HTTP/1.1" status: 200 len: 246 time: 0.0020971
2026-02-27 19:20:52.008 9 INFO neutron.wsgi [-] 10.0.0.146 "GET / HTTP/1.1" status: 200 len: 246 time: 0.0020313
2026-02-27 19:20:55.528 10 INFO neutron.wsgi [None req-66a4c812-5a74-4778-a909-dbb0cf584e51 47c62716c03a4a4c96d809bc8d006bc6 1fdea886561b449284a7f80e9351b184 - - default default] 10.0.0.177 "GET /v2.0/networks HTTP/1.1" status: 200 len: 2350 time: 0.1117773
2026-02-27 19:20:55.599 10 INFO neutron.wsgi [None req-77aa46f4-f14a-4806-93b8-f1cf7727cf4d 47c62716c03a4a4c96d809bc8d006bc6 1fdea886561b449284a7f80e9351b184 - - default default] 10.0.0.177 "GET /v2.0/ports HTTP/1.1" status: 200 len: 5351 time: 0.0692463
2026-02-27 19:20:55.637 10 INFO neutron.wsgi [None req-d1652966-2b03-4e11-90a4-9dab77a82330 47c62716c03a4a4c96d809bc8d006bc6 1fdea886561b449284a7f80e9351b184 - - default default] 10.0.0.177 "GET /v2.0/agents HTTP/1.1" status: 200 len: 1390 time: 0.0349004
2026-02-27 19:20:55.699 10 INFO neutron.wsgi [None req-cd129cb6-7662-4ec5-80eb-3992c670112f 47c62716c03a4a4c96d809bc8d006bc6 1fdea886561b449284a7f80e9351b184 - - default default] 10.0.0.177 "GET /v2.0/security-groups HTTP/1.1" status: 200 len: 17578 time: 0.0601273
2026-02-27 19:20:55.738 10 INFO neutron.wsgi [None req-362b922e-e325-4295-b8da-351ca8f11c7d 47c62716c03a4a4c96d809bc8d006bc6 1fdea886561b449284a7f80e9351b184 - - default default] 10.0.0.177 "GET /v2.0/subnets HTTP/1.1" status: 200 len: 1437 time: 0.0349548
2026-02-27 19:20:55.766 10 INFO neutron.wsgi [None req-46f37ab7-ea70-489f-adc0-ad9969193c3b 47c62716c03a4a4c96d809bc8d006bc6 1fdea886561b449284a7f80e9351b184 - - default default] 10.0.0.177 "GET /v2.0/subnets HTTP/1.1" status: 200 len: 1437 time: 0.0273402
2026-02-27 19:20:55.780 10 INFO neutron.wsgi [None req-d548c9b9-8403-4a06-9ee7-0dd532df6b2b 47c62716c03a4a4c96d809bc8d006bc6 1fdea886561b449284a7f80e9351b184 - - default default] 10.0.0.177 "GET /v2.0/subnetpools HTTP/1.1" status: 200 len: 193 time: 0.0130420
2026-02-27 19:20:55.804 10 INFO neutron.wsgi [None req-d4448b8d-5394-42c3-aafc-b3ebc057a92a 47c62716c03a4a4c96d809bc8d006bc6 1fdea886561b449284a7f80e9351b184 - - default default] 10.0.0.177 "GET /v2.0/floatingips HTTP/1.1" status: 200 len: 193 time: 0.0231178
2026-02-27 19:20:55.823 10 INFO neutron.wsgi [None req-6d2173f7-a6b5-4c58-b7fe-3c9c3081a576 47c62716c03a4a4c96d809bc8d006bc6 1fdea886561b449284a7f80e9351b184 - - default default] 10.0.0.177 "GET /v2.0/routers HTTP/1.1" status: 200 len: 189 time: 0.0183334
2026-02-27 19:20:55.832 10 INFO neutron.wsgi [None req-956e1877-25d5-4db4-879c-661e90968188 47c62716c03a4a4c96d809bc8d006bc6 1fdea886561b449284a7f80e9351b184 - - default default] 10.0.0.177 "GET /v2.0/agents?binary=ovn-controller HTTP/1.1" status: 200 len: 591 time: 0.0088050
2026-02-27 19:20:55.858 10 INFO neutron.wsgi [None req-4a85bb41-e269-4523-bc07-566ef492f898 47c62716c03a4a4c96d809bc8d006bc6 1fdea886561b449284a7f80e9351b184 - - default default] 10.0.0.177 "GET /v2.0/network-ip-availabilities HTTP/1.1" status: 200 len: 1280 time: 0.0251276
2026-02-27 19:20:57.521 9 INFO neutron.wsgi [None req-42e126bb-884d-4f2c-b652-c17f57e99301 47c62716c03a4a4c96d809bc8d006bc6 1fdea886561b449284a7f80e9351b184 - - default default] 199.204.45.49,10.0.0.146 "GET /v2.0/quotas/1fdea886561b449284a7f80e9351b184 HTTP/1.1" status: 200 len: 466 time: 0.0118082
2026-02-27 19:21:07.009 10 INFO neutron.wsgi [-] 10.0.0.146 "GET / HTTP/1.1" status: 200 len: 246 time: 0.0024471
2026-02-27 19:21:07.009 9 INFO neutron.wsgi [-] 10.0.0.146 "GET / HTTP/1.1" status: 200 len: 246 time: 0.0027063
2026-02-27 19:21:22.009 9 INFO neutron.wsgi [-] 10.0.0.146 "GET / HTTP/1.1" status: 200 len: 246 time: 0.0024436
2026-02-27 19:21:22.009 10 INFO neutron.wsgi [-] 10.0.0.146 "GET / HTTP/1.1" status: 200 len: 246 time: 0.0030968
2026-02-27 19:21:37.008 10 INFO neutron.wsgi [-] 10.0.0.146 "GET / HTTP/1.1" status: 200 len: 246 time: 0.0024364
2026-02-27 19:21:37.009 9 INFO neutron.wsgi [-] 10.0.0.146 "GET / HTTP/1.1" status: 200 len: 246 time: 0.0029614
2026-02-27 19:21:44.375 10 INFO neutron.api.v2.resource [None req-089d8cfd-5209-4cd4-8062-3db62eae9fa6 47c62716c03a4a4c96d809bc8d006bc6 1fdea886561b449284a7f80e9351b184 - - default default] show failed (client error): The resource could not be found.
2026-02-27 19:21:44.376 10 INFO neutron.wsgi [None req-089d8cfd-5209-4cd4-8062-3db62eae9fa6 47c62716c03a4a4c96d809bc8d006bc6 1fdea886561b449284a7f80e9351b184 - - default default] 199.204.45.49,10.0.0.146 "GET /v2.0/security-groups/manila-service-security-group?project_id=f93db5426c7e42daaaaf664590872084 HTTP/1.1" status: 404 len: 321 time: 0.0497975
2026-02-27 19:21:44.417 10 INFO neutron.wsgi [None req-fd020276-9226-4508-b6d6-74153d275b6a 47c62716c03a4a4c96d809bc8d006bc6 1fdea886561b449284a7f80e9351b184 - - default default] 199.204.45.49,10.0.0.146 "GET /v2.0/security-groups?name=manila-service-security-group&project_id=f93db5426c7e42daaaaf664590872084 HTTP/1.1" status: 200 len: 4248 time: 0.0378587
2026-02-27 19:21:45.436 9 INFO neutron.wsgi [None req-563f3085-8a8c-40e1-9d60-e02fca83982c 47c62716c03a4a4c96d809bc8d006bc6 1fdea886561b449284a7f80e9351b184 - - default default] 199.204.45.49,10.0.0.146 "GET /v2.0/security-groups/ef267225-c08a-448a-8120-3e6959cbfdc4?project_id=f93db5426c7e42daaaaf664590872084 HTTP/1.1" status: 200 len: 4251 time: 0.0761566
2026-02-27 19:21:45.488 9 INFO neutron.wsgi [None req-da6528eb-2054-4df8-923b-6f8497264706 47c62716c03a4a4c96d809bc8d006bc6 1fdea886561b449284a7f80e9351b184 - - default default] 199.204.45.49,10.0.0.146 "GET /v2.0/security-groups/ef267225-c08a-448a-8120-3e6959cbfdc4 HTTP/1.1" status: 200 len: 4251 time: 0.0464647
2026-02-27 19:21:45.507 9 INFO neutron.wsgi [None req-9be56568-a948-42ee-a627-1c3f79b8a331 47c62716c03a4a4c96d809bc8d006bc6 1fdea886561b449284a7f80e9351b184 - - default default] 199.204.45.49,10.0.0.146 "GET /v2.0/security-group-rules/9a05a611-3fb5-4d9c-bb59-bb66c7bc0265 HTTP/1.1" status: 200 len: 772 time: 0.0152903
2026-02-27 19:21:46.431 10 INFO neutron.wsgi [None req-6ccd38b3-1c9d-4ab1-a106-7e568ad86714 47c62716c03a4a4c96d809bc8d006bc6 1fdea886561b449284a7f80e9351b184 - - default default] 199.204.45.49,10.0.0.146 "GET /v2.0/security-groups/ef267225-c08a-448a-8120-3e6959cbfdc4?project_id=f93db5426c7e42daaaaf664590872084 HTTP/1.1" status: 200 len: 4251 time: 0.0598567
2026-02-27 19:21:46.541 10 INFO neutron.wsgi [None req-f2131c16-58c7-468d-aca9-8100cc5edd36 47c62716c03a4a4c96d809bc8d006bc6 1fdea886561b449284a7f80e9351b184 - - default default] 199.204.45.49,10.0.0.146 "GET /v2.0/security-groups/ef267225-c08a-448a-8120-3e6959cbfdc4 HTTP/1.1" status: 200 len: 4251 time: 0.1006501
2026-02-27 19:21:46.565 10 INFO neutron.wsgi [None req-b551f729-57c8-467c-86b0-2e54abcfaff8 47c62716c03a4a4c96d809bc8d006bc6 1fdea886561b449284a7f80e9351b184 - - default default] 199.204.45.49,10.0.0.146 "GET /v2.0/security-group-rules/01240d90-2e27-46e6-9664-9a336b49280f HTTP/1.1" status: 200 len: 774 time: 0.0166442
2026-02-27 19:21:47.479 9 INFO neutron.wsgi [None req-fb9f04bc-9dad-46fe-81e6-4f9346bbb311 47c62716c03a4a4c96d809bc8d006bc6 1fdea886561b449284a7f80e9351b184 - - default default] 199.204.45.49,10.0.0.146 "GET /v2.0/security-groups/ef267225-c08a-448a-8120-3e6959cbfdc4?project_id=f93db5426c7e42daaaaf664590872084 HTTP/1.1" status: 200 len: 4251 time: 0.0621774
2026-02-27 19:21:47.522 9 INFO neutron.wsgi [None req-f8d37257-28e6-44bc-85c2-1e763b67c8ba 47c62716c03a4a4c96d809bc8d006bc6 1fdea886561b449284a7f80e9351b184 - - default default] 199.204.45.49,10.0.0.146 "GET /v2.0/security-groups/ef267225-c08a-448a-8120-3e6959cbfdc4 HTTP/1.1" status: 200 len: 4251 time: 0.0373704
2026-02-27 19:21:47.548 9 INFO neutron.wsgi [None req-fecbfaf7-bfee-4356-89ac-62691f42a2ac 47c62716c03a4a4c96d809bc8d006bc6 1fdea886561b449284a7f80e9351b184 - - default default] 199.204.45.49,10.0.0.146 "GET /v2.0/security-group-rules/44385e42-c0c8-4c62-ba70-275301943b38 HTTP/1.1" status: 200 len: 776 time: 0.0187197
2026-02-27 19:21:48.528 9 INFO neutron.wsgi [None req-2cc891eb-fa5a-40cc-a9de-908350e96352 47c62716c03a4a4c96d809bc8d006bc6 1fdea886561b449284a7f80e9351b184 - - default default] 199.204.45.49,10.0.0.146 "GET /v2.0/security-groups/ef267225-c08a-448a-8120-3e6959cbfdc4?project_id=f93db5426c7e42daaaaf664590872084 HTTP/1.1" status: 200 len: 4251 time: 0.0609043
2026-02-27 19:21:48.571 9 INFO neutron.wsgi [None req-9c27b6fc-542d-44bc-be7b-601db75e6602 47c62716c03a4a4c96d809bc8d006bc6 1fdea886561b449284a7f80e9351b184 - - default default] 199.204.45.49,10.0.0.146 "GET /v2.0/security-groups/ef267225-c08a-448a-8120-3e6959cbfdc4 HTTP/1.1" status: 200 len: 4251 time: 0.0367112
2026-02-27 19:21:48.594 9 INFO neutron.wsgi [None req-279df7b3-df60-443a-93d6-4f5b7a32590c 47c62716c03a4a4c96d809bc8d006bc6 1fdea886561b449284a7f80e9351b184 - - default default] 199.204.45.49,10.0.0.146 "GET /v2.0/security-group-rules/a77869be-07c8-416c-8956-068b21450527 HTTP/1.1" status: 200 len: 777 time: 0.0167403
2026-02-27 19:21:52.007 9 INFO neutron.wsgi [-] 10.0.0.146 "GET / HTTP/1.1" status: 200 len: 246 time: 0.0013483
2026-02-27 19:21:52.008 10 INFO neutron.wsgi [-] 10.0.0.146 "GET / HTTP/1.1" status: 200 len: 246 time: 0.0020657
2026-02-27 19:21:55.458 10 INFO neutron.wsgi [None req-d40ea53e-5de6-4cd9-b6b3-06fc0d91b420 47c62716c03a4a4c96d809bc8d006bc6 1fdea886561b449284a7f80e9351b184 - - default default] 10.0.0.177 "GET /v2.0/security-groups HTTP/1.1" status: 200 len: 17578 time: 0.0951231
2026-02-27 19:21:55.518 10 INFO neutron.wsgi [None req-4b6a6da3-96af-4619-a1cd-8177d0fe790a 47c62716c03a4a4c96d809bc8d006bc6 1fdea886561b449284a7f80e9351b184 - - default default] 10.0.0.177 "GET /v2.0/subnets HTTP/1.1" status: 200 len: 1437 time: 0.0529754
2026-02-27 19:21:55.553 10 INFO neutron.wsgi [None req-c7e3c813-7074-4583-aaf2-a945e5034672 47c62716c03a4a4c96d809bc8d006bc6 1fdea886561b449284a7f80e9351b184 - - default default] 10.0.0.177 "GET /v2.0/agents HTTP/1.1" status: 200 len: 1390 time: 0.0339143
2026-02-27 19:21:55.575 10 INFO neutron.wsgi [None req-981e1e77-9876-426b-8f11-4e1d27b00f20 47c62716c03a4a4c96d809bc8d006bc6 1fdea886561b449284a7f80e9351b184 - - default default] 10.0.0.177 "GET /v2.0/floatingips HTTP/1.1" status: 200 len: 193 time: 0.0197687
2026-02-27 19:21:55.654 10 INFO neutron.wsgi [None req-cd2527bc-41b7-401c-b142-e794bc53b7a3 47c62716c03a4a4c96d809bc8d006bc6 1fdea886561b449284a7f80e9351b184 - - default default] 10.0.0.177 "GET /v2.0/networks HTTP/1.1" status: 200 len: 2350 time: 0.0777044
2026-02-27 19:21:55.679 10 INFO neutron.wsgi [None req-3d5ebb63-7bab-461f-aef7-a24c05293d44 47c62716c03a4a4c96d809bc8d006bc6 1fdea886561b449284a7f80e9351b184 - - default default] 10.0.0.177 "GET /v2.0/routers HTTP/1.1" status: 200 len: 189 time: 0.0231140
2026-02-27 19:21:55.690 10 INFO neutron.wsgi [None req-9ab85fdc-350b-4be3-85a3-86f01dba53e1 47c62716c03a4a4c96d809bc8d006bc6 1fdea886561b449284a7f80e9351b184 - - default default] 10.0.0.177 "GET /v2.0/agents?binary=ovn-controller HTTP/1.1" status: 200 len: 591 time: 0.0101762
2026-02-27 19:21:55.722 10 INFO neutron.wsgi [None req-a9e8c96f-027f-4937-ad89-c3033f948f81 47c62716c03a4a4c96d809bc8d006bc6 1fdea886561b449284a7f80e9351b184 - - default default] 10.0.0.177 "GET /v2.0/subnets HTTP/1.1" status: 200 len: 1437 time: 0.0308609
2026-02-27 19:21:55.732 10 INFO neutron.wsgi [None req-489c23b8-66c8-4bda-9fad-3ad9e68293d1 47c62716c03a4a4c96d809bc8d006bc6 1fdea886561b449284a7f80e9351b184 - - default default] 10.0.0.177 "GET /v2.0/subnetpools HTTP/1.1" status: 200 len: 193 time: 0.0085590
2026-02-27 19:21:55.750 9 INFO neutron.wsgi [None req-77a91bc4-3c6a-46d6-8330-e16e44d6f5f1 47c62716c03a4a4c96d809bc8d006bc6 1fdea886561b449284a7f80e9351b184 - - default default] 199.204.45.49,10.0.0.146 "GET /v2.0/quotas/f93db5426c7e42daaaaf664590872084 HTTP/1.1" status: 200 len: 466 time: 0.0125015
2026-02-27 19:21:55.781 10 INFO neutron.wsgi [None req-33b154a3-baa0-4a2e-bd67-b6ade2e1df7b 47c62716c03a4a4c96d809bc8d006bc6 1fdea886561b449284a7f80e9351b184 - - default default] 10.0.0.177 "GET /v2.0/ports HTTP/1.1" status: 200 len: 5351 time: 0.0482850
2026-02-27 19:21:55.801 10 INFO neutron.wsgi [None req-efe96ae8-52d4-4994-963c-f33b97bf34d9 47c62716c03a4a4c96d809bc8d006bc6 1fdea886561b449284a7f80e9351b184 - - default default] 10.0.0.177 "GET /v2.0/network-ip-availabilities HTTP/1.1" status: 200 len: 1280 time: 0.0158737
2026-02-27 19:22:07.008 9 INFO neutron.wsgi [-] 10.0.0.146 "GET / HTTP/1.1" status: 200 len: 246 time: 0.0022671
2026-02-27 19:22:07.009 10 INFO neutron.wsgi [-] 10.0.0.146 "GET / HTTP/1.1" status: 200 len: 246 time: 0.0027409
2026-02-27 19:22:22.009 9 INFO neutron.wsgi [-] 10.0.0.146 "GET / HTTP/1.1" status: 200 len: 246 time: 0.0027425
2026-02-27 19:22:22.012 9 INFO neutron.wsgi [-] 10.0.0.146 "GET / HTTP/1.1" status: 200 len: 246 time: 0.0022287
2026-02-27 19:22:37.008 9 INFO neutron.wsgi [-] 10.0.0.146 "GET / HTTP/1.1" status: 200 len: 246 time: 0.0027766
2026-02-27 19:22:37.011 9 INFO neutron.wsgi [-] 10.0.0.146 "GET / HTTP/1.1" status: 200 len: 246 time: 0.0018387
2026-02-27 19:22:38.250 10 INFO neutron.wsgi [None req-3a4d36c3-4215-4fff-b3d8-c87040c32be1 47c62716c03a4a4c96d809bc8d006bc6 1fdea886561b449284a7f80e9351b184 - - default default] 199.204.45.49,10.0.0.146 "GET /v2.0/networks?name=public HTTP/1.1" status: 200 len: 928 time: 0.0962627
2026-02-27 19:22:52.009 9 INFO neutron.wsgi [-] 10.0.0.146 "GET / HTTP/1.1" status: 200 len: 246 time: 0.0023370
2026-02-27 19:22:52.009 10 INFO neutron.wsgi [-] 10.0.0.146 "GET / HTTP/1.1" status: 200 len: 246 time: 0.0027523
2026-02-27 19:22:55.357 10 INFO neutron.wsgi [None req-c88bd259-28c4-4f1b-8f2b-ff878cd0248d 47c62716c03a4a4c96d809bc8d006bc6 1fdea886561b449284a7f80e9351b184 - - default default] 10.0.0.177 "GET /v2.0/network-ip-availabilities HTTP/1.1" status: 200 len: 1280 time: 0.0611408
2026-02-27 19:22:55.427 10 INFO neutron.wsgi [None req-a3ce7b09-a408-42ea-be9f-e652fdeeed23 47c62716c03a4a4c96d809bc8d006bc6 1fdea886561b449284a7f80e9351b184 - - default default] 10.0.0.177 "GET /v2.0/networks HTTP/1.1" status: 200 len: 2350 time: 0.0674670
2026-02-27 19:22:55.478 10 INFO neutron.wsgi [None req-9daefb92-294e-475f-a50f-f9f2c4d260f4 47c62716c03a4a4c96d809bc8d006bc6 1fdea886561b449284a7f80e9351b184 - - default default] 10.0.0.177 "GET /v2.0/security-groups HTTP/1.1" status: 200 len: 17578 time: 0.0502889
2026-02-27 19:22:55.526 10 INFO neutron.wsgi [None req-1a841c2c-d90b-4aaf-b803-006ea1c1c61a 47c62716c03a4a4c96d809bc8d006bc6 1fdea886561b449284a7f80e9351b184 - - default default] 10.0.0.177 "GET /v2.0/subnets HTTP/1.1" status: 200 len: 1437 time: 0.0411866
2026-02-27 19:22:55.546 10 INFO neutron.wsgi [None req-6b9a58d2-c397-4933-b0ba-a3cff207c0ff 47c62716c03a4a4c96d809bc8d006bc6 1fdea886561b449284a7f80e9351b184 - - default default] 10.0.0.177 "GET /v2.0/routers HTTP/1.1" status: 200 len: 189 time: 0.0190613
2026-02-27 19:22:55.585 10 INFO neutron.wsgi [None req-462a8d07-b7c8-4266-9ac1-1c6e2268e44d 47c62716c03a4a4c96d809bc8d006bc6 1fdea886561b449284a7f80e9351b184 - - default default] 10.0.0.177 "GET /v2.0/agents?binary=ovn-controller HTTP/1.1" status: 200 len: 591 time: 0.0385363
2026-02-27 19:22:55.599 10 INFO neutron.wsgi [None req-34798719-93de-4488-be8a-420b9b0809c2 47c62716c03a4a4c96d809bc8d006bc6 1fdea886561b449284a7f80e9351b184 - - default default] 10.0.0.177 "GET /v2.0/agents HTTP/1.1" status: 200 len: 1390 time: 0.0132651
2026-02-27 19:22:55.652 10 INFO neutron.wsgi [None req-04776071-684f-44a0-9dd2-8819b8beadae 47c62716c03a4a4c96d809bc8d006bc6 1fdea886561b449284a7f80e9351b184 - - default default] 10.0.0.177 "GET /v2.0/subnets HTTP/1.1" status: 200 len: 1437 time: 0.0519714
2026-02-27 19:22:55.664 10 INFO neutron.wsgi [None req-886230e3-ad40-4b95-beaf-7a8554e20c2c 47c62716c03a4a4c96d809bc8d006bc6 1fdea886561b449284a7f80e9351b184 - - default default] 10.0.0.177 "GET /v2.0/subnetpools HTTP/1.1" status: 200 len: 193 time: 0.0101352
2026-02-27 19:22:55.708 10 INFO neutron.wsgi [None req-0b40e9e3-bdc4-47bd-962c-e16c131dedc9 47c62716c03a4a4c96d809bc8d006bc6 1fdea886561b449284a7f80e9351b184 - - default default] 10.0.0.177 "GET /v2.0/ports HTTP/1.1" status: 200 len: 5351 time: 0.0432425
2026-02-27 19:22:55.737 10 INFO neutron.wsgi [None req-178adc98-9126-4e89-8e5a-3e9d14b13e2a 47c62716c03a4a4c96d809bc8d006bc6 1fdea886561b449284a7f80e9351b184 - - default default] 10.0.0.177 "GET /v2.0/floatingips HTTP/1.1" status: 200 len: 193 time: 0.0211034
2026-02-27 19:23:07.009 10 INFO neutron.wsgi [-] 10.0.0.146 "GET / HTTP/1.1" status: 200 len: 246 time: 0.0023777
2026-02-27 19:23:07.009 9 INFO neutron.wsgi [-] 10.0.0.146 "GET / HTTP/1.1" status: 200 len: 246 time: 0.0023711
2026-02-27 19:23:16.735 10 INFO neutron.wsgi [None req-a0e906fe-d463-4609-9ccd-02a374496823 47c62716c03a4a4c96d809bc8d006bc6 1fdea886561b449284a7f80e9351b184 - - default default] 10.0.0.20 "GET /v2.0/networks HTTP/1.1" status: 200 len: 2369 time: 0.2273362 /var/lib/openstack/lib/python3.10/site-packages/pycadf/identifier.py:71: UserWarning: Invalid uuid: neutron. To ensure interoperability, identifiers should be a valid uuid. warnings.warn(('Invalid uuid: %s. To ensure interoperability, '
2026-02-27 19:23:17.825 9 INFO neutron.wsgi [None req-7af84da6-9492-4108-9602-39eb88e13cbe 47c62716c03a4a4c96d809bc8d006bc6 1fdea886561b449284a7f80e9351b184 - - default default] 10.0.0.20 "GET /v2.0/floatingips HTTP/1.1" status: 200 len: 212 time: 0.0377843
2026-02-27 19:23:17.863 9 INFO neutron.wsgi [None req-57fa0ce6-5426-4c0c-81e3-d932483634c0 47c62716c03a4a4c96d809bc8d006bc6 1fdea886561b449284a7f80e9351b184 - - default default] 10.0.0.20 "GET /v2.0/routers HTTP/1.1" status: 200 len: 208 time: 0.0333285
2026-02-27 19:23:17.914 9 INFO neutron.wsgi [None req-a64c7723-b06b-4394-89e5-027af71ee60a 47c62716c03a4a4c96d809bc8d006bc6 1fdea886561b449284a7f80e9351b184 - - default default] 10.0.0.20 "GET /v2.0/ports HTTP/1.1" status: 200 len: 5370 time: 0.0455499
2026-02-27 19:23:17.949 10 INFO neutron.wsgi [None req-11f0e81a-3486-440b-bfa4-eeff17ed70a4 47c62716c03a4a4c96d809bc8d006bc6 1fdea886561b449284a7f80e9351b184 - - default default] 10.0.0.20 "GET /v2.0/subnets HTTP/1.1" status: 200 len: 1456 time: 0.0314684
2026-02-27 19:23:18.012 10 INFO neutron.wsgi [None req-c30ce246-e9a1-470e-a1d5-82baa0e896dd 47c62716c03a4a4c96d809bc8d006bc6 1fdea886561b449284a7f80e9351b184 - - default default] 10.0.0.20 "GET /v2.0/networks HTTP/1.1" status: 200 len: 2369 time: 0.0596282
2026-02-27 19:23:18.056 10 INFO neutron.wsgi [None req-bd0f3f29-e000-4556-8df4-7214a3545f28 47c62716c03a4a4c96d809bc8d006bc6 1fdea886561b449284a7f80e9351b184 - - default default] 10.0.0.20 "GET /v2.0/security-groups HTTP/1.1" status: 200 len: 17597 time: 0.0401742
2026-02-27 19:23:18.068 10 INFO neutron.wsgi [None req-5a7a650b-c838-4a8b-a9ed-88c479af8b56 47c62716c03a4a4c96d809bc8d006bc6 1fdea886561b449284a7f80e9351b184 - - default default] 10.0.0.20 "GET /v2.0/subnetpools HTTP/1.1" status: 200 len: 212 time: 0.0082366
2026-02-27 19:23:22.009 9 INFO neutron.wsgi [-] 10.0.0.146 "GET / HTTP/1.1" status: 200 len: 246 time: 0.0025001
2026-02-27 19:23:22.010 10 INFO neutron.wsgi [-] 10.0.0.146 "GET / HTTP/1.1" status: 200 len: 246 time: 0.0030806
2026-02-27 19:23:28.674 9 INFO neutron.db.ovn_revision_numbers_db [None req-b044e415-2aad-43b9-8b7c-5c754f83f75c 47c62716c03a4a4c96d809bc8d006bc6 1fdea886561b449284a7f80e9351b184 - - default default] Successfully bumped revision number for resource 9c2e30ee-3b5b-4d41-b9d6-b24688c14bb1 (type: security_groups) to 1
2026-02-27 19:23:28.687 9 INFO neutron.db.ovn_revision_numbers_db [None req-dc5ed06e-3a92-42a2-990c-2a07bb23f906 47c62716c03a4a4c96d809bc8d006bc6 1fdea886561b449284a7f80e9351b184 - - default default] Successfully bumped revision number for resource b0485ba0-576c-469a-b9e2-4733df64b5bc (type: security_groups) to 1
2026-02-27 19:23:28.691 9 INFO neutron.db.ovn_revision_numbers_db [None req-b044e415-2aad-43b9-8b7c-5c754f83f75c 47c62716c03a4a4c96d809bc8d006bc6 1fdea886561b449284a7f80e9351b184 - - default default] Successfully bumped revision number for resource 221f731d-8452-4bc9-bf14-16fb8a158e3b (type: security_group_rules) to 0
2026-02-27 19:23:28.702 9 INFO neutron.db.ovn_revision_numbers_db [None req-dc5ed06e-3a92-42a2-990c-2a07bb23f906 47c62716c03a4a4c96d809bc8d006bc6 1fdea886561b449284a7f80e9351b184 - - default default] Successfully bumped revision number for resource 4eaf8395-0d81-45c8-99e9-52baf5d127ec (type: security_group_rules) to 0
2026-02-27 19:23:28.706 9 INFO neutron.db.ovn_revision_numbers_db [None req-b044e415-2aad-43b9-8b7c-5c754f83f75c 47c62716c03a4a4c96d809bc8d006bc6 1fdea886561b449284a7f80e9351b184 - - default default] Successfully bumped revision number for resource 36693b38-cdde-4319-a7f8-66604901eb2d (type: security_group_rules) to 0
2026-02-27 19:23:28.715 9 INFO neutron.db.ovn_revision_numbers_db [None req-dc5ed06e-3a92-42a2-990c-2a07bb23f906 47c62716c03a4a4c96d809bc8d006bc6 1fdea886561b449284a7f80e9351b184 - - default default] Successfully bumped revision number for resource 583f76f6-e4b0-41e2-89d9-8d38c24e3615 (type: security_group_rules) to 0
2026-02-27 19:23:28.721 9 INFO neutron.db.ovn_revision_numbers_db [None req-b044e415-2aad-43b9-8b7c-5c754f83f75c 47c62716c03a4a4c96d809bc8d006bc6 1fdea886561b449284a7f80e9351b184 - - default default] Successfully bumped revision number for resource 5ef4c70c-6c39-4b52-be84-ee6c1d873e89 (type: security_group_rules) to 0
2026-02-27 19:23:28.738 9 INFO neutron.db.ovn_revision_numbers_db [None req-dc5ed06e-3a92-42a2-990c-2a07bb23f906 47c62716c03a4a4c96d809bc8d006bc6 1fdea886561b449284a7f80e9351b184 - - default default] Successfully bumped revision number for resource 5d9b0acb-21ff-462d-9ccf-02ff34cd1db7 (type: security_group_rules) to 0
2026-02-27 19:23:28.753 9 INFO neutron.db.ovn_revision_numbers_db [None req-b044e415-2aad-43b9-8b7c-5c754f83f75c 47c62716c03a4a4c96d809bc8d006bc6 1fdea886561b449284a7f80e9351b184 - - default default] Successfully bumped revision number for resource 71c9e543-40d6-46ce-99fb-9ab0853563ea (type: security_group_rules) to 0
2026-02-27 19:23:28.766 9 INFO neutron.db.ovn_revision_numbers_db [None req-dc5ed06e-3a92-42a2-990c-2a07bb23f906 47c62716c03a4a4c96d809bc8d006bc6 1fdea886561b449284a7f80e9351b184 - - default default] Successfully bumped revision number for resource 9b568913-02da-4fcd-ba7f-8dd4b8a9399a (type: security_group_rules) to 0
2026-02-27 19:23:28.822 9 INFO neutron.db.segments_db [None req-b044e415-2aad-43b9-8b7c-5c754f83f75c 47c62716c03a4a4c96d809bc8d006bc6 1fdea886561b449284a7f80e9351b184 - - default default] Added segment 9bee4570-94ea-4e3a-99ec-d461985c4c59 of type geneve for network b479d51c-f1e5-43d5-b27d-cb2536b1e66b
2026-02-27 19:23:28.846 9 INFO neutron.db.segments_db [None req-dc5ed06e-3a92-42a2-990c-2a07bb23f906 47c62716c03a4a4c96d809bc8d006bc6 1fdea886561b449284a7f80e9351b184 - - default default] Added segment 5a697cd4-aae6-45a8-8e9d-2f0dccaf7a1b of type geneve for network 0f216097-2cc7-4041-ba8b-92ab65da7dca
2026-02-27 19:23:29.071 9 INFO neutron.db.ovn_revision_numbers_db [None req-b044e415-2aad-43b9-8b7c-5c754f83f75c 47c62716c03a4a4c96d809bc8d006bc6 1fdea886561b449284a7f80e9351b184 - - default default] Successfully bumped revision number for resource b479d51c-f1e5-43d5-b27d-cb2536b1e66b (type: networks) to 1
2026-02-27 19:23:29.108 9 INFO neutron.db.ovn_revision_numbers_db [None req-dc5ed06e-3a92-42a2-990c-2a07bb23f906 47c62716c03a4a4c96d809bc8d006bc6 1fdea886561b449284a7f80e9351b184 - - default default] Successfully bumped revision number for resource 0f216097-2cc7-4041-ba8b-92ab65da7dca (type: networks) to 1
2026-02-27 19:23:29.332 9 WARNING neutron.scheduler.dhcp_agent_scheduler [None req-b044e415-2aad-43b9-8b7c-5c754f83f75c 47c62716c03a4a4c96d809bc8d006bc6 1fdea886561b449284a7f80e9351b184 - - default default] No more DHCP agents
