2026-02-27 19:26:35.673 10 INFO neutron.wsgi [req-dc5a58b7-3a7e-4d42-8f57-d33c15dede2c req-8cb8fc89-e135-4438-b773-1a0415448367 778d7154e6794a52a5bfdcf955d53ab3 6bba581ff869420ea127bb7803648be2 - - default default] 10.0.0.156 "GET /v2.0/networks?id=8697947a-27d8-4760-a636-69efe6b22bba HTTP/1.1" status: 200 len: 904 time: 0.1429415
2026-02-27 19:26:35.695 10 INFO neutron.wsgi [req-dc5a58b7-3a7e-4d42-8f57-d33c15dede2c req-ad89e8ad-42f2-47f2-99b0-603e3357a5fd 778d7154e6794a52a5bfdcf955d53ab3 6bba581ff869420ea127bb7803648be2 - - default default] 10.0.0.156 "GET /v2.0/quotas/6bba581ff869420ea127bb7803648be2 HTTP/1.1" status: 200 len: 491 time: 0.0154929
2026-02-27 19:26:35.697 9 INFO neutron.wsgi [None req-aa6c7041-e2b8-4218-80f9-66d942738819 db702ebb2eb3475897d018b68f69982a 24148dc6075a4231876239a0ba878425 - - default default] 10.0.0.20 "GET /v2.0/ports/6254d924-d369-4cfe-a7a7-26ca3036d6d5 HTTP/1.1" status: 200 len: 1139 time: 0.0550797
2026-02-27 19:26:35.723 9 INFO neutron.wsgi [req-0be63a00-7df2-4eb8-b450-722d9f0dbbe4 req-03e6d3d7-2c66-4761-b803-8e8455307ffa 89d5c116b2f34af191f252029d0cf57e f93db5426c7e42daaaaf664590872084 - - 6f7b00aaeedb4e52a68b5d418fcd20ae 6f7b00aaeedb4e52a68b5d418fcd20ae] 10.0.0.156 "GET /v2.0/networks/c15020fd-253e-42f8-8d2f-450a567f0cd8?fields=provider%3Aphysical_network&fields=provider%3Anetwork_type HTTP/1.1" status: 200 len: 277 time: 0.0750482
2026-02-27 19:26:35.883 9 INFO neutron.wsgi [req-b256f498-8c34-4d40-b4f1-440a0c1fcd4b req-7768161a-a845-4789-b300-cbdb42d974d9 d6dcbc27ee9542de8de42c17dff7aaf8 382522d2a5e941b8a23eb0b041870a65 - - default default] 10.0.0.156 "GET /v2.0/ports?device_id=ec119063-c6ab-4032-bc5b-ab4ab2d15b7c HTTP/1.1" status: 200 len: 210 time: 0.0309048
2026-02-27 19:26:35.894 10 INFO neutron.db.ovn_revision_numbers_db [None req-2909eff3-9048-4328-bf81-8478544e5f09 6c9497d4b7eb4c699b92d9a9cacae0c8 e3d0fa26362c443fa2da60af31910461 - - default default] Successfully bumped revision number for resource ab1b76ee-9587-42d7-a61c-110306d2d0dc (type: networks) to 1
2026-02-27 19:26:36.063 10 INFO neutron.wsgi [req-dc5a58b7-3a7e-4d42-8f57-d33c15dede2c req-977e2469-e928-4e86-9ae0-59c0064f67fe 778d7154e6794a52a5bfdcf955d53ab3 6bba581ff869420ea127bb7803648be2 - - default default] 10.0.0.156 "GET /v2.0/ports?tenant_id=6bba581ff869420ea127bb7803648be2&fields=id HTTP/1.1" status: 200 len: 486 time: 0.3622262
2026-02-27 19:26:36.224 10 WARNING neutron.scheduler.dhcp_agent_scheduler [None req-2909eff3-9048-4328-bf81-8478544e5f09 6c9497d4b7eb4c699b92d9a9cacae0c8 e3d0fa26362c443fa2da60af31910461 - - default default] No more DHCP agents
2026-02-27 19:26:36.225 10 WARNING neutron.api.rpc.agentnotifiers.dhcp_rpc_agent_api [None req-2909eff3-9048-4328-bf81-8478544e5f09 6c9497d4b7eb4c699b92d9a9cacae0c8 e3d0fa26362c443fa2da60af31910461 - - default default] Unable to schedule network ab1b76ee-9587-42d7-a61c-110306d2d0dc: no agents available; will retry on subsequent port and subnet creation events.
2026-02-27 19:26:36.238 10 INFO neutron.wsgi [req-dc5a58b7-3a7e-4d42-8f57-d33c15dede2c req-49303ca3-3cdf-49e7-9ef8-e3d4d4874fb5 89d5c116b2f34af191f252029d0cf57e f93db5426c7e42daaaaf664590872084 - - 6f7b00aaeedb4e52a68b5d418fcd20ae 6f7b00aaeedb4e52a68b5d418fcd20ae] 10.0.0.156 "GET /v2.0/networks/8697947a-27d8-4760-a636-69efe6b22bba?fields=segments HTTP/1.1" status: 200 len: 212 time: 0.1473465
2026-02-27 19:26:36.328 10 INFO neutron.wsgi [req-dc5a58b7-3a7e-4d42-8f57-d33c15dede2c req-cb90084d-fbc7-46a3-88a2-60d40d7dcd7f 89d5c116b2f34af191f252029d0cf57e f93db5426c7e42daaaaf664590872084 - - 6f7b00aaeedb4e52a68b5d418fcd20ae 6f7b00aaeedb4e52a68b5d418fcd20ae] 10.0.0.156 "GET /v2.0/networks/8697947a-27d8-4760-a636-69efe6b22bba?fields=provider%3Aphysical_network&fields=provider%3Anetwork_type HTTP/1.1" status: 200 len: 277 time: 0.0839832
2026-02-27 19:26:36.334 10 INFO neutron.db.ovn_revision_numbers_db [None req-2909eff3-9048-4328-bf81-8478544e5f09 6c9497d4b7eb4c699b92d9a9cacae0c8 e3d0fa26362c443fa2da60af31910461 - - default default] Successfully bumped revision number for resource fac44a3f-189a-4d08-aca1-70ab5488bcdf (type: ports) to 1
2026-02-27 19:26:36.375 10 INFO neutron.wsgi [None req-2909eff3-9048-4328-bf81-8478544e5f09 6c9497d4b7eb4c699b92d9a9cacae0c8 e3d0fa26362c443fa2da60af31910461 - - default default] 10.0.0.20 "POST /v2.0/networks HTTP/1.1" status: 201 len: 831 time: 0.9051404
2026-02-27 19:26:36.387 10 WARNING neutron_lib.context [None req-2db2a48c-9fe6-4429-a9a2-855cc9a82008 6c9497d4b7eb4c699b92d9a9cacae0c8 e3d0fa26362c443fa2da60af31910461 - - default default] Method 'is_advsvc' is deprecated since 2023.2 release (neutron-lib 3.8.0) and will be removed once support for the old RBAC API policies will be removed from Neutron. Please use method 'is_service_role' instead.
2026-02-27 19:26:36.452 9 WARNING neutron.plugins.ml2.drivers.ovn.mech_driver.ovsdb.ovn_client [None req-83e8f823-6b8f-4cfc-930d-da03a0ad2252 - - - - - -] No port found with ID fa33c1c6-bdcb-4564-b04f-06f99cf267ff: RuntimeError: No port found with ID fa33c1c6-bdcb-4564-b04f-06f99cf267ff
2026-02-27 19:26:36.490 9 INFO neutron.wsgi [req-31d527ac-e6ab-4ae7-adfd-0a3aca7df35c req-2c670a6c-acd0-44db-824f-8624785bf9d9 778d7154e6794a52a5bfdcf955d53ab3 6bba581ff869420ea127bb7803648be2 - - default default] 10.0.0.156 "GET /v2.0/ports?device_id=59a03f8c-aff0-4e2c-9a09-8cbd2cab9e4b HTTP/1.1" status: 200 len: 210 time: 0.0246513
2026-02-27 19:26:36.662 10 WARNING neutron.scheduler.dhcp_agent_scheduler [None req-2db2a48c-9fe6-4429-a9a2-855cc9a82008 6c9497d4b7eb4c699b92d9a9cacae0c8 e3d0fa26362c443fa2da60af31910461 - - default default] No more DHCP agents
2026-02-27 19:26:36.665 10 WARNING neutron.api.rpc.agentnotifiers.dhcp_rpc_agent_api [None req-2db2a48c-9fe6-4429-a9a2-855cc9a82008 6c9497d4b7eb4c699b92d9a9cacae0c8 e3d0fa26362c443fa2da60af31910461 - - default default] Unable to schedule network ab1b76ee-9587-42d7-a61c-110306d2d0dc: no agents available; will retry on subsequent port and subnet creation events.
2026-02-27 19:26:36.738 9 INFO neutron.wsgi [None req-2de33f9d-979c-4885-9d01-327f7998ebed db702ebb2eb3475897d018b68f69982a 24148dc6075a4231876239a0ba878425 - - default default] 10.0.0.20 "GET /v2.0/ports/6254d924-d369-4cfe-a7a7-26ca3036d6d5 HTTP/1.1" status: 200 len: 1139 time: 0.0364385
2026-02-27 19:26:36.773 10 INFO neutron.wsgi [req-0be63a00-7df2-4eb8-b450-722d9f0dbbe4 req-f87c48d3-46ab-45c8-83c5-58ba9a394b9c d6dcbc27ee9542de8de42c17dff7aaf8 382522d2a5e941b8a23eb0b041870a65 - - default default] 199.204.45.49 "GET /v2.0/networks?id=c15020fd-253e-42f8-8d2f-450a567f0cd8 HTTP/1.1" status: 200 len: 859 time: 0.0896542
2026-02-27 19:26:36.846 10 INFO neutron.wsgi [req-0be63a00-7df2-4eb8-b450-722d9f0dbbe4 req-4274d845-b4c1-432d-9ead-a367e0975415 d6dcbc27ee9542de8de42c17dff7aaf8 382522d2a5e941b8a23eb0b041870a65 - - default default] 199.204.45.49 "GET /v2.0/security-groups?fields=id&fields=name&tenant_id=382522d2a5e941b8a23eb0b041870a65 HTTP/1.1" status: 200 len: 471 time: 0.0669603
2026-02-27 19:26:36.875 10 WARNING neutron_lib.context [req-0be63a00-7df2-4eb8-b450-722d9f0dbbe4 req-d4a4e384-73c1-4de9-850e-2634ff0ae2fa d6dcbc27ee9542de8de42c17dff7aaf8 382522d2a5e941b8a23eb0b041870a65 - - default default] Method 'is_advsvc' is deprecated since 2023.2 release (neutron-lib 3.8.0) and will be removed once support for the old RBAC API policies will be removed from Neutron. Please use method 'is_service_role' instead.
2026-02-27 19:26:36.976 10 INFO neutron.wsgi [req-d2015b68-a7a4-4339-8db6-f4cef3ea8d4e req-19a7b080-ba22-416f-8bd1-64eb682765b3 d6dcbc27ee9542de8de42c17dff7aaf8 382522d2a5e941b8a23eb0b041870a65 - - default default] 10.0.0.156 "GET /v2.0/ports?device_id=ec119063-c6ab-4032-bc5b-ab4ab2d15b7c HTTP/1.1" status: 200 len: 210 time: 0.0247729
2026-02-27 19:26:37.012 9 INFO neutron.wsgi [-] 10.0.0.146 "GET / HTTP/1.1" status: 200 len: 246 time: 0.0042367
2026-02-27 19:26:37.015 9 INFO neutron.wsgi [-] 10.0.0.146 "GET / HTTP/1.1" status: 200 len: 246 time: 0.0025787
2026-02-27 19:26:37.320 9 INFO neutron.wsgi [req-dc5a58b7-3a7e-4d42-8f57-d33c15dede2c req-1c8c02be-ff50-4f5f-ad0a-c42d92ecbced 778d7154e6794a52a5bfdcf955d53ab3 6bba581ff869420ea127bb7803648be2 - - default default] 199.204.45.49 "GET /v2.0/networks?id=8697947a-27d8-4760-a636-69efe6b22bba HTTP/1.1" status: 200 len: 904 time: 0.0656445
2026-02-27 19:26:37.353 10 WARNING neutron.scheduler.dhcp_agent_scheduler [req-0be63a00-7df2-4eb8-b450-722d9f0dbbe4 req-d4a4e384-73c1-4de9-850e-2634ff0ae2fa d6dcbc27ee9542de8de42c17dff7aaf8 382522d2a5e941b8a23eb0b041870a65 - - default default] No more DHCP agents
2026-02-27 19:26:37.362 10 WARNING neutron.api.rpc.agentnotifiers.dhcp_rpc_agent_api [req-0be63a00-7df2-4eb8-b450-722d9f0dbbe4 req-d4a4e384-73c1-4de9-850e-2634ff0ae2fa d6dcbc27ee9542de8de42c17dff7aaf8 382522d2a5e941b8a23eb0b041870a65 - - default default] Unable to schedule network c15020fd-253e-42f8-8d2f-450a567f0cd8: no agents available; will retry on subsequent port and subnet creation events.
2026-02-27 19:26:37.375 9 INFO neutron.wsgi [req-dc5a58b7-3a7e-4d42-8f57-d33c15dede2c req-bed3ad44-c4c4-48bb-9d03-5c2b2ccc88f9 778d7154e6794a52a5bfdcf955d53ab3 6bba581ff869420ea127bb7803648be2 - - default default] 199.204.45.49 "GET /v2.0/security-groups?fields=id&fields=name&tenant_id=6bba581ff869420ea127bb7803648be2 HTTP/1.1" status: 200 len: 377 time: 0.0483818
2026-02-27 19:26:37.387 9 WARNING neutron_lib.context [req-dc5a58b7-3a7e-4d42-8f57-d33c15dede2c req-c9e31d1a-c46c-427f-859f-313c71349873 778d7154e6794a52a5bfdcf955d53ab3 6bba581ff869420ea127bb7803648be2 - - default default] Method 'is_advsvc' is deprecated since 2023.2 release (neutron-lib 3.8.0) and will be removed once support for the old RBAC API policies will be removed from Neutron. Please use method 'is_service_role' instead.
2026-02-27 19:26:37.439 10 INFO neutron.db.ovn_revision_numbers_db [None req-2db2a48c-9fe6-4429-a9a2-855cc9a82008 6c9497d4b7eb4c699b92d9a9cacae0c8 e3d0fa26362c443fa2da60af31910461 - - default default] Successfully bumped revision number for resource fac44a3f-189a-4d08-aca1-70ab5488bcdf (type: ports) to 2
2026-02-27 19:26:37.493 10 INFO neutron.db.ovn_revision_numbers_db [None req-2db2a48c-9fe6-4429-a9a2-855cc9a82008 6c9497d4b7eb4c699b92d9a9cacae0c8 e3d0fa26362c443fa2da60af31910461 - - default default] Successfully bumped revision number for resource 24dbf41a-b823-41e5-801b-e1b389e22f58 (type: subnets) to 0
2026-02-27 19:26:37.525 10 INFO neutron.wsgi [None req-2db2a48c-9fe6-4429-a9a2-855cc9a82008 6c9497d4b7eb4c699b92d9a9cacae0c8 e3d0fa26362c443fa2da60af31910461 - - default default] 10.0.0.20 "POST /v2.0/subnets HTTP/1.1" status: 201 len: 804 time: 1.1444645
2026-02-27 19:26:37.535 9 WARNING neutron_lib.context [None req-5470fb56-1403-434f-9e70-632aa4cbd51d 6c9497d4b7eb4c699b92d9a9cacae0c8 e3d0fa26362c443fa2da60af31910461 - - default default] Method 'is_advsvc' is deprecated since 2023.2 release (neutron-lib 3.8.0) and will be removed once support for the old RBAC API policies will be removed from Neutron. Please use method 'is_service_role' instead.
2026-02-27 19:26:37.599 10 INFO neutron.db.ovn_revision_numbers_db [req-0be63a00-7df2-4eb8-b450-722d9f0dbbe4 req-d4a4e384-73c1-4de9-850e-2634ff0ae2fa d6dcbc27ee9542de8de42c17dff7aaf8 382522d2a5e941b8a23eb0b041870a65 - - default default] Successfully bumped revision number for resource 9cc2a234-810b-4725-a664-947b5aa55303 (type: ports) to 1
2026-02-27 19:26:37.624 10 INFO neutron.wsgi [req-0be63a00-7df2-4eb8-b450-722d9f0dbbe4 req-d4a4e384-73c1-4de9-850e-2634ff0ae2fa d6dcbc27ee9542de8de42c17dff7aaf8 382522d2a5e941b8a23eb0b041870a65 - - default default] 199.204.45.49 "POST /v2.0/ports HTTP/1.1" status: 201 len: 1162 time: 0.7616432 /var/lib/openstack/lib/python3.10/site-packages/pycadf/identifier.py:71: UserWarning: Invalid uuid: neutron. To ensure interoperability, identifiers should be a valid uuid. warnings.warn(('Invalid uuid: %s. To ensure interoperability, '
2026-02-27 19:26:37.807 10 INFO neutron.wsgi [None req-f82e4c4e-a120-48cf-bd22-8c1f8bfa975a db702ebb2eb3475897d018b68f69982a 24148dc6075a4231876239a0ba878425 - - default default] 10.0.0.20 "GET /v2.0/ports/6254d924-d369-4cfe-a7a7-26ca3036d6d5 HTTP/1.1" status: 200 len: 1139 time: 0.0606866
2026-02-27 19:26:38.103 10 INFO neutron.db.ovn_revision_numbers_db [req-0be63a00-7df2-4eb8-b450-722d9f0dbbe4 req-aa9d7935-745f-437e-b4fa-12619ae8e71a 89d5c116b2f34af191f252029d0cf57e f93db5426c7e42daaaaf664590872084 - - 6f7b00aaeedb4e52a68b5d418fcd20ae 6f7b00aaeedb4e52a68b5d418fcd20ae] Successfully bumped revision number for resource 9cc2a234-810b-4725-a664-947b5aa55303 (type: ports) to 2
2026-02-27 19:26:38.172 9 INFO neutron.wsgi [req-897bff48-57ef-4f86-b112-cbbe38609d6a req-c2ae0d10-74dd-474a-a9b8-f6768f594fda d6dcbc27ee9542de8de42c17dff7aaf8 382522d2a5e941b8a23eb0b041870a65 - - default default] 10.0.0.156 "GET /v2.0/ports?device_id=ec119063-c6ab-4032-bc5b-ab4ab2d15b7c HTTP/1.1" status: 200 len: 1172 time: 0.1095688
2026-02-27 19:26:38.299 9 INFO neutron.wsgi [req-897bff48-57ef-4f86-b112-cbbe38609d6a req-e3ece588-0921-4e7e-94c9-c6430dcf96cd d6dcbc27ee9542de8de42c17dff7aaf8 382522d2a5e941b8a23eb0b041870a65 - - default default] 10.0.0.156 "GET /v2.0/security-groups?id=ef28c851-1e7e-45ef-9231-a128ff33836e&fields=id&fields=name HTTP/1.1" status: 200 len: 312 time: 0.1100638
2026-02-27 19:26:38.350 10 INFO neutron.db.ovn_revision_numbers_db [req-0be63a00-7df2-4eb8-b450-722d9f0dbbe4 req-aa9d7935-745f-437e-b4fa-12619ae8e71a 89d5c116b2f34af191f252029d0cf57e f93db5426c7e42daaaaf664590872084 - - 6f7b00aaeedb4e52a68b5d418fcd20ae 6f7b00aaeedb4e52a68b5d418fcd20ae] Successfully bumped revision number for resource 9cc2a234-810b-4725-a664-947b5aa55303 (type: ports) to 2
2026-02-27 19:26:38.367 10 INFO neutron.wsgi [req-0be63a00-7df2-4eb8-b450-722d9f0dbbe4 req-aa9d7935-745f-437e-b4fa-12619ae8e71a 89d5c116b2f34af191f252029d0cf57e f93db5426c7e42daaaaf664590872084 - - 6f7b00aaeedb4e52a68b5d418fcd20ae 6f7b00aaeedb4e52a68b5d418fcd20ae] 199.204.45.49 "PUT /v2.0/ports/9cc2a234-810b-4725-a664-947b5aa55303 HTTP/1.1" status: 200 len: 1380 time: 0.7339933
2026-02-27 19:26:38.372 9 WARNING neutron.scheduler.dhcp_agent_scheduler [req-dc5a58b7-3a7e-4d42-8f57-d33c15dede2c req-c9e31d1a-c46c-427f-859f-313c71349873 778d7154e6794a52a5bfdcf955d53ab3 6bba581ff869420ea127bb7803648be2 - - default default] No more DHCP agents
2026-02-27 19:26:38.376 9 WARNING neutron.api.rpc.agentnotifiers.dhcp_rpc_agent_api [req-dc5a58b7-3a7e-4d42-8f57-d33c15dede2c req-c9e31d1a-c46c-427f-859f-313c71349873 778d7154e6794a52a5bfdcf955d53ab3 6bba581ff869420ea127bb7803648be2 - - default default] Unable to schedule network 8697947a-27d8-4760-a636-69efe6b22bba: no agents available; will retry on subsequent port and subnet creation events. /var/lib/openstack/lib/python3.10/site-packages/pycadf/identifier.py:71: UserWarning: Invalid uuid: neutron. To ensure interoperability, identifiers should be a valid uuid. warnings.warn(('Invalid uuid: %s. To ensure interoperability, '
2026-02-27 19:26:38.420 10 INFO neutron.notifiers.nova [-] Nova event matching ['req-5588105d-42b8-491e-90c1-cbb8775d4777'] response: {'name': 'network-changed', 'server_uuid': 'ec119063-c6ab-4032-bc5b-ab4ab2d15b7c', 'tag': '9cc2a234-810b-4725-a664-947b5aa55303', 'status': 'completed', 'code': 200}
2026-02-27 19:26:38.450 10 INFO neutron.wsgi [req-0be63a00-7df2-4eb8-b450-722d9f0dbbe4 req-93e9021d-e028-4af7-884a-4648f81ee08c 89d5c116b2f34af191f252029d0cf57e f93db5426c7e42daaaaf664590872084 - - 6f7b00aaeedb4e52a68b5d418fcd20ae 6f7b00aaeedb4e52a68b5d418fcd20ae] 199.204.45.49 "GET /v2.0/ports?tenant_id=382522d2a5e941b8a23eb0b041870a65&device_id=ec119063-c6ab-4032-bc5b-ab4ab2d15b7c HTTP/1.1" status: 200 len: 1411 time: 0.0475960
2026-02-27 19:26:38.488 10 INFO neutron.wsgi [req-0be63a00-7df2-4eb8-b450-722d9f0dbbe4 req-cf49d10d-4aba-4fa8-bf6f-bd0db7f5515f 89d5c116b2f34af191f252029d0cf57e f93db5426c7e42daaaaf664590872084 - - 6f7b00aaeedb4e52a68b5d418fcd20ae 6f7b00aaeedb4e52a68b5d418fcd20ae] 199.204.45.49 "GET /v2.0/floatingips?fixed_ip_address=10.100.0.11&port_id=9cc2a234-810b-4725-a664-947b5aa55303 HTTP/1.1" status: 200 len: 217 time: 0.0307634
2026-02-27 19:26:38.539 10 INFO neutron.wsgi [req-0be63a00-7df2-4eb8-b450-722d9f0dbbe4 req-e74e4a5c-8e34-48c9-a705-1db14e01e8ab 89d5c116b2f34af191f252029d0cf57e f93db5426c7e42daaaaf664590872084 - - 6f7b00aaeedb4e52a68b5d418fcd20ae 6f7b00aaeedb4e52a68b5d418fcd20ae] 199.204.45.49 "GET /v2.0/subnets?id=8778c983-fd1e-4eed-8d80-9b718c5937c1 HTTP/1.1" status: 200 len: 853 time: 0.0467422
2026-02-27 19:26:38.565 9 WARNING neutron.scheduler.dhcp_agent_scheduler [None req-5470fb56-1403-434f-9e70-632aa4cbd51d 6c9497d4b7eb4c699b92d9a9cacae0c8 e3d0fa26362c443fa2da60af31910461 - - default default] No more DHCP agents
2026-02-27 19:26:38.569 9 WARNING neutron.api.rpc.agentnotifiers.dhcp_rpc_agent_api [None req-5470fb56-1403-434f-9e70-632aa4cbd51d 6c9497d4b7eb4c699b92d9a9cacae0c8 e3d0fa26362c443fa2da60af31910461 - - default default] Unable to schedule network 7d087bdb-961f-4f32-a9a9-adf5ea602af2: no agents available; will retry on subsequent port and subnet creation events.
2026-02-27 19:26:38.570 10 INFO neutron.wsgi [req-0be63a00-7df2-4eb8-b450-722d9f0dbbe4 req-5cd13c62-d6da-4543-8e5c-0a661b946fb3 89d5c116b2f34af191f252029d0cf57e f93db5426c7e42daaaaf664590872084 - - 6f7b00aaeedb4e52a68b5d418fcd20ae 6f7b00aaeedb4e52a68b5d418fcd20ae] 199.204.45.49 "GET /v2.0/ports?network_id=c15020fd-253e-42f8-8d2f-450a567f0cd8&device_owner=network%3Adhcp HTTP/1.1" status: 200 len: 210 time: 0.0222116
2026-02-27 19:26:38.625 9 INFO neutron.db.ovn_revision_numbers_db [req-dc5a58b7-3a7e-4d42-8f57-d33c15dede2c req-c9e31d1a-c46c-427f-859f-313c71349873 778d7154e6794a52a5bfdcf955d53ab3 6bba581ff869420ea127bb7803648be2 - - default default] Successfully bumped revision number for resource 81f0152e-e7a3-476f-a74e-7ab3831a06b7 (type: ports) to 1
2026-02-27 19:26:38.642 10 INFO neutron.wsgi [req-0be63a00-7df2-4eb8-b450-722d9f0dbbe4 req-e12acaf9-4bc5-4a63-bd4e-517e766f45bd 89d5c116b2f34af191f252029d0cf57e f93db5426c7e42daaaaf664590872084 - - 6f7b00aaeedb4e52a68b5d418fcd20ae 6f7b00aaeedb4e52a68b5d418fcd20ae] 199.204.45.49 "GET /v2.0/networks/c15020fd-253e-42f8-8d2f-450a567f0cd8?fields=segments HTTP/1.1" status: 200 len: 212 time: 0.0610797
2026-02-27 19:26:38.659 9 INFO neutron.wsgi [req-dc5a58b7-3a7e-4d42-8f57-d33c15dede2c req-c9e31d1a-c46c-427f-859f-313c71349873 778d7154e6794a52a5bfdcf955d53ab3 6bba581ff869420ea127bb7803648be2 - - default default] 199.204.45.49 "POST /v2.0/ports HTTP/1.1" status: 201 len: 1388 time: 1.2788889 /var/lib/openstack/lib/python3.10/site-packages/pycadf/identifier.py:71: UserWarning: Invalid uuid: neutron. To ensure interoperability, identifiers should be a valid uuid. warnings.warn(('Invalid uuid: %s. To ensure interoperability, '
2026-02-27 19:26:38.702 10 INFO neutron.wsgi [req-0be63a00-7df2-4eb8-b450-722d9f0dbbe4 req-d117167d-139f-4827-96c1-292a9779935e 89d5c116b2f34af191f252029d0cf57e f93db5426c7e42daaaaf664590872084 - - 6f7b00aaeedb4e52a68b5d418fcd20ae 6f7b00aaeedb4e52a68b5d418fcd20ae] 199.204.45.49 "GET /v2.0/networks/c15020fd-253e-42f8-8d2f-450a567f0cd8?fields=provider%3Aphysical_network&fields=provider%3Anetwork_type HTTP/1.1" status: 200 len: 277 time: 0.0536427
2026-02-27 19:26:38.768 9 INFO neutron.db.ovn_revision_numbers_db [None req-5470fb56-1403-434f-9e70-632aa4cbd51d 6c9497d4b7eb4c699b92d9a9cacae0c8 e3d0fa26362c443fa2da60af31910461 - - default default] Successfully bumped revision number for resource 924615dc-1dcc-47e9-b410-92763070779d (type: ports) to 1
2026-02-27 19:26:38.800 10 INFO neutron.wsgi [req-72a326c0-ca3f-4509-82c3-a678cf30c1b3 req-c3b00dfd-d5d7-4bf8-a095-a947f0bbdf52 89d5c116b2f34af191f252029d0cf57e f93db5426c7e42daaaaf664590872084 - - 6f7b00aaeedb4e52a68b5d418fcd20ae 6f7b00aaeedb4e52a68b5d418fcd20ae] 199.204.45.49 "GET /v2.0/ports?tenant_id=382522d2a5e941b8a23eb0b041870a65&device_id=ec119063-c6ab-4032-bc5b-ab4ab2d15b7c HTTP/1.1" status: 200 len: 1411 time: 0.0493255
2026-02-27 19:26:38.933 10 INFO neutron.wsgi [req-72a326c0-ca3f-4509-82c3-a678cf30c1b3 req-4675b8a1-d3ba-4191-a768-46e97927a526 89d5c116b2f34af191f252029d0cf57e f93db5426c7e42daaaaf664590872084 - - 6f7b00aaeedb4e52a68b5d418fcd20ae 6f7b00aaeedb4e52a68b5d418fcd20ae] 199.204.45.49 "GET /v2.0/networks?id=c15020fd-253e-42f8-8d2f-450a567f0cd8 HTTP/1.1" status: 200 len: 958 time: 0.1265249
2026-02-27 19:26:38.964 10 INFO neutron.wsgi [None req-7b8c0946-f068-46dc-bf79-ac57af4f5b66 db702ebb2eb3475897d018b68f69982a 24148dc6075a4231876239a0ba878425 - - default default] 10.0.0.20 "GET /v2.0/ports/6254d924-d369-4cfe-a7a7-26ca3036d6d5 HTTP/1.1" status: 200 len: 1139 time: 0.1495397
2026-02-27 19:26:38.965 10 INFO neutron.wsgi [req-72a326c0-ca3f-4509-82c3-a678cf30c1b3 req-103937ce-5afa-45a5-bd44-b0d8e895b292 89d5c116b2f34af191f252029d0cf57e f93db5426c7e42daaaaf664590872084 - - 6f7b00aaeedb4e52a68b5d418fcd20ae 6f7b00aaeedb4e52a68b5d418fcd20ae] 199.204.45.49 "GET /v2.0/floatingips?fixed_ip_address=10.100.0.11&port_id=9cc2a234-810b-4725-a664-947b5aa55303 HTTP/1.1" status: 200 len: 217 time: 0.0274935
2026-02-27 19:26:39.010 10 INFO neutron.wsgi [req-72a326c0-ca3f-4509-82c3-a678cf30c1b3 req-02fb666b-d1ff-4642-83be-cf990b8809f2 89d5c116b2f34af191f252029d0cf57e f93db5426c7e42daaaaf664590872084 - - 6f7b00aaeedb4e52a68b5d418fcd20ae 6f7b00aaeedb4e52a68b5d418fcd20ae] 199.204.45.49 "GET /v2.0/subnets?id=8778c983-fd1e-4eed-8d80-9b718c5937c1 HTTP/1.1" status: 200 len: 853 time: 0.0371952
2026-02-27 19:26:39.039 10 INFO neutron.wsgi [req-72a326c0-ca3f-4509-82c3-a678cf30c1b3 req-3969f216-6c40-463d-aec3-a96a3ab69310 89d5c116b2f34af191f252029d0cf57e f93db5426c7e42daaaaf664590872084 - - 6f7b00aaeedb4e52a68b5d418fcd20ae 6f7b00aaeedb4e52a68b5d418fcd20ae] 199.204.45.49 "GET /v2.0/ports?network_id=c15020fd-253e-42f8-8d2f-450a567f0cd8&device_owner=network%3Adhcp HTTP/1.1" status: 200 len: 210 time: 0.0235507
2026-02-27 19:26:39.041 9 INFO neutron.plugins.ml2.drivers.ovn.mech_driver.mech_driver [None req-83e8f823-6b8f-4cfc-930d-da03a0ad2252 - - - - - -] OVN reports status up for port: 3e635f0a-3998-4fb7-be3c-8bf047f27377
2026-02-27 19:26:39.060 9 INFO neutron.plugins.ml2.plugin [None req-83e8f823-6b8f-4cfc-930d-da03a0ad2252 - - - - - -] Attempt 1 to provision port 3e635f0a-3998-4fb7-be3c-8bf047f27377
2026-02-27 19:26:39.343 10 INFO neutron.wsgi [req-72a326c0-ca3f-4509-82c3-a678cf30c1b3 req-8c04f5c0-aced-439c-b35f-cd9c77624f3a 89d5c116b2f34af191f252029d0cf57e f93db5426c7e42daaaaf664590872084 - - 6f7b00aaeedb4e52a68b5d418fcd20ae 6f7b00aaeedb4e52a68b5d418fcd20ae] 199.204.45.49 "GET /v2.0/networks/c15020fd-253e-42f8-8d2f-450a567f0cd8?fields=segments HTTP/1.1" status: 200 len: 212 time: 0.3002105
2026-02-27 19:26:39.402 10 INFO neutron.wsgi [req-72a326c0-ca3f-4509-82c3-a678cf30c1b3 req-fe716355-09e3-4c23-8ecd-0d4fea39f248 89d5c116b2f34af191f252029d0cf57e f93db5426c7e42daaaaf664590872084 - - 6f7b00aaeedb4e52a68b5d418fcd20ae 6f7b00aaeedb4e52a68b5d418fcd20ae] 199.204.45.49 "GET /v2.0/networks/c15020fd-253e-42f8-8d2f-450a567f0cd8?fields=provider%3Aphysical_network&fields=provider%3Anetwork_type HTTP/1.1" status: 200 len: 277 time: 0.0540133 /var/lib/openstack/lib/python3.10/site-packages/pycadf/identifier.py:71: UserWarning: Invalid uuid: neutron. To ensure interoperability, identifiers should be a valid uuid. warnings.warn(('Invalid uuid: %s. To ensure interoperability, '
2026-02-27 19:26:39.505 9 INFO neutron.wsgi [req-e9de00f2-64b2-43e9-ae28-73a2c9105717 req-290769a7-facf-40f9-92a0-b8001dd3e225 d6dcbc27ee9542de8de42c17dff7aaf8 382522d2a5e941b8a23eb0b041870a65 - - default default] 10.0.0.156 "GET /v2.0/ports?device_id=ec119063-c6ab-4032-bc5b-ab4ab2d15b7c HTTP/1.1" status: 200 len: 1172 time: 0.0704255
2026-02-27 19:26:39.549 9 INFO neutron.db.ovn_revision_numbers_db [req-dc5a58b7-3a7e-4d42-8f57-d33c15dede2c req-83b767a4-1db1-4b60-9aeb-71d484213e82 89d5c116b2f34af191f252029d0cf57e f93db5426c7e42daaaaf664590872084 - - 6f7b00aaeedb4e52a68b5d418fcd20ae 6f7b00aaeedb4e52a68b5d418fcd20ae] Successfully bumped revision number for resource 81f0152e-e7a3-476f-a74e-7ab3831a06b7 (type: ports) to 2
2026-02-27 19:26:39.591 9 INFO neutron.wsgi [req-e9de00f2-64b2-43e9-ae28-73a2c9105717 req-a0ee88d5-691f-44e5-b8cd-4117a730daf4 d6dcbc27ee9542de8de42c17dff7aaf8 382522d2a5e941b8a23eb0b041870a65 - - default default] 10.0.0.156 "GET /v2.0/security-groups?id=ef28c851-1e7e-45ef-9231-a128ff33836e&fields=id&fields=name HTTP/1.1" status: 200 len: 312 time: 0.0747528
2026-02-27 19:26:39.733 10 WARNING neutron.plugins.ml2.drivers.ovn.mech_driver.ovsdb.ovn_client [None req-cd22cb5e-bbff-43fa-a989-1d0dd7f5d2c4 - - - - - -] No hosting information found for port 86e11b7e-1443-4039-8184-cc6c0db3a65f: RuntimeError: No hosting information found for port 86e11b7e-1443-4039-8184-cc6c0db3a65f
2026-02-27 19:26:39.734 10 INFO neutron.plugins.ml2.drivers.ovn.mech_driver.mech_driver [None req-cd22cb5e-bbff-43fa-a989-1d0dd7f5d2c4 - - - - - -] OVN reports status up for port: c7a9f95a-aafc-46bd-8b6f-a68c79b48984
2026-02-27 19:26:39.741 10 INFO neutron.plugins.ml2.plugin [None req-cd22cb5e-bbff-43fa-a989-1d0dd7f5d2c4 - - - - - -] Attempt 1 to provision port c7a9f95a-aafc-46bd-8b6f-a68c79b48984
2026-02-27 19:26:39.802 9 INFO neutron.db.ovn_revision_numbers_db [None req-83e8f823-6b8f-4cfc-930d-da03a0ad2252 - - - - - -] Successfully bumped revision number for resource 3e635f0a-3998-4fb7-be3c-8bf047f27377 (type: ports) to 3
2026-02-27 19:26:39.966 9 INFO neutron.db.ovn_revision_numbers_db [req-dc5a58b7-3a7e-4d42-8f57-d33c15dede2c req-83b767a4-1db1-4b60-9aeb-71d484213e82 89d5c116b2f34af191f252029d0cf57e f93db5426c7e42daaaaf664590872084 - - 6f7b00aaeedb4e52a68b5d418fcd20ae 6f7b00aaeedb4e52a68b5d418fcd20ae] Successfully bumped revision number for resource 81f0152e-e7a3-476f-a74e-7ab3831a06b7 (type: ports) to 2 /var/lib/openstack/lib/python3.10/site-packages/pycadf/identifier.py:71: UserWarning: Invalid uuid: neutron. To ensure interoperability, identifiers should be a valid uuid. warnings.warn(('Invalid uuid: %s. To ensure interoperability, '
2026-02-27 19:26:40.015 9 INFO neutron.wsgi [req-dc5a58b7-3a7e-4d42-8f57-d33c15dede2c req-83b767a4-1db1-4b60-9aeb-71d484213e82 89d5c116b2f34af191f252029d0cf57e f93db5426c7e42daaaaf664590872084 - - 6f7b00aaeedb4e52a68b5d418fcd20ae 6f7b00aaeedb4e52a68b5d418fcd20ae] 199.204.45.49 "PUT /v2.0/ports/81f0152e-e7a3-476f-a74e-7ab3831a06b7 HTTP/1.1" status: 200 len: 1605 time: 1.3496742
2026-02-27 19:26:40.037 9 INFO neutron.wsgi [None req-c9e9b52e-3c4d-40d6-b583-fe7d8a2e3cad db702ebb2eb3475897d018b68f69982a 24148dc6075a4231876239a0ba878425 - - default default] 10.0.0.20 "GET /v2.0/ports/6254d924-d369-4cfe-a7a7-26ca3036d6d5 HTTP/1.1" status: 200 len: 1139 time: 0.0643985
2026-02-27 19:26:40.066 9 INFO neutron.plugins.ml2.drivers.ovn.mech_driver.ovsdb.commands [None req-b6cc3296-f48e-4825-8fb6-121dbaf8e242 - - - - - -] Schedule LRP lrp-924615dc-1dcc-47e9-b410-92763070779d on gateway e86a0888-33b2-49c0-9b5a-02a225357f4b with priority 1
2026-02-27 19:26:40.080 9 INFO neutron.notifiers.nova [-] Nova event matching ['req-bac68db0-e32b-4176-9fb2-bc5590778c1e'] response: {'name': 'network-changed', 'server_uuid': '59a03f8c-aff0-4e2c-9a09-8cbd2cab9e4b', 'tag': '81f0152e-e7a3-476f-a74e-7ab3831a06b7', 'status': 'completed', 'code': 200}
2026-02-27 19:26:40.104 9 INFO neutron.plugins.ml2.drivers.ovn.mech_driver.mech_driver [None req-83e8f823-6b8f-4cfc-930d-da03a0ad2252 - - - - - -] OVN reports status up for port: 924615dc-1dcc-47e9-b410-92763070779d
2026-02-27 19:26:40.120 9 INFO neutron.plugins.ml2.plugin [None req-83e8f823-6b8f-4cfc-930d-da03a0ad2252 - - - - - -] Attempt 1 to provision port 924615dc-1dcc-47e9-b410-92763070779d
2026-02-27 19:26:40.141 9 INFO neutron.wsgi [req-dc5a58b7-3a7e-4d42-8f57-d33c15dede2c req-9855738c-cabc-431d-b349-7a1016d2cce9 89d5c116b2f34af191f252029d0cf57e f93db5426c7e42daaaaf664590872084 - - 6f7b00aaeedb4e52a68b5d418fcd20ae 6f7b00aaeedb4e52a68b5d418fcd20ae] 199.204.45.49 "GET /v2.0/ports?tenant_id=6bba581ff869420ea127bb7803648be2&device_id=59a03f8c-aff0-4e2c-9a09-8cbd2cab9e4b HTTP/1.1" status: 200 len: 1636 time: 0.0733988
2026-02-27 19:26:40.151 9 INFO neutron.db.ovn_revision_numbers_db [None req-5470fb56-1403-434f-9e70-632aa4cbd51d 6c9497d4b7eb4c699b92d9a9cacae0c8 e3d0fa26362c443fa2da60af31910461 - - default default] Successfully bumped revision number for resource 924615dc-1dcc-47e9-b410-92763070779d (type: router_ports) to 1
2026-02-27 19:26:40.178 10 INFO neutron.db.ovn_revision_numbers_db [None req-cd22cb5e-bbff-43fa-a989-1d0dd7f5d2c4 - - - - - -] Successfully bumped revision number for resource c7a9f95a-aafc-46bd-8b6f-a68c79b48984 (type: ports) to 2
2026-02-27 19:26:40.199 9 INFO neutron.wsgi [req-dc5a58b7-3a7e-4d42-8f57-d33c15dede2c req-7c69cc3a-6098-4c02-a42d-dea928b4112b 89d5c116b2f34af191f252029d0cf57e f93db5426c7e42daaaaf664590872084 - - 6f7b00aaeedb4e52a68b5d418fcd20ae 6f7b00aaeedb4e52a68b5d418fcd20ae] 199.204.45.49 "GET /v2.0/floatingips?fixed_ip_address=10.2.1.180&port_id=81f0152e-e7a3-476f-a74e-7ab3831a06b7 HTTP/1.1" status: 200 len: 217 time: 0.0518758
2026-02-27 19:26:40.246 9 INFO neutron.wsgi [req-dc5a58b7-3a7e-4d42-8f57-d33c15dede2c req-89cde61a-39bd-4d37-84fd-119699d5272b 89d5c116b2f34af191f252029d0cf57e f93db5426c7e42daaaaf664590872084 - - 6f7b00aaeedb4e52a68b5d418fcd20ae 6f7b00aaeedb4e52a68b5d418fcd20ae] 199.204.45.49 "GET /v2.0/floatingips?fixed_ip_address=fd7b%3Af9f7%3Afff%3A4eca%3A%3A131&port_id=81f0152e-e7a3-476f-a74e-7ab3831a06b7 HTTP/1.1" status: 200 len: 217 time: 0.0385096
2026-02-27 19:26:40.288 9 INFO neutron.db.ovn_revision_numbers_db [None req-5470fb56-1403-434f-9e70-632aa4cbd51d 6c9497d4b7eb4c699b92d9a9cacae0c8 e3d0fa26362c443fa2da60af31910461 - - default default] Successfully bumped revision number for resource 3e38ff82-9f28-41c8-bc68-23389bc02531 (type: routers) to 2
2026-02-27 19:26:40.305 9 INFO neutron.wsgi [req-dc5a58b7-3a7e-4d42-8f57-d33c15dede2c req-5702d74d-df29-4e70-ac8c-9a46384a7157 89d5c116b2f34af191f252029d0cf57e f93db5426c7e42daaaaf664590872084 - - 6f7b00aaeedb4e52a68b5d418fcd20ae 6f7b00aaeedb4e52a68b5d418fcd20ae] 199.204.45.49 "GET /v2.0/subnets?id=e5d0e6e1-8af5-4e65-989e-b3657f676fec&id=4c3c71d3-d694-455d-9556-7606155e4ade HTTP/1.1" status: 200 len: 1563 time: 0.0499978
2026-02-27 19:26:40.312 9 INFO neutron.wsgi [None req-5470fb56-1403-434f-9e70-632aa4cbd51d 6c9497d4b7eb4c699b92d9a9cacae0c8 e3d0fa26362c443fa2da60af31910461 - - default default] 10.0.0.20 "POST /v2.0/routers HTTP/1.1" status: 201 len: 1136 time: 2.7823105
2026-02-27 19:26:40.326 10 INFO neutron.db.ovn_revision_numbers_db [None req-cd22cb5e-bbff-43fa-a989-1d0dd7f5d2c4 - - - - - -] Successfully bumped revision number for resource c7a9f95a-aafc-46bd-8b6f-a68c79b48984 (type: router_ports) to 2
2026-02-27 19:26:40.340 9 INFO neutron.wsgi [req-dc5a58b7-3a7e-4d42-8f57-d33c15dede2c req-859908c6-4031-4b9c-9096-54a3ce7fd178 89d5c116b2f34af191f252029d0cf57e f93db5426c7e42daaaaf664590872084 - - 6f7b00aaeedb4e52a68b5d418fcd20ae 6f7b00aaeedb4e52a68b5d418fcd20ae] 199.204.45.49 "GET /v2.0/ports?network_id=8697947a-27d8-4760-a636-69efe6b22bba&device_owner=network%3Adhcp HTTP/1.1" status: 200 len: 210 time: 0.0270617
2026-02-27 19:26:40.363 9 INFO neutron.wsgi [req-dc5a58b7-3a7e-4d42-8f57-d33c15dede2c req-c22d7cdd-f8f3-4daa-9ff4-37b9a57c0a69 89d5c116b2f34af191f252029d0cf57e f93db5426c7e42daaaaf664590872084 - - 6f7b00aaeedb4e52a68b5d418fcd20ae 6f7b00aaeedb4e52a68b5d418fcd20ae] 199.204.45.49 "GET /v2.0/ports?network_id=8697947a-27d8-4760-a636-69efe6b22bba&device_owner=network%3Adhcp HTTP/1.1" status: 200 len: 210 time: 0.0179048
2026-02-27 19:26:40.430 9 INFO neutron.wsgi [req-dc5a58b7-3a7e-4d42-8f57-d33c15dede2c req-8d3747d9-45a8-48a0-bf12-309857319660 89d5c116b2f34af191f252029d0cf57e f93db5426c7e42daaaaf664590872084 - - 6f7b00aaeedb4e52a68b5d418fcd20ae 6f7b00aaeedb4e52a68b5d418fcd20ae] 199.204.45.49 "GET /v2.0/networks/8697947a-27d8-4760-a636-69efe6b22bba?fields=segments HTTP/1.1" status: 200 len: 212 time: 0.0593574
2026-02-27 19:26:40.504 9 INFO neutron.wsgi [req-dc5a58b7-3a7e-4d42-8f57-d33c15dede2c req-8dd87ac7-5229-48c6-8e73-8e7b1d7933b8 89d5c116b2f34af191f252029d0cf57e f93db5426c7e42daaaaf664590872084 - - 6f7b00aaeedb4e52a68b5d418fcd20ae 6f7b00aaeedb4e52a68b5d418fcd20ae] 199.204.45.49 "GET /v2.0/networks/8697947a-27d8-4760-a636-69efe6b22bba?fields=provider%3Aphysical_network&fields=provider%3Anetwork_type HTTP/1.1" status: 200 len: 277 time: 0.0664742
2026-02-27 19:26:40.583 9 INFO neutron.wsgi [req-f84c8d39-af5f-44e4-b033-b782b941b537 req-64a9cdb9-d8e6-4724-a649-58f9a13cc20a 89d5c116b2f34af191f252029d0cf57e f93db5426c7e42daaaaf664590872084 - - 6f7b00aaeedb4e52a68b5d418fcd20ae 6f7b00aaeedb4e52a68b5d418fcd20ae] 199.204.45.49 "GET /v2.0/ports?tenant_id=6bba581ff869420ea127bb7803648be2&device_id=59a03f8c-aff0-4e2c-9a09-8cbd2cab9e4b HTTP/1.1" status: 200 len: 1636 time: 0.0368311
2026-02-27 19:26:40.649 9 INFO neutron.wsgi [req-f84c8d39-af5f-44e4-b033-b782b941b537 req-2fe531ac-29de-4b12-81bf-630907ea0b53 89d5c116b2f34af191f252029d0cf57e f93db5426c7e42daaaaf664590872084 - - 6f7b00aaeedb4e52a68b5d418fcd20ae 6f7b00aaeedb4e52a68b5d418fcd20ae] 199.204.45.49 "GET /v2.0/networks?id=8697947a-27d8-4760-a636-69efe6b22bba HTTP/1.1" status: 200 len: 1003 time: 0.0624638
2026-02-27 19:26:40.700 9 INFO neutron.wsgi [req-f84c8d39-af5f-44e4-b033-b782b941b537 req-2c4e6cff-81ed-4bbe-b3ff-bd53af86e6b5 89d5c116b2f34af191f252029d0cf57e f93db5426c7e42daaaaf664590872084 - - 6f7b00aaeedb4e52a68b5d418fcd20ae 6f7b00aaeedb4e52a68b5d418fcd20ae] 199.204.45.49 "GET /v2.0/floatingips?fixed_ip_address=10.2.1.180&port_id=81f0152e-e7a3-476f-a74e-7ab3831a06b7 HTTP/1.1" status: 200 len: 217 time: 0.0417593
2026-02-27 19:26:40.742 9 INFO neutron.wsgi [req-f84c8d39-af5f-44e4-b033-b782b941b537 req-7b9e32c6-2df8-457d-ac2d-2e8bd3801828 89d5c116b2f34af191f252029d0cf57e f93db5426c7e42daaaaf664590872084 - - 6f7b00aaeedb4e52a68b5d418fcd20ae 6f7b00aaeedb4e52a68b5d418fcd20ae] 199.204.45.49 "GET /v2.0/floatingips?fixed_ip_address=fd7b%3Af9f7%3Afff%3A4eca%3A%3A131&port_id=81f0152e-e7a3-476f-a74e-7ab3831a06b7 HTTP/1.1" status: 200 len: 217 time: 0.0274673
2026-02-27 19:26:40.791 9 INFO neutron.wsgi [req-f84c8d39-af5f-44e4-b033-b782b941b537 req-c99ae84d-4a28-4972-9fc0-c8b51a6a64d5 89d5c116b2f34af191f252029d0cf57e f93db5426c7e42daaaaf664590872084 - - 6f7b00aaeedb4e52a68b5d418fcd20ae 6f7b00aaeedb4e52a68b5d418fcd20ae] 199.204.45.49 "GET /v2.0/subnets?id=e5d0e6e1-8af5-4e65-989e-b3657f676fec&id=4c3c71d3-d694-455d-9556-7606155e4ade HTTP/1.1" status: 200 len: 1563 time: 0.0363109
2026-02-27 19:26:40.820 9 INFO neutron.wsgi [req-f84c8d39-af5f-44e4-b033-b782b941b537 req-5235bc06-afde-4ec0-a44a-9846eed7f3e9 89d5c116b2f34af191f252029d0cf57e f93db5426c7e42daaaaf664590872084 - - 6f7b00aaeedb4e52a68b5d418fcd20ae 6f7b00aaeedb4e52a68b5d418fcd20ae] 199.204.45.49 "GET /v2.0/ports?network_id=8697947a-27d8-4760-a636-69efe6b22bba&device_owner=network%3Adhcp HTTP/1.1" status: 200 len: 210 time: 0.0243983
2026-02-27 19:26:40.824 9 INFO neutron.wsgi [req-1c1e56b3-2121-4eef-9400-e39c10bd21b6 req-f5fda05b-6614-4cf8-a1d5-86a9eb3971a1 d6dcbc27ee9542de8de42c17dff7aaf8 382522d2a5e941b8a23eb0b041870a65 - - default default] 10.0.0.156 "GET /v2.0/ports?device_id=ec119063-c6ab-4032-bc5b-ab4ab2d15b7c HTTP/1.1" status: 200 len: 1172 time: 0.1720562
2026-02-27 19:26:40.850 9 INFO neutron.wsgi [req-f84c8d39-af5f-44e4-b033-b782b941b537 req-b8531054-60ce-4b0e-b80d-e32661535315 89d5c116b2f34af191f252029d0cf57e f93db5426c7e42daaaaf664590872084 - - 6f7b00aaeedb4e52a68b5d418fcd20ae 6f7b00aaeedb4e52a68b5d418fcd20ae] 199.204.45.49 "GET /v2.0/ports?network_id=8697947a-27d8-4760-a636-69efe6b22bba&device_owner=network%3Adhcp HTTP/1.1" status: 200 len: 210 time: 0.0257025
2026-02-27 19:26:40.971 10 WARNING neutron.scheduler.dhcp_agent_scheduler [None req-8c412975-7224-4cb0-a6e2-d16387d1f524 6c9497d4b7eb4c699b92d9a9cacae0c8 e3d0fa26362c443fa2da60af31910461 - - default default] No more DHCP agents
2026-02-27 19:26:40.971 10 WARNING neutron.api.rpc.agentnotifiers.dhcp_rpc_agent_api [None req-8c412975-7224-4cb0-a6e2-d16387d1f524 6c9497d4b7eb4c699b92d9a9cacae0c8 e3d0fa26362c443fa2da60af31910461 - - default default] Unable to schedule network ab1b76ee-9587-42d7-a61c-110306d2d0dc: no agents available; will retry on subsequent port and subnet creation events.
2026-02-27 19:26:41.109 10 INFO neutron.wsgi [None req-041890e6-824f-4a98-a91f-1160aef61944 db702ebb2eb3475897d018b68f69982a 24148dc6075a4231876239a0ba878425 - - default default] 10.0.0.20 "GET /v2.0/ports/6254d924-d369-4cfe-a7a7-26ca3036d6d5 HTTP/1.1" status: 200 len: 1139 time: 0.0665081
2026-02-27 19:26:41.138 9 INFO neutron.wsgi [req-1c1e56b3-2121-4eef-9400-e39c10bd21b6 req-2ba18d2b-eab0-4eda-8d88-5a07f1f8fff8 d6dcbc27ee9542de8de42c17dff7aaf8 382522d2a5e941b8a23eb0b041870a65 - - default default] 10.0.0.156 "GET /v2.0/security-groups?id=ef28c851-1e7e-45ef-9231-a128ff33836e&fields=id&fields=name HTTP/1.1" status: 200 len: 312 time: 0.3067164
2026-02-27 19:26:41.180 9 INFO neutron.wsgi [req-f84c8d39-af5f-44e4-b033-b782b941b537 req-81ab291a-aa65-4bd5-a76d-cc44c13c0cd0 89d5c116b2f34af191f252029d0cf57e f93db5426c7e42daaaaf664590872084 - - 6f7b00aaeedb4e52a68b5d418fcd20ae 6f7b00aaeedb4e52a68b5d418fcd20ae] 199.204.45.49 "GET /v2.0/networks/8697947a-27d8-4760-a636-69efe6b22bba?fields=segments HTTP/1.1" status: 200 len: 212 time: 0.3224521
2026-02-27 19:26:41.188 10 INFO neutron.db.ovn_revision_numbers_db [None req-8c412975-7224-4cb0-a6e2-d16387d1f524 6c9497d4b7eb4c699b92d9a9cacae0c8 e3d0fa26362c443fa2da60af31910461 - - default default] Successfully bumped revision number for resource 61218fb4-c098-400e-a445-4aeff1a01a77 (type: ports) to 1
2026-02-27 19:26:41.246 9 INFO neutron.wsgi [req-f84c8d39-af5f-44e4-b033-b782b941b537 req-9d4b7b19-5efe-49d8-a4f1-857f920a04b1 89d5c116b2f34af191f252029d0cf57e f93db5426c7e42daaaaf664590872084 - - 6f7b00aaeedb4e52a68b5d418fcd20ae 6f7b00aaeedb4e52a68b5d418fcd20ae] 199.204.45.49 "GET /v2.0/networks/8697947a-27d8-4760-a636-69efe6b22bba?fields=provider%3Aphysical_network&fields=provider%3Anetwork_type HTTP/1.1" status: 200 len: 277 time: 0.0591855
2026-02-27 19:26:41.695 10 INFO neutron.wsgi [req-41f41b4a-72a6-4841-bf84-7223774a5513 req-ea82d12e-e59d-4360-8f34-e3cd5c629219 778d7154e6794a52a5bfdcf955d53ab3 6bba581ff869420ea127bb7803648be2 - - default default] 10.0.0.156 "GET /v2.0/ports?device_id=59a03f8c-aff0-4e2c-9a09-8cbd2cab9e4b HTTP/1.1" status: 200 len: 1398 time: 0.1416814
2026-02-27 19:26:41.758 10 INFO neutron.wsgi [req-41f41b4a-72a6-4841-bf84-7223774a5513 req-ba40bfbc-14cf-4596-8364-79988c2b489d 778d7154e6794a52a5bfdcf955d53ab3 6bba581ff869420ea127bb7803648be2 - - default default] 10.0.0.156 "GET /v2.0/security-groups?id=c98a7bcc-12d3-4932-b8b0-b44e5810476a&fields=id&fields=name HTTP/1.1" status: 200 len: 310 time: 0.0543151
2026-02-27 19:26:41.867 10 ERROR ovsdbapp.backend.ovs_idl.command [None req-8c412975-7224-4cb0-a6e2-d16387d1f524 6c9497d4b7eb4c699b92d9a9cacae0c8 e3d0fa26362c443fa2da60af31910461 - - default default] Error executing command (DbGetCommand): ovsdbapp.backend.ovs_idl.idlutils.RowNotFound: Cannot find Logical_Router_Port with name=lrp-61218fb4-c098-400e-a445-4aeff1a01a77
2026-02-27 19:26:41.867 10 ERROR ovsdbapp.backend.ovs_idl.command
Traceback (most recent call last):
2026-02-27 19:26:41.867 10 ERROR ovsdbapp.backend.ovs_idl.command
File "/var/lib/openstack/lib/python3.10/site-packages/ovsdbapp/backend/ovs_idl/command.py", line 47, in execute
2026-02-27 19:26:41.867 10 ERROR ovsdbapp.backend.ovs_idl.command self.run_idl(None)
2026-02-27 19:26:41.867 10 ERROR ovsdbapp.backend.ovs_idl.command
File "/var/lib/openstack/lib/python3.10/site-packages/ovsdbapp/backend/ovs_idl/command.py", line 235, in run_idl
2026-02-27 19:26:41.867 10 ERROR ovsdbapp.backend.ovs_idl.command record = self.api.lookup(self.table, self.record)
2026-02-27 19:26:41.867 10 ERROR ovsdbapp.backend.ovs_idl.command
File "/var/lib/openstack/lib/python3.10/site-packages/ovsdbapp/backend/ovs_idl/__init__.py", line 184, in lookup
2026-02-27 19:26:41.867 10 ERROR ovsdbapp.backend.ovs_idl.command return self._lookup(table, record)
2026-02-27 19:26:41.867 10 ERROR ovsdbapp.backend.ovs_idl.command
File "/var/lib/openstack/lib/python3.10/site-packages/ovsdbapp/backend/ovs_idl/__init__.py", line 235, in _lookup
2026-02-27 19:26:41.867 10 ERROR ovsdbapp.backend.ovs_idl.command row = idlutils.row_by_value(self, rl.table, rl.column, record)
2026-02-27 19:26:41.867 10 ERROR ovsdbapp.backend.ovs_idl.command
File "/var/lib/openstack/lib/python3.10/site-packages/ovsdbapp/backend/ovs_idl/idlutils.py", line 114, in row_by_value
2026-02-27 19:26:41.867 10 ERROR ovsdbapp.backend.ovs_idl.command raise RowNotFound(table=table, col=column, match=match)
2026-02-27 19:26:41.867 10 ERROR ovsdbapp.backend.ovs_idl.command ovsdbapp.backend.ovs_idl.idlutils.RowNotFound: Cannot find Logical_Router_Port with name=lrp-61218fb4-c098-400e-a445-4aeff1a01a77
2026-02-27 19:26:41.867 10 ERROR ovsdbapp.backend.ovs_idl.command 
2026-02-27 19:26:41.868 10 ERROR neutron_lib.callbacks.manager [None req-8c412975-7224-4cb0-a6e2-d16387d1f524 6c9497d4b7eb4c699b92d9a9cacae0c8 e3d0fa26362c443fa2da60af31910461 - - default default] Error during notification for neutron.services.ovn_l3.plugin.OVNL3RouterPlugin._port_update-8750809390831 port, after_update: ovsdbapp.backend.ovs_idl.idlutils.RowNotFound: Cannot find Logical_Router_Port with name=lrp-61218fb4-c098-400e-a445-4aeff1a01a77
2026-02-27 19:26:41.868 10 ERROR neutron_lib.callbacks.manager
Traceback (most recent call last):
2026-02-27 19:26:41.868 10 ERROR neutron_lib.callbacks.manager
File "/var/lib/openstack/lib/python3.10/site-packages/neutron_lib/callbacks/manager.py", line 189, in _notify_loop
2026-02-27 19:26:41.868 10 ERROR neutron_lib.callbacks.manager callback.method(resource, event, trigger, payload=payload)
2026-02-27 19:26:41.868 10 ERROR neutron_lib.callbacks.manager
File "/var/lib/openstack/lib/python3.10/site-packages/neutron/services/ovn_l3/plugin.py", line 391, in _port_update
2026-02-27 19:26:41.868 10 ERROR neutron_lib.callbacks.manager l3plugin._ovn_client.update_router_port(context,
2026-02-27 19:26:41.868 10 ERROR neutron_lib.callbacks.manager
File "/var/lib/openstack/lib/python3.10/site-packages/neutron/plugins/ml2/drivers/ovn/mech_driver/ovsdb/ovn_client.py", line 1878, in update_router_port
2026-02-27 19:26:41.868 10 ERROR neutron_lib.callbacks.manager self._update_lrouter_port(context, port, if_exists=if_exists,
2026-02-27 19:26:41.868 10 ERROR neutron_lib.callbacks.manager
File "/var/lib/openstack/lib/python3.10/site-packages/neutron/plugins/ml2/drivers/ovn/mech_driver/ovsdb/ovn_client.py", line 1855, in _update_lrouter_port
2026-02-27 19:26:41.868 10 ERROR neutron_lib.callbacks.manager external_ids = self._nb_idl.db_get(
2026-02-27 19:26:41.868 10 ERROR neutron_lib.callbacks.manager
File "/var/lib/openstack/lib/python3.10/site-packages/ovsdbapp/backend/ovs_idl/command.py", line 47, in execute
2026-02-27 19:26:41.868 10 ERROR neutron_lib.callbacks.manager self.run_idl(None)
2026-02-27 19:26:41.868 10 ERROR neutron_lib.callbacks.manager
File "/var/lib/openstack/lib/python3.10/site-packages/ovsdbapp/backend/ovs_idl/command.py", line 235, in run_idl
2026-02-27 19:26:41.868 10 ERROR neutron_lib.callbacks.manager record = self.api.lookup(self.table, self.record)
2026-02-27 19:26:41.868 10 ERROR neutron_lib.callbacks.manager
File "/var/lib/openstack/lib/python3.10/site-packages/ovsdbapp/backend/ovs_idl/__init__.py", line 184, in lookup
2026-02-27 19:26:41.868 10 ERROR neutron_lib.callbacks.manager return self._lookup(table, record)
2026-02-27 19:26:41.868 10 ERROR neutron_lib.callbacks.manager
File "/var/lib/openstack/lib/python3.10/site-packages/ovsdbapp/backend/ovs_idl/__init__.py", line 235, in _lookup
2026-02-27 19:26:41.868 10 ERROR neutron_lib.callbacks.manager row = idlutils.row_by_value(self, rl.table, rl.column, record)
2026-02-27 19:26:41.868 10 ERROR neutron_lib.callbacks.manager
File "/var/lib/openstack/lib/python3.10/site-packages/ovsdbapp/backend/ovs_idl/idlutils.py", line 114, in row_by_value
2026-02-27 19:26:41.868 10 ERROR neutron_lib.callbacks.manager raise RowNotFound(table=table, col=column, match=match)
2026-02-27 19:26:41.868 10 ERROR neutron_lib.callbacks.manager ovsdbapp.backend.ovs_idl.idlutils.RowNotFound: Cannot find Logical_Router_Port with name=lrp-61218fb4-c098-400e-a445-4aeff1a01a77
2026-02-27 19:26:41.868 10 ERROR neutron_lib.callbacks.manager 
2026-02-27 19:26:42.081 10 INFO neutron.db.ovn_revision_numbers_db [None req-8c412975-7224-4cb0-a6e2-d16387d1f524 6c9497d4b7eb4c699b92d9a9cacae0c8 e3d0fa26362c443fa2da60af31910461 - - default default] Successfully bumped revision number for resource 61218fb4-c098-400e-a445-4aeff1a01a77 (type: ports) to 1
2026-02-27 19:26:42.153 10 INFO neutron.wsgi [None req-7c41e43a-dfdd-437c-afbd-0e5e647c59b3 db702ebb2eb3475897d018b68f69982a 24148dc6075a4231876239a0ba878425 - - default default] 10.0.0.20 "GET /v2.0/ports/6254d924-d369-4cfe-a7a7-26ca3036d6d5 HTTP/1.1" status: 200 len: 1139 time: 0.0384572
2026-02-27 19:26:42.173 10 WARNING neutron.scheduler.dhcp_agent_scheduler [None req-8c412975-7224-4cb0-a6e2-d16387d1f524 6c9497d4b7eb4c699b92d9a9cacae0c8 e3d0fa26362c443fa2da60af31910461 - - default default] No more DHCP agents
2026-02-27 19:26:42.175 10 WARNING neutron.api.rpc.agentnotifiers.dhcp_rpc_agent_api [None req-8c412975-7224-4cb0-a6e2-d16387d1f524 6c9497d4b7eb4c699b92d9a9cacae0c8 e3d0fa26362c443fa2da60af31910461 - - default default] Unable to schedule network ab1b76ee-9587-42d7-a61c-110306d2d0dc: no agents available; will retry on subsequent port and subnet creation events.
2026-02-27 19:26:42.287 9 INFO neutron.wsgi [req-42305325-2dc2-440f-848e-a2df4a4905ed req-cdd2a4e7-55dc-4fcd-935b-51456be584fa d6dcbc27ee9542de8de42c17dff7aaf8 382522d2a5e941b8a23eb0b041870a65 - - default default] 10.0.0.156 "GET /v2.0/ports?device_id=ec119063-c6ab-4032-bc5b-ab4ab2d15b7c HTTP/1.1" status: 200 len: 1172 time: 0.0828815
2026-02-27 19:26:42.344 9 INFO neutron.wsgi [req-42305325-2dc2-440f-848e-a2df4a4905ed req-a44316e9-a6a8-4cd8-a196-f9276b4c64e2 d6dcbc27ee9542de8de42c17dff7aaf8 382522d2a5e941b8a23eb0b041870a65 - - default default] 10.0.0.156 "GET /v2.0/security-groups?id=ef28c851-1e7e-45ef-9231-a128ff33836e&fields=id&fields=name HTTP/1.1" status: 200 len: 312 time: 0.0505083
2026-02-27 19:26:42.900 10 INFO neutron.db.ovn_revision_numbers_db [None req-8c412975-7224-4cb0-a6e2-d16387d1f524 6c9497d4b7eb4c699b92d9a9cacae0c8 e3d0fa26362c443fa2da60af31910461 - - default default] Successfully bumped revision number for resource 61218fb4-c098-400e-a445-4aeff1a01a77 (type: router_ports) to 1
2026-02-27 19:26:42.906 10 INFO neutron.wsgi [None req-8c412975-7224-4cb0-a6e2-d16387d1f524 6c9497d4b7eb4c699b92d9a9cacae0c8 e3d0fa26362c443fa2da60af31910461 - - default default] 10.0.0.20 "PUT /v2.0/routers/3e38ff82-9f28-41c8-bc68-23389bc02531/add_router_interface HTTP/1.1" status: 200 len: 503 time: 2.5856795
2026-02-27 19:26:43.263 9 INFO neutron.wsgi [None req-52600f32-cbce-4bab-8e1b-805f707cd0f8 db702ebb2eb3475897d018b68f69982a 24148dc6075a4231876239a0ba878425 - - default default] 10.0.0.20 "GET /v2.0/ports/6254d924-d369-4cfe-a7a7-26ca3036d6d5 HTTP/1.1" status: 200 len: 1139 time: 0.1032810
2026-02-27 19:26:43.519 10 INFO neutron.wsgi [req-24507240-2f86-45bf-bf39-afc124f60374 req-409cf659-41ce-4136-bbd4-e2979f475258 d6dcbc27ee9542de8de42c17dff7aaf8 382522d2a5e941b8a23eb0b041870a65 - - default default] 10.0.0.156 "GET /v2.0/ports?device_id=ec119063-c6ab-4032-bc5b-ab4ab2d15b7c HTTP/1.1" status: 200 len: 1172 time: 0.1044440
2026-02-27 19:26:43.579 10 INFO neutron.wsgi [req-24507240-2f86-45bf-bf39-afc124f60374 req-607d70a8-1950-4a5f-b750-d4c445899a58 d6dcbc27ee9542de8de42c17dff7aaf8 382522d2a5e941b8a23eb0b041870a65 - - default default] 10.0.0.156 "GET /v2.0/security-groups?id=ef28c851-1e7e-45ef-9231-a128ff33836e&fields=id&fields=name HTTP/1.1" status: 200 len: 312 time: 0.0505133
2026-02-27 19:26:43.622 10 WARNING neutron.scheduler.dhcp_agent_scheduler [None req-c52463dc-b2ff-4786-83ac-895bb267f423 dcf77572f5804b049daffdd7078f0da5 cc578a60fe8045f5a68fc6d68cde1db3 - - default default] No more DHCP agents
2026-02-27 19:26:43.624 10 WARNING neutron.api.rpc.agentnotifiers.dhcp_rpc_agent_api [None req-c52463dc-b2ff-4786-83ac-895bb267f423 dcf77572f5804b049daffdd7078f0da5 cc578a60fe8045f5a68fc6d68cde1db3 - - default default] Unable to schedule network 7d087bdb-961f-4f32-a9a9-adf5ea602af2: no agents available; will retry on subsequent port and subnet creation events.
2026-02-27 19:26:43.773 10 INFO neutron.db.ovn_revision_numbers_db [None req-c52463dc-b2ff-4786-83ac-895bb267f423 dcf77572f5804b049daffdd7078f0da5 cc578a60fe8045f5a68fc6d68cde1db3 - - default default] Successfully bumped revision number for resource 2c1371a1-5be1-439f-ad86-338f7d21fbc9 (type: ports) to 1
2026-02-27 19:26:43.986 10 INFO neutron.db.ovn_revision_numbers_db [None req-c52463dc-b2ff-4786-83ac-895bb267f423 dcf77572f5804b049daffdd7078f0da5 cc578a60fe8045f5a68fc6d68cde1db3 - - default default] Successfully bumped revision number for resource 2c1371a1-5be1-439f-ad86-338f7d21fbc9 (type: ports) to 1
2026-02-27 19:26:44.041 10 INFO neutron.db.segments_db [None req-c52463dc-b2ff-4786-83ac-895bb267f423 dcf77572f5804b049daffdd7078f0da5 cc578a60fe8045f5a68fc6d68cde1db3 - - default default] Added segment ae3d0767-c227-417d-a392-c715a003be2a of type geneve for network 40f0c0eb-ea51-433b-b6d9-ce34152cac56
2026-02-27 19:26:44.179 10 INFO neutron.db.ovn_revision_numbers_db [None req-c52463dc-b2ff-4786-83ac-895bb267f423 dcf77572f5804b049daffdd7078f0da5 cc578a60fe8045f5a68fc6d68cde1db3 - - default default] Successfully bumped revision number for resource 40f0c0eb-ea51-433b-b6d9-ce34152cac56 (type: networks) to 1
