2026-02-27 19:24:26.645 10 INFO neutron.pecan_wsgi.hooks.translation [None req-8f2ea733-ba49-488b-94aa-070b6bb12cb2 33369200687b4ed7a69ba32192a3d07e 7d32c8d8b94b48a9a3c827288dd45a52 - - default default] GET failed (client error): The resource could not be found.
2026-02-27 19:24:26.648 10 INFO neutron.wsgi [None req-8f2ea733-ba49-488b-94aa-070b6bb12cb2 33369200687b4ed7a69ba32192a3d07e 7d32c8d8b94b48a9a3c827288dd45a52 - - default default] 10.0.0.20 "GET /v2.0/ports/13975a5c-8f64-42c9-a095-fc72cfd6c881 HTTP/1.1" status: 404 len: 333 time: 0.0249162
2026-02-27 19:24:26.713 9 INFO neutron.wsgi [req-fcbe5c33-5d31-432e-9e4b-5b530ed221bf req-b0e5c859-429a-4947-ab60-d5d4edf3f1b6 89d5c116b2f34af191f252029d0cf57e f93db5426c7e42daaaaf664590872084 - - 6f7b00aaeedb4e52a68b5d418fcd20ae 6f7b00aaeedb4e52a68b5d418fcd20ae] 10.0.0.156 "GET /v2.0/networks/84caba53-b189-4266-88ba-f2d0cc53172a?fields=provider%3Aphysical_network&fields=provider%3Anetwork_type HTTP/1.1" status: 200 len: 277 time: 0.0688913
2026-02-27 19:24:26.829 9 INFO neutron.db.ovn_revision_numbers_db [req-e9934a20-30d6-4f63-830f-65024aabd074 req-f848e663-02d4-49f1-b131-86a110120834 23f13cd05765439398fb2302320e1221 0a045ca09cc54cc2a4ffc24c78f03304 - - default default] Successfully bumped revision number for resource 1a803c26-cbaf-4ce3-a1b3-c7e5cf3f8234 (type: ports) to 5
2026-02-27 19:24:26.837 10 INFO neutron.wsgi [None req-6061dfc0-b7c7-45d7-862f-68bc6582a0a2 33369200687b4ed7a69ba32192a3d07e 7d32c8d8b94b48a9a3c827288dd45a52 - - default default] 10.0.0.20 "DELETE /v2.0/subnets/ece3428e-26b0-4043-bc42-4d3686d2eb8d HTTP/1.1" status: 204 len: 168 time: 0.1844876
2026-02-27 19:24:26.843 9 INFO neutron.wsgi [req-e9934a20-30d6-4f63-830f-65024aabd074 req-f848e663-02d4-49f1-b131-86a110120834 23f13cd05765439398fb2302320e1221 0a045ca09cc54cc2a4ffc24c78f03304 - - default default] 199.204.45.49 "PUT /v2.0/ports/1a803c26-cbaf-4ce3-a1b3-c7e5cf3f8234 HTTP/1.1" status: 200 len: 1345 time: 0.8285780
2026-02-27 19:24:26.858 10 INFO neutron.wsgi [req-7ea22ac4-67d2-4e0d-8a9b-5751dd9625e3 req-11e34411-7d30-4922-b82c-d9a6675c54b8 1a86d3aed55048b194aa334a2a0ebf48 3f86950d7a714bf9a3be6cfb3f6c3ae0 - - default default] 10.0.0.156 "GET /v2.0/ports?device_id=2603c46f-843f-4552-ae82-7c1cd1e55d00 HTTP/1.1" status: 200 len: 210 time: 0.0267601 /var/lib/openstack/lib/python3.10/site-packages/pycadf/identifier.py:71: UserWarning: Invalid uuid: neutron. To ensure interoperability, identifiers should be a valid uuid. warnings.warn(('Invalid uuid: %s. To ensure interoperability, '
2026-02-27 19:24:26.885 9 INFO neutron.notifiers.nova [-] Nova event matching ['req-de75ba7d-64da-4676-b9e5-89e3e22defad'] response: {'name': 'network-changed', 'server_uuid': 'c4b83fd5-3493-492f-9f09-f1eabcd5ab66', 'tag': '1a803c26-cbaf-4ce3-a1b3-c7e5cf3f8234', 'status': 'completed', 'code': 200}
2026-02-27 19:24:26.915 9 INFO neutron.wsgi [req-e9934a20-30d6-4f63-830f-65024aabd074 req-5a80661d-b7c3-42e0-9749-1b9fe7176f08 89d5c116b2f34af191f252029d0cf57e f93db5426c7e42daaaaf664590872084 - - 6f7b00aaeedb4e52a68b5d418fcd20ae 6f7b00aaeedb4e52a68b5d418fcd20ae] 199.204.45.49 "GET /v2.0/ports?tenant_id=0a045ca09cc54cc2a4ffc24c78f03304&device_id=c4b83fd5-3493-492f-9f09-f1eabcd5ab66 HTTP/1.1" status: 200 len: 1586 time: 0.0527906
2026-02-27 19:24:26.977 9 INFO neutron.wsgi [req-e9934a20-30d6-4f63-830f-65024aabd074 req-85e0a74f-0a76-4a1a-bced-6697d43803ab 89d5c116b2f34af191f252029d0cf57e f93db5426c7e42daaaaf664590872084 - - 6f7b00aaeedb4e52a68b5d418fcd20ae 6f7b00aaeedb4e52a68b5d418fcd20ae] 199.204.45.49 "GET /v2.0/networks?id=dc91bf6f-59aa-4671-83f1-7eb2d11ea6d0 HTTP/1.1" status: 200 len: 980 time: 0.0537910
2026-02-27 19:24:27.020 9 INFO neutron.wsgi [req-e9934a20-30d6-4f63-830f-65024aabd074 req-51e5d1bd-f7b7-441c-b6cd-ee9a6c479ee7 89d5c116b2f34af191f252029d0cf57e f93db5426c7e42daaaaf664590872084 - - 6f7b00aaeedb4e52a68b5d418fcd20ae 6f7b00aaeedb4e52a68b5d418fcd20ae] 199.204.45.49 "GET /v2.0/floatingips?fixed_ip_address=10.100.0.7&port_id=1a803c26-cbaf-4ce3-a1b3-c7e5cf3f8234 HTTP/1.1" status: 200 len: 217 time: 0.0362961
2026-02-27 19:24:27.083 9 INFO neutron.wsgi [req-e9934a20-30d6-4f63-830f-65024aabd074 req-81ff9dab-8e53-430b-a4b1-7144dee544b2 89d5c116b2f34af191f252029d0cf57e f93db5426c7e42daaaaf664590872084 - - 6f7b00aaeedb4e52a68b5d418fcd20ae 6f7b00aaeedb4e52a68b5d418fcd20ae] 199.204.45.49 "GET /v2.0/floatingips?fixed_ip_address=10.100.0.9&port_id=1a803c26-cbaf-4ce3-a1b3-c7e5cf3f8234 HTTP/1.1" status: 200 len: 1059 time: 0.0557144
2026-02-27 19:24:27.123 9 INFO neutron.wsgi [req-e9934a20-30d6-4f63-830f-65024aabd074 req-7f6d4df2-1f77-41b9-8bb1-5bd4ed8b2150 89d5c116b2f34af191f252029d0cf57e f93db5426c7e42daaaaf664590872084 - - 6f7b00aaeedb4e52a68b5d418fcd20ae 6f7b00aaeedb4e52a68b5d418fcd20ae] 199.204.45.49 "GET /v2.0/subnets?id=84b60287-1e25-4438-b310-4fce40b6d6df HTTP/1.1" status: 200 len: 875 time: 0.0321751
2026-02-27 19:24:27.159 9 INFO neutron.wsgi [req-e9934a20-30d6-4f63-830f-65024aabd074 req-3f7a0d3e-9f2d-4cb9-8c32-6089ed39003d 89d5c116b2f34af191f252029d0cf57e f93db5426c7e42daaaaf664590872084 - - 6f7b00aaeedb4e52a68b5d418fcd20ae 6f7b00aaeedb4e52a68b5d418fcd20ae] 199.204.45.49 "GET /v2.0/ports?network_id=dc91bf6f-59aa-4671-83f1-7eb2d11ea6d0&device_owner=network%3Adhcp HTTP/1.1" status: 200 len: 210 time: 0.0309041
2026-02-27 19:24:27.213 9 INFO neutron.wsgi [req-e9934a20-30d6-4f63-830f-65024aabd074 req-2ae7b8d8-1522-4e76-a62e-1bbb873c8aec 89d5c116b2f34af191f252029d0cf57e f93db5426c7e42daaaaf664590872084 - - 6f7b00aaeedb4e52a68b5d418fcd20ae 6f7b00aaeedb4e52a68b5d418fcd20ae] 199.204.45.49 "GET /v2.0/networks/dc91bf6f-59aa-4671-83f1-7eb2d11ea6d0?fields=segments HTTP/1.1" status: 200 len: 212 time: 0.0502038
2026-02-27 19:24:27.276 9 INFO neutron.wsgi [req-e9934a20-30d6-4f63-830f-65024aabd074 req-5ed0e28f-e300-4a5f-b3bd-6ae4fc731763 89d5c116b2f34af191f252029d0cf57e f93db5426c7e42daaaaf664590872084 - - 6f7b00aaeedb4e52a68b5d418fcd20ae 6f7b00aaeedb4e52a68b5d418fcd20ae] 199.204.45.49 "GET /v2.0/networks/dc91bf6f-59aa-4671-83f1-7eb2d11ea6d0?fields=provider%3Aphysical_network&fields=provider%3Anetwork_type HTTP/1.1" status: 200 len: 277 time: 0.0589561
2026-02-27 19:24:27.379 9 INFO neutron.wsgi [req-965e4a45-09d0-4273-9e1c-ecca03e58abb req-255e9573-e528-4fa1-a31e-ce26767864a8 89d5c116b2f34af191f252029d0cf57e f93db5426c7e42daaaaf664590872084 - - 6f7b00aaeedb4e52a68b5d418fcd20ae 6f7b00aaeedb4e52a68b5d418fcd20ae] 199.204.45.49 "GET /v2.0/ports?tenant_id=0a045ca09cc54cc2a4ffc24c78f03304&device_id=c4b83fd5-3493-492f-9f09-f1eabcd5ab66 HTTP/1.1" status: 200 len: 1586 time: 0.0650015
2026-02-27 19:24:27.437 10 INFO neutron.services.segments.plugin [-] Segment 00069323-8a25-42f8-94d2-52d332247824 resource provider aggregate not found
2026-02-27 19:24:27.442 10 INFO neutron.services.segments.plugin [-] Segment 00069323-8a25-42f8-94d2-52d332247824 resource provider aggregate not found
2026-02-27 19:24:27.459 10 INFO neutron.services.segments.plugin [-] Segment 00069323-8a25-42f8-94d2-52d332247824 resource provider not found; error: Placement Client Error (4xx): {"errors": [{"status": 404, "title": "Not Found", "detail": "The resource could not be found.\n\n No resource provider with uuid 00069323-8a25-42f8-94d2-52d332247824 found for delete ", "request_id": "req-730a9bfc-dff2-4b10-8a62-7cd66afa9634"}]}
2026-02-27 19:24:27.460 9 INFO neutron.wsgi [req-7b6ed7a5-8a67-410d-ac45-f4950782c51e req-481dcf9d-2376-4e19-ad10-130445c18b6f a45c39e52e45458fa4224833ef0bd300 0b0d38c9e2d342889ccca4034552e004 - - default default] 10.0.0.156 "GET /v2.0/ports?device_id=41678581-2cbf-4195-b074-dac70d1d61c5 HTTP/1.1" status: 200 len: 1174 time: 0.1338463
2026-02-27 19:24:27.461 10 INFO neutron.services.segments.plugin [-] Segment 00069323-8a25-42f8-94d2-52d332247824 resource provider not found; error: Placement Client Error (4xx): {"errors": [{"status": 404, "title": "Not Found", "detail": "The resource could not be found.\n\n No resource provider with uuid 00069323-8a25-42f8-94d2-52d332247824 found for delete ", "request_id": "req-f9f9c9d3-5913-45ce-a53e-775f51406ac8"}]}
2026-02-27 19:24:27.466 9 INFO neutron.wsgi [req-965e4a45-09d0-4273-9e1c-ecca03e58abb req-d6aa96e9-ff6b-413c-ad2c-48adc0190ae9 89d5c116b2f34af191f252029d0cf57e f93db5426c7e42daaaaf664590872084 - - 6f7b00aaeedb4e52a68b5d418fcd20ae 6f7b00aaeedb4e52a68b5d418fcd20ae] 199.204.45.49 "GET /v2.0/networks?id=dc91bf6f-59aa-4671-83f1-7eb2d11ea6d0 HTTP/1.1" status: 200 len: 980 time: 0.0822699
2026-02-27 19:24:27.469 10 INFO neutron.wsgi [None req-043ccfe1-5ecb-48d3-953c-5471f2c5150c 33369200687b4ed7a69ba32192a3d07e 7d32c8d8b94b48a9a3c827288dd45a52 - - default default] 10.0.0.20 "DELETE /v2.0/networks/846c123e-72a2-4732-ae11-bd35aeb3fe57 HTTP/1.1" status: 204 len: 168 time: 0.6257734
2026-02-27 19:24:27.480 10 WARNING neutron_lib.context [None req-50db6b6a-3877-47c6-bf80-a75692957596 33369200687b4ed7a69ba32192a3d07e 7d32c8d8b94b48a9a3c827288dd45a52 - - default default] Method 'is_advsvc' is deprecated since 2023.2 release (neutron-lib 3.8.0) and will be removed once support for the old RBAC API policies will be removed from Neutron. Please use method 'is_service_role' instead.
2026-02-27 19:24:27.515 9 INFO neutron.wsgi [req-965e4a45-09d0-4273-9e1c-ecca03e58abb req-a43333e2-2d77-4ee4-82e2-2b1846c5412a 89d5c116b2f34af191f252029d0cf57e f93db5426c7e42daaaaf664590872084 - - 6f7b00aaeedb4e52a68b5d418fcd20ae 6f7b00aaeedb4e52a68b5d418fcd20ae] 199.204.45.49 "GET /v2.0/floatingips?fixed_ip_address=10.100.0.7&port_id=1a803c26-cbaf-4ce3-a1b3-c7e5cf3f8234 HTTP/1.1" status: 200 len: 217 time: 0.0437758
2026-02-27 19:24:27.585 9 INFO neutron.wsgi [req-7b6ed7a5-8a67-410d-ac45-f4950782c51e req-16df757c-282e-4f36-a513-fba2394b17ba a45c39e52e45458fa4224833ef0bd300 0b0d38c9e2d342889ccca4034552e004 - - default default] 10.0.0.156 "GET /v2.0/security-groups?id=4cfd1af2-d0ef-4ee0-9ee3-d1efa0c067df&fields=id&fields=name HTTP/1.1" status: 200 len: 313 time: 0.1178362
2026-02-27 19:24:27.590 9 INFO neutron.wsgi [req-965e4a45-09d0-4273-9e1c-ecca03e58abb req-19467d90-0720-4285-a1c2-98478e0aeaeb 89d5c116b2f34af191f252029d0cf57e f93db5426c7e42daaaaf664590872084 - - 6f7b00aaeedb4e52a68b5d418fcd20ae 6f7b00aaeedb4e52a68b5d418fcd20ae] 199.204.45.49 "GET /v2.0/floatingips?fixed_ip_address=10.100.0.9&port_id=1a803c26-cbaf-4ce3-a1b3-c7e5cf3f8234 HTTP/1.1" status: 200 len: 1059 time: 0.0601072
2026-02-27 19:24:27.609 9 INFO neutron.wsgi [req-fcbe5c33-5d31-432e-9e4b-5b530ed221bf req-a2ca34ba-fbc9-4854-9e74-2b4f3e8f6775 1a86d3aed55048b194aa334a2a0ebf48 3f86950d7a714bf9a3be6cfb3f6c3ae0 - - default default] 199.204.45.49 "GET /v2.0/networks?id=84caba53-b189-4266-88ba-f2d0cc53172a HTTP/1.1" status: 200 len: 877 time: 0.1197717
2026-02-27 19:24:27.626 9 WARNING neutron_lib.context [req-fcbe5c33-5d31-432e-9e4b-5b530ed221bf req-1e542d1f-7f27-48dc-847c-1dba3af8a166 1a86d3aed55048b194aa334a2a0ebf48 3f86950d7a714bf9a3be6cfb3f6c3ae0 - - default default] Method 'is_advsvc' is deprecated since 2023.2 release (neutron-lib 3.8.0) and will be removed once support for the old RBAC API policies will be removed from Neutron. Please use method 'is_service_role' instead.
2026-02-27 19:24:27.647 9 INFO neutron.wsgi [req-965e4a45-09d0-4273-9e1c-ecca03e58abb req-91e66417-930c-4636-8f70-54fc071ef704 89d5c116b2f34af191f252029d0cf57e f93db5426c7e42daaaaf664590872084 - - 6f7b00aaeedb4e52a68b5d418fcd20ae 6f7b00aaeedb4e52a68b5d418fcd20ae] 199.204.45.49 "GET /v2.0/subnets?id=84b60287-1e25-4438-b310-4fce40b6d6df HTTP/1.1" status: 200 len: 875 time: 0.0509274
2026-02-27 19:24:27.676 9 INFO neutron.wsgi [req-965e4a45-09d0-4273-9e1c-ecca03e58abb req-3b4c1ed6-9849-4ae8-9bf8-174960def549 89d5c116b2f34af191f252029d0cf57e f93db5426c7e42daaaaf664590872084 - - 6f7b00aaeedb4e52a68b5d418fcd20ae 6f7b00aaeedb4e52a68b5d418fcd20ae] 199.204.45.49 "GET /v2.0/ports?network_id=dc91bf6f-59aa-4671-83f1-7eb2d11ea6d0&device_owner=network%3Adhcp HTTP/1.1" status: 200 len: 210 time: 0.0240519
2026-02-27 19:24:27.727 10 WARNING neutron.scheduler.dhcp_agent_scheduler [None req-50db6b6a-3877-47c6-bf80-a75692957596 33369200687b4ed7a69ba32192a3d07e 7d32c8d8b94b48a9a3c827288dd45a52 - - default default] No more DHCP agents
2026-02-27 19:24:27.730 10 WARNING neutron.api.rpc.agentnotifiers.dhcp_rpc_agent_api [None req-50db6b6a-3877-47c6-bf80-a75692957596 33369200687b4ed7a69ba32192a3d07e 7d32c8d8b94b48a9a3c827288dd45a52 - - default default] Unable to schedule network 2ff80041-c704-4f5e-83c4-b70cc468e920: no agents available; will retry on subsequent port and subnet creation events.
2026-02-27 19:24:27.782 9 INFO neutron.wsgi [req-965e4a45-09d0-4273-9e1c-ecca03e58abb req-e20be3a6-cc4a-4c55-80ac-1d7bf0338d66 89d5c116b2f34af191f252029d0cf57e f93db5426c7e42daaaaf664590872084 - - 6f7b00aaeedb4e52a68b5d418fcd20ae 6f7b00aaeedb4e52a68b5d418fcd20ae] 199.204.45.49 "GET /v2.0/networks/dc91bf6f-59aa-4671-83f1-7eb2d11ea6d0?fields=segments HTTP/1.1" status: 200 len: 212 time: 0.0985985
2026-02-27 19:24:27.826 10 INFO neutron.db.ovn_revision_numbers_db [None req-50db6b6a-3877-47c6-bf80-a75692957596 33369200687b4ed7a69ba32192a3d07e 7d32c8d8b94b48a9a3c827288dd45a52 - - default default] Successfully bumped revision number for resource f914225c-ebf5-4b7c-86c5-675f364f2878 (type: ports) to 1
2026-02-27 19:24:27.847 10 INFO neutron.plugins.ml2.drivers.ovn.mech_driver.mech_driver [None req-cd22cb5e-bbff-43fa-a989-1d0dd7f5d2c4 - - - - - -] OVN reports status down for port: 6f866fac-033c-4dec-953c-a26e3f88f920
2026-02-27 19:24:27.875 10 INFO neutron.wsgi [None req-50db6b6a-3877-47c6-bf80-a75692957596 33369200687b4ed7a69ba32192a3d07e 7d32c8d8b94b48a9a3c827288dd45a52 - - default default] 10.0.0.20 "POST /v2.0/ports HTTP/1.1" status: 201 len: 973 time: 0.3990047 /var/lib/openstack/lib/python3.10/site-packages/pycadf/identifier.py:71: UserWarning: Invalid uuid: neutron. To ensure interoperability, identifiers should be a valid uuid. warnings.warn(('Invalid uuid: %s. To ensure interoperability, '
2026-02-27 19:24:27.883 9 INFO neutron.wsgi [req-e75a35da-274c-44a0-834c-4d3d04452aca req-6e14a925-d90a-4b65-97e7-aca792786c3b a45c39e52e45458fa4224833ef0bd300 0b0d38c9e2d342889ccca4034552e004 - - default default] 10.0.0.156 "GET /v2.0/ports?device_id=41678581-2cbf-4195-b074-dac70d1d61c5 HTTP/1.1" status: 200 len: 1174 time: 0.0795760
2026-02-27 19:24:27.960 10 INFO neutron.wsgi [req-2a4b3b5f-4040-4c5d-b279-30ea4c41c665 req-e83584e9-b648-4cf6-9481-97c1241462ef 1a86d3aed55048b194aa334a2a0ebf48 3f86950d7a714bf9a3be6cfb3f6c3ae0 - - default default] 10.0.0.156 "GET /v2.0/ports?device_id=2603c46f-843f-4552-ae82-7c1cd1e55d00 HTTP/1.1" status: 200 len: 210 time: 0.0246692
2026-02-27 19:24:28.089 9 INFO neutron.wsgi [req-965e4a45-09d0-4273-9e1c-ecca03e58abb req-5e809cee-3a98-49d1-acb2-ccf6d955f5c1 89d5c116b2f34af191f252029d0cf57e f93db5426c7e42daaaaf664590872084 - - 6f7b00aaeedb4e52a68b5d418fcd20ae 6f7b00aaeedb4e52a68b5d418fcd20ae] 199.204.45.49 "GET /v2.0/networks/dc91bf6f-59aa-4671-83f1-7eb2d11ea6d0?fields=provider%3Aphysical_network&fields=provider%3Anetwork_type HTTP/1.1" status: 200 len: 277 time: 0.2972989
2026-02-27 19:24:28.127 9 INFO neutron.wsgi [req-e75a35da-274c-44a0-834c-4d3d04452aca req-fcace3e3-0257-442d-977f-b9e8356fd833 a45c39e52e45458fa4224833ef0bd300 0b0d38c9e2d342889ccca4034552e004 - - default default] 10.0.0.156 "GET /v2.0/security-groups?id=4cfd1af2-d0ef-4ee0-9ee3-d1efa0c067df&fields=id&fields=name HTTP/1.1" status: 200 len: 313 time: 0.2341161
2026-02-27 19:24:28.152 9 INFO neutron.wsgi [req-18df5325-0882-4b2e-b879-f25eabcf76f3 req-ec6e020e-6b5b-4f0e-8b9d-7e7e17ee62a6 a45c39e52e45458fa4224833ef0bd300 0b0d38c9e2d342889ccca4034552e004 - - default default] 199.204.45.49 "GET /v2.0/ports?device_id=41678581-2cbf-4195-b074-dac70d1d61c5 HTTP/1.1" status: 200 len: 1172 time: 0.0491855
2026-02-27 19:24:28.155 10 INFO neutron.wsgi [req-551cfef7-0c04-44e8-b069-ab44e8d6a057 req-f9db3373-d56b-4460-9ad9-3dfec349f950 23f13cd05765439398fb2302320e1221 0a045ca09cc54cc2a4ffc24c78f03304 - - default default] 10.0.0.156 "GET /v2.0/ports?device_id=c4b83fd5-3493-492f-9f09-f1eabcd5ab66 HTTP/1.1" status: 200 len: 1348 time: 0.0851867
2026-02-27 19:24:28.186 10 INFO neutron.notifiers.nova [-] Nova event matching ['req-6ffb901e-38f4-4e75-bf5f-4cdfdecd2202'] response: {'server_uuid': '41678581-2cbf-4195-b074-dac70d1d61c5', 'name': 'network-vif-unplugged', 'status': 'completed', 'tag': '6f866fac-033c-4dec-953c-a26e3f88f920', 'code': 200}
2026-02-27 19:24:28.279 10 INFO neutron.wsgi [req-551cfef7-0c04-44e8-b069-ab44e8d6a057 req-b76b26f3-387e-4d1b-91a0-e0a101106a57 23f13cd05765439398fb2302320e1221 0a045ca09cc54cc2a4ffc24c78f03304 - - default default] 10.0.0.156 "GET /v2.0/security-groups?id=77531e9e-937a-4365-ba0c-52e05e475fba&fields=id&fields=name HTTP/1.1" status: 200 len: 313 time: 0.1181114
2026-02-27 19:24:28.326 9 WARNING neutron.scheduler.dhcp_agent_scheduler [req-fcbe5c33-5d31-432e-9e4b-5b530ed221bf req-1e542d1f-7f27-48dc-847c-1dba3af8a166 1a86d3aed55048b194aa334a2a0ebf48 3f86950d7a714bf9a3be6cfb3f6c3ae0 - - default default] No more DHCP agents
2026-02-27 19:24:28.329 9 WARNING neutron.api.rpc.agentnotifiers.dhcp_rpc_agent_api [req-fcbe5c33-5d31-432e-9e4b-5b530ed221bf req-1e542d1f-7f27-48dc-847c-1dba3af8a166 1a86d3aed55048b194aa334a2a0ebf48 3f86950d7a714bf9a3be6cfb3f6c3ae0 - - default default] Unable to schedule network 84caba53-b189-4266-88ba-f2d0cc53172a: no agents available; will retry on subsequent port and subnet creation events.
2026-02-27 19:24:28.331 10 INFO neutron.db.ovn_revision_numbers_db [None req-481c20cc-8a52-4e79-b736-fceb16d852ef 33369200687b4ed7a69ba32192a3d07e 7d32c8d8b94b48a9a3c827288dd45a52 - - default default] Successfully bumped revision number for resource f914225c-ebf5-4b7c-86c5-675f364f2878 (type: ports) to 2
2026-02-27 19:24:28.342 10 INFO neutron.wsgi [None req-481c20cc-8a52-4e79-b736-fceb16d852ef 33369200687b4ed7a69ba32192a3d07e 7d32c8d8b94b48a9a3c827288dd45a52 - - default default] 10.0.0.20 "PUT /v2.0/ports/f914225c-ebf5-4b7c-86c5-675f364f2878 HTTP/1.1" status: 200 len: 946 time: 0.4618006 /var/lib/openstack/lib/python3.10/site-packages/pycadf/identifier.py:71: UserWarning: Invalid uuid: neutron. To ensure interoperability, identifiers should be a valid uuid. warnings.warn(('Invalid uuid: %s. To ensure interoperability, '
2026-02-27 19:24:28.355 10 INFO neutron.db.ovn_revision_numbers_db [None req-cd22cb5e-bbff-43fa-a989-1d0dd7f5d2c4 - - - - - -] Successfully bumped revision number for resource 6f866fac-033c-4dec-953c-a26e3f88f920 (type: ports) to 7
2026-02-27 19:24:28.381 10 INFO neutron.plugins.ml2.drivers.ovn.mech_driver.mech_driver [None req-cd22cb5e-bbff-43fa-a989-1d0dd7f5d2c4 - - - - - -] OVN reports status down for port: f914225c-ebf5-4b7c-86c5-675f364f2878
2026-02-27 19:24:28.499 10 INFO neutron.wsgi [req-2dc3f69e-5752-4f14-b13f-00aec6d1967c req-67192769-8f44-4605-b9bd-12eaab6e0b6f 23f13cd05765439398fb2302320e1221 0a045ca09cc54cc2a4ffc24c78f03304 - - default default] 199.204.45.49 "GET /v2.0/ports?device_id=c4b83fd5-3493-492f-9f09-f1eabcd5ab66&device_owner=compute%3Anova&fixed_ips=ip_address%3D10.100.0.7 HTTP/1.1" status: 200 len: 1348 time: 0.0840933 /var/lib/openstack/lib/python3.10/site-packages/pycadf/identifier.py:71: UserWarning: Invalid uuid: neutron. To ensure interoperability, identifiers should be a valid uuid. warnings.warn(('Invalid uuid: %s. To ensure interoperability, '
2026-02-27 19:24:28.524 9 INFO neutron.db.ovn_revision_numbers_db [req-fcbe5c33-5d31-432e-9e4b-5b530ed221bf req-1e542d1f-7f27-48dc-847c-1dba3af8a166 1a86d3aed55048b194aa334a2a0ebf48 3f86950d7a714bf9a3be6cfb3f6c3ae0 - - default default] Successfully bumped revision number for resource b75b5dc1-a1b8-4033-9d52-5fe4c26fbeed (type: ports) to 1
2026-02-27 19:24:28.559 9 INFO neutron.wsgi [req-fcbe5c33-5d31-432e-9e4b-5b530ed221bf req-1e542d1f-7f27-48dc-847c-1dba3af8a166 1a86d3aed55048b194aa334a2a0ebf48 3f86950d7a714bf9a3be6cfb3f6c3ae0 - - default default] 199.204.45.49 "POST /v2.0/ports HTTP/1.1" status: 201 len: 1162 time: 0.9419377 /var/lib/openstack/lib/python3.10/site-packages/pycadf/identifier.py:71: UserWarning: Invalid uuid: neutron. To ensure interoperability, identifiers should be a valid uuid. warnings.warn(('Invalid uuid: %s. To ensure interoperability, '
2026-02-27 19:24:28.634 9 INFO neutron.db.l3_db [req-18df5325-0882-4b2e-b879-f25eabcf76f3 req-48c592c3-3fb2-4e1f-a139-57dd2480e5b9 a45c39e52e45458fa4224833ef0bd300 0b0d38c9e2d342889ccca4034552e004 - - default default] Floating IP 5e5f50d3-d094-4e94-a159-6054048c63e9 disassociated. External IP: 10.96.250.207, port: 6f866fac-033c-4dec-953c-a26e3f88f920.
2026-02-27 19:24:28.817 10 INFO neutron.wsgi [None req-a6ef09ed-5038-4259-bc1b-873a9c3e69dd 33369200687b4ed7a69ba32192a3d07e 7d32c8d8b94b48a9a3c827288dd45a52 - - default default] 10.0.0.20 "DELETE /v2.0/ports/f914225c-ebf5-4b7c-86c5-675f364f2878 HTTP/1.1" status: 204 len: 168 time: 0.4688628
2026-02-27 19:24:28.824 9 INFO neutron.wsgi [req-18df5325-0882-4b2e-b879-f25eabcf76f3 req-48c592c3-3fb2-4e1f-a139-57dd2480e5b9 a45c39e52e45458fa4224833ef0bd300 0b0d38c9e2d342889ccca4034552e004 - - default default] 199.204.45.49 "DELETE /v2.0/ports/6f866fac-033c-4dec-953c-a26e3f88f920 HTTP/1.1" status: 204 len: 173 time: 0.6611488
2026-02-27 19:24:28.896 10 INFO neutron.wsgi [None req-45432a2c-27b9-470d-8d61-252376d9ca50 33369200687b4ed7a69ba32192a3d07e 7d32c8d8b94b48a9a3c827288dd45a52 - - default default] 10.0.0.20 "GET /v2.0/ports HTTP/1.1" status: 200 len: 1728 time: 0.0740230
2026-02-27 19:24:28.918 10 INFO neutron.pecan_wsgi.hooks.translation [None req-d5994e8f-9e0a-41e5-b1c9-a7d55f3ef60a 33369200687b4ed7a69ba32192a3d07e 7d32c8d8b94b48a9a3c827288dd45a52 - - default default] GET failed (client error): The resource could not be found.
2026-02-27 19:24:28.920 10 INFO neutron.wsgi [None req-d5994e8f-9e0a-41e5-b1c9-a7d55f3ef60a 33369200687b4ed7a69ba32192a3d07e 7d32c8d8b94b48a9a3c827288dd45a52 - - default default] 10.0.0.20 "GET /v2.0/ports/f914225c-ebf5-4b7c-86c5-675f364f2878 HTTP/1.1" status: 404 len: 333 time: 0.0179987 /var/lib/openstack/lib/python3.10/site-packages/pycadf/identifier.py:71: UserWarning: Invalid uuid: neutron. To ensure interoperability, identifiers should be a valid uuid. warnings.warn(('Invalid uuid: %s. To ensure interoperability, '
2026-02-27 19:24:28.936 9 INFO neutron.notifiers.nova [-] Nova event matching ['req-521dba63-a95e-4ffe-914f-4152dc8e0cca'] response: {'server_uuid': '41678581-2cbf-4195-b074-dac70d1d61c5', 'name': 'network-vif-deleted', 'tag': '6f866fac-033c-4dec-953c-a26e3f88f920', 'status': 'completed', 'code': 200}
2026-02-27 19:24:29.033 9 INFO neutron.wsgi [None req-7c26c8af-cfd1-4e99-998c-a029b6516adc 33369200687b4ed7a69ba32192a3d07e 7d32c8d8b94b48a9a3c827288dd45a52 - - default default] 10.0.0.20 "GET /v2.0/ports HTTP/1.1" status: 200 len: 1728 time: 0.1058090
2026-02-27 19:24:29.098 9 INFO neutron.wsgi [None req-8ee981cc-d022-416a-b6bd-06efd4ebb688 33369200687b4ed7a69ba32192a3d07e 7d32c8d8b94b48a9a3c827288dd45a52 - - default default] 10.0.0.20 "GET /v2.0/ports/86119b3b-6a32-40e6-85f1-14abd7ed99b6 HTTP/1.1" status: 200 len: 968 time: 0.0557580
2026-02-27 19:24:29.109 9 INFO neutron.db.ovn_revision_numbers_db [req-fcbe5c33-5d31-432e-9e4b-5b530ed221bf req-ec482ed9-87c6-43d6-91d2-0ef51ce84501 89d5c116b2f34af191f252029d0cf57e f93db5426c7e42daaaaf664590872084 - - 6f7b00aaeedb4e52a68b5d418fcd20ae 6f7b00aaeedb4e52a68b5d418fcd20ae] Successfully bumped revision number for resource b75b5dc1-a1b8-4033-9d52-5fe4c26fbeed (type: ports) to 2 /var/lib/openstack/lib/python3.10/site-packages/pycadf/identifier.py:71: UserWarning: Invalid uuid: neutron. To ensure interoperability, identifiers should be a valid uuid. warnings.warn(('Invalid uuid: %s. To ensure interoperability, '
2026-02-27 19:24:29.127 10 INFO neutron.pecan_wsgi.hooks.translation [None req-b6f97234-1b09-48cc-8aea-d29751a1f7f6 33369200687b4ed7a69ba32192a3d07e 7d32c8d8b94b48a9a3c827288dd45a52 - - default default] DELETE failed (client error): The resource could not be found.
2026-02-27 19:24:29.129 10 INFO neutron.wsgi [None req-b6f97234-1b09-48cc-8aea-d29751a1f7f6 33369200687b4ed7a69ba32192a3d07e 7d32c8d8b94b48a9a3c827288dd45a52 - - default default] 10.0.0.20 "DELETE /v2.0/ports/13975a5c-8f64-42c9-a095-fc72cfd6c881 HTTP/1.1" status: 404 len: 333 time: 0.0249178
2026-02-27 19:24:29.153 10 INFO neutron.pecan_wsgi.hooks.translation [None req-93ca45dd-ab78-455f-88f4-e53eacbd9f54 33369200687b4ed7a69ba32192a3d07e 7d32c8d8b94b48a9a3c827288dd45a52 - - default default] DELETE failed (client error): The resource could not be found.
2026-02-27 19:24:29.156 10 INFO neutron.wsgi [None req-93ca45dd-ab78-455f-88f4-e53eacbd9f54 33369200687b4ed7a69ba32192a3d07e 7d32c8d8b94b48a9a3c827288dd45a52 - - default default] 10.0.0.20 "DELETE /v2.0/subnets/ece3428e-26b0-4043-bc42-4d3686d2eb8d HTTP/1.1" status: 404 len: 337 time: 0.0226874
2026-02-27 19:24:29.201 10 INFO neutron.pecan_wsgi.hooks.translation [None req-37bad38c-8528-40a1-8631-678d71f7cf88 33369200687b4ed7a69ba32192a3d07e 7d32c8d8b94b48a9a3c827288dd45a52 - - default default] DELETE failed (client error): The resource could not be found.
2026-02-27 19:24:29.204 10 INFO neutron.wsgi [None req-37bad38c-8528-40a1-8631-678d71f7cf88 33369200687b4ed7a69ba32192a3d07e 7d32c8d8b94b48a9a3c827288dd45a52 - - default default] 10.0.0.20 "DELETE /v2.0/subnets/0e0ce5e8-b072-485b-8a3c-9d87344f326c HTTP/1.1" status: 404 len: 337 time: 0.0373051
2026-02-27 19:24:29.211 10 INFO neutron.wsgi [req-02d1935c-288a-446a-a83b-65892c5b5699 req-17b19bdf-ae42-4f6a-b227-9cc6bb34b7b3 1a86d3aed55048b194aa334a2a0ebf48 3f86950d7a714bf9a3be6cfb3f6c3ae0 - - default default] 10.0.0.156 "GET /v2.0/ports?device_id=2603c46f-843f-4552-ae82-7c1cd1e55d00 HTTP/1.1" status: 200 len: 1172 time: 0.1738214
2026-02-27 19:24:29.251 10 INFO neutron.db.ovn_revision_numbers_db [req-2dc3f69e-5752-4f14-b13f-00aec6d1967c req-7fbd9b05-7de3-4de7-aac8-a751dd2d7524 23f13cd05765439398fb2302320e1221 0a045ca09cc54cc2a4ffc24c78f03304 - - default default] Successfully bumped revision number for resource 1a803c26-cbaf-4ce3-a1b3-c7e5cf3f8234 (type: ports) to 6
2026-02-27 19:24:29.298 10 INFO neutron.wsgi [req-2dc3f69e-5752-4f14-b13f-00aec6d1967c req-7fbd9b05-7de3-4de7-aac8-a751dd2d7524 23f13cd05765439398fb2302320e1221 0a045ca09cc54cc2a4ffc24c78f03304 - - default default] 199.204.45.49 "PUT /v2.0/ports/1a803c26-cbaf-4ce3-a1b3-c7e5cf3f8234 HTTP/1.1" status: 200 len: 1167 time: 0.7899075
2026-02-27 19:24:29.316 10 INFO neutron.wsgi [req-02d1935c-288a-446a-a83b-65892c5b5699 req-dcfabf8f-c1be-4139-8eea-9a29529321d1 1a86d3aed55048b194aa334a2a0ebf48 3f86950d7a714bf9a3be6cfb3f6c3ae0 - - default default] 10.0.0.156 "GET /v2.0/security-groups?id=f8ea2a91-68ad-4299-a93c-d3aadd762832&fields=id&fields=name HTTP/1.1" status: 200 len: 286 time: 0.0988560
2026-02-27 19:24:29.357 9 INFO neutron.db.ovn_revision_numbers_db [req-fcbe5c33-5d31-432e-9e4b-5b530ed221bf req-ec482ed9-87c6-43d6-91d2-0ef51ce84501 89d5c116b2f34af191f252029d0cf57e f93db5426c7e42daaaaf664590872084 - - 6f7b00aaeedb4e52a68b5d418fcd20ae 6f7b00aaeedb4e52a68b5d418fcd20ae] Successfully bumped revision number for resource b75b5dc1-a1b8-4033-9d52-5fe4c26fbeed (type: ports) to 2
2026-02-27 19:24:29.373 9 INFO neutron.wsgi [req-fcbe5c33-5d31-432e-9e4b-5b530ed221bf req-ec482ed9-87c6-43d6-91d2-0ef51ce84501 89d5c116b2f34af191f252029d0cf57e f93db5426c7e42daaaaf664590872084 - - 6f7b00aaeedb4e52a68b5d418fcd20ae 6f7b00aaeedb4e52a68b5d418fcd20ae] 199.204.45.49 "PUT /v2.0/ports/b75b5dc1-a1b8-4033-9d52-5fe4c26fbeed HTTP/1.1" status: 200 len: 1380 time: 0.8051434 /var/lib/openstack/lib/python3.10/site-packages/pycadf/identifier.py:71: UserWarning: Invalid uuid: neutron. To ensure interoperability, identifiers should be a valid uuid. warnings.warn(('Invalid uuid: %s. To ensure interoperability, '
2026-02-27 19:24:29.439 9 INFO neutron.wsgi [req-fcbe5c33-5d31-432e-9e4b-5b530ed221bf req-65587e26-d333-4501-abc6-e87bed83e695 89d5c116b2f34af191f252029d0cf57e f93db5426c7e42daaaaf664590872084 - - 6f7b00aaeedb4e52a68b5d418fcd20ae 6f7b00aaeedb4e52a68b5d418fcd20ae] 199.204.45.49 "GET /v2.0/ports?tenant_id=3f86950d7a714bf9a3be6cfb3f6c3ae0&device_id=2603c46f-843f-4552-ae82-7c1cd1e55d00 HTTP/1.1" status: 200 len: 1411 time: 0.0370207
2026-02-27 19:24:29.470 9 INFO neutron.wsgi [req-fcbe5c33-5d31-432e-9e4b-5b530ed221bf req-4ea680a5-5ea3-4cc6-8cfe-87af7db915dd 89d5c116b2f34af191f252029d0cf57e f93db5426c7e42daaaaf664590872084 - - 6f7b00aaeedb4e52a68b5d418fcd20ae 6f7b00aaeedb4e52a68b5d418fcd20ae] 199.204.45.49 "GET /v2.0/floatingips?fixed_ip_address=10.100.0.13&port_id=b75b5dc1-a1b8-4033-9d52-5fe4c26fbeed HTTP/1.1" status: 200 len: 217 time: 0.0238030
2026-02-27 19:24:29.505 9 INFO neutron.wsgi [req-fcbe5c33-5d31-432e-9e4b-5b530ed221bf req-ab53c91e-2d3d-471a-ac21-9b3ef46b1f19 89d5c116b2f34af191f252029d0cf57e f93db5426c7e42daaaaf664590872084 - - 6f7b00aaeedb4e52a68b5d418fcd20ae 6f7b00aaeedb4e52a68b5d418fcd20ae] 199.204.45.49 "GET /v2.0/subnets?id=6a327261-0851-463a-a86c-6bcb12ccfbfd HTTP/1.1" status: 200 len: 871 time: 0.0293541
2026-02-27 19:24:29.530 9 INFO neutron.wsgi [req-fcbe5c33-5d31-432e-9e4b-5b530ed221bf req-3fba8ece-478c-4e24-b1c0-c62351ebfd03 89d5c116b2f34af191f252029d0cf57e f93db5426c7e42daaaaf664590872084 - - 6f7b00aaeedb4e52a68b5d418fcd20ae 6f7b00aaeedb4e52a68b5d418fcd20ae] 199.204.45.49 "GET /v2.0/ports?network_id=84caba53-b189-4266-88ba-f2d0cc53172a&device_owner=network%3Adhcp HTTP/1.1" status: 200 len: 210 time: 0.0190532
2026-02-27 19:24:29.591 9 INFO neutron.wsgi [req-fcbe5c33-5d31-432e-9e4b-5b530ed221bf req-0efa1eb7-95fa-4a8a-a90f-ba3cb407a296 89d5c116b2f34af191f252029d0cf57e f93db5426c7e42daaaaf664590872084 - - 6f7b00aaeedb4e52a68b5d418fcd20ae 6f7b00aaeedb4e52a68b5d418fcd20ae] 199.204.45.49 "GET /v2.0/networks/84caba53-b189-4266-88ba-f2d0cc53172a?fields=segments HTTP/1.1" status: 200 len: 212 time: 0.0534410
2026-02-27 19:24:29.597 10 INFO neutron.wsgi [req-2dc3f69e-5752-4f14-b13f-00aec6d1967c req-0c85b1ab-9607-4d8c-9109-2e8a9dea4b36 89d5c116b2f34af191f252029d0cf57e f93db5426c7e42daaaaf664590872084 - - 6f7b00aaeedb4e52a68b5d418fcd20ae 6f7b00aaeedb4e52a68b5d418fcd20ae] 199.204.45.49 "GET /v2.0/ports?tenant_id=0a045ca09cc54cc2a4ffc24c78f03304&device_id=c4b83fd5-3493-492f-9f09-f1eabcd5ab66 HTTP/1.1" status: 200 len: 1409 time: 0.2707839
2026-02-27 19:24:29.654 9 INFO neutron.wsgi [req-fcbe5c33-5d31-432e-9e4b-5b530ed221bf req-5c712c47-ac57-4ab8-9e59-2fad9d0dfec4 89d5c116b2f34af191f252029d0cf57e f93db5426c7e42daaaaf664590872084 - - 6f7b00aaeedb4e52a68b5d418fcd20ae 6f7b00aaeedb4e52a68b5d418fcd20ae] 199.204.45.49 "GET /v2.0/networks/84caba53-b189-4266-88ba-f2d0cc53172a?fields=provider%3Aphysical_network&fields=provider%3Anetwork_type HTTP/1.1" status: 200 len: 277 time: 0.0565012
2026-02-27 19:24:29.708 10 INFO neutron.wsgi [req-2dc3f69e-5752-4f14-b13f-00aec6d1967c req-04328d64-2f10-4dcb-912a-58efa6078623 89d5c116b2f34af191f252029d0cf57e f93db5426c7e42daaaaf664590872084 - - 6f7b00aaeedb4e52a68b5d418fcd20ae 6f7b00aaeedb4e52a68b5d418fcd20ae] 199.204.45.49 "GET /v2.0/networks?id=dc91bf6f-59aa-4671-83f1-7eb2d11ea6d0 HTTP/1.1" status: 200 len: 980 time: 0.1037171
2026-02-27 19:24:29.711 10 INFO neutron.wsgi [None req-cb179ac4-7467-4384-8af4-5370937f0d29 a45c39e52e45458fa4224833ef0bd300 0b0d38c9e2d342889ccca4034552e004 - - default default] 10.0.0.20 "DELETE /v2.0/security-groups/4cfd1af2-d0ef-4ee0-9ee3-d1efa0c067df HTTP/1.1" status: 204 len: 168 time: 0.4807811
2026-02-27 19:24:29.735 9 INFO neutron.api.v2.resource [None req-6bd9bf3f-f50b-45c8-9af8-aed5c81aab6c a45c39e52e45458fa4224833ef0bd300 0b0d38c9e2d342889ccca4034552e004 - - default default] show failed (client error): The resource could not be found.
2026-02-27 19:24:29.738 9 INFO neutron.wsgi [None req-6bd9bf3f-f50b-45c8-9af8-aed5c81aab6c a45c39e52e45458fa4224833ef0bd300 0b0d38c9e2d342889ccca4034552e004 - - default default] 10.0.0.20 "GET /v2.0/security-groups/4cfd1af2-d0ef-4ee0-9ee3-d1efa0c067df HTTP/1.1" status: 404 len: 347 time: 0.0164669
2026-02-27 19:24:29.796 10 INFO neutron.wsgi [req-2dc3f69e-5752-4f14-b13f-00aec6d1967c req-203a88fe-2efb-40b3-be26-999cb569076d 89d5c116b2f34af191f252029d0cf57e f93db5426c7e42daaaaf664590872084 - - 6f7b00aaeedb4e52a68b5d418fcd20ae 6f7b00aaeedb4e52a68b5d418fcd20ae] 199.204.45.49 "GET /v2.0/floatingips?fixed_ip_address=10.100.0.9&port_id=1a803c26-cbaf-4ce3-a1b3-c7e5cf3f8234 HTTP/1.1" status: 200 len: 1059 time: 0.0832961
2026-02-27 19:24:29.852 10 INFO neutron.plugins.ml2.drivers.ovn.mech_driver.mech_driver [None req-cd22cb5e-bbff-43fa-a989-1d0dd7f5d2c4 - - - - - -] OVN reports status up for port: b75b5dc1-a1b8-4033-9d52-5fe4c26fbeed
2026-02-27 19:24:29.874 10 INFO neutron.wsgi [req-2dc3f69e-5752-4f14-b13f-00aec6d1967c req-a53136b2-f9f3-4d3c-8d24-eb9e6c0ea9cd 89d5c116b2f34af191f252029d0cf57e f93db5426c7e42daaaaf664590872084 - - 6f7b00aaeedb4e52a68b5d418fcd20ae 6f7b00aaeedb4e52a68b5d418fcd20ae] 199.204.45.49 "GET /v2.0/subnets?id=84b60287-1e25-4438-b310-4fce40b6d6df HTTP/1.1" status: 200 len: 875 time: 0.0659952
2026-02-27 19:24:29.895 10 INFO neutron.plugins.ml2.plugin [None req-cd22cb5e-bbff-43fa-a989-1d0dd7f5d2c4 - - - - - -] Attempt 1 to provision port b75b5dc1-a1b8-4033-9d52-5fe4c26fbeed
2026-02-27 19:24:29.931 10 INFO neutron.wsgi [None req-5fdb3c0f-efe1-4c2a-9388-f421ae8fafb1 33369200687b4ed7a69ba32192a3d07e 7d32c8d8b94b48a9a3c827288dd45a52 - - default default] 10.0.0.20 "DELETE /v2.0/ports/86119b3b-6a32-40e6-85f1-14abd7ed99b6 HTTP/1.1" status: 204 len: 168 time: 0.7248135
2026-02-27 19:24:29.934 10 INFO neutron.wsgi [req-2dc3f69e-5752-4f14-b13f-00aec6d1967c req-3cc3194e-09fa-4b99-8f74-edddaec8babb 89d5c116b2f34af191f252029d0cf57e f93db5426c7e42daaaaf664590872084 - - 6f7b00aaeedb4e52a68b5d418fcd20ae 6f7b00aaeedb4e52a68b5d418fcd20ae] 199.204.45.49 "GET /v2.0/ports?network_id=dc91bf6f-59aa-4671-83f1-7eb2d11ea6d0&device_owner=network%3Adhcp HTTP/1.1" status: 200 len: 210 time: 0.0526164
2026-02-27 19:24:30.012 10 INFO neutron.wsgi [req-2dc3f69e-5752-4f14-b13f-00aec6d1967c req-339a8990-5886-40f9-9ac6-c5ca46ccf468 89d5c116b2f34af191f252029d0cf57e f93db5426c7e42daaaaf664590872084 - - 6f7b00aaeedb4e52a68b5d418fcd20ae 6f7b00aaeedb4e52a68b5d418fcd20ae] 199.204.45.49 "GET /v2.0/networks/dc91bf6f-59aa-4671-83f1-7eb2d11ea6d0?fields=segments HTTP/1.1" status: 200 len: 212 time: 0.0717566
2026-02-27 19:24:30.087 10 INFO neutron.wsgi [req-2dc3f69e-5752-4f14-b13f-00aec6d1967c req-17091902-12c7-4817-a5aa-998fd514cdcf 89d5c116b2f34af191f252029d0cf57e f93db5426c7e42daaaaf664590872084 - - 6f7b00aaeedb4e52a68b5d418fcd20ae 6f7b00aaeedb4e52a68b5d418fcd20ae] 199.204.45.49 "GET /v2.0/networks/dc91bf6f-59aa-4671-83f1-7eb2d11ea6d0?fields=provider%3Aphysical_network&fields=provider%3Anetwork_type HTTP/1.1" status: 200 len: 277 time: 0.0678666
2026-02-27 19:24:30.171 9 INFO neutron.wsgi [None req-633d8f48-14f4-41fb-b7e3-b587ab12c252 a45c39e52e45458fa4224833ef0bd300 0b0d38c9e2d342889ccca4034552e004 - - default default] 10.0.0.20 "DELETE /v2.0/floatingips/5e5f50d3-d094-4e94-a159-6054048c63e9 HTTP/1.1" status: 204 len: 168 time: 0.4278672
2026-02-27 19:24:30.236 10 INFO neutron.notifiers.nova [-] Nova event matching ['req-870c4b8c-e4f3-4aaf-9d83-648cbffd90c2'] response: {'server_uuid': '41678581-2cbf-4195-b074-dac70d1d61c5', 'name': 'network-vif-unplugged', 'status': 'completed', 'tag': '6f866fac-033c-4dec-953c-a26e3f88f920', 'code': 200}
2026-02-27 19:24:30.237 10 INFO neutron.notifiers.nova [-] Nova event matching ['req-870c4b8c-e4f3-4aaf-9d83-648cbffd90c2'] response: {'name': 'network-changed', 'server_uuid': 'c4b83fd5-3493-492f-9f09-f1eabcd5ab66', 'tag': '1a803c26-cbaf-4ce3-a1b3-c7e5cf3f8234', 'status': 'completed', 'code': 200}
2026-02-27 19:24:30.237 10 INFO neutron.notifiers.nova [-] Nova event matching ['req-870c4b8c-e4f3-4aaf-9d83-648cbffd90c2'] response: {'server_uuid': '2603c46f-843f-4552-ae82-7c1cd1e55d00', 'name': 'network-vif-plugged', 'status': 'completed', 'tag': 'b75b5dc1-a1b8-4033-9d52-5fe4c26fbeed', 'code': 200}
2026-02-27 19:24:30.241 10 INFO neutron.db.ovn_revision_numbers_db [None req-cd22cb5e-bbff-43fa-a989-1d0dd7f5d2c4 - - - - - -] Successfully bumped revision number for resource b75b5dc1-a1b8-4033-9d52-5fe4c26fbeed (type: ports) to 4
2026-02-27 19:24:30.321 10 INFO neutron.wsgi [req-d4fc4814-7916-4752-9350-d9da4fc9ecba req-0fe9b288-076d-4f4b-bcf2-9b77b5b142f4 89d5c116b2f34af191f252029d0cf57e f93db5426c7e42daaaaf664590872084 - - 6f7b00aaeedb4e52a68b5d418fcd20ae 6f7b00aaeedb4e52a68b5d418fcd20ae] 199.204.45.49 "GET /v2.0/ports?tenant_id=0a045ca09cc54cc2a4ffc24c78f03304&device_id=c4b83fd5-3493-492f-9f09-f1eabcd5ab66 HTTP/1.1" status: 200 len: 1409 time: 0.0547216 /var/lib/openstack/lib/python3.10/site-packages/pycadf/identifier.py:71: UserWarning: Invalid uuid: neutron. To ensure interoperability, identifiers should be a valid uuid. warnings.warn(('Invalid uuid: %s. To ensure interoperability, '
2026-02-27 19:24:30.407 10 INFO neutron.wsgi [req-d4fc4814-7916-4752-9350-d9da4fc9ecba req-3fcd666c-39e4-46cf-9f4c-3e9d172c0736 89d5c116b2f34af191f252029d0cf57e f93db5426c7e42daaaaf664590872084 - - 6f7b00aaeedb4e52a68b5d418fcd20ae 6f7b00aaeedb4e52a68b5d418fcd20ae] 199.204.45.49 "GET /v2.0/networks?id=dc91bf6f-59aa-4671-83f1-7eb2d11ea6d0 HTTP/1.1" status: 200 len: 980 time: 0.0762618
2026-02-27 19:24:30.460 10 INFO neutron.wsgi [req-d4fc4814-7916-4752-9350-d9da4fc9ecba req-97adaa48-8ecc-4896-bd5c-7890a2d8fbea 89d5c116b2f34af191f252029d0cf57e f93db5426c7e42daaaaf664590872084 - - 6f7b00aaeedb4e52a68b5d418fcd20ae 6f7b00aaeedb4e52a68b5d418fcd20ae] 199.204.45.49 "GET /v2.0/floatingips?fixed_ip_address=10.100.0.9&port_id=1a803c26-cbaf-4ce3-a1b3-c7e5cf3f8234 HTTP/1.1" status: 200 len: 1059 time: 0.0450888
2026-02-27 19:24:30.513 10 INFO neutron.wsgi [req-d4fc4814-7916-4752-9350-d9da4fc9ecba req-6f2a8663-f5d8-4f56-a144-c755a06fa1d1 89d5c116b2f34af191f252029d0cf57e f93db5426c7e42daaaaf664590872084 - - 6f7b00aaeedb4e52a68b5d418fcd20ae 6f7b00aaeedb4e52a68b5d418fcd20ae] 199.204.45.49 "GET /v2.0/subnets?id=84b60287-1e25-4438-b310-4fce40b6d6df HTTP/1.1" status: 200 len: 875 time: 0.0417101
2026-02-27 19:24:30.539 10 INFO neutron.wsgi [req-d4fc4814-7916-4752-9350-d9da4fc9ecba req-46ad6444-50f5-481f-92de-d74948c12538 89d5c116b2f34af191f252029d0cf57e f93db5426c7e42daaaaf664590872084 - - 6f7b00aaeedb4e52a68b5d418fcd20ae 6f7b00aaeedb4e52a68b5d418fcd20ae] 199.204.45.49 "GET /v2.0/ports?network_id=dc91bf6f-59aa-4671-83f1-7eb2d11ea6d0&device_owner=network%3Adhcp HTTP/1.1" status: 200 len: 210 time: 0.0199552
2026-02-27 19:24:30.608 10 INFO neutron.wsgi [req-d4fc4814-7916-4752-9350-d9da4fc9ecba req-66a7a31c-d582-4bbe-85a3-9e5da14f4f70 89d5c116b2f34af191f252029d0cf57e f93db5426c7e42daaaaf664590872084 - - 6f7b00aaeedb4e52a68b5d418fcd20ae 6f7b00aaeedb4e52a68b5d418fcd20ae] 199.204.45.49 "GET /v2.0/networks/dc91bf6f-59aa-4671-83f1-7eb2d11ea6d0?fields=segments HTTP/1.1" status: 200 len: 212 time: 0.0605311
2026-02-27 19:24:30.620 9 INFO neutron.wsgi [req-b06979ec-1e93-4211-9949-c388ad4d72cc req-7fed6f23-dc30-4e51-8d02-abe8c90913d9 1a86d3aed55048b194aa334a2a0ebf48 3f86950d7a714bf9a3be6cfb3f6c3ae0 - - default default] 10.0.0.156 "GET /v2.0/ports?device_id=2603c46f-843f-4552-ae82-7c1cd1e55d00 HTTP/1.1" status: 200 len: 1174 time: 0.2261112
2026-02-27 19:24:30.710 10 INFO neutron.wsgi [req-d4fc4814-7916-4752-9350-d9da4fc9ecba req-a327eb64-d829-47d9-ac37-763183a3b22b 89d5c116b2f34af191f252029d0cf57e f93db5426c7e42daaaaf664590872084 - - 6f7b00aaeedb4e52a68b5d418fcd20ae 6f7b00aaeedb4e52a68b5d418fcd20ae] 199.204.45.49 "GET /v2.0/networks/dc91bf6f-59aa-4671-83f1-7eb2d11ea6d0?fields=provider%3Aphysical_network&fields=provider%3Anetwork_type HTTP/1.1" status: 200 len: 277 time: 0.0925627
2026-02-27 19:24:30.721 9 INFO neutron.wsgi [req-b06979ec-1e93-4211-9949-c388ad4d72cc req-ad7c47a2-86f3-4aaf-bff5-13ac8498bf45 1a86d3aed55048b194aa334a2a0ebf48 3f86950d7a714bf9a3be6cfb3f6c3ae0 - - default default] 10.0.0.156 "GET /v2.0/security-groups?id=f8ea2a91-68ad-4299-a93c-d3aadd762832&fields=id&fields=name HTTP/1.1" status: 200 len: 286 time: 0.0936048
2026-02-27 19:24:30.726 9 INFO neutron.wsgi [None req-7121ec1c-ffdb-4076-93a6-bfd78a685120 33369200687b4ed7a69ba32192a3d07e 7d32c8d8b94b48a9a3c827288dd45a52 - - default default] 10.0.0.20 "DELETE /v2.0/networks/2ff80041-c704-4f5e-83c4-b70cc468e920 HTTP/1.1" status: 204 len: 168 time: 0.7823691
2026-02-27 19:24:30.764 10 INFO neutron.wsgi [req-a450e0fb-0cf5-4e88-9b56-97edb88ffdf5 req-a8b17e29-517d-4247-836c-ddbe0bfa76da 23f13cd05765439398fb2302320e1221 0a045ca09cc54cc2a4ffc24c78f03304 - - default default] 10.0.0.156 "GET /v2.0/ports?device_id=c4b83fd5-3493-492f-9f09-f1eabcd5ab66 HTTP/1.1" status: 200 len: 1170 time: 0.1089485
2026-02-27 19:24:30.821 10 INFO neutron.wsgi [req-a450e0fb-0cf5-4e88-9b56-97edb88ffdf5 req-08ab17a8-5385-427e-9bfb-0b8e5d259103 23f13cd05765439398fb2302320e1221 0a045ca09cc54cc2a4ffc24c78f03304 - - default default] 10.0.0.156 "GET /v2.0/security-groups?id=77531e9e-937a-4365-ba0c-52e05e475fba&fields=id&fields=name HTTP/1.1" status: 200 len: 313 time: 0.0521834
2026-02-27 19:24:30.976 9 INFO neutron.notifiers.nova [-] Nova event matching ['req-90e48f2c-ee4e-49e5-a3e0-55ec84663142'] response: {'name': 'network-changed', 'server_uuid': '2603c46f-843f-4552-ae82-7c1cd1e55d00', 'tag': 'b75b5dc1-a1b8-4033-9d52-5fe4c26fbeed', 'status': 'completed', 'code': 200}
2026-02-27 19:24:31.012 10 INFO neutron.wsgi [req-5fc1be2c-1f6b-4d7d-b978-39da772fa985 req-72335f5c-a235-4870-910e-f1285e9b7ba1 23f13cd05765439398fb2302320e1221 0a045ca09cc54cc2a4ffc24c78f03304 - - default default] 199.204.45.49 "GET /v2.0/ports?device_id=c4b83fd5-3493-492f-9f09-f1eabcd5ab66 HTTP/1.1" status: 200 len: 1170 time: 0.0408320
2026-02-27 19:24:31.040 9 INFO neutron.wsgi [req-00771976-36e3-4d15-a0d9-1b4183598c99 req-a59dada1-7faf-4b0d-8716-abca69cb7482 89d5c116b2f34af191f252029d0cf57e f93db5426c7e42daaaaf664590872084 - - 6f7b00aaeedb4e52a68b5d418fcd20ae 6f7b00aaeedb4e52a68b5d418fcd20ae] 199.204.45.49 "GET /v2.0/ports?tenant_id=3f86950d7a714bf9a3be6cfb3f6c3ae0&device_id=2603c46f-843f-4552-ae82-7c1cd1e55d00 HTTP/1.1" status: 200 len: 1413 time: 0.0498714
2026-02-27 19:24:31.140 9 INFO neutron.wsgi [req-00771976-36e3-4d15-a0d9-1b4183598c99 req-a49cafde-27f4-47a2-a23e-b3345ba9c12f 89d5c116b2f34af191f252029d0cf57e f93db5426c7e42daaaaf664590872084 - - 6f7b00aaeedb4e52a68b5d418fcd20ae 6f7b00aaeedb4e52a68b5d418fcd20ae] 199.204.45.49 "GET /v2.0/networks?id=84caba53-b189-4266-88ba-f2d0cc53172a HTTP/1.1" status: 200 len: 976 time: 0.0935540
2026-02-27 19:24:31.180 9 INFO neutron.wsgi [req-00771976-36e3-4d15-a0d9-1b4183598c99 req-ac9f1b60-5f27-4787-8eb3-45627a068732 89d5c116b2f34af191f252029d0cf57e f93db5426c7e42daaaaf664590872084 - - 6f7b00aaeedb4e52a68b5d418fcd20ae 6f7b00aaeedb4e52a68b5d418fcd20ae] 199.204.45.49 "GET /v2.0/floatingips?fixed_ip_address=10.100.0.13&port_id=b75b5dc1-a1b8-4033-9d52-5fe4c26fbeed HTTP/1.1" status: 200 len: 217 time: 0.0268550
2026-02-27 19:24:31.256 9 INFO neutron.wsgi [req-00771976-36e3-4d15-a0d9-1b4183598c99 req-32617ed0-3b15-4d00-9e19-42cacf6c47eb 89d5c116b2f34af191f252029d0cf57e f93db5426c7e42daaaaf664590872084 - - 6f7b00aaeedb4e52a68b5d418fcd20ae 6f7b00aaeedb4e52a68b5d418fcd20ae] 199.204.45.49 "GET /v2.0/subnets?id=6a327261-0851-463a-a86c-6bcb12ccfbfd HTTP/1.1" status: 200 len: 871 time: 0.0702143
2026-02-27 19:24:31.274 9 INFO neutron.services.segments.plugin [-] Segment 54f6c91d-fd3e-4e91-b924-a87f13bb8ddd resource provider aggregate not found
2026-02-27 19:24:31.279 9 INFO neutron.services.segments.plugin [-] Segment 54f6c91d-fd3e-4e91-b924-a87f13bb8ddd resource provider aggregate not found
2026-02-27 19:24:31.291 9 INFO neutron.services.segments.plugin [-] Segment 54f6c91d-fd3e-4e91-b924-a87f13bb8ddd resource provider not found; error: Placement Client Error (4xx): {"errors": [{"status": 404, "title": "Not Found", "detail": "The resource could not be found.\n\n No resource provider with uuid 54f6c91d-fd3e-4e91-b924-a87f13bb8ddd found for delete ", "request_id": "req-75f3a390-7dae-4eda-811d-777cfcdb66e6"}]}
2026-02-27 19:24:31.295 9 INFO neutron.wsgi [req-00771976-36e3-4d15-a0d9-1b4183598c99 req-353f323e-4358-4c20-8990-72d7d52b6e8a 89d5c116b2f34af191f252029d0cf57e f93db5426c7e42daaaaf664590872084 - - 6f7b00aaeedb4e52a68b5d418fcd20ae 6f7b00aaeedb4e52a68b5d418fcd20ae] 199.204.45.49 "GET /v2.0/ports?network_id=84caba53-b189-4266-88ba-f2d0cc53172a&device_owner=network%3Adhcp HTTP/1.1" status: 200 len: 210 time: 0.0321529
2026-02-27 19:24:31.302 9 WARNING neutron.plugins.ml2.drivers.ovn.mech_driver.ovsdb.ovn_client [None req-83e8f823-6b8f-4cfc-930d-da03a0ad2252 - - - - - -] No hosting information found for port dffc1ba0-2692-4e87-8c06-4afad9b5f855: RuntimeError: No hosting information found for port dffc1ba0-2692-4e87-8c06-4afad9b5f855
2026-02-27 19:24:31.325 9 INFO neutron.services.segments.plugin [-] Segment 54f6c91d-fd3e-4e91-b924-a87f13bb8ddd resource provider not found; error: Placement Client Error (4xx): {"errors": [{"status": 404, "title": "Not Found", "detail": "The resource could not be found.\n\n No resource provider with uuid 54f6c91d-fd3e-4e91-b924-a87f13bb8ddd found for delete ", "request_id": "req-0c88b4a2-b4d6-4c33-93e0-aa05c5f35e9a"}]}
2026-02-27 19:24:31.333 9 INFO neutron.plugins.ml2.drivers.ovn.mech_driver.mech_driver [None req-83e8f823-6b8f-4cfc-930d-da03a0ad2252 - - - - - -] OVN reports status down for port: 1a803c26-cbaf-4ce3-a1b3-c7e5cf3f8234 /var/lib/openstack/lib/python3.10/site-packages/pycadf/identifier.py:71: UserWarning: Invalid uuid: neutron. To ensure interoperability, identifiers should be a valid uuid. warnings.warn(('Invalid uuid: %s. To ensure interoperability, '
2026-02-27 19:24:31.437 10 INFO neutron.wsgi [None req-951f215c-4275-41c2-8312-7d80960fe34b 47c62716c03a4a4c96d809bc8d006bc6 1fdea886561b449284a7f80e9351b184 - - default default] 10.0.0.20 "GET /v2.0/security-groups?tenant_id=7d32c8d8b94b48a9a3c827288dd45a52&name=default HTTP/1.1" status: 200 len: 3120 time: 0.1305277
2026-02-27 19:24:31.452 10 INFO neutron.db.l3_db [req-5fc1be2c-1f6b-4d7d-b978-39da772fa985 req-5eda6910-1e80-406d-961d-89959bd5e58c 23f13cd05765439398fb2302320e1221 0a045ca09cc54cc2a4ffc24c78f03304 - - default default] Floating IP 36f04a6a-61f3-42e3-a51f-1b567ccb3ce4 disassociated. External IP: 10.96.250.203, port: 1a803c26-cbaf-4ce3-a1b3-c7e5cf3f8234.
2026-02-27 19:24:31.468 9 INFO neutron.wsgi [req-00771976-36e3-4d15-a0d9-1b4183598c99 req-f8c5b011-4355-4d13-94c6-a0695d0add08 89d5c116b2f34af191f252029d0cf57e f93db5426c7e42daaaaf664590872084 - - 6f7b00aaeedb4e52a68b5d418fcd20ae 6f7b00aaeedb4e52a68b5d418fcd20ae] 199.204.45.49 "GET /v2.0/networks/84caba53-b189-4266-88ba-f2d0cc53172a?fields=segments HTTP/1.1" status: 200 len: 212 time: 0.1416900
2026-02-27 19:24:31.553 9 INFO neutron.wsgi [req-00771976-36e3-4d15-a0d9-1b4183598c99 req-cd897bd9-eb30-4238-8d72-6b334d036c87 89d5c116b2f34af191f252029d0cf57e f93db5426c7e42daaaaf664590872084 - - 6f7b00aaeedb4e52a68b5d418fcd20ae 6f7b00aaeedb4e52a68b5d418fcd20ae] 199.204.45.49 "GET /v2.0/networks/84caba53-b189-4266-88ba-f2d0cc53172a?fields=provider%3Aphysical_network&fields=provider%3Anetwork_type HTTP/1.1" status: 200 len: 277 time: 0.0751927
2026-02-27 19:24:31.607 10 INFO neutron.wsgi [req-5fc1be2c-1f6b-4d7d-b978-39da772fa985 req-5eda6910-1e80-406d-961d-89959bd5e58c 23f13cd05765439398fb2302320e1221 0a045ca09cc54cc2a4ffc24c78f03304 - - default default] 199.204.45.49 "DELETE /v2.0/ports/1a803c26-cbaf-4ce3-a1b3-c7e5cf3f8234 HTTP/1.1" status: 204 len: 173 time: 0.5928161
2026-02-27 19:24:31.699 10 INFO neutron.wsgi [None req-ff67b41c-85a8-43ba-91a2-b324750a0120 47c62716c03a4a4c96d809bc8d006bc6 1fdea886561b449284a7f80e9351b184 - - default default] 10.0.0.20 "DELETE /v2.0/security-groups/019a02fe-462e-4a23-97ba-171654941e12 HTTP/1.1" status: 204 len: 168 time: 0.2567341
2026-02-27 19:24:31.827 10 INFO neutron.wsgi [req-e2aa5898-c93d-4b0f-9b6b-a640a3777667 req-934198c6-ed5a-4df3-a156-55755d7f6189 1a86d3aed55048b194aa334a2a0ebf48 3f86950d7a714bf9a3be6cfb3f6c3ae0 - - default default] 10.0.0.156 "GET /v2.0/ports?device_id=2603c46f-843f-4552-ae82-7c1cd1e55d00 HTTP/1.1" status: 200 len: 1174 time: 0.0389562
2026-02-27 19:24:31.891 10 INFO neutron.wsgi [req-e2aa5898-c93d-4b0f-9b6b-a640a3777667 req-d6e487d8-3d29-4214-b86b-cdfa3d292549 1a86d3aed55048b194aa334a2a0ebf48 3f86950d7a714bf9a3be6cfb3f6c3ae0 - - default default] 10.0.0.156 "GET /v2.0/security-groups?id=f8ea2a91-68ad-4299-a93c-d3aadd762832&fields=id&fields=name HTTP/1.1" status: 200 len: 286 time: 0.0554037 /var/lib/openstack/lib/python3.10/site-packages/pycadf/identifier.py:71: UserWarning: Invalid uuid: neutron. To ensure interoperability, identifiers should be a valid uuid. warnings.warn(('Invalid uuid: %s. To ensure interoperability, '
2026-02-27 19:24:31.929 9 INFO neutron.wsgi [req-551d0125-9343-4c80-8f45-063522fc9cae req-673c428a-66a2-4171-ba65-c0d982b0b3ee 23f13cd05765439398fb2302320e1221 0a045ca09cc54cc2a4ffc24c78f03304 - - default default] 10.0.0.156 "GET /v2.0/ports?device_id=c4b83fd5-3493-492f-9f09-f1eabcd5ab66 HTTP/1.1" status: 200 len: 210 time: 0.0367846
2026-02-27 19:24:32.141 9 INFO neutron.wsgi [None req-d217d0b7-ca27-4eaa-b037-1ed1b8c89760 47c62716c03a4a4c96d809bc8d006bc6 1fdea886561b449284a7f80e9351b184 - - default default] 10.0.0.20 "PUT /v2.0/routers/4d06490f-e885-4067-86c3-aca1651eb91b/remove_router_interface HTTP/1.1" status: 200 len: 503 time: 1.9627805 /var/lib/openstack/lib/python3.10/site-packages/pycadf/identifier.py:71: UserWarning: Invalid uuid: neutron. To ensure interoperability, identifiers should be a valid uuid. warnings.warn(('Invalid uuid: %s. To ensure interoperability, '
2026-02-27 19:24:32.227 10 INFO neutron.wsgi [req-488a5435-2098-471f-a46d-c9267bf08362 req-836b8c07-e478-4e77-9730-c7ede60bfc4a 1a86d3aed55048b194aa334a2a0ebf48 3f86950d7a714bf9a3be6cfb3f6c3ae0 - - default default] 10.0.0.156 "GET /v2.0/ports?device_id=2603c46f-843f-4552-ae82-7c1cd1e55d00 HTTP/1.1" status: 200 len: 1174 time: 0.0438991
