+ COMMAND=start + start + for KEYSTONE_WSGI_SCRIPT in keystone-wsgi-public ++ type -p keystone-wsgi-public + cp -a /var/lib/openstack/bin/keystone-wsgi-public /var/www/cgi-bin/keystone/ + '[' -f /etc/apache2/envvars ']' + source /etc/apache2/envvars ++ unset HOME ++ '[' '' '!=' '' ']' ++ SUFFIX= ++ export APACHE_RUN_USER=www-data ++ APACHE_RUN_USER=www-data ++ export APACHE_RUN_GROUP=www-data ++ APACHE_RUN_GROUP=www-data ++ export APACHE_PID_FILE=/var/run/apache2/apache2.pid ++ APACHE_PID_FILE=/var/run/apache2/apache2.pid ++ export APACHE_RUN_DIR=/var/run/apache2 ++ APACHE_RUN_DIR=/var/run/apache2 ++ export APACHE_LOCK_DIR=/var/lock/apache2 ++ APACHE_LOCK_DIR=/var/lock/apache2 ++ export APACHE_LOG_DIR=/var/log/apache2 ++ APACHE_LOG_DIR=/var/log/apache2 ++ export LANG=C ++ LANG=C ++ export LANG + '[' -f /var/run/apache2/apache2.pid ']' + exec apache2 -DFOREGROUND AH00558: apache2: Could not reliably determine the server's fully qualified domain name, using 10.0.0.179. Set the 'ServerName' directive globally to suppress this message AH00558: apache2: Could not reliably determine the server's fully qualified domain name, using 10.0.0.179. Set the 'ServerName' directive globally to suppress this message
[Wed Apr 08 06:26:57.555380 2026] [mpm_event:notice] [pid 1:tid 140064516990848] AH00489: Apache/2.4.58 (Ubuntu) mod_wsgi/5.0.0 Python/3.12 configured -- resuming normal operations
[Wed Apr 08 06:26:57.555501 2026] [core:notice] [pid 1:tid 140064516990848] AH00094: Command line: 'apache2 -D FOREGROUND'
[Wed Apr 08 06:28:00.885402 2026] [wsgi:error] [pid 9:tid 140063880218304] /var/lib/openstack/lib/python3.12/site-packages/oslo_utils/importutils.py:77: EventletDeprecationWarning:
[Wed Apr 08 06:28:00.885440 2026] [wsgi:error] [pid 9:tid 140063880218304] Eventlet is deprecated. It is currently being maintained in bugfix mode, and
[Wed Apr 08 06:28:00.885442 2026] [wsgi:error] [pid 9:tid 140063880218304] we strongly recommend against using it for new projects.
[Wed Apr 08 06:28:00.885443 2026] [wsgi:error] [pid 9:tid 140063880218304]
[Wed Apr 08 06:28:00.885444 2026] [wsgi:error] [pid 9:tid 140063880218304] If you are already using Eventlet, we recommend migrating to a different
[Wed Apr 08 06:28:00.885446 2026] [wsgi:error] [pid 9:tid 140063880218304] framework. For more detail see
[Wed Apr 08 06:28:00.885447 2026] [wsgi:error] [pid 9:tid 140063880218304] https://eventlet.readthedocs.io/en/latest/asyncio/migration.html
[Wed Apr 08 06:28:00.885448 2026] [wsgi:error] [pid 9:tid 140063880218304]
[Wed Apr 08 06:28:00.885449 2026] [wsgi:error] [pid 9:tid 140063880218304] __import__(import_str)
[Wed Apr 08 06:28:00.898354 2026] [wsgi:error] [pid 12:tid 140063880218304] /var/lib/openstack/lib/python3.12/site-packages/oslo_utils/importutils.py:77: EventletDeprecationWarning:
[Wed Apr 08 06:28:00.898393 2026] [wsgi:error] [pid 12:tid 140063880218304] Eventlet is deprecated. It is currently being maintained in bugfix mode, and
[Wed Apr 08 06:28:00.898395 2026] [wsgi:error] [pid 12:tid 140063880218304] we strongly recommend against using it for new projects.
[Wed Apr 08 06:28:00.898396 2026] [wsgi:error] [pid 12:tid 140063880218304]
[Wed Apr 08 06:28:00.898397 2026] [wsgi:error] [pid 12:tid 140063880218304] If you are already using Eventlet, we recommend migrating to a different
[Wed Apr 08 06:28:00.898398 2026] [wsgi:error] [pid 12:tid 140063880218304] framework. For more detail see
[Wed Apr 08 06:28:00.898399 2026] [wsgi:error] [pid 12:tid 140063880218304] https://eventlet.readthedocs.io/en/latest/asyncio/migration.html
[Wed Apr 08 06:28:00.898400 2026] [wsgi:error] [pid 12:tid 140063880218304]
[Wed Apr 08 06:28:00.898401 2026] [wsgi:error] [pid 12:tid 140063880218304] __import__(import_str) 10.0.0.117 - - [08/Apr/2026:06:28:00 +0000] "GET /v3/ HTTP/1.1" 200 250 10.0.0.117 - - [08/Apr/2026:06:28:00 +0000] "GET /v3/ HTTP/1.1" 200 250
[Wed Apr 08 06:28:13.084475 2026] [wsgi:error] [pid 10:tid 140063880218304] /var/lib/openstack/lib/python3.12/site-packages/oslo_utils/importutils.py:77: EventletDeprecationWarning:
[Wed Apr 08 06:28:13.084513 2026] [wsgi:error] [pid 10:tid 140063880218304] Eventlet is deprecated. It is currently being maintained in bugfix mode, and
[Wed Apr 08 06:28:13.084515 2026] [wsgi:error] [pid 10:tid 140063880218304] we strongly recommend against using it for new projects.
[Wed Apr 08 06:28:13.084516 2026] [wsgi:error] [pid 10:tid 140063880218304]
[Wed Apr 08 06:28:13.084517 2026] [wsgi:error] [pid 10:tid 140063880218304] If you are already using Eventlet, we recommend migrating to a different
[Wed Apr 08 06:28:13.084518 2026] [wsgi:error] [pid 10:tid 140063880218304] framework. For more detail see
[Wed Apr 08 06:28:13.084519 2026] [wsgi:error] [pid 10:tid 140063880218304] https://eventlet.readthedocs.io/en/latest/asyncio/migration.html
[Wed Apr 08 06:28:13.084521 2026] [wsgi:error] [pid 10:tid 140063880218304]
[Wed Apr 08 06:28:13.084522 2026] [wsgi:error] [pid 10:tid 140063880218304] __import__(import_str) 10.0.0.66 - - [08/Apr/2026:06:28:12 +0000] "GET / HTTP/1.1" 300 295
[Wed Apr 08 06:28:18.367483 2026] [wsgi:error] [pid 11:tid 140063880218304] /var/lib/openstack/lib/python3.12/site-packages/oslo_utils/importutils.py:77: EventletDeprecationWarning:
[Wed Apr 08 06:28:18.367518 2026] [wsgi:error] [pid 11:tid 140063880218304] Eventlet is deprecated. It is currently being maintained in bugfix mode, and
[Wed Apr 08 06:28:18.367519 2026] [wsgi:error] [pid 11:tid 140063880218304] we strongly recommend against using it for new projects.
[Wed Apr 08 06:28:18.367521 2026] [wsgi:error] [pid 11:tid 140063880218304]
[Wed Apr 08 06:28:18.367522 2026] [wsgi:error] [pid 11:tid 140063880218304] If you are already using Eventlet, we recommend migrating to a different
[Wed Apr 08 06:28:18.367523 2026] [wsgi:error] [pid 11:tid 140063880218304] framework. For more detail see
[Wed Apr 08 06:28:18.367524 2026] [wsgi:error] [pid 11:tid 140063880218304] https://eventlet.readthedocs.io/en/latest/asyncio/migration.html
[Wed Apr 08 06:28:18.367525 2026] [wsgi:error] [pid 11:tid 140063880218304]
[Wed Apr 08 06:28:18.367526 2026] [wsgi:error] [pid 11:tid 140063880218304] __import__(import_str)
[Wed Apr 08 06:28:22.956045 2026] [wsgi:error] [pid 11:tid 140063880218304] [remote 10.0.0.66:48968] 2026-04-08 06:28:22.953 11 WARNING keystone.identity.core [None req-ab8156c5-9dbf-4066-b32d-cff629b5c49d - - - - - -] Invalid domain name (atmosphere) found in config file name: keystone.exception.DomainNotFound: Could not find domain: atmosphere.
[Wed Apr 08 06:28:23.085323 2026] [wsgi:error] [pid 11:tid 140063880218304] [remote 10.0.0.66:48968] 2026-04-08 06:28:23.084 11 WARNING keystone.common.password_hashing [None req-ab8156c5-9dbf-4066-b32d-cff629b5c49d - - - - - -] Truncating password to algorithm specific maximum length 72 characters.
[Wed Apr 08 06:28:23.368567 2026] [wsgi:error] [pid 11:tid 140063880218304] [remote 10.0.0.66:48968] 2026-04-08 06:28:23.368 11 WARNING keystone.common.fernet_utils [None req-ab8156c5-9dbf-4066-b32d-cff629b5c49d - - - - - -] key_repository is world readable: /etc/keystone/fernet-keys/ 10.0.0.66 - - [08/Apr/2026:06:28:17 +0000] "POST /v3/auth/tokens HTTP/1.1" 201 1360
[Wed Apr 08 06:28:23.692909 2026] [wsgi:error] [pid 12:tid 140063880218304] [remote 10.0.0.66:48968] 2026-04-08 06:28:23.690 12 WARNING keystone.identity.core [None req-e8f2262e-660f-483f-a297-a539d656291a - - - - - -] Invalid domain name (atmosphere) found in config file name: keystone.exception.DomainNotFound: Could not find domain: atmosphere. 10.0.0.66 - - [08/Apr/2026:06:28:23 +0000] "POST /v3/domains HTTP/1.1" 201 261 10.0.0.51 - - [08/Apr/2026:06:28:34 +0000] "GET / HTTP/1.1" 300 295
[Wed Apr 08 06:28:34.824369 2026] [wsgi:error] [pid 10:tid 140063880218304] [remote 10.0.0.51:53100] 2026-04-08 06:28:34.823 10 WARNING keystone.common.password_hashing [None req-e1713501-447f-4743-aaa2-1236627525fa - - - - - -] Truncating password to algorithm specific maximum length 72 characters.
[Wed Apr 08 06:28:35.093372 2026] [wsgi:error] [pid 10:tid 140063880218304] [remote 10.0.0.51:53100] 2026-04-08 06:28:35.093 10 WARNING keystone.common.fernet_utils [None req-e1713501-447f-4743-aaa2-1236627525fa - - - - - -] key_repository is world readable: /etc/keystone/fernet-keys/ 10.0.0.51 - - [08/Apr/2026:06:28:34 +0000] "POST /v3/auth/tokens HTTP/1.1" 201 1360 10.0.0.51 - - [08/Apr/2026:06:28:35 +0000] "GET /v3/roles/admin HTTP/1.1" 404 83
[Wed Apr 08 06:28:35.312931 2026] [wsgi:error] [pid 12:tid 140063880218304] [remote 10.0.0.51:53100] 2026-04-08 06:28:35.312 12 WARNING keystone.common.rbac_enforcer.enforcer [None req-622b0012-a8af-443e-88d8-38367646b9b2 4a575e26c95d4db19762bfe6db75c7e9 71c2170143bc4fe8b0c61a3901d45cb2 - - default default] Deprecated policy rules found. Use oslopolicy-policy-generator and oslopolicy-policy-upgrade to detect and resolve deprecated policies in your configuration. 10.0.0.51 - - [08/Apr/2026:06:28:35 +0000] "GET /v3/roles?name=admin HTTP/1.1" 200 389
[Wed Apr 08 06:28:35.673797 2026] [wsgi:error] [pid 9:tid 140063880218304] [remote 10.0.0.51:53100] 2026-04-08 06:28:35.673 9 WARNING keystone.common.rbac_enforcer.enforcer [None req-31f4f2de-1f52-4c3d-8e4a-35ee8a5c2a5e 4a575e26c95d4db19762bfe6db75c7e9 71c2170143bc4fe8b0c61a3901d45cb2 - - default default] Deprecated policy rules found. Use oslopolicy-policy-generator and oslopolicy-policy-upgrade to detect and resolve deprecated policies in your configuration. 10.0.0.51 - - [08/Apr/2026:06:28:35 +0000] "GET /v3/users/admin-RegionOne HTTP/1.1" 404 93
[Wed Apr 08 06:28:35.815290 2026] [wsgi:error] [pid 10:tid 140063880218304] [remote 10.0.0.51:53100] 2026-04-08 06:28:35.815 10 WARNING keystone.common.rbac_enforcer.enforcer [None req-9af8cfc2-1555-4ce9-9079-1f216291206c 4a575e26c95d4db19762bfe6db75c7e9 71c2170143bc4fe8b0c61a3901d45cb2 - - default default] Deprecated policy rules found. Use oslopolicy-policy-generator and oslopolicy-policy-upgrade to detect and resolve deprecated policies in your configuration. 10.0.0.51 - - [08/Apr/2026:06:28:35 +0000] "GET /v3/users?name=admin-RegionOne HTTP/1.1" 200 422
[Wed Apr 08 06:28:36.004665 2026] [wsgi:error] [pid 11:tid 140063880218304] [remote 10.0.0.51:53100] 2026-04-08 06:28:36.004 11 WARNING keystone.common.rbac_enforcer.enforcer [None req-ce6631d8-9e5c-47df-b147-73d34daca4ea 4a575e26c95d4db19762bfe6db75c7e9 71c2170143bc4fe8b0c61a3901d45cb2 - - default default] Deprecated policy rules found. Use oslopolicy-policy-generator and oslopolicy-policy-upgrade to detect and resolve deprecated policies in your configuration. 10.0.0.51 - - [08/Apr/2026:06:28:35 +0000] "GET /v3/domains/default HTTP/1.1" 200 224 10.0.0.51 - - [08/Apr/2026:06:28:36 +0000] "PUT /v3/domains/default/users/4a575e26c95d4db19762bfe6db75c7e9/roles/4f25dd5b3d924a24b2abc5fd395073ff HTTP/1.1" 204 - 10.0.0.117 - - [08/Apr/2026:06:28:45 +0000] "GET / HTTP/1.1" 300 281 10.0.0.117 - - [08/Apr/2026:06:28:47 +0000] "GET /v3 HTTP/1.1" 200 266
[Wed Apr 08 06:28:47.223836 2026] [wsgi:error] [pid 11:tid 140063880218304] [remote 10.0.0.117:55154] 2026-04-08 06:28:47.223 11 WARNING keystone.common.password_hashing [None req-2628b5da-6d6d-4d74-8d7f-8fc8bdf3078a - - - - - -] Truncating password to algorithm specific maximum length 72 characters.
[Wed Apr 08 06:28:47.507848 2026] [wsgi:error] [pid 11:tid 140063880218304] [remote 10.0.0.117:55154] 2026-04-08 06:28:47.507 11 WARNING keystone.common.fernet_utils [None req-2628b5da-6d6d-4d74-8d7f-8fc8bdf3078a - - - - - -] key_repository is world readable: /etc/keystone/fernet-keys/ 10.0.0.117 - - [08/Apr/2026:06:28:47 +0000] "POST /v3/auth/tokens HTTP/1.1" 201 1360 10.0.0.117 - - [08/Apr/2026:06:28:47 +0000] "GET / HTTP/1.1" 300 281 10.0.0.117 - - [08/Apr/2026:06:28:47 +0000] "GET /v3/domains/atmosphere HTTP/1.1" 404 90 10.0.0.117 - - [08/Apr/2026:06:28:47 +0000] "GET /v3/domains?name=atmosphere HTTP/1.1" 200 370 10.0.0.117 - - [08/Apr/2026:06:28:47 +0000] "GET /v3/domains/58621499a7074de1a180d8f1f6710ae9 HTTP/1.1" 200 247 10.0.0.117 - - [08/Apr/2026:06:28:48 +0000] "GET /v3 HTTP/1.1" 200 266
[Wed Apr 08 06:28:48.609510 2026] [wsgi:error] [pid 9:tid 140063880218304] [remote 10.0.0.117:55160] 2026-04-08 06:28:48.609 9 WARNING keystone.common.password_hashing [None req-49787e79-4c34-42a2-9957-1d64ccefbce1 - - - - - -] Truncating password to algorithm specific maximum length 72 characters.
[Wed Apr 08 06:28:48.880918 2026] [wsgi:error] [pid 9:tid 140063880218304] [remote 10.0.0.117:55160] 2026-04-08 06:28:48.880 9 WARNING keystone.common.fernet_utils [None req-49787e79-4c34-42a2-9957-1d64ccefbce1 - - - - - -] key_repository is world readable: /etc/keystone/fernet-keys/ 10.0.0.117 - - [08/Apr/2026:06:28:48 +0000] "POST /v3/auth/tokens HTTP/1.1" 201 1360 10.0.0.117 - - [08/Apr/2026:06:28:48 +0000] "GET / HTTP/1.1" 300 281 10.0.0.117 - - [08/Apr/2026:06:28:48 +0000] "GET /v3/OS-FEDERATION/identity_providers/atmosphere HTTP/1.1" 404 101 10.0.0.117 - - [08/Apr/2026:06:28:48 +0000] "GET /v3/OS-FEDERATION/identity_providers HTTP/1.1" 200 156 10.0.0.117 - - [08/Apr/2026:06:28:48 +0000] "PUT /v3/OS-FEDERATION/identity_providers/atmosphere HTTP/1.1" 201 342 10.0.0.117 - - [08/Apr/2026:06:28:49 +0000] "GET /v3 HTTP/1.1" 200 266
[Wed Apr 08 06:28:49.722383 2026] [wsgi:error] [pid 11:tid 140063880218304] [remote 10.0.0.117:55160] 2026-04-08 06:28:49.722 11 WARNING keystone.common.password_hashing [None req-a7028a4a-e163-4dfc-8144-3b9b4993f128 - - - - - -] Truncating password to algorithm specific maximum length 72 characters.
[Wed Apr 08 06:28:50.004139 2026] [wsgi:error] [pid 11:tid 140063880218304] [remote 10.0.0.117:55160] 2026-04-08 06:28:50.004 11 WARNING keystone.common.fernet_utils [None req-a7028a4a-e163-4dfc-8144-3b9b4993f128 - - - - - -] key_repository is world readable: /etc/keystone/fernet-keys/ 10.0.0.117 - - [08/Apr/2026:06:28:49 +0000] "POST /v3/auth/tokens HTTP/1.1" 201 1360 10.0.0.117 - - [08/Apr/2026:06:28:50 +0000] "GET / HTTP/1.1" 300 281 10.0.0.117 - - [08/Apr/2026:06:28:50 +0000] "GET /v3/OS-FEDERATION/mappings/atmosphere-openid HTTP/1.1" 404 98 10.0.0.117 - - [08/Apr/2026:06:28:50 +0000] "GET /v3/OS-FEDERATION/mappings HTTP/1.1" 200 136 10.0.0.117 - - [08/Apr/2026:06:28:50 +0000] "PUT /v3/OS-FEDERATION/mappings/atmosphere-openid HTTP/1.1" 201 357 10.0.0.117 - - [08/Apr/2026:06:28:50 +0000] "GET /v3 HTTP/1.1" 200 266
[Wed Apr 08 06:28:50.842537 2026] [wsgi:error] [pid 9:tid 140063880218304] [remote 10.0.0.117:55160] 2026-04-08 06:28:50.842 9 WARNING keystone.common.password_hashing [None req-b62dd7cc-6ac8-454c-a0c2-a5d754e27b95 - - - - - -] Truncating password to algorithm specific maximum length 72 characters.
[Wed Apr 08 06:28:51.136740 2026] [wsgi:error] [pid 9:tid 140063880218304] [remote 10.0.0.117:55160] 2026-04-08 06:28:51.136 9 WARNING keystone.common.fernet_utils [None req-b62dd7cc-6ac8-454c-a0c2-a5d754e27b95 - - - - - -] key_repository is world readable: /etc/keystone/fernet-keys/ 10.0.0.117 - - [08/Apr/2026:06:28:50 +0000] "POST /v3/auth/tokens HTTP/1.1" 201 1360 10.0.0.117 - - [08/Apr/2026:06:28:51 +0000] "GET / HTTP/1.1" 300 281 10.0.0.117 - - [08/Apr/2026:06:28:51 +0000] "GET /v3/OS-FEDERATION/identity_providers/atmosphere/protocols/openid?idp_id=atmosphere HTTP/1.1" 404 131 10.0.0.117 - - [08/Apr/2026:06:28:51 +0000] "GET /v3/OS-FEDERATION/identity_providers/atmosphere/protocols HTTP/1.1" 200 168 10.0.0.117 - - [08/Apr/2026:06:28:51 +0000] "PUT /v3/OS-FEDERATION/identity_providers/atmosphere/protocols/openid HTTP/1.1" 201 224 10.0.0.117 - - [08/Apr/2026:06:29:00 +0000] "GET /v3/ HTTP/1.1" 200 250 10.0.0.117 - - [08/Apr/2026:06:29:00 +0000] "GET /v3/ HTTP/1.1" 200 250 10.0.0.117 - - [08/Apr/2026:06:30:00 +0000] "GET /v3/ HTTP/1.1" 200 250 10.0.0.117 - - [08/Apr/2026:06:30:00 +0000] "GET /v3/ HTTP/1.1" 200 250 10.0.0.122 - - [08/Apr/2026:06:30:14 +0000] "GET / HTTP/1.1" 300 295
[Wed Apr 08 06:30:14.331246 2026] [wsgi:error] [pid 11:tid 140063880218304] [remote 10.0.0.122:54560] 2026-04-08 06:30:14.331 11 WARNING keystone.common.password_hashing [None req-a8bcba9a-08e8-4fac-96b7-0e822f6845ef - - - - - -] Truncating password to algorithm specific maximum length 72 characters.
[Wed Apr 08 06:30:14.601512 2026] [wsgi:error] [pid 11:tid 140063880218304] [remote 10.0.0.122:54560] 2026-04-08 06:30:14.601 11 WARNING keystone.common.fernet_utils [None req-a8bcba9a-08e8-4fac-96b7-0e822f6845ef - - - - - -] key_repository is world readable: /etc/keystone/fernet-keys/ 10.0.0.122 - - [08/Apr/2026:06:30:14 +0000] "POST /v3/auth/tokens HTTP/1.1" 201 1360 10.0.0.122 - - [08/Apr/2026:06:30:14 +0000] "GET /v3/services HTTP/1.1" 200 355 10.0.0.122 - - [08/Apr/2026:06:30:18 +0000] "GET / HTTP/1.1" 300 295
[Wed Apr 08 06:30:18.141446 2026] [wsgi:error] [pid 10:tid 140063880218304] [remote 10.0.0.122:45868] 2026-04-08 06:30:18.141 10 WARNING keystone.common.password_hashing [None req-8749b7fb-6e49-4236-b3d0-584f944c7404 - - - - - -] Truncating password to algorithm specific maximum length 72 characters.
[Wed Apr 08 06:30:18.417639 2026] [wsgi:error] [pid 10:tid 140063880218304] [remote 10.0.0.122:45868] 2026-04-08 06:30:18.417 10 WARNING keystone.common.fernet_utils [None req-8749b7fb-6e49-4236-b3d0-584f944c7404 - - - - - -] key_repository is world readable: /etc/keystone/fernet-keys/ 10.0.0.122 - - [08/Apr/2026:06:30:18 +0000] "POST /v3/auth/tokens HTTP/1.1" 201 1360 10.0.0.122 - - [08/Apr/2026:06:30:18 +0000] "GET /v3/services HTTP/1.1" 200 355 10.0.0.122 - - [08/Apr/2026:06:30:21 +0000] "GET / HTTP/1.1" 300 295
[Wed Apr 08 06:30:21.865128 2026] [wsgi:error] [pid 12:tid 140063880218304] [remote 10.0.0.122:45882] 2026-04-08 06:30:21.864 12 WARNING keystone.common.password_hashing [None req-bc18635b-0a7a-4c1c-8346-5ee0204afa73 - - - - - -] Truncating password to algorithm specific maximum length 72 characters.
[Wed Apr 08 06:30:22.150511 2026] [wsgi:error] [pid 12:tid 140063880218304] [remote 10.0.0.122:45882] 2026-04-08 06:30:22.150 12 WARNING keystone.common.fernet_utils [None req-bc18635b-0a7a-4c1c-8346-5ee0204afa73 - - - - - -] key_repository is world readable: /etc/keystone/fernet-keys/ 10.0.0.122 - - [08/Apr/2026:06:30:21 +0000] "POST /v3/auth/tokens HTTP/1.1" 201 1360 10.0.0.122 - - [08/Apr/2026:06:30:22 +0000] "GET /v3/services HTTP/1.1" 200 355 10.0.0.122 - - [08/Apr/2026:06:30:25 +0000] "GET / HTTP/1.1" 300 295
[Wed Apr 08 06:30:25.526403 2026] [wsgi:error] [pid 9:tid 140063880218304] [remote 10.0.0.122:45884] 2026-04-08 06:30:25.526 9 WARNING keystone.common.password_hashing [None req-f61bb1eb-4397-4bac-ac1c-00f2ef224c3a - - - - - -] Truncating password to algorithm specific maximum length 72 characters.
[Wed Apr 08 06:30:25.794040 2026] [wsgi:error] [pid 9:tid 140063880218304] [remote 10.0.0.122:45884] 2026-04-08 06:30:25.793 9 WARNING keystone.common.fernet_utils [None req-f61bb1eb-4397-4bac-ac1c-00f2ef224c3a - - - - - -] key_repository is world readable: /etc/keystone/fernet-keys/ 10.0.0.122 - - [08/Apr/2026:06:30:25 +0000] "POST /v3/auth/tokens HTTP/1.1" 201 1360 10.0.0.122 - - [08/Apr/2026:06:30:25 +0000] "POST /v3/services HTTP/1.1" 201 296 10.0.0.233 - - [08/Apr/2026:06:30:36 +0000] "GET / HTTP/1.1" 300 295
[Wed Apr 08 06:30:36.631480 2026] [wsgi:error] [pid 11:tid 140063880218304] [remote 10.0.0.233:55372] 2026-04-08 06:30:36.631 11 WARNING keystone.common.password_hashing [None req-dcf7479d-700b-4558-a968-3bb0c1f5500a - - - - - -] Truncating password to algorithm specific maximum length 72 characters. 10.0.0.233 - - [08/Apr/2026:06:30:36 +0000] "GET / HTTP/1.1" 300 295
[Wed Apr 08 06:30:36.736310 2026] [wsgi:error] [pid 12:tid 140063880218304] [remote 10.0.0.233:55388] 2026-04-08 06:30:36.736 12 WARNING keystone.common.password_hashing [None req-f2f60b49-6e08-4f58-9082-cfe01af92624 - - - - - -] Truncating password to algorithm specific maximum length 72 characters. 10.0.0.233 - - [08/Apr/2026:06:30:36 +0000] "GET / HTTP/1.1" 300 295
[Wed Apr 08 06:30:36.773528 2026] [wsgi:error] [pid 9:tid 140063880218304] [remote 10.0.0.233:55392] 2026-04-08 06:30:36.773 9 WARNING keystone.common.password_hashing [None req-32af0098-ba2a-43e2-adfc-df84e565314c - - - - - -] Truncating password to algorithm specific maximum length 72 characters.
[Wed Apr 08 06:30:36.918148 2026] [wsgi:error] [pid 11:tid 140063880218304] [remote 10.0.0.233:55372] 2026-04-08 06:30:36.918 11 WARNING keystone.common.fernet_utils [None req-dcf7479d-700b-4558-a968-3bb0c1f5500a - - - - - -] key_repository is world readable: /etc/keystone/fernet-keys/ 10.0.0.233 - - [08/Apr/2026:06:30:36 +0000] "POST /v3/auth/tokens HTTP/1.1" 201 1464
[Wed Apr 08 06:30:37.025466 2026] [wsgi:error] [pid 12:tid 140063880218304] [remote 10.0.0.233:55388] 2026-04-08 06:30:37.025 12 WARNING keystone.common.fernet_utils [None req-f2f60b49-6e08-4f58-9082-cfe01af92624 - - - - - -] key_repository is world readable: /etc/keystone/fernet-keys/ 10.0.0.233 - - [08/Apr/2026:06:30:36 +0000] "POST /v3/auth/tokens HTTP/1.1" 201 1464
[Wed Apr 08 06:30:37.057290 2026] [wsgi:error] [pid 9:tid 140063880218304] [remote 10.0.0.233:55392] 2026-04-08 06:30:37.057 9 WARNING keystone.common.fernet_utils [None req-32af0098-ba2a-43e2-adfc-df84e565314c - - - - - -] key_repository is world readable: /etc/keystone/fernet-keys/ 10.0.0.233 - - [08/Apr/2026:06:30:37 +0000] "GET /v3/services HTTP/1.1" 200 639 10.0.0.233 - - [08/Apr/2026:06:30:36 +0000] "POST /v3/auth/tokens HTTP/1.1" 201 1464 10.0.0.233 - - [08/Apr/2026:06:30:37 +0000] "GET /v3/services HTTP/1.1" 200 639 10.0.0.233 - - [08/Apr/2026:06:30:37 +0000] "GET /v3/services HTTP/1.1" 200 639 10.0.0.233 - - [08/Apr/2026:06:30:38 +0000] "GET / HTTP/1.1" 300 295
[Wed Apr 08 06:30:38.410345 2026] [wsgi:error] [pid 10:tid 140063880218304] [remote 10.0.0.233:55398] 2026-04-08 06:30:38.410 10 WARNING keystone.common.password_hashing [None req-633c4d68-7c33-48fb-8189-e35743d438d9 - - - - - -] Truncating password to algorithm specific maximum length 72 characters. 10.0.0.233 - - [08/Apr/2026:06:30:38 +0000] "GET / HTTP/1.1" 300 295 10.0.0.233 - - [08/Apr/2026:06:30:38 +0000] "GET / HTTP/1.1" 300 295
[Wed Apr 08 06:30:38.453347 2026] [wsgi:error] [pid 11:tid 140063880218304] [remote 10.0.0.233:55404] 2026-04-08 06:30:38.453 11 WARNING keystone.common.password_hashing [None req-ae501de4-8b07-473f-ad6d-dba939ad7563 - - - - - -] Truncating password to algorithm specific maximum length 72 characters.
[Wed Apr 08 06:30:38.466143 2026] [wsgi:error] [pid 9:tid 140063880218304] [remote 10.0.0.233:55410] 2026-04-08 06:30:38.465 9 WARNING keystone.common.password_hashing [None req-cc49e62a-f6fc-4b35-ae72-cc75956f2073 - - - - - -] Truncating password to algorithm specific maximum length 72 characters.
[Wed Apr 08 06:30:38.680706 2026] [wsgi:error] [pid 10:tid 140063880218304] [remote 10.0.0.233:55398] 2026-04-08 06:30:38.680 10 WARNING keystone.common.fernet_utils [None req-633c4d68-7c33-48fb-8189-e35743d438d9 - - - - - -] key_repository is world readable: /etc/keystone/fernet-keys/ 10.0.0.233 - - [08/Apr/2026:06:30:38 +0000] "POST /v3/auth/tokens HTTP/1.1" 201 1464
[Wed Apr 08 06:30:38.727020 2026] [wsgi:error] [pid 11:tid 140063880218304] [remote 10.0.0.233:55404] 2026-04-08 06:30:38.726 11 WARNING keystone.common.fernet_utils [None req-ae501de4-8b07-473f-ad6d-dba939ad7563 - - - - - -] key_repository is world readable: /etc/keystone/fernet-keys/ 10.0.0.233 - - [08/Apr/2026:06:30:38 +0000] "POST /v3/auth/tokens HTTP/1.1" 201 1464
[Wed Apr 08 06:30:38.739752 2026] [wsgi:error] [pid 9:tid 140063880218304] [remote 10.0.0.233:55410] 2026-04-08 06:30:38.739 9 WARNING keystone.common.fernet_utils [None req-cc49e62a-f6fc-4b35-ae72-cc75956f2073 - - - - - -] key_repository is world readable: /etc/keystone/fernet-keys/ 10.0.0.233 - - [08/Apr/2026:06:30:38 +0000] "POST /v3/auth/tokens HTTP/1.1" 201 1464 10.0.0.233 - - [08/Apr/2026:06:30:38 +0000] "GET /v3/endpoints HTTP/1.1" 200 1227 10.0.0.233 - - [08/Apr/2026:06:30:38 +0000] "GET /v3/services/24cf323bb49546b98893f6e04a6a7f78 HTTP/1.1" 200 233 10.0.0.233 - - [08/Apr/2026:06:30:38 +0000] "GET /v3/services/24cf323bb49546b98893f6e04a6a7f78 HTTP/1.1" 200 233 10.0.0.233 - - [08/Apr/2026:06:30:38 +0000] "GET /v3/endpoints HTTP/1.1" 200 1227 10.0.0.233 - - [08/Apr/2026:06:30:38 +0000] "GET /v3/endpoints HTTP/1.1" 200 1227 10.0.0.233 - - [08/Apr/2026:06:30:38 +0000] "GET /v3/services/24cf323bb49546b98893f6e04a6a7f78 HTTP/1.1" 200 233 10.0.0.233 - - [08/Apr/2026:06:30:38 +0000] "GET /v3/services/24cf323bb49546b98893f6e04a6a7f78 HTTP/1.1" 200 233 10.0.0.233 - - [08/Apr/2026:06:30:38 +0000] "GET /v3/services/24cf323bb49546b98893f6e04a6a7f78 HTTP/1.1" 200 233 10.0.0.233 - - [08/Apr/2026:06:30:38 +0000] "GET /v3/services/24cf323bb49546b98893f6e04a6a7f78 HTTP/1.1" 200 233 10.0.0.233 - - [08/Apr/2026:06:30:38 +0000] "GET /v3/services/24cf323bb49546b98893f6e04a6a7f78 HTTP/1.1" 200 233 10.0.0.233 - - [08/Apr/2026:06:30:38 +0000] "GET /v3/services/24cf323bb49546b98893f6e04a6a7f78 HTTP/1.1" 200 233 10.0.0.233 - - [08/Apr/2026:06:30:38 +0000] "GET /v3/services/24cf323bb49546b98893f6e04a6a7f78 HTTP/1.1" 200 233 10.0.0.233 - - [08/Apr/2026:06:30:40 +0000] "GET / HTTP/1.1" 300 295
[Wed Apr 08 06:30:40.132570 2026] [wsgi:error] [pid 12:tid 140063880218304] [remote 10.0.0.233:55420] 2026-04-08 06:30:40.132 12 WARNING keystone.common.password_hashing [None req-abdcc773-805f-42df-8138-5cbec9fc7d96 - - - - - -] Truncating password to algorithm specific maximum length 72 characters. 10.0.0.233 - - [08/Apr/2026:06:30:40 +0000] "GET / HTTP/1.1" 300 295 10.0.0.233 - - [08/Apr/2026:06:30:40 +0000] "GET / HTTP/1.1" 300 295
[Wed Apr 08 06:30:40.192141 2026] [wsgi:error] [pid 11:tid 140063880218304] [remote 10.0.0.233:55436] 2026-04-08 06:30:40.191 11 WARNING keystone.common.password_hashing [None req-f9a0006b-6354-457f-bc68-271773c73982 - - - - - -] Truncating password to algorithm specific maximum length 72 characters.
[Wed Apr 08 06:30:40.194999 2026] [wsgi:error] [pid 9:tid 140063880218304] [remote 10.0.0.233:55426] 2026-04-08 06:30:40.194 9 WARNING keystone.common.password_hashing [None req-15330cc4-c3c8-4876-9411-99e8d98c2b19 - - - - - -] Truncating password to algorithm specific maximum length 72 characters.
[Wed Apr 08 06:30:40.420459 2026] [wsgi:error] [pid 12:tid 140063880218304] [remote 10.0.0.233:55420] 2026-04-08 06:30:40.420 12 WARNING keystone.common.fernet_utils [None req-abdcc773-805f-42df-8138-5cbec9fc7d96 - - - - - -] key_repository is world readable: /etc/keystone/fernet-keys/ 10.0.0.233 - - [08/Apr/2026:06:30:40 +0000] "POST /v3/auth/tokens HTTP/1.1" 201 1464
[Wed Apr 08 06:30:40.462278 2026] [wsgi:error] [pid 9:tid 140063880218304] [remote 10.0.0.233:55426] 2026-04-08 06:30:40.462 9 WARNING keystone.common.fernet_utils [None req-15330cc4-c3c8-4876-9411-99e8d98c2b19 - - - - - -] key_repository is world readable: /etc/keystone/fernet-keys/
[Wed Apr 08 06:30:40.466240 2026] [wsgi:error] [pid 11:tid 140063880218304] [remote 10.0.0.233:55436] 2026-04-08 06:30:40.466 11 WARNING keystone.common.fernet_utils [None req-f9a0006b-6354-457f-bc68-271773c73982 - - - - - -] key_repository is world readable: /etc/keystone/fernet-keys/ 10.0.0.233 - - [08/Apr/2026:06:30:40 +0000] "POST /v3/auth/tokens HTTP/1.1" 201 1464 10.0.0.233 - - [08/Apr/2026:06:30:40 +0000] "POST /v3/auth/tokens HTTP/1.1" 201 1464 10.0.0.233 - - [08/Apr/2026:06:30:40 +0000] "GET /v3/services/04a112c3301d44f08f89c2f20c6ceb90 HTTP/1.1" 200 296 10.0.0.233 - - [08/Apr/2026:06:30:40 +0000] "GET /v3/regions/RegionOne HTTP/1.1" 200 173 10.0.0.233 - - [08/Apr/2026:06:30:40 +0000] "GET /v3/services/04a112c3301d44f08f89c2f20c6ceb90 HTTP/1.1" 200 296 10.0.0.233 - - [08/Apr/2026:06:30:40 +0000] "GET /v3/regions/RegionOne HTTP/1.1" 200 173 10.0.0.233 - - [08/Apr/2026:06:30:40 +0000] "GET /v3/services/04a112c3301d44f08f89c2f20c6ceb90 HTTP/1.1" 200 296 10.0.0.233 - - [08/Apr/2026:06:30:40 +0000] "GET /v3/regions/RegionOne HTTP/1.1" 200 173 10.0.0.233 - - [08/Apr/2026:06:30:40 +0000] "POST /v3/endpoints HTTP/1.1" 201 383 10.0.0.233 - - [08/Apr/2026:06:30:40 +0000] "POST /v3/endpoints HTTP/1.1" 201 380 10.0.0.233 - - [08/Apr/2026:06:30:40 +0000] "POST /v3/endpoints HTTP/1.1" 201 370 10.0.0.233 - - [08/Apr/2026:06:30:41 +0000] "GET / HTTP/1.1" 300 295
[Wed Apr 08 06:30:41.910129 2026] [wsgi:error] [pid 12:tid 140063880218304] [remote 10.0.0.233:55438] 2026-04-08 06:30:41.909 12 WARNING keystone.common.password_hashing [None req-a32f8da3-b868-48f2-ab62-685b002d2bb6 - - - - - -] Truncating password to algorithm specific maximum length 72 characters. 10.0.0.233 - - [08/Apr/2026:06:30:41 +0000] "GET / HTTP/1.1" 300 295
[Wed Apr 08 06:30:41.972981 2026] [wsgi:error] [pid 9:tid 140063880218304] [remote 10.0.0.233:55444] 2026-04-08 06:30:41.972 9 WARNING keystone.common.password_hashing [None req-90ff7a1f-0666-43b2-a1a4-6e4d98f4ccfe - - - - - -] Truncating password to algorithm specific maximum length 72 characters. 10.0.0.233 - - [08/Apr/2026:06:30:42 +0000] "GET / HTTP/1.1" 300 295
[Wed Apr 08 06:30:42.033114 2026] [wsgi:error] [pid 11:tid 140063880218304] [remote 10.0.0.233:55456] 2026-04-08 06:30:42.032 11 WARNING keystone.common.password_hashing [None req-8cea3bfe-b230-446a-9d7a-0986c0c6e74d - - - - - -] Truncating password to algorithm specific maximum length 72 characters.
[Wed Apr 08 06:30:42.185782 2026] [wsgi:error] [pid 12:tid 140063880218304] [remote 10.0.0.233:55438] 2026-04-08 06:30:42.185 12 WARNING keystone.common.fernet_utils [None req-a32f8da3-b868-48f2-ab62-685b002d2bb6 - - - - - -] key_repository is world readable: /etc/keystone/fernet-keys/ 10.0.0.233 - - [08/Apr/2026:06:30:41 +0000] "POST /v3/auth/tokens HTTP/1.1" 201 1992
[Wed Apr 08 06:30:42.243627 2026] [wsgi:error] [pid 9:tid 140063880218304] [remote 10.0.0.233:55444] 2026-04-08 06:30:42.243 9 WARNING keystone.common.fernet_utils [None req-90ff7a1f-0666-43b2-a1a4-6e4d98f4ccfe - - - - - -] key_repository is world readable: /etc/keystone/fernet-keys/ 10.0.0.233 - - [08/Apr/2026:06:30:41 +0000] "POST /v3/auth/tokens HTTP/1.1" 201 1992
[Wed Apr 08 06:30:42.301603 2026] [wsgi:error] [pid 11:tid 140063880218304] [remote 10.0.0.233:55456] 2026-04-08 06:30:42.301 11 WARNING keystone.common.fernet_utils [None req-8cea3bfe-b230-446a-9d7a-0986c0c6e74d - - - - - -] key_repository is world readable: /etc/keystone/fernet-keys/ 10.0.0.233 - - [08/Apr/2026:06:30:42 +0000] "POST /v3/auth/tokens HTTP/1.1" 201 1992 10.0.0.233 - - [08/Apr/2026:06:30:42 +0000] "GET /v3/endpoints/554c97ff85c44326ba4cb9a6007a88f9 HTTP/1.1" 200 383 10.0.0.233 - - [08/Apr/2026:06:30:42 +0000] "GET /v3/services/04a112c3301d44f08f89c2f20c6ceb90 HTTP/1.1" 200 296 10.0.0.233 - - [08/Apr/2026:06:30:42 +0000] "GET /v3/endpoints/d12c5a10a0ba4b0ea0919d16ab40eb1a HTTP/1.1" 200 380 10.0.0.233 - - [08/Apr/2026:06:30:42 +0000] "GET /v3/services/04a112c3301d44f08f89c2f20c6ceb90 HTTP/1.1" 200 296 10.0.0.233 - - [08/Apr/2026:06:30:42 +0000] "GET /v3/endpoints/229f8509ec4a4202b4e76f762102b181 HTTP/1.1" 200 370 10.0.0.233 - - [08/Apr/2026:06:30:42 +0000] "GET /v3/services/04a112c3301d44f08f89c2f20c6ceb90 HTTP/1.1" 200 296 10.0.0.22 - - [08/Apr/2026:06:30:52 +0000] "GET / HTTP/1.1" 300 295
[Wed Apr 08 06:30:52.621927 2026] [wsgi:error] [pid 11:tid 140063880218304] [remote 10.0.0.22:52392] 2026-04-08 06:30:52.621 11 WARNING keystone.common.password_hashing [None req-9d922140-9464-4aaa-ab10-81611644337a - - - - - -] Truncating password to algorithm specific maximum length 72 characters.
[Wed Apr 08 06:30:52.894710 2026] [wsgi:error] [pid 11:tid 140063880218304] [remote 10.0.0.22:52392] 2026-04-08 06:30:52.894 11 WARNING keystone.common.fernet_utils [None req-9d922140-9464-4aaa-ab10-81611644337a - - - - - -] key_repository is world readable: /etc/keystone/fernet-keys/ 10.0.0.22 - - [08/Apr/2026:06:30:52 +0000] "POST /v3/auth/tokens HTTP/1.1" 201 1992 10.0.0.22 - - [08/Apr/2026:06:30:52 +0000] "POST /v3/domains HTTP/1.1" 201 284 10.0.0.22 - - [08/Apr/2026:06:30:54 +0000] "GET / HTTP/1.1" 300 295
[Wed Apr 08 06:30:54.433899 2026] [wsgi:error] [pid 9:tid 140063880218304] [remote 10.0.0.22:52408] 2026-04-08 06:30:54.433 9 WARNING keystone.common.password_hashing [None req-f1e275c4-72c4-4e7c-8e41-d4e74f56cc70 - - - - - -] Truncating password to algorithm specific maximum length 72 characters.
[Wed Apr 08 06:30:54.714863 2026] [wsgi:error] [pid 9:tid 140063880218304] [remote 10.0.0.22:52408] 2026-04-08 06:30:54.714 9 WARNING keystone.common.fernet_utils [None req-f1e275c4-72c4-4e7c-8e41-d4e74f56cc70 - - - - - -] key_repository is world readable: /etc/keystone/fernet-keys/ 10.0.0.22 - - [08/Apr/2026:06:30:54 +0000] "POST /v3/auth/tokens HTTP/1.1" 201 1992
[Wed Apr 08 06:30:54.893000 2026] [wsgi:error] [pid 11:tid 140063880218304] [remote 10.0.0.22:52408] 2026-04-08 06:30:54.879 11 ERROR keystone.server.flask.application [None req-10f9f56d-5cab-496f-ba33-144cb8693996 4a575e26c95d4db19762bfe6db75c7e9 71c2170143bc4fe8b0c61a3901d45cb2 - - default default] Conflict occurred attempting to store project - it is not permitted to have two projects acting as domains with the same name: service.: keystone.exception.Conflict: Conflict occurred attempting to store project - it is not permitted to have two projects acting as domains with the same name: service.
[Wed Apr 08 06:30:54.893022 2026] [wsgi:error] [pid 11:tid 140063880218304] [remote 10.0.0.22:52408] 2026-04-08 06:30:54.879 11 ERROR keystone.server.flask.application
Traceback (most recent call last):
[Wed Apr 08 06:30:54.893024 2026] [wsgi:error] [pid 11:tid 140063880218304] [remote 10.0.0.22:52408] 2026-04-08 06:30:54.879 11 ERROR keystone.server.flask.application
File "/var/lib/openstack/lib/python3.12/site-packages/sqlalchemy/engine/base.py", line 1967, in _exec_single_context
[Wed Apr 08 06:30:54.893026 2026] [wsgi:error] [pid 11:tid 140063880218304] [remote 10.0.0.22:52408] 2026-04-08 06:30:54.879 11 ERROR keystone.server.flask.application self.dialect.do_execute(
[Wed Apr 08 06:30:54.893028 2026] [wsgi:error] [pid 11:tid 140063880218304] [remote 10.0.0.22:52408] 2026-04-08 06:30:54.879 11 ERROR keystone.server.flask.application
File "/var/lib/openstack/lib/python3.12/site-packages/sqlalchemy/engine/default.py", line 952, in do_execute
[Wed Apr 08 06:30:54.893029 2026] [wsgi:error] [pid 11:tid 140063880218304] [remote 10.0.0.22:52408] 2026-04-08 06:30:54.879 11 ERROR keystone.server.flask.application cursor.execute(statement, parameters)
[Wed Apr 08 06:30:54.893031 2026] [wsgi:error] [pid 11:tid 140063880218304] [remote 10.0.0.22:52408] 2026-04-08 06:30:54.879 11 ERROR keystone.server.flask.application
File "/var/lib/openstack/lib/python3.12/site-packages/pymysql/cursors.py", line 153, in execute
[Wed Apr 08 06:30:54.893032 2026] [wsgi:error] [pid 11:tid 140063880218304] [remote 10.0.0.22:52408] 2026-04-08 06:30:54.879 11 ERROR keystone.server.flask.application result = self._query(query)
[Wed Apr 08 06:30:54.893034 2026] [wsgi:error] [pid 11:tid 140063880218304] [remote 10.0.0.22:52408] 2026-04-08 06:30:54.879 11 ERROR keystone.server.flask.application ^^^^^^^^^^^^^^^^^^
[Wed Apr 08 06:30:54.893035 2026] [wsgi:error] [pid 11:tid 140063880218304] [remote 10.0.0.22:52408] 2026-04-08 06:30:54.879 11 ERROR keystone.server.flask.application
File "/var/lib/openstack/lib/python3.12/site-packages/pymysql/cursors.py", line 322, in _query
[Wed Apr 08 06:30:54.893037 2026] [wsgi:error] [pid 11:tid 140063880218304] [remote 10.0.0.22:52408] 2026-04-08 06:30:54.879 11 ERROR keystone.server.flask.application conn.query(q)
[Wed Apr 08 06:30:54.893038 2026] [wsgi:error] [pid 11:tid 140063880218304] [remote 10.0.0.22:52408] 2026-04-08 06:30:54.879 11 ERROR keystone.server.flask.application
File "/var/lib/openstack/lib/python3.12/site-packages/pymysql/connections.py", line 575, in query
[Wed Apr 08 06:30:54.893040 2026] [wsgi:error] [pid 11:tid 140063880218304] [remote 10.0.0.22:52408] 2026-04-08 06:30:54.879 11 ERROR keystone.server.flask.application self._affected_rows = self._read_query_result(unbuffered=unbuffered)
[Wed Apr 08 06:30:54.893042 2026] [wsgi:error] [pid 11:tid 140063880218304] [remote 10.0.0.22:52408] 2026-04-08 06:30:54.879 11 ERROR keystone.server.flask.application ^^^^^^^^^^^^^^^^^^^^^^^^^^^^^^^^^^^^^^^^^^^^^^
[Wed Apr 08 06:30:54.893043 2026] [wsgi:error] [pid 11:tid 140063880218304] [remote 10.0.0.22:52408] 2026-04-08 06:30:54.879 11 ERROR keystone.server.flask.application
File "/var/lib/openstack/lib/python3.12/site-packages/pymysql/connections.py", line 826, in _read_query_result
[Wed Apr 08 06:30:54.893044 2026] [wsgi:error] [pid 11:tid 140063880218304] [remote 10.0.0.22:52408] 2026-04-08 06:30:54.879 11 ERROR keystone.server.flask.application result.read()
[Wed Apr 08 06:30:54.893047 2026] [wsgi:error] [pid 11:tid 140063880218304] [remote 10.0.0.22:52408] 2026-04-08 06:30:54.879 11 ERROR keystone.server.flask.application
File "/var/lib/openstack/lib/python3.12/site-packages/pymysql/connections.py", line 1203, in read
[Wed Apr 08 06:30:54.893049 2026] [wsgi:error] [pid 11:tid 140063880218304] [remote 10.0.0.22:52408] 2026-04-08 06:30:54.879 11 ERROR keystone.server.flask.application first_packet = self.connection._read_packet()
[Wed Apr 08 06:30:54.893050 2026] [wsgi:error] [pid 11:tid 140063880218304] [remote 10.0.0.22:52408] 2026-04-08 06:30:54.879 11 ERROR keystone.server.flask.application ^^^^^^^^^^^^^^^^^^^^^^^^^^^^^^
[Wed Apr 08 06:30:54.893051 2026] [wsgi:error] [pid 11:tid 140063880218304] [remote 10.0.0.22:52408] 2026-04-08 06:30:54.879 11 ERROR keystone.server.flask.application
File "/var/lib/openstack/lib/python3.12/site-packages/pymysql/connections.py", line 782, in _read_packet
[Wed Apr 08 06:30:54.893053 2026] [wsgi:error] [pid 11:tid 140063880218304] [remote 10.0.0.22:52408] 2026-04-08 06:30:54.879 11 ERROR keystone.server.flask.application packet.raise_for_error()
[Wed Apr 08 06:30:54.893054 2026] [wsgi:error] [pid 11:tid 140063880218304] [remote 10.0.0.22:52408] 2026-04-08 06:30:54.879 11 ERROR keystone.server.flask.application
File "/var/lib/openstack/lib/python3.12/site-packages/pymysql/protocol.py", line 219, in raise_for_error
[Wed Apr 08 06:30:54.893056 2026] [wsgi:error] [pid 11:tid 140063880218304] [remote 10.0.0.22:52408] 2026-04-08 06:30:54.879 11 ERROR keystone.server.flask.application err.raise_mysql_exception(self._data)
[Wed Apr 08 06:30:54.893057 2026] [wsgi:error] [pid 11:tid 140063880218304] [remote 10.0.0.22:52408] 2026-04-08 06:30:54.879 11 ERROR keystone.server.flask.application
File "/var/lib/openstack/lib/python3.12/site-packages/pymysql/err.py", line 150, in raise_mysql_exception
[Wed Apr 08 06:30:54.893058 2026] [wsgi:error] [pid 11:tid 140063880218304] [remote 10.0.0.22:52408] 2026-04-08 06:30:54.879 11 ERROR keystone.server.flask.application raise errorclass(errno, errval)
[Wed Apr 08 06:30:54.893060 2026] [wsgi:error] [pid 11:tid 140063880218304] [remote 10.0.0.22:52408] 2026-04-08 06:30:54.879 11 ERROR keystone.server.flask.application pymysql.err.IntegrityError: (1062, "Duplicate entry '<>-service' for key 'project.ixu_project_name_domain_id'")
[Wed Apr 08 06:30:54.893061 2026] [wsgi:error] [pid 11:tid 140063880218304] [remote 10.0.0.22:52408] 2026-04-08 06:30:54.879 11 ERROR keystone.server.flask.application
[Wed Apr 08 06:30:54.893063 2026] [wsgi:error] [pid 11:tid 140063880218304] [remote 10.0.0.22:52408] 2026-04-08 06:30:54.879 11 ERROR keystone.server.flask.application The above exception was the direct cause of the following exception:
[Wed Apr 08 06:30:54.893064 2026] [wsgi:error] [pid 11:tid 140063880218304] [remote 10.0.0.22:52408] 2026-04-08 06:30:54.879 11 ERROR keystone.server.flask.application
[Wed Apr 08 06:30:54.893065 2026] [wsgi:error] [pid 11:tid 140063880218304] [remote 10.0.0.22:52408] 2026-04-08 06:30:54.879 11 ERROR keystone.server.flask.application
Traceback (most recent call last):
[Wed Apr 08 06:30:54.893067 2026] [wsgi:error] [pid 11:tid 140063880218304] [remote 10.0.0.22:52408] 2026-04-08 06:30:54.879 11 ERROR keystone.server.flask.application
File "/var/lib/openstack/lib/python3.12/site-packages/keystone/common/sql/core.py", line 575, in wrapper
[Wed Apr 08 06:30:54.893068 2026] [wsgi:error] [pid 11:tid 140063880218304] [remote 10.0.0.22:52408] 2026-04-08 06:30:54.879 11 ERROR keystone.server.flask.application return method(*args, **kwargs)
[Wed Apr 08 06:30:54.893078 2026] [wsgi:error] [pid 11:tid 140063880218304] [remote 10.0.0.22:52408] 2026-04-08 06:30:54.879 11 ERROR keystone.server.flask.application ^^^^^^^^^^^^^^^^^^^^^^^
[Wed Apr 08 06:30:54.893079 2026] [wsgi:error] [pid 11:tid 140063880218304] [remote 10.0.0.22:52408] 2026-04-08 06:30:54.879 11 ERROR keystone.server.flask.application
File "/var/lib/openstack/lib/python3.12/site-packages/keystone/resource/backends/sql.py", line 278, in create_project
[Wed Apr 08 06:30:54.893081 2026] [wsgi:error] [pid 11:tid 140063880218304] [remote 10.0.0.22:52408] 2026-04-08 06:30:54.879 11 ERROR keystone.server.flask.application with sql.session_for_write() as session:
[Wed Apr 08 06:30:54.893082 2026] [wsgi:error] [pid 11:tid 140063880218304] [remote 10.0.0.22:52408] 2026-04-08 06:30:54.879 11 ERROR keystone.server.flask.application
File "/usr/lib/python3.12/contextlib.py", line 144, in __exit__
[Wed Apr 08 06:30:54.893084 2026] [wsgi:error] [pid 11:tid 140063880218304] [remote 10.0.0.22:52408] 2026-04-08 06:30:54.879 11 ERROR keystone.server.flask.application next(self.gen)
[Wed Apr 08 06:30:54.893085 2026] [wsgi:error] [pid 11:tid 140063880218304] [remote 10.0.0.22:52408] 2026-04-08 06:30:54.879 11 ERROR keystone.server.flask.application
File "/var/lib/openstack/lib/python3.12/site-packages/oslo_db/sqlalchemy/enginefacade.py", line 1175, in _transaction_scope
[Wed Apr 08 06:30:54.893087 2026] [wsgi:error] [pid 11:tid 140063880218304] [remote 10.0.0.22:52408] 2026-04-08 06:30:54.879 11 ERROR keystone.server.flask.application with current._produce_block(
[Wed Apr 08 06:30:54.893089 2026] [wsgi:error] [pid 11:tid 140063880218304] [remote 10.0.0.22:52408] 2026-04-08 06:30:54.879 11 ERROR keystone.server.flask.application
File "/usr/lib/python3.12/contextlib.py", line 144, in __exit__
[Wed Apr 08 06:30:54.893090 2026] [wsgi:error] [pid 11:tid 140063880218304] [remote 10.0.0.22:52408] 2026-04-08 06:30:54.879 11 ERROR keystone.server.flask.application next(self.gen)
[Wed Apr 08 06:30:54.893092 2026] [wsgi:error] [pid 11:tid 140063880218304] [remote 10.0.0.22:52408] 2026-04-08 06:30:54.879 11 ERROR keystone.server.flask.application
File "/var/lib/openstack/lib/python3.12/site-packages/oslo_db/sqlalchemy/enginefacade.py", line 837, in _session
[Wed Apr 08 06:30:54.893093 2026] [wsgi:error] [pid 11:tid 140063880218304] [remote 10.0.0.22:52408] 2026-04-08 06:30:54.879 11 ERROR keystone.server.flask.application with excutils.save_and_reraise_exception():
[Wed Apr 08 06:30:54.893095 2026] [wsgi:error] [pid 11:tid 140063880218304] [remote 10.0.0.22:52408] 2026-04-08 06:30:54.879 11 ERROR keystone.server.flask.application
File "/var/lib/openstack/lib/python3.12/site-packages/oslo_utils/excutils.py", line 267, in __exit__
[Wed Apr 08 06:30:54.893096 2026] [wsgi:error] [pid 11:tid 140063880218304] [remote 10.0.0.22:52408] 2026-04-08 06:30:54.879 11 ERROR keystone.server.flask.application self.force_reraise()
[Wed Apr 08 06:30:54.893098 2026] [wsgi:error] [pid 11:tid 140063880218304] [remote 10.0.0.22:52408] 2026-04-08 06:30:54.879 11 ERROR keystone.server.flask.application
File "/var/lib/openstack/lib/python3.12/site-packages/oslo_utils/excutils.py", line 233, in force_reraise
[Wed Apr 08 06:30:54.893100 2026] [wsgi:error] [pid 11:tid 140063880218304] [remote 10.0.0.22:52408] 2026-04-08 06:30:54.879 11 ERROR keystone.server.flask.application raise self.value
[Wed Apr 08 06:30:54.893101 2026] [wsgi:error] [pid 11:tid 140063880218304] [remote 10.0.0.22:52408] 2026-04-08 06:30:54.879 11 ERROR keystone.server.flask.application
File "/var/lib/openstack/lib/python3.12/site-packages/oslo_db/sqlalchemy/enginefacade.py", line 835, in _session
[Wed Apr 08 06:30:54.893103 2026] [wsgi:error] [pid 11:tid 140063880218304] [remote 10.0.0.22:52408] 2026-04-08 06:30:54.879 11 ERROR keystone.server.flask.application self._end_session_transaction(self.session)
[Wed Apr 08 06:30:54.893105 2026] [wsgi:error] [pid 11:tid 140063880218304] [remote 10.0.0.22:52408] 2026-04-08 06:30:54.879 11 ERROR keystone.server.flask.application
File "/var/lib/openstack/lib/python3.12/site-packages/oslo_db/sqlalchemy/enginefacade.py", line 748, in _end_session_transaction
[Wed Apr 08 06:30:54.893107 2026] [wsgi:error] [pid 11:tid 140063880218304] [remote 10.0.0.22:52408] 2026-04-08 06:30:54.879 11 ERROR keystone.server.flask.application session.commit()
[Wed Apr 08 06:30:54.893109 2026] [wsgi:error] [pid 11:tid 140063880218304] [remote 10.0.0.22:52408] 2026-04-08 06:30:54.879 11 ERROR keystone.server.flask.application
File "/var/lib/openstack/lib/python3.12/site-packages/sqlalchemy/orm/session.py", line 2030, in commit
[Wed Apr 08 06:30:54.893111 2026] [wsgi:error] [pid 11:tid 140063880218304] [remote 10.0.0.22:52408] 2026-04-08 06:30:54.879 11 ERROR keystone.server.flask.application trans.commit(_to_root=True)
[Wed Apr 08 06:30:54.893113 2026] [wsgi:error] [pid 11:tid 140063880218304] [remote 10.0.0.22:52408] 2026-04-08 06:30:54.879 11 ERROR keystone.server.flask.application File "", line 2, in commit
[Wed Apr 08 06:30:54.893114 2026] [wsgi:error] [pid 11:tid 140063880218304] [remote 10.0.0.22:52408] 2026-04-08 06:30:54.879 11 ERROR keystone.server.flask.application
File "/var/lib/openstack/lib/python3.12/site-packages/sqlalchemy/orm/state_changes.py", line 137, in _go
[Wed Apr 08 06:30:54.893116 2026] [wsgi:error] [pid 11:tid 140063880218304] [remote 10.0.0.22:52408] 2026-04-08 06:30:54.879 11 ERROR keystone.server.flask.application ret_value = fn(self, *arg, **kw)
[Wed Apr 08 06:30:54.893118 2026] [wsgi:error] [pid 11:tid 140063880218304] [remote 10.0.0.22:52408] 2026-04-08 06:30:54.879 11 ERROR keystone.server.flask.application ^^^^^^^^^^^^^^^^^^^^
[Wed Apr 08 06:30:54.893120 2026] [wsgi:error] [pid 11:tid 140063880218304] [remote 10.0.0.22:52408] 2026-04-08 06:30:54.879 11 ERROR keystone.server.flask.application
File "/var/lib/openstack/lib/python3.12/site-packages/sqlalchemy/orm/session.py", line 1311, in commit
[Wed Apr 08 06:30:54.893122 2026] [wsgi:error] [pid 11:tid 140063880218304] [remote 10.0.0.22:52408] 2026-04-08 06:30:54.879 11 ERROR keystone.server.flask.application self._prepare_impl()
[Wed Apr 08 06:30:54.893123 2026] [wsgi:error] [pid 11:tid 140063880218304] [remote 10.0.0.22:52408] 2026-04-08 06:30:54.879 11 ERROR keystone.server.flask.application File "", line 2, in _prepare_impl
[Wed Apr 08 06:30:54.893125 2026] [wsgi:error] [pid 11:tid 140063880218304] [remote 10.0.0.22:52408] 2026-04-08 06:30:54.879 11 ERROR keystone.server.flask.application
File "/var/lib/openstack/lib/python3.12/site-packages/sqlalchemy/orm/state_changes.py", line 137, in _go
[Wed Apr 08 06:30:54.893128 2026] [wsgi:error] [pid 11:tid 140063880218304] [remote 10.0.0.22:52408] 2026-04-08 06:30:54.879 11 ERROR keystone.server.flask.application ret_value = fn(self, *arg, **kw)
[Wed Apr 08 06:30:54.893130 2026] [wsgi:error] [pid 11:tid 140063880218304] [remote 10.0.0.22:52408] 2026-04-08 06:30:54.879 11 ERROR keystone.server.flask.application ^^^^^^^^^^^^^^^^^^^^
[Wed Apr 08 06:30:54.893131 2026] [wsgi:error] [pid 11:tid 140063880218304] [remote 10.0.0.22:52408] 2026-04-08 06:30:54.879 11 ERROR keystone.server.flask.application
File "/var/lib/openstack/lib/python3.12/site-packages/sqlalchemy/orm/session.py", line 1286, in _prepare_impl
[Wed Apr 08 06:30:54.893133 2026] [wsgi:error] [pid 11:tid 140063880218304] [remote 10.0.0.22:52408] 2026-04-08 06:30:54.879 11 ERROR keystone.server.flask.application self.session.flush()
[Wed Apr 08 06:30:54.893134 2026] [wsgi:error] [pid 11:tid 140063880218304] [remote 10.0.0.22:52408] 2026-04-08 06:30:54.879 11 ERROR keystone.server.flask.application
File "/var/lib/openstack/lib/python3.12/site-packages/sqlalchemy/orm/session.py", line 4331, in flush
[Wed Apr 08 06:30:54.893136 2026] [wsgi:error] [pid 11:tid 140063880218304] [remote 10.0.0.22:52408] 2026-04-08 06:30:54.879 11 ERROR keystone.server.flask.application self._flush(objects)
[Wed Apr 08 06:30:54.893138 2026] [wsgi:error] [pid 11:tid 140063880218304] [remote 10.0.0.22:52408] 2026-04-08 06:30:54.879 11 ERROR keystone.server.flask.application
File "/var/lib/openstack/lib/python3.12/site-packages/sqlalchemy/orm/session.py", line 4466, in _flush
[Wed Apr 08 06:30:54.893139 2026] [wsgi:error] [pid 11:tid 140063880218304] [remote 10.0.0.22:52408] 2026-04-08 06:30:54.879 11 ERROR keystone.server.flask.application with util.safe_reraise():
[Wed Apr 08 06:30:54.893142 2026] [wsgi:error] [pid 11:tid 140063880218304] [remote 10.0.0.22:52408] 2026-04-08 06:30:54.879 11 ERROR keystone.server.flask.application
File "/var/lib/openstack/lib/python3.12/site-packages/sqlalchemy/util/langhelpers.py", line 121, in __exit__
[Wed Apr 08 06:30:54.893144 2026] [wsgi:error] [pid 11:tid 140063880218304] [remote 10.0.0.22:52408] 2026-04-08 06:30:54.879 11 ERROR keystone.server.flask.application raise exc_value.with_traceback(exc_tb)
[Wed Apr 08 06:30:54.893146 2026] [wsgi:error] [pid 11:tid 140063880218304] [remote 10.0.0.22:52408] 2026-04-08 06:30:54.879 11 ERROR keystone.server.flask.application
File "/var/lib/openstack/lib/python3.12/site-packages/sqlalchemy/orm/session.py", line 4427, in _flush
[Wed Apr 08 06:30:54.893148 2026] [wsgi:error] [pid 11:tid 140063880218304] [remote 10.0.0.22:52408] 2026-04-08 06:30:54.879 11 ERROR keystone.server.flask.application flush_context.execute()
[Wed Apr 08 06:30:54.893149 2026] [wsgi:error] [pid 11:tid 140063880218304] [remote 10.0.0.22:52408] 2026-04-08 06:30:54.879 11 ERROR keystone.server.flask.application
File "/var/lib/openstack/lib/python3.12/site-packages/sqlalchemy/orm/unitofwork.py", line 466, in execute
