2026-03-03 22:23:32.379 7 INFO placement.requestlog [req-e9c6de81-912d-4d8e-ba00-72e68e889116 req-79ed6816-def3-48f8-aa22-3cbe0fb43761 9db1bee9b407475db7321e9d8644acec 4cd31d4d609b4da1be141f783a4e415b - - de437c2025d9429abb7b6cb3c0452482 de437c2025d9429abb7b6cb3c0452482] 10.0.0.58 "GET /allocation_candidates?limit=1000&resources=DISK_GB%3A1%2CMEMORY_MB%3A512%2CVCPU%3A1&root_required=%21COMPUTE_STATUS_DISABLED" status: 200 len: 2784 microversion: 1.36 [pid: 7|app: 0|req: 508/1006] 10.0.0.58 () {34 vars in 1010 bytes} [Tue Mar 3 22:23:32 2026] GET /allocation_candidates?limit=1000&resources=DISK_GB%3A1%2CMEMORY_MB%3A512%2CVCPU%3A1&root_required=%21COMPUTE_STATUS_DISABLED => generated 2784 bytes in 48 msecs (HTTP/1.1 200) 8 headers in 297 bytes (1 switches on core 0)
2026-03-03 22:23:32.427 8 INFO placement.requestlog [req-e9c6de81-912d-4d8e-ba00-72e68e889116 req-b9d028ac-2550-4348-8655-5dce49dfaf97 9db1bee9b407475db7321e9d8644acec 4cd31d4d609b4da1be141f783a4e415b - - de437c2025d9429abb7b6cb3c0452482 de437c2025d9429abb7b6cb3c0452482] 10.0.0.58 "GET /allocations/0b3d80bf-ecf4-46b0-ab28-33964156d19d" status: 200 len: 19 microversion: 1.28 [pid: 8|app: 0|req: 499/1007] 10.0.0.58 () {34 vars in 859 bytes} [Tue Mar 3 22:23:32 2026] GET /allocations/0b3d80bf-ecf4-46b0-ab28-33964156d19d => generated 19 bytes in 17 msecs (HTTP/1.1 200) 8 headers in 295 bytes (1 switches on core 0)
2026-03-03 22:23:32.487 7 INFO placement.requestlog [req-e9c6de81-912d-4d8e-ba00-72e68e889116 req-00ef9399-025b-4e68-b2f5-2599797df679 9db1bee9b407475db7321e9d8644acec 4cd31d4d609b4da1be141f783a4e415b - - de437c2025d9429abb7b6cb3c0452482 de437c2025d9429abb7b6cb3c0452482] 10.0.0.58 "PUT /allocations/0b3d80bf-ecf4-46b0-ab28-33964156d19d" status: 204 len: 0 microversion: 1.36 [pid: 7|app: 0|req: 509/1008] 10.0.0.58 () {38 vars in 912 bytes} [Tue Mar 3 22:23:32 2026] PUT /allocations/0b3d80bf-ecf4-46b0-ab28-33964156d19d => generated 0 bytes in 50 msecs (HTTP/1.1 204) 5 headers in 199 bytes (1 switches on core 0)
2026-03-03 22:23:32.701 7 INFO placement.requestlog [None req-89f21ad5-1176-4fde-b450-bbb65d2b03a6 - - - - - -] 10.0.0.202 "GET /" status: 200 len: 136 microversion: 1.0
2026-03-03 22:23:32.701 8 INFO placement.requestlog [None req-06bebf45-ce37-4a58-b227-75600ecb4230 - - - - - -] 10.0.0.202 "GET /" status: 200 len: 136 microversion: 1.0
2026-03-03 22:23:33.976 7 INFO placement.requestlog [req-e9c6de81-912d-4d8e-ba00-72e68e889116 req-57847f2b-6cb6-4d43-a679-6f8a0aff794e 9db1bee9b407475db7321e9d8644acec 4cd31d4d609b4da1be141f783a4e415b - - de437c2025d9429abb7b6cb3c0452482 de437c2025d9429abb7b6cb3c0452482] 199.204.45.238 "GET /allocations/0b3d80bf-ecf4-46b0-ab28-33964156d19d" status: 200 len: 258 microversion: 1.28 [pid: 7|app: 0|req: 511/1011] 199.204.45.238 () {34 vars in 862 bytes} [Tue Mar 3 22:23:33 2026] GET /allocations/0b3d80bf-ecf4-46b0-ab28-33964156d19d => generated 258 bytes in 13 msecs (HTTP/1.1 200) 8 headers in 296 bytes (1 switches on core 0)
2026-03-03 22:23:34.893 7 INFO placement.requestlog [None req-36cc9247-9945-416d-b9c2-6eecf740496c fe60990167894d08941536507fe5eea1 4cd31d4d609b4da1be141f783a4e415b - - de437c2025d9429abb7b6cb3c0452482 de437c2025d9429abb7b6cb3c0452482] 10.0.0.23 "GET /resource_providers/7bd35fbd-fcd2-4210-a579-588067b39a7e/aggregates" status: 404 len: 235 microversion: 1.1 [pid: 7|app: 0|req: 512/1012] 10.0.0.23 () {32 vars in 814 bytes} [Tue Mar 3 22:23:34 2026] GET /resource_providers/7bd35fbd-fcd2-4210-a579-588067b39a7e/aggregates => generated 235 bytes in 12 msecs (HTTP/1.1 404) 5 headers in 202 bytes (1 switches on core 0)
2026-03-03 22:23:34.894 8 INFO placement.requestlog [None req-c435fdba-adf3-4c26-b6d9-0fcc3cc6dee3 fe60990167894d08941536507fe5eea1 4cd31d4d609b4da1be141f783a4e415b - - de437c2025d9429abb7b6cb3c0452482 de437c2025d9429abb7b6cb3c0452482] 10.0.0.23 "GET /resource_providers/7bd35fbd-fcd2-4210-a579-588067b39a7e/aggregates" status: 404 len: 235 microversion: 1.1 [pid: 8|app: 0|req: 501/1013] 10.0.0.23 () {32 vars in 814 bytes} [Tue Mar 3 22:23:34 2026] GET /resource_providers/7bd35fbd-fcd2-4210-a579-588067b39a7e/aggregates => generated 235 bytes in 14 msecs (HTTP/1.1 404) 5 headers in 202 bytes (1 switches on core 0)
2026-03-03 22:23:34.921 8 INFO placement.requestlog [None req-84ab39b4-9139-4e19-a00b-77145f1e0fd6 fe60990167894d08941536507fe5eea1 4cd31d4d609b4da1be141f783a4e415b - - de437c2025d9429abb7b6cb3c0452482 de437c2025d9429abb7b6cb3c0452482] 10.0.0.23 "DELETE /resource_providers/7bd35fbd-fcd2-4210-a579-588067b39a7e" status: 404 len: 246 microversion: 1.1 [pid: 8|app: 0|req: 502/1014] 10.0.0.23 () {34 vars in 814 bytes} [Tue Mar 3 22:23:34 2026] DELETE /resource_providers/7bd35fbd-fcd2-4210-a579-588067b39a7e => generated 246 bytes in 12 msecs (HTTP/1.1 404) 6 headers in 231 bytes (1 switches on core 0)
2026-03-03 22:23:34.922 7 INFO placement.requestlog [None req-0d1581a7-7c85-45c7-8952-e90498714c70 fe60990167894d08941536507fe5eea1 4cd31d4d609b4da1be141f783a4e415b - - de437c2025d9429abb7b6cb3c0452482 de437c2025d9429abb7b6cb3c0452482] 10.0.0.23 "DELETE /resource_providers/7bd35fbd-fcd2-4210-a579-588067b39a7e" status: 404 len: 246 microversion: 1.1 [pid: 7|app: 0|req: 513/1015] 10.0.0.23 () {34 vars in 814 bytes} [Tue Mar 3 22:23:34 2026] DELETE /resource_providers/7bd35fbd-fcd2-4210-a579-588067b39a7e => generated 246 bytes in 15 msecs (HTTP/1.1 404) 6 headers in 231 bytes (1 switches on core 0)
2026-03-03 22:23:35.027 8 INFO placement.requestlog [req-e9c6de81-912d-4d8e-ba00-72e68e889116 req-876c2f1b-9664-4ee5-99bd-3a30ad236b79 9db1bee9b407475db7321e9d8644acec 4cd31d4d609b4da1be141f783a4e415b - - de437c2025d9429abb7b6cb3c0452482 de437c2025d9429abb7b6cb3c0452482] 199.204.45.238 "GET /resource_providers/26dedad1-b00e-44e3-8b1d-caae8d792c43/allocations" status: 200 len: 453 microversion: 1.0 [pid: 8|app: 0|req: 503/1016] 199.204.45.238 () {32 vars in 856 bytes} [Tue Mar 3 22:23:35 2026] GET /resource_providers/26dedad1-b00e-44e3-8b1d-caae8d792c43/allocations => generated 453 bytes in 21 msecs (HTTP/1.1 200) 6 headers in 224 bytes (1 switches on core 0)
2026-03-03 22:23:35.045 7 INFO placement.requestlog [req-e9c6de81-912d-4d8e-ba00-72e68e889116 req-23d46dc4-f7a3-48a8-bc11-50c53c067a23 9db1bee9b407475db7321e9d8644acec 4cd31d4d609b4da1be141f783a4e415b - - de437c2025d9429abb7b6cb3c0452482 de437c2025d9429abb7b6cb3c0452482] 199.204.45.238 "GET /allocations/0b3d80bf-ecf4-46b0-ab28-33964156d19d" status: 200 len: 258 microversion: 1.28 [pid: 7|app: 0|req: 514/1017] 199.204.45.238 () {34 vars in 862 bytes} [Tue Mar 3 22:23:35 2026] GET /allocations/0b3d80bf-ecf4-46b0-ab28-33964156d19d => generated 258 bytes in 11 msecs (HTTP/1.1 200) 8 headers in 296 bytes (1 switches on core 0)
2026-03-03 22:23:35.065 8 INFO placement.requestlog [req-e9c6de81-912d-4d8e-ba00-72e68e889116 req-ed157ea0-c02d-42a8-9161-74ebd7eddce6 9db1bee9b407475db7321e9d8644acec 4cd31d4d609b4da1be141f783a4e415b - - de437c2025d9429abb7b6cb3c0452482 de437c2025d9429abb7b6cb3c0452482] 199.204.45.238 "GET /allocations/ac81be70-8bee-434d-ab8d-10cabcf5cff9" status: 200 len: 258 microversion: 1.28 [pid: 8|app: 0|req: 504/1018] 199.204.45.238 () {34 vars in 862 bytes} [Tue Mar 3 22:23:35 2026] GET /allocations/ac81be70-8bee-434d-ab8d-10cabcf5cff9 => generated 258 bytes in 14 msecs (HTTP/1.1 200) 8 headers in 296 bytes (1 switches on core 0)
2026-03-03 22:23:35.087 7 INFO placement.requestlog [req-e9c6de81-912d-4d8e-ba00-72e68e889116 req-93c6c987-ec72-4537-8e24-086284ebada5 9db1bee9b407475db7321e9d8644acec 4cd31d4d609b4da1be141f783a4e415b - - de437c2025d9429abb7b6cb3c0452482 de437c2025d9429abb7b6cb3c0452482] 199.204.45.238 "GET /allocations/f7ef4804-4a57-4712-8cf7-502f09673ffe" status: 200 len: 258 microversion: 1.28 [pid: 7|app: 0|req: 515/1019] 199.204.45.238 () {34 vars in 862 bytes} [Tue Mar 3 22:23:35 2026] GET /allocations/f7ef4804-4a57-4712-8cf7-502f09673ffe => generated 258 bytes in 16 msecs (HTTP/1.1 200) 8 headers in 296 bytes (1 switches on core 0)
2026-03-03 22:23:35.107 8 INFO placement.requestlog [req-e9c6de81-912d-4d8e-ba00-72e68e889116 req-c60815f1-efc4-4a27-b481-679a68a835cf 9db1bee9b407475db7321e9d8644acec 4cd31d4d609b4da1be141f783a4e415b - - de437c2025d9429abb7b6cb3c0452482 de437c2025d9429abb7b6cb3c0452482] 199.204.45.238 "GET /allocations/1c82861e-49c2-4dcc-ae99-5e3115fab6ac" status: 200 len: 258 microversion: 1.28 [pid: 8|app: 0|req: 505/1020] 199.204.45.238 () {34 vars in 862 bytes} [Tue Mar 3 22:23:35 2026] GET /allocations/1c82861e-49c2-4dcc-ae99-5e3115fab6ac => generated 258 bytes in 15 msecs (HTTP/1.1 200) 8 headers in 296 bytes (1 switches on core 0)
2026-03-03 22:23:36.955 7 INFO placement.requestlog [None req-7cfd77b4-6bfa-4ccc-8f0c-8fd5a21ef5fd fe60990167894d08941536507fe5eea1 4cd31d4d609b4da1be141f783a4e415b - - de437c2025d9429abb7b6cb3c0452482 de437c2025d9429abb7b6cb3c0452482] 10.0.0.23 "GET /resource_providers/d0e58d34-e300-44c2-ba10-1bc8cfa478f5/aggregates" status: 404 len: 235 microversion: 1.1 [pid: 7|app: 0|req: 516/1021] 10.0.0.23 () {32 vars in 814 bytes} [Tue Mar 3 22:23:36 2026] GET /resource_providers/d0e58d34-e300-44c2-ba10-1bc8cfa478f5/aggregates => generated 235 bytes in 12 msecs (HTTP/1.1 404) 5 headers in 202 bytes (1 switches on core 0)
2026-03-03 22:23:36.962 8 INFO placement.requestlog [None req-f91f21c1-f06f-45d5-836d-ca47cbcd9326 fe60990167894d08941536507fe5eea1 4cd31d4d609b4da1be141f783a4e415b - - de437c2025d9429abb7b6cb3c0452482 de437c2025d9429abb7b6cb3c0452482] 10.0.0.23 "GET /resource_providers/d0e58d34-e300-44c2-ba10-1bc8cfa478f5/aggregates" status: 404 len: 235 microversion: 1.1 [pid: 8|app: 0|req: 506/1022] 10.0.0.23 () {32 vars in 814 bytes} [Tue Mar 3 22:23:36 2026] GET /resource_providers/d0e58d34-e300-44c2-ba10-1bc8cfa478f5/aggregates => generated 235 bytes in 16 msecs (HTTP/1.1 404) 5 headers in 202 bytes (1 switches on core 0)
2026-03-03 22:23:36.979 7 INFO placement.requestlog [None req-f8f777ba-4efc-494c-984d-25702727ad5a fe60990167894d08941536507fe5eea1 4cd31d4d609b4da1be141f783a4e415b - - de437c2025d9429abb7b6cb3c0452482 de437c2025d9429abb7b6cb3c0452482] 10.0.0.23 "DELETE /resource_providers/d0e58d34-e300-44c2-ba10-1bc8cfa478f5" status: 404 len: 246 microversion: 1.1 [pid: 7|app: 0|req: 517/1023] 10.0.0.23 () {34 vars in 814 bytes} [Tue Mar 3 22:23:36 2026] DELETE /resource_providers/d0e58d34-e300-44c2-ba10-1bc8cfa478f5 => generated 246 bytes in 15 msecs (HTTP/1.1 404) 6 headers in 231 bytes (1 switches on core 0)
2026-03-03 22:23:36.981 8 INFO placement.requestlog [None req-9ffc4e2b-aad0-4579-8925-3641bc1f99ce fe60990167894d08941536507fe5eea1 4cd31d4d609b4da1be141f783a4e415b - - de437c2025d9429abb7b6cb3c0452482 de437c2025d9429abb7b6cb3c0452482] 10.0.0.23 "DELETE /resource_providers/d0e58d34-e300-44c2-ba10-1bc8cfa478f5" status: 404 len: 246 microversion: 1.1 [pid: 8|app: 0|req: 507/1024] 10.0.0.23 () {34 vars in 814 bytes} [Tue Mar 3 22:23:36 2026] DELETE /resource_providers/d0e58d34-e300-44c2-ba10-1bc8cfa478f5 => generated 246 bytes in 8 msecs (HTTP/1.1 404) 6 headers in 231 bytes (1 switches on core 0)
2026-03-03 22:23:39.003 7 INFO placement.requestlog [None req-e293f6b9-20c0-451e-9a6f-7e4c9acab0d6 fe60990167894d08941536507fe5eea1 4cd31d4d609b4da1be141f783a4e415b - - de437c2025d9429abb7b6cb3c0452482 de437c2025d9429abb7b6cb3c0452482] 10.0.0.23 "GET /resource_providers/d473641e-d5bc-415b-9f07-3dc89b5345a0/aggregates" status: 404 len: 235 microversion: 1.1 [pid: 7|app: 0|req: 518/1025] 10.0.0.23 () {32 vars in 814 bytes} [Tue Mar 3 22:23:38 2026] GET /resource_providers/d473641e-d5bc-415b-9f07-3dc89b5345a0/aggregates => generated 235 bytes in 10 msecs (HTTP/1.1 404) 5 headers in 202 bytes (1 switches on core 0)
2026-03-03 22:23:39.008 8 INFO placement.requestlog [None req-7d0d72c2-0a6c-4a06-8814-c95a7d9e52a6 fe60990167894d08941536507fe5eea1 4cd31d4d609b4da1be141f783a4e415b - - de437c2025d9429abb7b6cb3c0452482 de437c2025d9429abb7b6cb3c0452482] 10.0.0.23 "GET /resource_providers/d473641e-d5bc-415b-9f07-3dc89b5345a0/aggregates" status: 404 len: 235 microversion: 1.1 [pid: 8|app: 0|req: 508/1026] 10.0.0.23 () {32 vars in 814 bytes} [Tue Mar 3 22:23:38 2026] GET /resource_providers/d473641e-d5bc-415b-9f07-3dc89b5345a0/aggregates => generated 235 bytes in 10 msecs (HTTP/1.1 404) 5 headers in 202 bytes (1 switches on core 0)
2026-03-03 22:23:39.033 7 INFO placement.requestlog [None req-726b08ee-13c1-40a8-8846-d814de3543ab fe60990167894d08941536507fe5eea1 4cd31d4d609b4da1be141f783a4e415b - - de437c2025d9429abb7b6cb3c0452482 de437c2025d9429abb7b6cb3c0452482] 10.0.0.23 "DELETE /resource_providers/d473641e-d5bc-415b-9f07-3dc89b5345a0" status: 404 len: 246 microversion: 1.1
2026-03-03 22:23:39.034 8 INFO placement.requestlog [None req-c55003d4-aa8d-4812-9cca-00526531229f fe60990167894d08941536507fe5eea1 4cd31d4d609b4da1be141f783a4e415b - - de437c2025d9429abb7b6cb3c0452482 de437c2025d9429abb7b6cb3c0452482] 10.0.0.23 "DELETE /resource_providers/d473641e-d5bc-415b-9f07-3dc89b5345a0" status: 404 len: 246 microversion: 1.1 [pid: 7|app: 0|req: 519/1027] 10.0.0.23 () {34 vars in 814 bytes} [Tue Mar 3 22:23:39 2026] DELETE /resource_providers/d473641e-d5bc-415b-9f07-3dc89b5345a0 => generated 246 bytes in 11 msecs (HTTP/1.1 404) 6 headers in 231 bytes (1 switches on core 0) [pid: 8|app: 0|req: 509/1028] 10.0.0.23 () {34 vars in 814 bytes} [Tue Mar 3 22:23:39 2026] DELETE /resource_providers/d473641e-d5bc-415b-9f07-3dc89b5345a0 => generated 246 bytes in 9 msecs (HTTP/1.1 404) 6 headers in 231 bytes (1 switches on core 0)
2026-03-03 22:23:42.701 7 INFO placement.requestlog [None req-c1bbeb8d-3e39-4e8f-8163-fca1876e3dff - - - - - -] 10.0.0.202 "GET /" status: 200 len: 136 microversion: 1.0
2026-03-03 22:23:42.703 8 INFO placement.requestlog [None req-52e77b52-03f1-40d0-b0fc-5dbd87068d73 - - - - - -] 10.0.0.202 "GET /" status: 200 len: 136 microversion: 1.0
2026-03-03 22:23:44.641 7 INFO placement.requestlog [None req-081f7877-bcac-4802-9d20-3514f327b4f3 fe60990167894d08941536507fe5eea1 4cd31d4d609b4da1be141f783a4e415b - - de437c2025d9429abb7b6cb3c0452482 de437c2025d9429abb7b6cb3c0452482] 10.0.0.23 "GET /resource_providers/9361c27f-a2bf-4553-abbe-465514b49d39/aggregates" status: 404 len: 235 microversion: 1.1 [pid: 7|app: 0|req: 521/1031] 10.0.0.23 () {32 vars in 814 bytes} [Tue Mar 3 22:23:44 2026] GET /resource_providers/9361c27f-a2bf-4553-abbe-465514b49d39/aggregates => generated 235 bytes in 11 msecs (HTTP/1.1 404) 5 headers in 202 bytes (1 switches on core 0)
2026-03-03 22:23:44.650 8 INFO placement.requestlog [None req-8a1a79c4-5426-4b8d-b5ab-127bfad8b860 fe60990167894d08941536507fe5eea1 4cd31d4d609b4da1be141f783a4e415b - - de437c2025d9429abb7b6cb3c0452482 de437c2025d9429abb7b6cb3c0452482] 10.0.0.23 "GET /resource_providers/9361c27f-a2bf-4553-abbe-465514b49d39/aggregates" status: 404 len: 235 microversion: 1.1 [pid: 8|app: 0|req: 511/1032] 10.0.0.23 () {32 vars in 814 bytes} [Tue Mar 3 22:23:44 2026] GET /resource_providers/9361c27f-a2bf-4553-abbe-465514b49d39/aggregates => generated 235 bytes in 11 msecs (HTTP/1.1 404) 5 headers in 202 bytes (1 switches on core 0)
2026-03-03 22:23:44.660 7 INFO placement.requestlog [None req-fa84ce59-166f-44b0-95f5-9c27fff65541 fe60990167894d08941536507fe5eea1 4cd31d4d609b4da1be141f783a4e415b - - de437c2025d9429abb7b6cb3c0452482 de437c2025d9429abb7b6cb3c0452482] 10.0.0.23 "DELETE /resource_providers/9361c27f-a2bf-4553-abbe-465514b49d39" status: 404 len: 246 microversion: 1.1 [pid: 7|app: 0|req: 522/1033] 10.0.0.23 () {34 vars in 814 bytes} [Tue Mar 3 22:23:44 2026] DELETE /resource_providers/9361c27f-a2bf-4553-abbe-465514b49d39 => generated 246 bytes in 11 msecs (HTTP/1.1 404) 6 headers in 231 bytes (1 switches on core 0)
2026-03-03 22:23:44.676 8 INFO placement.requestlog [None req-ead815ac-b9e5-4fd0-b89a-146ab157ec00 fe60990167894d08941536507fe5eea1 4cd31d4d609b4da1be141f783a4e415b - - de437c2025d9429abb7b6cb3c0452482 de437c2025d9429abb7b6cb3c0452482] 10.0.0.23 "DELETE /resource_providers/9361c27f-a2bf-4553-abbe-465514b49d39" status: 404 len: 246 microversion: 1.1 [pid: 8|app: 0|req: 512/1034] 10.0.0.23 () {34 vars in 814 bytes} [Tue Mar 3 22:23:44 2026] DELETE /resource_providers/9361c27f-a2bf-4553-abbe-465514b49d39 => generated 246 bytes in 14 msecs (HTTP/1.1 404) 6 headers in 231 bytes (1 switches on core 0)
2026-03-03 22:23:44.843 7 INFO placement.requestlog [None req-5840d837-b3d4-4e38-b597-e43c070e17f3 fe60990167894d08941536507fe5eea1 4cd31d4d609b4da1be141f783a4e415b - - de437c2025d9429abb7b6cb3c0452482 de437c2025d9429abb7b6cb3c0452482] 10.0.0.23 "GET /resource_providers/ddd30542-96d1-4968-b4c3-74b6d27a5356/aggregates" status: 404 len: 235 microversion: 1.1 [pid: 7|app: 0|req: 523/1035] 10.0.0.23 () {32 vars in 814 bytes} [Tue Mar 3 22:23:44 2026] GET /resource_providers/ddd30542-96d1-4968-b4c3-74b6d27a5356/aggregates => generated 235 bytes in 10 msecs (HTTP/1.1 404) 5 headers in 202 bytes (1 switches on core 0)
2026-03-03 22:23:44.844 8 INFO placement.requestlog [None req-39dc9b1a-9347-4215-b761-5d6657c727ca fe60990167894d08941536507fe5eea1 4cd31d4d609b4da1be141f783a4e415b - - de437c2025d9429abb7b6cb3c0452482 de437c2025d9429abb7b6cb3c0452482] 10.0.0.23 "GET /resource_providers/ddd30542-96d1-4968-b4c3-74b6d27a5356/aggregates" status: 404 len: 235 microversion: 1.1 [pid: 8|app: 0|req: 513/1036] 10.0.0.23 () {32 vars in 814 bytes} [Tue Mar 3 22:23:44 2026] GET /resource_providers/ddd30542-96d1-4968-b4c3-74b6d27a5356/aggregates => generated 235 bytes in 10 msecs (HTTP/1.1 404) 5 headers in 202 bytes (1 switches on core 0)
2026-03-03 22:23:44.864 7 INFO placement.requestlog [None req-8177f54c-576b-4c71-927f-fc3fdcb6cc40 fe60990167894d08941536507fe5eea1 4cd31d4d609b4da1be141f783a4e415b - - de437c2025d9429abb7b6cb3c0452482 de437c2025d9429abb7b6cb3c0452482] 10.0.0.23 "DELETE /resource_providers/ddd30542-96d1-4968-b4c3-74b6d27a5356" status: 404 len: 246 microversion: 1.1 [pid: 7|app: 0|req: 524/1037] 10.0.0.23 () {34 vars in 814 bytes} [Tue Mar 3 22:23:44 2026] DELETE /resource_providers/ddd30542-96d1-4968-b4c3-74b6d27a5356 => generated 246 bytes in 9 msecs (HTTP/1.1 404) 6 headers in 231 bytes (1 switches on core 0)
2026-03-03 22:23:44.870 8 INFO placement.requestlog [None req-7a45a67a-a902-422e-9e84-99a7ed07cdf5 fe60990167894d08941536507fe5eea1 4cd31d4d609b4da1be141f783a4e415b - - de437c2025d9429abb7b6cb3c0452482 de437c2025d9429abb7b6cb3c0452482] 10.0.0.23 "DELETE /resource_providers/ddd30542-96d1-4968-b4c3-74b6d27a5356" status: 404 len: 246 microversion: 1.1 [pid: 8|app: 0|req: 514/1038] 10.0.0.23 () {34 vars in 814 bytes} [Tue Mar 3 22:23:44 2026] DELETE /resource_providers/ddd30542-96d1-4968-b4c3-74b6d27a5356 => generated 246 bytes in 13 msecs (HTTP/1.1 404) 6 headers in 231 bytes (1 switches on core 0)
2026-03-03 22:23:46.685 7 INFO placement.requestlog [None req-226f02e4-a729-4a1b-9450-dd6271151cba fe60990167894d08941536507fe5eea1 4cd31d4d609b4da1be141f783a4e415b - - de437c2025d9429abb7b6cb3c0452482 de437c2025d9429abb7b6cb3c0452482] 10.0.0.23 "GET /resource_providers/a6bca35b-0795-42db-b6b6-bb20dacea16b/aggregates" status: 404 len: 235 microversion: 1.1 [pid: 7|app: 0|req: 525/1039] 10.0.0.23 () {32 vars in 814 bytes} [Tue Mar 3 22:23:46 2026] GET /resource_providers/a6bca35b-0795-42db-b6b6-bb20dacea16b/aggregates => generated 235 bytes in 14 msecs (HTTP/1.1 404) 5 headers in 202 bytes (1 switches on core 0)
2026-03-03 22:23:46.712 8 INFO placement.requestlog [None req-6061002c-55a1-43a9-a56f-b2511d8b1ba0 fe60990167894d08941536507fe5eea1 4cd31d4d609b4da1be141f783a4e415b - - de437c2025d9429abb7b6cb3c0452482 de437c2025d9429abb7b6cb3c0452482] 10.0.0.23 "DELETE /resource_providers/a6bca35b-0795-42db-b6b6-bb20dacea16b" status: 404 len: 246 microversion: 1.1 [pid: 8|app: 0|req: 515/1040] 10.0.0.23 () {34 vars in 814 bytes} [Tue Mar 3 22:23:46 2026] DELETE /resource_providers/a6bca35b-0795-42db-b6b6-bb20dacea16b => generated 246 bytes in 12 msecs (HTTP/1.1 404) 6 headers in 231 bytes (1 switches on core 0)
2026-03-03 22:23:46.715 7 INFO placement.requestlog [None req-a140247b-b7aa-4496-a69d-d247f1e40490 fe60990167894d08941536507fe5eea1 4cd31d4d609b4da1be141f783a4e415b - - de437c2025d9429abb7b6cb3c0452482 de437c2025d9429abb7b6cb3c0452482] 10.0.0.23 "GET /resource_providers/a6bca35b-0795-42db-b6b6-bb20dacea16b/aggregates" status: 404 len: 235 microversion: 1.1 [pid: 7|app: 0|req: 526/1041] 10.0.0.23 () {32 vars in 814 bytes} [Tue Mar 3 22:23:46 2026] GET /resource_providers/a6bca35b-0795-42db-b6b6-bb20dacea16b/aggregates => generated 235 bytes in 15 msecs (HTTP/1.1 404) 5 headers in 202 bytes (1 switches on core 0)
2026-03-03 22:23:46.733 8 INFO placement.requestlog [None req-3cc1d3ac-a4f5-4c03-94d2-b1bd2f4006b3 fe60990167894d08941536507fe5eea1 4cd31d4d609b4da1be141f783a4e415b - - de437c2025d9429abb7b6cb3c0452482 de437c2025d9429abb7b6cb3c0452482] 10.0.0.23 "GET /resource_providers/70845016-e169-4dff-a0ba-552f3efc5d34/aggregates" status: 404 len: 235 microversion: 1.1 [pid: 8|app: 0|req: 516/1042] 10.0.0.23 () {32 vars in 814 bytes} [Tue Mar 3 22:23:46 2026] GET /resource_providers/70845016-e169-4dff-a0ba-552f3efc5d34/aggregates => generated 235 bytes in 11 msecs (HTTP/1.1 404) 5 headers in 202 bytes (1 switches on core 0)
2026-03-03 22:23:46.750 7 INFO placement.requestlog [None req-11b7c3b2-d20e-46c7-923e-8b1cae328d9c fe60990167894d08941536507fe5eea1 4cd31d4d609b4da1be141f783a4e415b - - de437c2025d9429abb7b6cb3c0452482 de437c2025d9429abb7b6cb3c0452482] 10.0.0.23 "DELETE /resource_providers/a6bca35b-0795-42db-b6b6-bb20dacea16b" status: 404 len: 246 microversion: 1.1 [pid: 7|app: 0|req: 527/1043] 10.0.0.23 () {34 vars in 814 bytes} [Tue Mar 3 22:23:46 2026] DELETE /resource_providers/a6bca35b-0795-42db-b6b6-bb20dacea16b => generated 246 bytes in 17 msecs (HTTP/1.1 404) 6 headers in 231 bytes (1 switches on core 0)
2026-03-03 22:23:46.756 8 INFO placement.requestlog [None req-9095efdf-41de-4e9b-8fa8-6722a3375e1a fe60990167894d08941536507fe5eea1 4cd31d4d609b4da1be141f783a4e415b - - de437c2025d9429abb7b6cb3c0452482 de437c2025d9429abb7b6cb3c0452482] 10.0.0.23 "DELETE /resource_providers/70845016-e169-4dff-a0ba-552f3efc5d34" status: 404 len: 246 microversion: 1.1 [pid: 8|app: 0|req: 517/1044] 10.0.0.23 () {34 vars in 814 bytes} [Tue Mar 3 22:23:46 2026] DELETE /resource_providers/70845016-e169-4dff-a0ba-552f3efc5d34 => generated 246 bytes in 10 msecs (HTTP/1.1 404) 6 headers in 231 bytes (1 switches on core 0)
2026-03-03 22:23:46.788 7 INFO placement.requestlog [None req-6dcc6a00-a82c-4107-a47a-3c5f9a93c082 fe60990167894d08941536507fe5eea1 4cd31d4d609b4da1be141f783a4e415b - - de437c2025d9429abb7b6cb3c0452482 de437c2025d9429abb7b6cb3c0452482] 10.0.0.23 "GET /resource_providers/70845016-e169-4dff-a0ba-552f3efc5d34/aggregates" status: 404 len: 235 microversion: 1.1 [pid: 7|app: 0|req: 528/1045] 10.0.0.23 () {32 vars in 814 bytes} [Tue Mar 3 22:23:46 2026] GET /resource_providers/70845016-e169-4dff-a0ba-552f3efc5d34/aggregates => generated 235 bytes in 20 msecs (HTTP/1.1 404) 5 headers in 202 bytes (1 switches on core 0)
2026-03-03 22:23:46.816 8 INFO placement.requestlog [None req-d4c4ea9f-e0b9-45e4-b57d-6e47c6f4b3a2 fe60990167894d08941536507fe5eea1 4cd31d4d609b4da1be141f783a4e415b - - de437c2025d9429abb7b6cb3c0452482 de437c2025d9429abb7b6cb3c0452482] 10.0.0.23 "DELETE /resource_providers/70845016-e169-4dff-a0ba-552f3efc5d34" status: 404 len: 246 microversion: 1.1 [pid: 8|app: 0|req: 518/1046] 10.0.0.23 () {34 vars in 814 bytes} [Tue Mar 3 22:23:46 2026] DELETE /resource_providers/70845016-e169-4dff-a0ba-552f3efc5d34 => generated 246 bytes in 10 msecs (HTTP/1.1 404) 6 headers in 231 bytes (1 switches on core 0)
2026-03-03 22:23:46.892 7 INFO placement.requestlog [None req-323e48ed-c203-46ab-8d44-22cbe837bebd fe60990167894d08941536507fe5eea1 4cd31d4d609b4da1be141f783a4e415b - - de437c2025d9429abb7b6cb3c0452482 de437c2025d9429abb7b6cb3c0452482] 10.0.0.23 "GET /resource_providers/292b22dc-6786-4252-b7d8-95fbde2d55bd/aggregates" status: 404 len: 235 microversion: 1.1 [pid: 7|app: 0|req: 529/1047] 10.0.0.23 () {32 vars in 814 bytes} [Tue Mar 3 22:23:46 2026] GET /resource_providers/292b22dc-6786-4252-b7d8-95fbde2d55bd/aggregates => generated 235 bytes in 14 msecs (HTTP/1.1 404) 5 headers in 202 bytes (1 switches on core 0)
2026-03-03 22:23:46.897 8 INFO placement.requestlog [None req-13f25505-b399-40e1-805f-e189d867f414 fe60990167894d08941536507fe5eea1 4cd31d4d609b4da1be141f783a4e415b - - de437c2025d9429abb7b6cb3c0452482 de437c2025d9429abb7b6cb3c0452482] 10.0.0.23 "GET /resource_providers/292b22dc-6786-4252-b7d8-95fbde2d55bd/aggregates" status: 404 len: 235 microversion: 1.1 [pid: 8|app: 0|req: 519/1048] 10.0.0.23 () {32 vars in 814 bytes} [Tue Mar 3 22:23:46 2026] GET /resource_providers/292b22dc-6786-4252-b7d8-95fbde2d55bd/aggregates => generated 235 bytes in 11 msecs (HTTP/1.1 404) 5 headers in 202 bytes (1 switches on core 0)
2026-03-03 22:23:46.926 7 INFO placement.requestlog [None req-1c4b7778-99d1-4e78-b989-2742992cf88f fe60990167894d08941536507fe5eea1 4cd31d4d609b4da1be141f783a4e415b - - de437c2025d9429abb7b6cb3c0452482 de437c2025d9429abb7b6cb3c0452482] 10.0.0.23 "DELETE /resource_providers/292b22dc-6786-4252-b7d8-95fbde2d55bd" status: 404 len: 246 microversion: 1.1 [pid: 7|app: 0|req: 530/1049] 10.0.0.23 () {34 vars in 814 bytes} [Tue Mar 3 22:23:46 2026] DELETE /resource_providers/292b22dc-6786-4252-b7d8-95fbde2d55bd => generated 246 bytes in 11 msecs (HTTP/1.1 404) 6 headers in 231 bytes (1 switches on core 0)
2026-03-03 22:23:46.926 8 INFO placement.requestlog [None req-98178354-0a17-46fb-9b00-c8c366c2a70a fe60990167894d08941536507fe5eea1 4cd31d4d609b4da1be141f783a4e415b - - de437c2025d9429abb7b6cb3c0452482 de437c2025d9429abb7b6cb3c0452482] 10.0.0.23 "DELETE /resource_providers/292b22dc-6786-4252-b7d8-95fbde2d55bd" status: 404 len: 246 microversion: 1.1 [pid: 8|app: 0|req: 520/1050] 10.0.0.23 () {34 vars in 814 bytes} [Tue Mar 3 22:23:46 2026] DELETE /resource_providers/292b22dc-6786-4252-b7d8-95fbde2d55bd => generated 246 bytes in 8 msecs (HTTP/1.1 404) 6 headers in 231 bytes (1 switches on core 0)
2026-03-03 22:23:52.701 7 INFO placement.requestlog [None req-7c9b82f8-cdc0-4761-9186-104e956700f3 - - - - - -] 10.0.0.202 "GET /" status: 200 len: 136 microversion: 1.0
2026-03-03 22:23:52.706 8 INFO placement.requestlog [None req-4072e260-daff-498b-9652-dbf8d2824f37 - - - - - -] 10.0.0.202 "GET /" status: 200 len: 136 microversion: 1.0
2026-03-03 22:24:02.700 7 INFO placement.requestlog [None req-1de10b66-e41d-4ab1-b51c-fca44dfd6455 - - - - - -] 10.0.0.202 "GET /" status: 200 len: 136 microversion: 1.0
2026-03-03 22:24:02.701 8 INFO placement.requestlog [None req-35530783-8b4e-442b-bfe5-6c68dd974ff1 - - - - - -] 10.0.0.202 "GET /" status: 200 len: 136 microversion: 1.0
2026-03-03 22:24:03.033 7 INFO placement.requestlog [req-ce1dcbb6-33fb-47fb-b996-38b7df502e65 req-c40b3a5a-04d6-4dab-a445-863b40b6feb2 9db1bee9b407475db7321e9d8644acec 4cd31d4d609b4da1be141f783a4e415b - - de437c2025d9429abb7b6cb3c0452482 de437c2025d9429abb7b6cb3c0452482] 10.0.0.58 "GET /allocation_candidates?limit=1000&resources=MEMORY_MB%3A2048%2CVCPU%3A2&root_required=%21COMPUTE_STATUS_DISABLED" status: 200 len: 2771 microversion: 1.36 [pid: 7|app: 0|req: 533/1055] 10.0.0.58 () {34 vars in 984 bytes} [Tue Mar 3 22:24:02 2026] GET /allocation_candidates?limit=1000&resources=MEMORY_MB%3A2048%2CVCPU%3A2&root_required=%21COMPUTE_STATUS_DISABLED => generated 2771 bytes in 43 msecs (HTTP/1.1 200) 8 headers in 297 bytes (1 switches on core 0)
2026-03-03 22:24:03.071 8 INFO placement.requestlog [req-ce1dcbb6-33fb-47fb-b996-38b7df502e65 req-1f9ffd5a-c31f-4259-ae86-b58baca1bb1a 9db1bee9b407475db7321e9d8644acec 4cd31d4d609b4da1be141f783a4e415b - - de437c2025d9429abb7b6cb3c0452482 de437c2025d9429abb7b6cb3c0452482] 10.0.0.58 "GET /allocations/7de7d0a6-1387-4df0-a0b8-269b7c22d70d" status: 200 len: 19 microversion: 1.28 [pid: 8|app: 0|req: 523/1056] 10.0.0.58 () {34 vars in 859 bytes} [Tue Mar 3 22:24:03 2026] GET /allocations/7de7d0a6-1387-4df0-a0b8-269b7c22d70d => generated 19 bytes in 12 msecs (HTTP/1.1 200) 8 headers in 295 bytes (1 switches on core 0)
2026-03-03 22:24:03.141 7 INFO placement.requestlog [req-ce1dcbb6-33fb-47fb-b996-38b7df502e65 req-e3059368-bcd5-4956-9c0f-d4f03b09462a 9db1bee9b407475db7321e9d8644acec 4cd31d4d609b4da1be141f783a4e415b - - de437c2025d9429abb7b6cb3c0452482 de437c2025d9429abb7b6cb3c0452482] 10.0.0.58 "PUT /allocations/7de7d0a6-1387-4df0-a0b8-269b7c22d70d" status: 204 len: 0 microversion: 1.36 [pid: 7|app: 0|req: 534/1057] 10.0.0.58 () {38 vars in 912 bytes} [Tue Mar 3 22:24:03 2026] PUT /allocations/7de7d0a6-1387-4df0-a0b8-269b7c22d70d => generated 0 bytes in 64 msecs (HTTP/1.1 204) 5 headers in 199 bytes (1 switches on core 0)
2026-03-03 22:24:03.999 8 INFO placement.requestlog [None req-4aeeab28-77ea-4b10-bd5e-781388c836a1 fe60990167894d08941536507fe5eea1 4cd31d4d609b4da1be141f783a4e415b - - de437c2025d9429abb7b6cb3c0452482 de437c2025d9429abb7b6cb3c0452482] 10.0.0.23 "GET /resource_providers/34c35eef-4842-4072-9971-5ec3f527f54f/aggregates" status: 404 len: 235 microversion: 1.1 [pid: 8|app: 0|req: 524/1058] 10.0.0.23 () {32 vars in 814 bytes} [Tue Mar 3 22:24:03 2026] GET /resource_providers/34c35eef-4842-4072-9971-5ec3f527f54f/aggregates => generated 235 bytes in 15 msecs (HTTP/1.1 404) 5 headers in 202 bytes (1 switches on core 0)
2026-03-03 22:24:04.000 7 INFO placement.requestlog [None req-2fdcba22-6269-4448-8372-53f3fd3f5f76 fe60990167894d08941536507fe5eea1 4cd31d4d609b4da1be141f783a4e415b - - de437c2025d9429abb7b6cb3c0452482 de437c2025d9429abb7b6cb3c0452482] 10.0.0.23 "GET /resource_providers/34c35eef-4842-4072-9971-5ec3f527f54f/aggregates" status: 404 len: 235 microversion: 1.1 [pid: 7|app: 0|req: 535/1059] 10.0.0.23 () {32 vars in 814 bytes} [Tue Mar 3 22:24:03 2026] GET /resource_providers/34c35eef-4842-4072-9971-5ec3f527f54f/aggregates => generated 235 bytes in 17 msecs (HTTP/1.1 404) 5 headers in 202 bytes (1 switches on core 0)
2026-03-03 22:24:04.024 8 INFO placement.requestlog [None req-834991b2-bfba-413c-bff8-3ac59d96de9e fe60990167894d08941536507fe5eea1 4cd31d4d609b4da1be141f783a4e415b - - de437c2025d9429abb7b6cb3c0452482 de437c2025d9429abb7b6cb3c0452482] 10.0.0.23 "DELETE /resource_providers/34c35eef-4842-4072-9971-5ec3f527f54f" status: 404 len: 246 microversion: 1.1 [pid: 8|app: 0|req: 525/1060] 10.0.0.23 () {34 vars in 814 bytes} [Tue Mar 3 22:24:04 2026] DELETE /resource_providers/34c35eef-4842-4072-9971-5ec3f527f54f => generated 246 bytes in 11 msecs (HTTP/1.1 404) 6 headers in 231 bytes (1 switches on core 0)
2026-03-03 22:24:04.025 7 INFO placement.requestlog [None req-4fcbb731-1a85-44ac-8754-28060e89e5a9 fe60990167894d08941536507fe5eea1 4cd31d4d609b4da1be141f783a4e415b - - de437c2025d9429abb7b6cb3c0452482 de437c2025d9429abb7b6cb3c0452482] 10.0.0.23 "DELETE /resource_providers/34c35eef-4842-4072-9971-5ec3f527f54f" status: 404 len: 246 microversion: 1.1 [pid: 7|app: 0|req: 536/1061] 10.0.0.23 () {34 vars in 814 bytes} [Tue Mar 3 22:24:04 2026] DELETE /resource_providers/34c35eef-4842-4072-9971-5ec3f527f54f => generated 246 bytes in 11 msecs (HTTP/1.1 404) 6 headers in 231 bytes (1 switches on core 0)
2026-03-03 22:24:04.161 8 INFO placement.requestlog [None req-8ba3a319-cf0a-4899-8f37-c2e8693ecd81 fe60990167894d08941536507fe5eea1 4cd31d4d609b4da1be141f783a4e415b - - de437c2025d9429abb7b6cb3c0452482 de437c2025d9429abb7b6cb3c0452482] 10.0.0.23 "GET /resource_providers/ee682ce0-c192-459e-bfd7-389fc70f7d23/aggregates" status: 404 len: 235 microversion: 1.1 [pid: 8|app: 0|req: 526/1062] 10.0.0.23 () {32 vars in 814 bytes} [Tue Mar 3 22:24:04 2026] GET /resource_providers/ee682ce0-c192-459e-bfd7-389fc70f7d23/aggregates => generated 235 bytes in 15 msecs (HTTP/1.1 404) 5 headers in 202 bytes (1 switches on core 0)
2026-03-03 22:24:04.170 7 INFO placement.requestlog [None req-8751af41-d68f-4a69-a1ca-d75750bc5042 fe60990167894d08941536507fe5eea1 4cd31d4d609b4da1be141f783a4e415b - - de437c2025d9429abb7b6cb3c0452482 de437c2025d9429abb7b6cb3c0452482] 10.0.0.23 "GET /resource_providers/ee682ce0-c192-459e-bfd7-389fc70f7d23/aggregates" status: 404 len: 235 microversion: 1.1 [pid: 7|app: 0|req: 537/1063] 10.0.0.23 () {32 vars in 814 bytes} [Tue Mar 3 22:24:04 2026] GET /resource_providers/ee682ce0-c192-459e-bfd7-389fc70f7d23/aggregates => generated 235 bytes in 13 msecs (HTTP/1.1 404) 5 headers in 202 bytes (1 switches on core 0)
2026-03-03 22:24:04.184 7 INFO placement.requestlog [None req-394e27c4-6ac5-4940-9436-3e1e7bcf7c0e fe60990167894d08941536507fe5eea1 4cd31d4d609b4da1be141f783a4e415b - - de437c2025d9429abb7b6cb3c0452482 de437c2025d9429abb7b6cb3c0452482] 10.0.0.23 "DELETE /resource_providers/ee682ce0-c192-459e-bfd7-389fc70f7d23" status: 404 len: 246 microversion: 1.1
2026-03-03 22:24:04.184 8 INFO placement.requestlog [None req-a63342d1-e48c-4a63-8329-d8a55c82cc7a fe60990167894d08941536507fe5eea1 4cd31d4d609b4da1be141f783a4e415b - - de437c2025d9429abb7b6cb3c0452482 de437c2025d9429abb7b6cb3c0452482] 10.0.0.23 "DELETE /resource_providers/ee682ce0-c192-459e-bfd7-389fc70f7d23" status: 404 len: 246 microversion: 1.1 [pid: 7|app: 0|req: 538/1064] 10.0.0.23 () {34 vars in 814 bytes} [Tue Mar 3 22:24:04 2026] DELETE /resource_providers/ee682ce0-c192-459e-bfd7-389fc70f7d23 => generated 246 bytes in 7 msecs (HTTP/1.1 404) 6 headers in 231 bytes (1 switches on core 0) [pid: 8|app: 0|req: 527/1065] 10.0.0.23 () {34 vars in 814 bytes} [Tue Mar 3 22:24:04 2026] DELETE /resource_providers/ee682ce0-c192-459e-bfd7-389fc70f7d23 => generated 246 bytes in 10 msecs (HTTP/1.1 404) 6 headers in 231 bytes (1 switches on core 0)
2026-03-03 22:24:04.671 7 INFO placement.requestlog [req-ce1dcbb6-33fb-47fb-b996-38b7df502e65 req-37b7cdc7-cae7-41f2-a48f-215ee56f7a98 9db1bee9b407475db7321e9d8644acec 4cd31d4d609b4da1be141f783a4e415b - - de437c2025d9429abb7b6cb3c0452482 de437c2025d9429abb7b6cb3c0452482] 199.204.45.238 "GET /allocations/7de7d0a6-1387-4df0-a0b8-269b7c22d70d" status: 200 len: 245 microversion: 1.28 [pid: 7|app: 0|req: 539/1066] 199.204.45.238 () {34 vars in 862 bytes} [Tue Mar 3 22:24:04 2026] GET /allocations/7de7d0a6-1387-4df0-a0b8-269b7c22d70d => generated 245 bytes in 15 msecs (HTTP/1.1 200) 8 headers in 296 bytes (1 switches on core 0)
2026-03-03 22:24:05.714 8 INFO placement.requestlog [req-ce1dcbb6-33fb-47fb-b996-38b7df502e65 req-bfefbdea-37de-4e3c-a651-80d45fd01f15 9db1bee9b407475db7321e9d8644acec 4cd31d4d609b4da1be141f783a4e415b - - de437c2025d9429abb7b6cb3c0452482 de437c2025d9429abb7b6cb3c0452482] 199.204.45.238 "GET /resource_providers/26dedad1-b00e-44e3-8b1d-caae8d792c43/allocations" status: 200 len: 540 microversion: 1.0 [pid: 8|app: 0|req: 528/1067] 199.204.45.238 () {32 vars in 856 bytes} [Tue Mar 3 22:24:05 2026] GET /resource_providers/26dedad1-b00e-44e3-8b1d-caae8d792c43/allocations => generated 540 bytes in 19 msecs (HTTP/1.1 200) 6 headers in 224 bytes (1 switches on core 0)
2026-03-03 22:24:05.738 7 INFO placement.requestlog [req-ce1dcbb6-33fb-47fb-b996-38b7df502e65 req-8b575c64-eeeb-4aaa-b63f-3dc9bec43329 9db1bee9b407475db7321e9d8644acec 4cd31d4d609b4da1be141f783a4e415b - - de437c2025d9429abb7b6cb3c0452482 de437c2025d9429abb7b6cb3c0452482] 199.204.45.238 "GET /allocations/0b3d80bf-ecf4-46b0-ab28-33964156d19d" status: 200 len: 258 microversion: 1.28 [pid: 7|app: 0|req: 540/1068] 199.204.45.238 () {34 vars in 862 bytes} [Tue Mar 3 22:24:05 2026] GET /allocations/0b3d80bf-ecf4-46b0-ab28-33964156d19d => generated 258 bytes in 17 msecs (HTTP/1.1 200) 8 headers in 296 bytes (1 switches on core 0)
2026-03-03 22:24:05.759 8 INFO placement.requestlog [req-ce1dcbb6-33fb-47fb-b996-38b7df502e65 req-4a51b623-fe1b-41ef-8ade-9d4c37320c3c 9db1bee9b407475db7321e9d8644acec 4cd31d4d609b4da1be141f783a4e415b - - de437c2025d9429abb7b6cb3c0452482 de437c2025d9429abb7b6cb3c0452482] 199.204.45.238 "GET /allocations/f7ef4804-4a57-4712-8cf7-502f09673ffe" status: 200 len: 258 microversion: 1.28 [pid: 8|app: 0|req: 529/1069] 199.204.45.238 () {34 vars in 862 bytes} [Tue Mar 3 22:24:05 2026] GET /allocations/f7ef4804-4a57-4712-8cf7-502f09673ffe => generated 258 bytes in 13 msecs (HTTP/1.1 200) 8 headers in 296 bytes (1 switches on core 0)
2026-03-03 22:24:05.777 7 INFO placement.requestlog [req-ce1dcbb6-33fb-47fb-b996-38b7df502e65 req-29889929-bdbc-4308-ab98-79d68f416333 9db1bee9b407475db7321e9d8644acec 4cd31d4d609b4da1be141f783a4e415b - - de437c2025d9429abb7b6cb3c0452482 de437c2025d9429abb7b6cb3c0452482] 199.204.45.238 "GET /allocations/1c82861e-49c2-4dcc-ae99-5e3115fab6ac" status: 200 len: 258 microversion: 1.28 [pid: 7|app: 0|req: 541/1070] 199.204.45.238 () {34 vars in 862 bytes} [Tue Mar 3 22:24:05 2026] GET /allocations/1c82861e-49c2-4dcc-ae99-5e3115fab6ac => generated 258 bytes in 13 msecs (HTTP/1.1 200) 8 headers in 296 bytes (1 switches on core 0)
2026-03-03 22:24:05.798 8 INFO placement.requestlog [req-ce1dcbb6-33fb-47fb-b996-38b7df502e65 req-dc35a3ef-adf0-45b1-9161-06bb563db943 9db1bee9b407475db7321e9d8644acec 4cd31d4d609b4da1be141f783a4e415b - - de437c2025d9429abb7b6cb3c0452482 de437c2025d9429abb7b6cb3c0452482] 199.204.45.238 "GET /allocations/7de7d0a6-1387-4df0-a0b8-269b7c22d70d" status: 200 len: 245 microversion: 1.28 [pid: 8|app: 0|req: 530/1071] 199.204.45.238 () {34 vars in 862 bytes} [Tue Mar 3 22:24:05 2026] GET /allocations/7de7d0a6-1387-4df0-a0b8-269b7c22d70d => generated 245 bytes in 13 msecs (HTTP/1.1 200) 8 headers in 296 bytes (1 switches on core 0)
2026-03-03 22:24:05.820 7 INFO placement.requestlog [req-ce1dcbb6-33fb-47fb-b996-38b7df502e65 req-3acc1e7c-3169-45c5-8337-0ab76c9b25a2 9db1bee9b407475db7321e9d8644acec 4cd31d4d609b4da1be141f783a4e415b - - de437c2025d9429abb7b6cb3c0452482 de437c2025d9429abb7b6cb3c0452482] 199.204.45.238 "GET /allocations/ac81be70-8bee-434d-ab8d-10cabcf5cff9" status: 200 len: 258 microversion: 1.28 [pid: 7|app: 0|req: 542/1072] 199.204.45.238 () {34 vars in 862 bytes} [Tue Mar 3 22:24:05 2026] GET /allocations/ac81be70-8bee-434d-ab8d-10cabcf5cff9 => generated 258 bytes in 16 msecs (HTTP/1.1 200) 8 headers in 296 bytes (1 switches on core 0)
2026-03-03 22:24:06.050 8 INFO placement.requestlog [None req-e5851531-a392-4b80-8945-c15e64425221 fe60990167894d08941536507fe5eea1 4cd31d4d609b4da1be141f783a4e415b - - de437c2025d9429abb7b6cb3c0452482 de437c2025d9429abb7b6cb3c0452482] 10.0.0.23 "GET /resource_providers/4dfd0d17-f124-4a2c-a0fb-a8ecf5978f25/aggregates" status: 404 len: 235 microversion: 1.1 [pid: 8|app: 0|req: 531/1073] 10.0.0.23 () {32 vars in 814 bytes} [Tue Mar 3 22:24:06 2026] GET /resource_providers/4dfd0d17-f124-4a2c-a0fb-a8ecf5978f25/aggregates => generated 235 bytes in 9 msecs (HTTP/1.1 404) 5 headers in 202 bytes (1 switches on core 0)
2026-03-03 22:24:06.052 7 INFO placement.requestlog [None req-a3c3c0fc-b035-482c-ba14-6fc312d01a75 fe60990167894d08941536507fe5eea1 4cd31d4d609b4da1be141f783a4e415b - - de437c2025d9429abb7b6cb3c0452482 de437c2025d9429abb7b6cb3c0452482] 10.0.0.23 "GET /resource_providers/4dfd0d17-f124-4a2c-a0fb-a8ecf5978f25/aggregates" status: 404 len: 235 microversion: 1.1 [pid: 7|app: 0|req: 543/1074] 10.0.0.23 () {32 vars in 814 bytes} [Tue Mar 3 22:24:06 2026] GET /resource_providers/4dfd0d17-f124-4a2c-a0fb-a8ecf5978f25/aggregates => generated 235 bytes in 9 msecs (HTTP/1.1 404) 5 headers in 202 bytes (1 switches on core 0)
2026-03-03 22:24:06.071 8 INFO placement.requestlog [None req-c2dc9840-c7a2-4ef0-aa74-f8ae1e664a95 fe60990167894d08941536507fe5eea1 4cd31d4d609b4da1be141f783a4e415b - - de437c2025d9429abb7b6cb3c0452482 de437c2025d9429abb7b6cb3c0452482] 10.0.0.23 "DELETE /resource_providers/4dfd0d17-f124-4a2c-a0fb-a8ecf5978f25" status: 404 len: 246 microversion: 1.1 [pid: 8|app: 0|req: 532/1075] 10.0.0.23 () {34 vars in 814 bytes} [Tue Mar 3 22:24:06 2026] DELETE /resource_providers/4dfd0d17-f124-4a2c-a0fb-a8ecf5978f25 => generated 246 bytes in 7 msecs (HTTP/1.1 404) 6 headers in 231 bytes (1 switches on core 0)
2026-03-03 22:24:06.075 7 INFO placement.requestlog [None req-7672f17e-bc81-468a-8411-801a32a29ffa fe60990167894d08941536507fe5eea1 4cd31d4d609b4da1be141f783a4e415b - - de437c2025d9429abb7b6cb3c0452482 de437c2025d9429abb7b6cb3c0452482] 10.0.0.23 "DELETE /resource_providers/4dfd0d17-f124-4a2c-a0fb-a8ecf5978f25" status: 404 len: 246 microversion: 1.1 [pid: 7|app: 0|req: 544/1076] 10.0.0.23 () {34 vars in 814 bytes} [Tue Mar 3 22:24:06 2026] DELETE /resource_providers/4dfd0d17-f124-4a2c-a0fb-a8ecf5978f25 => generated 246 bytes in 10 msecs (HTTP/1.1 404) 6 headers in 231 bytes (1 switches on core 0)
2026-03-03 22:24:06.097 7 INFO placement.requestlog [None req-ed3ba0cd-0a4e-4ab9-a538-51f40243b562 fe60990167894d08941536507fe5eea1 4cd31d4d609b4da1be141f783a4e415b - - de437c2025d9429abb7b6cb3c0452482 de437c2025d9429abb7b6cb3c0452482] 10.0.0.23 "GET /resource_providers/17d054e6-7552-4df5-9c79-f1bbf9e9fb53/aggregates" status: 404 len: 235 microversion: 1.1 [pid: 7|app: 0|req: 545/1077] 10.0.0.23 () {32 vars in 814 bytes} [Tue Mar 3 22:24:06 2026] GET /resource_providers/17d054e6-7552-4df5-9c79-f1bbf9e9fb53/aggregates => generated 235 bytes in 10 msecs (HTTP/1.1 404) 5 headers in 202 bytes (1 switches on core 0)
2026-03-03 22:24:06.104 8 INFO placement.requestlog [None req-f407ab4c-6713-45f8-95a2-97cba98de8ef fe60990167894d08941536507fe5eea1 4cd31d4d609b4da1be141f783a4e415b - - de437c2025d9429abb7b6cb3c0452482 de437c2025d9429abb7b6cb3c0452482] 10.0.0.23 "GET /resource_providers/17d054e6-7552-4df5-9c79-f1bbf9e9fb53/aggregates" status: 404 len: 235 microversion: 1.1 [pid: 8|app: 0|req: 533/1078] 10.0.0.23 () {32 vars in 814 bytes} [Tue Mar 3 22:24:06 2026] GET /resource_providers/17d054e6-7552-4df5-9c79-f1bbf9e9fb53/aggregates => generated 235 bytes in 17 msecs (HTTP/1.1 404) 5 headers in 202 bytes (1 switches on core 0)
2026-03-03 22:24:06.122 7 INFO placement.requestlog [None req-dd5ae999-17ab-4a2b-ab70-3f40f28ab547 fe60990167894d08941536507fe5eea1 4cd31d4d609b4da1be141f783a4e415b - - de437c2025d9429abb7b6cb3c0452482 de437c2025d9429abb7b6cb3c0452482] 10.0.0.23 "DELETE /resource_providers/17d054e6-7552-4df5-9c79-f1bbf9e9fb53" status: 404 len: 246 microversion: 1.1 [pid: 7|app: 0|req: 546/1079] 10.0.0.23 () {34 vars in 814 bytes} [Tue Mar 3 22:24:06 2026] DELETE /resource_providers/17d054e6-7552-4df5-9c79-f1bbf9e9fb53 => generated 246 bytes in 9 msecs (HTTP/1.1 404) 6 headers in 231 bytes (1 switches on core 0)
2026-03-03 22:24:06.130 8 INFO placement.requestlog [None req-851b59ed-ebcd-440d-bac2-9e30a6c5460b fe60990167894d08941536507fe5eea1 4cd31d4d609b4da1be141f783a4e415b - - de437c2025d9429abb7b6cb3c0452482 de437c2025d9429abb7b6cb3c0452482] 10.0.0.23 "DELETE /resource_providers/17d054e6-7552-4df5-9c79-f1bbf9e9fb53" status: 404 len: 246 microversion: 1.1 [pid: 8|app: 0|req: 534/1080] 10.0.0.23 () {34 vars in 814 bytes} [Tue Mar 3 22:24:06 2026] DELETE /resource_providers/17d054e6-7552-4df5-9c79-f1bbf9e9fb53 => generated 246 bytes in 14 msecs (HTTP/1.1 404) 6 headers in 231 bytes (1 switches on core 0)
2026-03-03 22:24:06.207 7 INFO placement.requestlog [None req-f882b3c4-5e44-4832-a204-42eb446f7553 fe60990167894d08941536507fe5eea1 4cd31d4d609b4da1be141f783a4e415b - - de437c2025d9429abb7b6cb3c0452482 de437c2025d9429abb7b6cb3c0452482] 10.0.0.23 "GET /resource_providers/933bb26a-27a8-4781-a149-d66ad2402a2f/aggregates" status: 404 len: 235 microversion: 1.1 [pid: 7|app: 0|req: 547/1081] 10.0.0.23 () {32 vars in 814 bytes} [Tue Mar 3 22:24:06 2026] GET /resource_providers/933bb26a-27a8-4781-a149-d66ad2402a2f/aggregates => generated 235 bytes in 13 msecs (HTTP/1.1 404) 5 headers in 202 bytes (1 switches on core 0)
2026-03-03 22:24:06.209 8 INFO placement.requestlog [None req-9928b9e2-8394-4d4d-94d2-4af1c514019d fe60990167894d08941536507fe5eea1 4cd31d4d609b4da1be141f783a4e415b - - de437c2025d9429abb7b6cb3c0452482 de437c2025d9429abb7b6cb3c0452482] 10.0.0.23 "GET /resource_providers/933bb26a-27a8-4781-a149-d66ad2402a2f/aggregates" status: 404 len: 235 microversion: 1.1 [pid: 8|app: 0|req: 535/1082] 10.0.0.23 () {32 vars in 814 bytes} [Tue Mar 3 22:24:06 2026] GET /resource_providers/933bb26a-27a8-4781-a149-d66ad2402a2f/aggregates => generated 235 bytes in 13 msecs (HTTP/1.1 404) 5 headers in 202 bytes (1 switches on core 0)
2026-03-03 22:24:06.227 7 INFO placement.requestlog [None req-93c8cbe3-749c-4f02-b629-105ccac60707 fe60990167894d08941536507fe5eea1 4cd31d4d609b4da1be141f783a4e415b - - de437c2025d9429abb7b6cb3c0452482 de437c2025d9429abb7b6cb3c0452482] 10.0.0.23 "DELETE /resource_providers/933bb26a-27a8-4781-a149-d66ad2402a2f" status: 404 len: 246 microversion: 1.1 [pid: 7|app: 0|req: 548/1083] 10.0.0.23 () {34 vars in 814 bytes} [Tue Mar 3 22:24:06 2026] DELETE /resource_providers/933bb26a-27a8-4781-a149-d66ad2402a2f => generated 246 bytes in 10 msecs (HTTP/1.1 404) 6 headers in 231 bytes (1 switches on core 0)
2026-03-03 22:24:06.230 8 INFO placement.requestlog [None req-54497e97-8607-483e-a67b-f596bbbb3303 fe60990167894d08941536507fe5eea1 4cd31d4d609b4da1be141f783a4e415b - - de437c2025d9429abb7b6cb3c0452482 de437c2025d9429abb7b6cb3c0452482] 10.0.0.23 "DELETE /resource_providers/933bb26a-27a8-4781-a149-d66ad2402a2f" status: 404 len: 246 microversion: 1.1 [pid: 8|app: 0|req: 536/1084] 10.0.0.23 () {34 vars in 814 bytes} [Tue Mar 3 22:24:06 2026] DELETE /resource_providers/933bb26a-27a8-4781-a149-d66ad2402a2f => generated 246 bytes in 7 msecs (HTTP/1.1 404) 6 headers in 231 bytes (1 switches on core 0)
2026-03-03 22:24:10.571 7 INFO placement.requestlog [req-b51569c7-e3c9-40e6-adc7-07b72fa649b0 req-92cbc7dd-3c15-4b8c-ad73-9acf988ecbd0 9db1bee9b407475db7321e9d8644acec 4cd31d4d609b4da1be141f783a4e415b - - de437c2025d9429abb7b6cb3c0452482 de437c2025d9429abb7b6cb3c0452482] 199.204.45.238 "GET /resource_providers/26dedad1-b00e-44e3-8b1d-caae8d792c43/allocations" status: 200 len: 540 microversion: 1.0 [pid: 7|app: 0|req: 549/1085] 199.204.45.238 () {32 vars in 856 bytes} [Tue Mar 3 22:24:10 2026] GET /resource_providers/26dedad1-b00e-44e3-8b1d-caae8d792c43/allocations => generated 540 bytes in 26 msecs (HTTP/1.1 200) 6 headers in 224 bytes (1 switches on core 0)
2026-03-03 22:24:10.602 8 INFO placement.requestlog [req-b51569c7-e3c9-40e6-adc7-07b72fa649b0 req-d4294ce0-9a69-455a-adcd-f508068bd53e 9db1bee9b407475db7321e9d8644acec 4cd31d4d609b4da1be141f783a4e415b - - de437c2025d9429abb7b6cb3c0452482 de437c2025d9429abb7b6cb3c0452482] 199.204.45.238 "GET /resource_providers/26dedad1-b00e-44e3-8b1d-caae8d792c43/allocations" status: 200 len: 540 microversion: 1.0 [pid: 8|app: 0|req: 537/1086] 199.204.45.238 () {32 vars in 856 bytes} [Tue Mar 3 22:24:10 2026] GET /resource_providers/26dedad1-b00e-44e3-8b1d-caae8d792c43/allocations => generated 540 bytes in 21 msecs (HTTP/1.1 200) 6 headers in 224 bytes (1 switches on core 0)
2026-03-03 22:24:10.624 7 INFO placement.requestlog [req-b51569c7-e3c9-40e6-adc7-07b72fa649b0 req-7646734f-3fa2-46f3-8d22-64e201f73b56 9db1bee9b407475db7321e9d8644acec 4cd31d4d609b4da1be141f783a4e415b - - de437c2025d9429abb7b6cb3c0452482 de437c2025d9429abb7b6cb3c0452482] 199.204.45.238 "GET /allocations/0b3d80bf-ecf4-46b0-ab28-33964156d19d" status: 200 len: 258 microversion: 1.28 [pid: 7|app: 0|req: 550/1087] 199.204.45.238 () {34 vars in 862 bytes} [Tue Mar 3 22:24:10 2026] GET /allocations/0b3d80bf-ecf4-46b0-ab28-33964156d19d => generated 258 bytes in 13 msecs (HTTP/1.1 200) 8 headers in 296 bytes (1 switches on core 0)
2026-03-03 22:24:10.646 8 INFO placement.requestlog [req-b51569c7-e3c9-40e6-adc7-07b72fa649b0 req-aa9535a3-30bb-4e7e-88c5-5b79ac78b35a 9db1bee9b407475db7321e9d8644acec 4cd31d4d609b4da1be141f783a4e415b - - de437c2025d9429abb7b6cb3c0452482 de437c2025d9429abb7b6cb3c0452482] 199.204.45.238 "GET /allocations/f7ef4804-4a57-4712-8cf7-502f09673ffe" status: 200 len: 258 microversion: 1.28 [pid: 8|app: 0|req: 538/1088] 199.204.45.238 () {34 vars in 862 bytes} [Tue Mar 3 22:24:10 2026] GET /allocations/f7ef4804-4a57-4712-8cf7-502f09673ffe => generated 258 bytes in 18 msecs (HTTP/1.1 200) 8 headers in 296 bytes (1 switches on core 0)
2026-03-03 22:24:10.667 7 INFO placement.requestlog [req-b51569c7-e3c9-40e6-adc7-07b72fa649b0 req-00a3fa9a-96a0-484f-99c0-56e6cb483cb2 9db1bee9b407475db7321e9d8644acec 4cd31d4d609b4da1be141f783a4e415b - - de437c2025d9429abb7b6cb3c0452482 de437c2025d9429abb7b6cb3c0452482] 199.204.45.238 "GET /allocations/1c82861e-49c2-4dcc-ae99-5e3115fab6ac" status: 200 len: 258 microversion: 1.28 [pid: 7|app: 0|req: 551/1089] 199.204.45.238 () {34 vars in 862 bytes} [Tue Mar 3 22:24:10 2026] GET /allocations/1c82861e-49c2-4dcc-ae99-5e3115fab6ac => generated 258 bytes in 16 msecs (HTTP/1.1 200) 8 headers in 296 bytes (1 switches on core 0)
2026-03-03 22:24:10.694 8 INFO placement.requestlog [req-b51569c7-e3c9-40e6-adc7-07b72fa649b0 req-0548e0d4-6f29-48a8-84e8-4990d867033f 9db1bee9b407475db7321e9d8644acec 4cd31d4d609b4da1be141f783a4e415b - - de437c2025d9429abb7b6cb3c0452482 de437c2025d9429abb7b6cb3c0452482] 199.204.45.238 "GET /allocations/7de7d0a6-1387-4df0-a0b8-269b7c22d70d" status: 200 len: 245 microversion: 1.28 [pid: 8|app: 0|req: 539/1090] 199.204.45.238 () {34 vars in 862 bytes} [Tue Mar 3 22:24:10 2026] GET /allocations/7de7d0a6-1387-4df0-a0b8-269b7c22d70d => generated 245 bytes in 23 msecs (HTTP/1.1 200) 8 headers in 296 bytes (1 switches on core 0)
2026-03-03 22:24:10.715 7 INFO placement.requestlog [req-b51569c7-e3c9-40e6-adc7-07b72fa649b0 req-81480601-bbf0-4938-b952-35193228464b 9db1bee9b407475db7321e9d8644acec 4cd31d4d609b4da1be141f783a4e415b - - de437c2025d9429abb7b6cb3c0452482 de437c2025d9429abb7b6cb3c0452482] 199.204.45.238 "GET /allocations/ac81be70-8bee-434d-ab8d-10cabcf5cff9" status: 200 len: 258 microversion: 1.28 [pid: 7|app: 0|req: 552/1091] 199.204.45.238 () {34 vars in 862 bytes} [Tue Mar 3 22:24:10 2026] GET /allocations/ac81be70-8bee-434d-ab8d-10cabcf5cff9 => generated 258 bytes in 14 msecs (HTTP/1.1 200) 8 headers in 296 bytes (1 switches on core 0)
