2026-03-03 22:24:11.756 8 INFO placement.requestlog [req-63cdaa3e-9065-4e7d-b9f5-764cc414386c req-33332ee2-3d98-4cdf-a83b-1c3254d812af 9db1bee9b407475db7321e9d8644acec 4cd31d4d609b4da1be141f783a4e415b - - de437c2025d9429abb7b6cb3c0452482 de437c2025d9429abb7b6cb3c0452482] 199.204.45.238 "GET /resource_providers/26dedad1-b00e-44e3-8b1d-caae8d792c43/allocations" status: 200 len: 540 microversion: 1.0 [pid: 8|app: 0|req: 540/1092] 199.204.45.238 () {32 vars in 856 bytes} [Tue Mar 3 22:24:11 2026] GET /resource_providers/26dedad1-b00e-44e3-8b1d-caae8d792c43/allocations => generated 540 bytes in 16 msecs (HTTP/1.1 200) 6 headers in 224 bytes (1 switches on core 0)
2026-03-03 22:24:11.785 7 INFO placement.requestlog [req-63cdaa3e-9065-4e7d-b9f5-764cc414386c req-c87bcbc8-bc93-4aa0-94f3-ca5b08711c1e 9db1bee9b407475db7321e9d8644acec 4cd31d4d609b4da1be141f783a4e415b - - de437c2025d9429abb7b6cb3c0452482 de437c2025d9429abb7b6cb3c0452482] 199.204.45.238 "GET /allocations/0b3d80bf-ecf4-46b0-ab28-33964156d19d" status: 200 len: 258 microversion: 1.28 [pid: 7|app: 0|req: 553/1093] 199.204.45.238 () {34 vars in 862 bytes} [Tue Mar 3 22:24:11 2026] GET /allocations/0b3d80bf-ecf4-46b0-ab28-33964156d19d => generated 258 bytes in 19 msecs (HTTP/1.1 200) 8 headers in 296 bytes (1 switches on core 0)
2026-03-03 22:24:11.807 8 INFO placement.requestlog [req-63cdaa3e-9065-4e7d-b9f5-764cc414386c req-368ce6fc-2f0d-4e33-bf94-a88770e0eea5 9db1bee9b407475db7321e9d8644acec 4cd31d4d609b4da1be141f783a4e415b - - de437c2025d9429abb7b6cb3c0452482 de437c2025d9429abb7b6cb3c0452482] 199.204.45.238 "GET /allocations/f7ef4804-4a57-4712-8cf7-502f09673ffe" status: 200 len: 258 microversion: 1.28 [pid: 8|app: 0|req: 541/1094] 199.204.45.238 () {34 vars in 862 bytes} [Tue Mar 3 22:24:11 2026] GET /allocations/f7ef4804-4a57-4712-8cf7-502f09673ffe => generated 258 bytes in 12 msecs (HTTP/1.1 200) 8 headers in 296 bytes (1 switches on core 0)
2026-03-03 22:24:11.826 7 INFO placement.requestlog [req-63cdaa3e-9065-4e7d-b9f5-764cc414386c req-059b0b7c-9890-41c0-a51d-daaa7f981ab8 9db1bee9b407475db7321e9d8644acec 4cd31d4d609b4da1be141f783a4e415b - - de437c2025d9429abb7b6cb3c0452482 de437c2025d9429abb7b6cb3c0452482] 199.204.45.238 "GET /allocations/1c82861e-49c2-4dcc-ae99-5e3115fab6ac" status: 200 len: 258 microversion: 1.28 [pid: 7|app: 0|req: 554/1095] 199.204.45.238 () {34 vars in 862 bytes} [Tue Mar 3 22:24:11 2026] GET /allocations/1c82861e-49c2-4dcc-ae99-5e3115fab6ac => generated 258 bytes in 15 msecs (HTTP/1.1 200) 8 headers in 296 bytes (1 switches on core 0)
2026-03-03 22:24:11.844 8 INFO placement.requestlog [req-63cdaa3e-9065-4e7d-b9f5-764cc414386c req-93a0d25c-25bc-4b30-9ac2-b48bdb00b8b3 9db1bee9b407475db7321e9d8644acec 4cd31d4d609b4da1be141f783a4e415b - - de437c2025d9429abb7b6cb3c0452482 de437c2025d9429abb7b6cb3c0452482] 199.204.45.238 "GET /allocations/7de7d0a6-1387-4df0-a0b8-269b7c22d70d" status: 200 len: 245 microversion: 1.28 [pid: 8|app: 0|req: 542/1096] 199.204.45.238 () {34 vars in 862 bytes} [Tue Mar 3 22:24:11 2026] GET /allocations/7de7d0a6-1387-4df0-a0b8-269b7c22d70d => generated 245 bytes in 13 msecs (HTTP/1.1 200) 8 headers in 296 bytes (1 switches on core 0)
2026-03-03 22:24:11.861 7 INFO placement.requestlog [req-63cdaa3e-9065-4e7d-b9f5-764cc414386c req-0e9c9c6a-596b-4d9c-a110-141f506ffa81 9db1bee9b407475db7321e9d8644acec 4cd31d4d609b4da1be141f783a4e415b - - de437c2025d9429abb7b6cb3c0452482 de437c2025d9429abb7b6cb3c0452482] 199.204.45.238 "GET /allocations/ac81be70-8bee-434d-ab8d-10cabcf5cff9" status: 200 len: 258 microversion: 1.28 [pid: 7|app: 0|req: 555/1097] 199.204.45.238 () {34 vars in 862 bytes} [Tue Mar 3 22:24:11 2026] GET /allocations/ac81be70-8bee-434d-ab8d-10cabcf5cff9 => generated 258 bytes in 12 msecs (HTTP/1.1 200) 8 headers in 296 bytes (1 switches on core 0)
2026-03-03 22:24:12.701 7 INFO placement.requestlog [None req-ef83cc01-6f23-46ae-82eb-e9888b578cfb - - - - - -] 10.0.0.202 "GET /" status: 200 len: 136 microversion: 1.0
2026-03-03 22:24:12.702 8 INFO placement.requestlog [None req-a248b79b-abf9-4c87-a64b-0777987aa4d5 - - - - - -] 10.0.0.202 "GET /" status: 200 len: 136 microversion: 1.0
2026-03-03 22:24:12.908 7 INFO placement.requestlog [req-63cdaa3e-9065-4e7d-b9f5-764cc414386c req-9c8c6b4c-2b05-4e59-b49c-4f7ffd037efa 9db1bee9b407475db7321e9d8644acec 4cd31d4d609b4da1be141f783a4e415b - - de437c2025d9429abb7b6cb3c0452482 de437c2025d9429abb7b6cb3c0452482] 199.204.45.238 "DELETE /allocations/0b3d80bf-ecf4-46b0-ab28-33964156d19d" status: 204 len: 0 microversion: 1.0 [pid: 7|app: 0|req: 557/1100] 199.204.45.238 () {34 vars in 840 bytes} [Tue Mar 3 22:24:12 2026] DELETE /allocations/0b3d80bf-ecf4-46b0-ab28-33964156d19d => generated 0 bytes in 24 msecs (HTTP/1.1 204) 5 headers in 198 bytes (1 switches on core 0)
2026-03-03 22:24:15.999 8 INFO placement.requestlog [None req-363206a6-e0b9-482e-aba4-b1ae571d27a3 fe60990167894d08941536507fe5eea1 4cd31d4d609b4da1be141f783a4e415b - - de437c2025d9429abb7b6cb3c0452482 de437c2025d9429abb7b6cb3c0452482] 10.0.0.23 "GET /resource_providers/4f20a104-b214-4b1d-a579-841208fe1852/aggregates" status: 404 len: 235 microversion: 1.1 [pid: 8|app: 0|req: 544/1101] 10.0.0.23 () {32 vars in 814 bytes} [Tue Mar 3 22:24:15 2026] GET /resource_providers/4f20a104-b214-4b1d-a579-841208fe1852/aggregates => generated 235 bytes in 13 msecs (HTTP/1.1 404) 5 headers in 202 bytes (1 switches on core 0)
2026-03-03 22:24:16.005 7 INFO placement.requestlog [None req-f9a6d06e-750b-4cc0-84da-70a3dce88285 fe60990167894d08941536507fe5eea1 4cd31d4d609b4da1be141f783a4e415b - - de437c2025d9429abb7b6cb3c0452482 de437c2025d9429abb7b6cb3c0452482] 10.0.0.23 "GET /resource_providers/4f20a104-b214-4b1d-a579-841208fe1852/aggregates" status: 404 len: 235 microversion: 1.1 [pid: 7|app: 0|req: 558/1102] 10.0.0.23 () {32 vars in 814 bytes} [Tue Mar 3 22:24:15 2026] GET /resource_providers/4f20a104-b214-4b1d-a579-841208fe1852/aggregates => generated 235 bytes in 11 msecs (HTTP/1.1 404) 5 headers in 202 bytes (1 switches on core 0)
2026-03-03 22:24:16.021 8 INFO placement.requestlog [None req-7156bc8d-f5d8-4e73-8db8-09cd683319a3 fe60990167894d08941536507fe5eea1 4cd31d4d609b4da1be141f783a4e415b - - de437c2025d9429abb7b6cb3c0452482 de437c2025d9429abb7b6cb3c0452482] 10.0.0.23 "DELETE /resource_providers/4f20a104-b214-4b1d-a579-841208fe1852" status: 404 len: 246 microversion: 1.1 [pid: 8|app: 0|req: 545/1103] 10.0.0.23 () {34 vars in 814 bytes} [Tue Mar 3 22:24:16 2026] DELETE /resource_providers/4f20a104-b214-4b1d-a579-841208fe1852 => generated 246 bytes in 10 msecs (HTTP/1.1 404) 6 headers in 231 bytes (1 switches on core 0)
2026-03-03 22:24:16.025 7 INFO placement.requestlog [None req-d9f3b893-1392-4bd1-8b3d-a0a2bbf2b0ad fe60990167894d08941536507fe5eea1 4cd31d4d609b4da1be141f783a4e415b - - de437c2025d9429abb7b6cb3c0452482 de437c2025d9429abb7b6cb3c0452482] 10.0.0.23 "DELETE /resource_providers/4f20a104-b214-4b1d-a579-841208fe1852" status: 404 len: 246 microversion: 1.1 [pid: 7|app: 0|req: 559/1104] 10.0.0.23 () {34 vars in 814 bytes} [Tue Mar 3 22:24:16 2026] DELETE /resource_providers/4f20a104-b214-4b1d-a579-841208fe1852 => generated 246 bytes in 10 msecs (HTTP/1.1 404) 6 headers in 231 bytes (1 switches on core 0)
2026-03-03 22:24:19.486 8 INFO placement.requestlog [req-cc70fcfd-4112-41ca-8ef4-0047095863cd req-6a6c78f7-a3b6-4372-868f-2ead367de102 9db1bee9b407475db7321e9d8644acec 4cd31d4d609b4da1be141f783a4e415b - - de437c2025d9429abb7b6cb3c0452482 de437c2025d9429abb7b6cb3c0452482] 199.204.45.238 "GET /resource_providers/26dedad1-b00e-44e3-8b1d-caae8d792c43/allocations" status: 200 len: 440 microversion: 1.0 [pid: 8|app: 0|req: 546/1105] 199.204.45.238 () {32 vars in 856 bytes} [Tue Mar 3 22:24:19 2026] GET /resource_providers/26dedad1-b00e-44e3-8b1d-caae8d792c43/allocations => generated 440 bytes in 16 msecs (HTTP/1.1 200) 6 headers in 224 bytes (1 switches on core 0)
2026-03-03 22:24:19.507 7 INFO placement.requestlog [req-cc70fcfd-4112-41ca-8ef4-0047095863cd req-77fe4f61-b5e9-47e2-a52d-a5cdee5c3ebb 9db1bee9b407475db7321e9d8644acec 4cd31d4d609b4da1be141f783a4e415b - - de437c2025d9429abb7b6cb3c0452482 de437c2025d9429abb7b6cb3c0452482] 199.204.45.238 "GET /allocations/7de7d0a6-1387-4df0-a0b8-269b7c22d70d" status: 200 len: 245 microversion: 1.28 [pid: 7|app: 0|req: 560/1106] 199.204.45.238 () {34 vars in 862 bytes} [Tue Mar 3 22:24:19 2026] GET /allocations/7de7d0a6-1387-4df0-a0b8-269b7c22d70d => generated 245 bytes in 15 msecs (HTTP/1.1 200) 8 headers in 296 bytes (1 switches on core 0)
2026-03-03 22:24:19.524 8 INFO placement.requestlog [req-cc70fcfd-4112-41ca-8ef4-0047095863cd req-7bfd32e8-b8b3-4b04-8dff-817110277736 9db1bee9b407475db7321e9d8644acec 4cd31d4d609b4da1be141f783a4e415b - - de437c2025d9429abb7b6cb3c0452482 de437c2025d9429abb7b6cb3c0452482] 199.204.45.238 "GET /allocations/ac81be70-8bee-434d-ab8d-10cabcf5cff9" status: 200 len: 258 microversion: 1.28 [pid: 8|app: 0|req: 547/1107] 199.204.45.238 () {34 vars in 862 bytes} [Tue Mar 3 22:24:19 2026] GET /allocations/ac81be70-8bee-434d-ab8d-10cabcf5cff9 => generated 258 bytes in 10 msecs (HTTP/1.1 200) 8 headers in 296 bytes (1 switches on core 0)
2026-03-03 22:24:19.541 7 INFO placement.requestlog [req-cc70fcfd-4112-41ca-8ef4-0047095863cd req-f83a4339-23fb-4604-976d-7e32ea1f6964 9db1bee9b407475db7321e9d8644acec 4cd31d4d609b4da1be141f783a4e415b - - de437c2025d9429abb7b6cb3c0452482 de437c2025d9429abb7b6cb3c0452482] 199.204.45.238 "GET /allocations/f7ef4804-4a57-4712-8cf7-502f09673ffe" status: 200 len: 258 microversion: 1.28 [pid: 7|app: 0|req: 561/1108] 199.204.45.238 () {34 vars in 862 bytes} [Tue Mar 3 22:24:19 2026] GET /allocations/f7ef4804-4a57-4712-8cf7-502f09673ffe => generated 258 bytes in 12 msecs (HTTP/1.1 200) 8 headers in 296 bytes (1 switches on core 0)
2026-03-03 22:24:19.556 8 INFO placement.requestlog [req-cc70fcfd-4112-41ca-8ef4-0047095863cd req-19e62641-3545-4c61-b2f6-32e674b05e34 9db1bee9b407475db7321e9d8644acec 4cd31d4d609b4da1be141f783a4e415b - - de437c2025d9429abb7b6cb3c0452482 de437c2025d9429abb7b6cb3c0452482] 199.204.45.238 "GET /allocations/1c82861e-49c2-4dcc-ae99-5e3115fab6ac" status: 200 len: 258 microversion: 1.28 [pid: 8|app: 0|req: 548/1109] 199.204.45.238 () {34 vars in 862 bytes} [Tue Mar 3 22:24:19 2026] GET /allocations/1c82861e-49c2-4dcc-ae99-5e3115fab6ac => generated 258 bytes in 9 msecs (HTTP/1.1 200) 8 headers in 296 bytes (1 switches on core 0)
2026-03-03 22:24:20.614 7 INFO placement.requestlog [req-cc70fcfd-4112-41ca-8ef4-0047095863cd req-12a76a35-0d87-44c3-ac2c-0e8619357049 9db1bee9b407475db7321e9d8644acec 4cd31d4d609b4da1be141f783a4e415b - - de437c2025d9429abb7b6cb3c0452482 de437c2025d9429abb7b6cb3c0452482] 199.204.45.238 "DELETE /allocations/ac81be70-8bee-434d-ab8d-10cabcf5cff9" status: 204 len: 0 microversion: 1.0 [pid: 7|app: 0|req: 562/1110] 199.204.45.238 () {34 vars in 840 bytes} [Tue Mar 3 22:24:20 2026] DELETE /allocations/ac81be70-8bee-434d-ab8d-10cabcf5cff9 => generated 0 bytes in 29 msecs (HTTP/1.1 204) 5 headers in 198 bytes (1 switches on core 0)
2026-03-03 22:24:22.092 8 INFO placement.requestlog [None req-a4d10cb9-f6ec-4070-86c7-6b329b03ccb7 fe60990167894d08941536507fe5eea1 4cd31d4d609b4da1be141f783a4e415b - - de437c2025d9429abb7b6cb3c0452482 de437c2025d9429abb7b6cb3c0452482] 10.0.0.23 "GET /resource_providers/3b066898-c45f-4580-9519-a3ff84bc4d25/aggregates" status: 404 len: 235 microversion: 1.1 [pid: 8|app: 0|req: 549/1111] 10.0.0.23 () {32 vars in 814 bytes} [Tue Mar 3 22:24:22 2026] GET /resource_providers/3b066898-c45f-4580-9519-a3ff84bc4d25/aggregates => generated 235 bytes in 15 msecs (HTTP/1.1 404) 5 headers in 202 bytes (1 switches on core 0)
2026-03-03 22:24:22.093 7 INFO placement.requestlog [None req-42186841-40d3-43ad-a553-3a6c31292588 fe60990167894d08941536507fe5eea1 4cd31d4d609b4da1be141f783a4e415b - - de437c2025d9429abb7b6cb3c0452482 de437c2025d9429abb7b6cb3c0452482] 10.0.0.23 "GET /resource_providers/3b066898-c45f-4580-9519-a3ff84bc4d25/aggregates" status: 404 len: 235 microversion: 1.1 [pid: 7|app: 0|req: 563/1112] 10.0.0.23 () {32 vars in 814 bytes} [Tue Mar 3 22:24:22 2026] GET /resource_providers/3b066898-c45f-4580-9519-a3ff84bc4d25/aggregates => generated 235 bytes in 12 msecs (HTTP/1.1 404) 5 headers in 202 bytes (1 switches on core 0)
2026-03-03 22:24:22.112 7 INFO placement.requestlog [None req-08e34d6c-b940-47c6-9508-b0706771b084 fe60990167894d08941536507fe5eea1 4cd31d4d609b4da1be141f783a4e415b - - de437c2025d9429abb7b6cb3c0452482 de437c2025d9429abb7b6cb3c0452482] 10.0.0.23 "DELETE /resource_providers/3b066898-c45f-4580-9519-a3ff84bc4d25" status: 404 len: 246 microversion: 1.1 [pid: 7|app: 0|req: 564/1113] 10.0.0.23 () {34 vars in 814 bytes} [Tue Mar 3 22:24:22 2026] DELETE /resource_providers/3b066898-c45f-4580-9519-a3ff84bc4d25 => generated 246 bytes in 7 msecs (HTTP/1.1 404) 6 headers in 231 bytes (1 switches on core 0)
2026-03-03 22:24:22.114 8 INFO placement.requestlog [None req-ef010be6-c585-4b68-bbdc-20b4d2a2355e fe60990167894d08941536507fe5eea1 4cd31d4d609b4da1be141f783a4e415b - - de437c2025d9429abb7b6cb3c0452482 de437c2025d9429abb7b6cb3c0452482] 10.0.0.23 "DELETE /resource_providers/3b066898-c45f-4580-9519-a3ff84bc4d25" status: 404 len: 246 microversion: 1.1 [pid: 8|app: 0|req: 550/1114] 10.0.0.23 () {34 vars in 814 bytes} [Tue Mar 3 22:24:22 2026] DELETE /resource_providers/3b066898-c45f-4580-9519-a3ff84bc4d25 => generated 246 bytes in 12 msecs (HTTP/1.1 404) 6 headers in 231 bytes (1 switches on core 0)
2026-03-03 22:24:22.701 7 INFO placement.requestlog [None req-2ee00f91-dfc5-4d90-af12-eaedc06bb57d - - - - - -] 10.0.0.202 "GET /" status: 200 len: 136 microversion: 1.0
2026-03-03 22:24:22.704 8 INFO placement.requestlog [None req-28d4ebec-253e-4328-93bc-527fcaf9eb22 - - - - - -] 10.0.0.202 "GET /" status: 200 len: 136 microversion: 1.0
2026-03-03 22:24:24.142 7 INFO placement.requestlog [None req-d9f2ed52-6a00-4cff-8710-22b3c317dc88 fe60990167894d08941536507fe5eea1 4cd31d4d609b4da1be141f783a4e415b - - de437c2025d9429abb7b6cb3c0452482 de437c2025d9429abb7b6cb3c0452482] 10.0.0.23 "GET /resource_providers/e134a50e-1ace-421e-b2e4-83b7d033cdba/aggregates" status: 404 len: 235 microversion: 1.1 [pid: 7|app: 0|req: 566/1117] 10.0.0.23 () {32 vars in 814 bytes} [Tue Mar 3 22:24:24 2026] GET /resource_providers/e134a50e-1ace-421e-b2e4-83b7d033cdba/aggregates => generated 235 bytes in 9 msecs (HTTP/1.1 404) 5 headers in 202 bytes (1 switches on core 0)
2026-03-03 22:24:24.147 8 INFO placement.requestlog [None req-7ddc4ae4-fcc0-4c7a-84ca-fe22ff039c3e fe60990167894d08941536507fe5eea1 4cd31d4d609b4da1be141f783a4e415b - - de437c2025d9429abb7b6cb3c0452482 de437c2025d9429abb7b6cb3c0452482] 10.0.0.23 "GET /resource_providers/e134a50e-1ace-421e-b2e4-83b7d033cdba/aggregates" status: 404 len: 235 microversion: 1.1 [pid: 8|app: 0|req: 552/1118] 10.0.0.23 () {32 vars in 814 bytes} [Tue Mar 3 22:24:24 2026] GET /resource_providers/e134a50e-1ace-421e-b2e4-83b7d033cdba/aggregates => generated 235 bytes in 13 msecs (HTTP/1.1 404) 5 headers in 202 bytes (1 switches on core 0)
2026-03-03 22:24:24.167 7 INFO placement.requestlog [None req-f49a4e08-06a1-47ab-9222-c0cc4efcc704 fe60990167894d08941536507fe5eea1 4cd31d4d609b4da1be141f783a4e415b - - de437c2025d9429abb7b6cb3c0452482 de437c2025d9429abb7b6cb3c0452482] 10.0.0.23 "DELETE /resource_providers/e134a50e-1ace-421e-b2e4-83b7d033cdba" status: 404 len: 246 microversion: 1.1 [pid: 7|app: 0|req: 567/1119] 10.0.0.23 () {34 vars in 814 bytes} [Tue Mar 3 22:24:24 2026] DELETE /resource_providers/e134a50e-1ace-421e-b2e4-83b7d033cdba => generated 246 bytes in 11 msecs (HTTP/1.1 404) 6 headers in 231 bytes (1 switches on core 0)
2026-03-03 22:24:24.182 8 INFO placement.requestlog [None req-80e1e2d0-c3aa-4379-8270-80c75247794f fe60990167894d08941536507fe5eea1 4cd31d4d609b4da1be141f783a4e415b - - de437c2025d9429abb7b6cb3c0452482 de437c2025d9429abb7b6cb3c0452482] 10.0.0.23 "DELETE /resource_providers/e134a50e-1ace-421e-b2e4-83b7d033cdba" status: 404 len: 246 microversion: 1.1 [pid: 8|app: 0|req: 553/1120] 10.0.0.23 () {34 vars in 814 bytes} [Tue Mar 3 22:24:24 2026] DELETE /resource_providers/e134a50e-1ace-421e-b2e4-83b7d033cdba => generated 246 bytes in 9 msecs (HTTP/1.1 404) 6 headers in 231 bytes (1 switches on core 0)
2026-03-03 22:24:24.977 7 INFO placement.requestlog [None req-3bb23a58-12c0-4aa7-9655-09e9f4078abb fe60990167894d08941536507fe5eea1 4cd31d4d609b4da1be141f783a4e415b - - de437c2025d9429abb7b6cb3c0452482 de437c2025d9429abb7b6cb3c0452482] 10.0.0.23 "GET /resource_providers/1c18dd77-ac1c-45fd-af8e-9f34592de7d3/aggregates" status: 404 len: 235 microversion: 1.1 [pid: 7|app: 0|req: 568/1121] 10.0.0.23 () {32 vars in 814 bytes} [Tue Mar 3 22:24:24 2026] GET /resource_providers/1c18dd77-ac1c-45fd-af8e-9f34592de7d3/aggregates => generated 235 bytes in 10 msecs (HTTP/1.1 404) 5 headers in 202 bytes (1 switches on core 0)
2026-03-03 22:24:24.980 8 INFO placement.requestlog [None req-0d8837b3-8092-412a-a10d-67c6468073cc fe60990167894d08941536507fe5eea1 4cd31d4d609b4da1be141f783a4e415b - - de437c2025d9429abb7b6cb3c0452482 de437c2025d9429abb7b6cb3c0452482] 10.0.0.23 "GET /resource_providers/1c18dd77-ac1c-45fd-af8e-9f34592de7d3/aggregates" status: 404 len: 235 microversion: 1.1 [pid: 8|app: 0|req: 554/1122] 10.0.0.23 () {32 vars in 814 bytes} [Tue Mar 3 22:24:24 2026] GET /resource_providers/1c18dd77-ac1c-45fd-af8e-9f34592de7d3/aggregates => generated 235 bytes in 14 msecs (HTTP/1.1 404) 5 headers in 202 bytes (1 switches on core 0)
2026-03-03 22:24:24.995 7 INFO placement.requestlog [None req-c61bac31-024c-4d2c-802c-3d41f516eb09 fe60990167894d08941536507fe5eea1 4cd31d4d609b4da1be141f783a4e415b - - de437c2025d9429abb7b6cb3c0452482 de437c2025d9429abb7b6cb3c0452482] 10.0.0.23 "DELETE /resource_providers/1c18dd77-ac1c-45fd-af8e-9f34592de7d3" status: 404 len: 246 microversion: 1.1 [pid: 7|app: 0|req: 569/1123] 10.0.0.23 () {34 vars in 814 bytes} [Tue Mar 3 22:24:24 2026] DELETE /resource_providers/1c18dd77-ac1c-45fd-af8e-9f34592de7d3 => generated 246 bytes in 7 msecs (HTTP/1.1 404) 6 headers in 231 bytes (1 switches on core 0)
2026-03-03 22:24:25.005 8 INFO placement.requestlog [None req-f2d3d1bb-2f9b-4857-abdd-cd6d3aa4c1af fe60990167894d08941536507fe5eea1 4cd31d4d609b4da1be141f783a4e415b - - de437c2025d9429abb7b6cb3c0452482 de437c2025d9429abb7b6cb3c0452482] 10.0.0.23 "DELETE /resource_providers/1c18dd77-ac1c-45fd-af8e-9f34592de7d3" status: 404 len: 246 microversion: 1.1 [pid: 8|app: 0|req: 555/1124] 10.0.0.23 () {34 vars in 814 bytes} [Tue Mar 3 22:24:24 2026] DELETE /resource_providers/1c18dd77-ac1c-45fd-af8e-9f34592de7d3 => generated 246 bytes in 13 msecs (HTTP/1.1 404) 6 headers in 231 bytes (1 switches on core 0)
2026-03-03 22:24:26.196 7 INFO placement.requestlog [None req-8c53af57-dc22-4ac0-8873-8013d9aed442 fe60990167894d08941536507fe5eea1 4cd31d4d609b4da1be141f783a4e415b - - de437c2025d9429abb7b6cb3c0452482 de437c2025d9429abb7b6cb3c0452482] 10.0.0.23 "GET /resource_providers/bfb820f5-dc9f-4e08-ae55-6868c076aede/aggregates" status: 404 len: 235 microversion: 1.1 [pid: 7|app: 0|req: 570/1125] 10.0.0.23 () {32 vars in 814 bytes} [Tue Mar 3 22:24:26 2026] GET /resource_providers/bfb820f5-dc9f-4e08-ae55-6868c076aede/aggregates => generated 235 bytes in 13 msecs (HTTP/1.1 404) 5 headers in 202 bytes (1 switches on core 0)
2026-03-03 22:24:26.215 8 INFO placement.requestlog [None req-f5270caa-bc37-4411-a86e-fcaba5a26b50 fe60990167894d08941536507fe5eea1 4cd31d4d609b4da1be141f783a4e415b - - de437c2025d9429abb7b6cb3c0452482 de437c2025d9429abb7b6cb3c0452482] 10.0.0.23 "GET /resource_providers/bfb820f5-dc9f-4e08-ae55-6868c076aede/aggregates" status: 404 len: 235 microversion: 1.1 [pid: 8|app: 0|req: 556/1126] 10.0.0.23 () {32 vars in 814 bytes} [Tue Mar 3 22:24:26 2026] GET /resource_providers/bfb820f5-dc9f-4e08-ae55-6868c076aede/aggregates => generated 235 bytes in 12 msecs (HTTP/1.1 404) 5 headers in 202 bytes (1 switches on core 0)
2026-03-03 22:24:26.230 7 INFO placement.requestlog [None req-0f08dfff-0ff6-4b6f-baa6-6e98f0f08c11 fe60990167894d08941536507fe5eea1 4cd31d4d609b4da1be141f783a4e415b - - de437c2025d9429abb7b6cb3c0452482 de437c2025d9429abb7b6cb3c0452482] 10.0.0.23 "DELETE /resource_providers/bfb820f5-dc9f-4e08-ae55-6868c076aede" status: 404 len: 246 microversion: 1.1 [pid: 7|app: 0|req: 571/1127] 10.0.0.23 () {34 vars in 814 bytes} [Tue Mar 3 22:24:26 2026] DELETE /resource_providers/bfb820f5-dc9f-4e08-ae55-6868c076aede => generated 246 bytes in 18 msecs (HTTP/1.1 404) 6 headers in 231 bytes (1 switches on core 0)
2026-03-03 22:24:26.246 8 INFO placement.requestlog [None req-c137aa75-653d-417c-962a-becb7249dcc1 fe60990167894d08941536507fe5eea1 4cd31d4d609b4da1be141f783a4e415b - - de437c2025d9429abb7b6cb3c0452482 de437c2025d9429abb7b6cb3c0452482] 10.0.0.23 "GET /resource_providers/11cd3df3-6e5e-4547-aa56-0736f3ff184a/aggregates" status: 404 len: 235 microversion: 1.1 [pid: 8|app: 0|req: 557/1128] 10.0.0.23 () {32 vars in 814 bytes} [Tue Mar 3 22:24:26 2026] GET /resource_providers/11cd3df3-6e5e-4547-aa56-0736f3ff184a/aggregates => generated 235 bytes in 9 msecs (HTTP/1.1 404) 5 headers in 202 bytes (1 switches on core 0)
2026-03-03 22:24:26.261 7 INFO placement.requestlog [None req-36d3c5c3-cf96-4448-8d1d-97a68b346e13 fe60990167894d08941536507fe5eea1 4cd31d4d609b4da1be141f783a4e415b - - de437c2025d9429abb7b6cb3c0452482 de437c2025d9429abb7b6cb3c0452482] 10.0.0.23 "DELETE /resource_providers/bfb820f5-dc9f-4e08-ae55-6868c076aede" status: 404 len: 246 microversion: 1.1 [pid: 7|app: 0|req: 572/1129] 10.0.0.23 () {34 vars in 814 bytes} [Tue Mar 3 22:24:26 2026] DELETE /resource_providers/bfb820f5-dc9f-4e08-ae55-6868c076aede => generated 246 bytes in 21 msecs (HTTP/1.1 404) 6 headers in 231 bytes (1 switches on core 0)
2026-03-03 22:24:26.273 8 INFO placement.requestlog [None req-1f579d28-f91b-4e52-9f65-f589c5301d7e fe60990167894d08941536507fe5eea1 4cd31d4d609b4da1be141f783a4e415b - - de437c2025d9429abb7b6cb3c0452482 de437c2025d9429abb7b6cb3c0452482] 10.0.0.23 "DELETE /resource_providers/11cd3df3-6e5e-4547-aa56-0736f3ff184a" status: 404 len: 246 microversion: 1.1 [pid: 8|app: 0|req: 558/1130] 10.0.0.23 () {34 vars in 814 bytes} [Tue Mar 3 22:24:26 2026] DELETE /resource_providers/11cd3df3-6e5e-4547-aa56-0736f3ff184a => generated 246 bytes in 19 msecs (HTTP/1.1 404) 6 headers in 231 bytes (1 switches on core 0)
2026-03-03 22:24:26.285 7 INFO placement.requestlog [None req-4b3e4002-b066-4d25-9d49-5fcb11f1fd2d fe60990167894d08941536507fe5eea1 4cd31d4d609b4da1be141f783a4e415b - - de437c2025d9429abb7b6cb3c0452482 de437c2025d9429abb7b6cb3c0452482] 10.0.0.23 "GET /resource_providers/11cd3df3-6e5e-4547-aa56-0736f3ff184a/aggregates" status: 404 len: 235 microversion: 1.1 [pid: 7|app: 0|req: 573/1131] 10.0.0.23 () {32 vars in 814 bytes} [Tue Mar 3 22:24:26 2026] GET /resource_providers/11cd3df3-6e5e-4547-aa56-0736f3ff184a/aggregates => generated 235 bytes in 14 msecs (HTTP/1.1 404) 5 headers in 202 bytes (1 switches on core 0)
2026-03-03 22:24:26.295 8 INFO placement.requestlog [None req-65f2b9e9-3e5f-406b-a2ee-0cacdfdd62f4 fe60990167894d08941536507fe5eea1 4cd31d4d609b4da1be141f783a4e415b - - de437c2025d9429abb7b6cb3c0452482 de437c2025d9429abb7b6cb3c0452482] 10.0.0.23 "GET /resource_providers/a90363e2-4888-4408-9112-4aad1d85e8e4/aggregates" status: 404 len: 235 microversion: 1.1 [pid: 8|app: 0|req: 559/1132] 10.0.0.23 () {32 vars in 814 bytes} [Tue Mar 3 22:24:26 2026] GET /resource_providers/a90363e2-4888-4408-9112-4aad1d85e8e4/aggregates => generated 235 bytes in 14 msecs (HTTP/1.1 404) 5 headers in 202 bytes (1 switches on core 0)
2026-03-03 22:24:26.309 7 INFO placement.requestlog [None req-14175773-09d8-40e3-b7f5-ac06c646fadc fe60990167894d08941536507fe5eea1 4cd31d4d609b4da1be141f783a4e415b - - de437c2025d9429abb7b6cb3c0452482 de437c2025d9429abb7b6cb3c0452482] 10.0.0.23 "DELETE /resource_providers/11cd3df3-6e5e-4547-aa56-0736f3ff184a" status: 404 len: 246 microversion: 1.1 [pid: 7|app: 0|req: 574/1133] 10.0.0.23 () {34 vars in 814 bytes} [Tue Mar 3 22:24:26 2026] DELETE /resource_providers/11cd3df3-6e5e-4547-aa56-0736f3ff184a => generated 246 bytes in 10 msecs (HTTP/1.1 404) 6 headers in 231 bytes (1 switches on core 0)
2026-03-03 22:24:26.318 8 INFO placement.requestlog [None req-356c3a58-3151-4cdd-8549-701ec1f929f7 fe60990167894d08941536507fe5eea1 4cd31d4d609b4da1be141f783a4e415b - - de437c2025d9429abb7b6cb3c0452482 de437c2025d9429abb7b6cb3c0452482] 10.0.0.23 "DELETE /resource_providers/a90363e2-4888-4408-9112-4aad1d85e8e4" status: 404 len: 246 microversion: 1.1 [pid: 8|app: 0|req: 560/1134] 10.0.0.23 () {34 vars in 814 bytes} [Tue Mar 3 22:24:26 2026] DELETE /resource_providers/a90363e2-4888-4408-9112-4aad1d85e8e4 => generated 246 bytes in 11 msecs (HTTP/1.1 404) 6 headers in 231 bytes (1 switches on core 0)
2026-03-03 22:24:26.327 8 INFO placement.requestlog [None req-b1dec831-a0f2-4c88-8bf5-6196885a1157 fe60990167894d08941536507fe5eea1 4cd31d4d609b4da1be141f783a4e415b - - de437c2025d9429abb7b6cb3c0452482 de437c2025d9429abb7b6cb3c0452482] 10.0.0.23 "GET /resource_providers/3e355cce-5112-4391-8da7-285a9e01c5b1/aggregates" status: 404 len: 235 microversion: 1.1 [pid: 8|app: 0|req: 561/1135] 10.0.0.23 () {32 vars in 814 bytes} [Tue Mar 3 22:24:26 2026] GET /resource_providers/3e355cce-5112-4391-8da7-285a9e01c5b1/aggregates => generated 235 bytes in 4 msecs (HTTP/1.1 404) 5 headers in 202 bytes (1 switches on core 0)
2026-03-03 22:24:26.332 7 INFO placement.requestlog [None req-b3ea3bf6-e5ad-4019-bc09-20112bc98fc1 fe60990167894d08941536507fe5eea1 4cd31d4d609b4da1be141f783a4e415b - - de437c2025d9429abb7b6cb3c0452482 de437c2025d9429abb7b6cb3c0452482] 10.0.0.23 "GET /resource_providers/a90363e2-4888-4408-9112-4aad1d85e8e4/aggregates" status: 404 len: 235 microversion: 1.1 [pid: 7|app: 0|req: 575/1136] 10.0.0.23 () {32 vars in 814 bytes} [Tue Mar 3 22:24:26 2026] GET /resource_providers/a90363e2-4888-4408-9112-4aad1d85e8e4/aggregates => generated 235 bytes in 10 msecs (HTTP/1.1 404) 5 headers in 202 bytes (1 switches on core 0)
2026-03-03 22:24:26.345 7 INFO placement.requestlog [None req-950720f8-8c52-4b6c-a3a6-6a1c7d0881fe fe60990167894d08941536507fe5eea1 4cd31d4d609b4da1be141f783a4e415b - - de437c2025d9429abb7b6cb3c0452482 de437c2025d9429abb7b6cb3c0452482] 10.0.0.23 "DELETE /resource_providers/a90363e2-4888-4408-9112-4aad1d85e8e4" status: 404 len: 246 microversion: 1.1 [pid: 7|app: 0|req: 576/1137] 10.0.0.23 () {34 vars in 814 bytes} [Tue Mar 3 22:24:26 2026] DELETE /resource_providers/a90363e2-4888-4408-9112-4aad1d85e8e4 => generated 246 bytes in 7 msecs (HTTP/1.1 404) 6 headers in 231 bytes (1 switches on core 0)
2026-03-03 22:24:26.346 8 INFO placement.requestlog [None req-ad4ba3c4-918c-4b12-adad-c1a1397e81bf fe60990167894d08941536507fe5eea1 4cd31d4d609b4da1be141f783a4e415b - - de437c2025d9429abb7b6cb3c0452482 de437c2025d9429abb7b6cb3c0452482] 10.0.0.23 "DELETE /resource_providers/3e355cce-5112-4391-8da7-285a9e01c5b1" status: 404 len: 246 microversion: 1.1 [pid: 8|app: 0|req: 562/1138] 10.0.0.23 () {34 vars in 814 bytes} [Tue Mar 3 22:24:26 2026] DELETE /resource_providers/3e355cce-5112-4391-8da7-285a9e01c5b1 => generated 246 bytes in 14 msecs (HTTP/1.1 404) 6 headers in 231 bytes (1 switches on core 0)
2026-03-03 22:24:26.357 7 INFO placement.requestlog [None req-882321fa-0502-4ec3-a7a2-5c07e8da8ce3 fe60990167894d08941536507fe5eea1 4cd31d4d609b4da1be141f783a4e415b - - de437c2025d9429abb7b6cb3c0452482 de437c2025d9429abb7b6cb3c0452482] 10.0.0.23 "GET /resource_providers/3e355cce-5112-4391-8da7-285a9e01c5b1/aggregates" status: 404 len: 235 microversion: 1.1 [pid: 7|app: 0|req: 577/1139] 10.0.0.23 () {32 vars in 814 bytes} [Tue Mar 3 22:24:26 2026] GET /resource_providers/3e355cce-5112-4391-8da7-285a9e01c5b1/aggregates => generated 235 bytes in 6 msecs (HTTP/1.1 404) 5 headers in 202 bytes (1 switches on core 0)
2026-03-03 22:24:26.369 8 INFO placement.requestlog [None req-14dbf29b-989c-49da-a93a-9368f38c5cc4 fe60990167894d08941536507fe5eea1 4cd31d4d609b4da1be141f783a4e415b - - de437c2025d9429abb7b6cb3c0452482 de437c2025d9429abb7b6cb3c0452482] 10.0.0.23 "DELETE /resource_providers/3e355cce-5112-4391-8da7-285a9e01c5b1" status: 404 len: 246 microversion: 1.1 [pid: 8|app: 0|req: 563/1140] 10.0.0.23 () {34 vars in 814 bytes} [Tue Mar 3 22:24:26 2026] DELETE /resource_providers/3e355cce-5112-4391-8da7-285a9e01c5b1 => generated 246 bytes in 8 msecs (HTTP/1.1 404) 6 headers in 231 bytes (1 switches on core 0)
2026-03-03 22:24:27.016 7 INFO placement.requestlog [None req-939f5a19-942b-44b8-8ade-6b087766dd14 fe60990167894d08941536507fe5eea1 4cd31d4d609b4da1be141f783a4e415b - - de437c2025d9429abb7b6cb3c0452482 de437c2025d9429abb7b6cb3c0452482] 10.0.0.23 "GET /resource_providers/f8a7ea3b-145c-474c-87f5-4ddda9d662b0/aggregates" status: 404 len: 235 microversion: 1.1 [pid: 7|app: 0|req: 578/1141] 10.0.0.23 () {32 vars in 814 bytes} [Tue Mar 3 22:24:27 2026] GET /resource_providers/f8a7ea3b-145c-474c-87f5-4ddda9d662b0/aggregates => generated 235 bytes in 12 msecs (HTTP/1.1 404) 5 headers in 202 bytes (1 switches on core 0)
2026-03-03 22:24:27.027 8 INFO placement.requestlog [None req-479444d6-340a-4d4a-994b-26e08a022279 fe60990167894d08941536507fe5eea1 4cd31d4d609b4da1be141f783a4e415b - - de437c2025d9429abb7b6cb3c0452482 de437c2025d9429abb7b6cb3c0452482] 10.0.0.23 "GET /resource_providers/f8a7ea3b-145c-474c-87f5-4ddda9d662b0/aggregates" status: 404 len: 235 microversion: 1.1 [pid: 8|app: 0|req: 564/1142] 10.0.0.23 () {32 vars in 814 bytes} [Tue Mar 3 22:24:27 2026] GET /resource_providers/f8a7ea3b-145c-474c-87f5-4ddda9d662b0/aggregates => generated 235 bytes in 10 msecs (HTTP/1.1 404) 5 headers in 202 bytes (1 switches on core 0)
2026-03-03 22:24:27.033 7 INFO placement.requestlog [None req-bb7532a0-4d1e-498d-a5f6-7da91ad838f3 fe60990167894d08941536507fe5eea1 4cd31d4d609b4da1be141f783a4e415b - - de437c2025d9429abb7b6cb3c0452482 de437c2025d9429abb7b6cb3c0452482] 10.0.0.23 "DELETE /resource_providers/f8a7ea3b-145c-474c-87f5-4ddda9d662b0" status: 404 len: 246 microversion: 1.1 [pid: 7|app: 0|req: 579/1143] 10.0.0.23 () {34 vars in 814 bytes} [Tue Mar 3 22:24:27 2026] DELETE /resource_providers/f8a7ea3b-145c-474c-87f5-4ddda9d662b0 => generated 246 bytes in 6 msecs (HTTP/1.1 404) 6 headers in 231 bytes (1 switches on core 0)
2026-03-03 22:24:27.047 7 INFO placement.requestlog [None req-14f2c4ac-2c32-4a9c-808a-b654a35df16b fe60990167894d08941536507fe5eea1 4cd31d4d609b4da1be141f783a4e415b - - de437c2025d9429abb7b6cb3c0452482 de437c2025d9429abb7b6cb3c0452482] 10.0.0.23 "GET /resource_providers/29469390-e3fa-4294-8d86-f8edd66b40e8/aggregates" status: 404 len: 235 microversion: 1.1 [pid: 7|app: 0|req: 580/1144] 10.0.0.23 () {32 vars in 814 bytes} [Tue Mar 3 22:24:27 2026] GET /resource_providers/29469390-e3fa-4294-8d86-f8edd66b40e8/aggregates => generated 235 bytes in 5 msecs (HTTP/1.1 404) 5 headers in 202 bytes (1 switches on core 0)
2026-03-03 22:24:27.048 8 INFO placement.requestlog [None req-3b80083a-0d89-409c-954a-09d8fd5309ad fe60990167894d08941536507fe5eea1 4cd31d4d609b4da1be141f783a4e415b - - de437c2025d9429abb7b6cb3c0452482 de437c2025d9429abb7b6cb3c0452482] 10.0.0.23 "DELETE /resource_providers/f8a7ea3b-145c-474c-87f5-4ddda9d662b0" status: 404 len: 246 microversion: 1.1 [pid: 8|app: 0|req: 565/1145] 10.0.0.23 () {34 vars in 814 bytes} [Tue Mar 3 22:24:27 2026] DELETE /resource_providers/f8a7ea3b-145c-474c-87f5-4ddda9d662b0 => generated 246 bytes in 8 msecs (HTTP/1.1 404) 6 headers in 231 bytes (1 switches on core 0)
2026-03-03 22:24:27.065 7 INFO placement.requestlog [None req-de3399c4-2b82-4489-9f74-3b2819de2c59 fe60990167894d08941536507fe5eea1 4cd31d4d609b4da1be141f783a4e415b - - de437c2025d9429abb7b6cb3c0452482 de437c2025d9429abb7b6cb3c0452482] 10.0.0.23 "DELETE /resource_providers/29469390-e3fa-4294-8d86-f8edd66b40e8" status: 404 len: 246 microversion: 1.1 [pid: 7|app: 0|req: 581/1146] 10.0.0.23 () {34 vars in 814 bytes} [Tue Mar 3 22:24:27 2026] DELETE /resource_providers/29469390-e3fa-4294-8d86-f8edd66b40e8 => generated 246 bytes in 9 msecs (HTTP/1.1 404) 6 headers in 231 bytes (1 switches on core 0)
2026-03-03 22:24:27.069 8 INFO placement.requestlog [None req-57a28573-b9d6-4933-9d82-09929a82252f fe60990167894d08941536507fe5eea1 4cd31d4d609b4da1be141f783a4e415b - - de437c2025d9429abb7b6cb3c0452482 de437c2025d9429abb7b6cb3c0452482] 10.0.0.23 "GET /resource_providers/29469390-e3fa-4294-8d86-f8edd66b40e8/aggregates" status: 404 len: 235 microversion: 1.1 [pid: 8|app: 0|req: 566/1147] 10.0.0.23 () {32 vars in 814 bytes} [Tue Mar 3 22:24:27 2026] GET /resource_providers/29469390-e3fa-4294-8d86-f8edd66b40e8/aggregates => generated 235 bytes in 11 msecs (HTTP/1.1 404) 5 headers in 202 bytes (1 switches on core 0)
2026-03-03 22:24:27.086 7 INFO placement.requestlog [None req-9dfa70d1-b162-4298-aef1-285fc9f227d5 fe60990167894d08941536507fe5eea1 4cd31d4d609b4da1be141f783a4e415b - - de437c2025d9429abb7b6cb3c0452482 de437c2025d9429abb7b6cb3c0452482] 10.0.0.23 "DELETE /resource_providers/29469390-e3fa-4294-8d86-f8edd66b40e8" status: 404 len: 246 microversion: 1.1 [pid: 7|app: 0|req: 582/1148] 10.0.0.23 () {34 vars in 814 bytes} [Tue Mar 3 22:24:27 2026] DELETE /resource_providers/29469390-e3fa-4294-8d86-f8edd66b40e8 => generated 246 bytes in 11 msecs (HTTP/1.1 404) 6 headers in 231 bytes (1 switches on core 0)
2026-03-03 22:24:28.649 8 INFO placement.requestlog [None req-9bde8546-597a-4046-8ea2-c25fa83085a5 bb263fd5bc1d4a4bb373ce23df8f4363 0b2a4e3dc9154bf0adbe24448be0dbf7 - - default default] 10.0.0.147 "GET /resource_providers" status: 200 len: 406 microversion: 1.0 [pid: 8|app: 0|req: 567/1149] 10.0.0.147 () {28 vars in 592 bytes} [Tue Mar 3 22:24:28 2026] GET /resource_providers => generated 406 bytes in 114 msecs (HTTP/1.1 200) 6 headers in 224 bytes (1 switches on core 0)
2026-03-03 22:24:28.677 7 INFO placement.requestlog [None req-b5c44f42-feff-4df9-baa2-eb29911df32d bb263fd5bc1d4a4bb373ce23df8f4363 0b2a4e3dc9154bf0adbe24448be0dbf7 - - default default] 10.0.0.147 "GET /resource_providers/26dedad1-b00e-44e3-8b1d-caae8d792c43/inventories" status: 200 len: 401 microversion: 1.0 [pid: 7|app: 0|req: 583/1150] 10.0.0.147 () {28 vars in 690 bytes} [Tue Mar 3 22:24:28 2026] GET /resource_providers/26dedad1-b00e-44e3-8b1d-caae8d792c43/inventories => generated 401 bytes in 17 msecs (HTTP/1.1 200) 6 headers in 224 bytes (1 switches on core 0)
2026-03-03 22:24:28.698 8 INFO placement.requestlog [None req-2223140b-2efc-483c-83d0-6c45ccf61c52 bb263fd5bc1d4a4bb373ce23df8f4363 0b2a4e3dc9154bf0adbe24448be0dbf7 - - default default] 10.0.0.147 "GET /resource_providers/26dedad1-b00e-44e3-8b1d-caae8d792c43/usages" status: 200 len: 92 microversion: 1.0 [pid: 8|app: 0|req: 568/1151] 10.0.0.147 () {28 vars in 680 bytes} [Tue Mar 3 22:24:28 2026] GET /resource_providers/26dedad1-b00e-44e3-8b1d-caae8d792c43/usages => generated 92 bytes in 18 msecs (HTTP/1.1 200) 6 headers in 223 bytes (1 switches on core 0)
2026-03-03 22:24:32.702 8 INFO placement.requestlog [None req-3f9b0a8e-82d9-4425-949b-f66f9edf8fa0 - - - - - -] 10.0.0.202 "GET /" status: 200 len: 136 microversion: 1.0
2026-03-03 22:24:32.701 7 INFO placement.requestlog [None req-e9d9bc87-c4f4-4c4a-8778-310fc9f911c8 - - - - - -] 10.0.0.202 "GET /" status: 200 len: 136 microversion: 1.0
2026-03-03 22:24:33.232 8 INFO placement.requestlog [None req-87052c53-05e6-4cc5-9915-f1f5cdec03ce fe60990167894d08941536507fe5eea1 4cd31d4d609b4da1be141f783a4e415b - - de437c2025d9429abb7b6cb3c0452482 de437c2025d9429abb7b6cb3c0452482] 10.0.0.23 "GET /resource_providers/599d07b2-4ce6-4579-a4fa-4ec8965e2acc/aggregates" status: 404 len: 235 microversion: 1.1 [pid: 8|app: 0|req: 570/1154] 10.0.0.23 () {32 vars in 814 bytes} [Tue Mar 3 22:24:33 2026] GET /resource_providers/599d07b2-4ce6-4579-a4fa-4ec8965e2acc/aggregates => generated 235 bytes in 16 msecs (HTTP/1.1 404) 5 headers in 202 bytes (1 switches on core 0)
2026-03-03 22:24:33.241 7 INFO placement.requestlog [None req-ef09d8c1-a0b8-4938-8942-e549aa8f7583 fe60990167894d08941536507fe5eea1 4cd31d4d609b4da1be141f783a4e415b - - de437c2025d9429abb7b6cb3c0452482 de437c2025d9429abb7b6cb3c0452482] 10.0.0.23 "GET /resource_providers/599d07b2-4ce6-4579-a4fa-4ec8965e2acc/aggregates" status: 404 len: 235 microversion: 1.1 [pid: 7|app: 0|req: 585/1155] 10.0.0.23 () {32 vars in 814 bytes} [Tue Mar 3 22:24:33 2026] GET /resource_providers/599d07b2-4ce6-4579-a4fa-4ec8965e2acc/aggregates => generated 235 bytes in 20 msecs (HTTP/1.1 404) 5 headers in 202 bytes (1 switches on core 0)
2026-03-03 22:24:33.254 8 INFO placement.requestlog [None req-89984f8c-f811-492b-8684-aff8fb35434a fe60990167894d08941536507fe5eea1 4cd31d4d609b4da1be141f783a4e415b - - de437c2025d9429abb7b6cb3c0452482 de437c2025d9429abb7b6cb3c0452482] 10.0.0.23 "DELETE /resource_providers/599d07b2-4ce6-4579-a4fa-4ec8965e2acc" status: 404 len: 246 microversion: 1.1 [pid: 8|app: 0|req: 571/1156] 10.0.0.23 () {34 vars in 814 bytes} [Tue Mar 3 22:24:33 2026] DELETE /resource_providers/599d07b2-4ce6-4579-a4fa-4ec8965e2acc => generated 246 bytes in 11 msecs (HTTP/1.1 404) 6 headers in 231 bytes (1 switches on core 0)
2026-03-03 22:24:33.257 7 INFO placement.requestlog [None req-7e397db7-e22d-450c-af00-f13211c620ae fe60990167894d08941536507fe5eea1 4cd31d4d609b4da1be141f783a4e415b - - de437c2025d9429abb7b6cb3c0452482 de437c2025d9429abb7b6cb3c0452482] 10.0.0.23 "DELETE /resource_providers/599d07b2-4ce6-4579-a4fa-4ec8965e2acc" status: 404 len: 246 microversion: 1.1 [pid: 7|app: 0|req: 586/1157] 10.0.0.23 () {34 vars in 814 bytes} [Tue Mar 3 22:24:33 2026] DELETE /resource_providers/599d07b2-4ce6-4579-a4fa-4ec8965e2acc => generated 246 bytes in 8 msecs (HTTP/1.1 404) 6 headers in 231 bytes (1 switches on core 0)
2026-03-03 22:24:39.987 7 INFO placement.requestlog [None req-91002c9f-92fd-462d-be0c-142c09f944d0 fe60990167894d08941536507fe5eea1 4cd31d4d609b4da1be141f783a4e415b - - de437c2025d9429abb7b6cb3c0452482 de437c2025d9429abb7b6cb3c0452482] 10.0.0.23 "GET /resource_providers/950c7acf-ca6d-402c-98ec-fa08d476fc53/aggregates" status: 404 len: 235 microversion: 1.1 [pid: 7|app: 0|req: 587/1158] 10.0.0.23 () {32 vars in 814 bytes} [Tue Mar 3 22:24:39 2026] GET /resource_providers/950c7acf-ca6d-402c-98ec-fa08d476fc53/aggregates => generated 235 bytes in 9 msecs (HTTP/1.1 404) 5 headers in 202 bytes (1 switches on core 0)
2026-03-03 22:24:39.989 8 INFO placement.requestlog [None req-cd12e626-0618-4853-9ae9-155f53911b83 fe60990167894d08941536507fe5eea1 4cd31d4d609b4da1be141f783a4e415b - - de437c2025d9429abb7b6cb3c0452482 de437c2025d9429abb7b6cb3c0452482] 10.0.0.23 "GET /resource_providers/950c7acf-ca6d-402c-98ec-fa08d476fc53/aggregates" status: 404 len: 235 microversion: 1.1 [pid: 8|app: 0|req: 572/1159] 10.0.0.23 () {32 vars in 814 bytes} [Tue Mar 3 22:24:39 2026] GET /resource_providers/950c7acf-ca6d-402c-98ec-fa08d476fc53/aggregates => generated 235 bytes in 13 msecs (HTTP/1.1 404) 5 headers in 202 bytes (1 switches on core 0)
2026-03-03 22:24:40.007 7 INFO placement.requestlog [None req-167abfc6-5dac-42f8-b222-47b262ba15b1 fe60990167894d08941536507fe5eea1 4cd31d4d609b4da1be141f783a4e415b - - de437c2025d9429abb7b6cb3c0452482 de437c2025d9429abb7b6cb3c0452482] 10.0.0.23 "DELETE /resource_providers/950c7acf-ca6d-402c-98ec-fa08d476fc53" status: 404 len: 246 microversion: 1.1 [pid: 7|app: 0|req: 588/1160] 10.0.0.23 () {34 vars in 814 bytes} [Tue Mar 3 22:24:39 2026] DELETE /resource_providers/950c7acf-ca6d-402c-98ec-fa08d476fc53 => generated 246 bytes in 8 msecs (HTTP/1.1 404) 6 headers in 231 bytes (1 switches on core 0)
2026-03-03 22:24:40.010 8 INFO placement.requestlog [None req-0e343e62-7bb8-42a2-a42d-666063e62f0e fe60990167894d08941536507fe5eea1 4cd31d4d609b4da1be141f783a4e415b - - de437c2025d9429abb7b6cb3c0452482 de437c2025d9429abb7b6cb3c0452482] 10.0.0.23 "DELETE /resource_providers/950c7acf-ca6d-402c-98ec-fa08d476fc53" status: 404 len: 246 microversion: 1.1 [pid: 8|app: 0|req: 573/1161] 10.0.0.23 () {34 vars in 814 bytes} [Tue Mar 3 22:24:40 2026] DELETE /resource_providers/950c7acf-ca6d-402c-98ec-fa08d476fc53 => generated 246 bytes in 5 msecs (HTTP/1.1 404) 6 headers in 231 bytes (1 switches on core 0)
2026-03-03 22:24:40.968 7 INFO placement.requestlog [req-c6866e48-f596-4a55-b1fe-3ce19384e31a req-d0476047-2911-47fc-875e-c4230f099698 9db1bee9b407475db7321e9d8644acec 4cd31d4d609b4da1be141f783a4e415b - - de437c2025d9429abb7b6cb3c0452482 de437c2025d9429abb7b6cb3c0452482] 10.0.0.58 "GET /allocation_candidates?limit=1000&resources=DISK_GB%3A1%2CMEMORY_MB%3A512%2CVCPU%3A1&root_required=%21COMPUTE_STATUS_DISABLED" status: 200 len: 2784 microversion: 1.36 [pid: 7|app: 0|req: 589/1162] 10.0.0.58 () {34 vars in 1010 bytes} [Tue Mar 3 22:24:40 2026] GET /allocation_candidates?limit=1000&resources=DISK_GB%3A1%2CMEMORY_MB%3A512%2CVCPU%3A1&root_required=%21COMPUTE_STATUS_DISABLED => generated 2784 bytes in 52 msecs (HTTP/1.1 200) 8 headers in 297 bytes (1 switches on core 0)
2026-03-03 22:24:41.008 8 INFO placement.requestlog [req-c6866e48-f596-4a55-b1fe-3ce19384e31a req-c56b3dca-d9b1-41e9-a3f2-b67ced45de7b 9db1bee9b407475db7321e9d8644acec 4cd31d4d609b4da1be141f783a4e415b - - de437c2025d9429abb7b6cb3c0452482 de437c2025d9429abb7b6cb3c0452482] 10.0.0.58 "GET /allocations/66f7b2a3-6e2e-4847-a919-a13e5d5e8d2a" status: 200 len: 19 microversion: 1.28 [pid: 8|app: 0|req: 574/1163] 10.0.0.58 () {34 vars in 859 bytes} [Tue Mar 3 22:24:40 2026] GET /allocations/66f7b2a3-6e2e-4847-a919-a13e5d5e8d2a => generated 19 bytes in 12 msecs (HTTP/1.1 200) 8 headers in 295 bytes (1 switches on core 0)
2026-03-03 22:24:41.106 7 INFO placement.requestlog [req-c6866e48-f596-4a55-b1fe-3ce19384e31a req-4d2f44e8-4029-448e-af5e-5d03d1b67126 9db1bee9b407475db7321e9d8644acec 4cd31d4d609b4da1be141f783a4e415b - - de437c2025d9429abb7b6cb3c0452482 de437c2025d9429abb7b6cb3c0452482] 10.0.0.58 "PUT /allocations/66f7b2a3-6e2e-4847-a919-a13e5d5e8d2a" status: 204 len: 0 microversion: 1.36 [pid: 7|app: 0|req: 590/1164] 10.0.0.58 () {38 vars in 912 bytes} [Tue Mar 3 22:24:41 2026] PUT /allocations/66f7b2a3-6e2e-4847-a919-a13e5d5e8d2a => generated 0 bytes in 91 msecs (HTTP/1.1 204) 5 headers in 199 bytes (1 switches on core 0)
2026-03-03 22:24:42.621 8 INFO placement.requestlog [req-c6866e48-f596-4a55-b1fe-3ce19384e31a req-ab884028-29b2-436b-b7a6-788162d0a1fd 9db1bee9b407475db7321e9d8644acec 4cd31d4d609b4da1be141f783a4e415b - - de437c2025d9429abb7b6cb3c0452482 de437c2025d9429abb7b6cb3c0452482] 199.204.45.238 "GET /allocations/66f7b2a3-6e2e-4847-a919-a13e5d5e8d2a" status: 200 len: 258 microversion: 1.28 [pid: 8|app: 0|req: 575/1165] 199.204.45.238 () {34 vars in 862 bytes} [Tue Mar 3 22:24:42 2026] GET /allocations/66f7b2a3-6e2e-4847-a919-a13e5d5e8d2a => generated 258 bytes in 9 msecs (HTTP/1.1 200) 8 headers in 296 bytes (1 switches on core 0)
2026-03-03 22:24:42.701 8 INFO placement.requestlog [None req-e197ec6b-2d54-4173-92ff-036ade1b6312 - - - - - -] 10.0.0.202 "GET /" status: 200 len: 136 microversion: 1.0
2026-03-03 22:24:42.701 7 INFO placement.requestlog [None req-142c69c2-b8bd-4358-ba35-27a9aa17268e - - - - - -] 10.0.0.202 "GET /" status: 200 len: 136 microversion: 1.0
2026-03-03 22:24:43.665 8 INFO placement.requestlog [req-c6866e48-f596-4a55-b1fe-3ce19384e31a req-157123ee-97ce-4f27-89e8-c1366dfe6f2d 9db1bee9b407475db7321e9d8644acec 4cd31d4d609b4da1be141f783a4e415b - - de437c2025d9429abb7b6cb3c0452482 de437c2025d9429abb7b6cb3c0452482] 199.204.45.238 "GET /resource_providers/26dedad1-b00e-44e3-8b1d-caae8d792c43/allocations" status: 200 len: 440 microversion: 1.0 [pid: 8|app: 0|req: 577/1168] 199.204.45.238 () {32 vars in 856 bytes} [Tue Mar 3 22:24:43 2026] GET /resource_providers/26dedad1-b00e-44e3-8b1d-caae8d792c43/allocations => generated 440 bytes in 18 msecs (HTTP/1.1 200) 6 headers in 224 bytes (1 switches on core 0)
2026-03-03 22:24:43.686 7 INFO placement.requestlog [req-c6866e48-f596-4a55-b1fe-3ce19384e31a req-bd6258f3-8486-4b3e-b27c-ba6c55cc5514 9db1bee9b407475db7321e9d8644acec 4cd31d4d609b4da1be141f783a4e415b - - de437c2025d9429abb7b6cb3c0452482 de437c2025d9429abb7b6cb3c0452482] 199.204.45.238 "GET /allocations/7de7d0a6-1387-4df0-a0b8-269b7c22d70d" status: 200 len: 245 microversion: 1.28 [pid: 7|app: 0|req: 592/1169] 199.204.45.238 () {34 vars in 862 bytes} [Tue Mar 3 22:24:43 2026] GET /allocations/7de7d0a6-1387-4df0-a0b8-269b7c22d70d => generated 245 bytes in 14 msecs (HTTP/1.1 200) 8 headers in 296 bytes (1 switches on core 0)
2026-03-03 22:24:43.706 8 INFO placement.requestlog [req-c6866e48-f596-4a55-b1fe-3ce19384e31a req-ab3606e4-c3f5-41df-a542-97972b2b53f7 9db1bee9b407475db7321e9d8644acec 4cd31d4d609b4da1be141f783a4e415b - - de437c2025d9429abb7b6cb3c0452482 de437c2025d9429abb7b6cb3c0452482] 199.204.45.238 "GET /allocations/f7ef4804-4a57-4712-8cf7-502f09673ffe" status: 200 len: 258 microversion: 1.28 [pid: 8|app: 0|req: 578/1170] 199.204.45.238 () {34 vars in 862 bytes} [Tue Mar 3 22:24:43 2026] GET /allocations/f7ef4804-4a57-4712-8cf7-502f09673ffe => generated 258 bytes in 13 msecs (HTTP/1.1 200) 8 headers in 296 bytes (1 switches on core 0)
2026-03-03 22:24:43.726 7 INFO placement.requestlog [req-c6866e48-f596-4a55-b1fe-3ce19384e31a req-a100dd1e-380d-4d3c-b229-0d18593aef11 9db1bee9b407475db7321e9d8644acec 4cd31d4d609b4da1be141f783a4e415b - - de437c2025d9429abb7b6cb3c0452482 de437c2025d9429abb7b6cb3c0452482] 199.204.45.238 "GET /allocations/1c82861e-49c2-4dcc-ae99-5e3115fab6ac" status: 200 len: 258 microversion: 1.28 [pid: 7|app: 0|req: 593/1171] 199.204.45.238 () {34 vars in 862 bytes} [Tue Mar 3 22:24:43 2026] GET /allocations/1c82861e-49c2-4dcc-ae99-5e3115fab6ac => generated 258 bytes in 14 msecs (HTTP/1.1 200) 8 headers in 296 bytes (1 switches on core 0)
2026-03-03 22:24:43.747 8 INFO placement.requestlog [req-c6866e48-f596-4a55-b1fe-3ce19384e31a req-5af39c5b-e7b8-441d-acba-ffe875b6272f 9db1bee9b407475db7321e9d8644acec 4cd31d4d609b4da1be141f783a4e415b - - de437c2025d9429abb7b6cb3c0452482 de437c2025d9429abb7b6cb3c0452482] 199.204.45.238 "GET /allocations/66f7b2a3-6e2e-4847-a919-a13e5d5e8d2a" status: 200 len: 258 microversion: 1.28 [pid: 8|app: 0|req: 579/1172] 199.204.45.238 () {34 vars in 862 bytes} [Tue Mar 3 22:24:43 2026] GET /allocations/66f7b2a3-6e2e-4847-a919-a13e5d5e8d2a => generated 258 bytes in 16 msecs (HTTP/1.1 200) 8 headers in 296 bytes (1 switches on core 0)
2026-03-03 22:24:52.701 8 INFO placement.requestlog [None req-fc525548-9987-48e0-9254-97a3342eca20 - - - - - -] 10.0.0.202 "GET /" status: 200 len: 136 microversion: 1.0
2026-03-03 22:24:52.702 7 INFO placement.requestlog [None req-37f8ad7a-0aaa-433c-9004-e1154a5d9a1d - - - - - -] 10.0.0.202 "GET /" status: 200 len: 136 microversion: 1.0
2026-03-03 22:25:02.701 8 INFO placement.requestlog [None req-a8bbf0f0-ea4e-42a8-bac3-cf319d553b55 - - - - - -] 10.0.0.202 "GET /" status: 200 len: 136 microversion: 1.0
2026-03-03 22:25:02.702 7 INFO placement.requestlog [None req-a0e8be22-16dc-4c69-b58f-d55c4ecd65d8 - - - - - -] 10.0.0.202 "GET /" status: 200 len: 136 microversion: 1.0
2026-03-03 22:25:11.433 8 INFO placement.requestlog [req-c79cd5ca-f469-4fb4-beda-a4f8df4e60c6 req-38912efd-16a7-4240-8eb0-bf1d4d654bc9 9db1bee9b407475db7321e9d8644acec 4cd31d4d609b4da1be141f783a4e415b - - de437c2025d9429abb7b6cb3c0452482 de437c2025d9429abb7b6cb3c0452482] 199.204.45.238 "GET /resource_providers/26dedad1-b00e-44e3-8b1d-caae8d792c43/allocations" status: 200 len: 440 microversion: 1.0 [pid: 8|app: 0|req: 582/1177] 199.204.45.238 () {32 vars in 856 bytes} [Tue Mar 3 22:25:11 2026] GET /resource_providers/26dedad1-b00e-44e3-8b1d-caae8d792c43/allocations => generated 440 bytes in 19 msecs (HTTP/1.1 200) 6 headers in 224 bytes (1 switches on core 0)
2026-03-03 22:25:11.458 7 INFO placement.requestlog [req-c79cd5ca-f469-4fb4-beda-a4f8df4e60c6 req-c8ed434c-e76f-4b0a-9f6d-9036c690329e 9db1bee9b407475db7321e9d8644acec 4cd31d4d609b4da1be141f783a4e415b - - de437c2025d9429abb7b6cb3c0452482 de437c2025d9429abb7b6cb3c0452482] 199.204.45.238 "GET /resource_providers/26dedad1-b00e-44e3-8b1d-caae8d792c43/allocations" status: 200 len: 440 microversion: 1.0 [pid: 7|app: 0|req: 596/1178] 199.204.45.238 () {32 vars in 856 bytes} [Tue Mar 3 22:25:11 2026] GET /resource_providers/26dedad1-b00e-44e3-8b1d-caae8d792c43/allocations => generated 440 bytes in 17 msecs (HTTP/1.1 200) 6 headers in 224 bytes (1 switches on core 0)
2026-03-03 22:25:11.475 8 INFO placement.requestlog [req-c79cd5ca-f469-4fb4-beda-a4f8df4e60c6 req-c12c75ed-9329-4b7a-9ad1-106046c88952 9db1bee9b407475db7321e9d8644acec 4cd31d4d609b4da1be141f783a4e415b - - de437c2025d9429abb7b6cb3c0452482 de437c2025d9429abb7b6cb3c0452482] 199.204.45.238 "GET /allocations/7de7d0a6-1387-4df0-a0b8-269b7c22d70d" status: 200 len: 245 microversion: 1.28 [pid: 8|app: 0|req: 583/1179] 199.204.45.238 () {34 vars in 862 bytes} [Tue Mar 3 22:25:11 2026] GET /allocations/7de7d0a6-1387-4df0-a0b8-269b7c22d70d => generated 245 bytes in 11 msecs (HTTP/1.1 200) 8 headers in 296 bytes (1 switches on core 0)
2026-03-03 22:25:11.490 7 INFO placement.requestlog [req-c79cd5ca-f469-4fb4-beda-a4f8df4e60c6 req-d8485aea-7d77-43f6-9545-b84b946b71bc 9db1bee9b407475db7321e9d8644acec 4cd31d4d609b4da1be141f783a4e415b - - de437c2025d9429abb7b6cb3c0452482 de437c2025d9429abb7b6cb3c0452482] 199.204.45.238 "GET /allocations/f7ef4804-4a57-4712-8cf7-502f09673ffe" status: 200 len: 258 microversion: 1.28 [pid: 7|app: 0|req: 597/1180] 199.204.45.238 () {34 vars in 862 bytes} [Tue Mar 3 22:25:11 2026] GET /allocations/f7ef4804-4a57-4712-8cf7-502f09673ffe => generated 258 bytes in 11 msecs (HTTP/1.1 200) 8 headers in 296 bytes (1 switches on core 0)
