Apr 22 13:16:20.041224 np0000169315 nova-conductor[112014]: DEBUG cotyledon.oslo_config_glue [-] vnc.enabled = True {{(pid=112014) log_opt_values /opt/stack/data/venv/lib/python3.12/site-packages/oslo_config/cfg.py:3006}}
Apr 22 13:16:20.041224 np0000169315 nova-conductor[112014]: DEBUG cotyledon.oslo_config_glue [-] vnc.novncproxy_base_url = http://127.0.0.1:6080/vnc_auto.html {{(pid=112014) log_opt_values /opt/stack/data/venv/lib/python3.12/site-packages/oslo_config/cfg.py:3006}}
Apr 22 13:16:20.041224 np0000169315 nova-conductor[112014]: DEBUG cotyledon.oslo_config_glue [-] vnc.novncproxy_host = 0.0.0.0 {{(pid=112014) log_opt_values /opt/stack/data/venv/lib/python3.12/site-packages/oslo_config/cfg.py:3006}}
Apr 22 13:16:20.041224 np0000169315 nova-conductor[112014]: DEBUG cotyledon.oslo_config_glue [-] vnc.novncproxy_port = 6080 {{(pid=112014) log_opt_values /opt/stack/data/venv/lib/python3.12/site-packages/oslo_config/cfg.py:3006}}
Apr 22 13:16:20.041224 np0000169315 nova-conductor[112014]: DEBUG cotyledon.oslo_config_glue [-] vnc.server_listen = 127.0.0.1 {{(pid=112014) log_opt_values /opt/stack/data/venv/lib/python3.12/site-packages/oslo_config/cfg.py:3006}}
Apr 22 13:16:20.041591 np0000169315 nova-conductor[112014]: DEBUG cotyledon.oslo_config_glue [-] vnc.server_proxyclient_address = 127.0.0.1 {{(pid=112014) log_opt_values /opt/stack/data/venv/lib/python3.12/site-packages/oslo_config/cfg.py:3006}}
Apr 22 13:16:20.041591 np0000169315 nova-conductor[112014]: DEBUG cotyledon.oslo_config_glue [-] vnc.vencrypt_ca_certs = None {{(pid=112014) log_opt_values /opt/stack/data/venv/lib/python3.12/site-packages/oslo_config/cfg.py:3006}}
Apr 22 13:16:20.041591 np0000169315 nova-conductor[112014]: DEBUG cotyledon.oslo_config_glue [-] vnc.vencrypt_client_cert = None {{(pid=112014) log_opt_values /opt/stack/data/venv/lib/python3.12/site-packages/oslo_config/cfg.py:3006}}
Apr 22 13:16:20.041699 np0000169315 nova-conductor[112003]: DEBUG oslo_db.sqlalchemy.engines [None req-862cb529-b13a-4a47-af5a-fa70fb4c3fcf None None] MySQL server mode set to STRICT_TRANS_TABLES,STRICT_ALL_TABLES,NO_ZERO_IN_DATE,NO_ZERO_DATE,ERROR_FOR_DIVISION_BY_ZERO,TRADITIONAL,NO_ENGINE_SUBSTITUTION {{(pid=112003) _check_effective_sql_mode /opt/stack/data/venv/lib/python3.12/site-packages/oslo_db/sqlalchemy/engines.py:325}}
Apr 22 13:16:20.041744 np0000169315 nova-conductor[112014]: DEBUG cotyledon.oslo_config_glue [-] vnc.vencrypt_client_key = None {{(pid=112014) log_opt_values /opt/stack/data/venv/lib/python3.12/site-packages/oslo_config/cfg.py:3006}}
Apr 22 13:16:20.041744 np0000169315 nova-conductor[112014]: DEBUG cotyledon.oslo_config_glue [-] workarounds.disable_compute_service_check_for_ffu = False {{(pid=112014) log_opt_values /opt/stack/data/venv/lib/python3.12/site-packages/oslo_config/cfg.py:3006}}
Apr 22 13:16:20.041744 np0000169315 nova-conductor[112014]: DEBUG cotyledon.oslo_config_glue [-] workarounds.disable_deep_image_inspection = False {{(pid=112014) log_opt_values /opt/stack/data/venv/lib/python3.12/site-packages/oslo_config/cfg.py:3006}}
Apr 22 13:16:20.041744 np0000169315 nova-conductor[112014]: DEBUG cotyledon.oslo_config_glue [-] workarounds.disable_fallback_pcpu_query = False {{(pid=112014) log_opt_values /opt/stack/data/venv/lib/python3.12/site-packages/oslo_config/cfg.py:3006}}
Apr 22 13:16:20.041744 np0000169315 nova-conductor[112014]: DEBUG cotyledon.oslo_config_glue [-] workarounds.disable_group_policy_check_upcall = False {{(pid=112014) log_opt_values /opt/stack/data/venv/lib/python3.12/site-packages/oslo_config/cfg.py:3006}}
Apr 22 13:16:20.041744 np0000169315 nova-conductor[112014]: DEBUG cotyledon.oslo_config_glue [-] workarounds.disable_libvirt_livesnapshot = False {{(pid=112014) log_opt_values /opt/stack/data/venv/lib/python3.12/site-packages/oslo_config/cfg.py:3006}}
Apr 22 13:16:20.041744 np0000169315 nova-conductor[112014]: DEBUG cotyledon.oslo_config_glue [-] workarounds.disable_rootwrap = False {{(pid=112014) log_opt_values /opt/stack/data/venv/lib/python3.12/site-packages/oslo_config/cfg.py:3006}}
Apr 22 13:16:20.041744 np0000169315 nova-conductor[112014]: DEBUG cotyledon.oslo_config_glue [-] workarounds.enable_numa_live_migration = False {{(pid=112014) log_opt_values /opt/stack/data/venv/lib/python3.12/site-packages/oslo_config/cfg.py:3006}}
Apr 22 13:16:20.041744 np0000169315 nova-conductor[112014]: DEBUG cotyledon.oslo_config_glue [-] workarounds.enable_qemu_monitor_announce_self = False {{(pid=112014) log_opt_values /opt/stack/data/venv/lib/python3.12/site-packages/oslo_config/cfg.py:3006}}
Apr 22 13:16:20.042082 np0000169315 nova-conductor[112014]: DEBUG cotyledon.oslo_config_glue [-] workarounds.ensure_libvirt_rbd_instance_dir_cleanup = False {{(pid=112014) log_opt_values /opt/stack/data/venv/lib/python3.12/site-packages/oslo_config/cfg.py:3006}}
Apr 22 13:16:20.042082 np0000169315 nova-conductor[112014]: DEBUG cotyledon.oslo_config_glue [-] workarounds.handle_virt_lifecycle_events = True {{(pid=112014) log_opt_values /opt/stack/data/venv/lib/python3.12/site-packages/oslo_config/cfg.py:3006}}
Apr 22 13:16:20.042082 np0000169315 nova-conductor[112014]: DEBUG cotyledon.oslo_config_glue [-] workarounds.libvirt_disable_apic = False {{(pid=112014) log_opt_values /opt/stack/data/venv/lib/python3.12/site-packages/oslo_config/cfg.py:3006}}
Apr 22 13:16:20.042082 np0000169315 nova-conductor[112014]: DEBUG cotyledon.oslo_config_glue [-] workarounds.never_download_image_if_on_rbd = False {{(pid=112014) log_opt_values /opt/stack/data/venv/lib/python3.12/site-packages/oslo_config/cfg.py:3006}}
Apr 22 13:16:20.042082 np0000169315 nova-conductor[112014]: DEBUG cotyledon.oslo_config_glue [-] workarounds.qemu_monitor_announce_self_count = 3 {{(pid=112014) log_opt_values /opt/stack/data/venv/lib/python3.12/site-packages/oslo_config/cfg.py:3006}}
Apr 22 13:16:20.042082 np0000169315 nova-conductor[112014]: DEBUG cotyledon.oslo_config_glue [-] workarounds.qemu_monitor_announce_self_interval = 1 {{(pid=112014) log_opt_values /opt/stack/data/venv/lib/python3.12/site-packages/oslo_config/cfg.py:3006}}
Apr 22 13:16:20.042082 np0000169315 nova-conductor[112014]: DEBUG cotyledon.oslo_config_glue [-] workarounds.reserve_disk_resource_for_image_cache = False {{(pid=112014) log_opt_values /opt/stack/data/venv/lib/python3.12/site-packages/oslo_config/cfg.py:3006}}
Apr 22 13:16:20.042082 np0000169315 nova-conductor[112014]: DEBUG cotyledon.oslo_config_glue [-] workarounds.skip_cpu_compare_at_startup = False {{(pid=112014) log_opt_values /opt/stack/data/venv/lib/python3.12/site-packages/oslo_config/cfg.py:3006}}
Apr 22 13:16:20.042082 np0000169315 nova-conductor[112014]: DEBUG cotyledon.oslo_config_glue [-] workarounds.skip_cpu_compare_on_dest = False {{(pid=112014) log_opt_values /opt/stack/data/venv/lib/python3.12/site-packages/oslo_config/cfg.py:3006}}
Apr 22 13:16:20.042402 np0000169315 nova-conductor[112014]: DEBUG cotyledon.oslo_config_glue [-] workarounds.skip_hypervisor_version_check_on_lm = False {{(pid=112014) log_opt_values /opt/stack/data/venv/lib/python3.12/site-packages/oslo_config/cfg.py:3006}}
Apr 22 13:16:20.042402 np0000169315 nova-conductor[112014]: DEBUG cotyledon.oslo_config_glue [-] workarounds.skip_reserve_in_use_ironic_nodes = False {{(pid=112014) log_opt_values /opt/stack/data/venv/lib/python3.12/site-packages/oslo_config/cfg.py:3006}}
Apr 22 13:16:20.042402 np0000169315 nova-conductor[112014]: DEBUG cotyledon.oslo_config_glue [-] workarounds.unified_limits_count_pcpu_as_vcpu = False {{(pid=112014) log_opt_values /opt/stack/data/venv/lib/python3.12/site-packages/oslo_config/cfg.py:3006}}
Apr 22 13:16:20.042402 np0000169315 nova-conductor[112014]: DEBUG cotyledon.oslo_config_glue [-] workarounds.wait_for_vif_plugged_event_during_hard_reboot = [] {{(pid=112014) log_opt_values /opt/stack/data/venv/lib/python3.12/site-packages/oslo_config/cfg.py:3006}}
Apr 22 13:16:20.042402 np0000169315 nova-conductor[112014]: DEBUG cotyledon.oslo_config_glue [-] wsgi.api_paste_config = /etc/nova/api-paste.ini {{(pid=112014) log_opt_values /opt/stack/data/venv/lib/python3.12/site-packages/oslo_config/cfg.py:3006}}
Apr 22 13:16:20.042402 np0000169315 nova-conductor[112014]: DEBUG cotyledon.oslo_config_glue [-] wsgi.secure_proxy_ssl_header = None {{(pid=112014) log_opt_values /opt/stack/data/venv/lib/python3.12/site-packages/oslo_config/cfg.py:3006}}
Apr 22 13:16:20.042402 np0000169315 nova-conductor[112014]: DEBUG cotyledon.oslo_config_glue [-] zvm.ca_file = None {{(pid=112014) log_opt_values /opt/stack/data/venv/lib/python3.12/site-packages/oslo_config/cfg.py:3006}}
Apr 22 13:16:20.042402 np0000169315 nova-conductor[112014]: DEBUG cotyledon.oslo_config_glue [-] zvm.cloud_connector_url = None {{(pid=112014) log_opt_values /opt/stack/data/venv/lib/python3.12/site-packages/oslo_config/cfg.py:3006}}
Apr 22 13:16:20.042402 np0000169315 nova-conductor[112014]: DEBUG cotyledon.oslo_config_glue [-] zvm.image_tmp_path = /opt/stack/data/nova/images {{(pid=112014) log_opt_values /opt/stack/data/venv/lib/python3.12/site-packages/oslo_config/cfg.py:3006}}
Apr 22 13:16:20.042713 np0000169315 nova-conductor[112014]: DEBUG cotyledon.oslo_config_glue [-] zvm.reachable_timeout = 300 {{(pid=112014) log_opt_values /opt/stack/data/venv/lib/python3.12/site-packages/oslo_config/cfg.py:3006}}
Apr 22 13:16:20.042713 np0000169315 nova-conductor[112014]: DEBUG cotyledon.oslo_config_glue [-] oslo_versionedobjects.fatal_exception_format_errors = False {{(pid=112014) log_opt_values /opt/stack/data/venv/lib/python3.12/site-packages/oslo_config/cfg.py:3006}}
Apr 22 13:16:20.042713 np0000169315 nova-conductor[112014]: DEBUG cotyledon.oslo_config_glue [-] oslo_middleware.http_basic_auth_user_file = /etc/htpasswd {{(pid=112014) log_opt_values /opt/stack/data/venv/lib/python3.12/site-packages/oslo_config/cfg.py:3006}}
Apr 22 13:16:20.042713 np0000169315 nova-conductor[112014]: DEBUG cotyledon.oslo_config_glue [-] profiler.connection_string = messaging:// {{(pid=112014) log_opt_values /opt/stack/data/venv/lib/python3.12/site-packages/oslo_config/cfg.py:3006}}
Apr 22 13:16:20.042713 np0000169315 nova-conductor[112014]: DEBUG cotyledon.oslo_config_glue [-] profiler.enabled = False {{(pid=112014) log_opt_values /opt/stack/data/venv/lib/python3.12/site-packages/oslo_config/cfg.py:3006}}
Apr 22 13:16:20.042713 np0000169315 nova-conductor[112014]: DEBUG cotyledon.oslo_config_glue [-] profiler.es_doc_type = notification {{(pid=112014) log_opt_values /opt/stack/data/venv/lib/python3.12/site-packages/oslo_config/cfg.py:3006}}
Apr 22 13:16:20.042713 np0000169315 nova-conductor[112014]: DEBUG cotyledon.oslo_config_glue [-] profiler.es_scroll_size = 10000 {{(pid=112014) log_opt_values /opt/stack/data/venv/lib/python3.12/site-packages/oslo_config/cfg.py:3006}}
Apr 22 13:16:20.042713 np0000169315 nova-conductor[112014]: DEBUG cotyledon.oslo_config_glue [-] profiler.es_scroll_time = 2m {{(pid=112014) log_opt_values /opt/stack/data/venv/lib/python3.12/site-packages/oslo_config/cfg.py:3006}}
Apr 22 13:16:20.042713 np0000169315 nova-conductor[112014]: DEBUG cotyledon.oslo_config_glue [-] profiler.filter_error_trace = False {{(pid=112014) log_opt_values /opt/stack/data/venv/lib/python3.12/site-packages/oslo_config/cfg.py:3006}}
Apr 22 13:16:20.043044 np0000169315 nova-conductor[112014]: DEBUG cotyledon.oslo_config_glue [-] profiler.hmac_keys = **** {{(pid=112014) log_opt_values /opt/stack/data/venv/lib/python3.12/site-packages/oslo_config/cfg.py:3006}}
Apr 22 13:16:20.043044 np0000169315 nova-conductor[112014]: DEBUG cotyledon.oslo_config_glue [-] profiler.sentinel_service_name = mymaster {{(pid=112014) log_opt_values /opt/stack/data/venv/lib/python3.12/site-packages/oslo_config/cfg.py:3006}}
Apr 22 13:16:20.043044 np0000169315 nova-conductor[112014]: DEBUG cotyledon.oslo_config_glue [-] profiler.socket_timeout = 0.1 {{(pid=112014) log_opt_values /opt/stack/data/venv/lib/python3.12/site-packages/oslo_config/cfg.py:3006}}
Apr 22 13:16:20.043044 np0000169315 nova-conductor[112014]: DEBUG cotyledon.oslo_config_glue [-] profiler.trace_requests = False {{(pid=112014) log_opt_values /opt/stack/data/venv/lib/python3.12/site-packages/oslo_config/cfg.py:3006}}
Apr 22 13:16:20.043044 np0000169315 nova-conductor[112014]: DEBUG cotyledon.oslo_config_glue [-] profiler.trace_sqlalchemy = False {{(pid=112014) log_opt_values /opt/stack/data/venv/lib/python3.12/site-packages/oslo_config/cfg.py:3006}}
Apr 22 13:16:20.043044 np0000169315 nova-conductor[112014]: DEBUG cotyledon.oslo_config_glue [-] profiler_jaeger.process_tags = {} {{(pid=112014) log_opt_values /opt/stack/data/venv/lib/python3.12/site-packages/oslo_config/cfg.py:3006}}
Apr 22 13:16:20.043044 np0000169315 nova-conductor[112014]: DEBUG cotyledon.oslo_config_glue [-] profiler_jaeger.service_name_prefix = None {{(pid=112014) log_opt_values /opt/stack/data/venv/lib/python3.12/site-packages/oslo_config/cfg.py:3006}}
Apr 22 13:16:20.043044 np0000169315 nova-conductor[112014]: DEBUG cotyledon.oslo_config_glue [-] profiler_otlp.service_name_prefix = None {{(pid=112014) log_opt_values /opt/stack/data/venv/lib/python3.12/site-packages/oslo_config/cfg.py:3006}}
Apr 22 13:16:20.043044 np0000169315 nova-conductor[112014]: DEBUG cotyledon.oslo_config_glue [-] oslo_messaging_rabbit.amqp_auto_delete = False {{(pid=112014) log_opt_values /opt/stack/data/venv/lib/python3.12/site-packages/oslo_config/cfg.py:3006}}
Apr 22 13:16:20.043354 np0000169315 nova-conductor[112014]: DEBUG cotyledon.oslo_config_glue [-] oslo_messaging_rabbit.amqp_durable_queues = False {{(pid=112014) log_opt_values /opt/stack/data/venv/lib/python3.12/site-packages/oslo_config/cfg.py:3006}}
Apr 22 13:16:20.043354 np0000169315 nova-conductor[112014]: DEBUG cotyledon.oslo_config_glue [-] oslo_messaging_rabbit.conn_pool_min_size = 2 {{(pid=112014) log_opt_values /opt/stack/data/venv/lib/python3.12/site-packages/oslo_config/cfg.py:3006}}
Apr 22 13:16:20.043354 np0000169315 nova-conductor[112014]: DEBUG cotyledon.oslo_config_glue [-] oslo_messaging_rabbit.conn_pool_ttl = 1200 {{(pid=112014) log_opt_values /opt/stack/data/venv/lib/python3.12/site-packages/oslo_config/cfg.py:3006}}
Apr 22 13:16:20.043354 np0000169315 nova-conductor[112014]: DEBUG cotyledon.oslo_config_glue [-] oslo_messaging_rabbit.direct_mandatory_flag = True {{(pid=112014) log_opt_values /opt/stack/data/venv/lib/python3.12/site-packages/oslo_config/cfg.py:3006}}
Apr 22 13:16:20.043354 np0000169315 nova-conductor[112014]: DEBUG cotyledon.oslo_config_glue [-] oslo_messaging_rabbit.enable_cancel_on_failover = False {{(pid=112014) log_opt_values /opt/stack/data/venv/lib/python3.12/site-packages/oslo_config/cfg.py:3006}}
Apr 22 13:16:20.043354 np0000169315 nova-conductor[112014]: DEBUG cotyledon.oslo_config_glue [-] oslo_messaging_rabbit.heartbeat_in_pthread = False {{(pid=112014) log_opt_values /opt/stack/data/venv/lib/python3.12/site-packages/oslo_config/cfg.py:3006}}
Apr 22 13:16:20.043354 np0000169315 nova-conductor[112014]: DEBUG cotyledon.oslo_config_glue [-] oslo_messaging_rabbit.heartbeat_rate = 3 {{(pid=112014) log_opt_values /opt/stack/data/venv/lib/python3.12/site-packages/oslo_config/cfg.py:3006}}
Apr 22 13:16:20.043354 np0000169315 nova-conductor[112014]: DEBUG cotyledon.oslo_config_glue [-] oslo_messaging_rabbit.heartbeat_timeout_threshold = 60 {{(pid=112014) log_opt_values /opt/stack/data/venv/lib/python3.12/site-packages/oslo_config/cfg.py:3006}}
Apr 22 13:16:20.043354 np0000169315 nova-conductor[112014]: DEBUG cotyledon.oslo_config_glue [-] oslo_messaging_rabbit.hostname = np0000169315 {{(pid=112014) log_opt_values /opt/stack/data/venv/lib/python3.12/site-packages/oslo_config/cfg.py:3006}}
Apr 22 13:16:20.043680 np0000169315 nova-conductor[112014]: DEBUG cotyledon.oslo_config_glue [-] oslo_messaging_rabbit.kombu_compression = None {{(pid=112014) log_opt_values /opt/stack/data/venv/lib/python3.12/site-packages/oslo_config/cfg.py:3006}}
Apr 22 13:16:20.043680 np0000169315 nova-conductor[112014]: DEBUG cotyledon.oslo_config_glue [-] oslo_messaging_rabbit.kombu_failover_strategy = round-robin {{(pid=112014) log_opt_values /opt/stack/data/venv/lib/python3.12/site-packages/oslo_config/cfg.py:3006}}
Apr 22 13:16:20.043680 np0000169315 nova-conductor[112014]: DEBUG cotyledon.oslo_config_glue [-] oslo_messaging_rabbit.kombu_missing_consumer_retry_timeout = 60 {{(pid=112014) log_opt_values /opt/stack/data/venv/lib/python3.12/site-packages/oslo_config/cfg.py:3006}}
Apr 22 13:16:20.043680 np0000169315 nova-conductor[112014]: DEBUG cotyledon.oslo_config_glue [-] oslo_messaging_rabbit.kombu_reconnect_delay = 1.0 {{(pid=112014) log_opt_values /opt/stack/data/venv/lib/python3.12/site-packages/oslo_config/cfg.py:3006}}
Apr 22 13:16:20.043680 np0000169315 nova-conductor[112014]: DEBUG cotyledon.oslo_config_glue [-] oslo_messaging_rabbit.kombu_reconnect_splay = 0.0 {{(pid=112014) log_opt_values /opt/stack/data/venv/lib/python3.12/site-packages/oslo_config/cfg.py:3006}}
Apr 22 13:16:20.043680 np0000169315 nova-conductor[112014]: DEBUG cotyledon.oslo_config_glue [-] oslo_messaging_rabbit.processname = nova-conductor {{(pid=112014) log_opt_values /opt/stack/data/venv/lib/python3.12/site-packages/oslo_config/cfg.py:3006}}
Apr 22 13:16:20.043680 np0000169315 nova-conductor[112014]: DEBUG cotyledon.oslo_config_glue [-] oslo_messaging_rabbit.rabbit_ha_queues = False {{(pid=112014) log_opt_values /opt/stack/data/venv/lib/python3.12/site-packages/oslo_config/cfg.py:3006}}
Apr 22 13:16:20.043680 np0000169315 nova-conductor[112014]: DEBUG cotyledon.oslo_config_glue [-] oslo_messaging_rabbit.rabbit_interval_max = 30 {{(pid=112014) log_opt_values /opt/stack/data/venv/lib/python3.12/site-packages/oslo_config/cfg.py:3006}}
Apr 22 13:16:20.043968 np0000169315 nova-conductor[112014]: DEBUG cotyledon.oslo_config_glue [-] oslo_messaging_rabbit.rabbit_login_method = AMQPLAIN {{(pid=112014) log_opt_values /opt/stack/data/venv/lib/python3.12/site-packages/oslo_config/cfg.py:3006}}
Apr 22 13:16:20.044016 np0000169315 nova-conductor[112021]: INFO dbcounter [None req-8163a480-e4c2-4675-9a5c-35ceffba79bb None None] Registered counter for database nova_cell0
Apr 22 13:16:20.044056 np0000169315 nova-conductor[112014]: DEBUG cotyledon.oslo_config_glue [-] oslo_messaging_rabbit.rabbit_qos_prefetch_count = 0 {{(pid=112014) log_opt_values /opt/stack/data/venv/lib/python3.12/site-packages/oslo_config/cfg.py:3006}}
Apr 22 13:16:20.044056 np0000169315 nova-conductor[112014]: DEBUG cotyledon.oslo_config_glue [-] oslo_messaging_rabbit.rabbit_quorum_delivery_limit = 0 {{(pid=112014) log_opt_values /opt/stack/data/venv/lib/python3.12/site-packages/oslo_config/cfg.py:3006}}
Apr 22 13:16:20.044056 np0000169315 nova-conductor[112014]: DEBUG cotyledon.oslo_config_glue [-] oslo_messaging_rabbit.rabbit_quorum_max_memory_bytes = 0 {{(pid=112014) log_opt_values /opt/stack/data/venv/lib/python3.12/site-packages/oslo_config/cfg.py:3006}}
Apr 22 13:16:20.044056 np0000169315 nova-conductor[112014]: DEBUG cotyledon.oslo_config_glue [-] oslo_messaging_rabbit.rabbit_quorum_max_memory_length = 0 {{(pid=112014) log_opt_values /opt/stack/data/venv/lib/python3.12/site-packages/oslo_config/cfg.py:3006}}
Apr 22 13:16:20.044056 np0000169315 nova-conductor[112014]: DEBUG cotyledon.oslo_config_glue [-] oslo_messaging_rabbit.rabbit_quorum_queue = False {{(pid=112014) log_opt_values /opt/stack/data/venv/lib/python3.12/site-packages/oslo_config/cfg.py:3006}}
Apr 22 13:16:20.044056 np0000169315 nova-conductor[112014]: DEBUG cotyledon.oslo_config_glue [-] oslo_messaging_rabbit.rabbit_retry_backoff = 2 {{(pid=112014) log_opt_values /opt/stack/data/venv/lib/python3.12/site-packages/oslo_config/cfg.py:3006}}
Apr 22 13:16:20.044056 np0000169315 nova-conductor[112014]: DEBUG cotyledon.oslo_config_glue [-] oslo_messaging_rabbit.rabbit_retry_interval = 1 {{(pid=112014) log_opt_values /opt/stack/data/venv/lib/python3.12/site-packages/oslo_config/cfg.py:3006}}
Apr 22 13:16:20.044056 np0000169315 nova-conductor[112014]: DEBUG cotyledon.oslo_config_glue [-] oslo_messaging_rabbit.rabbit_stream_fanout = False {{(pid=112014) log_opt_values /opt/stack/data/venv/lib/python3.12/site-packages/oslo_config/cfg.py:3006}}
Apr 22 13:16:20.044331 np0000169315 nova-conductor[112014]: DEBUG cotyledon.oslo_config_glue [-] oslo_messaging_rabbit.rabbit_transient_queues_ttl = 1800 {{(pid=112014) log_opt_values /opt/stack/data/venv/lib/python3.12/site-packages/oslo_config/cfg.py:3006}}
Apr 22 13:16:20.044331 np0000169315 nova-conductor[112014]: DEBUG cotyledon.oslo_config_glue [-] oslo_messaging_rabbit.rabbit_transient_quorum_queue = False {{(pid=112014) log_opt_values /opt/stack/data/venv/lib/python3.12/site-packages/oslo_config/cfg.py:3006}}
Apr 22 13:16:20.044331 np0000169315 nova-conductor[112014]: DEBUG cotyledon.oslo_config_glue [-] oslo_messaging_rabbit.rpc_conn_pool_size = 30 {{(pid=112014) log_opt_values /opt/stack/data/venv/lib/python3.12/site-packages/oslo_config/cfg.py:3006}}
Apr 22 13:16:20.044331 np0000169315 nova-conductor[112014]: DEBUG cotyledon.oslo_config_glue [-] oslo_messaging_rabbit.ssl = False {{(pid=112014) log_opt_values /opt/stack/data/venv/lib/python3.12/site-packages/oslo_config/cfg.py:3006}}
Apr 22 13:16:20.044331 np0000169315 nova-conductor[112014]: DEBUG cotyledon.oslo_config_glue [-] oslo_messaging_rabbit.ssl_ca_file = {{(pid=112014) log_opt_values /opt/stack/data/venv/lib/python3.12/site-packages/oslo_config/cfg.py:3006}}
Apr 22 13:16:20.044331 np0000169315 nova-conductor[112014]: DEBUG cotyledon.oslo_config_glue [-] oslo_messaging_rabbit.ssl_cert_file = {{(pid=112014) log_opt_values /opt/stack/data/venv/lib/python3.12/site-packages/oslo_config/cfg.py:3006}}
Apr 22 13:16:20.044331 np0000169315 nova-conductor[112014]: DEBUG cotyledon.oslo_config_glue [-] oslo_messaging_rabbit.ssl_enforce_fips_mode = False {{(pid=112014) log_opt_values /opt/stack/data/venv/lib/python3.12/site-packages/oslo_config/cfg.py:3006}}
Apr 22 13:16:20.044331 np0000169315 nova-conductor[112014]: DEBUG cotyledon.oslo_config_glue [-] oslo_messaging_rabbit.ssl_key_file = {{(pid=112014) log_opt_values /opt/stack/data/venv/lib/python3.12/site-packages/oslo_config/cfg.py:3006}}
Apr 22 13:16:20.044331 np0000169315 nova-conductor[112014]: DEBUG cotyledon.oslo_config_glue [-] oslo_messaging_rabbit.ssl_version = {{(pid=112014) log_opt_values /opt/stack/data/venv/lib/python3.12/site-packages/oslo_config/cfg.py:3006}}
Apr 22 13:16:20.044631 np0000169315 nova-conductor[112014]: DEBUG cotyledon.oslo_config_glue [-] oslo_messaging_rabbit.use_queue_manager = False {{(pid=112014) log_opt_values /opt/stack/data/venv/lib/python3.12/site-packages/oslo_config/cfg.py:3006}}
Apr 22 13:16:20.044631 np0000169315 nova-conductor[112014]: DEBUG cotyledon.oslo_config_glue [-] oslo_messaging_notifications.driver = ['messagingv2'] {{(pid=112014) log_opt_values /opt/stack/data/venv/lib/python3.12/site-packages/oslo_config/cfg.py:3006}}
Apr 22 13:16:20.044631 np0000169315 nova-conductor[112014]: DEBUG cotyledon.oslo_config_glue [-] oslo_messaging_notifications.retry = -1 {{(pid=112014) log_opt_values /opt/stack/data/venv/lib/python3.12/site-packages/oslo_config/cfg.py:3006}}
Apr 22 13:16:20.044631 np0000169315 nova-conductor[112014]: DEBUG cotyledon.oslo_config_glue [-] oslo_messaging_notifications.topics = ['notifications'] {{(pid=112014) log_opt_values /opt/stack/data/venv/lib/python3.12/site-packages/oslo_config/cfg.py:3006}}
Apr 22 13:16:20.044631 np0000169315 nova-conductor[112014]: DEBUG cotyledon.oslo_config_glue [-] oslo_messaging_notifications.transport_url = **** {{(pid=112014) log_opt_values /opt/stack/data/venv/lib/python3.12/site-packages/oslo_config/cfg.py:3006}}
Apr 22 13:16:20.044631 np0000169315 nova-conductor[112014]: DEBUG cotyledon.oslo_config_glue [-] oslo_limit.auth_section = None {{(pid=112014) log_opt_values /opt/stack/data/venv/lib/python3.12/site-packages/oslo_config/cfg.py:3006}}
Apr 22 13:16:20.044631 np0000169315 nova-conductor[112014]: DEBUG cotyledon.oslo_config_glue [-] oslo_limit.auth_type = None {{(pid=112014) log_opt_values /opt/stack/data/venv/lib/python3.12/site-packages/oslo_config/cfg.py:3006}}
Apr 22 13:16:20.044631 np0000169315 nova-conductor[112014]: DEBUG cotyledon.oslo_config_glue [-] oslo_limit.cafile = None {{(pid=112014) log_opt_values /opt/stack/data/venv/lib/python3.12/site-packages/oslo_config/cfg.py:3006}}
Apr 22 13:16:20.044631 np0000169315 nova-conductor[112014]: DEBUG cotyledon.oslo_config_glue [-] oslo_limit.certfile = None {{(pid=112014) log_opt_values /opt/stack/data/venv/lib/python3.12/site-packages/oslo_config/cfg.py:3006}}
Apr 22 13:16:20.044936 np0000169315 nova-conductor[112014]: DEBUG cotyledon.oslo_config_glue [-] oslo_limit.collect_timing = False {{(pid=112014) log_opt_values /opt/stack/data/venv/lib/python3.12/site-packages/oslo_config/cfg.py:3006}}
Apr 22 13:16:20.044936 np0000169315 nova-conductor[112014]: DEBUG cotyledon.oslo_config_glue [-] oslo_limit.connect_retries = None {{(pid=112014) log_opt_values /opt/stack/data/venv/lib/python3.12/site-packages/oslo_config/cfg.py:3006}}
Apr 22 13:16:20.044936 np0000169315 nova-conductor[112014]: DEBUG cotyledon.oslo_config_glue [-] oslo_limit.connect_retry_delay = None {{(pid=112014) log_opt_values /opt/stack/data/venv/lib/python3.12/site-packages/oslo_config/cfg.py:3006}}
Apr 22 13:16:20.044936 np0000169315 nova-conductor[112014]: DEBUG cotyledon.oslo_config_glue [-] oslo_limit.endpoint_id = None {{(pid=112014) log_opt_values /opt/stack/data/venv/lib/python3.12/site-packages/oslo_config/cfg.py:3006}}
Apr 22 13:16:20.044936 np0000169315 nova-conductor[112014]: DEBUG cotyledon.oslo_config_glue [-] oslo_limit.endpoint_interface = public {{(pid=112014) log_opt_values /opt/stack/data/venv/lib/python3.12/site-packages/oslo_config/cfg.py:3006}}
Apr 22 13:16:20.044936 np0000169315 nova-conductor[112014]: DEBUG cotyledon.oslo_config_glue [-] oslo_limit.endpoint_override = None {{(pid=112014) log_opt_values /opt/stack/data/venv/lib/python3.12/site-packages/oslo_config/cfg.py:3006}}
Apr 22 13:16:20.044936 np0000169315 nova-conductor[112014]: DEBUG cotyledon.oslo_config_glue [-] oslo_limit.endpoint_region_name = None {{(pid=112014) log_opt_values /opt/stack/data/venv/lib/python3.12/site-packages/oslo_config/cfg.py:3006}}
Apr 22 13:16:20.044936 np0000169315 nova-conductor[112014]: DEBUG cotyledon.oslo_config_glue [-] oslo_limit.endpoint_service_name = None {{(pid=112014) log_opt_values /opt/stack/data/venv/lib/python3.12/site-packages/oslo_config/cfg.py:3006}}
Apr 22 13:16:20.044936 np0000169315 nova-conductor[112014]: DEBUG cotyledon.oslo_config_glue [-] oslo_limit.endpoint_service_type = None {{(pid=112014) log_opt_values /opt/stack/data/venv/lib/python3.12/site-packages/oslo_config/cfg.py:3006}}
Apr 22 13:16:20.045320 np0000169315 nova-conductor[112014]: DEBUG cotyledon.oslo_config_glue [-] oslo_limit.insecure = False {{(pid=112014) log_opt_values /opt/stack/data/venv/lib/python3.12/site-packages/oslo_config/cfg.py:3006}}
Apr 22 13:16:20.045320 np0000169315 nova-conductor[112014]: DEBUG cotyledon.oslo_config_glue [-] oslo_limit.keyfile = None {{(pid=112014) log_opt_values /opt/stack/data/venv/lib/python3.12/site-packages/oslo_config/cfg.py:3006}}
Apr 22 13:16:20.045320 np0000169315 nova-conductor[112014]: DEBUG cotyledon.oslo_config_glue [-] oslo_limit.max_version = None {{(pid=112014) log_opt_values /opt/stack/data/venv/lib/python3.12/site-packages/oslo_config/cfg.py:3006}}
Apr 22 13:16:20.045320 np0000169315 nova-conductor[112014]: DEBUG cotyledon.oslo_config_glue [-] oslo_limit.min_version = None {{(pid=112014) log_opt_values /opt/stack/data/venv/lib/python3.12/site-packages/oslo_config/cfg.py:3006}}
Apr 22 13:16:20.045320 np0000169315 nova-conductor[112014]: DEBUG cotyledon.oslo_config_glue [-] oslo_limit.region_name = None {{(pid=112014) log_opt_values /opt/stack/data/venv/lib/python3.12/site-packages/oslo_config/cfg.py:3006}}
Apr 22 13:16:20.045320 np0000169315 nova-conductor[112014]: DEBUG cotyledon.oslo_config_glue [-] oslo_limit.retriable_status_codes = None {{(pid=112014) log_opt_values /opt/stack/data/venv/lib/python3.12/site-packages/oslo_config/cfg.py:3006}}
Apr 22 13:16:20.045320 np0000169315 nova-conductor[112014]: DEBUG cotyledon.oslo_config_glue [-] oslo_limit.service_name = None {{(pid=112014) log_opt_values /opt/stack/data/venv/lib/python3.12/site-packages/oslo_config/cfg.py:3006}}
Apr 22 13:16:20.045320 np0000169315 nova-conductor[112014]: DEBUG cotyledon.oslo_config_glue [-] oslo_limit.service_type = None {{(pid=112014) log_opt_values /opt/stack/data/venv/lib/python3.12/site-packages/oslo_config/cfg.py:3006}}
Apr 22 13:16:20.045320 np0000169315 nova-conductor[112014]: DEBUG cotyledon.oslo_config_glue [-] oslo_limit.split_loggers = False {{(pid=112014) log_opt_values /opt/stack/data/venv/lib/python3.12/site-packages/oslo_config/cfg.py:3006}}
Apr 22 13:16:20.045627 np0000169315 nova-conductor[112014]: DEBUG cotyledon.oslo_config_glue [-] oslo_limit.status_code_retries = None {{(pid=112014) log_opt_values /opt/stack/data/venv/lib/python3.12/site-packages/oslo_config/cfg.py:3006}}
Apr 22 13:16:20.045627 np0000169315 nova-conductor[112014]: DEBUG cotyledon.oslo_config_glue [-] oslo_limit.status_code_retry_delay = None {{(pid=112014) log_opt_values /opt/stack/data/venv/lib/python3.12/site-packages/oslo_config/cfg.py:3006}}
Apr 22 13:16:20.045627 np0000169315 nova-conductor[112014]: DEBUG cotyledon.oslo_config_glue [-] oslo_limit.timeout = None {{(pid=112014) log_opt_values /opt/stack/data/venv/lib/python3.12/site-packages/oslo_config/cfg.py:3006}}
Apr 22 13:16:20.045627 np0000169315 nova-conductor[112014]: DEBUG cotyledon.oslo_config_glue [-] oslo_limit.valid_interfaces = None {{(pid=112014) log_opt_values /opt/stack/data/venv/lib/python3.12/site-packages/oslo_config/cfg.py:3006}}
Apr 22 13:16:20.045627 np0000169315 nova-conductor[112014]: DEBUG cotyledon.oslo_config_glue [-] oslo_limit.version = None {{(pid=112014) log_opt_values /opt/stack/data/venv/lib/python3.12/site-packages/oslo_config/cfg.py:3006}}
Apr 22 13:16:20.045627 np0000169315 nova-conductor[112014]: DEBUG cotyledon.oslo_config_glue [-] oslo_reports.file_event_handler = None {{(pid=112014) log_opt_values /opt/stack/data/venv/lib/python3.12/site-packages/oslo_config/cfg.py:3006}}
Apr 22 13:16:20.045627 np0000169315 nova-conductor[112014]: DEBUG cotyledon.oslo_config_glue [-] oslo_reports.file_event_handler_interval = 1 {{(pid=112014) log_opt_values /opt/stack/data/venv/lib/python3.12/site-packages/oslo_config/cfg.py:3006}}
Apr 22 13:16:20.045627 np0000169315 nova-conductor[112014]: DEBUG cotyledon.oslo_config_glue [-] oslo_reports.log_dir = None {{(pid=112014) log_opt_values /opt/stack/data/venv/lib/python3.12/site-packages/oslo_config/cfg.py:3006}}
Apr 22 13:16:20.045627 np0000169315 nova-conductor[112014]: DEBUG cotyledon.oslo_config_glue [-] ******************************************************************************** {{(pid=112014) log_opt_values /opt/stack/data/venv/lib/python3.12/site-packages/oslo_config/cfg.py:3013}}
Apr 22 13:16:20.045943 np0000169315 nova-conductor[112014]: DEBUG cotyledon._service_worker [-] Run service ServiceWrapper(2) [112014] {{(pid=112014) wait_forever /opt/stack/data/venv/lib/python3.12/site-packages/cotyledon/_service_worker.py:218}}
Apr 22 13:16:20.045943 np0000169315 nova-conductor[112014]: INFO nova.service [-] Starting conductor node (version 33.1.0)
Apr 22 13:16:20.046053 np0000169315 nova-conductor[111996]: DEBUG nova.service [None req-7a787aee-bd5d-4ca0-97ac-5d8f4b415c1f None None] Creating RPC server for service: nova-conductor on topic: conductor {{(pid=111996) start /opt/stack/nova/nova/service.py:195}}
Apr 22 13:16:20.046099 np0000169315 nova-conductor[112021]: DEBUG oslo_db.sqlalchemy.engines [None req-8163a480-e4c2-4675-9a5c-35ceffba79bb None None] MySQL server mode set to STRICT_TRANS_TABLES,STRICT_ALL_TABLES,NO_ZERO_IN_DATE,NO_ZERO_DATE,ERROR_FOR_DIVISION_BY_ZERO,TRADITIONAL,NO_ENGINE_SUBSTITUTION {{(pid=112021) _check_effective_sql_mode /opt/stack/data/venv/lib/python3.12/site-packages/oslo_db/sqlalchemy/engines.py:325}}
Apr 22 13:16:20.046140 np0000169315 nova-conductor[112003]: DEBUG dbcounter [-] [112003] Writer thread running {{(pid=112003) stat_writer /opt/stack/data/venv/lib/python3.12/site-packages/dbcounter.py:102}}
Apr 22 13:16:20.046180 np0000169315 nova-conductor[112014]: INFO dbcounter [None req-c5813524-3a42-4cb9-816c-2175f5a80c7d None None] Registered counter for database nova_cell0
Apr 22 13:16:20.046218 np0000169315 nova-conductor[112003]: DEBUG nova.service [None req-862cb529-b13a-4a47-af5a-fa70fb4c3fcf None None] Creating RPC server for service: nova-conductor on topic: conductor {{(pid=112003) start /opt/stack/nova/nova/service.py:195}}
Apr 22 13:16:20.046259 np0000169315 nova-conductor[112021]: DEBUG dbcounter [-] [112021] Writer thread running {{(pid=112021) stat_writer /opt/stack/data/venv/lib/python3.12/site-packages/dbcounter.py:102}}
Apr 22 13:16:20.046310 np0000169315 nova-conductor[112014]: DEBUG oslo_db.sqlalchemy.engines [None req-c5813524-3a42-4cb9-816c-2175f5a80c7d None None] MySQL server mode set to STRICT_TRANS_TABLES,STRICT_ALL_TABLES,NO_ZERO_IN_DATE,NO_ZERO_DATE,ERROR_FOR_DIVISION_BY_ZERO,TRADITIONAL,NO_ENGINE_SUBSTITUTION {{(pid=112014) _check_effective_sql_mode /opt/stack/data/venv/lib/python3.12/site-packages/oslo_db/sqlalchemy/engines.py:325}}
Apr 22 13:16:20.046358 np0000169315 nova-conductor[112021]: DEBUG nova.service [None req-8163a480-e4c2-4675-9a5c-35ceffba79bb None None] Creating RPC server for service: nova-conductor on topic: conductor {{(pid=112021) start /opt/stack/nova/nova/service.py:195}}
Apr 22 13:16:20.046397 np0000169315 nova-conductor[112014]: DEBUG dbcounter [-] [112014] Writer thread running {{(pid=112014) stat_writer /opt/stack/data/venv/lib/python3.12/site-packages/dbcounter.py:102}}
Apr 22 13:16:20.046438 np0000169315 nova-conductor[111996]: DEBUG nova.service [None req-7a787aee-bd5d-4ca0-97ac-5d8f4b415c1f None None] Join ServiceGroup membership for this service conductor {{(pid=111996) start /opt/stack/nova/nova/service.py:221}}
Apr 22 13:16:20.046438 np0000169315 nova-conductor[111996]: DEBUG nova.servicegroup.drivers.db [None req-7a787aee-bd5d-4ca0-97ac-5d8f4b415c1f None None] DB_Driver: join new ServiceGroup member np0000169315 to the conductor group, service = {{(pid=111996) join /opt/stack/nova/nova/servicegroup/drivers/db.py:44}}
Apr 22 13:16:20.046508 np0000169315 nova-conductor[112014]: DEBUG nova.service [None req-c5813524-3a42-4cb9-816c-2175f5a80c7d None None] Creating RPC server for service: nova-conductor on topic: conductor {{(pid=112014) start /opt/stack/nova/nova/service.py:195}}
Apr 22 13:16:20.046546 np0000169315 nova-conductor[112003]: DEBUG nova.service [None req-862cb529-b13a-4a47-af5a-fa70fb4c3fcf None None] Join ServiceGroup membership for this service conductor {{(pid=112003) start /opt/stack/nova/nova/service.py:221}}
Apr 22 13:16:20.046546 np0000169315 nova-conductor[112003]: DEBUG nova.servicegroup.drivers.db [None req-862cb529-b13a-4a47-af5a-fa70fb4c3fcf None None] DB_Driver: join new ServiceGroup member np0000169315 to the conductor group, service = {{(pid=112003) join /opt/stack/nova/nova/servicegroup/drivers/db.py:44}}
Apr 22 13:16:20.046630 np0000169315 nova-conductor[112021]: DEBUG nova.service [None req-8163a480-e4c2-4675-9a5c-35ceffba79bb None None] Join ServiceGroup membership for this service conductor {{(pid=112021) start /opt/stack/nova/nova/service.py:221}}
Apr 22 13:16:20.046630 np0000169315 nova-conductor[112021]: DEBUG nova.servicegroup.drivers.db [None req-8163a480-e4c2-4675-9a5c-35ceffba79bb None None] DB_Driver: join new ServiceGroup member np0000169315 to the conductor group, service = {{(pid=112021) join /opt/stack/nova/nova/servicegroup/drivers/db.py:44}}
Apr 22 13:16:20.053849 np0000169315 nova-conductor[112014]: DEBUG nova.service [None req-c5813524-3a42-4cb9-816c-2175f5a80c7d None None] Join ServiceGroup membership for this service conductor {{(pid=112014) start /opt/stack/nova/nova/service.py:221}}
Apr 22 13:16:20.054109 np0000169315 nova-conductor[112014]: DEBUG nova.servicegroup.drivers.db [None req-c5813524-3a42-4cb9-816c-2175f5a80c7d None None] DB_Driver: join new ServiceGroup member np0000169315 to the conductor group, service = {{(pid=112014) join /opt/stack/nova/nova/servicegroup/drivers/db.py:44}}
Apr 22 13:16:25.047211 np0000169315 nova-conductor[111996]: DEBUG oslo.service.backend._threading.loopingcall [-] Fixed interval looping call 'nova.servicegroup.drivers.db.DbDriver._report_state' sleeping for 119.98 seconds {{(pid=111996) _run_loop /opt/stack/data/venv/lib/python3.12/site-packages/oslo_service/backend/_threading/loopingcall.py:125}}
Apr 22 13:16:25.051391 np0000169315 nova-conductor[112003]: DEBUG oslo.service.backend._threading.loopingcall [-] Fixed interval looping call 'nova.servicegroup.drivers.db.DbDriver._report_state' sleeping for 119.98 seconds {{(pid=112003) _run_loop /opt/stack/data/venv/lib/python3.12/site-packages/oslo_service/backend/_threading/loopingcall.py:125}}
Apr 22 13:16:25.057401 np0000169315 nova-conductor[112021]: DEBUG oslo.service.backend._threading.loopingcall [-] Fixed interval looping call 'nova.servicegroup.drivers.db.DbDriver._report_state' sleeping for 119.98 seconds {{(pid=112021) _run_loop /opt/stack/data/venv/lib/python3.12/site-packages/oslo_service/backend/_threading/loopingcall.py:125}}
Apr 22 13:16:25.071327 np0000169315 nova-conductor[112014]: DEBUG oslo.service.backend._threading.loopingcall [-] Fixed interval looping call 'nova.servicegroup.drivers.db.DbDriver._report_state' sleeping for 119.99 seconds {{(pid=112014) _run_loop /opt/stack/data/venv/lib/python3.12/site-packages/oslo_service/backend/_threading/loopingcall.py:125}}
Apr 22 13:16:28.604809 np0000169315 nova-conductor[111196]: DEBUG dbcounter [-] [111196] Writing DB stats nova_api:SELECT=1 {{(pid=111196) stat_writer /opt/stack/data/venv/lib/python3.12/site-packages/dbcounter.py:115}}
Apr 22 13:16:28.730464 np0000169315 nova-conductor[111196]: DEBUG dbcounter [-] [111196] Writing DB stats nova_cell0:SELECT=1 {{(pid=111196) stat_writer /opt/stack/data/venv/lib/python3.12/site-packages/dbcounter.py:115}}
Apr 22 13:16:28.733943 np0000169315 nova-conductor[111196]: DEBUG dbcounter [-] [111196] Writing DB stats nova_cell1:SELECT=1 {{(pid=111196) stat_writer /opt/stack/data/venv/lib/python3.12/site-packages/dbcounter.py:115}}
Apr 22 13:16:32.030402 np0000169315 nova-conductor[111996]: DEBUG oslo.service.backend._threading.loopingcall [None req-7b2c02ae-cf51-4ce6-a01f-451c70841ade None None] Dynamic interval looping call 'nova.service.Service.periodic_tasks' sleeping for 60.00 seconds {{(pid=111996) _run_loop /opt/stack/data/venv/lib/python3.12/site-packages/oslo_service/backend/_threading/loopingcall.py:125}}
Apr 22 13:16:34.403672 np0000169315 nova-conductor[112021]: DEBUG oslo.service.backend._threading.loopingcall [None req-413f36a0-cd29-42be-bf78-c641e0512e14 None None] Dynamic interval looping call 'nova.service.Service.periodic_tasks' sleeping for 60.00 seconds {{(pid=112021) _run_loop /opt/stack/data/venv/lib/python3.12/site-packages/oslo_service/backend/_threading/loopingcall.py:125}}
Apr 22 13:16:35.039365 np0000169315 nova-conductor[111996]: DEBUG dbcounter [-] [111996] Writing DB stats nova_cell0:SELECT=4,nova_cell0:INSERT=1,nova_cell0:UPDATE=1 {{(pid=111996) stat_writer /opt/stack/data/venv/lib/python3.12/site-packages/dbcounter.py:115}}
Apr 22 13:16:35.046947 np0000169315 nova-conductor[112003]: DEBUG dbcounter [-] [112003] Writing DB stats nova_cell0:SELECT=3 {{(pid=112003) stat_writer /opt/stack/data/venv/lib/python3.12/site-packages/dbcounter.py:115}}
Apr 22 13:16:35.054674 np0000169315 nova-conductor[112021]: DEBUG dbcounter [-] [112021] Writing DB stats nova_cell0:SELECT=3 {{(pid=112021) stat_writer /opt/stack/data/venv/lib/python3.12/site-packages/dbcounter.py:115}}
Apr 22 13:16:35.066926 np0000169315 nova-conductor[112014]: DEBUG dbcounter [-] [112014] Writing DB stats nova_cell0:SELECT=3 {{(pid=112014) stat_writer /opt/stack/data/venv/lib/python3.12/site-packages/dbcounter.py:115}}
Apr 22 13:17:04.057526 np0000169315 nova-conductor[112014]: DEBUG oslo.service.backend._threading.loopingcall [None req-f87525ea-4688-40d1-8a22-1af668c6c77c None None] Dynamic interval looping call 'nova.service.Service.periodic_tasks' sleeping for 60.00 seconds {{(pid=112014) _run_loop /opt/stack/data/venv/lib/python3.12/site-packages/oslo_service/backend/_threading/loopingcall.py:125}}
Apr 22 13:17:17.035701 np0000169315 nova-conductor[112003]: DEBUG oslo.service.backend._threading.loopingcall [None req-71fbb2da-40e8-4550-ab42-412fae45988e None None] Dynamic interval looping call 'nova.service.Service.periodic_tasks' sleeping for 60.00 seconds {{(pid=112003) _run_loop /opt/stack/data/venv/lib/python3.12/site-packages/oslo_service/backend/_threading/loopingcall.py:125}}
Apr 22 13:17:32.031524 np0000169315 nova-conductor[111996]: DEBUG oslo.service.backend._threading.loopingcall [None req-7b2c02ae-cf51-4ce6-a01f-451c70841ade None None] Dynamic interval looping call 'nova.service.Service.periodic_tasks' sleeping for 60.00 seconds {{(pid=111996) _run_loop /opt/stack/data/venv/lib/python3.12/site-packages/oslo_service/backend/_threading/loopingcall.py:125}}
Apr 22 13:17:34.042635 np0000169315 nova-conductor[112021]: DEBUG oslo.service.backend._threading.loopingcall [None req-413f36a0-cd29-42be-bf78-c641e0512e14 None None] Dynamic interval looping call 'nova.service.Service.periodic_tasks' sleeping for 60.00 seconds {{(pid=112021) _run_loop /opt/stack/data/venv/lib/python3.12/site-packages/oslo_service/backend/_threading/loopingcall.py:125}}
Apr 22 13:18:04.059832 np0000169315 nova-conductor[112014]: DEBUG oslo.service.backend._threading.loopingcall [None req-f87525ea-4688-40d1-8a22-1af668c6c77c None None] Dynamic interval looping call 'nova.service.Service.periodic_tasks' sleeping for 60.00 seconds {{(pid=112014) _run_loop /opt/stack/data/venv/lib/python3.12/site-packages/oslo_service/backend/_threading/loopingcall.py:125}}
Apr 22 13:18:17.036479 np0000169315 nova-conductor[112003]: DEBUG oslo.service.backend._threading.loopingcall [None req-71fbb2da-40e8-4550-ab42-412fae45988e None None] Dynamic interval looping call 'nova.service.Service.periodic_tasks' sleeping for 60.00 seconds {{(pid=112003) _run_loop /opt/stack/data/venv/lib/python3.12/site-packages/oslo_service/backend/_threading/loopingcall.py:125}}
Apr 22 13:18:25.043422 np0000169315 nova-conductor[111996]: DEBUG oslo.service.backend._threading.loopingcall [-] Fixed interval looping call 'nova.servicegroup.drivers.db.DbDriver._report_state' sleeping for 119.98 seconds {{(pid=111996) _run_loop /opt/stack/data/venv/lib/python3.12/site-packages/oslo_service/backend/_threading/loopingcall.py:125}}
Apr 22 13:18:25.044272 np0000169315 nova-conductor[112003]: DEBUG oslo.service.backend._threading.loopingcall [-] Fixed interval looping call 'nova.servicegroup.drivers.db.DbDriver._report_state' sleeping for 119.99 seconds {{(pid=112003) _run_loop /opt/stack/data/venv/lib/python3.12/site-packages/oslo_service/backend/_threading/loopingcall.py:125}}
Apr 22 13:18:25.045745 np0000169315 nova-conductor[112021]: DEBUG oslo.service.backend._threading.loopingcall [-] Fixed interval looping call 'nova.servicegroup.drivers.db.DbDriver._report_state' sleeping for 119.99 seconds {{(pid=112021) _run_loop /opt/stack/data/venv/lib/python3.12/site-packages/oslo_service/backend/_threading/loopingcall.py:125}}
Apr 22 13:18:25.069567 np0000169315 nova-conductor[112014]: DEBUG oslo.service.backend._threading.loopingcall [-] Fixed interval looping call 'nova.servicegroup.drivers.db.DbDriver._report_state' sleeping for 119.99 seconds {{(pid=112014) _run_loop /opt/stack/data/venv/lib/python3.12/site-packages/oslo_service/backend/_threading/loopingcall.py:125}}
Apr 22 13:18:32.032343 np0000169315 nova-conductor[111996]: DEBUG oslo.service.backend._threading.loopingcall [None req-7b2c02ae-cf51-4ce6-a01f-451c70841ade None None] Dynamic interval looping call 'nova.service.Service.periodic_tasks' sleeping for 60.00 seconds {{(pid=111996) _run_loop /opt/stack/data/venv/lib/python3.12/site-packages/oslo_service/backend/_threading/loopingcall.py:125}}
Apr 22 13:18:34.043064 np0000169315 nova-conductor[112021]: DEBUG oslo.service.backend._threading.loopingcall [None req-413f36a0-cd29-42be-bf78-c641e0512e14 None None] Dynamic interval looping call 'nova.service.Service.periodic_tasks' sleeping for 60.00 seconds {{(pid=112021) _run_loop /opt/stack/data/venv/lib/python3.12/site-packages/oslo_service/backend/_threading/loopingcall.py:125}}
Apr 22 13:18:35.032671 np0000169315 nova-conductor[111996]: DEBUG dbcounter [-] [111996] Writing DB stats nova_cell0:SELECT=1,nova_cell0:UPDATE=1 {{(pid=111996) stat_writer /opt/stack/data/venv/lib/python3.12/site-packages/dbcounter.py:115}}
Apr 22 13:18:35.039673 np0000169315 nova-conductor[112003]: DEBUG dbcounter [-] [112003] Writing DB stats nova_cell0:SELECT=1,nova_cell0:UPDATE=1 {{(pid=112003) stat_writer /opt/stack/data/venv/lib/python3.12/site-packages/dbcounter.py:115}}
Apr 22 13:18:35.044269 np0000169315 nova-conductor[112021]: DEBUG dbcounter [-] [112021] Writing DB stats nova_cell0:SELECT=1,nova_cell0:UPDATE=1 {{(pid=112021) stat_writer /opt/stack/data/venv/lib/python3.12/site-packages/dbcounter.py:115}}
Apr 22 13:18:35.069990 np0000169315 nova-conductor[112014]: DEBUG dbcounter [-] [112014] Writing DB stats nova_cell0:SELECT=1 {{(pid=112014) stat_writer /opt/stack/data/venv/lib/python3.12/site-packages/dbcounter.py:115}}
Apr 22 13:19:04.060499 np0000169315 nova-conductor[112014]: DEBUG oslo.service.backend._threading.loopingcall [None req-f87525ea-4688-40d1-8a22-1af668c6c77c None None] Dynamic interval looping call 'nova.service.Service.periodic_tasks' sleeping for 60.00 seconds {{(pid=112014) _run_loop /opt/stack/data/venv/lib/python3.12/site-packages/oslo_service/backend/_threading/loopingcall.py:125}}
Apr 22 13:19:17.037182 np0000169315 nova-conductor[112003]: DEBUG oslo.service.backend._threading.loopingcall [None req-71fbb2da-40e8-4550-ab42-412fae45988e None None] Dynamic interval looping call 'nova.service.Service.periodic_tasks' sleeping for 60.00 seconds {{(pid=112003) _run_loop /opt/stack/data/venv/lib/python3.12/site-packages/oslo_service/backend/_threading/loopingcall.py:125}}
Apr 22 13:19:32.033000 np0000169315 nova-conductor[111996]: DEBUG oslo.service.backend._threading.loopingcall [None req-7b2c02ae-cf51-4ce6-a01f-451c70841ade None None] Dynamic interval looping call 'nova.service.Service.periodic_tasks' sleeping for 60.00 seconds {{(pid=111996) _run_loop /opt/stack/data/venv/lib/python3.12/site-packages/oslo_service/backend/_threading/loopingcall.py:125}}
Apr 22 13:19:34.044036 np0000169315 nova-conductor[112021]: DEBUG oslo.service.backend._threading.loopingcall [None req-413f36a0-cd29-42be-bf78-c641e0512e14 None None] Dynamic interval looping call 'nova.service.Service.periodic_tasks' sleeping for 60.00 seconds {{(pid=112021) _run_loop /opt/stack/data/venv/lib/python3.12/site-packages/oslo_service/backend/_threading/loopingcall.py:125}}
Apr 22 13:20:04.061419 np0000169315 nova-conductor[112014]: DEBUG oslo.service.backend._threading.loopingcall [None req-f87525ea-4688-40d1-8a22-1af668c6c77c None None] Dynamic interval looping call 'nova.service.Service.periodic_tasks' sleeping for 60.00 seconds {{(pid=112014) _run_loop /opt/stack/data/venv/lib/python3.12/site-packages/oslo_service/backend/_threading/loopingcall.py:125}}
Apr 22 13:20:17.037907 np0000169315 nova-conductor[112003]: DEBUG oslo.service.backend._threading.loopingcall [None req-71fbb2da-40e8-4550-ab42-412fae45988e None None] Dynamic interval looping call 'nova.service.Service.periodic_tasks' sleeping for 60.00 seconds {{(pid=112003) _run_loop /opt/stack/data/venv/lib/python3.12/site-packages/oslo_service/backend/_threading/loopingcall.py:125}}
Apr 22 13:20:25.034710 np0000169315 nova-conductor[111996]: DEBUG oslo.service.backend._threading.loopingcall [-] Fixed interval looping call 'nova.servicegroup.drivers.db.DbDriver._report_state' sleeping for 119.99 seconds {{(pid=111996) _run_loop /opt/stack/data/venv/lib/python3.12/site-packages/oslo_service/backend/_threading/loopingcall.py:125}}
Apr 22 13:20:25.039102 np0000169315 nova-conductor[112003]: DEBUG oslo.service.backend._threading.loopingcall [-] Fixed interval looping call 'nova.servicegroup.drivers.db.DbDriver._report_state' sleeping for 120.00 seconds {{(pid=112003) _run_loop /opt/stack/data/venv/lib/python3.12/site-packages/oslo_service/backend/_threading/loopingcall.py:125}}
Apr 22 13:20:25.045408 np0000169315 nova-conductor[112021]: DEBUG oslo.service.backend._threading.loopingcall [-] Fixed interval looping call 'nova.servicegroup.drivers.db.DbDriver._report_state' sleeping for 119.99 seconds {{(pid=112021) _run_loop /opt/stack/data/venv/lib/python3.12/site-packages/oslo_service/backend/_threading/loopingcall.py:125}}
Apr 22 13:20:25.065608 np0000169315 nova-conductor[112014]: DEBUG oslo.service.backend._threading.loopingcall [-] Fixed interval looping call 'nova.servicegroup.drivers.db.DbDriver._report_state' sleeping for 119.99 seconds {{(pid=112014) _run_loop /opt/stack/data/venv/lib/python3.12/site-packages/oslo_service/backend/_threading/loopingcall.py:125}}
Apr 22 13:20:32.033575 np0000169315 nova-conductor[111996]: DEBUG oslo.service.backend._threading.loopingcall [None req-7b2c02ae-cf51-4ce6-a01f-451c70841ade None None] Dynamic interval looping call 'nova.service.Service.periodic_tasks' sleeping for 60.00 seconds {{(pid=111996) _run_loop /opt/stack/data/venv/lib/python3.12/site-packages/oslo_service/backend/_threading/loopingcall.py:125}}
