2026-06-16 01:42:03.734 8 INFO neutron.api.extensions [None req-f69f701a-cf86-413c-88a8-a0d8ed0a5c3f - - - - - -] Extension port-hints not supported by any of loaded plugins
2026-06-16 01:42:03.735 8 INFO neutron.api.extensions [None req-f69f701a-cf86-413c-88a8-a0d8ed0a5c3f - - - - - -] Loaded extension: port-mac-override
2026-06-16 01:42:03.736 8 INFO neutron.api.extensions [None req-f69f701a-cf86-413c-88a8-a0d8ed0a5c3f - - - - - -] Loaded extension: port-mac-address-regenerate
2026-06-16 01:42:03.736 8 INFO neutron.api.extensions [None req-f69f701a-cf86-413c-88a8-a0d8ed0a5c3f - - - - - -] Loaded extension: port-numa-affinity-policy
2026-06-16 01:42:03.737 7 INFO neutron.api.extensions [None req-6a11d979-6ed4-4472-bb52-d8946115f8cc - - - - - -] Loaded extension: standard-attr-tag
2026-06-16 01:42:03.737 8 INFO neutron.api.extensions [None req-f69f701a-cf86-413c-88a8-a0d8ed0a5c3f - - - - - -] Loaded extension: port-numa-affinity-policy-socket
2026-06-16 01:42:03.738 7 INFO neutron.api.extensions [None req-6a11d979-6ed4-4472-bb52-d8946115f8cc - - - - - -] Loaded extension: standard-attr-timestamp
2026-06-16 01:42:03.738 8 INFO neutron.api.extensions [None req-f69f701a-cf86-413c-88a8-a0d8ed0a5c3f - - - - - -] Loaded extension: port-resource-request
2026-06-16 01:42:03.738 7 INFO neutron.api.extensions [None req-6a11d979-6ed4-4472-bb52-d8946115f8cc - - - - - -] Loaded extension: trunk
2026-06-16 01:42:03.738 8 INFO neutron.api.extensions [None req-f69f701a-cf86-413c-88a8-a0d8ed0a5c3f - - - - - -] Loaded extension: port-resource-request-groups
2026-06-16 01:42:03.739 7 INFO neutron.api.extensions [None req-6a11d979-6ed4-4472-bb52-d8946115f8cc - - - - - -] Loaded extension: trunk-details
2026-06-16 01:42:03.739 8 INFO neutron.api.extensions [None req-f69f701a-cf86-413c-88a8-a0d8ed0a5c3f - - - - - -] Extension port-trusted-vif not supported by any of loaded plugins
2026-06-16 01:42:03.739 7 INFO neutron.api.extensions [None req-6a11d979-6ed4-4472-bb52-d8946115f8cc - - - - - -] Extension uplink-status-propagation not supported by any of loaded plugins
2026-06-16 01:42:03.740 8 INFO neutron.api.extensions [None req-f69f701a-cf86-413c-88a8-a0d8ed0a5c3f - - - - - -] Loaded extension: binding
2026-06-16 01:42:03.740 7 INFO neutron.api.extensions [None req-6a11d979-6ed4-4472-bb52-d8946115f8cc - - - - - -] Extension uplink-status-propagation-updatable not supported by any of loaded plugins
2026-06-16 01:42:03.740 7 INFO neutron.api.extensions [None req-6a11d979-6ed4-4472-bb52-d8946115f8cc - - - - - -] Extension vlan-transparent not supported by any of loaded plugins
2026-06-16 01:42:03.740 8 INFO neutron.api.extensions [None req-f69f701a-cf86-413c-88a8-a0d8ed0a5c3f - - - - - -] Loaded extension: binding-extended
2026-06-16 01:42:03.741 7 INFO neutron.api.extensions [None req-6a11d979-6ed4-4472-bb52-d8946115f8cc - - - - - -] Loaded extension: vpn-aes-ctr
2026-06-16 01:42:03.741 8 INFO neutron.api.extensions [None req-f69f701a-cf86-413c-88a8-a0d8ed0a5c3f - - - - - -] Loaded extension: port-security
2026-06-16 01:42:03.742 8 INFO neutron.api.extensions [None req-f69f701a-cf86-413c-88a8-a0d8ed0a5c3f - - - - - -] Loaded extension: project-id
2026-06-16 01:42:03.742 8 INFO neutron.api.extensions [None req-f69f701a-cf86-413c-88a8-a0d8ed0a5c3f - - - - - -] Loaded extension: provider
2026-06-16 01:42:03.743 7 INFO neutron.api.extensions [None req-6a11d979-6ed4-4472-bb52-d8946115f8cc - - - - - -] Extension vpn-agent-scheduler not supported by any of loaded plugins
2026-06-16 01:42:03.743 8 INFO neutron.api.extensions [None req-f69f701a-cf86-413c-88a8-a0d8ed0a5c3f - - - - - -] Extension qinq not supported by any of loaded plugins
2026-06-16 01:42:03.743 7 INFO neutron.api.extensions [None req-6a11d979-6ed4-4472-bb52-d8946115f8cc - - - - - -] Loaded extension: vpn-endpoint-groups
2026-06-16 01:42:03.744 7 INFO neutron.api.extensions [None req-6a11d979-6ed4-4472-bb52-d8946115f8cc - - - - - -] Loaded extension: vpn-flavors
2026-06-16 01:42:03.745 8 INFO neutron.api.extensions [None req-f69f701a-cf86-413c-88a8-a0d8ed0a5c3f - - - - - -] Loaded extension: qos
2026-06-16 01:42:03.746 7 INFO neutron.api.extensions [None req-6a11d979-6ed4-4472-bb52-d8946115f8cc - - - - - -] Loaded extension: vpnaas
2026-06-16 01:42:03.746 8 INFO neutron.api.extensions [None req-f69f701a-cf86-413c-88a8-a0d8ed0a5c3f - - - - - -] Loaded extension: qos-bw-limit-direction
2026-06-16 01:42:03.747 8 INFO neutron.api.extensions [None req-f69f701a-cf86-413c-88a8-a0d8ed0a5c3f - - - - - -] Loaded extension: qos-bw-minimum-ingress
2026-06-16 01:42:03.747 8 INFO neutron.api.extensions [None req-f69f701a-cf86-413c-88a8-a0d8ed0a5c3f - - - - - -] Loaded extension: qos-default
2026-06-16 01:42:03.748 7 INFO neutron.api.extensions [None req-6a11d979-6ed4-4472-bb52-d8946115f8cc - - - - - -] Loaded extension: taas
2026-06-16 01:42:03.748 8 INFO neutron.api.extensions [None req-f69f701a-cf86-413c-88a8-a0d8ed0a5c3f - - - - - -] Loaded extension: qos-fip
2026-06-16 01:42:03.748 8 INFO neutron.api.extensions [None req-f69f701a-cf86-413c-88a8-a0d8ed0a5c3f - - - - - -] Extension qos-fip-network-policy not supported by any of loaded plugins
2026-06-16 01:42:03.749 7 INFO neutron.api.extensions [None req-6a11d979-6ed4-4472-bb52-d8946115f8cc - - - - - -] Loaded extension: tap-mirror
2026-06-16 01:42:03.749 8 INFO neutron.api.extensions [None req-f69f701a-cf86-413c-88a8-a0d8ed0a5c3f - - - - - -] Loaded extension: qos-gateway-ip
2026-06-16 01:42:03.749 7 INFO neutron.api.extensions [None req-6a11d979-6ed4-4472-bb52-d8946115f8cc - - - - - -] Loaded extension: taas-vlan-filter
2026-06-16 01:42:03.750 8 INFO neutron.api.extensions [None req-f69f701a-cf86-413c-88a8-a0d8ed0a5c3f - - - - - -] Loaded extension: qos-port-network-policy
2026-06-16 01:42:03.750 8 INFO neutron.api.extensions [None req-f69f701a-cf86-413c-88a8-a0d8ed0a5c3f - - - - - -] Loaded extension: qos-pps-minimum
2026-06-16 01:42:03.751 8 INFO neutron.api.extensions [None req-f69f701a-cf86-413c-88a8-a0d8ed0a5c3f - - - - - -] Loaded extension: qos-pps-minimum-rule-alias
2026-06-16 01:42:03.752 7 INFO neutron.quota.resource_registry [None req-6a11d979-6ed4-4472-bb52-d8946115f8cc - - - - - -] Creating instance of TrackedResource for resource:network
2026-06-16 01:42:03.752 8 INFO neutron.api.extensions [None req-f69f701a-cf86-413c-88a8-a0d8ed0a5c3f - - - - - -] Loaded extension: qos-pps
2026-06-16 01:42:03.752 7 INFO neutron.quota.resource_registry [None req-6a11d979-6ed4-4472-bb52-d8946115f8cc - - - - - -] Creating instance of TrackedResource for resource:subnet
2026-06-16 01:42:03.752 7 INFO neutron.quota.resource_registry [None req-6a11d979-6ed4-4472-bb52-d8946115f8cc - - - - - -] Creating instance of TrackedResource for resource:subnetpool
2026-06-16 01:42:03.752 7 INFO neutron.quota.resource_registry [None req-6a11d979-6ed4-4472-bb52-d8946115f8cc - - - - - -] Creating instance of TrackedResource for resource:port
2026-06-16 01:42:03.752 8 INFO neutron.api.extensions [None req-f69f701a-cf86-413c-88a8-a0d8ed0a5c3f - - - - - -] Loaded extension: qos-rule-type-details
2026-06-16 01:42:03.753 8 INFO neutron.api.extensions [None req-f69f701a-cf86-413c-88a8-a0d8ed0a5c3f - - - - - -] Loaded extension: qos-rule-type-filter
2026-06-16 01:42:03.754 8 INFO neutron.api.extensions [None req-f69f701a-cf86-413c-88a8-a0d8ed0a5c3f - - - - - -] Loaded extension: qos-rules-alias
2026-06-16 01:42:03.754 8 INFO neutron.api.extensions [None req-f69f701a-cf86-413c-88a8-a0d8ed0a5c3f - - - - - -] Loaded extension: quota-check-limit
2026-06-16 01:42:03.755 8 INFO neutron.api.extensions [None req-f69f701a-cf86-413c-88a8-a0d8ed0a5c3f - - - - - -] Loaded extension: quota-check-limit-default
2026-06-16 01:42:03.756 7 INFO neutron.quota.resource_registry [None req-6a11d979-6ed4-4472-bb52-d8946115f8cc - - - - - -] Creating instance of TrackedResource for resource:router
2026-06-16 01:42:03.756 7 INFO neutron.quota.resource_registry [None req-6a11d979-6ed4-4472-bb52-d8946115f8cc - - - - - -] Creating instance of TrackedResource for resource:floatingip
2026-06-16 01:42:03.757 8 INFO neutron.api.extensions [None req-f69f701a-cf86-413c-88a8-a0d8ed0a5c3f - - - - - -] Loaded extension: quotas
2026-06-16 01:42:03.759 8 INFO neutron.api.extensions [None req-f69f701a-cf86-413c-88a8-a0d8ed0a5c3f - - - - - -] Loaded extension: quota_details
2026-06-16 01:42:03.761 8 INFO neutron.api.extensions [None req-f69f701a-cf86-413c-88a8-a0d8ed0a5c3f - - - - - -] Loaded extension: rbac-policies
2026-06-16 01:42:03.761 8 INFO neutron.api.extensions [None req-f69f701a-cf86-413c-88a8-a0d8ed0a5c3f - - - - - -] Loaded extension: rbac-address-group
2026-06-16 01:42:03.761 7 INFO neutron.quota.resource_registry [None req-6a11d979-6ed4-4472-bb52-d8946115f8cc - - - - - -] Creating instance of CountableResource for resource:rbac_policy
2026-06-16 01:42:03.762 8 INFO neutron.api.extensions [None req-f69f701a-cf86-413c-88a8-a0d8ed0a5c3f - - - - - -] Loaded extension: rbac-address-scope
2026-06-16 01:42:03.762 7 INFO neutron.quota.resource_registry [None req-6a11d979-6ed4-4472-bb52-d8946115f8cc - - - - - -] Creating instance of TrackedResource for resource:security_group
2026-06-16 01:42:03.762 8 INFO neutron.api.extensions [None req-f69f701a-cf86-413c-88a8-a0d8ed0a5c3f - - - - - -] Loaded extension: rbac-security-groups
2026-06-16 01:42:03.763 7 INFO neutron.quota.resource_registry [None req-6a11d979-6ed4-4472-bb52-d8946115f8cc - - - - - -] Creating instance of TrackedResource for resource:security_group_rule
2026-06-16 01:42:03.763 8 INFO neutron.api.extensions [None req-f69f701a-cf86-413c-88a8-a0d8ed0a5c3f - - - - - -] Loaded extension: rbac-subnetpool
2026-06-16 01:42:03.763 7 INFO neutron.quota.resource_registry [None req-6a11d979-6ed4-4472-bb52-d8946115f8cc - - - - - -] Creating instance of TrackedResource for resource:subnetpool
2026-06-16 01:42:03.764 7 WARNING neutron.quota.resource_registry [None req-6a11d979-6ed4-4472-bb52-d8946115f8cc - - - - - -] subnetpool is already registered
2026-06-16 01:42:03.764 8 INFO neutron.api.extensions [None req-f69f701a-cf86-413c-88a8-a0d8ed0a5c3f - - - - - -] Loaded extension: revision-if-match
2026-06-16 01:42:03.764 7 INFO neutron.quota.resource_registry [None req-6a11d979-6ed4-4472-bb52-d8946115f8cc - - - - - -] Creating instance of TrackedResource for resource:subnetpool
2026-06-16 01:42:03.764 7 WARNING neutron.quota.resource_registry [None req-6a11d979-6ed4-4472-bb52-d8946115f8cc - - - - - -] subnetpool is already registered
2026-06-16 01:42:03.764 8 INFO neutron.api.extensions [None req-f69f701a-cf86-413c-88a8-a0d8ed0a5c3f - - - - - -] Loaded extension: standard-attr-revisions
2026-06-16 01:42:03.764 7 INFO neutron.quota.resource_registry [None req-6a11d979-6ed4-4472-bb52-d8946115f8cc - - - - - -] Creating instance of CountableResource for resource:trunk
2026-06-16 01:42:03.765 7 INFO neutron.quota.resource_registry [None req-6a11d979-6ed4-4472-bb52-d8946115f8cc - - - - - -] Creating instance of CountableResource for resource:ikepolicy
2026-06-16 01:42:03.765 8 INFO neutron.api.extensions [None req-f69f701a-cf86-413c-88a8-a0d8ed0a5c3f - - - - - -] Loaded extension: router_availability_zone
2026-06-16 01:42:03.765 7 INFO neutron.quota.resource_registry [None req-6a11d979-6ed4-4472-bb52-d8946115f8cc - - - - - -] Creating instance of CountableResource for resource:ipsecpolicy
2026-06-16 01:42:03.766 7 INFO neutron.quota.resource_registry [None req-6a11d979-6ed4-4472-bb52-d8946115f8cc - - - - - -] Creating instance of CountableResource for resource:endpoint_group
2026-06-16 01:42:03.766 8 INFO neutron.api.extensions [None req-f69f701a-cf86-413c-88a8-a0d8ed0a5c3f - - - - - -] Extension router-service-type not supported by any of loaded plugins
2026-06-16 01:42:03.766 7 INFO neutron.quota.resource_registry [None req-6a11d979-6ed4-4472-bb52-d8946115f8cc - - - - - -] Creating instance of CountableResource for resource:vpnservice
2026-06-16 01:42:03.767 7 INFO neutron.quota.resource_registry [None req-6a11d979-6ed4-4472-bb52-d8946115f8cc - - - - - -] Creating instance of CountableResource for resource:ipsec_site_connection
2026-06-16 01:42:03.767 7 INFO neutron.quota.resource_registry [None req-6a11d979-6ed4-4472-bb52-d8946115f8cc - - - - - -] Creating instance of CountableResource for resource:ipsecpolicy
2026-06-16 01:42:03.767 7 WARNING neutron.quota.resource_registry [None req-6a11d979-6ed4-4472-bb52-d8946115f8cc - - - - - -] ipsecpolicy is already registered
2026-06-16 01:42:03.767 7 INFO neutron.quota.resource_registry [None req-6a11d979-6ed4-4472-bb52-d8946115f8cc - - - - - -] Creating instance of CountableResource for resource:ikepolicy
2026-06-16 01:42:03.768 7 WARNING neutron.quota.resource_registry [None req-6a11d979-6ed4-4472-bb52-d8946115f8cc - - - - - -] ikepolicy is already registered
2026-06-16 01:42:03.768 8 INFO neutron.api.extensions [None req-f69f701a-cf86-413c-88a8-a0d8ed0a5c3f - - - - - -] Loaded extension: security-groups-default-rules
2026-06-16 01:42:03.768 8 INFO neutron.api.extensions [None req-f69f701a-cf86-413c-88a8-a0d8ed0a5c3f - - - - - -] Loaded extension: security-groups-normalized-cidr
2026-06-16 01:42:03.769 8 INFO neutron.api.extensions [None req-f69f701a-cf86-413c-88a8-a0d8ed0a5c3f - - - - - -] Loaded extension: port-security-groups-filtering
2026-06-16 01:42:03.769 8 INFO neutron.api.extensions [None req-f69f701a-cf86-413c-88a8-a0d8ed0a5c3f - - - - - -] Loaded extension: security-groups-remote-address-group
2026-06-16 01:42:03.770 8 INFO neutron.api.extensions [None req-f69f701a-cf86-413c-88a8-a0d8ed0a5c3f - - - - - -] Loaded extension: security-groups-rules-belongs-to-default-sg
2026-06-16 01:42:03.771 8 INFO neutron.api.extensions [None req-f69f701a-cf86-413c-88a8-a0d8ed0a5c3f - - - - - -] Loaded extension: security-groups-shared-filtering
2026-06-16 01:42:03.772 7 INFO neutron.quota.resource_registry [None req-6a11d979-6ed4-4472-bb52-d8946115f8cc - - - - - -] Creating instance of TrackedResource for resource:router
2026-06-16 01:42:03.772 7 WARNING neutron.quota.resource_registry [None req-6a11d979-6ed4-4472-bb52-d8946115f8cc - - - - - -] router is already registered
2026-06-16 01:42:03.773 7 INFO neutron.quota.resource_registry [None req-6a11d979-6ed4-4472-bb52-d8946115f8cc - - - - - -] Creating instance of TrackedResource for resource:floatingip
2026-06-16 01:42:03.773 7 WARNING neutron.quota.resource_registry [None req-6a11d979-6ed4-4472-bb52-d8946115f8cc - - - - - -] floatingip is already registered
2026-06-16 01:42:03.776 8 INFO neutron.api.extensions [None req-f69f701a-cf86-413c-88a8-a0d8ed0a5c3f - - - - - -] Loaded extension: security-group
2026-06-16 01:42:03.776 7 INFO neutron.quota.resource_registry [None req-6a11d979-6ed4-4472-bb52-d8946115f8cc - - - - - -] Creating instance of CountableResource for resource:rbac_policy
2026-06-16 01:42:03.776 7 WARNING neutron.quota.resource_registry [None req-6a11d979-6ed4-4472-bb52-d8946115f8cc - - - - - -] rbac_policy is already registered
2026-06-16 01:42:03.777 7 INFO neutron.quota.resource_registry [None req-6a11d979-6ed4-4472-bb52-d8946115f8cc - - - - - -] Creating instance of TrackedResource for resource:security_group
2026-06-16 01:42:03.777 7 WARNING neutron.quota.resource_registry [None req-6a11d979-6ed4-4472-bb52-d8946115f8cc - - - - - -] security_group is already registered
2026-06-16 01:42:03.777 8 INFO neutron.api.extensions [None req-f69f701a-cf86-413c-88a8-a0d8ed0a5c3f - - - - - -] Loaded extension: segment
2026-06-16 01:42:03.778 7 INFO neutron.quota.resource_registry [None req-6a11d979-6ed4-4472-bb52-d8946115f8cc - - - - - -] Creating instance of TrackedResource for resource:security_group_rule
2026-06-16 01:42:03.778 7 WARNING neutron.quota.resource_registry [None req-6a11d979-6ed4-4472-bb52-d8946115f8cc - - - - - -] security_group_rule is already registered
2026-06-16 01:42:03.778 8 INFO neutron.api.extensions [None req-f69f701a-cf86-413c-88a8-a0d8ed0a5c3f - - - - - -] Loaded extension: segments-peer-subnet-host-routes
2026-06-16 01:42:03.778 7 INFO neutron.quota.resource_registry [None req-6a11d979-6ed4-4472-bb52-d8946115f8cc - - - - - -] Creating instance of TrackedResource for resource:subnetpool
2026-06-16 01:42:03.779 7 WARNING neutron.quota.resource_registry [None req-6a11d979-6ed4-4472-bb52-d8946115f8cc - - - - - -] subnetpool is already registered
2026-06-16 01:42:03.779 8 INFO neutron.api.extensions [None req-f69f701a-cf86-413c-88a8-a0d8ed0a5c3f - - - - - -] Loaded extension: service-type
2026-06-16 01:42:03.779 7 INFO neutron.quota.resource_registry [None req-6a11d979-6ed4-4472-bb52-d8946115f8cc - - - - - -] Creating instance of TrackedResource for resource:subnetpool
2026-06-16 01:42:03.779 7 WARNING neutron.quota.resource_registry [None req-6a11d979-6ed4-4472-bb52-d8946115f8cc - - - - - -] subnetpool is already registered
2026-06-16 01:42:03.779 8 INFO neutron.api.extensions [None req-f69f701a-cf86-413c-88a8-a0d8ed0a5c3f - - - - - -] Loaded extension: sorting
2026-06-16 01:42:03.780 7 INFO neutron.quota.resource_registry [None req-6a11d979-6ed4-4472-bb52-d8946115f8cc - - - - - -] Creating instance of CountableResource for resource:trunk
2026-06-16 01:42:03.780 7 WARNING neutron.quota.resource_registry [None req-6a11d979-6ed4-4472-bb52-d8946115f8cc - - - - - -] trunk is already registered
2026-06-16 01:42:03.780 8 INFO neutron.api.extensions [None req-f69f701a-cf86-413c-88a8-a0d8ed0a5c3f - - - - - -] Loaded extension: standard-attr-segment
2026-06-16 01:42:03.780 7 INFO neutron.quota.resource_registry [None req-6a11d979-6ed4-4472-bb52-d8946115f8cc - - - - - -] Creating instance of CountableResource for resource:ikepolicy
2026-06-16 01:42:03.780 7 WARNING neutron.quota.resource_registry [None req-6a11d979-6ed4-4472-bb52-d8946115f8cc - - - - - -] ikepolicy is already registered
2026-06-16 01:42:03.781 7 INFO neutron.quota.resource_registry [None req-6a11d979-6ed4-4472-bb52-d8946115f8cc - - - - - -] Creating instance of CountableResource for resource:ipsecpolicy
2026-06-16 01:42:03.781 8 INFO neutron.api.extensions [None req-f69f701a-cf86-413c-88a8-a0d8ed0a5c3f - - - - - -] Loaded extension: standard-attr-description
2026-06-16 01:42:03.781 7 WARNING neutron.quota.resource_registry [None req-6a11d979-6ed4-4472-bb52-d8946115f8cc - - - - - -] ipsecpolicy is already registered
2026-06-16 01:42:03.781 7 INFO neutron.quota.resource_registry [None req-6a11d979-6ed4-4472-bb52-d8946115f8cc - - - - - -] Creating instance of CountableResource for resource:endpoint_group
2026-06-16 01:42:03.781 7 WARNING neutron.quota.resource_registry [None req-6a11d979-6ed4-4472-bb52-d8946115f8cc - - - - - -] endpoint_group is already registered
2026-06-16 01:42:03.781 8 INFO neutron.api.extensions [None req-f69f701a-cf86-413c-88a8-a0d8ed0a5c3f - - - - - -] Loaded extension: stateful-security-group
2026-06-16 01:42:03.781 7 INFO neutron.quota.resource_registry [None req-6a11d979-6ed4-4472-bb52-d8946115f8cc - - - - - -] Creating instance of CountableResource for resource:vpnservice
2026-06-16 01:42:03.782 7 WARNING neutron.quota.resource_registry [None req-6a11d979-6ed4-4472-bb52-d8946115f8cc - - - - - -] vpnservice is already registered
2026-06-16 01:42:03.782 8 WARNING neutron.api.extensions [None req-f69f701a-cf86-413c-88a8-a0d8ed0a5c3f - - - - - -] Did not find expected name "Stdattrs_common" in /var/lib/openstack/lib/python3.12/site-packages/neutron/extensions/stdattrs_common.py
2026-06-16 01:42:03.782 7 INFO neutron.quota.resource_registry [None req-6a11d979-6ed4-4472-bb52-d8946115f8cc - - - - - -] Creating instance of CountableResource for resource:ipsec_site_connection
2026-06-16 01:42:03.782 7 WARNING neutron.quota.resource_registry [None req-6a11d979-6ed4-4472-bb52-d8946115f8cc - - - - - -] ipsec_site_connection is already registered
2026-06-16 01:42:03.782 8 INFO neutron.api.extensions [None req-f69f701a-cf86-413c-88a8-a0d8ed0a5c3f - - - - - -] Extension subnet-dns-publish-fixed-ip not supported by any of loaded plugins
2026-06-16 01:42:03.782 7 INFO neutron.quota.resource_registry [None req-6a11d979-6ed4-4472-bb52-d8946115f8cc - - - - - -] Creating instance of CountableResource for resource:ipsecpolicy
2026-06-16 01:42:03.783 7 WARNING neutron.quota.resource_registry [None req-6a11d979-6ed4-4472-bb52-d8946115f8cc - - - - - -] ipsecpolicy is already registered
2026-06-16 01:42:03.783 7 INFO neutron.quota.resource_registry [None req-6a11d979-6ed4-4472-bb52-d8946115f8cc - - - - - -] Creating instance of CountableResource for resource:ikepolicy
2026-06-16 01:42:03.783 8 INFO neutron.api.extensions [None req-f69f701a-cf86-413c-88a8-a0d8ed0a5c3f - - - - - -] Loaded extension: subnet-external-network
2026-06-16 01:42:03.783 7 WARNING neutron.quota.resource_registry [None req-6a11d979-6ed4-4472-bb52-d8946115f8cc - - - - - -] ikepolicy is already registered
2026-06-16 01:42:03.784 8 INFO neutron.api.extensions [None req-f69f701a-cf86-413c-88a8-a0d8ed0a5c3f - - - - - -] Loaded extension: subnet_onboard
2026-06-16 01:42:03.784 8 INFO neutron.api.extensions [None req-f69f701a-cf86-413c-88a8-a0d8ed0a5c3f - - - - - -] Loaded extension: subnet-segmentid-writable
2026-06-16 01:42:03.785 8 INFO neutron.api.extensions [None req-f69f701a-cf86-413c-88a8-a0d8ed0a5c3f - - - - - -] Loaded extension: subnet-service-types
2026-06-16 01:42:03.786 8 INFO neutron.api.extensions [None req-f69f701a-cf86-413c-88a8-a0d8ed0a5c3f - - - - - -] Loaded extension: subnet_allocation
2026-06-16 01:42:03.788 8 INFO neutron.api.extensions [None req-f69f701a-cf86-413c-88a8-a0d8ed0a5c3f - - - - - -] Loaded extension: subnetpool-prefix-ops
2026-06-16 01:42:03.789 8 INFO neutron.api.extensions [None req-f69f701a-cf86-413c-88a8-a0d8ed0a5c3f - - - - - -] Loaded extension: tag-creation
2026-06-16 01:42:03.790 8 INFO neutron.api.extensions [None req-f69f701a-cf86-413c-88a8-a0d8ed0a5c3f - - - - - -] Extension tag-ports-during-bulk-creation not supported by any of loaded plugins
2026-06-16 01:42:03.793 8 INFO neutron.api.extensions [None req-f69f701a-cf86-413c-88a8-a0d8ed0a5c3f - - - - - -] Loaded extension: standard-attr-tag
2026-06-16 01:42:03.795 8 INFO neutron.api.extensions [None req-f69f701a-cf86-413c-88a8-a0d8ed0a5c3f - - - - - -] Loaded extension: standard-attr-timestamp
2026-06-16 01:42:03.796 8 INFO neutron.api.extensions [None req-f69f701a-cf86-413c-88a8-a0d8ed0a5c3f - - - - - -] Loaded extension: trunk
2026-06-16 01:42:03.796 8 INFO neutron.api.extensions [None req-f69f701a-cf86-413c-88a8-a0d8ed0a5c3f - - - - - -] Loaded extension: trunk-details
2026-06-16 01:42:03.797 8 INFO neutron.api.extensions [None req-f69f701a-cf86-413c-88a8-a0d8ed0a5c3f - - - - - -] Extension uplink-status-propagation not supported by any of loaded plugins
2026-06-16 01:42:03.797 8 INFO neutron.api.extensions [None req-f69f701a-cf86-413c-88a8-a0d8ed0a5c3f - - - - - -] Extension uplink-status-propagation-updatable not supported by any of loaded plugins
2026-06-16 01:42:03.798 8 INFO neutron.api.extensions [None req-f69f701a-cf86-413c-88a8-a0d8ed0a5c3f - - - - - -] Extension vlan-transparent not supported by any of loaded plugins
2026-06-16 01:42:03.799 8 INFO neutron.api.extensions [None req-f69f701a-cf86-413c-88a8-a0d8ed0a5c3f - - - - - -] Loaded extension: vpn-aes-ctr
2026-06-16 01:42:03.801 8 INFO neutron.api.extensions [None req-f69f701a-cf86-413c-88a8-a0d8ed0a5c3f - - - - - -] Extension vpn-agent-scheduler not supported by any of loaded plugins
2026-06-16 01:42:03.801 8 INFO neutron.api.extensions [None req-f69f701a-cf86-413c-88a8-a0d8ed0a5c3f - - - - - -] Loaded extension: vpn-endpoint-groups
2026-06-16 01:42:03.802 8 INFO neutron.api.extensions [None req-f69f701a-cf86-413c-88a8-a0d8ed0a5c3f - - - - - -] Loaded extension: vpn-flavors
2026-06-16 01:42:03.804 8 INFO neutron.api.extensions [None req-f69f701a-cf86-413c-88a8-a0d8ed0a5c3f - - - - - -] Loaded extension: vpnaas
2026-06-16 01:42:03.806 8 INFO neutron.api.extensions [None req-f69f701a-cf86-413c-88a8-a0d8ed0a5c3f - - - - - -] Loaded extension: taas
2026-06-16 01:42:03.807 8 INFO neutron.api.extensions [None req-f69f701a-cf86-413c-88a8-a0d8ed0a5c3f - - - - - -] Loaded extension: tap-mirror
2026-06-16 01:42:03.808 8 INFO neutron.api.extensions [None req-f69f701a-cf86-413c-88a8-a0d8ed0a5c3f - - - - - -] Loaded extension: taas-vlan-filter
2026-06-16 01:42:03.811 8 INFO neutron.quota.resource_registry [None req-f69f701a-cf86-413c-88a8-a0d8ed0a5c3f - - - - - -] Creating instance of TrackedResource for resource:network
2026-06-16 01:42:03.811 8 INFO neutron.quota.resource_registry [None req-f69f701a-cf86-413c-88a8-a0d8ed0a5c3f - - - - - -] Creating instance of TrackedResource for resource:subnet
2026-06-16 01:42:03.811 8 INFO neutron.quota.resource_registry [None req-f69f701a-cf86-413c-88a8-a0d8ed0a5c3f - - - - - -] Creating instance of TrackedResource for resource:subnetpool
2026-06-16 01:42:03.811 8 INFO neutron.quota.resource_registry [None req-f69f701a-cf86-413c-88a8-a0d8ed0a5c3f - - - - - -] Creating instance of TrackedResource for resource:port
2026-06-16 01:42:03.815 8 INFO neutron.quota.resource_registry [None req-f69f701a-cf86-413c-88a8-a0d8ed0a5c3f - - - - - -] Creating instance of TrackedResource for resource:router
2026-06-16 01:42:03.815 8 INFO neutron.quota.resource_registry [None req-f69f701a-cf86-413c-88a8-a0d8ed0a5c3f - - - - - -] Creating instance of TrackedResource for resource:floatingip
2026-06-16 01:42:03.820 8 INFO neutron.quota.resource_registry [None req-f69f701a-cf86-413c-88a8-a0d8ed0a5c3f - - - - - -] Creating instance of CountableResource for resource:rbac_policy
2026-06-16 01:42:03.821 8 INFO neutron.quota.resource_registry [None req-f69f701a-cf86-413c-88a8-a0d8ed0a5c3f - - - - - -] Creating instance of TrackedResource for resource:security_group
2026-06-16 01:42:03.821 8 INFO neutron.quota.resource_registry [None req-f69f701a-cf86-413c-88a8-a0d8ed0a5c3f - - - - - -] Creating instance of TrackedResource for resource:security_group_rule
2026-06-16 01:42:03.821 7 WARNING keystonemiddleware._common.config [None req-6a11d979-6ed4-4472-bb52-d8946115f8cc - - - - - -] The option "audit_map_file" is not known to keystonemiddleware
2026-06-16 01:42:03.822 8 INFO neutron.quota.resource_registry [None req-f69f701a-cf86-413c-88a8-a0d8ed0a5c3f - - - - - -] Creating instance of TrackedResource for resource:subnetpool
2026-06-16 01:42:03.822 8 WARNING neutron.quota.resource_registry [None req-f69f701a-cf86-413c-88a8-a0d8ed0a5c3f - - - - - -] subnetpool is already registered
2026-06-16 01:42:03.823 8 INFO neutron.quota.resource_registry [None req-f69f701a-cf86-413c-88a8-a0d8ed0a5c3f - - - - - -] Creating instance of TrackedResource for resource:subnetpool
2026-06-16 01:42:03.823 8 WARNING neutron.quota.resource_registry [None req-f69f701a-cf86-413c-88a8-a0d8ed0a5c3f - - - - - -] subnetpool is already registered
2026-06-16 01:42:03.823 8 INFO neutron.quota.resource_registry [None req-f69f701a-cf86-413c-88a8-a0d8ed0a5c3f - - - - - -] Creating instance of CountableResource for resource:trunk
2026-06-16 01:42:03.824 8 INFO neutron.quota.resource_registry [None req-f69f701a-cf86-413c-88a8-a0d8ed0a5c3f - - - - - -] Creating instance of CountableResource for resource:ikepolicy
2026-06-16 01:42:03.824 8 INFO neutron.quota.resource_registry [None req-f69f701a-cf86-413c-88a8-a0d8ed0a5c3f - - - - - -] Creating instance of CountableResource for resource:ipsecpolicy
2026-06-16 01:42:03.825 8 INFO neutron.quota.resource_registry [None req-f69f701a-cf86-413c-88a8-a0d8ed0a5c3f - - - - - -] Creating instance of CountableResource for resource:endpoint_group
2026-06-16 01:42:03.825 8 INFO neutron.quota.resource_registry [None req-f69f701a-cf86-413c-88a8-a0d8ed0a5c3f - - - - - -] Creating instance of CountableResource for resource:vpnservice
2026-06-16 01:42:03.826 8 INFO neutron.quota.resource_registry [None req-f69f701a-cf86-413c-88a8-a0d8ed0a5c3f - - - - - -] Creating instance of CountableResource for resource:ipsec_site_connection
2026-06-16 01:42:03.826 8 INFO neutron.quota.resource_registry [None req-f69f701a-cf86-413c-88a8-a0d8ed0a5c3f - - - - - -] Creating instance of CountableResource for resource:ipsecpolicy
2026-06-16 01:42:03.826 8 WARNING neutron.quota.resource_registry [None req-f69f701a-cf86-413c-88a8-a0d8ed0a5c3f - - - - - -] ipsecpolicy is already registered
2026-06-16 01:42:03.827 8 INFO neutron.quota.resource_registry [None req-f69f701a-cf86-413c-88a8-a0d8ed0a5c3f - - - - - -] Creating instance of CountableResource for resource:ikepolicy
2026-06-16 01:42:03.827 8 WARNING neutron.quota.resource_registry [None req-f69f701a-cf86-413c-88a8-a0d8ed0a5c3f - - - - - -] ikepolicy is already registered
2026-06-16 01:42:03.828 7 WARNING oslo_config.cfg [None req-6a11d979-6ed4-4472-bb52-d8946115f8cc - - - - - -] Deprecated: Option "auth_uri" from group "keystone_authtoken" is deprecated. Use option "www_authenticate_uri" from group "keystone_authtoken". WSGI app 0 (mountpoint='') ready in 8 seconds on interpreter 0x7fe956529668 pid: 7 (default app)
2026-06-16 01:42:03.832 8 INFO neutron.quota.resource_registry [None req-f69f701a-cf86-413c-88a8-a0d8ed0a5c3f - - - - - -] Creating instance of TrackedResource for resource:router
2026-06-16 01:42:03.832 8 WARNING neutron.quota.resource_registry [None req-f69f701a-cf86-413c-88a8-a0d8ed0a5c3f - - - - - -] router is already registered
2026-06-16 01:42:03.833 8 INFO neutron.quota.resource_registry [None req-f69f701a-cf86-413c-88a8-a0d8ed0a5c3f - - - - - -] Creating instance of TrackedResource for resource:floatingip
2026-06-16 01:42:03.833 8 WARNING neutron.quota.resource_registry [None req-f69f701a-cf86-413c-88a8-a0d8ed0a5c3f - - - - - -] floatingip is already registered
2026-06-16 01:42:03.837 8 INFO neutron.quota.resource_registry [None req-f69f701a-cf86-413c-88a8-a0d8ed0a5c3f - - - - - -] Creating instance of CountableResource for resource:rbac_policy
2026-06-16 01:42:03.837 8 WARNING neutron.quota.resource_registry [None req-f69f701a-cf86-413c-88a8-a0d8ed0a5c3f - - - - - -] rbac_policy is already registered
2026-06-16 01:42:03.838 8 INFO neutron.quota.resource_registry [None req-f69f701a-cf86-413c-88a8-a0d8ed0a5c3f - - - - - -] Creating instance of TrackedResource for resource:security_group
2026-06-16 01:42:03.838 8 WARNING neutron.quota.resource_registry [None req-f69f701a-cf86-413c-88a8-a0d8ed0a5c3f - - - - - -] security_group is already registered
2026-06-16 01:42:03.839 8 INFO neutron.quota.resource_registry [None req-f69f701a-cf86-413c-88a8-a0d8ed0a5c3f - - - - - -] Creating instance of TrackedResource for resource:security_group_rule
2026-06-16 01:42:03.839 8 WARNING neutron.quota.resource_registry [None req-f69f701a-cf86-413c-88a8-a0d8ed0a5c3f - - - - - -] security_group_rule is already registered
2026-06-16 01:42:03.840 8 INFO neutron.quota.resource_registry [None req-f69f701a-cf86-413c-88a8-a0d8ed0a5c3f - - - - - -] Creating instance of TrackedResource for resource:subnetpool
2026-06-16 01:42:03.840 8 WARNING neutron.quota.resource_registry [None req-f69f701a-cf86-413c-88a8-a0d8ed0a5c3f - - - - - -] subnetpool is already registered
2026-06-16 01:42:03.840 8 INFO neutron.quota.resource_registry [None req-f69f701a-cf86-413c-88a8-a0d8ed0a5c3f - - - - - -] Creating instance of TrackedResource for resource:subnetpool
2026-06-16 01:42:03.840 8 WARNING neutron.quota.resource_registry [None req-f69f701a-cf86-413c-88a8-a0d8ed0a5c3f - - - - - -] subnetpool is already registered
2026-06-16 01:42:03.841 8 INFO neutron.quota.resource_registry [None req-f69f701a-cf86-413c-88a8-a0d8ed0a5c3f - - - - - -] Creating instance of CountableResource for resource:trunk
2026-06-16 01:42:03.841 8 WARNING neutron.quota.resource_registry [None req-f69f701a-cf86-413c-88a8-a0d8ed0a5c3f - - - - - -] trunk is already registered
2026-06-16 01:42:03.842 8 INFO neutron.quota.resource_registry [None req-f69f701a-cf86-413c-88a8-a0d8ed0a5c3f - - - - - -] Creating instance of CountableResource for resource:ikepolicy
2026-06-16 01:42:03.842 8 WARNING neutron.quota.resource_registry [None req-f69f701a-cf86-413c-88a8-a0d8ed0a5c3f - - - - - -] ikepolicy is already registered
2026-06-16 01:42:03.842 8 INFO neutron.quota.resource_registry [None req-f69f701a-cf86-413c-88a8-a0d8ed0a5c3f - - - - - -] Creating instance of CountableResource for resource:ipsecpolicy
2026-06-16 01:42:03.842 8 WARNING neutron.quota.resource_registry [None req-f69f701a-cf86-413c-88a8-a0d8ed0a5c3f - - - - - -] ipsecpolicy is already registered
2026-06-16 01:42:03.843 8 INFO neutron.quota.resource_registry [None req-f69f701a-cf86-413c-88a8-a0d8ed0a5c3f - - - - - -] Creating instance of CountableResource for resource:endpoint_group
2026-06-16 01:42:03.843 8 WARNING neutron.quota.resource_registry [None req-f69f701a-cf86-413c-88a8-a0d8ed0a5c3f - - - - - -] endpoint_group is already registered
2026-06-16 01:42:03.844 8 INFO neutron.quota.resource_registry [None req-f69f701a-cf86-413c-88a8-a0d8ed0a5c3f - - - - - -] Creating instance of CountableResource for resource:vpnservice
2026-06-16 01:42:03.844 8 WARNING neutron.quota.resource_registry [None req-f69f701a-cf86-413c-88a8-a0d8ed0a5c3f - - - - - -] vpnservice is already registered
2026-06-16 01:42:03.844 8 INFO neutron.quota.resource_registry [None req-f69f701a-cf86-413c-88a8-a0d8ed0a5c3f - - - - - -] Creating instance of CountableResource for resource:ipsec_site_connection
2026-06-16 01:42:03.844 8 WARNING neutron.quota.resource_registry [None req-f69f701a-cf86-413c-88a8-a0d8ed0a5c3f - - - - - -] ipsec_site_connection is already registered
2026-06-16 01:42:03.845 8 INFO neutron.quota.resource_registry [None req-f69f701a-cf86-413c-88a8-a0d8ed0a5c3f - - - - - -] Creating instance of CountableResource for resource:ipsecpolicy
2026-06-16 01:42:03.845 8 WARNING neutron.quota.resource_registry [None req-f69f701a-cf86-413c-88a8-a0d8ed0a5c3f - - - - - -] ipsecpolicy is already registered
2026-06-16 01:42:03.845 8 INFO neutron.quota.resource_registry [None req-f69f701a-cf86-413c-88a8-a0d8ed0a5c3f - - - - - -] Creating instance of CountableResource for resource:ikepolicy
2026-06-16 01:42:03.846 8 WARNING neutron.quota.resource_registry [None req-f69f701a-cf86-413c-88a8-a0d8ed0a5c3f - - - - - -] ikepolicy is already registered
2026-06-16 01:42:03.882 8 WARNING keystonemiddleware._common.config [None req-f69f701a-cf86-413c-88a8-a0d8ed0a5c3f - - - - - -] The option "audit_map_file" is not known to keystonemiddleware
2026-06-16 01:42:03.890 8 WARNING oslo_config.cfg [None req-f69f701a-cf86-413c-88a8-a0d8ed0a5c3f - - - - - -] Deprecated: Option "auth_uri" from group "keystone_authtoken" is deprecated. Use option "www_authenticate_uri" from group "keystone_authtoken". WSGI app 0 (mountpoint='') ready in 8 seconds on interpreter 0x7fe956529668 pid: 8 (default app) /var/lib/openstack/lib/python3.12/site-packages/pycadf/identifier.py:70: UserWarning: Invalid uuid: unknown. To ensure interoperability, identifiers should be a valid uuid. warnings.warn(('Invalid uuid: %s. To ensure interoperability, '
2026-06-16 01:42:08.527 7 INFO neutron.pecan_wsgi.hooks.translation [None req-e2c84db3-f5da-41c7-904f-b4240942b6df cfe1be6b7d8940b2ad3e6e1803af287d c448ca45ae6a4527b9385daa10cf3bb2 - - default default] GET failed (client error): The resource could not be found. [pid: 7|app: 0|req: 3/3] 199.204.45.53 () {44 vars in 923 bytes} [Tue Jun 16 01:42:07 2026] GET /v2.0/networks/public => generated 108 bytes in 869 msecs (HTTP/1.1 404) 4 headers in 164 bytes (1 switches on core 0) /var/lib/openstack/lib/python3.12/site-packages/pycadf/identifier.py:70: UserWarning: Invalid uuid: unknown. To ensure interoperability, identifiers should be a valid uuid. warnings.warn(('Invalid uuid: %s. To ensure interoperability, ' [pid: 8|app: 0|req: 1/4] 199.204.45.53 () {44 vars in 945 bytes} [Tue Jun 16 01:42:08 2026] GET /v2.0/networks?name=public => generated 15 bytes in 388 msecs (HTTP/1.1 200) 4 headers in 156 bytes (1 switches on core 0)
2026-06-16 01:42:09.331 7 WARNING neutron.services.revisions.revision_plugin [None req-5a9b73f3-71a1-4b60-a627-099bdea3f356 cfe1be6b7d8940b2ad3e6e1803af287d c448ca45ae6a4527b9385daa10cf3bb2 - - default default] Could not find related network for resource to bump revision.
2026-06-16 01:42:09.352 7 INFO neutron.db.segments_db [None req-5a9b73f3-71a1-4b60-a627-099bdea3f356 cfe1be6b7d8940b2ad3e6e1803af287d c448ca45ae6a4527b9385daa10cf3bb2 - - default default] Added segment 4c11f965-7968-48c6-b2f1-0f32eefe3a47 of type flat for network fa98d789-27b6-4af3-830a-6167a1f026f3
2026-06-16 01:42:09.398 7 INFO neutron.pecan_wsgi.hooks.translation [None req-5a9b73f3-71a1-4b60-a627-099bdea3f356 cfe1be6b7d8940b2ad3e6e1803af287d c448ca45ae6a4527b9385daa10cf3bb2 - - default default] POST failed (client error): The resource could not be found. [pid: 7|app: 0|req: 4/5] 199.204.45.53 () {48 vars in 963 bytes} [Tue Jun 16 01:42:08 2026] POST /v2.0/networks => generated 124 bytes in 491 msecs (HTTP/1.1 404) 4 headers in 164 bytes (1 switches on core 0)
2026-06-16 01:42:15.236 7 INFO neutron.pecan_wsgi.hooks.translation [None req-d4f281ff-e06b-45df-a21d-9ce8f3e6b61f cfe1be6b7d8940b2ad3e6e1803af287d c448ca45ae6a4527b9385daa10cf3bb2 - - default default] GET failed (client error): The resource could not be found. [pid: 7|app: 0|req: 5/7] 199.204.45.53 () {44 vars in 923 bytes} [Tue Jun 16 01:42:15 2026] GET /v2.0/networks/public => generated 108 bytes in 54 msecs (HTTP/1.1 404) 4 headers in 164 bytes (1 switches on core 0) [pid: 8|app: 0|req: 3/8] 199.204.45.53 () {44 vars in 945 bytes} [Tue Jun 16 01:42:15 2026] GET /v2.0/networks?name=public => generated 15 bytes in 15 msecs (HTTP/1.1 200) 4 headers in 156 bytes (1 switches on core 0)
2026-06-16 01:42:15.317 7 WARNING neutron.services.revisions.revision_plugin [None req-70e751dd-adf7-45e8-9082-65dd61c98cdd cfe1be6b7d8940b2ad3e6e1803af287d c448ca45ae6a4527b9385daa10cf3bb2 - - default default] Could not find related network for resource to bump revision.
2026-06-16 01:42:15.332 7 INFO neutron.db.segments_db [None req-70e751dd-adf7-45e8-9082-65dd61c98cdd cfe1be6b7d8940b2ad3e6e1803af287d c448ca45ae6a4527b9385daa10cf3bb2 - - default default] Added segment d296f070-e52e-474f-87b0-12a42f442829 of type flat for network e84cecb4-01c3-40a7-b731-53730c8a914d
2026-06-16 01:42:15.357 7 INFO neutron.pecan_wsgi.hooks.translation [None req-70e751dd-adf7-45e8-9082-65dd61c98cdd cfe1be6b7d8940b2ad3e6e1803af287d c448ca45ae6a4527b9385daa10cf3bb2 - - default default] POST failed (client error): The resource could not be found. [pid: 7|app: 0|req: 6/9] 199.204.45.53 () {48 vars in 963 bytes} [Tue Jun 16 01:42:15 2026] POST /v2.0/networks => generated 124 bytes in 107 msecs (HTTP/1.1 404) 4 headers in 164 bytes (1 switches on core 0)
2026-06-16 01:42:21.589 8 INFO neutron.pecan_wsgi.hooks.translation [None req-2a76df1d-c1fa-4ff7-a595-cfbe37bdcb2c cfe1be6b7d8940b2ad3e6e1803af287d c448ca45ae6a4527b9385daa10cf3bb2 - - default default] GET failed (client error): The resource could not be found. [pid: 8|app: 0|req: 4/10] 199.204.45.53 () {44 vars in 923 bytes} [Tue Jun 16 01:42:21 2026] GET /v2.0/networks/public => generated 108 bytes in 373 msecs (HTTP/1.1 404) 4 headers in 164 bytes (1 switches on core 0) [pid: 7|app: 0|req: 7/11] 199.204.45.53 () {44 vars in 945 bytes} [Tue Jun 16 01:42:21 2026] GET /v2.0/networks?name=public => generated 15 bytes in 19 msecs (HTTP/1.1 200) 4 headers in 156 bytes (1 switches on core 0)
2026-06-16 01:42:21.862 8 WARNING neutron.services.revisions.revision_plugin [None req-3510faed-3f1e-480d-bf96-2f15af35cafe cfe1be6b7d8940b2ad3e6e1803af287d c448ca45ae6a4527b9385daa10cf3bb2 - - default default] Could not find related network for resource to bump revision.
2026-06-16 01:42:21.887 8 INFO neutron.db.segments_db [None req-3510faed-3f1e-480d-bf96-2f15af35cafe cfe1be6b7d8940b2ad3e6e1803af287d c448ca45ae6a4527b9385daa10cf3bb2 - - default default] Added segment 55460662-8629-4197-af3e-022f9d23ba37 of type flat for network d00abb03-2f46-4f27-b89f-e3efb297c7b8
2026-06-16 01:42:21.939 8 INFO neutron.pecan_wsgi.hooks.translation [None req-3510faed-3f1e-480d-bf96-2f15af35cafe cfe1be6b7d8940b2ad3e6e1803af287d c448ca45ae6a4527b9385daa10cf3bb2 - - default default] POST failed (client error): The resource could not be found. [pid: 8|app: 0|req: 5/12] 199.204.45.53 () {48 vars in 963 bytes} [Tue Jun 16 01:42:21 2026] POST /v2.0/networks => generated 124 bytes in 335 msecs (HTTP/1.1 404) 4 headers in 164 bytes (1 switches on core 0)
2026-06-16 01:42:27.823 7 INFO neutron.pecan_wsgi.hooks.translation [None req-5b045367-533d-4f23-b14a-0e39cef7131e cfe1be6b7d8940b2ad3e6e1803af287d c448ca45ae6a4527b9385daa10cf3bb2 - - default default] GET failed (client error): The resource could not be found. [pid: 7|app: 0|req: 8/13] 199.204.45.53 () {44 vars in 923 bytes} [Tue Jun 16 01:42:27 2026] GET /v2.0/networks/public => generated 108 bytes in 50 msecs (HTTP/1.1 404) 4 headers in 164 bytes (1 switches on core 0) [pid: 8|app: 0|req: 6/14] 199.204.45.53 () {44 vars in 945 bytes} [Tue Jun 16 01:42:27 2026] GET /v2.0/networks?name=public => generated 15 bytes in 14 msecs (HTTP/1.1 200) 4 headers in 156 bytes (1 switches on core 0)
2026-06-16 01:42:27.903 7 WARNING neutron.services.revisions.revision_plugin [None req-83614ec1-d834-4f8e-a4e7-0ea48e898de5 cfe1be6b7d8940b2ad3e6e1803af287d c448ca45ae6a4527b9385daa10cf3bb2 - - default default] Could not find related network for resource to bump revision.
2026-06-16 01:42:27.924 7 INFO neutron.db.segments_db [None req-83614ec1-d834-4f8e-a4e7-0ea48e898de5 cfe1be6b7d8940b2ad3e6e1803af287d c448ca45ae6a4527b9385daa10cf3bb2 - - default default] Added segment db0833ac-9a15-489f-9387-15255dd13c5e of type flat for network dd31f6f5-d726-4109-aba5-bd9bcb4bfb02
2026-06-16 01:42:27.950 7 INFO neutron.pecan_wsgi.hooks.translation [None req-83614ec1-d834-4f8e-a4e7-0ea48e898de5 cfe1be6b7d8940b2ad3e6e1803af287d c448ca45ae6a4527b9385daa10cf3bb2 - - default default] POST failed (client error): The resource could not be found. [pid: 7|app: 0|req: 9/15] 199.204.45.53 () {48 vars in 963 bytes} [Tue Jun 16 01:42:27 2026] POST /v2.0/networks => generated 124 bytes in 113 msecs (HTTP/1.1 404) 4 headers in 164 bytes (1 switches on core 0)
2026-06-16 01:42:33.895 7 INFO neutron.pecan_wsgi.hooks.translation [None req-3460ef0f-5a59-4122-9baf-2d622be8b246 cfe1be6b7d8940b2ad3e6e1803af287d c448ca45ae6a4527b9385daa10cf3bb2 - - default default] GET failed (client error): The resource could not be found. [pid: 7|app: 0|req: 10/17] 199.204.45.53 () {44 vars in 923 bytes} [Tue Jun 16 01:42:33 2026] GET /v2.0/networks/public => generated 108 bytes in 43 msecs (HTTP/1.1 404) 4 headers in 164 bytes (1 switches on core 0) [pid: 8|app: 0|req: 8/18] 199.204.45.53 () {44 vars in 945 bytes} [Tue Jun 16 01:42:33 2026] GET /v2.0/networks?name=public => generated 15 bytes in 14 msecs (HTTP/1.1 200) 4 headers in 156 bytes (1 switches on core 0)
2026-06-16 01:42:33.978 7 WARNING neutron.services.revisions.revision_plugin [None req-5dafe462-eb18-4d78-8f59-d70554cbff8b cfe1be6b7d8940b2ad3e6e1803af287d c448ca45ae6a4527b9385daa10cf3bb2 - - default default] Could not find related network for resource to bump revision.
2026-06-16 01:42:33.995 7 INFO neutron.db.segments_db [None req-5dafe462-eb18-4d78-8f59-d70554cbff8b cfe1be6b7d8940b2ad3e6e1803af287d c448ca45ae6a4527b9385daa10cf3bb2 - - default default] Added segment 6e17aa03-4cc1-4ffd-8b67-984a5ebb4922 of type flat for network 7b581efd-7a43-463f-9760-467c62667f75
2026-06-16 01:42:34.019 7 INFO neutron.pecan_wsgi.hooks.translation [None req-5dafe462-eb18-4d78-8f59-d70554cbff8b cfe1be6b7d8940b2ad3e6e1803af287d c448ca45ae6a4527b9385daa10cf3bb2 - - default default] POST failed (client error): The resource could not be found. [pid: 7|app: 0|req: 11/19] 199.204.45.53 () {48 vars in 963 bytes} [Tue Jun 16 01:42:33 2026] POST /v2.0/networks => generated 124 bytes in 112 msecs (HTTP/1.1 404) 4 headers in 164 bytes (1 switches on core 0)
2026-06-16 01:42:39.946 8 INFO neutron.pecan_wsgi.hooks.translation [None req-24d3fd53-2246-49d4-9a11-811f4e226e5b cfe1be6b7d8940b2ad3e6e1803af287d c448ca45ae6a4527b9385daa10cf3bb2 - - default default] GET failed (client error): The resource could not be found. [pid: 8|app: 0|req: 9/20] 199.204.45.53 () {44 vars in 923 bytes} [Tue Jun 16 01:42:39 2026] GET /v2.0/networks/public => generated 108 bytes in 62 msecs (HTTP/1.1 404) 4 headers in 164 bytes (1 switches on core 0) [pid: 7|app: 0|req: 12/21] 199.204.45.53 () {44 vars in 945 bytes} [Tue Jun 16 01:42:39 2026] GET /v2.0/networks?name=public => generated 15 bytes in 13 msecs (HTTP/1.1 200) 4 headers in 156 bytes (1 switches on core 0)
2026-06-16 01:42:40.029 8 WARNING neutron.services.revisions.revision_plugin [None req-c488b1f0-0770-49cd-a951-54f0a6e70652 cfe1be6b7d8940b2ad3e6e1803af287d c448ca45ae6a4527b9385daa10cf3bb2 - - default default] Could not find related network for resource to bump revision.
2026-06-16 01:42:40.053 8 INFO neutron.db.segments_db [None req-c488b1f0-0770-49cd-a951-54f0a6e70652 cfe1be6b7d8940b2ad3e6e1803af287d c448ca45ae6a4527b9385daa10cf3bb2 - - default default] Added segment 38b99ce9-7bfd-4087-aab6-fa4b986d91a0 of type flat for network 3a254280-d1cb-4de6-a11d-98987e57e7dd
2026-06-16 01:42:40.080 8 INFO neutron.pecan_wsgi.hooks.translation [None req-c488b1f0-0770-49cd-a951-54f0a6e70652 cfe1be6b7d8940b2ad3e6e1803af287d c448ca45ae6a4527b9385daa10cf3bb2 - - default default] POST failed (client error): The resource could not be found. [pid: 8|app: 0|req: 10/22] 199.204.45.53 () {48 vars in 963 bytes} [Tue Jun 16 01:42:39 2026] POST /v2.0/networks => generated 124 bytes in 120 msecs (HTTP/1.1 404) 4 headers in 164 bytes (1 switches on core 0)
2026-06-16 01:42:46.084 8 INFO neutron.pecan_wsgi.hooks.translation [None req-ae644416-e731-40aa-a020-a1ffb99c8051 cfe1be6b7d8940b2ad3e6e1803af287d c448ca45ae6a4527b9385daa10cf3bb2 - - default default] GET failed (client error): The resource could not be found. [pid: 8|app: 0|req: 11/24] 199.204.45.53 () {44 vars in 923 bytes} [Tue Jun 16 01:42:46 2026] GET /v2.0/networks/public => generated 108 bytes in 45 msecs (HTTP/1.1 404) 4 headers in 164 bytes (1 switches on core 0) [pid: 7|app: 0|req: 14/25] 199.204.45.53 () {44 vars in 945 bytes} [Tue Jun 16 01:42:46 2026] GET /v2.0/networks?name=public => generated 15 bytes in 15 msecs (HTTP/1.1 200) 4 headers in 156 bytes (1 switches on core 0)
2026-06-16 01:42:48.922 8 WARNING neutron.services.revisions.revision_plugin [None req-fc984edc-df8a-4066-95a0-843e39721308 cfe1be6b7d8940b2ad3e6e1803af287d c448ca45ae6a4527b9385daa10cf3bb2 - - default default] Could not find related network for resource to bump revision.
2026-06-16 01:42:48.945 8 INFO neutron.db.segments_db [None req-fc984edc-df8a-4066-95a0-843e39721308 cfe1be6b7d8940b2ad3e6e1803af287d c448ca45ae6a4527b9385daa10cf3bb2 - - default default] Added segment 9eea9c36-9d5e-4449-92be-25cdfaabda32 of type flat for network 12e17d28-9927-4b2c-aebb-0d27b6645488 [pid: 8|app: 0|req: 12/26] 199.204.45.53 () {48 vars in 963 bytes} [Tue Jun 16 01:42:46 2026] POST /v2.0/networks => generated 706 bytes in 3022 msecs (HTTP/1.1 201) 4 headers in 162 bytes (1 switches on core 0)
2026-06-16 01:42:50.372 7 INFO neutron.pecan_wsgi.hooks.translation [None req-c12c0c53-decd-47fa-bd2b-157fe2146a0b cfe1be6b7d8940b2ad3e6e1803af287d c448ca45ae6a4527b9385daa10cf3bb2 - - default default] GET failed (client error): The resource could not be found. [pid: 7|app: 0|req: 15/27] 199.204.45.53 () {44 vars in 923 bytes} [Tue Jun 16 01:42:50 2026] GET /v2.0/networks/public => generated 108 bytes in 48 msecs (HTTP/1.1 404) 4 headers in 164 bytes (1 switches on core 0) [pid: 8|app: 0|req: 13/28] 199.204.45.53 () {44 vars in 945 bytes} [Tue Jun 16 01:42:50 2026] GET /v2.0/networks?name=public => generated 709 bytes in 24 msecs (HTTP/1.1 200) 4 headers in 157 bytes (1 switches on core 0)
2026-06-16 01:42:50.445 7 INFO neutron.pecan_wsgi.hooks.translation [None req-e65b8f81-b624-4858-b2a6-0e53f340f60d cfe1be6b7d8940b2ad3e6e1803af287d c448ca45ae6a4527b9385daa10cf3bb2 - - default default] GET failed (client error): The resource could not be found. [pid: 7|app: 0|req: 16/29] 199.204.45.53 () {44 vars in 1030 bytes} [Tue Jun 16 01:42:50 2026] GET /v2.0/subnets/public-subnet?network_id=12e17d28-9927-4b2c-aebb-0d27b6645488 => generated 113 bytes in 38 msecs (HTTP/1.1 404) 4 headers in 164 bytes (1 switches on core 0) [pid: 8|app: 0|req: 14/30] 199.204.45.53 () {44 vars in 1053 bytes} [Tue Jun 16 01:42:50 2026] GET /v2.0/subnets?name=public-subnet&network_id=12e17d28-9927-4b2c-aebb-0d27b6645488 => generated 14 bytes in 28 msecs (HTTP/1.1 200) 4 headers in 156 bytes (1 switches on core 0) [pid: 7|app: 0|req: 17/31] 199.204.45.53 () {48 vars in 961 bytes} [Tue Jun 16 01:42:50 2026] POST /v2.0/subnets => generated 664 bytes in 346 msecs (HTTP/1.1 201) 4 headers in 162 bytes (1 switches on core 0)
2026-06-16 01:47:49.048 8 INFO neutron.pecan_wsgi.hooks.translation [None req-5a5af625-2f0c-4bb3-aa7f-4b7801915098 cfe1be6b7d8940b2ad3e6e1803af287d c448ca45ae6a4527b9385daa10cf3bb2 - - default default] GET failed (client error): The resource could not be found. [pid: 8|app: 0|req: 35/72] 199.204.45.53 () {44 vars in 933 bytes} [Tue Jun 16 01:47:48 2026] GET /v2.0/networks/lb-mgmt-net => generated 113 bytes in 145 msecs (HTTP/1.1 404) 4 headers in 164 bytes (1 switches on core 0) [pid: 7|app: 0|req: 38/73] 199.204.45.53 () {44 vars in 955 bytes} [Tue Jun 16 01:47:49 2026] GET /v2.0/networks?name=lb-mgmt-net => generated 15 bytes in 35 msecs (HTTP/1.1 200) 4 headers in 156 bytes (1 switches on core 0)
