+ COMMAND=start + start + for KEYSTONE_WSGI_SCRIPT in keystone-wsgi-public ++ type -p keystone-wsgi-public + cp -a /var/lib/openstack/bin/keystone-wsgi-public /var/www/cgi-bin/keystone/ + '[' -f /etc/apache2/envvars ']' + source /etc/apache2/envvars ++ unset HOME ++ '[' '' '!=' '' ']' ++ SUFFIX= ++ export APACHE_RUN_USER=www-data ++ APACHE_RUN_USER=www-data ++ export APACHE_RUN_GROUP=www-data ++ APACHE_RUN_GROUP=www-data ++ export APACHE_PID_FILE=/var/run/apache2/apache2.pid ++ APACHE_PID_FILE=/var/run/apache2/apache2.pid ++ export APACHE_RUN_DIR=/var/run/apache2 ++ APACHE_RUN_DIR=/var/run/apache2 ++ export APACHE_LOCK_DIR=/var/lock/apache2 ++ APACHE_LOCK_DIR=/var/lock/apache2 ++ export APACHE_LOG_DIR=/var/log/apache2 ++ APACHE_LOG_DIR=/var/log/apache2 ++ export LANG=C ++ LANG=C ++ export LANG + '[' -f /var/run/apache2/apache2.pid ']' + exec apache2 -DFOREGROUND AH00558: apache2: Could not reliably determine the server's fully qualified domain name, using 10.0.0.115. Set the 'ServerName' directive globally to suppress this message AH00558: apache2: Could not reliably determine the server's fully qualified domain name, using 10.0.0.115. Set the 'ServerName' directive globally to suppress this message
[Sat Jun 20 14:20:44.823480 2026] [mpm_event:notice] [pid 1:tid 140431724025728] AH00489: Apache/2.4.58 (Ubuntu) mod_wsgi/5.0.0 Python/3.12 configured -- resuming normal operations
[Sat Jun 20 14:20:44.823640 2026] [core:notice] [pid 1:tid 140431724025728] AH00094: Command line: 'apache2 -D FOREGROUND'
[Sat Jun 20 14:21:45.980154 2026] [wsgi:error] [pid 11:tid 140431086204608] /var/lib/openstack/lib/python3.12/site-packages/oslo_utils/importutils.py:77: EventletDeprecationWarning:
[Sat Jun 20 14:21:45.980196 2026] [wsgi:error] [pid 11:tid 140431086204608] Eventlet is deprecated. It is currently being maintained in bugfix mode, and
[Sat Jun 20 14:21:45.980198 2026] [wsgi:error] [pid 11:tid 140431086204608] we strongly recommend against using it for new projects.
[Sat Jun 20 14:21:45.980199 2026] [wsgi:error] [pid 11:tid 140431086204608]
[Sat Jun 20 14:21:45.980201 2026] [wsgi:error] [pid 11:tid 140431086204608] If you are already using Eventlet, we recommend migrating to a different
[Sat Jun 20 14:21:45.980202 2026] [wsgi:error] [pid 11:tid 140431086204608] framework. For more detail see
[Sat Jun 20 14:21:45.980203 2026] [wsgi:error] [pid 11:tid 140431086204608] https://eventlet.readthedocs.io/en/latest/asyncio/migration.html
[Sat Jun 20 14:21:45.980204 2026] [wsgi:error] [pid 11:tid 140431086204608]
[Sat Jun 20 14:21:45.980205 2026] [wsgi:error] [pid 11:tid 140431086204608] __import__(import_str)
[Sat Jun 20 14:21:45.992875 2026] [wsgi:error] [pid 12:tid 140431086204608] /var/lib/openstack/lib/python3.12/site-packages/oslo_utils/importutils.py:77: EventletDeprecationWarning:
[Sat Jun 20 14:21:45.992940 2026] [wsgi:error] [pid 12:tid 140431086204608] Eventlet is deprecated. It is currently being maintained in bugfix mode, and
[Sat Jun 20 14:21:45.992942 2026] [wsgi:error] [pid 12:tid 140431086204608] we strongly recommend against using it for new projects.
[Sat Jun 20 14:21:45.992943 2026] [wsgi:error] [pid 12:tid 140431086204608]
[Sat Jun 20 14:21:45.992944 2026] [wsgi:error] [pid 12:tid 140431086204608] If you are already using Eventlet, we recommend migrating to a different
[Sat Jun 20 14:21:45.992946 2026] [wsgi:error] [pid 12:tid 140431086204608] framework. For more detail see
[Sat Jun 20 14:21:45.992947 2026] [wsgi:error] [pid 12:tid 140431086204608] https://eventlet.readthedocs.io/en/latest/asyncio/migration.html
[Sat Jun 20 14:21:45.992948 2026] [wsgi:error] [pid 12:tid 140431086204608]
[Sat Jun 20 14:21:45.992949 2026] [wsgi:error] [pid 12:tid 140431086204608] __import__(import_str) 10.0.0.28 - - [20/Jun/2026:14:21:45 +0000] "GET /v3/ HTTP/1.1" 200 250 10.0.0.28 - - [20/Jun/2026:14:21:45 +0000] "GET /v3/ HTTP/1.1" 200 250
[Sat Jun 20 14:21:58.989399 2026] [wsgi:error] [pid 10:tid 140431086204608] /var/lib/openstack/lib/python3.12/site-packages/oslo_utils/importutils.py:77: EventletDeprecationWarning:
[Sat Jun 20 14:21:58.989445 2026] [wsgi:error] [pid 10:tid 140431086204608] Eventlet is deprecated. It is currently being maintained in bugfix mode, and
[Sat Jun 20 14:21:58.989447 2026] [wsgi:error] [pid 10:tid 140431086204608] we strongly recommend against using it for new projects.
[Sat Jun 20 14:21:58.989448 2026] [wsgi:error] [pid 10:tid 140431086204608]
[Sat Jun 20 14:21:58.989450 2026] [wsgi:error] [pid 10:tid 140431086204608] If you are already using Eventlet, we recommend migrating to a different
[Sat Jun 20 14:21:58.989451 2026] [wsgi:error] [pid 10:tid 140431086204608] framework. For more detail see
[Sat Jun 20 14:21:58.989452 2026] [wsgi:error] [pid 10:tid 140431086204608] https://eventlet.readthedocs.io/en/latest/asyncio/migration.html
[Sat Jun 20 14:21:58.989453 2026] [wsgi:error] [pid 10:tid 140431086204608]
[Sat Jun 20 14:21:58.989454 2026] [wsgi:error] [pid 10:tid 140431086204608] __import__(import_str) 10.0.0.86 - - [20/Jun/2026:14:21:58 +0000] "GET / HTTP/1.1" 300 295
[Sat Jun 20 14:22:04.209008 2026] [wsgi:error] [pid 9:tid 140431086204608] /var/lib/openstack/lib/python3.12/site-packages/oslo_utils/importutils.py:77: EventletDeprecationWarning:
[Sat Jun 20 14:22:04.209072 2026] [wsgi:error] [pid 9:tid 140431086204608] Eventlet is deprecated. It is currently being maintained in bugfix mode, and
[Sat Jun 20 14:22:04.209074 2026] [wsgi:error] [pid 9:tid 140431086204608] we strongly recommend against using it for new projects.
[Sat Jun 20 14:22:04.209075 2026] [wsgi:error] [pid 9:tid 140431086204608]
[Sat Jun 20 14:22:04.209077 2026] [wsgi:error] [pid 9:tid 140431086204608] If you are already using Eventlet, we recommend migrating to a different
[Sat Jun 20 14:22:04.209078 2026] [wsgi:error] [pid 9:tid 140431086204608] framework. For more detail see
[Sat Jun 20 14:22:04.209079 2026] [wsgi:error] [pid 9:tid 140431086204608] https://eventlet.readthedocs.io/en/latest/asyncio/migration.html
[Sat Jun 20 14:22:04.209080 2026] [wsgi:error] [pid 9:tid 140431086204608]
[Sat Jun 20 14:22:04.209081 2026] [wsgi:error] [pid 9:tid 140431086204608] __import__(import_str)
[Sat Jun 20 14:22:08.838166 2026] [wsgi:error] [pid 9:tid 140431086204608] [remote 10.0.0.86:45258] 2026-06-20 14:22:08.834 9 WARNING keystone.identity.core [None req-ab2d0932-9c25-4305-aea3-23fb4d828e5d - - - - - -] Invalid domain name (atmosphere) found in config file name: keystone.exception.DomainNotFound: Could not find domain: atmosphere.
[Sat Jun 20 14:22:08.892626 2026] [wsgi:error] [pid 9:tid 140431086204608] [remote 10.0.0.86:45258] 2026-06-20 14:22:08.892 9 WARNING keystone.common.password_hashing [None req-ab2d0932-9c25-4305-aea3-23fb4d828e5d - - - - - -] Truncating password to algorithm specific maximum length 72 characters.
[Sat Jun 20 14:22:09.194713 2026] [wsgi:error] [pid 9:tid 140431086204608] [remote 10.0.0.86:45258] 2026-06-20 14:22:09.194 9 WARNING keystone.common.fernet_utils [None req-ab2d0932-9c25-4305-aea3-23fb4d828e5d - - - - - -] key_repository is world readable: /etc/keystone/fernet-keys/ 10.0.0.86 - - [20/Jun/2026:14:22:03 +0000] "POST /v3/auth/tokens HTTP/1.1" 201 1360
[Sat Jun 20 14:22:09.555322 2026] [wsgi:error] [pid 11:tid 140431086204608] [remote 10.0.0.86:45258] 2026-06-20 14:22:09.553 11 WARNING keystone.identity.core [None req-b2d34a8d-67d7-408f-984c-54e0c0388b33 - - - - - -] Invalid domain name (atmosphere) found in config file name: keystone.exception.DomainNotFound: Could not find domain: atmosphere. 10.0.0.86 - - [20/Jun/2026:14:22:09 +0000] "POST /v3/domains HTTP/1.1" 201 261 10.0.0.82 - - [20/Jun/2026:14:22:21 +0000] "GET / HTTP/1.1" 300 295
[Sat Jun 20 14:22:21.637882 2026] [wsgi:error] [pid 10:tid 140431086204608] [remote 10.0.0.82:39244] 2026-06-20 14:22:21.637 10 WARNING keystone.common.password_hashing [None req-afe89f5c-71ae-4355-9ac8-0dae9ba6e9b4 - - - - - -] Truncating password to algorithm specific maximum length 72 characters.
[Sat Jun 20 14:22:21.911175 2026] [wsgi:error] [pid 10:tid 140431086204608] [remote 10.0.0.82:39244] 2026-06-20 14:22:21.910 10 WARNING keystone.common.fernet_utils [None req-afe89f5c-71ae-4355-9ac8-0dae9ba6e9b4 - - - - - -] key_repository is world readable: /etc/keystone/fernet-keys/ 10.0.0.82 - - [20/Jun/2026:14:22:21 +0000] "POST /v3/auth/tokens HTTP/1.1" 201 1360 10.0.0.82 - - [20/Jun/2026:14:22:22 +0000] "GET /v3/roles/admin HTTP/1.1" 404 83
[Sat Jun 20 14:22:22.174798 2026] [wsgi:error] [pid 11:tid 140431086204608] [remote 10.0.0.82:39244] 2026-06-20 14:22:22.174 11 WARNING keystone.common.rbac_enforcer.enforcer [None req-ca7a3af7-d638-483a-ad22-9eb5649dbc57 1b17a8fe4ecf41ba9924b961b5e235d0 57aa9bdbb6804291a541d829cb1b315d - - default default] Deprecated policy rules found. Use oslopolicy-policy-generator and oslopolicy-policy-upgrade to detect and resolve deprecated policies in your configuration. 10.0.0.82 - - [20/Jun/2026:14:22:22 +0000] "GET /v3/roles?name=admin HTTP/1.1" 200 389
[Sat Jun 20 14:22:22.674028 2026] [wsgi:error] [pid 12:tid 140431086204608] [remote 10.0.0.82:39244] 2026-06-20 14:22:22.673 12 WARNING keystone.common.rbac_enforcer.enforcer [None req-4863d5ea-5a3d-41e6-bf7f-18b484b49ba3 1b17a8fe4ecf41ba9924b961b5e235d0 57aa9bdbb6804291a541d829cb1b315d - - default default] Deprecated policy rules found. Use oslopolicy-policy-generator and oslopolicy-policy-upgrade to detect and resolve deprecated policies in your configuration. 10.0.0.82 - - [20/Jun/2026:14:22:22 +0000] "GET /v3/users/admin-RegionOne HTTP/1.1" 404 93
[Sat Jun 20 14:22:22.831456 2026] [wsgi:error] [pid 10:tid 140431086204608] [remote 10.0.0.82:39244] 2026-06-20 14:22:22.831 10 WARNING keystone.common.rbac_enforcer.enforcer [None req-afd7b174-5e42-4846-9f12-949c4e3462f3 1b17a8fe4ecf41ba9924b961b5e235d0 57aa9bdbb6804291a541d829cb1b315d - - default default] Deprecated policy rules found. Use oslopolicy-policy-generator and oslopolicy-policy-upgrade to detect and resolve deprecated policies in your configuration. 10.0.0.82 - - [20/Jun/2026:14:22:22 +0000] "GET /v3/users?name=admin-RegionOne HTTP/1.1" 200 422
[Sat Jun 20 14:22:23.098871 2026] [wsgi:error] [pid 9:tid 140431086204608] [remote 10.0.0.82:39244] 2026-06-20 14:22:23.098 9 WARNING keystone.common.rbac_enforcer.enforcer [None req-2e173ffa-52d9-4fa9-9169-f3662d049954 1b17a8fe4ecf41ba9924b961b5e235d0 57aa9bdbb6804291a541d829cb1b315d - - default default] Deprecated policy rules found. Use oslopolicy-policy-generator and oslopolicy-policy-upgrade to detect and resolve deprecated policies in your configuration. 10.0.0.82 - - [20/Jun/2026:14:22:22 +0000] "GET /v3/domains/default HTTP/1.1" 200 224 10.0.0.82 - - [20/Jun/2026:14:22:23 +0000] "PUT /v3/domains/default/users/1b17a8fe4ecf41ba9924b961b5e235d0/roles/8c0340c72af541388cb4432fbbc85939 HTTP/1.1" 204 - 10.0.0.28 - - [20/Jun/2026:14:22:33 +0000] "GET / HTTP/1.1" 300 281 10.0.0.28 - - [20/Jun/2026:14:22:34 +0000] "GET /v3 HTTP/1.1" 200 266
[Sat Jun 20 14:22:34.941337 2026] [wsgi:error] [pid 9:tid 140431086204608] [remote 10.0.0.28:41528] 2026-06-20 14:22:34.941 9 WARNING keystone.common.password_hashing [None req-76dc2319-869e-47d1-b4f8-fb17c84b1e87 - - - - - -] Truncating password to algorithm specific maximum length 72 characters.
[Sat Jun 20 14:22:35.215117 2026] [wsgi:error] [pid 9:tid 140431086204608] [remote 10.0.0.28:41528] 2026-06-20 14:22:35.214 9 WARNING keystone.common.fernet_utils [None req-76dc2319-869e-47d1-b4f8-fb17c84b1e87 - - - - - -] key_repository is world readable: /etc/keystone/fernet-keys/ 10.0.0.28 - - [20/Jun/2026:14:22:34 +0000] "POST /v3/auth/tokens HTTP/1.1" 201 1360 10.0.0.28 - - [20/Jun/2026:14:22:35 +0000] "GET / HTTP/1.1" 300 281 10.0.0.28 - - [20/Jun/2026:14:22:35 +0000] "GET /v3/domains/atmosphere HTTP/1.1" 404 90 10.0.0.28 - - [20/Jun/2026:14:22:35 +0000] "GET /v3/domains?name=atmosphere HTTP/1.1" 200 370 10.0.0.28 - - [20/Jun/2026:14:22:35 +0000] "GET /v3/domains/a4aa80060b2146b9aea5ae09b4bcb353 HTTP/1.1" 200 247 10.0.0.28 - - [20/Jun/2026:14:22:36 +0000] "GET /v3 HTTP/1.1" 200 266
[Sat Jun 20 14:22:36.297580 2026] [wsgi:error] [pid 12:tid 140431086204608] [remote 10.0.0.28:41528] 2026-06-20 14:22:36.297 12 WARNING keystone.common.password_hashing [None req-2a637b1a-d639-4abe-924e-b134450115fe - - - - - -] Truncating password to algorithm specific maximum length 72 characters.
[Sat Jun 20 14:22:36.565117 2026] [wsgi:error] [pid 12:tid 140431086204608] [remote 10.0.0.28:41528] 2026-06-20 14:22:36.564 12 WARNING keystone.common.fernet_utils [None req-2a637b1a-d639-4abe-924e-b134450115fe - - - - - -] key_repository is world readable: /etc/keystone/fernet-keys/ 10.0.0.28 - - [20/Jun/2026:14:22:36 +0000] "POST /v3/auth/tokens HTTP/1.1" 201 1360 10.0.0.28 - - [20/Jun/2026:14:22:36 +0000] "GET / HTTP/1.1" 300 281 10.0.0.28 - - [20/Jun/2026:14:22:36 +0000] "GET /v3/OS-FEDERATION/identity_providers/atmosphere HTTP/1.1" 404 101 10.0.0.28 - - [20/Jun/2026:14:22:36 +0000] "GET /v3/OS-FEDERATION/identity_providers HTTP/1.1" 200 156 10.0.0.28 - - [20/Jun/2026:14:22:36 +0000] "PUT /v3/OS-FEDERATION/identity_providers/atmosphere HTTP/1.1" 201 342 10.0.0.28 - - [20/Jun/2026:14:22:37 +0000] "GET /v3 HTTP/1.1" 200 266
[Sat Jun 20 14:22:37.375992 2026] [wsgi:error] [pid 9:tid 140431086204608] [remote 10.0.0.28:41536] 2026-06-20 14:22:37.375 9 WARNING keystone.common.password_hashing [None req-3bc50d3d-5222-4be8-955f-1c2092b26983 - - - - - -] Truncating password to algorithm specific maximum length 72 characters.
[Sat Jun 20 14:22:37.645254 2026] [wsgi:error] [pid 9:tid 140431086204608] [remote 10.0.0.28:41536] 2026-06-20 14:22:37.645 9 WARNING keystone.common.fernet_utils [None req-3bc50d3d-5222-4be8-955f-1c2092b26983 - - - - - -] key_repository is world readable: /etc/keystone/fernet-keys/ 10.0.0.28 - - [20/Jun/2026:14:22:37 +0000] "POST /v3/auth/tokens HTTP/1.1" 201 1360 10.0.0.28 - - [20/Jun/2026:14:22:37 +0000] "GET / HTTP/1.1" 300 281 10.0.0.28 - - [20/Jun/2026:14:22:37 +0000] "GET /v3/OS-FEDERATION/mappings/atmosphere-openid HTTP/1.1" 404 98 10.0.0.28 - - [20/Jun/2026:14:22:37 +0000] "GET /v3/OS-FEDERATION/mappings HTTP/1.1" 200 136 10.0.0.28 - - [20/Jun/2026:14:22:37 +0000] "PUT /v3/OS-FEDERATION/mappings/atmosphere-openid HTTP/1.1" 201 357 10.0.0.28 - - [20/Jun/2026:14:22:38 +0000] "GET /v3 HTTP/1.1" 200 266
[Sat Jun 20 14:22:38.403511 2026] [wsgi:error] [pid 12:tid 140431086204608] [remote 10.0.0.28:41536] 2026-06-20 14:22:38.403 12 WARNING keystone.common.password_hashing [None req-1c355585-57ff-49d0-9bbd-f1c302f8de1f - - - - - -] Truncating password to algorithm specific maximum length 72 characters.
[Sat Jun 20 14:22:38.674928 2026] [wsgi:error] [pid 12:tid 140431086204608] [remote 10.0.0.28:41536] 2026-06-20 14:22:38.674 12 WARNING keystone.common.fernet_utils [None req-1c355585-57ff-49d0-9bbd-f1c302f8de1f - - - - - -] key_repository is world readable: /etc/keystone/fernet-keys/ 10.0.0.28 - - [20/Jun/2026:14:22:38 +0000] "POST /v3/auth/tokens HTTP/1.1" 201 1360 10.0.0.28 - - [20/Jun/2026:14:22:38 +0000] "GET / HTTP/1.1" 300 281 10.0.0.28 - - [20/Jun/2026:14:22:38 +0000] "GET /v3/OS-FEDERATION/identity_providers/atmosphere/protocols/openid?idp_id=atmosphere HTTP/1.1" 404 131 10.0.0.28 - - [20/Jun/2026:14:22:38 +0000] "GET /v3/OS-FEDERATION/identity_providers/atmosphere/protocols HTTP/1.1" 200 168 10.0.0.28 - - [20/Jun/2026:14:22:38 +0000] "PUT /v3/OS-FEDERATION/identity_providers/atmosphere/protocols/openid HTTP/1.1" 201 224 10.0.0.28 - - [20/Jun/2026:14:22:45 +0000] "GET /v3/ HTTP/1.1" 200 250 10.0.0.28 - - [20/Jun/2026:14:22:45 +0000] "GET /v3/ HTTP/1.1" 200 250 10.0.0.28 - - [20/Jun/2026:14:23:45 +0000] "GET /v3/ HTTP/1.1" 200 250 10.0.0.28 - - [20/Jun/2026:14:23:45 +0000] "GET /v3/ HTTP/1.1" 200 250 10.0.0.81 - - [20/Jun/2026:14:24:00 +0000] "GET / HTTP/1.1" 300 295
[Sat Jun 20 14:24:00.090493 2026] [wsgi:error] [pid 9:tid 140431086204608] [remote 10.0.0.81:37620] 2026-06-20 14:24:00.090 9 WARNING keystone.common.password_hashing [None req-4dcaca82-e8b6-4d88-ab58-c77ee6ad0302 - - - - - -] Truncating password to algorithm specific maximum length 72 characters.
[Sat Jun 20 14:24:00.369190 2026] [wsgi:error] [pid 9:tid 140431086204608] [remote 10.0.0.81:37620] 2026-06-20 14:24:00.369 9 WARNING keystone.common.fernet_utils [None req-4dcaca82-e8b6-4d88-ab58-c77ee6ad0302 - - - - - -] key_repository is world readable: /etc/keystone/fernet-keys/ 10.0.0.81 - - [20/Jun/2026:14:24:00 +0000] "POST /v3/auth/tokens HTTP/1.1" 201 1360 10.0.0.81 - - [20/Jun/2026:14:24:00 +0000] "GET /v3/services HTTP/1.1" 200 355 10.0.0.81 - - [20/Jun/2026:14:24:04 +0000] "GET / HTTP/1.1" 300 295
[Sat Jun 20 14:24:04.087771 2026] [wsgi:error] [pid 10:tid 140431086204608] [remote 10.0.0.81:37632] 2026-06-20 14:24:04.087 10 WARNING keystone.common.password_hashing [None req-fd87cf01-d3a5-43fc-9d98-fb7ce80b5bd5 - - - - - -] Truncating password to algorithm specific maximum length 72 characters.
[Sat Jun 20 14:24:04.361135 2026] [wsgi:error] [pid 10:tid 140431086204608] [remote 10.0.0.81:37632] 2026-06-20 14:24:04.360 10 WARNING keystone.common.fernet_utils [None req-fd87cf01-d3a5-43fc-9d98-fb7ce80b5bd5 - - - - - -] key_repository is world readable: /etc/keystone/fernet-keys/ 10.0.0.81 - - [20/Jun/2026:14:24:04 +0000] "POST /v3/auth/tokens HTTP/1.1" 201 1360 10.0.0.81 - - [20/Jun/2026:14:24:04 +0000] "GET /v3/services HTTP/1.1" 200 355 10.0.0.81 - - [20/Jun/2026:14:24:07 +0000] "GET / HTTP/1.1" 300 295
[Sat Jun 20 14:24:07.947185 2026] [wsgi:error] [pid 12:tid 140431086204608] [remote 10.0.0.81:37636] 2026-06-20 14:24:07.947 12 WARNING keystone.common.password_hashing [None req-5287b4fc-9de6-41f8-878c-8389fcc711c9 - - - - - -] Truncating password to algorithm specific maximum length 72 characters.
[Sat Jun 20 14:24:08.221097 2026] [wsgi:error] [pid 12:tid 140431086204608] [remote 10.0.0.81:37636] 2026-06-20 14:24:08.220 12 WARNING keystone.common.fernet_utils [None req-5287b4fc-9de6-41f8-878c-8389fcc711c9 - - - - - -] key_repository is world readable: /etc/keystone/fernet-keys/ 10.0.0.81 - - [20/Jun/2026:14:24:07 +0000] "POST /v3/auth/tokens HTTP/1.1" 201 1360 10.0.0.81 - - [20/Jun/2026:14:24:08 +0000] "GET /v3/services HTTP/1.1" 200 355 10.0.0.81 - - [20/Jun/2026:14:24:11 +0000] "GET / HTTP/1.1" 300 295
[Sat Jun 20 14:24:11.849527 2026] [wsgi:error] [pid 11:tid 140431086204608] [remote 10.0.0.81:37796] 2026-06-20 14:24:11.849 11 WARNING keystone.common.password_hashing [None req-2c767dee-4e50-4096-bc1b-64aa232942ac - - - - - -] Truncating password to algorithm specific maximum length 72 characters.
[Sat Jun 20 14:24:12.120564 2026] [wsgi:error] [pid 11:tid 140431086204608] [remote 10.0.0.81:37796] 2026-06-20 14:24:12.120 11 WARNING keystone.common.fernet_utils [None req-2c767dee-4e50-4096-bc1b-64aa232942ac - - - - - -] key_repository is world readable: /etc/keystone/fernet-keys/ 10.0.0.81 - - [20/Jun/2026:14:24:11 +0000] "POST /v3/auth/tokens HTTP/1.1" 201 1360 10.0.0.81 - - [20/Jun/2026:14:24:12 +0000] "POST /v3/services HTTP/1.1" 201 296 10.0.0.144 - - [20/Jun/2026:14:24:23 +0000] "GET / HTTP/1.1" 300 295
[Sat Jun 20 14:24:23.283576 2026] [wsgi:error] [pid 9:tid 140431086204608] [remote 10.0.0.144:37102] 2026-06-20 14:24:23.283 9 WARNING keystone.common.password_hashing [None req-51c3ed56-dd01-4034-9565-ffe22fc22b3e - - - - - -] Truncating password to algorithm specific maximum length 72 characters. 10.0.0.144 - - [20/Jun/2026:14:24:23 +0000] "GET / HTTP/1.1" 300 295
[Sat Jun 20 14:24:23.309372 2026] [wsgi:error] [pid 12:tid 140431086204608] [remote 10.0.0.144:37110] 2026-06-20 14:24:23.309 12 WARNING keystone.common.password_hashing [None req-15ddd2b5-c033-4a67-854c-634b90143e8e - - - - - -] Truncating password to algorithm specific maximum length 72 characters. 10.0.0.144 - - [20/Jun/2026:14:24:23 +0000] "GET / HTTP/1.1" 300 295
[Sat Jun 20 14:24:23.500544 2026] [wsgi:error] [pid 11:tid 140431086204608] [remote 10.0.0.144:37118] 2026-06-20 14:24:23.500 11 WARNING keystone.common.password_hashing [None req-7be75848-eb33-4ef2-a920-74c4edf6a3d5 - - - - - -] Truncating password to algorithm specific maximum length 72 characters.
[Sat Jun 20 14:24:23.568864 2026] [wsgi:error] [pid 9:tid 140431086204608] [remote 10.0.0.144:37102] 2026-06-20 14:24:23.568 9 WARNING keystone.common.fernet_utils [None req-51c3ed56-dd01-4034-9565-ffe22fc22b3e - - - - - -] key_repository is world readable: /etc/keystone/fernet-keys/
[Sat Jun 20 14:24:23.581447 2026] [wsgi:error] [pid 12:tid 140431086204608] [remote 10.0.0.144:37110] 2026-06-20 14:24:23.581 12 WARNING keystone.common.fernet_utils [None req-15ddd2b5-c033-4a67-854c-634b90143e8e - - - - - -] key_repository is world readable: /etc/keystone/fernet-keys/ 10.0.0.144 - - [20/Jun/2026:14:24:23 +0000] "POST /v3/auth/tokens HTTP/1.1" 201 1464 10.0.0.144 - - [20/Jun/2026:14:24:23 +0000] "POST /v3/auth/tokens HTTP/1.1" 201 1464 10.0.0.144 - - [20/Jun/2026:14:24:23 +0000] "GET /v3/services HTTP/1.1" 200 639 10.0.0.144 - - [20/Jun/2026:14:24:23 +0000] "GET /v3/services HTTP/1.1" 200 639
[Sat Jun 20 14:24:23.784925 2026] [wsgi:error] [pid 11:tid 140431086204608] [remote 10.0.0.144:37118] 2026-06-20 14:24:23.784 11 WARNING keystone.common.fernet_utils [None req-7be75848-eb33-4ef2-a920-74c4edf6a3d5 - - - - - -] key_repository is world readable: /etc/keystone/fernet-keys/ 10.0.0.144 - - [20/Jun/2026:14:24:23 +0000] "POST /v3/auth/tokens HTTP/1.1" 201 1464 10.0.0.144 - - [20/Jun/2026:14:24:23 +0000] "GET /v3/services HTTP/1.1" 200 639 10.0.0.144 - - [20/Jun/2026:14:24:25 +0000] "GET / HTTP/1.1" 300 295 10.0.0.144 - - [20/Jun/2026:14:24:25 +0000] "GET / HTTP/1.1" 300 295
[Sat Jun 20 14:24:25.302168 2026] [wsgi:error] [pid 10:tid 140431086204608] [remote 10.0.0.144:37124] 2026-06-20 14:24:25.301 10 WARNING keystone.common.password_hashing [None req-bc8d750c-d084-47c3-b1a1-17fb818a20ce - - - - - -] Truncating password to algorithm specific maximum length 72 characters.
[Sat Jun 20 14:24:25.305793 2026] [wsgi:error] [pid 12:tid 140431086204608] [remote 10.0.0.144:37140] 2026-06-20 14:24:25.305 12 WARNING keystone.common.password_hashing [None req-554e4073-4bb9-4c77-ac35-7232f9c37e4d - - - - - -] Truncating password to algorithm specific maximum length 72 characters. 10.0.0.144 - - [20/Jun/2026:14:24:25 +0000] "GET / HTTP/1.1" 300 295
[Sat Jun 20 14:24:25.445855 2026] [wsgi:error] [pid 11:tid 140431086204608] [remote 10.0.0.144:37152] 2026-06-20 14:24:25.445 11 WARNING keystone.common.password_hashing [None req-27ab73f2-2dd8-4b41-a5fa-76959c766583 - - - - - -] Truncating password to algorithm specific maximum length 72 characters.
[Sat Jun 20 14:24:25.574633 2026] [wsgi:error] [pid 12:tid 140431086204608] [remote 10.0.0.144:37140] 2026-06-20 14:24:25.574 12 WARNING keystone.common.fernet_utils [None req-554e4073-4bb9-4c77-ac35-7232f9c37e4d - - - - - -] key_repository is world readable: /etc/keystone/fernet-keys/
[Sat Jun 20 14:24:25.575349 2026] [wsgi:error] [pid 10:tid 140431086204608] [remote 10.0.0.144:37124] 2026-06-20 14:24:25.575 10 WARNING keystone.common.fernet_utils [None req-bc8d750c-d084-47c3-b1a1-17fb818a20ce - - - - - -] key_repository is world readable: /etc/keystone/fernet-keys/ 10.0.0.144 - - [20/Jun/2026:14:24:25 +0000] "POST /v3/auth/tokens HTTP/1.1" 201 1464 10.0.0.144 - - [20/Jun/2026:14:24:25 +0000] "POST /v3/auth/tokens HTTP/1.1" 201 1464 10.0.0.144 - - [20/Jun/2026:14:24:25 +0000] "GET /v3/endpoints HTTP/1.1" 200 1227 10.0.0.144 - - [20/Jun/2026:14:24:25 +0000] "GET /v3/endpoints HTTP/1.1" 200 1227
[Sat Jun 20 14:24:25.718747 2026] [wsgi:error] [pid 11:tid 140431086204608] [remote 10.0.0.144:37152] 2026-06-20 14:24:25.718 11 WARNING keystone.common.fernet_utils [None req-27ab73f2-2dd8-4b41-a5fa-76959c766583 - - - - - -] key_repository is world readable: /etc/keystone/fernet-keys/ 10.0.0.144 - - [20/Jun/2026:14:24:25 +0000] "POST /v3/auth/tokens HTTP/1.1" 201 1464 10.0.0.144 - - [20/Jun/2026:14:24:25 +0000] "GET /v3/services/7a6ca87431ab4fc9b4597c0d2a4db0ee HTTP/1.1" 200 233 10.0.0.144 - - [20/Jun/2026:14:24:25 +0000] "GET /v3/services/7a6ca87431ab4fc9b4597c0d2a4db0ee HTTP/1.1" 200 233 10.0.0.144 - - [20/Jun/2026:14:24:25 +0000] "GET /v3/services/7a6ca87431ab4fc9b4597c0d2a4db0ee HTTP/1.1" 200 233 10.0.0.144 - - [20/Jun/2026:14:24:25 +0000] "GET /v3/services/7a6ca87431ab4fc9b4597c0d2a4db0ee HTTP/1.1" 200 233 10.0.0.144 - - [20/Jun/2026:14:24:25 +0000] "GET /v3/services/7a6ca87431ab4fc9b4597c0d2a4db0ee HTTP/1.1" 200 233 10.0.0.144 - - [20/Jun/2026:14:24:25 +0000] "GET /v3/services/7a6ca87431ab4fc9b4597c0d2a4db0ee HTTP/1.1" 200 233 10.0.0.144 - - [20/Jun/2026:14:24:25 +0000] "GET /v3/endpoints HTTP/1.1" 200 1227 10.0.0.144 - - [20/Jun/2026:14:24:25 +0000] "GET /v3/services/7a6ca87431ab4fc9b4597c0d2a4db0ee HTTP/1.1" 200 233 10.0.0.144 - - [20/Jun/2026:14:24:25 +0000] "GET /v3/services/7a6ca87431ab4fc9b4597c0d2a4db0ee HTTP/1.1" 200 233 10.0.0.144 - - [20/Jun/2026:14:24:25 +0000] "GET /v3/services/7a6ca87431ab4fc9b4597c0d2a4db0ee HTTP/1.1" 200 233 10.0.0.144 - - [20/Jun/2026:14:24:27 +0000] "GET / HTTP/1.1" 300 295
[Sat Jun 20 14:24:27.283121 2026] [wsgi:error] [pid 12:tid 140431086204608] [remote 10.0.0.144:37162] 2026-06-20 14:24:27.282 12 WARNING keystone.common.password_hashing [None req-1ae35e79-d728-463f-9a00-f70d66d05388 - - - - - -] Truncating password to algorithm specific maximum length 72 characters. 10.0.0.144 - - [20/Jun/2026:14:24:27 +0000] "GET / HTTP/1.1" 300 295
[Sat Jun 20 14:24:27.394214 2026] [wsgi:error] [pid 9:tid 140431086204608] [remote 10.0.0.144:37166] 2026-06-20 14:24:27.394 9 WARNING keystone.common.password_hashing [None req-15f58d23-7cdf-4b21-b27c-c4ce5f963367 - - - - - -] Truncating password to algorithm specific maximum length 72 characters. 10.0.0.144 - - [20/Jun/2026:14:24:27 +0000] "GET / HTTP/1.1" 300 295
[Sat Jun 20 14:24:27.426054 2026] [wsgi:error] [pid 10:tid 140431086204608] [remote 10.0.0.144:37168] 2026-06-20 14:24:27.425 10 WARNING keystone.common.password_hashing [None req-f025b9a6-5b59-4ba0-9c0a-c15128d0254c - - - - - -] Truncating password to algorithm specific maximum length 72 characters.
[Sat Jun 20 14:24:27.561705 2026] [wsgi:error] [pid 12:tid 140431086204608] [remote 10.0.0.144:37162] 2026-06-20 14:24:27.561 12 WARNING keystone.common.fernet_utils [None req-1ae35e79-d728-463f-9a00-f70d66d05388 - - - - - -] key_repository is world readable: /etc/keystone/fernet-keys/ 10.0.0.144 - - [20/Jun/2026:14:24:27 +0000] "POST /v3/auth/tokens HTTP/1.1" 201 1464
[Sat Jun 20 14:24:27.665040 2026] [wsgi:error] [pid 9:tid 140431086204608] [remote 10.0.0.144:37166] 2026-06-20 14:24:27.664 9 WARNING keystone.common.fernet_utils [None req-15f58d23-7cdf-4b21-b27c-c4ce5f963367 - - - - - -] key_repository is world readable: /etc/keystone/fernet-keys/ 10.0.0.144 - - [20/Jun/2026:14:24:27 +0000] "POST /v3/auth/tokens HTTP/1.1" 201 1464 10.0.0.144 - - [20/Jun/2026:14:24:27 +0000] "GET /v3/services/1a148cbc409f4c54b9587b503dd9032d HTTP/1.1" 200 296 10.0.0.144 - - [20/Jun/2026:14:24:27 +0000] "GET /v3/regions/RegionOne HTTP/1.1" 200 173
[Sat Jun 20 14:24:27.719299 2026] [wsgi:error] [pid 10:tid 140431086204608] [remote 10.0.0.144:37168] 2026-06-20 14:24:27.718 10 WARNING keystone.common.fernet_utils [None req-f025b9a6-5b59-4ba0-9c0a-c15128d0254c - - - - - -] key_repository is world readable: /etc/keystone/fernet-keys/ 10.0.0.144 - - [20/Jun/2026:14:24:27 +0000] "POST /v3/auth/tokens HTTP/1.1" 201 1464 10.0.0.144 - - [20/Jun/2026:14:24:27 +0000] "GET /v3/services/1a148cbc409f4c54b9587b503dd9032d HTTP/1.1" 200 296 10.0.0.144 - - [20/Jun/2026:14:24:27 +0000] "GET /v3/regions/RegionOne HTTP/1.1" 200 173 10.0.0.144 - - [20/Jun/2026:14:24:27 +0000] "GET /v3/services/1a148cbc409f4c54b9587b503dd9032d HTTP/1.1" 200 296 10.0.0.144 - - [20/Jun/2026:14:24:27 +0000] "GET /v3/regions/RegionOne HTTP/1.1" 200 173 10.0.0.144 - - [20/Jun/2026:14:24:27 +0000] "POST /v3/endpoints HTTP/1.1" 201 383 10.0.0.144 - - [20/Jun/2026:14:24:27 +0000] "POST /v3/endpoints HTTP/1.1" 201 370 10.0.0.144 - - [20/Jun/2026:14:24:27 +0000] "POST /v3/endpoints HTTP/1.1" 201 380 10.0.0.144 - - [20/Jun/2026:14:24:29 +0000] "GET / HTTP/1.1" 300 295
[Sat Jun 20 14:24:29.315774 2026] [wsgi:error] [pid 9:tid 140431086204608] [remote 10.0.0.144:37172] 2026-06-20 14:24:29.315 9 WARNING keystone.common.password_hashing [None req-e3347879-8527-4fd4-ad7d-0c4ca178d4ce - - - - - -] Truncating password to algorithm specific maximum length 72 characters. 10.0.0.144 - - [20/Jun/2026:14:24:29 +0000] "GET / HTTP/1.1" 300 295
[Sat Jun 20 14:24:29.390345 2026] [wsgi:error] [pid 10:tid 140431086204608] [remote 10.0.0.144:37186] 2026-06-20 14:24:29.390 10 WARNING keystone.common.password_hashing [None req-a044c049-8084-4041-8028-b12e583dc04a - - - - - -] Truncating password to algorithm specific maximum length 72 characters.
[Sat Jun 20 14:24:29.587085 2026] [wsgi:error] [pid 9:tid 140431086204608] [remote 10.0.0.144:37172] 2026-06-20 14:24:29.586 9 WARNING keystone.common.fernet_utils [None req-e3347879-8527-4fd4-ad7d-0c4ca178d4ce - - - - - -] key_repository is world readable: /etc/keystone/fernet-keys/ 10.0.0.144 - - [20/Jun/2026:14:24:29 +0000] "POST /v3/auth/tokens HTTP/1.1" 201 1992
[Sat Jun 20 14:24:29.669126 2026] [wsgi:error] [pid 10:tid 140431086204608] [remote 10.0.0.144:37186] 2026-06-20 14:24:29.668 10 WARNING keystone.common.fernet_utils [None req-a044c049-8084-4041-8028-b12e583dc04a - - - - - -] key_repository is world readable: /etc/keystone/fernet-keys/ 10.0.0.144 - - [20/Jun/2026:14:24:29 +0000] "POST /v3/auth/tokens HTTP/1.1" 201 1992 10.0.0.144 - - [20/Jun/2026:14:24:29 +0000] "GET /v3/endpoints/6e71323e22f9403c806bca325ba08906 HTTP/1.1" 200 370 10.0.0.144 - - [20/Jun/2026:14:24:29 +0000] "GET / HTTP/1.1" 300 295 10.0.0.144 - - [20/Jun/2026:14:24:29 +0000] "GET /v3/services/1a148cbc409f4c54b9587b503dd9032d HTTP/1.1" 200 296
[Sat Jun 20 14:24:29.750658 2026] [wsgi:error] [pid 10:tid 140431086204608] [remote 10.0.0.144:37192] 2026-06-20 14:24:29.750 10 WARNING keystone.common.password_hashing [None req-aa39453c-08a3-4091-af55-d62f17e1e28e - - - - - -] Truncating password to algorithm specific maximum length 72 characters. 10.0.0.144 - - [20/Jun/2026:14:24:29 +0000] "GET /v3/endpoints/52cfc78ab25e44449641f64f07d336a4 HTTP/1.1" 200 383 10.0.0.144 - - [20/Jun/2026:14:24:29 +0000] "GET /v3/services/1a148cbc409f4c54b9587b503dd9032d HTTP/1.1" 200 296
[Sat Jun 20 14:24:30.020229 2026] [wsgi:error] [pid 10:tid 140431086204608] [remote 10.0.0.144:37192] 2026-06-20 14:24:30.020 10 WARNING keystone.common.fernet_utils [None req-aa39453c-08a3-4091-af55-d62f17e1e28e - - - - - -] key_repository is world readable: /etc/keystone/fernet-keys/ 10.0.0.144 - - [20/Jun/2026:14:24:29 +0000] "POST /v3/auth/tokens HTTP/1.1" 201 1992 10.0.0.144 - - [20/Jun/2026:14:24:30 +0000] "GET /v3/endpoints/2e6d631807b747c5bf7318c18869cc6a HTTP/1.1" 200 380 10.0.0.144 - - [20/Jun/2026:14:24:30 +0000] "GET /v3/services/1a148cbc409f4c54b9587b503dd9032d HTTP/1.1" 200 296 10.0.0.152 - - [20/Jun/2026:14:24:41 +0000] "GET / HTTP/1.1" 300 295
[Sat Jun 20 14:24:41.571660 2026] [wsgi:error] [pid 10:tid 140431086204608] [remote 10.0.0.152:47706] 2026-06-20 14:24:41.571 10 WARNING keystone.common.password_hashing [None req-5477d42d-76c1-42a6-ab15-d093cf999b51 - - - - - -] Truncating password to algorithm specific maximum length 72 characters.
[Sat Jun 20 14:24:41.871614 2026] [wsgi:error] [pid 10:tid 140431086204608] [remote 10.0.0.152:47706] 2026-06-20 14:24:41.871 10 WARNING keystone.common.fernet_utils [None req-5477d42d-76c1-42a6-ab15-d093cf999b51 - - - - - -] key_repository is world readable: /etc/keystone/fernet-keys/ 10.0.0.152 - - [20/Jun/2026:14:24:41 +0000] "POST /v3/auth/tokens HTTP/1.1" 201 1992 10.0.0.152 - - [20/Jun/2026:14:24:41 +0000] "POST /v3/domains HTTP/1.1" 201 284 10.0.0.152 - - [20/Jun/2026:14:24:43 +0000] "GET / HTTP/1.1" 300 295
[Sat Jun 20 14:24:43.561535 2026] [wsgi:error] [pid 11:tid 140431086204608] [remote 10.0.0.152:47716] 2026-06-20 14:24:43.561 11 WARNING keystone.common.password_hashing [None req-8dde7099-11e0-4592-935b-36c2c1ce8156 - - - - - -] Truncating password to algorithm specific maximum length 72 characters.
[Sat Jun 20 14:24:43.871841 2026] [wsgi:error] [pid 11:tid 140431086204608] [remote 10.0.0.152:47716] 2026-06-20 14:24:43.871 11 WARNING keystone.common.fernet_utils [None req-8dde7099-11e0-4592-935b-36c2c1ce8156 - - - - - -] key_repository is world readable: /etc/keystone/fernet-keys/ 10.0.0.152 - - [20/Jun/2026:14:24:43 +0000] "POST /v3/auth/tokens HTTP/1.1" 201 1992
[Sat Jun 20 14:24:44.057668 2026] [wsgi:error] [pid 10:tid 140431086204608] [remote 10.0.0.152:47716] 2026-06-20 14:24:44.044 10 ERROR keystone.server.flask.application [None req-fefc7884-71f5-4986-91f6-81039f8abfb0 1b17a8fe4ecf41ba9924b961b5e235d0 57aa9bdbb6804291a541d829cb1b315d - - default default] Conflict occurred attempting to store project - it is not permitted to have two projects acting as domains with the same name: service.: keystone.exception.Conflict: Conflict occurred attempting to store project - it is not permitted to have two projects acting as domains with the same name: service.
[Sat Jun 20 14:24:44.057690 2026] [wsgi:error] [pid 10:tid 140431086204608] [remote 10.0.0.152:47716] 2026-06-20 14:24:44.044 10 ERROR keystone.server.flask.application
Traceback (most recent call last):
[Sat Jun 20 14:24:44.057692 2026] [wsgi:error] [pid 10:tid 140431086204608] [remote 10.0.0.152:47716] 2026-06-20 14:24:44.044 10 ERROR keystone.server.flask.application
File "/var/lib/openstack/lib/python3.12/site-packages/sqlalchemy/engine/base.py", line 1969, in _exec_single_context
[Sat Jun 20 14:24:44.057693 2026] [wsgi:error] [pid 10:tid 140431086204608] [remote 10.0.0.152:47716] 2026-06-20 14:24:44.044 10 ERROR keystone.server.flask.application self.dialect.do_execute(
[Sat Jun 20 14:24:44.057695 2026] [wsgi:error] [pid 10:tid 140431086204608] [remote 10.0.0.152:47716] 2026-06-20 14:24:44.044 10 ERROR keystone.server.flask.application
File "/var/lib/openstack/lib/python3.12/site-packages/sqlalchemy/engine/default.py", line 952, in do_execute
[Sat Jun 20 14:24:44.057697 2026] [wsgi:error] [pid 10:tid 140431086204608] [remote 10.0.0.152:47716] 2026-06-20 14:24:44.044 10 ERROR keystone.server.flask.application cursor.execute(statement, parameters)
[Sat Jun 20 14:24:44.057699 2026] [wsgi:error] [pid 10:tid 140431086204608] [remote 10.0.0.152:47716] 2026-06-20 14:24:44.044 10 ERROR keystone.server.flask.application
File "/var/lib/openstack/lib/python3.12/site-packages/pymysql/cursors.py", line 159, in execute
[Sat Jun 20 14:24:44.057701 2026] [wsgi:error] [pid 10:tid 140431086204608] [remote 10.0.0.152:47716] 2026-06-20 14:24:44.044 10 ERROR keystone.server.flask.application result = self._query(query)
[Sat Jun 20 14:24:44.057702 2026] [wsgi:error] [pid 10:tid 140431086204608] [remote 10.0.0.152:47716] 2026-06-20 14:24:44.044 10 ERROR keystone.server.flask.application ^^^^^^^^^^^^^^^^^^
[Sat Jun 20 14:24:44.057703 2026] [wsgi:error] [pid 10:tid 140431086204608] [remote 10.0.0.152:47716] 2026-06-20 14:24:44.044 10 ERROR keystone.server.flask.application
File "/var/lib/openstack/lib/python3.12/site-packages/pymysql/cursors.py", line 330, in _query
[Sat Jun 20 14:24:44.057705 2026] [wsgi:error] [pid 10:tid 140431086204608] [remote 10.0.0.152:47716] 2026-06-20 14:24:44.044 10 ERROR keystone.server.flask.application conn.query(q)
[Sat Jun 20 14:24:44.057706 2026] [wsgi:error] [pid 10:tid 140431086204608] [remote 10.0.0.152:47716] 2026-06-20 14:24:44.044 10 ERROR keystone.server.flask.application
File "/var/lib/openstack/lib/python3.12/site-packages/pymysql/connections.py", line 582, in query
[Sat Jun 20 14:24:44.057707 2026] [wsgi:error] [pid 10:tid 140431086204608] [remote 10.0.0.152:47716] 2026-06-20 14:24:44.044 10 ERROR keystone.server.flask.application self._affected_rows = self._read_query_result(unbuffered=unbuffered)
[Sat Jun 20 14:24:44.057709 2026] [wsgi:error] [pid 10:tid 140431086204608] [remote 10.0.0.152:47716] 2026-06-20 14:24:44.044 10 ERROR keystone.server.flask.application ^^^^^^^^^^^^^^^^^^^^^^^^^^^^^^^^^^^^^^^^^^^^^^
[Sat Jun 20 14:24:44.057710 2026] [wsgi:error] [pid 10:tid 140431086204608] [remote 10.0.0.152:47716] 2026-06-20 14:24:44.044 10 ERROR keystone.server.flask.application
File "/var/lib/openstack/lib/python3.12/site-packages/pymysql/connections.py", line 847, in _read_query_result
[Sat Jun 20 14:24:44.057711 2026] [wsgi:error] [pid 10:tid 140431086204608] [remote 10.0.0.152:47716] 2026-06-20 14:24:44.044 10 ERROR keystone.server.flask.application result.read()
[Sat Jun 20 14:24:44.057715 2026] [wsgi:error] [pid 10:tid 140431086204608] [remote 10.0.0.152:47716] 2026-06-20 14:24:44.044 10 ERROR keystone.server.flask.application
File "/var/lib/openstack/lib/python3.12/site-packages/pymysql/connections.py", line 1245, in read
[Sat Jun 20 14:24:44.057716 2026] [wsgi:error] [pid 10:tid 140431086204608] [remote 10.0.0.152:47716] 2026-06-20 14:24:44.044 10 ERROR keystone.server.flask.application first_packet = self.connection._read_packet()
[Sat Jun 20 14:24:44.057718 2026] [wsgi:error] [pid 10:tid 140431086204608] [remote 10.0.0.152:47716] 2026-06-20 14:24:44.044 10 ERROR keystone.server.flask.application ^^^^^^^^^^^^^^^^^^^^^^^^^^^^^^
[Sat Jun 20 14:24:44.057719 2026] [wsgi:error] [pid 10:tid 140431086204608] [remote 10.0.0.152:47716] 2026-06-20 14:24:44.044 10 ERROR keystone.server.flask.application
File "/var/lib/openstack/lib/python3.12/site-packages/pymysql/connections.py", line 803, in _read_packet
[Sat Jun 20 14:24:44.057720 2026] [wsgi:error] [pid 10:tid 140431086204608] [remote 10.0.0.152:47716] 2026-06-20 14:24:44.044 10 ERROR keystone.server.flask.application packet.raise_for_error()
[Sat Jun 20 14:24:44.057722 2026] [wsgi:error] [pid 10:tid 140431086204608] [remote 10.0.0.152:47716] 2026-06-20 14:24:44.044 10 ERROR keystone.server.flask.application
File "/var/lib/openstack/lib/python3.12/site-packages/pymysql/protocol.py", line 219, in raise_for_error
[Sat Jun 20 14:24:44.057723 2026] [wsgi:error] [pid 10:tid 140431086204608] [remote 10.0.0.152:47716] 2026-06-20 14:24:44.044 10 ERROR keystone.server.flask.application err.raise_mysql_exception(self._data)
[Sat Jun 20 14:24:44.057724 2026] [wsgi:error] [pid 10:tid 140431086204608] [remote 10.0.0.152:47716] 2026-06-20 14:24:44.044 10 ERROR keystone.server.flask.application
File "/var/lib/openstack/lib/python3.12/site-packages/pymysql/err.py", line 154, in raise_mysql_exception
[Sat Jun 20 14:24:44.057726 2026] [wsgi:error] [pid 10:tid 140431086204608] [remote 10.0.0.152:47716] 2026-06-20 14:24:44.044 10 ERROR keystone.server.flask.application raise errorclass(errno, errval, sqlstate=sqlstate)
[Sat Jun 20 14:24:44.057727 2026] [wsgi:error] [pid 10:tid 140431086204608] [remote 10.0.0.152:47716] 2026-06-20 14:24:44.044 10 ERROR keystone.server.flask.application pymysql.err.IntegrityError: (1062, "Duplicate entry '<>-service' for key 'project.ixu_project_name_domain_id'")
[Sat Jun 20 14:24:44.057729 2026] [wsgi:error] [pid 10:tid 140431086204608] [remote 10.0.0.152:47716] 2026-06-20 14:24:44.044 10 ERROR keystone.server.flask.application
[Sat Jun 20 14:24:44.057731 2026] [wsgi:error] [pid 10:tid 140431086204608] [remote 10.0.0.152:47716] 2026-06-20 14:24:44.044 10 ERROR keystone.server.flask.application The above exception was the direct cause of the following exception:
[Sat Jun 20 14:24:44.057732 2026] [wsgi:error] [pid 10:tid 140431086204608] [remote 10.0.0.152:47716] 2026-06-20 14:24:44.044 10 ERROR keystone.server.flask.application
[Sat Jun 20 14:24:44.057733 2026] [wsgi:error] [pid 10:tid 140431086204608] [remote 10.0.0.152:47716] 2026-06-20 14:24:44.044 10 ERROR keystone.server.flask.application
Traceback (most recent call last):
[Sat Jun 20 14:24:44.057735 2026] [wsgi:error] [pid 10:tid 140431086204608] [remote 10.0.0.152:47716] 2026-06-20 14:24:44.044 10 ERROR keystone.server.flask.application
File "/var/lib/openstack/lib/python3.12/site-packages/keystone/common/sql/core.py", line 575, in wrapper
[Sat Jun 20 14:24:44.057736 2026] [wsgi:error] [pid 10:tid 140431086204608] [remote 10.0.0.152:47716] 2026-06-20 14:24:44.044 10 ERROR keystone.server.flask.application return method(*args, **kwargs)
[Sat Jun 20 14:24:44.057737 2026] [wsgi:error] [pid 10:tid 140431086204608] [remote 10.0.0.152:47716] 2026-06-20 14:24:44.044 10 ERROR keystone.server.flask.application ^^^^^^^^^^^^^^^^^^^^^^^
[Sat Jun 20 14:24:44.057740 2026] [wsgi:error] [pid 10:tid 140431086204608] [remote 10.0.0.152:47716] 2026-06-20 14:24:44.044 10 ERROR keystone.server.flask.application
File "/var/lib/openstack/lib/python3.12/site-packages/keystone/resource/backends/sql.py", line 278, in create_project
[Sat Jun 20 14:24:44.057741 2026] [wsgi:error] [pid 10:tid 140431086204608] [remote 10.0.0.152:47716] 2026-06-20 14:24:44.044 10 ERROR keystone.server.flask.application with sql.session_for_write() as session:
[Sat Jun 20 14:24:44.057742 2026] [wsgi:error] [pid 10:tid 140431086204608] [remote 10.0.0.152:47716] 2026-06-20 14:24:44.044 10 ERROR keystone.server.flask.application
File "/usr/lib/python3.12/contextlib.py", line 144, in __exit__
[Sat Jun 20 14:24:44.057744 2026] [wsgi:error] [pid 10:tid 140431086204608] [remote 10.0.0.152:47716] 2026-06-20 14:24:44.044 10 ERROR keystone.server.flask.application next(self.gen)
[Sat Jun 20 14:24:44.057745 2026] [wsgi:error] [pid 10:tid 140431086204608] [remote 10.0.0.152:47716] 2026-06-20 14:24:44.044 10 ERROR keystone.server.flask.application
File "/var/lib/openstack/lib/python3.12/site-packages/oslo_db/sqlalchemy/enginefacade.py", line 1175, in _transaction_scope
[Sat Jun 20 14:24:44.057747 2026] [wsgi:error] [pid 10:tid 140431086204608] [remote 10.0.0.152:47716] 2026-06-20 14:24:44.044 10 ERROR keystone.server.flask.application with current._produce_block(
[Sat Jun 20 14:24:44.057748 2026] [wsgi:error] [pid 10:tid 140431086204608] [remote 10.0.0.152:47716] 2026-06-20 14:24:44.044 10 ERROR keystone.server.flask.application
File "/usr/lib/python3.12/contextlib.py", line 144, in __exit__
[Sat Jun 20 14:24:44.057749 2026] [wsgi:error] [pid 10:tid 140431086204608] [remote 10.0.0.152:47716] 2026-06-20 14:24:44.044 10 ERROR keystone.server.flask.application next(self.gen)
[Sat Jun 20 14:24:44.057750 2026] [wsgi:error] [pid 10:tid 140431086204608] [remote 10.0.0.152:47716] 2026-06-20 14:24:44.044 10 ERROR keystone.server.flask.application
File "/var/lib/openstack/lib/python3.12/site-packages/oslo_db/sqlalchemy/enginefacade.py", line 837, in _session
[Sat Jun 20 14:24:44.057752 2026] [wsgi:error] [pid 10:tid 140431086204608] [remote 10.0.0.152:47716] 2026-06-20 14:24:44.044 10 ERROR keystone.server.flask.application with excutils.save_and_reraise_exception():
[Sat Jun 20 14:24:44.057753 2026] [wsgi:error] [pid 10:tid 140431086204608] [remote 10.0.0.152:47716] 2026-06-20 14:24:44.044 10 ERROR keystone.server.flask.application
File "/var/lib/openstack/lib/python3.12/site-packages/oslo_utils/excutils.py", line 266, in __exit__
[Sat Jun 20 14:24:44.057755 2026] [wsgi:error] [pid 10:tid 140431086204608] [remote 10.0.0.152:47716] 2026-06-20 14:24:44.044 10 ERROR keystone.server.flask.application self.force_reraise()
[Sat Jun 20 14:24:44.057756 2026] [wsgi:error] [pid 10:tid 140431086204608] [remote 10.0.0.152:47716] 2026-06-20 14:24:44.044 10 ERROR keystone.server.flask.application
File "/var/lib/openstack/lib/python3.12/site-packages/oslo_utils/excutils.py", line 232, in force_reraise
[Sat Jun 20 14:24:44.057757 2026] [wsgi:error] [pid 10:tid 140431086204608] [remote 10.0.0.152:47716] 2026-06-20 14:24:44.044 10 ERROR keystone.server.flask.application raise self.value
[Sat Jun 20 14:24:44.057759 2026] [wsgi:error] [pid 10:tid 140431086204608] [remote 10.0.0.152:47716] 2026-06-20 14:24:44.044 10 ERROR keystone.server.flask.application
File "/var/lib/openstack/lib/python3.12/site-packages/oslo_db/sqlalchemy/enginefacade.py", line 835, in _session
[Sat Jun 20 14:24:44.057770 2026] [wsgi:error] [pid 10:tid 140431086204608] [remote 10.0.0.152:47716] 2026-06-20 14:24:44.044 10 ERROR keystone.server.flask.application self._end_session_transaction(self.session)
[Sat Jun 20 14:24:44.057772 2026] [wsgi:error] [pid 10:tid 140431086204608] [remote 10.0.0.152:47716] 2026-06-20 14:24:44.044 10 ERROR keystone.server.flask.application
File "/var/lib/openstack/lib/python3.12/site-packages/oslo_db/sqlalchemy/enginefacade.py", line 748, in _end_session_transaction
[Sat Jun 20 14:24:44.057773 2026] [wsgi:error] [pid 10:tid 140431086204608] [remote 10.0.0.152:47716] 2026-06-20 14:24:44.044 10 ERROR keystone.server.flask.application session.commit()
[Sat Jun 20 14:24:44.057775 2026] [wsgi:error] [pid 10:tid 140431086204608] [remote 10.0.0.152:47716] 2026-06-20 14:24:44.044 10 ERROR keystone.server.flask.application
File "/var/lib/openstack/lib/python3.12/site-packages/sqlalchemy/orm/session.py", line 2034, in commit
[Sat Jun 20 14:24:44.057776 2026] [wsgi:error] [pid 10:tid 140431086204608] [remote 10.0.0.152:47716] 2026-06-20 14:24:44.044 10 ERROR keystone.server.flask.application trans.commit(_to_root=True)
[Sat Jun 20 14:24:44.057778 2026] [wsgi:error] [pid 10:tid 140431086204608] [remote 10.0.0.152:47716] 2026-06-20 14:24:44.044 10 ERROR keystone.server.flask.application File "", line 2, in commit
[Sat Jun 20 14:24:44.057779 2026] [wsgi:error] [pid 10:tid 140431086204608] [remote 10.0.0.152:47716] 2026-06-20 14:24:44.044 10 ERROR keystone.server.flask.application
File "/var/lib/openstack/lib/python3.12/site-packages/sqlalchemy/orm/state_changes.py", line 137, in _go
[Sat Jun 20 14:24:44.057781 2026] [wsgi:error] [pid 10:tid 140431086204608] [remote 10.0.0.152:47716] 2026-06-20 14:24:44.044 10 ERROR keystone.server.flask.application ret_value = fn(self, *arg, **kw)
[Sat Jun 20 14:24:44.057782 2026] [wsgi:error] [pid 10:tid 140431086204608] [remote 10.0.0.152:47716] 2026-06-20 14:24:44.044 10 ERROR keystone.server.flask.application ^^^^^^^^^^^^^^^^^^^^
[Sat Jun 20 14:24:44.057784 2026] [wsgi:error] [pid 10:tid 140431086204608] [remote 10.0.0.152:47716] 2026-06-20 14:24:44.044 10 ERROR keystone.server.flask.application
File "/var/lib/openstack/lib/python3.12/site-packages/sqlalchemy/orm/session.py", line 1315, in commit
[Sat Jun 20 14:24:44.057785 2026] [wsgi:error] [pid 10:tid 140431086204608] [remote 10.0.0.152:47716] 2026-06-20 14:24:44.044 10 ERROR keystone.server.flask.application self._prepare_impl()
[Sat Jun 20 14:24:44.057787 2026] [wsgi:error] [pid 10:tid 140431086204608] [remote 10.0.0.152:47716] 2026-06-20 14:24:44.044 10 ERROR keystone.server.flask.application File "", line 2, in _prepare_impl
[Sat Jun 20 14:24:44.057788 2026] [wsgi:error] [pid 10:tid 140431086204608] [remote 10.0.0.152:47716] 2026-06-20 14:24:44.044 10 ERROR keystone.server.flask.application
File "/var/lib/openstack/lib/python3.12/site-packages/sqlalchemy/orm/state_changes.py", line 137, in _go
[Sat Jun 20 14:24:44.057790 2026] [wsgi:error] [pid 10:tid 140431086204608] [remote 10.0.0.152:47716] 2026-06-20 14:24:44.044 10 ERROR keystone.server.flask.application ret_value = fn(self, *arg, **kw)
[Sat Jun 20 14:24:44.057791 2026] [wsgi:error] [pid 10:tid 140431086204608] [remote 10.0.0.152:47716] 2026-06-20 14:24:44.044 10 ERROR keystone.server.flask.application ^^^^^^^^^^^^^^^^^^^^
[Sat Jun 20 14:24:44.057793 2026] [wsgi:error] [pid 10:tid 140431086204608] [remote 10.0.0.152:47716] 2026-06-20 14:24:44.044 10 ERROR keystone.server.flask.application
File "/var/lib/openstack/lib/python3.12/site-packages/sqlalchemy/orm/session.py", line 1290, in _prepare_impl
[Sat Jun 20 14:24:44.057794 2026] [wsgi:error] [pid 10:tid 140431086204608] [remote 10.0.0.152:47716] 2026-06-20 14:24:44.044 10 ERROR keystone.server.flask.application self.session.flush()
[Sat Jun 20 14:24:44.057797 2026] [wsgi:error] [pid 10:tid 140431086204608] [remote 10.0.0.152:47716] 2026-06-20 14:24:44.044 10 ERROR keystone.server.flask.application
File "/var/lib/openstack/lib/python3.12/site-packages/sqlalchemy/orm/session.py", line 4352, in flush
[Sat Jun 20 14:24:44.057799 2026] [wsgi:error] [pid 10:tid 140431086204608] [remote 10.0.0.152:47716] 2026-06-20 14:24:44.044 10 ERROR keystone.server.flask.application self._flush(objects)
[Sat Jun 20 14:24:44.057800 2026] [wsgi:error] [pid 10:tid 140431086204608] [remote 10.0.0.152:47716] 2026-06-20 14:24:44.044 10 ERROR keystone.server.flask.application
File "/var/lib/openstack/lib/python3.12/site-packages/sqlalchemy/orm/session.py", line 4487, in _flush
[Sat Jun 20 14:24:44.057802 2026] [wsgi:error] [pid 10:tid 140431086204608] [remote 10.0.0.152:47716] 2026-06-20 14:24:44.044 10 ERROR keystone.server.flask.application with util.safe_reraise():
[Sat Jun 20 14:24:44.057804 2026] [wsgi:error] [pid 10:tid 140431086204608] [remote 10.0.0.152:47716] 2026-06-20 14:24:44.044 10 ERROR keystone.server.flask.application
File "/var/lib/openstack/lib/python3.12/site-packages/sqlalchemy/util/langhelpers.py", line 122, in __exit__
[Sat Jun 20 14:24:44.057806 2026] [wsgi:error] [pid 10:tid 140431086204608] [remote 10.0.0.152:47716] 2026-06-20 14:24:44.044 10 ERROR keystone.server.flask.application raise exc_value.with_traceback(exc_tb)
[Sat Jun 20 14:24:44.057807 2026] [wsgi:error] [pid 10:tid 140431086204608] [remote 10.0.0.152:47716] 2026-06-20 14:24:44.044 10 ERROR keystone.server.flask.application
File "/var/lib/openstack/lib/python3.12/site-packages/sqlalchemy/orm/session.py", line 4448, in _flush
[Sat Jun 20 14:24:44.057809 2026] [wsgi:error] [pid 10:tid 140431086204608] [remote 10.0.0.152:47716] 2026-06-20 14:24:44.044 10 ERROR keystone.server.flask.application flush_context.execute()
[Sat Jun 20 14:24:44.057811 2026] [wsgi:error] [pid 10:tid 140431086204608] [remote 10.0.0.152:47716] 2026-06-20 14:24:44.044 10 ERROR keystone.server.flask.application
File "/var/lib/openstack/lib/python3.12/site-packages/sqlalchemy/orm/unitofwork.py", line 465, in execute
