2026-06-15 21:09:19.985 9 INFO neutron.wsgi [None req-812354d3-e928-459e-9ca6-0d761e3aaa02 5cdf1d1755ae45feaca7447de9444a3e f15b0fdce11d43d9a6343e531b54a787 - - default default] 10.0.0.173 "POST /v2.0/security-group-rules HTTP/1.1" status: 201 len: 774 time: 0.1687725
2026-06-15 21:09:19.995 9 WARNING neutron_lib.context [None req-70d72371-d6b8-4227-8aee-1f587ee05919 5cdf1d1755ae45feaca7447de9444a3e f15b0fdce11d43d9a6343e531b54a787 - - default default] Method 'is_advsvc' is deprecated since 2023.2 release (neutron-lib 3.8.0) and will be removed once support for the old RBAC API policies will be removed from Neutron. Please use method 'is_service_role' instead.
2026-06-15 21:09:20.012 9 INFO neutron.db.securitygroups_db [None req-70d72371-d6b8-4227-8aee-1f587ee05919 5cdf1d1755ae45feaca7447de9444a3e f15b0fdce11d43d9a6343e531b54a787 - - default default] Project f15b0fdce11d43d9a6343e531b54a787 added a security group rule with legacy IPv6 ICMP protocol name icmp, ipv6-icmp should be used instead. It was automatically converted.
2026-06-15 21:09:20.194 9 INFO neutron.db.ovn_revision_numbers_db [None req-70d72371-d6b8-4227-8aee-1f587ee05919 5cdf1d1755ae45feaca7447de9444a3e f15b0fdce11d43d9a6343e531b54a787 - - default default] Successfully bumped revision number for resource b8e72ad9-5528-4dca-863d-206dff4b067f (type: security_group_rules) to 0
2026-06-15 21:09:20.237 9 INFO neutron.wsgi [None req-70d72371-d6b8-4227-8aee-1f587ee05919 5cdf1d1755ae45feaca7447de9444a3e f15b0fdce11d43d9a6343e531b54a787 - - default default] 10.0.0.173 "POST /v2.0/security-group-rules HTTP/1.1" status: 201 len: 773 time: 0.2451856
2026-06-15 21:09:20.440 9 INFO neutron.wsgi [None req-9c25b2c8-b9a4-4bb8-a419-588962a6181a 58ff023582d64fbf9922ccd9adfac48d 4047d09b0dab4e2c870ee90a09338127 - - default default] 10.0.0.173 "DELETE /v2.0/networks/333b557f-8eba-4db4-ac4e-f375b5b2b54e HTTP/1.1" status: 204 len: 168 time: 0.5048258
2026-06-15 21:09:20.857 9 WARNING neutron_lib.context [None req-58d44f2b-8c1e-45d0-815c-d3444e103b31 cbf2e0b5f5df46fb8122f5767092290f f517f6412a894bd09e70478999a573a3 - - default default] Method 'is_advsvc' is deprecated since 2023.2 release (neutron-lib 3.8.0) and will be removed once support for the old RBAC API policies will be removed from Neutron. Please use method 'is_service_role' instead.
2026-06-15 21:09:20.909 10 INFO neutron.wsgi [None req-d18e9784-fd31-4a08-bbff-e45e27c69171 5cdf1d1755ae45feaca7447de9444a3e f15b0fdce11d43d9a6343e531b54a787 - - default default] 10.0.0.173 "GET /v2.0/networks HTTP/1.1" status: 200 len: 1492 time: 0.2434032
2026-06-15 21:09:20.967 10 INFO neutron.wsgi [None req-caf15c86-3116-4974-a11b-b58ee514964e 58ff023582d64fbf9922ccd9adfac48d 4047d09b0dab4e2c870ee90a09338127 - - default default] 10.0.0.173 "DELETE /v2.0/networks/8c27a9ad-3a8c-4554-ade5-c1dcedb6729c HTTP/1.1" status: 204 len: 168 time: 0.5221901
2026-06-15 21:09:20.987 9 INFO neutron.db.ovn_revision_numbers_db [None req-58d44f2b-8c1e-45d0-815c-d3444e103b31 cbf2e0b5f5df46fb8122f5767092290f f517f6412a894bd09e70478999a573a3 - - default default] Successfully bumped revision number for resource e1d26c93-7c65-4566-82f8-76f793301e40 (type: security_groups) to 1
2026-06-15 21:09:21.008 9 INFO neutron.db.ovn_revision_numbers_db [None req-58d44f2b-8c1e-45d0-815c-d3444e103b31 cbf2e0b5f5df46fb8122f5767092290f f517f6412a894bd09e70478999a573a3 - - default default] Successfully bumped revision number for resource 5493acea-db46-4306-bd4e-21b17a269d25 (type: security_group_rules) to 0
2026-06-15 21:09:21.020 9 INFO neutron.db.ovn_revision_numbers_db [None req-58d44f2b-8c1e-45d0-815c-d3444e103b31 cbf2e0b5f5df46fb8122f5767092290f f517f6412a894bd09e70478999a573a3 - - default default] Successfully bumped revision number for resource 79f44270-467f-40b3-a9fa-192a40cbc59d (type: security_group_rules) to 0
2026-06-15 21:09:21.034 9 INFO neutron.db.ovn_revision_numbers_db [None req-58d44f2b-8c1e-45d0-815c-d3444e103b31 cbf2e0b5f5df46fb8122f5767092290f f517f6412a894bd09e70478999a573a3 - - default default] Successfully bumped revision number for resource 7d17167b-cdc2-4a55-971b-6d467112e1a3 (type: security_group_rules) to 0
2026-06-15 21:09:21.038 9 INFO neutron.wsgi [req-530fc9d0-79ec-4837-8bb9-3d1d176bbbdc req-824bae20-b0a4-4c2d-94ac-fef5dad445d8 5cdf1d1755ae45feaca7447de9444a3e f15b0fdce11d43d9a6343e531b54a787 - - default default] 10.0.0.115 "GET /v2.0/security-groups?name=tempest-secgroup-smoke-2105629748&fields=id&tenant_id=f15b0fdce11d43d9a6343e531b54a787 HTTP/1.1" status: 200 len: 267 time: 0.0495369
2026-06-15 21:09:21.052 9 INFO neutron.db.ovn_revision_numbers_db [None req-58d44f2b-8c1e-45d0-815c-d3444e103b31 cbf2e0b5f5df46fb8122f5767092290f f517f6412a894bd09e70478999a573a3 - - default default] Successfully bumped revision number for resource f65168fa-d526-4de0-8deb-a52eb45fdf3d (type: security_group_rules) to 0
2026-06-15 21:09:21.106 9 INFO neutron.db.segments_db [None req-58d44f2b-8c1e-45d0-815c-d3444e103b31 cbf2e0b5f5df46fb8122f5767092290f f517f6412a894bd09e70478999a573a3 - - default default] Added segment 33b4d7d3-c4bf-465a-896e-e686ba83d4a4 of type geneve for network d7cbe825-e41e-48c5-bc88-b2b4a2f33099
2026-06-15 21:09:21.140 9 INFO neutron.wsgi [req-530fc9d0-79ec-4837-8bb9-3d1d176bbbdc req-060b5e5d-27b5-4045-a57b-98af88cc05c4 5cdf1d1755ae45feaca7447de9444a3e f15b0fdce11d43d9a6343e531b54a787 - - default default] 10.0.0.115 "GET /v2.0/networks?id=2dd9b42c-cad6-4e87-b77e-0701a47fecae HTTP/1.1" status: 200 len: 859 time: 0.0940943
2026-06-15 21:09:21.165 9 INFO neutron.wsgi [req-530fc9d0-79ec-4837-8bb9-3d1d176bbbdc req-cce93046-bb3e-48a8-832d-cd7f8f35d950 5cdf1d1755ae45feaca7447de9444a3e f15b0fdce11d43d9a6343e531b54a787 - - default default] 10.0.0.115 "GET /v2.0/quotas/f15b0fdce11d43d9a6343e531b54a787 HTTP/1.1" status: 200 len: 386 time: 0.0194485
2026-06-15 21:09:21.288 9 INFO neutron.services.segments.plugin [-] Segment dd0fc4c3-6145-4c0a-be93-d429e3337560 resource provider aggregate not found
2026-06-15 21:09:21.307 9 INFO neutron.services.segments.plugin [-] Segment dd0fc4c3-6145-4c0a-be93-d429e3337560 resource provider aggregate not found
2026-06-15 21:09:21.316 9 INFO neutron.services.segments.plugin [-] Segment dd0fc4c3-6145-4c0a-be93-d429e3337560 resource provider not found; error: Placement Client Error (4xx): {"errors": [{"status": 404, "title": "Not Found", "detail": "The resource could not be found.\n\n No resource provider with uuid dd0fc4c3-6145-4c0a-be93-d429e3337560 found for delete ", "request_id": "req-6753598d-b033-4786-8c28-05a832cee0e9"}]}
2026-06-15 21:09:21.325 9 INFO neutron.db.ovn_revision_numbers_db [None req-58d44f2b-8c1e-45d0-815c-d3444e103b31 cbf2e0b5f5df46fb8122f5767092290f f517f6412a894bd09e70478999a573a3 - - default default] Successfully bumped revision number for resource d7cbe825-e41e-48c5-bc88-b2b4a2f33099 (type: networks) to 1
2026-06-15 21:09:21.335 9 INFO neutron.services.segments.plugin [-] Segment dd0fc4c3-6145-4c0a-be93-d429e3337560 resource provider not found; error: Placement Client Error (4xx): {"errors": [{"status": 404, "title": "Not Found", "detail": "The resource could not be found.\n\n No resource provider with uuid dd0fc4c3-6145-4c0a-be93-d429e3337560 found for delete ", "request_id": "req-4ce4072a-5e3c-4745-b13b-8926132b367b"}]}
2026-06-15 21:09:21.347 9 INFO neutron.wsgi [req-530fc9d0-79ec-4837-8bb9-3d1d176bbbdc req-3efa2d00-86a8-46d8-8180-9fe755afd0c6 5cdf1d1755ae45feaca7447de9444a3e f15b0fdce11d43d9a6343e531b54a787 - - default default] 10.0.0.115 "GET /v2.0/ports?tenant_id=f15b0fdce11d43d9a6343e531b54a787&fields=id HTTP/1.1" status: 200 len: 348 time: 0.1721506
2026-06-15 21:09:21.499 9 INFO neutron.wsgi [req-530fc9d0-79ec-4837-8bb9-3d1d176bbbdc req-8a9781b8-00ce-443f-84a4-d830fbcedf60 f295b0e2fa4742f79edf8028d7cca781 dd8b079234fb488db03e6de01e8e0df3 - - 8792d6fbeb0d44a2b80411231089ccdb 8792d6fbeb0d44a2b80411231089ccdb] 10.0.0.115 "GET /v2.0/networks/2dd9b42c-cad6-4e87-b77e-0701a47fecae?fields=segments HTTP/1.1" status: 200 len: 212 time: 0.1331396
2026-06-15 21:09:21.510 10 INFO neutron.wsgi [-] 10.0.0.198 "GET / HTTP/1.1" status: 200 len: 247 time: 0.0019650
2026-06-15 21:09:21.513 10 INFO neutron.wsgi [-] 10.0.0.198 "GET / HTTP/1.1" status: 200 len: 247 time: 0.0013149
2026-06-15 21:09:21.544 10 INFO neutron.services.segments.plugin [-] Segment 7b9593cd-81d0-4bac-8401-8461a512cb2b resource provider aggregate not found
2026-06-15 21:09:21.553 10 INFO neutron.services.segments.plugin [-] Segment 7b9593cd-81d0-4bac-8401-8461a512cb2b resource provider aggregate not found
2026-06-15 21:09:21.565 10 INFO neutron.services.segments.plugin [-] Segment 7b9593cd-81d0-4bac-8401-8461a512cb2b resource provider not found; error: Placement Client Error (4xx): {"errors": [{"status": 404, "title": "Not Found", "detail": "The resource could not be found.\n\n No resource provider with uuid 7b9593cd-81d0-4bac-8401-8461a512cb2b found for delete ", "request_id": "req-2a407a61-e733-4cef-a1a8-6604d3e3fcad"}]}
2026-06-15 21:09:21.572 10 INFO neutron.services.segments.plugin [-] Segment 7b9593cd-81d0-4bac-8401-8461a512cb2b resource provider not found; error: Placement Client Error (4xx): {"errors": [{"status": 404, "title": "Not Found", "detail": "The resource could not be found.\n\n No resource provider with uuid 7b9593cd-81d0-4bac-8401-8461a512cb2b found for delete ", "request_id": "req-9088cda7-f6db-4252-a0f1-dd9cf99df5b1"}]}
2026-06-15 21:09:21.580 10 INFO neutron.services.segments.plugin [-] Segment bffd4255-3dcd-4ac7-91ed-0d8a19f984c2 resource provider aggregate not found
2026-06-15 21:09:21.584 9 INFO neutron.wsgi [req-530fc9d0-79ec-4837-8bb9-3d1d176bbbdc req-1dc3aeb0-666d-4772-8434-13089a03f074 f295b0e2fa4742f79edf8028d7cca781 dd8b079234fb488db03e6de01e8e0df3 - - 8792d6fbeb0d44a2b80411231089ccdb 8792d6fbeb0d44a2b80411231089ccdb] 10.0.0.115 "GET /v2.0/networks/2dd9b42c-cad6-4e87-b77e-0701a47fecae?fields=provider%3Aphysical_network&fields=provider%3Anetwork_type HTTP/1.1" status: 200 len: 277 time: 0.0795987
2026-06-15 21:09:21.589 9 WARNING neutron.scheduler.dhcp_agent_scheduler [None req-58d44f2b-8c1e-45d0-815c-d3444e103b31 cbf2e0b5f5df46fb8122f5767092290f f517f6412a894bd09e70478999a573a3 - - default default] No more DHCP agents
2026-06-15 21:09:21.592 9 WARNING neutron.api.rpc.agentnotifiers.dhcp_rpc_agent_api [None req-58d44f2b-8c1e-45d0-815c-d3444e103b31 cbf2e0b5f5df46fb8122f5767092290f f517f6412a894bd09e70478999a573a3 - - default default] Unable to schedule network d7cbe825-e41e-48c5-bc88-b2b4a2f33099: no agents available; will retry on subsequent port and subnet creation events.
2026-06-15 21:09:21.595 10 INFO neutron.services.segments.plugin [-] Segment bffd4255-3dcd-4ac7-91ed-0d8a19f984c2 resource provider not found; error: Placement Client Error (4xx): {"errors": [{"status": 404, "title": "Not Found", "detail": "The resource could not be found.\n\n No resource provider with uuid bffd4255-3dcd-4ac7-91ed-0d8a19f984c2 found for delete ", "request_id": "req-d2a6f11f-6b8e-4232-b3d2-faada7be2b22"}]}
2026-06-15 21:09:21.596 10 INFO neutron.services.segments.plugin [-] Segment bffd4255-3dcd-4ac7-91ed-0d8a19f984c2 resource provider aggregate not found
2026-06-15 21:09:21.612 10 INFO neutron.services.segments.plugin [-] Segment bffd4255-3dcd-4ac7-91ed-0d8a19f984c2 resource provider not found; error: Placement Client Error (4xx): {"errors": [{"status": 404, "title": "Not Found", "detail": "The resource could not be found.\n\n No resource provider with uuid bffd4255-3dcd-4ac7-91ed-0d8a19f984c2 found for delete ", "request_id": "req-d4be3d5f-14e1-4cb4-88e7-e0baba49917c"}]}
2026-06-15 21:09:21.683 9 INFO neutron.db.ovn_revision_numbers_db [None req-58d44f2b-8c1e-45d0-815c-d3444e103b31 cbf2e0b5f5df46fb8122f5767092290f f517f6412a894bd09e70478999a573a3 - - default default] Successfully bumped revision number for resource 89841782-98cc-4fcc-88d7-733ef5eee258 (type: ports) to 1
2026-06-15 21:09:21.704 9 INFO neutron.wsgi [None req-58d44f2b-8c1e-45d0-815c-d3444e103b31 cbf2e0b5f5df46fb8122f5767092290f f517f6412a894bd09e70478999a573a3 - - default default] 10.0.0.173 "POST /v2.0/networks HTTP/1.1" status: 201 len: 831 time: 0.9762809
2026-06-15 21:09:21.714 9 WARNING neutron_lib.context [None req-fb667b5c-0957-4425-accd-4b1fa324dccf cbf2e0b5f5df46fb8122f5767092290f f517f6412a894bd09e70478999a573a3 - - default default] Method 'is_advsvc' is deprecated since 2023.2 release (neutron-lib 3.8.0) and will be removed once support for the old RBAC API policies will be removed from Neutron. Please use method 'is_service_role' instead.
2026-06-15 21:09:21.756 9 INFO neutron.wsgi [req-c3352652-8f5a-4ec5-b754-264f25f064ee req-1506a5af-387f-4677-bdc8-f47d31989ea3 5cdf1d1755ae45feaca7447de9444a3e f15b0fdce11d43d9a6343e531b54a787 - - default default] 10.0.0.115 "GET /v2.0/ports?device_id=e8e2f6c3-d388-46b2-8647-dd2acf1bc3f6 HTTP/1.1" status: 200 len: 210 time: 0.0293949
2026-06-15 21:09:22.014 9 WARNING neutron.scheduler.dhcp_agent_scheduler [None req-fb667b5c-0957-4425-accd-4b1fa324dccf cbf2e0b5f5df46fb8122f5767092290f f517f6412a894bd09e70478999a573a3 - - default default] No more DHCP agents
2026-06-15 21:09:22.016 9 WARNING neutron.api.rpc.agentnotifiers.dhcp_rpc_agent_api [None req-fb667b5c-0957-4425-accd-4b1fa324dccf cbf2e0b5f5df46fb8122f5767092290f f517f6412a894bd09e70478999a573a3 - - default default] Unable to schedule network d7cbe825-e41e-48c5-bc88-b2b4a2f33099: no agents available; will retry on subsequent port and subnet creation events.
2026-06-15 21:09:22.132 9 INFO neutron.db.ovn_revision_numbers_db [None req-fb667b5c-0957-4425-accd-4b1fa324dccf cbf2e0b5f5df46fb8122f5767092290f f517f6412a894bd09e70478999a573a3 - - default default] Successfully bumped revision number for resource 0dd5139e-c563-4d21-bda3-a04e18729c41 (type: ports) to 1
2026-06-15 21:09:22.158 9 INFO neutron.wsgi [None req-fb667b5c-0957-4425-accd-4b1fa324dccf cbf2e0b5f5df46fb8122f5767092290f f517f6412a894bd09e70478999a573a3 - - default default] 10.0.0.173 "POST /v2.0/ports HTTP/1.1" status: 201 len: 942 time: 0.4489512
2026-06-15 21:09:22.168 10 WARNING neutron_lib.context [None req-61827692-8fdc-4a72-bfc9-32a9ced05906 cbf2e0b5f5df46fb8122f5767092290f f517f6412a894bd09e70478999a573a3 - - default default] Method 'is_advsvc' is deprecated since 2023.2 release (neutron-lib 3.8.0) and will be removed once support for the old RBAC API policies will be removed from Neutron. Please use method 'is_service_role' instead.
2026-06-15 21:09:22.180 10 INFO neutron.wsgi [None req-b3ec4851-77b7-44c6-896e-e7b64f4b4a6c 08ba737c21d84e53a547c562745ab03f b0507a2222dd4d03a8206278ebd0359d - - default default] 10.0.0.173 "GET /v2.0/security-groups?tenant_id=4047d09b0dab4e2c870ee90a09338127&name=default HTTP/1.1" status: 200 len: 2996 time: 0.2714779 /var/lib/openstack/lib/python3.10/site-packages/pycadf/identifier.py:71: UserWarning: Invalid uuid: neutron. To ensure interoperability, identifiers should be a valid uuid. warnings.warn(('Invalid uuid: %s. To ensure interoperability, '
2026-06-15 21:09:22.427 9 INFO neutron.wsgi [None req-729ef71a-a4d6-4015-88df-d6ba34881798 08ba737c21d84e53a547c562745ab03f b0507a2222dd4d03a8206278ebd0359d - - default default] 10.0.0.173 "DELETE /v2.0/security-groups/0b57b323-eced-4eeb-b298-f31b8c68b58d HTTP/1.1" status: 204 len: 168 time: 0.2397482
2026-06-15 21:09:22.455 10 INFO neutron.wsgi [None req-61827692-8fdc-4a72-bfc9-32a9ced05906 cbf2e0b5f5df46fb8122f5767092290f f517f6412a894bd09e70478999a573a3 - - default default] 10.0.0.173 "POST /v2.0/trunks HTTP/1.1" status: 201 len: 608 time: 0.2936954
2026-06-15 21:09:22.466 10 WARNING neutron_lib.context [None req-b547585e-21a5-4bce-a379-0a159d8208cc cbf2e0b5f5df46fb8122f5767092290f f517f6412a894bd09e70478999a573a3 - - default default] Method 'is_advsvc' is deprecated since 2023.2 release (neutron-lib 3.8.0) and will be removed once support for the old RBAC API policies will be removed from Neutron. Please use method 'is_service_role' instead.
2026-06-15 21:09:22.545 10 INFO neutron.db.segments_db [None req-b547585e-21a5-4bce-a379-0a159d8208cc cbf2e0b5f5df46fb8122f5767092290f f517f6412a894bd09e70478999a573a3 - - default default] Added segment 0472f822-4628-4128-a7a1-d571aaf084fb of type geneve for network d2e6db9e-09cf-485f-82d6-4c0fe7a308b4
2026-06-15 21:09:22.655 9 INFO neutron.db.ovn_revision_numbers_db [None req-6e707554-0063-474f-af88-bedae6f49a5b 08ba737c21d84e53a547c562745ab03f b0507a2222dd4d03a8206278ebd0359d - - default default] Successfully bumped revision number for resource 40011d7c-e2a7-41f1-9f36-6de8b2a2c56c (type: security_groups) to 1
2026-06-15 21:09:22.671 9 INFO neutron.db.ovn_revision_numbers_db [None req-6e707554-0063-474f-af88-bedae6f49a5b 08ba737c21d84e53a547c562745ab03f b0507a2222dd4d03a8206278ebd0359d - - default default] Successfully bumped revision number for resource 34b6d41b-276e-460b-99af-130c4f1a3fb3 (type: security_group_rules) to 0
2026-06-15 21:09:22.684 9 INFO neutron.db.ovn_revision_numbers_db [None req-6e707554-0063-474f-af88-bedae6f49a5b 08ba737c21d84e53a547c562745ab03f b0507a2222dd4d03a8206278ebd0359d - - default default] Successfully bumped revision number for resource 4acf9167-0d6e-4d1a-b5c1-5e866bab916e (type: security_group_rules) to 0
2026-06-15 21:09:22.693 10 INFO neutron.db.ovn_revision_numbers_db [None req-b547585e-21a5-4bce-a379-0a159d8208cc cbf2e0b5f5df46fb8122f5767092290f f517f6412a894bd09e70478999a573a3 - - default default] Successfully bumped revision number for resource d2e6db9e-09cf-485f-82d6-4c0fe7a308b4 (type: networks) to 1
2026-06-15 21:09:22.698 9 INFO neutron.db.ovn_revision_numbers_db [None req-6e707554-0063-474f-af88-bedae6f49a5b 08ba737c21d84e53a547c562745ab03f b0507a2222dd4d03a8206278ebd0359d - - default default] Successfully bumped revision number for resource 77fb4877-1d21-497e-8b36-def8046e89ca (type: security_group_rules) to 0
2026-06-15 21:09:22.712 9 WARNING neutron_lib.context [None req-34c418cf-f6fd-44e9-975b-84a7c24630f4 e3bab841d9b94d6c86741f8026bdc650 73c02e7c7ecf438d84b3184946a58731 - - default default] Method 'is_advsvc' is deprecated since 2023.2 release (neutron-lib 3.8.0) and will be removed once support for the old RBAC API policies will be removed from Neutron. Please use method 'is_service_role' instead.
2026-06-15 21:09:22.719 9 INFO neutron.db.ovn_revision_numbers_db [None req-6e707554-0063-474f-af88-bedae6f49a5b 08ba737c21d84e53a547c562745ab03f b0507a2222dd4d03a8206278ebd0359d - - default default] Successfully bumped revision number for resource a36c9038-5c01-4d62-b797-c07f49c0ab39 (type: security_group_rules) to 0
2026-06-15 21:09:22.750 9 INFO neutron.wsgi [None req-6e707554-0063-474f-af88-bedae6f49a5b 08ba737c21d84e53a547c562745ab03f b0507a2222dd4d03a8206278ebd0359d - - default default] 10.0.0.173 "GET /v2.0/security-groups?tenant_id=60b622a884c24f818a12de15e4d9a313&name=default HTTP/1.1" status: 200 len: 2996 time: 0.2134006
2026-06-15 21:09:22.854 9 INFO neutron.wsgi [req-cdc8683c-e48a-481f-addc-27e129b29450 req-888ac2a4-ca01-4aa7-b68a-ba3e81df9b5b 5cdf1d1755ae45feaca7447de9444a3e f15b0fdce11d43d9a6343e531b54a787 - - default default] 10.0.0.115 "GET /v2.0/ports?device_id=e8e2f6c3-d388-46b2-8647-dd2acf1bc3f6 HTTP/1.1" status: 200 len: 210 time: 0.0233054
2026-06-15 21:09:22.886 9 INFO neutron.db.ovn_revision_numbers_db [None req-34c418cf-f6fd-44e9-975b-84a7c24630f4 e3bab841d9b94d6c86741f8026bdc650 73c02e7c7ecf438d84b3184946a58731 - - default default] Successfully bumped revision number for resource d9db4c73-5c81-4e37-9f81-de4a45bf3f1c (type: security_groups) to 1
2026-06-15 21:09:22.904 9 INFO neutron.db.ovn_revision_numbers_db [None req-34c418cf-f6fd-44e9-975b-84a7c24630f4 e3bab841d9b94d6c86741f8026bdc650 73c02e7c7ecf438d84b3184946a58731 - - default default] Successfully bumped revision number for resource 5a4cd4a8-4b34-44ad-80d8-5a88a942a708 (type: security_group_rules) to 0
2026-06-15 21:09:22.920 9 INFO neutron.db.ovn_revision_numbers_db [None req-34c418cf-f6fd-44e9-975b-84a7c24630f4 e3bab841d9b94d6c86741f8026bdc650 73c02e7c7ecf438d84b3184946a58731 - - default default] Successfully bumped revision number for resource aefbe586-8665-4133-b66d-60883d01f2f7 (type: security_group_rules) to 0
2026-06-15 21:09:22.934 9 INFO neutron.db.ovn_revision_numbers_db [None req-34c418cf-f6fd-44e9-975b-84a7c24630f4 e3bab841d9b94d6c86741f8026bdc650 73c02e7c7ecf438d84b3184946a58731 - - default default] Successfully bumped revision number for resource af05e23b-fe65-4812-ad53-9568c04bf8c0 (type: security_group_rules) to 0
2026-06-15 21:09:22.937 10 WARNING neutron.scheduler.dhcp_agent_scheduler [None req-b547585e-21a5-4bce-a379-0a159d8208cc cbf2e0b5f5df46fb8122f5767092290f f517f6412a894bd09e70478999a573a3 - - default default] No more DHCP agents
2026-06-15 21:09:22.940 10 WARNING neutron.api.rpc.agentnotifiers.dhcp_rpc_agent_api [None req-b547585e-21a5-4bce-a379-0a159d8208cc cbf2e0b5f5df46fb8122f5767092290f f517f6412a894bd09e70478999a573a3 - - default default] Unable to schedule network d2e6db9e-09cf-485f-82d6-4c0fe7a308b4: no agents available; will retry on subsequent port and subnet creation events.
2026-06-15 21:09:22.945 10 INFO neutron.wsgi [req-530fc9d0-79ec-4837-8bb9-3d1d176bbbdc req-7ed3989f-d671-4746-a47b-f6f4fe2135c8 5cdf1d1755ae45feaca7447de9444a3e f15b0fdce11d43d9a6343e531b54a787 - - default default] 199.204.45.138 "GET /v2.0/networks?id=2dd9b42c-cad6-4e87-b77e-0701a47fecae HTTP/1.1" status: 200 len: 859 time: 0.0984993
2026-06-15 21:09:22.951 9 INFO neutron.db.ovn_revision_numbers_db [None req-34c418cf-f6fd-44e9-975b-84a7c24630f4 e3bab841d9b94d6c86741f8026bdc650 73c02e7c7ecf438d84b3184946a58731 - - default default] Successfully bumped revision number for resource bb94e0df-d285-4ea3-8711-15c8585b3935 (type: security_group_rules) to 0
2026-06-15 21:09:23.011 9 INFO neutron.db.segments_db [None req-34c418cf-f6fd-44e9-975b-84a7c24630f4 e3bab841d9b94d6c86741f8026bdc650 73c02e7c7ecf438d84b3184946a58731 - - default default] Added segment 2dfb993a-cd47-4f7a-a2b5-ec2b67b68035 of type geneve for network 0f008aef-cd09-4c47-88eb-4c4da8a11c18
2026-06-15 21:09:23.015 9 INFO neutron.wsgi [None req-2b32c846-e521-40b2-8f65-b01d47a0d115 08ba737c21d84e53a547c562745ab03f b0507a2222dd4d03a8206278ebd0359d - - default default] 10.0.0.173 "DELETE /v2.0/security-groups/40011d7c-e2a7-41f1-9f36-6de8b2a2c56c HTTP/1.1" status: 204 len: 168 time: 0.2595317
2026-06-15 21:09:23.043 10 INFO neutron.wsgi [req-530fc9d0-79ec-4837-8bb9-3d1d176bbbdc req-4424f0bc-b6c6-4674-93ba-6841cb24dbca 5cdf1d1755ae45feaca7447de9444a3e f15b0fdce11d43d9a6343e531b54a787 - - default default] 199.204.45.138 "GET /v2.0/security-groups?fields=id&fields=name&tenant_id=f15b0fdce11d43d9a6343e531b54a787 HTTP/1.1" status: 200 len: 472 time: 0.0842369
2026-06-15 21:09:23.056 10 WARNING neutron_lib.context [req-530fc9d0-79ec-4837-8bb9-3d1d176bbbdc req-125e000d-0b47-4d32-aeb8-4f1928641d42 5cdf1d1755ae45feaca7447de9444a3e f15b0fdce11d43d9a6343e531b54a787 - - default default] Method 'is_advsvc' is deprecated since 2023.2 release (neutron-lib 3.8.0) and will be removed once support for the old RBAC API policies will be removed from Neutron. Please use method 'is_service_role' instead.
2026-06-15 21:09:23.074 10 INFO neutron.db.ovn_revision_numbers_db [None req-b547585e-21a5-4bce-a379-0a159d8208cc cbf2e0b5f5df46fb8122f5767092290f f517f6412a894bd09e70478999a573a3 - - default default] Successfully bumped revision number for resource d56b0c3a-b278-4410-b78a-2cb11e635475 (type: ports) to 1
2026-06-15 21:09:23.118 10 INFO neutron.wsgi [None req-b547585e-21a5-4bce-a379-0a159d8208cc cbf2e0b5f5df46fb8122f5767092290f f517f6412a894bd09e70478999a573a3 - - default default] 10.0.0.173 "POST /v2.0/networks HTTP/1.1" status: 201 len: 830 time: 0.6563604
2026-06-15 21:09:23.129 9 WARNING neutron_lib.context [None req-196acf9d-b709-48b8-a5fa-c28197099239 cbf2e0b5f5df46fb8122f5767092290f f517f6412a894bd09e70478999a573a3 - - default default] Method 'is_advsvc' is deprecated since 2023.2 release (neutron-lib 3.8.0) and will be removed once support for the old RBAC API policies will be removed from Neutron. Please use method 'is_service_role' instead.
2026-06-15 21:09:23.185 9 INFO neutron.db.ovn_revision_numbers_db [None req-34c418cf-f6fd-44e9-975b-84a7c24630f4 e3bab841d9b94d6c86741f8026bdc650 73c02e7c7ecf438d84b3184946a58731 - - default default] Successfully bumped revision number for resource 0f008aef-cd09-4c47-88eb-4c4da8a11c18 (type: networks) to 1
2026-06-15 21:09:23.355 10 INFO neutron.db.ovn_revision_numbers_db [None req-34308e65-2074-4fea-a04d-187dcc489da7 08ba737c21d84e53a547c562745ab03f b0507a2222dd4d03a8206278ebd0359d - - default default] Successfully bumped revision number for resource 013145d2-1963-423f-92bd-72f13166b2e6 (type: security_groups) to 1
2026-06-15 21:09:23.386 10 INFO neutron.db.ovn_revision_numbers_db [None req-34308e65-2074-4fea-a04d-187dcc489da7 08ba737c21d84e53a547c562745ab03f b0507a2222dd4d03a8206278ebd0359d - - default default] Successfully bumped revision number for resource 715e0d8a-f54d-48cb-bb4e-52b0d013cdf2 (type: security_group_rules) to 0
2026-06-15 21:09:23.410 10 INFO neutron.db.ovn_revision_numbers_db [None req-34308e65-2074-4fea-a04d-187dcc489da7 08ba737c21d84e53a547c562745ab03f b0507a2222dd4d03a8206278ebd0359d - - default default] Successfully bumped revision number for resource 880ec042-bf14-4cf4-8696-3e163b96821e (type: security_group_rules) to 0
2026-06-15 21:09:23.431 10 INFO neutron.db.ovn_revision_numbers_db [None req-34308e65-2074-4fea-a04d-187dcc489da7 08ba737c21d84e53a547c562745ab03f b0507a2222dd4d03a8206278ebd0359d - - default default] Successfully bumped revision number for resource f025eb0c-a310-4af2-a010-0c00a72a4c50 (type: security_group_rules) to 0
2026-06-15 21:09:23.446 10 WARNING neutron.scheduler.dhcp_agent_scheduler [req-530fc9d0-79ec-4837-8bb9-3d1d176bbbdc req-125e000d-0b47-4d32-aeb8-4f1928641d42 5cdf1d1755ae45feaca7447de9444a3e f15b0fdce11d43d9a6343e531b54a787 - - default default] No more DHCP agents
2026-06-15 21:09:23.448 10 WARNING neutron.api.rpc.agentnotifiers.dhcp_rpc_agent_api [req-530fc9d0-79ec-4837-8bb9-3d1d176bbbdc req-125e000d-0b47-4d32-aeb8-4f1928641d42 5cdf1d1755ae45feaca7447de9444a3e f15b0fdce11d43d9a6343e531b54a787 - - default default] Unable to schedule network 2dd9b42c-cad6-4e87-b77e-0701a47fecae: no agents available; will retry on subsequent port and subnet creation events.
2026-06-15 21:09:23.451 10 INFO neutron.db.ovn_revision_numbers_db [None req-34308e65-2074-4fea-a04d-187dcc489da7 08ba737c21d84e53a547c562745ab03f b0507a2222dd4d03a8206278ebd0359d - - default default] Successfully bumped revision number for resource f8361b35-393a-47f0-b5cf-680dd0b9110e (type: security_group_rules) to 0
2026-06-15 21:09:23.480 9 WARNING neutron.scheduler.dhcp_agent_scheduler [None req-34c418cf-f6fd-44e9-975b-84a7c24630f4 e3bab841d9b94d6c86741f8026bdc650 73c02e7c7ecf438d84b3184946a58731 - - default default] No more DHCP agents
2026-06-15 21:09:23.485 9 WARNING neutron.api.rpc.agentnotifiers.dhcp_rpc_agent_api [None req-34c418cf-f6fd-44e9-975b-84a7c24630f4 e3bab841d9b94d6c86741f8026bdc650 73c02e7c7ecf438d84b3184946a58731 - - default default] Unable to schedule network 0f008aef-cd09-4c47-88eb-4c4da8a11c18: no agents available; will retry on subsequent port and subnet creation events.
2026-06-15 21:09:23.489 10 INFO neutron.wsgi [None req-34308e65-2074-4fea-a04d-187dcc489da7 08ba737c21d84e53a547c562745ab03f b0507a2222dd4d03a8206278ebd0359d - - default default] 10.0.0.173 "GET /v2.0/security-groups?tenant_id=fa5b9126e91d4bac8faa30bd60c8f674&name=default HTTP/1.1" status: 200 len: 2996 time: 0.3214393 /var/lib/openstack/lib/python3.10/site-packages/pycadf/identifier.py:71: UserWarning: Invalid uuid: neutron. To ensure interoperability, identifiers should be a valid uuid. warnings.warn(('Invalid uuid: %s. To ensure interoperability, '
2026-06-15 21:09:23.520 9 WARNING neutron.scheduler.dhcp_agent_scheduler [None req-196acf9d-b709-48b8-a5fa-c28197099239 cbf2e0b5f5df46fb8122f5767092290f f517f6412a894bd09e70478999a573a3 - - default default] No more DHCP agents
2026-06-15 21:09:23.526 9 WARNING neutron.api.rpc.agentnotifiers.dhcp_rpc_agent_api [None req-196acf9d-b709-48b8-a5fa-c28197099239 cbf2e0b5f5df46fb8122f5767092290f f517f6412a894bd09e70478999a573a3 - - default default] Unable to schedule network d2e6db9e-09cf-485f-82d6-4c0fe7a308b4: no agents available; will retry on subsequent port and subnet creation events.
2026-06-15 21:09:23.848 10 INFO neutron.db.ovn_revision_numbers_db [req-530fc9d0-79ec-4837-8bb9-3d1d176bbbdc req-125e000d-0b47-4d32-aeb8-4f1928641d42 5cdf1d1755ae45feaca7447de9444a3e f15b0fdce11d43d9a6343e531b54a787 - - default default] Successfully bumped revision number for resource db867e38-a12e-4786-a4db-fc53a73669c1 (type: ports) to 1
2026-06-15 21:09:23.871 10 INFO neutron.wsgi [req-530fc9d0-79ec-4837-8bb9-3d1d176bbbdc req-125e000d-0b47-4d32-aeb8-4f1928641d42 5cdf1d1755ae45feaca7447de9444a3e f15b0fdce11d43d9a6343e531b54a787 - - default default] 199.204.45.138 "POST /v2.0/ports HTTP/1.1" status: 201 len: 1158 time: 0.8218358 /var/lib/openstack/lib/python3.10/site-packages/pycadf/identifier.py:71: UserWarning: Invalid uuid: neutron. To ensure interoperability, identifiers should be a valid uuid. warnings.warn(('Invalid uuid: %s. To ensure interoperability, '
2026-06-15 21:09:23.906 9 INFO neutron.db.ovn_revision_numbers_db [None req-34c418cf-f6fd-44e9-975b-84a7c24630f4 e3bab841d9b94d6c86741f8026bdc650 73c02e7c7ecf438d84b3184946a58731 - - default default] Successfully bumped revision number for resource dc094c23-17b9-4b8b-b5e4-3b58f19b5702 (type: ports) to 1 /var/lib/openstack/lib/python3.10/site-packages/pycadf/identifier.py:71: UserWarning: Invalid uuid: neutron. To ensure interoperability, identifiers should be a valid uuid. warnings.warn(('Invalid uuid: %s. To ensure interoperability, '
2026-06-15 21:09:23.938 9 INFO neutron.db.ovn_revision_numbers_db [None req-196acf9d-b709-48b8-a5fa-c28197099239 cbf2e0b5f5df46fb8122f5767092290f f517f6412a894bd09e70478999a573a3 - - default default] Successfully bumped revision number for resource b1ff6771-13f9-43c6-a671-87a9a86e284c (type: ports) to 1
2026-06-15 21:09:23.953 9 INFO neutron.wsgi [None req-34c418cf-f6fd-44e9-975b-84a7c24630f4 e3bab841d9b94d6c86741f8026bdc650 73c02e7c7ecf438d84b3184946a58731 - - default default] 10.0.0.173 "POST /v2.0/networks HTTP/1.1" status: 201 len: 830 time: 1.3636885
2026-06-15 21:09:23.964 10 WARNING neutron_lib.context [None req-85523c2e-a847-4c8f-8b42-e57baf095fbc e3bab841d9b94d6c86741f8026bdc650 73c02e7c7ecf438d84b3184946a58731 - - default default] Method 'is_advsvc' is deprecated since 2023.2 release (neutron-lib 3.8.0) and will be removed once support for the old RBAC API policies will be removed from Neutron. Please use method 'is_service_role' instead.
2026-06-15 21:09:23.976 9 INFO neutron.wsgi [req-7b056844-047e-4184-9e39-023e348b0743 req-87ed0d80-de8e-4e1f-b8e0-f93f5669210b 5cdf1d1755ae45feaca7447de9444a3e f15b0fdce11d43d9a6343e531b54a787 - - default default] 10.0.0.115 "GET /v2.0/ports?device_id=e8e2f6c3-d388-46b2-8647-dd2acf1bc3f6 HTTP/1.1" status: 200 len: 1156 time: 0.0518980
2026-06-15 21:09:23.996 9 INFO neutron.wsgi [None req-196acf9d-b709-48b8-a5fa-c28197099239 cbf2e0b5f5df46fb8122f5767092290f f517f6412a894bd09e70478999a573a3 - - default default] 10.0.0.173 "POST /v2.0/ports HTTP/1.1" status: 201 len: 942 time: 0.8716621
2026-06-15 21:09:24.019 9 WARNING neutron_lib.context [None req-427e6bb9-d28b-4020-b406-5ea8bf2fedcd cbf2e0b5f5df46fb8122f5767092290f f517f6412a894bd09e70478999a573a3 - - default default] Method 'is_advsvc' is deprecated since 2023.2 release (neutron-lib 3.8.0) and will be removed once support for the old RBAC API policies will be removed from Neutron. Please use method 'is_service_role' instead.
2026-06-15 21:09:24.070 9 INFO neutron.wsgi [req-7b056844-047e-4184-9e39-023e348b0743 req-12a187a2-5565-4bb2-a538-68d14dc1b1ce 5cdf1d1755ae45feaca7447de9444a3e f15b0fdce11d43d9a6343e531b54a787 - - default default] 10.0.0.115 "GET /v2.0/security-groups?id=e0846663-1daf-4ab1-b481-81cf32dd4ce6&fields=id&fields=name HTTP/1.1" status: 200 len: 313 time: 0.0861735
2026-06-15 21:09:24.204 9 INFO neutron.wsgi [None req-403652ef-6381-45c7-b75e-3cdb096c368e 08ba737c21d84e53a547c562745ab03f b0507a2222dd4d03a8206278ebd0359d - - default default] 10.0.0.173 "DELETE /v2.0/security-groups/013145d2-1963-423f-92bd-72f13166b2e6 HTTP/1.1" status: 204 len: 168 time: 0.6983414
2026-06-15 21:09:24.352 9 INFO neutron.wsgi [None req-427e6bb9-d28b-4020-b406-5ea8bf2fedcd cbf2e0b5f5df46fb8122f5767092290f f517f6412a894bd09e70478999a573a3 - - default default] 10.0.0.173 "POST /v2.0/trunks HTTP/1.1" status: 201 len: 608 time: 0.3409939
2026-06-15 21:09:24.364 9 WARNING neutron_lib.context [None req-af030542-5954-4dae-ad16-17a3f0cf99e0 cbf2e0b5f5df46fb8122f5767092290f f517f6412a894bd09e70478999a573a3 - - default default] Method 'is_advsvc' is deprecated since 2023.2 release (neutron-lib 3.8.0) and will be removed once support for the old RBAC API policies will be removed from Neutron. Please use method 'is_service_role' instead.
2026-06-15 21:09:24.415 10 WARNING neutron.scheduler.dhcp_agent_scheduler [None req-85523c2e-a847-4c8f-8b42-e57baf095fbc e3bab841d9b94d6c86741f8026bdc650 73c02e7c7ecf438d84b3184946a58731 - - default default] No more DHCP agents
2026-06-15 21:09:24.420 10 WARNING neutron.api.rpc.agentnotifiers.dhcp_rpc_agent_api [None req-85523c2e-a847-4c8f-8b42-e57baf095fbc e3bab841d9b94d6c86741f8026bdc650 73c02e7c7ecf438d84b3184946a58731 - - default default] Unable to schedule network 0f008aef-cd09-4c47-88eb-4c4da8a11c18: no agents available; will retry on subsequent port and subnet creation events.
2026-06-15 21:09:24.452 9 INFO neutron.db.segments_db [None req-af030542-5954-4dae-ad16-17a3f0cf99e0 cbf2e0b5f5df46fb8122f5767092290f f517f6412a894bd09e70478999a573a3 - - default default] Added segment 52aced3b-feb2-44e7-afef-8fd30b6c79fa of type geneve for network cf5638f0-8223-4dcd-a897-a52409f341ff
2026-06-15 21:09:24.542 10 INFO neutron.db.ovn_revision_numbers_db [None req-85523c2e-a847-4c8f-8b42-e57baf095fbc e3bab841d9b94d6c86741f8026bdc650 73c02e7c7ecf438d84b3184946a58731 - - default default] Successfully bumped revision number for resource a6e26017-42b6-4ef0-b24b-29cc11b3ba6f (type: ports) to 1
2026-06-15 21:09:24.561 10 INFO neutron.db.ovn_revision_numbers_db [req-530fc9d0-79ec-4837-8bb9-3d1d176bbbdc req-dad0c0ca-9fee-4b30-9f6d-94aca20adea3 f295b0e2fa4742f79edf8028d7cca781 dd8b079234fb488db03e6de01e8e0df3 - - 8792d6fbeb0d44a2b80411231089ccdb 8792d6fbeb0d44a2b80411231089ccdb] Successfully bumped revision number for resource db867e38-a12e-4786-a4db-fc53a73669c1 (type: ports) to 2
2026-06-15 21:09:24.567 10 INFO neutron.wsgi [None req-85523c2e-a847-4c8f-8b42-e57baf095fbc e3bab841d9b94d6c86741f8026bdc650 73c02e7c7ecf438d84b3184946a58731 - - default default] 10.0.0.173 "POST /v2.0/ports HTTP/1.1" status: 201 len: 942 time: 0.6074975 /var/lib/openstack/lib/python3.10/site-packages/pycadf/identifier.py:71: UserWarning: Invalid uuid: neutron. To ensure interoperability, identifiers should be a valid uuid. warnings.warn(('Invalid uuid: %s. To ensure interoperability, '
2026-06-15 21:09:24.578 10 WARNING neutron_lib.context [None req-b8ab6398-a6f3-4fae-904b-7b4dea73d48c e3bab841d9b94d6c86741f8026bdc650 73c02e7c7ecf438d84b3184946a58731 - - default default] Method 'is_advsvc' is deprecated since 2023.2 release (neutron-lib 3.8.0) and will be removed once support for the old RBAC API policies will be removed from Neutron. Please use method 'is_service_role' instead.
2026-06-15 21:09:24.601 9 INFO neutron.db.ovn_revision_numbers_db [None req-af030542-5954-4dae-ad16-17a3f0cf99e0 cbf2e0b5f5df46fb8122f5767092290f f517f6412a894bd09e70478999a573a3 - - default default] Successfully bumped revision number for resource cf5638f0-8223-4dcd-a897-a52409f341ff (type: networks) to 1
2026-06-15 21:09:24.808 9 WARNING neutron.scheduler.dhcp_agent_scheduler [None req-af030542-5954-4dae-ad16-17a3f0cf99e0 cbf2e0b5f5df46fb8122f5767092290f f517f6412a894bd09e70478999a573a3 - - default default] No more DHCP agents
2026-06-15 21:09:24.812 9 WARNING neutron.api.rpc.agentnotifiers.dhcp_rpc_agent_api [None req-af030542-5954-4dae-ad16-17a3f0cf99e0 cbf2e0b5f5df46fb8122f5767092290f f517f6412a894bd09e70478999a573a3 - - default default] Unable to schedule network cf5638f0-8223-4dcd-a897-a52409f341ff: no agents available; will retry on subsequent port and subnet creation events.
2026-06-15 21:09:24.826 10 INFO neutron.db.ovn_revision_numbers_db [req-530fc9d0-79ec-4837-8bb9-3d1d176bbbdc req-dad0c0ca-9fee-4b30-9f6d-94aca20adea3 f295b0e2fa4742f79edf8028d7cca781 dd8b079234fb488db03e6de01e8e0df3 - - 8792d6fbeb0d44a2b80411231089ccdb 8792d6fbeb0d44a2b80411231089ccdb] Successfully bumped revision number for resource db867e38-a12e-4786-a4db-fc53a73669c1 (type: ports) to 2
2026-06-15 21:09:24.839 10 INFO neutron.wsgi [None req-b8ab6398-a6f3-4fae-904b-7b4dea73d48c e3bab841d9b94d6c86741f8026bdc650 73c02e7c7ecf438d84b3184946a58731 - - default default] 10.0.0.173 "POST /v2.0/trunks HTTP/1.1" status: 201 len: 608 time: 0.2655735
2026-06-15 21:09:24.844 10 INFO neutron.wsgi [req-530fc9d0-79ec-4837-8bb9-3d1d176bbbdc req-dad0c0ca-9fee-4b30-9f6d-94aca20adea3 f295b0e2fa4742f79edf8028d7cca781 dd8b079234fb488db03e6de01e8e0df3 - - 8792d6fbeb0d44a2b80411231089ccdb 8792d6fbeb0d44a2b80411231089ccdb] 199.204.45.138 "PUT /v2.0/ports/db867e38-a12e-4786-a4db-fc53a73669c1 HTTP/1.1" status: 200 len: 1376 time: 0.9640777 /var/lib/openstack/lib/python3.10/site-packages/pycadf/identifier.py:71: UserWarning: Invalid uuid: neutron. To ensure interoperability, identifiers should be a valid uuid. warnings.warn(('Invalid uuid: %s. To ensure interoperability, '
2026-06-15 21:09:24.884 10 INFO neutron.wsgi [None req-f862c656-6492-40d9-bf33-00757057fa94 e3bab841d9b94d6c86741f8026bdc650 73c02e7c7ecf438d84b3184946a58731 - - default default] 10.0.0.173 "PUT /v2.0/trunks/ea846322-bf0c-461c-81a7-706a7ca8a31e/tags HTTP/1.1" status: 200 len: 218 time: 0.0339828
2026-06-15 21:09:24.887 10 INFO neutron.notifiers.nova [-] Nova event matching ['req-cf52ec09-31aa-4c8b-8097-d978a7211a3c'] response: {'name': 'network-changed', 'server_uuid': 'e8e2f6c3-d388-46b2-8647-dd2acf1bc3f6', 'tag': 'db867e38-a12e-4786-a4db-fc53a73669c1', 'status': 'completed', 'code': 200}
2026-06-15 21:09:24.904 9 INFO neutron.db.ovn_revision_numbers_db [None req-af030542-5954-4dae-ad16-17a3f0cf99e0 cbf2e0b5f5df46fb8122f5767092290f f517f6412a894bd09e70478999a573a3 - - default default] Successfully bumped revision number for resource d3dd483b-474d-4842-8be1-7d12c6b2b8b4 (type: ports) to 1
2026-06-15 21:09:24.914 9 INFO neutron.wsgi [None req-1253655b-15cd-41b8-b1a5-c6f488338b58 e3bab841d9b94d6c86741f8026bdc650 73c02e7c7ecf438d84b3184946a58731 - - default default] 10.0.0.173 "GET /v2.0/trunks/ea846322-bf0c-461c-81a7-706a7ca8a31e/tags HTTP/1.1" status: 200 len: 218 time: 0.0245004
2026-06-15 21:09:24.957 9 INFO neutron.wsgi [None req-af030542-5954-4dae-ad16-17a3f0cf99e0 cbf2e0b5f5df46fb8122f5767092290f f517f6412a894bd09e70478999a573a3 - - default default] 10.0.0.173 "POST /v2.0/networks HTTP/1.1" status: 201 len: 831 time: 0.5989425
2026-06-15 21:09:24.964 10 INFO neutron.wsgi [req-530fc9d0-79ec-4837-8bb9-3d1d176bbbdc req-56e07e08-c6a6-4b1c-a161-654a9c80fb4e f295b0e2fa4742f79edf8028d7cca781 dd8b079234fb488db03e6de01e8e0df3 - - 8792d6fbeb0d44a2b80411231089ccdb 8792d6fbeb0d44a2b80411231089ccdb] 199.204.45.138 "GET /v2.0/ports?tenant_id=f15b0fdce11d43d9a6343e531b54a787&device_id=e8e2f6c3-d388-46b2-8647-dd2acf1bc3f6 HTTP/1.1" status: 200 len: 1407 time: 0.0792439
2026-06-15 21:09:24.966 9 WARNING neutron_lib.context [None req-2e392ccf-2659-4e5f-bfbb-c40f252df798 cbf2e0b5f5df46fb8122f5767092290f f517f6412a894bd09e70478999a573a3 - - default default] Method 'is_advsvc' is deprecated since 2023.2 release (neutron-lib 3.8.0) and will be removed once support for the old RBAC API policies will be removed from Neutron. Please use method 'is_service_role' instead.
2026-06-15 21:09:24.999 10 INFO neutron.wsgi [req-530fc9d0-79ec-4837-8bb9-3d1d176bbbdc req-1b15971f-d935-45f3-b842-0a4ce7d59312 f295b0e2fa4742f79edf8028d7cca781 dd8b079234fb488db03e6de01e8e0df3 - - 8792d6fbeb0d44a2b80411231089ccdb 8792d6fbeb0d44a2b80411231089ccdb] 199.204.45.138 "GET /v2.0/floatingips?fixed_ip_address=10.100.0.6&port_id=db867e38-a12e-4786-a4db-fc53a73669c1 HTTP/1.1" status: 200 len: 217 time: 0.0285287
2026-06-15 21:09:25.002 10 INFO neutron.wsgi [None req-b8699b24-22c0-4665-9aaa-c07b45f4fcb8 e3bab841d9b94d6c86741f8026bdc650 73c02e7c7ecf438d84b3184946a58731 - - default default] 10.0.0.173 "PUT /v2.0/trunks/ea846322-bf0c-461c-81a7-706a7ca8a31e/tags/green HTTP/1.1" status: 201 len: 201 time: 0.0828962
2026-06-15 21:09:25.028 9 INFO neutron.wsgi [None req-db7254fc-2fa0-48ca-ae1f-9ca114682c2e e3bab841d9b94d6c86741f8026bdc650 73c02e7c7ecf438d84b3184946a58731 - - default default] 10.0.0.173 "GET /v2.0/trunks/ea846322-bf0c-461c-81a7-706a7ca8a31e/tags HTTP/1.1" status: 200 len: 227 time: 0.0203500
2026-06-15 21:09:25.039 10 INFO neutron.wsgi [req-530fc9d0-79ec-4837-8bb9-3d1d176bbbdc req-747ddcca-ef86-4c57-a0d2-6846ce4eadb0 f295b0e2fa4742f79edf8028d7cca781 dd8b079234fb488db03e6de01e8e0df3 - - 8792d6fbeb0d44a2b80411231089ccdb 8792d6fbeb0d44a2b80411231089ccdb] 199.204.45.138 "GET /v2.0/subnets?id=30638436-3cbf-4b2c-98f6-bcd466533acc HTTP/1.1" status: 200 len: 853 time: 0.0327773
2026-06-15 21:09:25.056 9 INFO neutron.wsgi [None req-a53f09c0-4850-411d-aae8-27ab34da5c36 e3bab841d9b94d6c86741f8026bdc650 73c02e7c7ecf438d84b3184946a58731 - - default default] 10.0.0.173 "PUT /v2.0/trunks/ea846322-bf0c-461c-81a7-706a7ca8a31e/tags/red HTTP/1.1" status: 201 len: 201 time: 0.0232041
2026-06-15 21:09:25.066 10 INFO neutron.wsgi [req-530fc9d0-79ec-4837-8bb9-3d1d176bbbdc req-8bdf7cb6-bcc0-45c5-828d-ad6f07e370b0 f295b0e2fa4742f79edf8028d7cca781 dd8b079234fb488db03e6de01e8e0df3 - - 8792d6fbeb0d44a2b80411231089ccdb 8792d6fbeb0d44a2b80411231089ccdb] 199.204.45.138 "GET /v2.0/ports?network_id=2dd9b42c-cad6-4e87-b77e-0701a47fecae&device_owner=network%3Adhcp HTTP/1.1" status: 200 len: 210 time: 0.0189173
2026-06-15 21:09:25.126 10 INFO neutron.wsgi [None req-323321ad-ed22-4c79-8691-d1d17478f32d e3bab841d9b94d6c86741f8026bdc650 73c02e7c7ecf438d84b3184946a58731 - - default default] 10.0.0.173 "GET /v2.0/trunks/ea846322-bf0c-461c-81a7-706a7ca8a31e/tags HTTP/1.1" status: 200 len: 227 time: 0.0539992
2026-06-15 21:09:25.176 10 INFO neutron.wsgi [req-530fc9d0-79ec-4837-8bb9-3d1d176bbbdc req-9be287e4-d030-41eb-a10a-ddb1e6d2d6ee f295b0e2fa4742f79edf8028d7cca781 dd8b079234fb488db03e6de01e8e0df3 - - 8792d6fbeb0d44a2b80411231089ccdb 8792d6fbeb0d44a2b80411231089ccdb] 199.204.45.138 "GET /v2.0/networks/2dd9b42c-cad6-4e87-b77e-0701a47fecae?fields=segments HTTP/1.1" status: 200 len: 212 time: 0.0979221
2026-06-15 21:09:25.183 9 INFO neutron.wsgi [req-7bda6e37-2891-4022-83d5-2bcba5632947 req-4ec0eaba-4bf2-4649-ac61-1b35f5cefdf0 5cdf1d1755ae45feaca7447de9444a3e f15b0fdce11d43d9a6343e531b54a787 - - default default] 10.0.0.115 "GET /v2.0/ports?device_id=e8e2f6c3-d388-46b2-8647-dd2acf1bc3f6 HTTP/1.1" status: 200 len: 1168 time: 0.0468788
2026-06-15 21:09:25.196 10 INFO neutron.wsgi [None req-d60ff0d2-0868-4623-b71f-bc063d05230b e3bab841d9b94d6c86741f8026bdc650 73c02e7c7ecf438d84b3184946a58731 - - default default] 10.0.0.173 "PUT /v2.0/trunks/ea846322-bf0c-461c-81a7-706a7ca8a31e/tags/black.or.white HTTP/1.1" status: 201 len: 201 time: 0.0640430
2026-06-15 21:09:25.235 9 INFO neutron.wsgi [req-7bda6e37-2891-4022-83d5-2bcba5632947 req-c4eab47b-e43c-4dd7-9aeb-cf2931f8444b 5cdf1d1755ae45feaca7447de9444a3e f15b0fdce11d43d9a6343e531b54a787 - - default default] 10.0.0.115 "GET /v2.0/security-groups?id=e0846663-1daf-4ab1-b481-81cf32dd4ce6&fields=id&fields=name HTTP/1.1" status: 200 len: 313 time: 0.0449939
2026-06-15 21:09:25.239 10 INFO neutron.wsgi [None req-3a24ee9d-d3f3-43ee-ba2b-dd869009d504 e3bab841d9b94d6c86741f8026bdc650 73c02e7c7ecf438d84b3184946a58731 - - default default] 10.0.0.173 "GET /v2.0/trunks/ea846322-bf0c-461c-81a7-706a7ca8a31e/tags HTTP/1.1" status: 200 len: 245 time: 0.0336497
2026-06-15 21:09:25.262 9 WARNING neutron.scheduler.dhcp_agent_scheduler [None req-2e392ccf-2659-4e5f-bfbb-c40f252df798 cbf2e0b5f5df46fb8122f5767092290f f517f6412a894bd09e70478999a573a3 - - default default] No more DHCP agents
2026-06-15 21:09:25.265 9 WARNING neutron.api.rpc.agentnotifiers.dhcp_rpc_agent_api [None req-2e392ccf-2659-4e5f-bfbb-c40f252df798 cbf2e0b5f5df46fb8122f5767092290f f517f6412a894bd09e70478999a573a3 - - default default] Unable to schedule network cf5638f0-8223-4dcd-a897-a52409f341ff: no agents available; will retry on subsequent port and subnet creation events.
2026-06-15 21:09:25.277 10 INFO neutron.wsgi [req-530fc9d0-79ec-4837-8bb9-3d1d176bbbdc req-7513e440-b35d-49af-8954-1c9f3fab8be9 f295b0e2fa4742f79edf8028d7cca781 dd8b079234fb488db03e6de01e8e0df3 - - 8792d6fbeb0d44a2b80411231089ccdb 8792d6fbeb0d44a2b80411231089ccdb] 199.204.45.138 "GET /v2.0/networks/2dd9b42c-cad6-4e87-b77e-0701a47fecae?fields=provider%3Aphysical_network&fields=provider%3Anetwork_type HTTP/1.1" status: 200 len: 277 time: 0.0930059
2026-06-15 21:09:25.299 10 INFO neutron.wsgi [None req-11f7e629-eb7d-4c5e-8599-fefda15fd73f e3bab841d9b94d6c86741f8026bdc650 73c02e7c7ecf438d84b3184946a58731 - - default default] 10.0.0.173 "PUT /v2.0/trunks/ea846322-bf0c-461c-81a7-706a7ca8a31e/tags HTTP/1.1" status: 200 len: 230 time: 0.0562143
2026-06-15 21:09:25.322 10 INFO neutron.wsgi [None req-4d37b7f6-1b1a-4645-9b1a-1179be014e43 e3bab841d9b94d6c86741f8026bdc650 73c02e7c7ecf438d84b3184946a58731 - - default default] 10.0.0.173 "GET /v2.0/trunks/ea846322-bf0c-461c-81a7-706a7ca8a31e/tags HTTP/1.1" status: 200 len: 230 time: 0.0168223 /var/lib/openstack/lib/python3.10/site-packages/pycadf/identifier.py:71: UserWarning: Invalid uuid: neutron. To ensure interoperability, identifiers should be a valid uuid. warnings.warn(('Invalid uuid: %s. To ensure interoperability, '
2026-06-15 21:09:25.358 9 INFO neutron.wsgi [None req-30fbb7e7-9db7-4864-b7d4-3204fb55ade9 e3bab841d9b94d6c86741f8026bdc650 73c02e7c7ecf438d84b3184946a58731 - - default default] 10.0.0.173 "GET /v2.0/trunks/ea846322-bf0c-461c-81a7-706a7ca8a31e/tags/red HTTP/1.1" status: 204 len: 168 time: 0.0265639
2026-06-15 21:09:25.366 10 INFO neutron.wsgi [req-0aca8ed9-dbb2-442b-9f50-e9bf3e72dd92 req-1a8246bb-21ef-4753-b8fa-25be2e81c05d f295b0e2fa4742f79edf8028d7cca781 dd8b079234fb488db03e6de01e8e0df3 - - 8792d6fbeb0d44a2b80411231089ccdb 8792d6fbeb0d44a2b80411231089ccdb] 199.204.45.138 "GET /v2.0/ports?tenant_id=f15b0fdce11d43d9a6343e531b54a787&device_id=e8e2f6c3-d388-46b2-8647-dd2acf1bc3f6 HTTP/1.1" status: 200 len: 1407 time: 0.0416803
2026-06-15 21:09:25.372 9 INFO neutron.db.ovn_revision_numbers_db [None req-2e392ccf-2659-4e5f-bfbb-c40f252df798 cbf2e0b5f5df46fb8122f5767092290f f517f6412a894bd09e70478999a573a3 - - default default] Successfully bumped revision number for resource 7669802a-b442-4c8a-8e06-6571f60b353a (type: ports) to 1
2026-06-15 21:09:25.397 9 INFO neutron.wsgi [None req-2e392ccf-2659-4e5f-bfbb-c40f252df798 cbf2e0b5f5df46fb8122f5767092290f f517f6412a894bd09e70478999a573a3 - - default default] 10.0.0.173 "POST /v2.0/ports HTTP/1.1" status: 201 len: 942 time: 0.4351764
2026-06-15 21:09:25.405 10 INFO neutron.api.v2.resource [None req-e2163494-66b7-433a-a869-a803ca2fdedc e3bab841d9b94d6c86741f8026bdc650 73c02e7c7ecf438d84b3184946a58731 - - default default] show failed (client error): The resource could not be found.
2026-06-15 21:09:25.406 10 INFO neutron.wsgi [None req-e2163494-66b7-433a-a869-a803ca2fdedc e3bab841d9b94d6c86741f8026bdc650 73c02e7c7ecf438d84b3184946a58731 - - default default] 10.0.0.173 "GET /v2.0/trunks/ea846322-bf0c-461c-81a7-706a7ca8a31e/tags/green HTTP/1.1" status: 404 len: 299 time: 0.0398691
2026-06-15 21:09:25.407 9 WARNING neutron_lib.context [None req-f7135105-7baf-415e-b411-b0baadad2311 cbf2e0b5f5df46fb8122f5767092290f f517f6412a894bd09e70478999a573a3 - - default default] Method 'is_advsvc' is deprecated since 2023.2 release (neutron-lib 3.8.0) and will be removed once support for the old RBAC API policies will be removed from Neutron. Please use method 'is_service_role' instead.
2026-06-15 21:09:25.454 10 INFO neutron.wsgi [req-0aca8ed9-dbb2-442b-9f50-e9bf3e72dd92 req-2d7b3098-294c-4057-b067-6560ed22035a f295b0e2fa4742f79edf8028d7cca781 dd8b079234fb488db03e6de01e8e0df3 - - 8792d6fbeb0d44a2b80411231089ccdb 8792d6fbeb0d44a2b80411231089ccdb] 199.204.45.138 "GET /v2.0/networks?id=2dd9b42c-cad6-4e87-b77e-0701a47fecae HTTP/1.1" status: 200 len: 958 time: 0.0824759
2026-06-15 21:09:25.475 10 INFO neutron.plugins.ml2.drivers.ovn.mech_driver.mech_driver [None req-3afca453-c60e-41f0-8287-6cf6a5717111 - - - - - -] OVN reports status up for port: db867e38-a12e-4786-a4db-fc53a73669c1
2026-06-15 21:09:25.478 10 INFO neutron.wsgi [None req-184f8881-c7c7-4bb9-a385-901f59a58582 e3bab841d9b94d6c86741f8026bdc650 73c02e7c7ecf438d84b3184946a58731 - - default default] 10.0.0.173 "DELETE /v2.0/trunks/ea846322-bf0c-461c-81a7-706a7ca8a31e/tags/red HTTP/1.1" status: 204 len: 168 time: 0.0675979
2026-06-15 21:09:25.491 10 INFO neutron.wsgi [req-0aca8ed9-dbb2-442b-9f50-e9bf3e72dd92 req-c80123c2-b84c-46d5-b7c5-a30dc7a6e85f f295b0e2fa4742f79edf8028d7cca781 dd8b079234fb488db03e6de01e8e0df3 - - 8792d6fbeb0d44a2b80411231089ccdb 8792d6fbeb0d44a2b80411231089ccdb] 199.204.45.138 "GET /v2.0/floatingips?fixed_ip_address=10.100.0.6&port_id=db867e38-a12e-4786-a4db-fc53a73669c1 HTTP/1.1" status: 200 len: 217 time: 0.0301805
2026-06-15 21:09:25.516 9 INFO neutron.wsgi [None req-159a4762-ef05-481d-aa1b-73b88c9293fb e3bab841d9b94d6c86741f8026bdc650 73c02e7c7ecf438d84b3184946a58731 - - default default] 10.0.0.173 "GET /v2.0/trunks/ea846322-bf0c-461c-81a7-706a7ca8a31e/tags HTTP/1.1" status: 200 len: 223 time: 0.0293450
