2026-06-15 21:07:47.595 9 INFO neutron.wsgi [None req-ae7457ab-8e74-4fb8-bb58-441d2f7d988e f26906d6e41a430b87a5ba87e3af5130 94cf6f5e19c049a98a9de1bbcd18549f - - default default] 10.0.0.173 "GET /v2.0/ports/f631fb05-d1ac-4891-8d98-56e519310c16 HTTP/1.1" status: 200 len: 1141 time: 0.0332968
2026-06-15 21:07:47.698 10 INFO neutron.db.ovn_revision_numbers_db [None req-3afca453-c60e-41f0-8287-6cf6a5717111 - - - - - -] Successfully bumped revision number for resource f631fb05-d1ac-4891-8d98-56e519310c16 (type: router_ports) to 2
2026-06-15 21:07:47.854 10 WARNING neutron.scheduler.dhcp_agent_scheduler [None req-7b953070-99d6-429e-8ed4-e99488b92edb 2dc6358d96844483aa984ca12170a718 2eb059e3123645d4852531ed83ad9f1b - - default default] No more DHCP agents
2026-06-15 21:07:47.856 10 WARNING neutron.api.rpc.agentnotifiers.dhcp_rpc_agent_api [None req-7b953070-99d6-429e-8ed4-e99488b92edb 2dc6358d96844483aa984ca12170a718 2eb059e3123645d4852531ed83ad9f1b - - default default] Unable to schedule network efddd2f4-a564-43ff-b40c-dcd50e59a721: no agents available; will retry on subsequent port and subnet creation events.
2026-06-15 21:07:48.239 9 INFO neutron.wsgi [None req-c5f65595-068b-4735-9514-8b2e7a7c7358 f26906d6e41a430b87a5ba87e3af5130 94cf6f5e19c049a98a9de1bbcd18549f - - default default] 10.0.0.173 "PUT /v2.0/routers/8e3cd29b-4385-40ea-a571-93eaa19f0ba1/remove_router_interface HTTP/1.1" status: 200 len: 503 time: 0.6372898
2026-06-15 21:07:48.269 10 INFO neutron.wsgi [None req-fe90ff4a-6506-4590-acbe-9f826f5e72af f26906d6e41a430b87a5ba87e3af5130 94cf6f5e19c049a98a9de1bbcd18549f - - default default] 10.0.0.173 "GET /v2.0/ports?device_id=8e3cd29b-4385-40ea-a571-93eaa19f0ba1 HTTP/1.1" status: 200 len: 205 time: 0.0219491
2026-06-15 21:07:48.791 10 INFO neutron.db.ovn_revision_numbers_db [None req-7b953070-99d6-429e-8ed4-e99488b92edb 2dc6358d96844483aa984ca12170a718 2eb059e3123645d4852531ed83ad9f1b - - default default] Successfully bumped revision number for resource 2f4dc325-142e-4b19-a3e2-a72d46fa9ed2 (type: ports) to 2
2026-06-15 21:07:48.809 10 INFO neutron.wsgi [None req-d7f514b9-e827-4d29-b771-f778bd4a7419 f26906d6e41a430b87a5ba87e3af5130 94cf6f5e19c049a98a9de1bbcd18549f - - default default] 10.0.0.173 "DELETE /v2.0/routers/8e3cd29b-4385-40ea-a571-93eaa19f0ba1 HTTP/1.1" status: 204 len: 168 time: 0.5308766 /var/lib/openstack/lib/python3.10/site-packages/pycadf/identifier.py:71: UserWarning: Invalid uuid: neutron. To ensure interoperability, identifiers should be a valid uuid. warnings.warn(('Invalid uuid: %s. To ensure interoperability, '
2026-06-15 21:07:48.826 10 INFO neutron.db.ovn_revision_numbers_db [None req-7b953070-99d6-429e-8ed4-e99488b92edb 2dc6358d96844483aa984ca12170a718 2eb059e3123645d4852531ed83ad9f1b - - default default] Successfully bumped revision number for resource 608668e3-527d-4275-bacd-ad3044737fae (type: subnets) to 0
2026-06-15 21:07:48.844 10 INFO neutron.wsgi [None req-7b953070-99d6-429e-8ed4-e99488b92edb 2dc6358d96844483aa984ca12170a718 2eb059e3123645d4852531ed83ad9f1b - - default default] 10.0.0.173 "POST /v2.0/subnets HTTP/1.1" status: 201 len: 801 time: 1.3155417
2026-06-15 21:07:48.855 9 WARNING neutron_lib.context [None req-581b4441-e5bd-4169-8dc5-514ce423a2d6 2dc6358d96844483aa984ca12170a718 2eb059e3123645d4852531ed83ad9f1b - - default default] Method 'is_advsvc' is deprecated since 2023.2 release (neutron-lib 3.8.0) and will be removed once support for the old RBAC API policies will be removed from Neutron. Please use method 'is_service_role' instead.
2026-06-15 21:07:49.084 9 INFO neutron.wsgi [None req-2a9be2e0-740a-4f52-8553-5e1b346ae74d f26906d6e41a430b87a5ba87e3af5130 94cf6f5e19c049a98a9de1bbcd18549f - - default default] 10.0.0.173 "DELETE /v2.0/subnets/09abf82a-0e94-42ff-a39e-27d3a6b50b94 HTTP/1.1" status: 204 len: 168 time: 0.2668319
2026-06-15 21:07:49.179 9 WARNING neutron.scheduler.dhcp_agent_scheduler [None req-581b4441-e5bd-4169-8dc5-514ce423a2d6 2dc6358d96844483aa984ca12170a718 2eb059e3123645d4852531ed83ad9f1b - - default default] No more DHCP agents
2026-06-15 21:07:49.183 9 WARNING neutron.api.rpc.agentnotifiers.dhcp_rpc_agent_api [None req-581b4441-e5bd-4169-8dc5-514ce423a2d6 2dc6358d96844483aa984ca12170a718 2eb059e3123645d4852531ed83ad9f1b - - default default] Unable to schedule network e43e116b-3653-43e5-8e82-a2515ed839f5: no agents available; will retry on subsequent port and subnet creation events.
2026-06-15 21:07:49.645 9 INFO neutron.services.segments.plugin [-] Segment 40a7652b-13ad-46a5-9c38-e7298ef9abe5 resource provider aggregate not found
2026-06-15 21:07:49.656 10 WARNING neutron_lib.context [None req-d0102716-4f1f-4617-85cd-877f709af452 522cf864d591441bb7d3a8669237400c 4f4780e9c51c4780ada592cc036ea0fd - - default default] Method 'is_advsvc' is deprecated since 2023.2 release (neutron-lib 3.8.0) and will be removed once support for the old RBAC API policies will be removed from Neutron. Please use method 'is_service_role' instead.
2026-06-15 21:07:49.661 9 INFO neutron.services.segments.plugin [-] Segment 40a7652b-13ad-46a5-9c38-e7298ef9abe5 resource provider aggregate not found
2026-06-15 21:07:49.681 9 INFO neutron.services.segments.plugin [-] Segment 40a7652b-13ad-46a5-9c38-e7298ef9abe5 resource provider not found; error: Placement Client Error (4xx): {"errors": [{"status": 404, "title": "Not Found", "detail": "The resource could not be found.\n\n No resource provider with uuid 40a7652b-13ad-46a5-9c38-e7298ef9abe5 found for delete ", "request_id": "req-bfe97ff4-48a7-4b23-a681-47cd8aff19a0"}]}
2026-06-15 21:07:49.690 9 INFO neutron.services.segments.plugin [-] Segment 40a7652b-13ad-46a5-9c38-e7298ef9abe5 resource provider not found; error: Placement Client Error (4xx): {"errors": [{"status": 404, "title": "Not Found", "detail": "The resource could not be found.\n\n No resource provider with uuid 40a7652b-13ad-46a5-9c38-e7298ef9abe5 found for delete ", "request_id": "req-f8aed72a-83ae-4721-8ed3-381468171884"}]}
2026-06-15 21:07:49.731 9 INFO neutron.wsgi [None req-d850fd3a-972d-4296-972a-6b657c39f2ea f26906d6e41a430b87a5ba87e3af5130 94cf6f5e19c049a98a9de1bbcd18549f - - default default] 10.0.0.173 "DELETE /v2.0/networks/bbf5f5c1-cc5b-4bce-9631-5eeed1de2e97 HTTP/1.1" status: 204 len: 168 time: 0.6402283
2026-06-15 21:07:49.746 10 WARNING neutron_lib.context [None req-8518f64f-a5de-4e3f-8722-b087b1613e50 f26906d6e41a430b87a5ba87e3af5130 94cf6f5e19c049a98a9de1bbcd18549f - - default default] Method 'is_advsvc' is deprecated since 2023.2 release (neutron-lib 3.8.0) and will be removed once support for the old RBAC API policies will be removed from Neutron. Please use method 'is_service_role' instead.
2026-06-15 21:07:49.808 10 INFO neutron.db.ovn_revision_numbers_db [None req-d0102716-4f1f-4617-85cd-877f709af452 522cf864d591441bb7d3a8669237400c 4f4780e9c51c4780ada592cc036ea0fd - - default default] Successfully bumped revision number for resource 17c88158-8555-49af-8996-397f5e90f9a1 (type: security_groups) to 1
2026-06-15 21:07:49.832 10 INFO neutron.db.ovn_revision_numbers_db [None req-d0102716-4f1f-4617-85cd-877f709af452 522cf864d591441bb7d3a8669237400c 4f4780e9c51c4780ada592cc036ea0fd - - default default] Successfully bumped revision number for resource 01e25327-f1c0-43b7-b77a-0278b636dd15 (type: security_group_rules) to 0
2026-06-15 21:07:49.867 10 INFO neutron.db.ovn_revision_numbers_db [None req-d0102716-4f1f-4617-85cd-877f709af452 522cf864d591441bb7d3a8669237400c 4f4780e9c51c4780ada592cc036ea0fd - - default default] Successfully bumped revision number for resource 582d9564-92cb-4e8c-9ef3-1e6634fd2c75 (type: security_group_rules) to 0
2026-06-15 21:07:49.903 10 INFO neutron.db.ovn_revision_numbers_db [None req-d0102716-4f1f-4617-85cd-877f709af452 522cf864d591441bb7d3a8669237400c 4f4780e9c51c4780ada592cc036ea0fd - - default default] Successfully bumped revision number for resource 8b35f8a4-68a2-4539-aa8a-3ed7a8f50a7c (type: security_group_rules) to 0
2026-06-15 21:07:49.931 9 INFO neutron.db.ovn_revision_numbers_db [None req-581b4441-e5bd-4169-8dc5-514ce423a2d6 2dc6358d96844483aa984ca12170a718 2eb059e3123645d4852531ed83ad9f1b - - default default] Successfully bumped revision number for resource 584678ca-6bd3-423c-b0d9-03889529767c (type: ports) to 2
2026-06-15 21:07:49.946 10 INFO neutron.db.ovn_revision_numbers_db [None req-d0102716-4f1f-4617-85cd-877f709af452 522cf864d591441bb7d3a8669237400c 4f4780e9c51c4780ada592cc036ea0fd - - default default] Successfully bumped revision number for resource fb887149-4d0b-4b83-8702-72c55b7f52ec (type: security_group_rules) to 0
2026-06-15 21:07:49.976 9 INFO neutron.db.ovn_revision_numbers_db [None req-581b4441-e5bd-4169-8dc5-514ce423a2d6 2dc6358d96844483aa984ca12170a718 2eb059e3123645d4852531ed83ad9f1b - - default default] Successfully bumped revision number for resource 3340a611-0799-4166-ac6a-3fdaed13373c (type: subnets) to 0
2026-06-15 21:07:49.997 9 INFO neutron.wsgi [None req-581b4441-e5bd-4169-8dc5-514ce423a2d6 2dc6358d96844483aa984ca12170a718 2eb059e3123645d4852531ed83ad9f1b - - default default] 10.0.0.173 "POST /v2.0/subnets HTTP/1.1" status: 201 len: 801 time: 1.1472292
2026-06-15 21:07:50.014 10 WARNING neutron_lib.context [None req-f70ba38e-e144-42f1-bb0a-726e5bb315f0 2dc6358d96844483aa984ca12170a718 2eb059e3123645d4852531ed83ad9f1b - - default default] Method 'is_advsvc' is deprecated since 2023.2 release (neutron-lib 3.8.0) and will be removed once support for the old RBAC API policies will be removed from Neutron. Please use method 'is_service_role' instead.
2026-06-15 21:07:50.201 10 INFO neutron.db.ovn_revision_numbers_db [None req-d0102716-4f1f-4617-85cd-877f709af452 522cf864d591441bb7d3a8669237400c 4f4780e9c51c4780ada592cc036ea0fd - - default default] Successfully bumped revision number for resource 88001b84-c943-4bb7-a439-2ef5710ada05 (type: security_groups) to 1
2026-06-15 21:07:50.286 10 INFO neutron.db.ovn_revision_numbers_db [None req-d0102716-4f1f-4617-85cd-877f709af452 522cf864d591441bb7d3a8669237400c 4f4780e9c51c4780ada592cc036ea0fd - - default default] Successfully bumped revision number for resource af9482fe-d2e9-44c1-9f20-db42e6573d7e (type: security_group_rules) to 0
2026-06-15 21:07:50.345 10 INFO neutron.db.ovn_revision_numbers_db [None req-d0102716-4f1f-4617-85cd-877f709af452 522cf864d591441bb7d3a8669237400c 4f4780e9c51c4780ada592cc036ea0fd - - default default] Successfully bumped revision number for resource f535bb9b-9c7e-449a-95ff-172b59327c73 (type: security_group_rules) to 0
2026-06-15 21:07:50.369 10 INFO neutron.db.ovn_revision_numbers_db [None req-f70ba38e-e144-42f1-bb0a-726e5bb315f0 2dc6358d96844483aa984ca12170a718 2eb059e3123645d4852531ed83ad9f1b - - default default] Successfully bumped revision number for resource e6d74c32-2deb-405a-a49f-09d7fe02a5e8 (type: routers) to 1
2026-06-15 21:07:50.378 10 INFO neutron.wsgi [None req-d0102716-4f1f-4617-85cd-877f709af452 522cf864d591441bb7d3a8669237400c 4f4780e9c51c4780ada592cc036ea0fd - - default default] 10.0.0.173 "POST /v2.0/security-groups HTTP/1.1" status: 201 len: 1760 time: 0.9728830
2026-06-15 21:07:50.392 10 INFO neutron.db.ovn_revision_numbers_db [None req-a99caebe-5a31-4ea7-a32f-66f0256bcede 08ba737c21d84e53a547c562745ab03f b0507a2222dd4d03a8206278ebd0359d - - default default] Successfully bumped revision number for resource ecdde1c5-5717-4652-b8f1-ae66f29df2cd (type: security_groups) to 1
2026-06-15 21:07:50.398 10 INFO neutron.wsgi [None req-f70ba38e-e144-42f1-bb0a-726e5bb315f0 2dc6358d96844483aa984ca12170a718 2eb059e3123645d4852531ed83ad9f1b - - default default] 10.0.0.173 "POST /v2.0/routers HTTP/1.1" status: 201 len: 686 time: 0.3944287
2026-06-15 21:07:50.415 10 INFO neutron.db.ovn_revision_numbers_db [None req-a99caebe-5a31-4ea7-a32f-66f0256bcede 08ba737c21d84e53a547c562745ab03f b0507a2222dd4d03a8206278ebd0359d - - default default] Successfully bumped revision number for resource 16e0cc1d-570a-4fcd-b8c1-b166b179886b (type: security_group_rules) to 0
2026-06-15 21:07:50.439 10 INFO neutron.db.ovn_revision_numbers_db [None req-a99caebe-5a31-4ea7-a32f-66f0256bcede 08ba737c21d84e53a547c562745ab03f b0507a2222dd4d03a8206278ebd0359d - - default default] Successfully bumped revision number for resource 597e9afa-99c9-4f1e-9d11-57257fb1a4b1 (type: security_group_rules) to 0
2026-06-15 21:07:50.459 10 INFO neutron.db.ovn_revision_numbers_db [None req-a99caebe-5a31-4ea7-a32f-66f0256bcede 08ba737c21d84e53a547c562745ab03f b0507a2222dd4d03a8206278ebd0359d - - default default] Successfully bumped revision number for resource 87c7c3e1-b1bb-4821-9386-e5a37dd31348 (type: security_group_rules) to 0
2026-06-15 21:07:50.480 9 INFO neutron.wsgi [None req-f4ebd24b-a61d-45bc-9b77-d4127a59e427 522cf864d591441bb7d3a8669237400c 4f4780e9c51c4780ada592cc036ea0fd - - default default] 10.0.0.173 "GET /v2.0/security-groups HTTP/1.1" status: 200 len: 4538 time: 0.0917218
2026-06-15 21:07:50.495 10 INFO neutron.db.ovn_revision_numbers_db [None req-a99caebe-5a31-4ea7-a32f-66f0256bcede 08ba737c21d84e53a547c562745ab03f b0507a2222dd4d03a8206278ebd0359d - - default default] Successfully bumped revision number for resource 8a144620-85f8-40fc-89cb-871e595010c0 (type: security_group_rules) to 0
2026-06-15 21:07:50.538 10 INFO neutron.wsgi [None req-a99caebe-5a31-4ea7-a32f-66f0256bcede 08ba737c21d84e53a547c562745ab03f b0507a2222dd4d03a8206278ebd0359d - - default default] 10.0.0.173 "GET /v2.0/security-groups?tenant_id=4cebfa018b7045899e6659cbe160e978&name=default HTTP/1.1" status: 200 len: 2996 time: 0.6964827
2026-06-15 21:07:50.563 10 WARNING neutron.scheduler.dhcp_agent_scheduler [None req-8518f64f-a5de-4e3f-8722-b087b1613e50 f26906d6e41a430b87a5ba87e3af5130 94cf6f5e19c049a98a9de1bbcd18549f - - default default] No more DHCP agents
2026-06-15 21:07:50.568 10 WARNING neutron.api.rpc.agentnotifiers.dhcp_rpc_agent_api [None req-8518f64f-a5de-4e3f-8722-b087b1613e50 f26906d6e41a430b87a5ba87e3af5130 94cf6f5e19c049a98a9de1bbcd18549f - - default default] Unable to schedule network 0404a59f-5d03-4d96-82f5-10213451dfeb: no agents available; will retry on subsequent port and subnet creation events.
2026-06-15 21:07:50.639 10 INFO neutron.db.ovn_revision_numbers_db [None req-1dd2d43f-eb9d-44db-9bfd-1904786a71ed 522cf864d591441bb7d3a8669237400c 4f4780e9c51c4780ada592cc036ea0fd - - default default] Successfully bumped revision number for resource 88001b84-c943-4bb7-a439-2ef5710ada05 (type: security_groups) to 2
2026-06-15 21:07:50.642 10 INFO neutron.wsgi [None req-1dd2d43f-eb9d-44db-9bfd-1904786a71ed 522cf864d591441bb7d3a8669237400c 4f4780e9c51c4780ada592cc036ea0fd - - default default] 10.0.0.173 "PUT /v2.0/security-groups/88001b84-c943-4bb7-a439-2ef5710ada05 HTTP/1.1" status: 200 len: 1795 time: 0.1553721
2026-06-15 21:07:50.717 10 INFO neutron.wsgi [None req-db07464c-3b9b-4044-b471-6a6659367324 522cf864d591441bb7d3a8669237400c 4f4780e9c51c4780ada592cc036ea0fd - - default default] 10.0.0.173 "GET /v2.0/security-groups/88001b84-c943-4bb7-a439-2ef5710ada05 HTTP/1.1" status: 200 len: 1795 time: 0.0697458
2026-06-15 21:07:50.849 10 INFO neutron.db.ovn_revision_numbers_db [None req-8518f64f-a5de-4e3f-8722-b087b1613e50 f26906d6e41a430b87a5ba87e3af5130 94cf6f5e19c049a98a9de1bbcd18549f - - default default] Successfully bumped revision number for resource fde5dc4c-ecf0-4d9f-8c93-103f21f74ee3 (type: ports) to 1
2026-06-15 21:07:50.932 10 INFO neutron.wsgi [None req-6709d68b-f265-43fc-8c93-251127077dda 522cf864d591441bb7d3a8669237400c 4f4780e9c51c4780ada592cc036ea0fd - - default default] 10.0.0.173 "DELETE /v2.0/security-groups/88001b84-c943-4bb7-a439-2ef5710ada05 HTTP/1.1" status: 204 len: 168 time: 0.2100821
2026-06-15 21:07:50.999 9 INFO neutron.wsgi [None req-37024f8d-fa9e-4a8c-b3fc-0f7a975bd695 522cf864d591441bb7d3a8669237400c 4f4780e9c51c4780ada592cc036ea0fd - - default default] 10.0.0.173 "GET /v2.0/security-groups HTTP/1.1" status: 200 len: 2996 time: 0.0610993
2026-06-15 21:07:51.018 9 INFO neutron.api.v2.resource [None req-bb8dcbf6-7c0a-43a4-b91d-69e953c3ed85 522cf864d591441bb7d3a8669237400c 4f4780e9c51c4780ada592cc036ea0fd - - default default] delete failed (client error): The resource could not be found.
2026-06-15 21:07:51.019 9 INFO neutron.wsgi [None req-bb8dcbf6-7c0a-43a4-b91d-69e953c3ed85 522cf864d591441bb7d3a8669237400c 4f4780e9c51c4780ada592cc036ea0fd - - default default] 10.0.0.173 "DELETE /v2.0/security-groups/88001b84-c943-4bb7-a439-2ef5710ada05 HTTP/1.1" status: 404 len: 347 time: 0.0134904
2026-06-15 21:07:51.030 9 WARNING neutron_lib.context [None req-9f0ffbbb-2e1a-49af-9b22-1ad75c75db72 522cf864d591441bb7d3a8669237400c 4f4780e9c51c4780ada592cc036ea0fd - - default default] Method 'is_advsvc' is deprecated since 2023.2 release (neutron-lib 3.8.0) and will be removed once support for the old RBAC API policies will be removed from Neutron. Please use method 'is_service_role' instead.
2026-06-15 21:07:51.081 9 INFO neutron.wsgi [None req-86007e75-879f-4856-8781-93851880c646 08ba737c21d84e53a547c562745ab03f b0507a2222dd4d03a8206278ebd0359d - - default default] 10.0.0.173 "DELETE /v2.0/security-groups/ecdde1c5-5717-4652-b8f1-ae66f29df2cd HTTP/1.1" status: 204 len: 168 time: 0.5361788
2026-06-15 21:07:51.088 9 WARNING neutron.scheduler.dhcp_agent_scheduler [None req-08035e84-6097-4500-b4ec-a5c78981fc2c 2dc6358d96844483aa984ca12170a718 2eb059e3123645d4852531ed83ad9f1b - - default default] No more DHCP agents
2026-06-15 21:07:51.097 9 WARNING neutron.api.rpc.agentnotifiers.dhcp_rpc_agent_api [None req-08035e84-6097-4500-b4ec-a5c78981fc2c 2dc6358d96844483aa984ca12170a718 2eb059e3123645d4852531ed83ad9f1b - - default default] Unable to schedule network efddd2f4-a564-43ff-b40c-dcd50e59a721: no agents available; will retry on subsequent port and subnet creation events.
2026-06-15 21:07:51.212 9 INFO neutron.db.ovn_revision_numbers_db [None req-9f0ffbbb-2e1a-49af-9b22-1ad75c75db72 522cf864d591441bb7d3a8669237400c 4f4780e9c51c4780ada592cc036ea0fd - - default default] Successfully bumped revision number for resource aa90ff6b-0dd3-4150-9203-0ecbde93af64 (type: security_groups) to 1
2026-06-15 21:07:51.235 9 INFO neutron.db.ovn_revision_numbers_db [None req-9f0ffbbb-2e1a-49af-9b22-1ad75c75db72 522cf864d591441bb7d3a8669237400c 4f4780e9c51c4780ada592cc036ea0fd - - default default] Successfully bumped revision number for resource 84577a2d-c8ff-4d9a-b9c2-ce7e62c91d30 (type: security_group_rules) to 0
2026-06-15 21:07:51.265 9 INFO neutron.db.ovn_revision_numbers_db [None req-9f0ffbbb-2e1a-49af-9b22-1ad75c75db72 522cf864d591441bb7d3a8669237400c 4f4780e9c51c4780ada592cc036ea0fd - - default default] Successfully bumped revision number for resource 9f214954-f46c-4971-a7c8-324ee434fd27 (type: security_group_rules) to 0
2026-06-15 21:07:51.290 9 INFO neutron.wsgi [None req-9f0ffbbb-2e1a-49af-9b22-1ad75c75db72 522cf864d591441bb7d3a8669237400c 4f4780e9c51c4780ada592cc036ea0fd - - default default] 10.0.0.173 "POST /v2.0/security-groups HTTP/1.1" status: 201 len: 1760 time: 0.2632535
2026-06-15 21:07:51.291 9 INFO neutron.db.ovn_revision_numbers_db [None req-08035e84-6097-4500-b4ec-a5c78981fc2c 2dc6358d96844483aa984ca12170a718 2eb059e3123645d4852531ed83ad9f1b - - default default] Successfully bumped revision number for resource 97624f57-d358-411e-b366-847e4835fe4e (type: ports) to 1
2026-06-15 21:07:51.300 9 WARNING neutron_lib.context [None req-fcf78fde-87cd-437f-8015-9e22ee02fb95 522cf864d591441bb7d3a8669237400c 4f4780e9c51c4780ada592cc036ea0fd - - default default] Method 'is_advsvc' is deprecated since 2023.2 release (neutron-lib 3.8.0) and will be removed once support for the old RBAC API policies will be removed from Neutron. Please use method 'is_service_role' instead.
2026-06-15 21:07:51.392 10 INFO neutron.db.ovn_revision_numbers_db [None req-b1e809b0-0547-4bde-b481-0cd6f0522a89 08ba737c21d84e53a547c562745ab03f b0507a2222dd4d03a8206278ebd0359d - - default default] Successfully bumped revision number for resource 787a0f1b-d306-498f-87c0-87236bc41667 (type: security_groups) to 1
2026-06-15 21:07:51.407 10 INFO neutron.db.ovn_revision_numbers_db [None req-b1e809b0-0547-4bde-b481-0cd6f0522a89 08ba737c21d84e53a547c562745ab03f b0507a2222dd4d03a8206278ebd0359d - - default default] Successfully bumped revision number for resource 4abb8dc2-4dcc-4998-87ac-5a6a5d3ef701 (type: security_group_rules) to 0
2026-06-15 21:07:51.443 10 INFO neutron.db.ovn_revision_numbers_db [None req-b1e809b0-0547-4bde-b481-0cd6f0522a89 08ba737c21d84e53a547c562745ab03f b0507a2222dd4d03a8206278ebd0359d - - default default] Successfully bumped revision number for resource 5e6e23ef-c754-445b-8371-bd26ac21d0cb (type: security_group_rules) to 0
2026-06-15 21:07:51.459 10 INFO neutron.db.ovn_revision_numbers_db [None req-b1e809b0-0547-4bde-b481-0cd6f0522a89 08ba737c21d84e53a547c562745ab03f b0507a2222dd4d03a8206278ebd0359d - - default default] Successfully bumped revision number for resource d15e7287-ea25-4b79-9b11-2ef2fe908bbb (type: security_group_rules) to 0
2026-06-15 21:07:51.479 10 INFO neutron.db.ovn_revision_numbers_db [None req-b1e809b0-0547-4bde-b481-0cd6f0522a89 08ba737c21d84e53a547c562745ab03f b0507a2222dd4d03a8206278ebd0359d - - default default] Successfully bumped revision number for resource f9c08acf-c506-4659-b35a-84100e6d1ce8 (type: security_group_rules) to 0
2026-06-15 21:07:51.505 10 INFO neutron.wsgi [None req-b1e809b0-0547-4bde-b481-0cd6f0522a89 08ba737c21d84e53a547c562745ab03f b0507a2222dd4d03a8206278ebd0359d - - default default] 10.0.0.173 "GET /v2.0/security-groups?tenant_id=133269d8be31487f9e6ca40902f28529&name=default HTTP/1.1" status: 200 len: 2996 time: 0.3320191
2026-06-15 21:07:51.510 9 INFO neutron.wsgi [-] 10.0.0.198 "GET / HTTP/1.1" status: 200 len: 247 time: 0.0014813
2026-06-15 21:07:51.512 9 INFO neutron.wsgi [-] 10.0.0.198 "GET / HTTP/1.1" status: 200 len: 247 time: 0.0008621
2026-06-15 21:07:51.562 9 INFO neutron.db.ovn_revision_numbers_db [None req-fcf78fde-87cd-437f-8015-9e22ee02fb95 522cf864d591441bb7d3a8669237400c 4f4780e9c51c4780ada592cc036ea0fd - - default default] Successfully bumped revision number for resource 883b6743-6472-4b83-a565-cc2d7f8ae335 (type: security_group_rules) to 0
2026-06-15 21:07:51.601 9 INFO neutron.wsgi [None req-fcf78fde-87cd-437f-8015-9e22ee02fb95 522cf864d591441bb7d3a8669237400c 4f4780e9c51c4780ada592cc036ea0fd - - default default] 10.0.0.173 "POST /v2.0/security-group-rules HTTP/1.1" status: 201 len: 768 time: 0.3058774
2026-06-15 21:07:51.626 9 INFO neutron.wsgi [None req-9dfd915e-502f-489b-bd29-e2cd62c744e7 522cf864d591441bb7d3a8669237400c 4f4780e9c51c4780ada592cc036ea0fd - - default default] 10.0.0.173 "GET /v2.0/security-group-rules/883b6743-6472-4b83-a565-cc2d7f8ae335 HTTP/1.1" status: 200 len: 763 time: 0.0168970
2026-06-15 21:07:51.720 9 INFO neutron.wsgi [None req-c0903812-8103-47ce-9631-e7573de6495b 522cf864d591441bb7d3a8669237400c 4f4780e9c51c4780ada592cc036ea0fd - - default default] 10.0.0.173 "GET /v2.0/security-group-rules HTTP/1.1" status: 200 len: 4113 time: 0.0872185
2026-06-15 21:07:51.733 9 INFO neutron.db.ovn_revision_numbers_db [None req-08035e84-6097-4500-b4ec-a5c78981fc2c 2dc6358d96844483aa984ca12170a718 2eb059e3123645d4852531ed83ad9f1b - - default default] Successfully bumped revision number for resource 97624f57-d358-411e-b366-847e4835fe4e (type: router_ports) to 1
2026-06-15 21:07:51.746 10 INFO neutron.db.ovn_revision_numbers_db [None req-8518f64f-a5de-4e3f-8722-b087b1613e50 f26906d6e41a430b87a5ba87e3af5130 94cf6f5e19c049a98a9de1bbcd18549f - - default default] Successfully bumped revision number for resource fde5dc4c-ecf0-4d9f-8c93-103f21f74ee3 (type: router_ports) to 1
2026-06-15 21:07:51.797 10 INFO neutron.wsgi [None req-c70e505e-ed4b-4b37-bd8c-8d342508851d 08ba737c21d84e53a547c562745ab03f b0507a2222dd4d03a8206278ebd0359d - - default default] 10.0.0.173 "DELETE /v2.0/security-groups/787a0f1b-d306-498f-87c0-87236bc41667 HTTP/1.1" status: 204 len: 168 time: 0.2811189
2026-06-15 21:07:51.839 10 INFO neutron.db.ovn_revision_numbers_db [None req-8518f64f-a5de-4e3f-8722-b087b1613e50 f26906d6e41a430b87a5ba87e3af5130 94cf6f5e19c049a98a9de1bbcd18549f - - default default] Successfully bumped revision number for resource 399976fb-b164-4b11-833c-1a246fa8332a (type: routers) to 2
2026-06-15 21:07:51.855 10 INFO neutron.wsgi [None req-8518f64f-a5de-4e3f-8722-b087b1613e50 f26906d6e41a430b87a5ba87e3af5130 94cf6f5e19c049a98a9de1bbcd18549f - - default default] 10.0.0.173 "POST /v2.0/routers HTTP/1.1" status: 201 len: 872 time: 2.1149080
2026-06-15 21:07:51.881 9 INFO neutron.wsgi [None req-1f594d56-fd31-4ac6-9a18-98031a4e09a2 522cf864d591441bb7d3a8669237400c 4f4780e9c51c4780ada592cc036ea0fd - - default default] 10.0.0.173 "DELETE /v2.0/security-group-rules/883b6743-6472-4b83-a565-cc2d7f8ae335 HTTP/1.1" status: 204 len: 168 time: 0.1537147
2026-06-15 21:07:51.903 9 INFO neutron.db.ovn_revision_numbers_db [None req-08035e84-6097-4500-b4ec-a5c78981fc2c 2dc6358d96844483aa984ca12170a718 2eb059e3123645d4852531ed83ad9f1b - - default default] Successfully bumped revision number for resource 97624f57-d358-411e-b366-847e4835fe4e (type: ports) to 1
2026-06-15 21:07:51.947 10 INFO neutron.wsgi [None req-0f09a2b9-fb03-43cb-9b3b-8cc6829a404c f26906d6e41a430b87a5ba87e3af5130 94cf6f5e19c049a98a9de1bbcd18549f - - default default] 10.0.0.173 "GET /v2.0/routers/399976fb-b164-4b11-833c-1a246fa8332a HTTP/1.1" status: 200 len: 873 time: 0.0881858
2026-06-15 21:07:51.989 9 WARNING neutron.scheduler.dhcp_agent_scheduler [None req-08035e84-6097-4500-b4ec-a5c78981fc2c 2dc6358d96844483aa984ca12170a718 2eb059e3123645d4852531ed83ad9f1b - - default default] No more DHCP agents
2026-06-15 21:07:51.991 9 WARNING neutron.api.rpc.agentnotifiers.dhcp_rpc_agent_api [None req-08035e84-6097-4500-b4ec-a5c78981fc2c 2dc6358d96844483aa984ca12170a718 2eb059e3123645d4852531ed83ad9f1b - - default default] Unable to schedule network efddd2f4-a564-43ff-b40c-dcd50e59a721: no agents available; will retry on subsequent port and subnet creation events.
2026-06-15 21:07:52.023 10 INFO neutron.wsgi [None req-873f61a3-8ebf-43d8-a5a8-e48d72a72360 522cf864d591441bb7d3a8669237400c 4f4780e9c51c4780ada592cc036ea0fd - - default default] 10.0.0.173 "GET /v2.0/security-group-rules HTTP/1.1" status: 200 len: 3567 time: 0.1354856
2026-06-15 21:07:52.036 10 WARNING neutron_lib.context [None req-dd683d4f-62fb-48ff-b9f8-580aa209ae6d 522cf864d591441bb7d3a8669237400c 4f4780e9c51c4780ada592cc036ea0fd - - default default] Method 'is_advsvc' is deprecated since 2023.2 release (neutron-lib 3.8.0) and will be removed once support for the old RBAC API policies will be removed from Neutron. Please use method 'is_service_role' instead.
2026-06-15 21:07:52.079 10 INFO neutron.wsgi [None req-5abefef9-40de-4f61-acd1-ac26f53884df f26906d6e41a430b87a5ba87e3af5130 94cf6f5e19c049a98a9de1bbcd18549f - - default default] 10.0.0.173 "GET /v2.0/routers HTTP/1.1" status: 200 len: 876 time: 0.1263809
2026-06-15 21:07:52.146 9 INFO neutron.db.ovn_revision_numbers_db [None req-08035e84-6097-4500-b4ec-a5c78981fc2c 2dc6358d96844483aa984ca12170a718 2eb059e3123645d4852531ed83ad9f1b - - default default] Successfully bumped revision number for resource 97624f57-d358-411e-b366-847e4835fe4e (type: router_ports) to 1
2026-06-15 21:07:52.149 9 INFO neutron.wsgi [None req-08035e84-6097-4500-b4ec-a5c78981fc2c 2dc6358d96844483aa984ca12170a718 2eb059e3123645d4852531ed83ad9f1b - - default default] 10.0.0.173 "PUT /v2.0/routers/e6d74c32-2deb-405a-a49f-09d7fe02a5e8/add_router_interface HTTP/1.1" status: 200 len: 503 time: 1.7475696
2026-06-15 21:07:52.227 10 INFO neutron.db.ovn_revision_numbers_db [None req-dd683d4f-62fb-48ff-b9f8-580aa209ae6d 522cf864d591441bb7d3a8669237400c 4f4780e9c51c4780ada592cc036ea0fd - - default default] Successfully bumped revision number for resource 778a2d38-35b0-4c27-b554-e42356d141e4 (type: security_group_rules) to 0
2026-06-15 21:07:52.258 9 INFO neutron.wsgi [None req-deb08e6b-fae0-43f6-9062-9d3b184dc0ce 2dc6358d96844483aa984ca12170a718 2eb059e3123645d4852531ed83ad9f1b - - default default] 10.0.0.173 "GET /v2.0/ports/97624f57-d358-411e-b366-847e4835fe4e HTTP/1.1" status: 200 len: 1135 time: 0.1030278
2026-06-15 21:07:52.273 10 INFO neutron.wsgi [None req-dd683d4f-62fb-48ff-b9f8-580aa209ae6d 522cf864d591441bb7d3a8669237400c 4f4780e9c51c4780ada592cc036ea0fd - - default default] 10.0.0.173 "POST /v2.0/security-group-rules HTTP/1.1" status: 201 len: 768 time: 0.2431023
2026-06-15 21:07:52.316 10 INFO neutron.wsgi [None req-12a793e8-a6c8-4a21-b944-3c80bb0f6a0f 522cf864d591441bb7d3a8669237400c 4f4780e9c51c4780ada592cc036ea0fd - - default default] 10.0.0.173 "GET /v2.0/security-group-rules/778a2d38-35b0-4c27-b554-e42356d141e4 HTTP/1.1" status: 200 len: 763 time: 0.0343595
2026-06-15 21:07:52.585 10 INFO neutron.wsgi [None req-098828e6-6072-4771-b566-c9b11dcdf709 522cf864d591441bb7d3a8669237400c 4f4780e9c51c4780ada592cc036ea0fd - - default default] 10.0.0.173 "GET /v2.0/security-group-rules HTTP/1.1" status: 200 len: 4113 time: 0.2641118
2026-06-15 21:07:52.766 10 INFO neutron.wsgi [None req-c9d77491-921c-4b41-b015-16cc853c35ae 522cf864d591441bb7d3a8669237400c 4f4780e9c51c4780ada592cc036ea0fd - - default default] 10.0.0.173 "DELETE /v2.0/security-group-rules/778a2d38-35b0-4c27-b554-e42356d141e4 HTTP/1.1" status: 204 len: 168 time: 0.1724715
2026-06-15 21:07:52.768 9 WARNING neutron.scheduler.dhcp_agent_scheduler [None req-3e64c8c1-2d07-4d43-8513-5d0b9bc5c42f 2dc6358d96844483aa984ca12170a718 2eb059e3123645d4852531ed83ad9f1b - - default default] No more DHCP agents
2026-06-15 21:07:52.770 9 WARNING neutron.api.rpc.agentnotifiers.dhcp_rpc_agent_api [None req-3e64c8c1-2d07-4d43-8513-5d0b9bc5c42f 2dc6358d96844483aa984ca12170a718 2eb059e3123645d4852531ed83ad9f1b - - default default] Unable to schedule network e43e116b-3653-43e5-8e82-a2515ed839f5: no agents available; will retry on subsequent port and subnet creation events.
2026-06-15 21:07:52.776 10 WARNING neutron.plugins.ml2.drivers.ovn.mech_driver.ovsdb.ovn_client [None req-3afca453-c60e-41f0-8287-6cf6a5717111 - - - - - -] No port found with ID f631fb05-d1ac-4891-8d98-56e519310c16: RuntimeError: No port found with ID f631fb05-d1ac-4891-8d98-56e519310c16
2026-06-15 21:07:52.776 10 INFO neutron.plugins.ml2.drivers.ovn.mech_driver.mech_driver [None req-3afca453-c60e-41f0-8287-6cf6a5717111 - - - - - -] OVN reports status up for port: 97624f57-d358-411e-b366-847e4835fe4e
2026-06-15 21:07:52.784 10 INFO neutron.plugins.ml2.plugin [None req-3afca453-c60e-41f0-8287-6cf6a5717111 - - - - - -] Attempt 1 to provision port 97624f57-d358-411e-b366-847e4835fe4e
2026-06-15 21:07:52.819 10 INFO neutron.db.ovn_revision_numbers_db [None req-8c0880f8-6e52-460b-bd7e-fb8bbff0d209 f26906d6e41a430b87a5ba87e3af5130 94cf6f5e19c049a98a9de1bbcd18549f - - default default] Successfully bumped revision number for resource 399976fb-b164-4b11-833c-1a246fa8332a (type: routers) to 3
2026-06-15 21:07:52.822 10 INFO neutron.wsgi [None req-8c0880f8-6e52-460b-bd7e-fb8bbff0d209 f26906d6e41a430b87a5ba87e3af5130 94cf6f5e19c049a98a9de1bbcd18549f - - default default] 10.0.0.173 "PUT /v2.0/routers/399976fb-b164-4b11-833c-1a246fa8332a HTTP/1.1" status: 200 len: 880 time: 0.7364154
2026-06-15 21:07:52.828 9 INFO neutron.wsgi [None req-7812b072-3048-40d5-bfff-ed1f3d737346 522cf864d591441bb7d3a8669237400c 4f4780e9c51c4780ada592cc036ea0fd - - default default] 10.0.0.173 "GET /v2.0/security-group-rules HTTP/1.1" status: 200 len: 3567 time: 0.0558784
2026-06-15 21:07:52.837 10 WARNING neutron_lib.context [None req-15632e18-e59e-4212-bb61-444dfd9a6a8f 522cf864d591441bb7d3a8669237400c 4f4780e9c51c4780ada592cc036ea0fd - - default default] Method 'is_advsvc' is deprecated since 2023.2 release (neutron-lib 3.8.0) and will be removed once support for the old RBAC API policies will be removed from Neutron. Please use method 'is_service_role' instead.
2026-06-15 21:07:52.884 10 INFO neutron.db.securitygroups_db [None req-15632e18-e59e-4212-bb61-444dfd9a6a8f 522cf864d591441bb7d3a8669237400c 4f4780e9c51c4780ada592cc036ea0fd - - default default] Project 4f4780e9c51c4780ada592cc036ea0fd added a security group rule with legacy IPv6 ICMP protocol name icmp, ipv6-icmp should be used instead. It was automatically converted.
2026-06-15 21:07:52.918 10 INFO neutron.wsgi [None req-de32d8af-37fa-4e0e-be76-582097b0ea86 f26906d6e41a430b87a5ba87e3af5130 94cf6f5e19c049a98a9de1bbcd18549f - - default default] 10.0.0.173 "GET /v2.0/routers/399976fb-b164-4b11-833c-1a246fa8332a HTTP/1.1" status: 200 len: 880 time: 0.0897763
2026-06-15 21:07:52.952 9 INFO neutron.wsgi [None req-91cb2622-5eeb-482f-af13-4565892a970e f26906d6e41a430b87a5ba87e3af5130 94cf6f5e19c049a98a9de1bbcd18549f - - default default] 10.0.0.173 "GET /v2.0/ports?device_id=399976fb-b164-4b11-833c-1a246fa8332a HTTP/1.1" status: 200 len: 205 time: 0.0271618
2026-06-15 21:07:53.001 9 INFO neutron.db.ovn_revision_numbers_db [None req-3e64c8c1-2d07-4d43-8513-5d0b9bc5c42f 2dc6358d96844483aa984ca12170a718 2eb059e3123645d4852531ed83ad9f1b - - default default] Successfully bumped revision number for resource 40f1b19a-e1ea-466f-8d1f-6b0aed27dacb (type: ports) to 1
2026-06-15 21:07:53.012 10 INFO neutron.db.ovn_revision_numbers_db [None req-15632e18-e59e-4212-bb61-444dfd9a6a8f 522cf864d591441bb7d3a8669237400c 4f4780e9c51c4780ada592cc036ea0fd - - default default] Successfully bumped revision number for resource 1751c4b8-1331-44e2-892a-e581e2b10d1d (type: security_group_rules) to 0
2026-06-15 21:07:53.040 10 INFO neutron.wsgi [None req-15632e18-e59e-4212-bb61-444dfd9a6a8f 522cf864d591441bb7d3a8669237400c 4f4780e9c51c4780ada592cc036ea0fd - - default default] 10.0.0.173 "POST /v2.0/security-group-rules HTTP/1.1" status: 201 len: 774 time: 0.2067235
2026-06-15 21:07:53.116 10 INFO neutron.db.ovn_revision_numbers_db [None req-3afca453-c60e-41f0-8287-6cf6a5717111 - - - - - -] Successfully bumped revision number for resource 97624f57-d358-411e-b366-847e4835fe4e (type: ports) to 2
2026-06-15 21:07:53.199 10 INFO neutron.db.ovn_revision_numbers_db [None req-3afca453-c60e-41f0-8287-6cf6a5717111 - - - - - -] Successfully bumped revision number for resource 97624f57-d358-411e-b366-847e4835fe4e (type: router_ports) to 2
2026-06-15 21:07:53.299 9 INFO neutron.wsgi [None req-d1055841-6bb7-4e47-8cab-e9670e7cf146 522cf864d591441bb7d3a8669237400c 4f4780e9c51c4780ada592cc036ea0fd - - default default] 10.0.0.173 "GET /v2.0/security-group-rules/1751c4b8-1331-44e2-892a-e581e2b10d1d HTTP/1.1" status: 200 len: 769 time: 0.2526779
2026-06-15 21:07:53.347 10 INFO neutron.wsgi [None req-b3cb7bd4-7c43-416f-a307-2129c0e931d6 522cf864d591441bb7d3a8669237400c 4f4780e9c51c4780ada592cc036ea0fd - - default default] 10.0.0.173 "GET /v2.0/security-group-rules HTTP/1.1" status: 200 len: 4119 time: 0.0418735
2026-06-15 21:07:53.444 10 INFO neutron.wsgi [None req-951200c4-c9e8-45fa-a050-7f0fd62f2795 522cf864d591441bb7d3a8669237400c 4f4780e9c51c4780ada592cc036ea0fd - - default default] 10.0.0.173 "DELETE /v2.0/security-group-rules/1751c4b8-1331-44e2-892a-e581e2b10d1d HTTP/1.1" status: 204 len: 168 time: 0.0917172
2026-06-15 21:07:53.482 10 INFO neutron.wsgi [None req-e1bed7d1-8c50-4d63-836f-074e0a8386bf 522cf864d591441bb7d3a8669237400c 4f4780e9c51c4780ada592cc036ea0fd - - default default] 10.0.0.173 "GET /v2.0/security-group-rules HTTP/1.1" status: 200 len: 3567 time: 0.0339272
2026-06-15 21:07:53.588 10 INFO neutron.wsgi [None req-212693d4-2f15-4fdc-84b7-3a47c7eb5763 522cf864d591441bb7d3a8669237400c 4f4780e9c51c4780ada592cc036ea0fd - - default default] 10.0.0.173 "DELETE /v2.0/security-groups/aa90ff6b-0dd3-4150-9203-0ecbde93af64 HTTP/1.1" status: 204 len: 168 time: 0.0995362
2026-06-15 21:07:53.633 10 INFO neutron.wsgi [None req-b2d44042-5747-430e-9f8a-646906d41c1a 522cf864d591441bb7d3a8669237400c 4f4780e9c51c4780ada592cc036ea0fd - - default default] 10.0.0.173 "GET /v2.0/security-groups HTTP/1.1" status: 200 len: 2996 time: 0.0400708
2026-06-15 21:07:53.681 10 INFO neutron.wsgi [None req-7e9e6588-a7fe-4534-9ae4-bd0ae68edb50 522cf864d591441bb7d3a8669237400c 4f4780e9c51c4780ada592cc036ea0fd - - default default] 10.0.0.173 "GET /v2.0/security-groups HTTP/1.1" status: 200 len: 2996 time: 0.0430553
2026-06-15 21:07:53.851 9 INFO neutron.plugins.ml2.drivers.ovn.mech_driver.mech_driver [None req-bed6fbfe-6ae4-4677-9612-1aab72c8e8bd - - - - - -] OVN reports status up for port: 40f1b19a-e1ea-466f-8d1f-6b0aed27dacb
2026-06-15 21:07:53.872 9 INFO neutron.plugins.ml2.plugin [None req-bed6fbfe-6ae4-4677-9612-1aab72c8e8bd - - - - - -] Attempt 1 to provision port 40f1b19a-e1ea-466f-8d1f-6b0aed27dacb
2026-06-15 21:07:53.906 9 INFO neutron.db.ovn_revision_numbers_db [None req-3e64c8c1-2d07-4d43-8513-5d0b9bc5c42f 2dc6358d96844483aa984ca12170a718 2eb059e3123645d4852531ed83ad9f1b - - default default] Successfully bumped revision number for resource 40f1b19a-e1ea-466f-8d1f-6b0aed27dacb (type: router_ports) to 1
2026-06-15 21:07:54.194 9 INFO neutron.db.ovn_revision_numbers_db [None req-3e64c8c1-2d07-4d43-8513-5d0b9bc5c42f 2dc6358d96844483aa984ca12170a718 2eb059e3123645d4852531ed83ad9f1b - - default default] Successfully bumped revision number for resource 40f1b19a-e1ea-466f-8d1f-6b0aed27dacb (type: ports) to 1
2026-06-15 21:07:54.387 9 WARNING neutron.scheduler.dhcp_agent_scheduler [None req-3e64c8c1-2d07-4d43-8513-5d0b9bc5c42f 2dc6358d96844483aa984ca12170a718 2eb059e3123645d4852531ed83ad9f1b - - default default] No more DHCP agents
2026-06-15 21:07:54.390 9 WARNING neutron.api.rpc.agentnotifiers.dhcp_rpc_agent_api [None req-3e64c8c1-2d07-4d43-8513-5d0b9bc5c42f 2dc6358d96844483aa984ca12170a718 2eb059e3123645d4852531ed83ad9f1b - - default default] Unable to schedule network e43e116b-3653-43e5-8e82-a2515ed839f5: no agents available; will retry on subsequent port and subnet creation events.
2026-06-15 21:07:54.427 10 INFO neutron.wsgi [None req-5c9b2268-99ce-4479-9b75-da05e09776a3 08ba737c21d84e53a547c562745ab03f b0507a2222dd4d03a8206278ebd0359d - - default default] 10.0.0.173 "GET /v2.0/security-groups?tenant_id=4f4780e9c51c4780ada592cc036ea0fd&name=default HTTP/1.1" status: 200 len: 2996 time: 0.2418952
2026-06-15 21:07:54.429 9 INFO neutron.db.ovn_revision_numbers_db [None req-bed6fbfe-6ae4-4677-9612-1aab72c8e8bd - - - - - -] Successfully bumped revision number for resource 40f1b19a-e1ea-466f-8d1f-6b0aed27dacb (type: ports) to 2
2026-06-15 21:07:54.462 9 INFO neutron.wsgi [None req-0b9fe024-0ae2-4ee4-80de-e082fa173fc3 f26906d6e41a430b87a5ba87e3af5130 94cf6f5e19c049a98a9de1bbcd18549f - - default default] 10.0.0.173 "DELETE /v2.0/routers/399976fb-b164-4b11-833c-1a246fa8332a HTTP/1.1" status: 204 len: 168 time: 1.5033567
2026-06-15 21:07:54.499 10 INFO neutron.wsgi [None req-b1c887a8-c65d-49d7-92c5-ef06f7d61061 f26906d6e41a430b87a5ba87e3af5130 94cf6f5e19c049a98a9de1bbcd18549f - - default default] 10.0.0.173 "GET /v2.0/ports?device_id=399976fb-b164-4b11-833c-1a246fa8332a HTTP/1.1" status: 200 len: 205 time: 0.0311184
2026-06-15 21:07:54.527 10 INFO neutron.api.v2.resource [None req-02bb6167-ceb4-4b96-98db-f234df975040 f26906d6e41a430b87a5ba87e3af5130 94cf6f5e19c049a98a9de1bbcd18549f - - default default] delete failed (client error): The resource could not be found.
2026-06-15 21:07:54.528 10 INFO neutron.wsgi [None req-02bb6167-ceb4-4b96-98db-f234df975040 f26906d6e41a430b87a5ba87e3af5130 94cf6f5e19c049a98a9de1bbcd18549f - - default default] 10.0.0.173 "DELETE /v2.0/routers/399976fb-b164-4b11-833c-1a246fa8332a HTTP/1.1" status: 404 len: 336 time: 0.0246761
2026-06-15 21:07:54.544 9 INFO neutron.db.ovn_revision_numbers_db [None req-bed6fbfe-6ae4-4677-9612-1aab72c8e8bd - - - - - -] Successfully bumped revision number for resource 40f1b19a-e1ea-466f-8d1f-6b0aed27dacb (type: router_ports) to 2
2026-06-15 21:07:54.565 10 INFO neutron.wsgi [None req-b927eec4-2a42-43d4-a005-7fc090ddc533 f26906d6e41a430b87a5ba87e3af5130 94cf6f5e19c049a98a9de1bbcd18549f - - default default] 10.0.0.173 "GET /v2.0/ports?device_id=8e3cd29b-4385-40ea-a571-93eaa19f0ba1 HTTP/1.1" status: 200 len: 205 time: 0.0321205
2026-06-15 21:07:54.596 10 INFO neutron.api.v2.resource [None req-b66ef55e-4f0a-45e3-8aa5-abca377f5394 f26906d6e41a430b87a5ba87e3af5130 94cf6f5e19c049a98a9de1bbcd18549f - - default default] delete failed (client error): The resource could not be found.
2026-06-15 21:07:54.597 10 INFO neutron.wsgi [None req-b66ef55e-4f0a-45e3-8aa5-abca377f5394 f26906d6e41a430b87a5ba87e3af5130 94cf6f5e19c049a98a9de1bbcd18549f - - default default] 10.0.0.173 "DELETE /v2.0/routers/8e3cd29b-4385-40ea-a571-93eaa19f0ba1 HTTP/1.1" status: 404 len: 336 time: 0.0266504
2026-06-15 21:07:54.617 10 INFO neutron.pecan_wsgi.hooks.translation [None req-2db888b8-ac98-4d5a-b46a-4e1fddd86bc0 f26906d6e41a430b87a5ba87e3af5130 94cf6f5e19c049a98a9de1bbcd18549f - - default default] DELETE failed (client error): The resource could not be found.
2026-06-15 21:07:54.620 10 INFO neutron.wsgi [None req-2db888b8-ac98-4d5a-b46a-4e1fddd86bc0 f26906d6e41a430b87a5ba87e3af5130 94cf6f5e19c049a98a9de1bbcd18549f - - default default] 10.0.0.173 "DELETE /v2.0/subnets/09abf82a-0e94-42ff-a39e-27d3a6b50b94 HTTP/1.1" status: 404 len: 337 time: 0.0180993
2026-06-15 21:07:54.646 10 INFO neutron.wsgi [None req-aeb823dc-584f-4979-b2b1-4a0018446b9d f26906d6e41a430b87a5ba87e3af5130 94cf6f5e19c049a98a9de1bbcd18549f - - default default] 10.0.0.173 "GET /v2.0/ports?device_id=25cce8cf-cacb-4c9a-9394-d3589fabda4e HTTP/1.1" status: 200 len: 205 time: 0.0219219
2026-06-15 21:07:54.671 10 INFO neutron.api.v2.resource [None req-7c829533-be4d-4dbe-a41b-bec8f76340b9 f26906d6e41a430b87a5ba87e3af5130 94cf6f5e19c049a98a9de1bbcd18549f - - default default] delete failed (client error): The resource could not be found.
2026-06-15 21:07:54.672 10 INFO neutron.wsgi [None req-7c829533-be4d-4dbe-a41b-bec8f76340b9 f26906d6e41a430b87a5ba87e3af5130 94cf6f5e19c049a98a9de1bbcd18549f - - default default] 10.0.0.173 "DELETE /v2.0/routers/25cce8cf-cacb-4c9a-9394-d3589fabda4e HTTP/1.1" status: 404 len: 336 time: 0.0222256
2026-06-15 21:07:54.699 10 INFO neutron.pecan_wsgi.hooks.translation [None req-583a77e4-225e-4442-8710-95902bc3adc8 f26906d6e41a430b87a5ba87e3af5130 94cf6f5e19c049a98a9de1bbcd18549f - - default default] DELETE failed (client error): The resource could not be found.
2026-06-15 21:07:54.701 10 INFO neutron.wsgi [None req-583a77e4-225e-4442-8710-95902bc3adc8 f26906d6e41a430b87a5ba87e3af5130 94cf6f5e19c049a98a9de1bbcd18549f - - default default] 10.0.0.173 "DELETE /v2.0/subnets/d81c177e-f17c-44ed-92d5-918c6a7fa1f0 HTTP/1.1" status: 404 len: 337 time: 0.0240026
2026-06-15 21:07:54.727 10 INFO neutron.wsgi [None req-e095b587-0f08-455c-a050-6ed802a68fb4 f26906d6e41a430b87a5ba87e3af5130 94cf6f5e19c049a98a9de1bbcd18549f - - default default] 10.0.0.173 "GET /v2.0/ports?device_id=76c91b7b-317e-4daf-8f46-3daa0f59c36a HTTP/1.1" status: 200 len: 205 time: 0.0207708
2026-06-15 21:07:54.756 10 INFO neutron.api.v2.resource [None req-7258690c-23aa-408e-b706-eba926f9c260 f26906d6e41a430b87a5ba87e3af5130 94cf6f5e19c049a98a9de1bbcd18549f - - default default] delete failed (client error): The resource could not be found.
2026-06-15 21:07:54.758 10 INFO neutron.wsgi [None req-7258690c-23aa-408e-b706-eba926f9c260 f26906d6e41a430b87a5ba87e3af5130 94cf6f5e19c049a98a9de1bbcd18549f - - default default] 10.0.0.173 "DELETE /v2.0/routers/76c91b7b-317e-4daf-8f46-3daa0f59c36a HTTP/1.1" status: 404 len: 336 time: 0.0265181
2026-06-15 21:07:54.770 9 INFO neutron.db.ovn_revision_numbers_db [None req-3e64c8c1-2d07-4d43-8513-5d0b9bc5c42f 2dc6358d96844483aa984ca12170a718 2eb059e3123645d4852531ed83ad9f1b - - default default] Successfully bumped revision number for resource 40f1b19a-e1ea-466f-8d1f-6b0aed27dacb (type: router_ports) to 2
2026-06-15 21:07:54.773 9 INFO neutron.wsgi [None req-3e64c8c1-2d07-4d43-8513-5d0b9bc5c42f 2dc6358d96844483aa984ca12170a718 2eb059e3123645d4852531ed83ad9f1b - - default default] 10.0.0.173 "PUT /v2.0/routers/e6d74c32-2deb-405a-a49f-09d7fe02a5e8/add_router_interface HTTP/1.1" status: 200 len: 503 time: 2.5072765
2026-06-15 21:07:54.789 10 INFO neutron.pecan_wsgi.hooks.translation [None req-1d03de9e-61f3-4d1f-865c-6ab59b49a1e2 f26906d6e41a430b87a5ba87e3af5130 94cf6f5e19c049a98a9de1bbcd18549f - - default default] DELETE failed (client error): The resource could not be found.
2026-06-15 21:07:54.791 10 INFO neutron.wsgi [None req-1d03de9e-61f3-4d1f-865c-6ab59b49a1e2 f26906d6e41a430b87a5ba87e3af5130 94cf6f5e19c049a98a9de1bbcd18549f - - default default] 10.0.0.173 "DELETE /v2.0/subnets/e0ac0559-59db-402f-999d-646a71783c04 HTTP/1.1" status: 404 len: 337 time: 0.0269861
2026-06-15 21:07:54.812 9 INFO neutron.pecan_wsgi.hooks.translation [None req-b23d16ae-405d-4b85-8fa2-60ae7890e1d5 f26906d6e41a430b87a5ba87e3af5130 94cf6f5e19c049a98a9de1bbcd18549f - - default default] DELETE failed (client error): The resource could not be found.
2026-06-15 21:07:54.814 9 INFO neutron.wsgi [None req-b23d16ae-405d-4b85-8fa2-60ae7890e1d5 f26906d6e41a430b87a5ba87e3af5130 94cf6f5e19c049a98a9de1bbcd18549f - - default default] 10.0.0.173 "DELETE /v2.0/subnets/514d75c3-5540-4e2b-abe0-38e30795e40e HTTP/1.1" status: 404 len: 337 time: 0.0153136
2026-06-15 21:07:54.823 10 INFO neutron.wsgi [None req-c0ee5829-1557-4827-8885-56e3c5001c94 08ba737c21d84e53a547c562745ab03f b0507a2222dd4d03a8206278ebd0359d - - default default] 10.0.0.173 "DELETE /v2.0/security-groups/17c88158-8555-49af-8996-397f5e90f9a1 HTTP/1.1" status: 204 len: 168 time: 0.3910537
2026-06-15 21:07:54.896 10 INFO neutron.wsgi [None req-b4e2d3bc-bdbe-43f6-9560-7ad71bd16a73 2dc6358d96844483aa984ca12170a718 2eb059e3123645d4852531ed83ad9f1b - - default default] 10.0.0.173 "GET /v2.0/ports/40f1b19a-e1ea-466f-8d1f-6b0aed27dacb HTTP/1.1" status: 200 len: 1137 time: 0.1132495
2026-06-15 21:07:54.989 9 INFO neutron.wsgi [None req-34517496-6450-44ab-9f3d-d314eba3e2a6 2dc6358d96844483aa984ca12170a718 2eb059e3123645d4852531ed83ad9f1b - - default default] 10.0.0.173 "GET /v2.0/ports/40f1b19a-e1ea-466f-8d1f-6b0aed27dacb HTTP/1.1" status: 200 len: 1137 time: 0.0887802
2026-06-15 21:07:55.539 10 INFO neutron.wsgi [None req-43f9a839-33a4-4d31-b47a-6954995648c7 08ba737c21d84e53a547c562745ab03f b0507a2222dd4d03a8206278ebd0359d - - default default] 10.0.0.173 "GET /v2.0/security-groups?tenant_id=94cf6f5e19c049a98a9de1bbcd18549f&name=default HTTP/1.1" status: 200 len: 2996 time: 0.1274531
2026-06-15 21:07:55.710 9 INFO neutron.wsgi [None req-4caa6a27-58bf-42e0-befd-bf798c64d66a 2dc6358d96844483aa984ca12170a718 2eb059e3123645d4852531ed83ad9f1b - - default default] 10.0.0.173 "PUT /v2.0/routers/e6d74c32-2deb-405a-a49f-09d7fe02a5e8/remove_router_interface HTTP/1.1" status: 200 len: 503 time: 0.7159991
2026-06-15 21:07:55.756 10 INFO neutron.wsgi [None req-7ab4a1cd-4b04-46ed-924e-56966a4e7a29 08ba737c21d84e53a547c562745ab03f b0507a2222dd4d03a8206278ebd0359d - - default default] 10.0.0.173 "DELETE /v2.0/security-groups/a1a5fe4e-2709-49ef-ba6c-06515a305af0 HTTP/1.1" status: 204 len: 168 time: 0.2117128
2026-06-15 21:07:55.828 10 INFO neutron.wsgi [None req-d3b41203-e8b0-4f06-9eb2-5003fe3528c6 2dc6358d96844483aa984ca12170a718 2eb059e3123645d4852531ed83ad9f1b - - default default] 10.0.0.173 "GET /v2.0/ports/97624f57-d358-411e-b366-847e4835fe4e HTTP/1.1" status: 200 len: 1137 time: 0.1112356 /var/lib/openstack/lib/python3.10/site-packages/pycadf/identifier.py:71: UserWarning: Invalid uuid: neutron. To ensure interoperability, identifiers should be a valid uuid. warnings.warn(('Invalid uuid: %s. To ensure interoperability, '
2026-06-15 21:07:56.563 9 INFO neutron.wsgi [None req-3c457c9e-9b06-448c-8463-5530ab342893 2dc6358d96844483aa984ca12170a718 2eb059e3123645d4852531ed83ad9f1b - - default default] 10.0.0.173 "PUT /v2.0/routers/e6d74c32-2deb-405a-a49f-09d7fe02a5e8/remove_router_interface HTTP/1.1" status: 200 len: 503 time: 0.7236762 /var/lib/openstack/lib/python3.10/site-packages/pycadf/identifier.py:71: UserWarning: Invalid uuid: neutron. To ensure interoperability, identifiers should be a valid uuid. warnings.warn(('Invalid uuid: %s. To ensure interoperability, '
2026-06-15 21:07:56.597 9 INFO neutron.wsgi [None req-8aee330b-e9ad-488c-9393-8020a4c850ca 2dc6358d96844483aa984ca12170a718 2eb059e3123645d4852531ed83ad9f1b - - default default] 10.0.0.173 "GET /v2.0/ports?device_id=e6d74c32-2deb-405a-a49f-09d7fe02a5e8 HTTP/1.1" status: 200 len: 205 time: 0.0288312
2026-06-15 21:07:56.882 9 INFO neutron.wsgi [None req-dea361ce-3eb8-4cef-a0ee-6a174b7d89f0 2dc6358d96844483aa984ca12170a718 2eb059e3123645d4852531ed83ad9f1b - - default default] 10.0.0.173 "DELETE /v2.0/routers/e6d74c32-2deb-405a-a49f-09d7fe02a5e8 HTTP/1.1" status: 204 len: 168 time: 0.2802644
2026-06-15 21:07:57.150 9 INFO neutron.wsgi [None req-e9b2f2d8-429e-4481-8379-566fa1d630df 2dc6358d96844483aa984ca12170a718 2eb059e3123645d4852531ed83ad9f1b - - default default] 10.0.0.173 "DELETE /v2.0/subnets/3340a611-0799-4166-ac6a-3fdaed13373c HTTP/1.1" status: 204 len: 168 time: 0.2631385
2026-06-15 21:07:57.424 9 INFO neutron.wsgi [None req-728f36ad-f6ed-4014-8123-9f9e3c8973be 2dc6358d96844483aa984ca12170a718 2eb059e3123645d4852531ed83ad9f1b - - default default] 10.0.0.173 "DELETE /v2.0/subnets/608668e3-527d-4275-bacd-ad3044737fae HTTP/1.1" status: 204 len: 168 time: 0.2703688
2026-06-15 21:07:57.700 10 WARNING neutron.plugins.ml2.drivers.ovn.mech_driver.ovsdb.ovn_client [None req-3afca453-c60e-41f0-8287-6cf6a5717111 - - - - - -] No port found with ID 97624f57-d358-411e-b366-847e4835fe4e: RuntimeError: No port found with ID 97624f57-d358-411e-b366-847e4835fe4e
2026-06-15 21:07:57.700 10 INFO neutron.plugins.ml2.drivers.ovn.mech_driver.mech_driver [None req-3afca453-c60e-41f0-8287-6cf6a5717111 - - - - - -] OVN reports status up for port: fde5dc4c-ecf0-4d9f-8c93-103f21f74ee3
2026-06-15 21:07:57.900 9 INFO neutron.services.segments.plugin [-] Segment 13f39b97-72a5-47f0-bb20-1d84080da077 resource provider aggregate not found
