2026-06-15 21:08:22.141 10 INFO neutron.wsgi [req-7923eff4-0b48-4bc2-ae0c-3926c7e41242 req-5bd37ddc-9105-406b-910b-4e5f13cf486f f295b0e2fa4742f79edf8028d7cca781 dd8b079234fb488db03e6de01e8e0df3 - - 8792d6fbeb0d44a2b80411231089ccdb 8792d6fbeb0d44a2b80411231089ccdb] 199.204.45.138 "GET /v2.0/ports?tenant_id=931bcc5beb384e96a2d1091d2b9aee0e&device_id=d0c60a83-bb17-4e6a-83b7-606fd05f1984 HTTP/1.1" status: 200 len: 1411 time: 0.0626049
2026-06-15 21:08:22.171 9 INFO neutron.wsgi [req-b8120257-2931-4d22-bfb5-7bd740968ada req-096c9772-8a47-4f90-8f80-27b64cbafc44 3a5be28d75004d9093d452b95a39c057 931bcc5beb384e96a2d1091d2b9aee0e - - default default] 10.0.0.115 "GET /v2.0/ports?device_id=d0c60a83-bb17-4e6a-83b7-606fd05f1984 HTTP/1.1" status: 200 len: 1172 time: 0.0400233
2026-06-15 21:08:22.235 9 INFO neutron.wsgi [req-b8120257-2931-4d22-bfb5-7bd740968ada req-348c940f-89ba-4e37-bc0b-eda00e8da826 3a5be28d75004d9093d452b95a39c057 931bcc5beb384e96a2d1091d2b9aee0e - - default default] 10.0.0.115 "GET /v2.0/security-groups?id=4c31aaf3-3fb4-416e-8530-44fa47cf0bb9&fields=id&fields=name HTTP/1.1" status: 200 len: 286 time: 0.0551808
2026-06-15 21:08:22.239 10 INFO neutron.wsgi [None req-5c1c6145-a60d-4ad0-8122-e0ca5ca2db0a b70f3f4e1f7944529c71ca62e6b33bc5 6d6aa3ff1b804764a203e9b4a0b75e21 - - default default] 10.0.0.173 "GET /v2.0/security-group-rules HTTP/1.1" status: 200 len: 3567 time: 0.1057580
2026-06-15 21:08:22.294 10 INFO neutron.wsgi [req-7923eff4-0b48-4bc2-ae0c-3926c7e41242 req-3f58bf9c-44b2-4f4d-8213-cf516cdc9939 f295b0e2fa4742f79edf8028d7cca781 dd8b079234fb488db03e6de01e8e0df3 - - 8792d6fbeb0d44a2b80411231089ccdb 8792d6fbeb0d44a2b80411231089ccdb] 199.204.45.138 "GET /v2.0/networks?id=473b39e1-7eae-4ee0-b099-d2b9d7c0425a HTTP/1.1" status: 200 len: 971 time: 0.1427939
2026-06-15 21:08:22.358 10 INFO neutron.wsgi [req-7923eff4-0b48-4bc2-ae0c-3926c7e41242 req-a545f64b-d02a-416f-a6eb-02d598e4b081 f295b0e2fa4742f79edf8028d7cca781 dd8b079234fb488db03e6de01e8e0df3 - - 8792d6fbeb0d44a2b80411231089ccdb 8792d6fbeb0d44a2b80411231089ccdb] 199.204.45.138 "GET /v2.0/floatingips?fixed_ip_address=10.100.0.10&port_id=42568934-edcf-409a-9503-587155fba181 HTTP/1.1" status: 200 len: 217 time: 0.0525112
2026-06-15 21:08:22.393 9 INFO neutron.wsgi [None req-60b8f2aa-cdf5-44d8-a52a-7e8bf68fe532 c4f1720c66a84b48b3e88a1e703ec681 ab646ea589294308899c8da4f9519770 - - default default] 10.0.0.173 "DELETE /v2.0/subnets/45ecacd7-73e3-4770-b57b-94639578f809 HTTP/1.1" status: 204 len: 168 time: 0.2703321
2026-06-15 21:08:22.421 10 INFO neutron.wsgi [req-7923eff4-0b48-4bc2-ae0c-3926c7e41242 req-b34540b5-6e80-4830-b2eb-f683b0b95df8 f295b0e2fa4742f79edf8028d7cca781 dd8b079234fb488db03e6de01e8e0df3 - - 8792d6fbeb0d44a2b80411231089ccdb 8792d6fbeb0d44a2b80411231089ccdb] 199.204.45.138 "GET /v2.0/subnets?id=54d15231-e8c2-4d23-907e-1fc2fca32b21 HTTP/1.1" status: 200 len: 866 time: 0.0569329
2026-06-15 21:08:22.456 10 INFO neutron.wsgi [req-7923eff4-0b48-4bc2-ae0c-3926c7e41242 req-e6fe7dac-abad-4852-ae32-7c1e4d77181e f295b0e2fa4742f79edf8028d7cca781 dd8b079234fb488db03e6de01e8e0df3 - - 8792d6fbeb0d44a2b80411231089ccdb 8792d6fbeb0d44a2b80411231089ccdb] 199.204.45.138 "GET /v2.0/ports?network_id=473b39e1-7eae-4ee0-b099-d2b9d7c0425a&device_owner=network%3Adhcp HTTP/1.1" status: 200 len: 210 time: 0.0277400
2026-06-15 21:08:22.528 10 INFO neutron.wsgi [None req-77397901-06cc-4723-b8ed-6042179fe00e b70f3f4e1f7944529c71ca62e6b33bc5 6d6aa3ff1b804764a203e9b4a0b75e21 - - default default] 10.0.0.173 "DELETE /v2.0/security-groups/2851b7f4-6c88-4ad3-bb35-6aad69166105 HTTP/1.1" status: 204 len: 168 time: 0.2850368
2026-06-15 21:08:22.550 10 INFO neutron.wsgi [req-7923eff4-0b48-4bc2-ae0c-3926c7e41242 req-d6f6ab64-e58d-47ef-bab7-22f6bc073fcd f295b0e2fa4742f79edf8028d7cca781 dd8b079234fb488db03e6de01e8e0df3 - - 8792d6fbeb0d44a2b80411231089ccdb 8792d6fbeb0d44a2b80411231089ccdb] 199.204.45.138 "GET /v2.0/networks/473b39e1-7eae-4ee0-b099-d2b9d7c0425a?fields=segments HTTP/1.1" status: 200 len: 212 time: 0.0859573
2026-06-15 21:08:22.601 10 INFO neutron.db.ovn_revision_numbers_db [None req-d58bd5c8-956d-4683-86f7-13becf335bbb 08ba737c21d84e53a547c562745ab03f b0507a2222dd4d03a8206278ebd0359d - - default default] Successfully bumped revision number for resource c92f8add-dc73-404c-b9ef-abe97bc7d24c (type: ports) to 2
2026-06-15 21:08:22.614 9 INFO neutron.wsgi [None req-28e7fef3-2a08-4ad8-8fac-53aa3f0eb2b5 b70f3f4e1f7944529c71ca62e6b33bc5 6d6aa3ff1b804764a203e9b4a0b75e21 - - default default] 10.0.0.173 "GET /v2.0/security-groups HTTP/1.1" status: 200 len: 2996 time: 0.0787942
2026-06-15 21:08:22.652 10 INFO neutron.wsgi [req-7923eff4-0b48-4bc2-ae0c-3926c7e41242 req-86545cec-141a-43d7-a4c2-e70f212ab05a f295b0e2fa4742f79edf8028d7cca781 dd8b079234fb488db03e6de01e8e0df3 - - 8792d6fbeb0d44a2b80411231089ccdb 8792d6fbeb0d44a2b80411231089ccdb] 199.204.45.138 "GET /v2.0/networks/473b39e1-7eae-4ee0-b099-d2b9d7c0425a?fields=provider%3Aphysical_network&fields=provider%3Anetwork_type HTTP/1.1" status: 200 len: 277 time: 0.0932882
2026-06-15 21:08:22.656 10 INFO neutron.db.ovn_revision_numbers_db [None req-d58bd5c8-956d-4683-86f7-13becf335bbb 08ba737c21d84e53a547c562745ab03f b0507a2222dd4d03a8206278ebd0359d - - default default] Successfully bumped revision number for resource 0126683a-a97e-490b-a0f3-c71de52fc072 (type: subnets) to 0
2026-06-15 21:08:22.671 10 INFO neutron.wsgi [None req-eaa18f9c-315b-4fdf-83c2-2177baa94a48 b70f3f4e1f7944529c71ca62e6b33bc5 6d6aa3ff1b804764a203e9b4a0b75e21 - - default default] 10.0.0.173 "GET /v2.0/security-groups HTTP/1.1" status: 200 len: 2996 time: 0.0481870
2026-06-15 21:08:22.673 10 INFO neutron.wsgi [None req-d58bd5c8-956d-4683-86f7-13becf335bbb 08ba737c21d84e53a547c562745ab03f b0507a2222dd4d03a8206278ebd0359d - - default default] 10.0.0.173 "POST /v2.0/subnets HTTP/1.1" status: 201 len: 862 time: 1.4611161
2026-06-15 21:08:22.849 9 INFO neutron.services.segments.plugin [-] Segment cc791afb-a91a-4f56-b719-9407fb238d10 resource provider aggregate not found
2026-06-15 21:08:22.854 9 INFO neutron.services.segments.plugin [-] Segment cc791afb-a91a-4f56-b719-9407fb238d10 resource provider aggregate not found
2026-06-15 21:08:22.868 9 INFO neutron.services.segments.plugin [-] Segment cc791afb-a91a-4f56-b719-9407fb238d10 resource provider not found; error: Placement Client Error (4xx): {"errors": [{"status": 404, "title": "Not Found", "detail": "The resource could not be found.\n\n No resource provider with uuid cc791afb-a91a-4f56-b719-9407fb238d10 found for delete ", "request_id": "req-54c29d92-f0e5-4297-88c1-b70a476dc374"}]}
2026-06-15 21:08:22.875 9 INFO neutron.services.segments.plugin [-] Segment cc791afb-a91a-4f56-b719-9407fb238d10 resource provider not found; error: Placement Client Error (4xx): {"errors": [{"status": 404, "title": "Not Found", "detail": "The resource could not be found.\n\n No resource provider with uuid cc791afb-a91a-4f56-b719-9407fb238d10 found for delete ", "request_id": "req-68aeacd4-a44c-4afa-a74c-e7bd7bb76d3b"}]}
2026-06-15 21:08:22.899 9 INFO neutron.wsgi [None req-ab6ba4af-59d9-4f2f-bf9d-5a2c658507a5 c4f1720c66a84b48b3e88a1e703ec681 ab646ea589294308899c8da4f9519770 - - default default] 10.0.0.173 "DELETE /v2.0/networks/43c3e834-331d-4b2e-b2da-4c94c6f6c924 HTTP/1.1" status: 204 len: 168 time: 0.5000618
2026-06-15 21:08:23.126 10 WARNING neutron.scheduler.dhcp_agent_scheduler [None req-72af9c07-6d43-4c72-b144-81e644d1135e 08ba737c21d84e53a547c562745ab03f b0507a2222dd4d03a8206278ebd0359d - - default default] No more DHCP agents
2026-06-15 21:08:23.128 10 WARNING neutron.api.rpc.agentnotifiers.dhcp_rpc_agent_api [None req-72af9c07-6d43-4c72-b144-81e644d1135e 08ba737c21d84e53a547c562745ab03f b0507a2222dd4d03a8206278ebd0359d - - default default] Unable to schedule network 0404a59f-5d03-4d96-82f5-10213451dfeb: no agents available; will retry on subsequent port and subnet creation events.
2026-06-15 21:08:23.278 10 INFO neutron.db.ovn_revision_numbers_db [None req-72af9c07-6d43-4c72-b144-81e644d1135e 08ba737c21d84e53a547c562745ab03f b0507a2222dd4d03a8206278ebd0359d - - default default] Successfully bumped revision number for resource 9cf10070-958e-4746-a9c9-06a96bc6b447 (type: ports) to 1
2026-06-15 21:08:23.422 9 INFO neutron.wsgi [req-4995826c-be05-4f39-a8f4-074a4ca80892 req-4683f649-76e7-4694-95e8-1aa31979f2ff 3a5be28d75004d9093d452b95a39c057 931bcc5beb384e96a2d1091d2b9aee0e - - default default] 10.0.0.115 "GET /v2.0/ports?device_id=d0c60a83-bb17-4e6a-83b7-606fd05f1984 HTTP/1.1" status: 200 len: 1172 time: 0.0927777
2026-06-15 21:08:23.465 9 INFO neutron.wsgi [None req-0d97861d-7a3d-45b2-9e04-dc9f699cc677 08ba737c21d84e53a547c562745ab03f b0507a2222dd4d03a8206278ebd0359d - - default default] 10.0.0.173 "GET /v2.0/security-groups?tenant_id=ab646ea589294308899c8da4f9519770&name=default HTTP/1.1" status: 200 len: 2996 time: 0.1026909
2026-06-15 21:08:23.479 9 INFO neutron.wsgi [req-4995826c-be05-4f39-a8f4-074a4ca80892 req-b8148996-82aa-44ef-9066-4103d9d74866 3a5be28d75004d9093d452b95a39c057 931bcc5beb384e96a2d1091d2b9aee0e - - default default] 10.0.0.115 "GET /v2.0/security-groups?id=4c31aaf3-3fb4-416e-8530-44fa47cf0bb9&fields=id&fields=name HTTP/1.1" status: 200 len: 286 time: 0.0457439
2026-06-15 21:08:23.612 10 INFO neutron.wsgi [None req-cac4cd3d-93d4-409c-93ac-ebdc72e889e1 08ba737c21d84e53a547c562745ab03f b0507a2222dd4d03a8206278ebd0359d - - default default] 10.0.0.173 "GET /v2.0/security-groups?tenant_id=6d6aa3ff1b804764a203e9b4a0b75e21&name=default HTTP/1.1" status: 200 len: 2996 time: 0.4263134
2026-06-15 21:08:23.690 9 INFO neutron.wsgi [None req-bf792498-fb43-4828-a1bd-cae3bd2ee5d9 08ba737c21d84e53a547c562745ab03f b0507a2222dd4d03a8206278ebd0359d - - default default] 10.0.0.173 "DELETE /v2.0/security-groups/5ad05186-ed4a-448d-b46d-353c00e58c7a HTTP/1.1" status: 204 len: 168 time: 0.2200909
2026-06-15 21:08:23.822 9 INFO neutron.wsgi [None req-5b2e9fce-0dc1-44c7-b683-198702d7bd5c 08ba737c21d84e53a547c562745ab03f b0507a2222dd4d03a8206278ebd0359d - - default default] 10.0.0.173 "DELETE /v2.0/security-groups/b434a98d-904f-4883-b30e-fb7297cd013d HTTP/1.1" status: 204 len: 168 time: 0.2046056
2026-06-15 21:08:24.065 10 INFO neutron.plugins.ml2.drivers.ovn.mech_driver.mech_driver [None req-3afca453-c60e-41f0-8287-6cf6a5717111 - - - - - -] OVN reports status up for port: 9cf10070-958e-4746-a9c9-06a96bc6b447
2026-06-15 21:08:24.087 10 INFO neutron.plugins.ml2.drivers.ovn.mech_driver.ovsdb.ovsdb_monitor [None req-1cf2740a-3143-47f0-8885-8b80b59e13f0 - - - - - -] Router 041aebe2-c939-4f0e-b678-6d95ed45802f is bound to host instance
2026-06-15 21:08:24.091 10 INFO neutron.plugins.ml2.plugin [None req-3afca453-c60e-41f0-8287-6cf6a5717111 - - - - - -] Attempt 1 to provision port 9cf10070-958e-4746-a9c9-06a96bc6b447
2026-06-15 21:08:24.128 10 INFO neutron.db.ovn_revision_numbers_db [None req-72af9c07-6d43-4c72-b144-81e644d1135e 08ba737c21d84e53a547c562745ab03f b0507a2222dd4d03a8206278ebd0359d - - default default] Successfully bumped revision number for resource 9cf10070-958e-4746-a9c9-06a96bc6b447 (type: router_ports) to 1
2026-06-15 21:08:24.255 10 INFO neutron.db.ovn_revision_numbers_db [None req-72af9c07-6d43-4c72-b144-81e644d1135e 08ba737c21d84e53a547c562745ab03f b0507a2222dd4d03a8206278ebd0359d - - default default] Successfully bumped revision number for resource 041aebe2-c939-4f0e-b678-6d95ed45802f (type: routers) to 2
2026-06-15 21:08:24.280 10 INFO neutron.wsgi [None req-72af9c07-6d43-4c72-b144-81e644d1135e 08ba737c21d84e53a547c562745ab03f b0507a2222dd4d03a8206278ebd0359d - - default default] 10.0.0.173 "POST /v2.0/routers HTTP/1.1" status: 201 len: 873 time: 1.6005025
2026-06-15 21:08:24.603 9 INFO neutron.wsgi [req-4848631b-5b72-4962-88a8-a6745bf50baa req-d1be98f3-ec9b-429e-b409-3c10d9c3dbc9 3a5be28d75004d9093d452b95a39c057 931bcc5beb384e96a2d1091d2b9aee0e - - default default] 10.0.0.115 "GET /v2.0/ports?device_id=d0c60a83-bb17-4e6a-83b7-606fd05f1984 HTTP/1.1" status: 200 len: 1172 time: 0.0511329
2026-06-15 21:08:24.650 9 INFO neutron.wsgi [req-4848631b-5b72-4962-88a8-a6745bf50baa req-cd42a570-059c-4fd7-8459-dcd4a9a2a686 3a5be28d75004d9093d452b95a39c057 931bcc5beb384e96a2d1091d2b9aee0e - - default default] 10.0.0.115 "GET /v2.0/security-groups?id=4c31aaf3-3fb4-416e-8530-44fa47cf0bb9&fields=id&fields=name HTTP/1.1" status: 200 len: 286 time: 0.0434928
2026-06-15 21:08:24.727 10 INFO neutron.db.ovn_revision_numbers_db [None req-1cf2740a-3143-47f0-8885-8b80b59e13f0 - - - - - -] Successfully bumped revision number for resource 9cf10070-958e-4746-a9c9-06a96bc6b447 (type: ports) to 1
2026-06-15 21:08:24.747 9 WARNING neutron.scheduler.dhcp_agent_scheduler [None req-a7ece4a2-6f51-42c8-baf2-cc1ab128224c 08ba737c21d84e53a547c562745ab03f b0507a2222dd4d03a8206278ebd0359d - - default default] No more DHCP agents
2026-06-15 21:08:24.750 9 WARNING neutron.api.rpc.agentnotifiers.dhcp_rpc_agent_api [None req-a7ece4a2-6f51-42c8-baf2-cc1ab128224c 08ba737c21d84e53a547c562745ab03f b0507a2222dd4d03a8206278ebd0359d - - default default] Unable to schedule network 1bd8e8cd-1a73-4b0b-9705-80a9334a477f: no agents available; will retry on subsequent port and subnet creation events.
2026-06-15 21:08:24.894 9 INFO neutron.db.ovn_revision_numbers_db [None req-a7ece4a2-6f51-42c8-baf2-cc1ab128224c 08ba737c21d84e53a547c562745ab03f b0507a2222dd4d03a8206278ebd0359d - - default default] Successfully bumped revision number for resource 7e33c0d6-6719-4205-bfa3-b5f6d9af6503 (type: ports) to 1
2026-06-15 21:08:24.973 10 INFO neutron.db.ovn_revision_numbers_db [None req-1cf2740a-3143-47f0-8885-8b80b59e13f0 - - - - - -] Successfully bumped revision number for resource 9cf10070-958e-4746-a9c9-06a96bc6b447 (type: router_ports) to 3
2026-06-15 21:08:25.163 10 INFO neutron.db.ovn_revision_numbers_db [None req-1cf2740a-3143-47f0-8885-8b80b59e13f0 - - - - - -] Successfully bumped revision number for resource 9cf10070-958e-4746-a9c9-06a96bc6b447 (type: ports) to 2
2026-06-15 21:08:25.351 9 INFO neutron.db.ovn_revision_numbers_db [None req-a7ece4a2-6f51-42c8-baf2-cc1ab128224c 08ba737c21d84e53a547c562745ab03f b0507a2222dd4d03a8206278ebd0359d - - default default] Successfully bumped revision number for resource 7e33c0d6-6719-4205-bfa3-b5f6d9af6503 (type: router_ports) to 1
2026-06-15 21:08:25.431 10 INFO neutron.wsgi [-] 10.0.0.173 "GET / HTTP/1.1" status: 200 len: 279 time: 0.0017674
2026-06-15 21:08:25.439 10 INFO neutron.db.ovn_revision_numbers_db [None req-1cf2740a-3143-47f0-8885-8b80b59e13f0 - - - - - -] Successfully bumped revision number for resource 9cf10070-958e-4746-a9c9-06a96bc6b447 (type: ports) to 4
2026-06-15 21:08:25.533 9 INFO neutron.db.ovn_revision_numbers_db [None req-a7ece4a2-6f51-42c8-baf2-cc1ab128224c 08ba737c21d84e53a547c562745ab03f b0507a2222dd4d03a8206278ebd0359d - - default default] Successfully bumped revision number for resource 7e33c0d6-6719-4205-bfa3-b5f6d9af6503 (type: ports) to 1
2026-06-15 21:08:25.612 9 WARNING neutron.scheduler.dhcp_agent_scheduler [None req-a7ece4a2-6f51-42c8-baf2-cc1ab128224c 08ba737c21d84e53a547c562745ab03f b0507a2222dd4d03a8206278ebd0359d - - default default] No more DHCP agents
2026-06-15 21:08:25.614 9 WARNING neutron.api.rpc.agentnotifiers.dhcp_rpc_agent_api [None req-a7ece4a2-6f51-42c8-baf2-cc1ab128224c 08ba737c21d84e53a547c562745ab03f b0507a2222dd4d03a8206278ebd0359d - - default default] Unable to schedule network 1bd8e8cd-1a73-4b0b-9705-80a9334a477f: no agents available; will retry on subsequent port and subnet creation events.
2026-06-15 21:08:25.626 10 INFO neutron.wsgi [None req-719b68b4-985f-4f13-b6b8-7323175b96be f816c316c99a4882b0ee43060c983f93 b6858328836c450e8631f9e16a1e11c7 - - default default] 10.0.0.173 "GET /v2.0/ HTTP/1.1" status: 200 len: 826 time: 0.1905465
2026-06-15 21:08:25.650 10 INFO neutron.db.ovn_revision_numbers_db [None req-1cf2740a-3143-47f0-8885-8b80b59e13f0 - - - - - -] Successfully bumped revision number for resource 9cf10070-958e-4746-a9c9-06a96bc6b447 (type: router_ports) to 4
2026-06-15 21:08:25.709 9 WARNING neutron_lib.context [None req-f791bb7d-c54d-4b62-bc91-39d1d61c3d20 45a83f1d99fb4062a9812bdd80e97a6b ce1e8f9f231f42bebe5cd5291b4751ea - - default default] Method 'is_advsvc' is deprecated since 2023.2 release (neutron-lib 3.8.0) and will be removed once support for the old RBAC API policies will be removed from Neutron. Please use method 'is_service_role' instead.
2026-06-15 21:08:25.796 9 INFO neutron.wsgi [req-4f3c6915-763f-4de9-8d3a-182048798978 req-88150ec8-5d6b-4f42-963d-5f447de7eb6c 3a5be28d75004d9093d452b95a39c057 931bcc5beb384e96a2d1091d2b9aee0e - - default default] 10.0.0.115 "GET /v2.0/ports?device_id=d0c60a83-bb17-4e6a-83b7-606fd05f1984 HTTP/1.1" status: 200 len: 1172 time: 0.0793664
2026-06-15 21:08:25.852 9 INFO neutron.wsgi [None req-f791bb7d-c54d-4b62-bc91-39d1d61c3d20 45a83f1d99fb4062a9812bdd80e97a6b ce1e8f9f231f42bebe5cd5291b4751ea - - default default] 10.0.0.173 "POST /v2.0/subnetpools HTTP/1.1" status: 201 len: 748 time: 0.1884775
2026-06-15 21:08:25.870 9 INFO neutron.wsgi [req-4f3c6915-763f-4de9-8d3a-182048798978 req-df0e40c2-480f-4d30-a5f6-8e09e754717c 3a5be28d75004d9093d452b95a39c057 931bcc5beb384e96a2d1091d2b9aee0e - - default default] 10.0.0.115 "GET /v2.0/security-groups?id=4c31aaf3-3fb4-416e-8530-44fa47cf0bb9&fields=id&fields=name HTTP/1.1" status: 200 len: 286 time: 0.0648675
2026-06-15 21:08:25.882 10 INFO neutron.wsgi [None req-53302470-2fb8-42b8-a5cc-fa27f542a7e7 45a83f1d99fb4062a9812bdd80e97a6b ce1e8f9f231f42bebe5cd5291b4751ea - - default default] 10.0.0.173 "GET /v2.0/subnetpools/2f072c01-a0c7-4cfe-9499-c28ee0127045 HTTP/1.1" status: 200 len: 743 time: 0.0253272
2026-06-15 21:08:25.953 10 INFO neutron.wsgi [None req-780c28f1-862c-4a27-87ad-45b619183e62 45a83f1d99fb4062a9812bdd80e97a6b ce1e8f9f231f42bebe5cd5291b4751ea - - default default] 10.0.0.173 "PUT /v2.0/subnetpools/2f072c01-a0c7-4cfe-9499-c28ee0127045 HTTP/1.1" status: 200 len: 694 time: 0.0645530
2026-06-15 21:08:26.299 9 INFO neutron.wsgi [None req-5a24deda-3c4c-4d5b-a693-86b8c870eb10 45a83f1d99fb4062a9812bdd80e97a6b ce1e8f9f231f42bebe5cd5291b4751ea - - default default] 10.0.0.173 "DELETE /v2.0/subnetpools/2f072c01-a0c7-4cfe-9499-c28ee0127045 HTTP/1.1" status: 204 len: 168 time: 0.3418269
2026-06-15 21:08:26.319 10 INFO neutron.api.v2.resource [None req-1d63e170-b04e-4e4a-a74e-a040d9a02efe 45a83f1d99fb4062a9812bdd80e97a6b ce1e8f9f231f42bebe5cd5291b4751ea - - default default] show failed (client error): The resource could not be found.
2026-06-15 21:08:26.320 10 INFO neutron.wsgi [None req-1d63e170-b04e-4e4a-a74e-a040d9a02efe 45a83f1d99fb4062a9812bdd80e97a6b ce1e8f9f231f42bebe5cd5291b4751ea - - default default] 10.0.0.173 "GET /v2.0/subnetpools/2f072c01-a0c7-4cfe-9499-c28ee0127045 HTTP/1.1" status: 404 len: 346 time: 0.0144956
2026-06-15 21:08:26.345 10 INFO neutron.api.v2.resource [None req-263c35d4-de28-4b89-90ae-bb008da83d29 45a83f1d99fb4062a9812bdd80e97a6b ce1e8f9f231f42bebe5cd5291b4751ea - - default default] delete failed (client error): The resource could not be found.
2026-06-15 21:08:26.346 10 INFO neutron.wsgi [None req-263c35d4-de28-4b89-90ae-bb008da83d29 45a83f1d99fb4062a9812bdd80e97a6b ce1e8f9f231f42bebe5cd5291b4751ea - - default default] 10.0.0.173 "DELETE /v2.0/subnetpools/2f072c01-a0c7-4cfe-9499-c28ee0127045 HTTP/1.1" status: 404 len: 346 time: 0.0192196
2026-06-15 21:08:26.452 10 INFO neutron.db.ovn_revision_numbers_db [None req-2c337963-abeb-4c60-8f74-58f66afacdca 08ba737c21d84e53a547c562745ab03f b0507a2222dd4d03a8206278ebd0359d - - default default] Successfully bumped revision number for resource b264cdfb-d8a8-4ae9-9082-15395c499511 (type: security_groups) to 1
2026-06-15 21:08:26.466 10 INFO neutron.db.ovn_revision_numbers_db [None req-2c337963-abeb-4c60-8f74-58f66afacdca 08ba737c21d84e53a547c562745ab03f b0507a2222dd4d03a8206278ebd0359d - - default default] Successfully bumped revision number for resource 070fbbe4-813b-47f9-9dce-0af8f7248fd9 (type: security_group_rules) to 0
2026-06-15 21:08:26.480 10 INFO neutron.db.ovn_revision_numbers_db [None req-2c337963-abeb-4c60-8f74-58f66afacdca 08ba737c21d84e53a547c562745ab03f b0507a2222dd4d03a8206278ebd0359d - - default default] Successfully bumped revision number for resource 17f84f2b-8c86-40ba-80ca-63b766ef77bb (type: security_group_rules) to 0
2026-06-15 21:08:26.495 10 INFO neutron.db.ovn_revision_numbers_db [None req-2c337963-abeb-4c60-8f74-58f66afacdca 08ba737c21d84e53a547c562745ab03f b0507a2222dd4d03a8206278ebd0359d - - default default] Successfully bumped revision number for resource 4c47b2c6-84c7-4de4-b26b-314c534b1e6a (type: security_group_rules) to 0
2026-06-15 21:08:26.511 10 INFO neutron.db.ovn_revision_numbers_db [None req-2c337963-abeb-4c60-8f74-58f66afacdca 08ba737c21d84e53a547c562745ab03f b0507a2222dd4d03a8206278ebd0359d - - default default] Successfully bumped revision number for resource 8ae47f8d-db1e-44f7-97d3-423f2035b488 (type: security_group_rules) to 0
2026-06-15 21:08:26.523 9 WARNING neutron.plugins.ml2.drivers.ovn.mech_driver.ovsdb.ovn_client [None req-bed6fbfe-6ae4-4677-9612-1aab72c8e8bd - - - - - -] No hosting information found for port f0272fb2-46c8-4d1f-bcb9-5addd658fde8: RuntimeError: No hosting information found for port f0272fb2-46c8-4d1f-bcb9-5addd658fde8
2026-06-15 21:08:26.524 9 INFO neutron.plugins.ml2.drivers.ovn.mech_driver.mech_driver [None req-bed6fbfe-6ae4-4677-9612-1aab72c8e8bd - - - - - -] OVN reports status up for port: 42568934-edcf-409a-9503-587155fba181
2026-06-15 21:08:26.535 10 INFO neutron.wsgi [None req-2c337963-abeb-4c60-8f74-58f66afacdca 08ba737c21d84e53a547c562745ab03f b0507a2222dd4d03a8206278ebd0359d - - default default] 10.0.0.173 "GET /v2.0/security-groups?tenant_id=b6858328836c450e8631f9e16a1e11c7&name=default HTTP/1.1" status: 200 len: 2996 time: 0.3079696
2026-06-15 21:08:26.548 9 INFO neutron.plugins.ml2.plugin [None req-bed6fbfe-6ae4-4677-9612-1aab72c8e8bd - - - - - -] Attempt 1 to provision port 42568934-edcf-409a-9503-587155fba181
2026-06-15 21:08:26.695 9 INFO neutron.notifiers.nova [-] Nova event matching ['req-3fec46e7-e6a7-46d1-9beb-3d8d07610b35'] response: {'server_uuid': 'd0c60a83-bb17-4e6a-83b7-606fd05f1984', 'name': 'network-vif-plugged', 'status': 'completed', 'tag': '42568934-edcf-409a-9503-587155fba181', 'code': 200}
2026-06-15 21:08:26.769 10 INFO neutron.plugins.ml2.drivers.ovn.mech_driver.mech_driver [None req-3afca453-c60e-41f0-8287-6cf6a5717111 - - - - - -] OVN reports status up for port: 7e33c0d6-6719-4205-bfa3-b5f6d9af6503
2026-06-15 21:08:26.780 10 INFO neutron.plugins.ml2.plugin [None req-3afca453-c60e-41f0-8287-6cf6a5717111 - - - - - -] Attempt 1 to provision port 7e33c0d6-6719-4205-bfa3-b5f6d9af6503
2026-06-15 21:08:26.797 9 INFO neutron.db.ovn_revision_numbers_db [None req-a7ece4a2-6f51-42c8-baf2-cc1ab128224c 08ba737c21d84e53a547c562745ab03f b0507a2222dd4d03a8206278ebd0359d - - default default] Successfully bumped revision number for resource 7e33c0d6-6719-4205-bfa3-b5f6d9af6503 (type: router_ports) to 1
2026-06-15 21:08:26.800 9 INFO neutron.wsgi [None req-a7ece4a2-6f51-42c8-baf2-cc1ab128224c 08ba737c21d84e53a547c562745ab03f b0507a2222dd4d03a8206278ebd0359d - - default default] 10.0.0.173 "PUT /v2.0/routers/041aebe2-c939-4f0e-b678-6d95ed45802f/add_router_interface HTTP/1.1" status: 200 len: 503 time: 2.5108185
2026-06-15 21:08:26.816 10 INFO neutron.wsgi [None req-587c41f9-e8d3-49bb-aa2b-fd7bc9194d17 08ba737c21d84e53a547c562745ab03f b0507a2222dd4d03a8206278ebd0359d - - default default] 10.0.0.173 "DELETE /v2.0/security-groups/b264cdfb-d8a8-4ae9-9082-15395c499511 HTTP/1.1" status: 204 len: 168 time: 0.2769477
2026-06-15 21:08:26.929 9 INFO neutron.db.ovn_revision_numbers_db [None req-bed6fbfe-6ae4-4677-9612-1aab72c8e8bd - - - - - -] Successfully bumped revision number for resource 42568934-edcf-409a-9503-587155fba181 (type: ports) to 4
2026-06-15 21:08:27.016 9 INFO neutron.wsgi [req-5a3057d6-a8c5-4a0c-a019-03540beee45b req-00f40d73-4064-4e58-8c15-2b729a4ab730 3a5be28d75004d9093d452b95a39c057 931bcc5beb384e96a2d1091d2b9aee0e - - default default] 10.0.0.115 "GET /v2.0/ports?device_id=d0c60a83-bb17-4e6a-83b7-606fd05f1984 HTTP/1.1" status: 200 len: 1174 time: 0.0774779 /var/lib/openstack/lib/python3.10/site-packages/pycadf/identifier.py:71: UserWarning: Invalid uuid: neutron. To ensure interoperability, identifiers should be a valid uuid. warnings.warn(('Invalid uuid: %s. To ensure interoperability, '
2026-06-15 21:08:27.090 9 INFO neutron.wsgi [req-5a3057d6-a8c5-4a0c-a019-03540beee45b req-1cd9fc9e-2615-4c64-96d4-5d934e830a93 3a5be28d75004d9093d452b95a39c057 931bcc5beb384e96a2d1091d2b9aee0e - - default default] 10.0.0.115 "GET /v2.0/security-groups?id=4c31aaf3-3fb4-416e-8530-44fa47cf0bb9&fields=id&fields=name HTTP/1.1" status: 200 len: 286 time: 0.0675986
2026-06-15 21:08:27.108 10 INFO neutron.db.ovn_revision_numbers_db [None req-243891ef-cfb0-4f48-98d6-c333d38cbd6c 08ba737c21d84e53a547c562745ab03f b0507a2222dd4d03a8206278ebd0359d - - default default] Successfully bumped revision number for resource e61b486b-df62-40ad-870f-3c972ec7fff0 (type: security_groups) to 1
2026-06-15 21:08:27.117 10 INFO neutron.db.ovn_revision_numbers_db [None req-3afca453-c60e-41f0-8287-6cf6a5717111 - - - - - -] Successfully bumped revision number for resource 7e33c0d6-6719-4205-bfa3-b5f6d9af6503 (type: ports) to 2
2026-06-15 21:08:27.128 10 INFO neutron.db.ovn_revision_numbers_db [None req-243891ef-cfb0-4f48-98d6-c333d38cbd6c 08ba737c21d84e53a547c562745ab03f b0507a2222dd4d03a8206278ebd0359d - - default default] Successfully bumped revision number for resource 4d00a2f6-0156-4e16-b620-ce8921e7a56d (type: security_group_rules) to 0
2026-06-15 21:08:27.161 10 INFO neutron.db.ovn_revision_numbers_db [None req-243891ef-cfb0-4f48-98d6-c333d38cbd6c 08ba737c21d84e53a547c562745ab03f b0507a2222dd4d03a8206278ebd0359d - - default default] Successfully bumped revision number for resource 8701f3e4-4043-4dd0-9397-3b5a168e4f7d (type: security_group_rules) to 0
2026-06-15 21:08:27.194 10 INFO neutron.db.ovn_revision_numbers_db [None req-243891ef-cfb0-4f48-98d6-c333d38cbd6c 08ba737c21d84e53a547c562745ab03f b0507a2222dd4d03a8206278ebd0359d - - default default] Successfully bumped revision number for resource 96c678db-a006-433b-a8ba-8084e8d4af89 (type: security_group_rules) to 0
2026-06-15 21:08:27.206 10 INFO neutron.db.ovn_revision_numbers_db [None req-3afca453-c60e-41f0-8287-6cf6a5717111 - - - - - -] Successfully bumped revision number for resource 7e33c0d6-6719-4205-bfa3-b5f6d9af6503 (type: router_ports) to 2
2026-06-15 21:08:27.210 10 INFO neutron.db.ovn_revision_numbers_db [None req-243891ef-cfb0-4f48-98d6-c333d38cbd6c 08ba737c21d84e53a547c562745ab03f b0507a2222dd4d03a8206278ebd0359d - - default default] Successfully bumped revision number for resource ea018c40-336f-4d48-adf1-539bf7c25c46 (type: security_group_rules) to 0
2026-06-15 21:08:27.239 10 INFO neutron.wsgi [None req-243891ef-cfb0-4f48-98d6-c333d38cbd6c 08ba737c21d84e53a547c562745ab03f b0507a2222dd4d03a8206278ebd0359d - - default default] 10.0.0.173 "GET /v2.0/security-groups?tenant_id=ce1e8f9f231f42bebe5cd5291b4751ea&name=default HTTP/1.1" status: 200 len: 2996 time: 0.3670540
2026-06-15 21:08:27.485 9 WARNING neutron_lib.context [None req-e8396860-04ce-4b2c-bebb-178b430c4f4a 9dd11bb661494d7c854fea0080612520 689b241d12a94bce960b3fb0936ae5b8 - - default default] Method 'is_advsvc' is deprecated since 2023.2 release (neutron-lib 3.8.0) and will be removed once support for the old RBAC API policies will be removed from Neutron. Please use method 'is_service_role' instead.
2026-06-15 21:08:27.529 9 INFO neutron.wsgi [None req-b36964f6-20e5-449c-9c83-47cec900a23f 08ba737c21d84e53a547c562745ab03f b0507a2222dd4d03a8206278ebd0359d - - default default] 10.0.0.173 "DELETE /v2.0/security-groups/e61b486b-df62-40ad-870f-3c972ec7fff0 HTTP/1.1" status: 204 len: 168 time: 0.2850835
2026-06-15 21:08:27.652 9 INFO neutron.plugins.ml2.drivers.ovn.mech_driver.mech_driver [None req-bed6fbfe-6ae4-4677-9612-1aab72c8e8bd - - - - - -] OVN reports status down for port: 42568934-edcf-409a-9503-587155fba181
2026-06-15 21:08:27.675 9 INFO neutron.db.ovn_revision_numbers_db [None req-e8396860-04ce-4b2c-bebb-178b430c4f4a 9dd11bb661494d7c854fea0080612520 689b241d12a94bce960b3fb0936ae5b8 - - default default] Successfully bumped revision number for resource 49e318d3-53ea-420b-89f1-d8e8672a1bc3 (type: security_groups) to 1
2026-06-15 21:08:27.689 9 INFO neutron.wsgi [req-a8a6f84d-ddce-41bc-a1bd-f7f7b12bf973 req-920313f9-a3cd-41e3-83fc-1fd7b3e9608f 3a5be28d75004d9093d452b95a39c057 931bcc5beb384e96a2d1091d2b9aee0e - - default default] 10.0.0.115 "GET /v2.0/ports?device_id=d0c60a83-bb17-4e6a-83b7-606fd05f1984 HTTP/1.1" status: 200 len: 1174 time: 0.0709171
2026-06-15 21:08:27.711 9 INFO neutron.db.ovn_revision_numbers_db [None req-e8396860-04ce-4b2c-bebb-178b430c4f4a 9dd11bb661494d7c854fea0080612520 689b241d12a94bce960b3fb0936ae5b8 - - default default] Successfully bumped revision number for resource a5cd7eb9-7dad-4b87-a8a6-e205a003483e (type: security_group_rules) to 0
2026-06-15 21:08:27.741 9 INFO neutron.db.ovn_revision_numbers_db [None req-e8396860-04ce-4b2c-bebb-178b430c4f4a 9dd11bb661494d7c854fea0080612520 689b241d12a94bce960b3fb0936ae5b8 - - default default] Successfully bumped revision number for resource ce6d921e-b5a6-4d77-9f61-0bd2c28d4706 (type: security_group_rules) to 0
2026-06-15 21:08:27.764 9 INFO neutron.wsgi [req-a8a6f84d-ddce-41bc-a1bd-f7f7b12bf973 req-4645eb09-6fb5-47c3-a369-8b6a54afb842 3a5be28d75004d9093d452b95a39c057 931bcc5beb384e96a2d1091d2b9aee0e - - default default] 10.0.0.115 "GET /v2.0/security-groups?id=4c31aaf3-3fb4-416e-8530-44fa47cf0bb9&fields=id&fields=name HTTP/1.1" status: 200 len: 286 time: 0.0701239
2026-06-15 21:08:27.776 9 INFO neutron.wsgi [None req-e8396860-04ce-4b2c-bebb-178b430c4f4a 9dd11bb661494d7c854fea0080612520 689b241d12a94bce960b3fb0936ae5b8 - - default default] 10.0.0.173 "POST /v2.0/security-groups HTTP/1.1" status: 201 len: 1811 time: 0.2969191
2026-06-15 21:08:27.790 10 WARNING neutron_lib.context [None req-2f08b122-0733-4ced-8195-e2b79dd80694 9dd11bb661494d7c854fea0080612520 689b241d12a94bce960b3fb0936ae5b8 - - default default] Method 'is_advsvc' is deprecated since 2023.2 release (neutron-lib 3.8.0) and will be removed once support for the old RBAC API policies will be removed from Neutron. Please use method 'is_service_role' instead.
2026-06-15 21:08:27.933 10 INFO neutron.db.ovn_revision_numbers_db [None req-2f08b122-0733-4ced-8195-e2b79dd80694 9dd11bb661494d7c854fea0080612520 689b241d12a94bce960b3fb0936ae5b8 - - default default] Successfully bumped revision number for resource bfe48365-16a0-4497-a584-14a9c032c192 (type: security_group_rules) to 0
2026-06-15 21:08:27.979 10 INFO neutron.wsgi [None req-2f08b122-0733-4ced-8195-e2b79dd80694 9dd11bb661494d7c854fea0080612520 689b241d12a94bce960b3fb0936ae5b8 - - default default] 10.0.0.173 "POST /v2.0/security-group-rules HTTP/1.1" status: 201 len: 764 time: 0.1974568
2026-06-15 21:08:27.990 9 WARNING neutron_lib.context [None req-20b0240d-47b1-4f52-b01f-03ff08c38148 9dd11bb661494d7c854fea0080612520 689b241d12a94bce960b3fb0936ae5b8 - - default default] Method 'is_advsvc' is deprecated since 2023.2 release (neutron-lib 3.8.0) and will be removed once support for the old RBAC API policies will be removed from Neutron. Please use method 'is_service_role' instead.
2026-06-15 21:08:28.028 9 INFO neutron.db.ovn_revision_numbers_db [None req-bed6fbfe-6ae4-4677-9612-1aab72c8e8bd - - - - - -] Successfully bumped revision number for resource 42568934-edcf-409a-9503-587155fba181 (type: ports) to 5
2026-06-15 21:08:28.045 10 INFO neutron.wsgi [req-0aedc513-b087-41ff-a8c9-55bcc27b286b req-4fafb254-612c-4377-8ca8-decdf0843a9d 3a5be28d75004d9093d452b95a39c057 931bcc5beb384e96a2d1091d2b9aee0e - - default default] 199.204.45.138 "GET /v2.0/ports?device_id=d0c60a83-bb17-4e6a-83b7-606fd05f1984 HTTP/1.1" status: 200 len: 1172 time: 0.0928555
2026-06-15 21:08:28.151 9 INFO neutron.db.ovn_revision_numbers_db [None req-20b0240d-47b1-4f52-b01f-03ff08c38148 9dd11bb661494d7c854fea0080612520 689b241d12a94bce960b3fb0936ae5b8 - - default default] Successfully bumped revision number for resource f15f45a1-13ed-4399-b496-57e1c9f3781f (type: security_group_rules) to 0
2026-06-15 21:08:28.176 9 INFO neutron.wsgi [None req-20b0240d-47b1-4f52-b01f-03ff08c38148 9dd11bb661494d7c854fea0080612520 689b241d12a94bce960b3fb0936ae5b8 - - default default] 10.0.0.173 "POST /v2.0/security-group-rules HTTP/1.1" status: 201 len: 763 time: 0.1906660 /var/lib/openstack/lib/python3.10/site-packages/pycadf/identifier.py:71: UserWarning: Invalid uuid: neutron. To ensure interoperability, identifiers should be a valid uuid. warnings.warn(('Invalid uuid: %s. To ensure interoperability, '
2026-06-15 21:08:28.187 9 WARNING neutron_lib.context [None req-d190f59f-f2fb-45c1-9e47-d97f37112d2b 9dd11bb661494d7c854fea0080612520 689b241d12a94bce960b3fb0936ae5b8 - - default default] Method 'is_advsvc' is deprecated since 2023.2 release (neutron-lib 3.8.0) and will be removed once support for the old RBAC API policies will be removed from Neutron. Please use method 'is_service_role' instead.
2026-06-15 21:08:28.326 9 INFO neutron.db.ovn_revision_numbers_db [None req-d190f59f-f2fb-45c1-9e47-d97f37112d2b 9dd11bb661494d7c854fea0080612520 689b241d12a94bce960b3fb0936ae5b8 - - default default] Successfully bumped revision number for resource 4c4712de-2a8c-4fa4-a2f3-f3b9535d1ba9 (type: security_group_rules) to 0
2026-06-15 21:08:28.360 9 INFO neutron.wsgi [None req-d190f59f-f2fb-45c1-9e47-d97f37112d2b 9dd11bb661494d7c854fea0080612520 689b241d12a94bce960b3fb0936ae5b8 - - default default] 10.0.0.173 "POST /v2.0/security-group-rules HTTP/1.1" status: 201 len: 769 time: 0.1785345
2026-06-15 21:08:28.370 10 INFO neutron.wsgi [req-0aedc513-b087-41ff-a8c9-55bcc27b286b req-0aa38db4-9562-4279-aa40-3ce062f6394b 3a5be28d75004d9093d452b95a39c057 931bcc5beb384e96a2d1091d2b9aee0e - - default default] 199.204.45.138 "DELETE /v2.0/ports/42568934-edcf-409a-9503-587155fba181 HTTP/1.1" status: 204 len: 173 time: 0.3183396
2026-06-15 21:08:28.371 9 WARNING neutron_lib.context [None req-d2fd7caf-2867-4efd-bb17-97abc65a72ab 9dd11bb661494d7c854fea0080612520 689b241d12a94bce960b3fb0936ae5b8 - - default default] Method 'is_advsvc' is deprecated since 2023.2 release (neutron-lib 3.8.0) and will be removed once support for the old RBAC API policies will be removed from Neutron. Please use method 'is_service_role' instead.
2026-06-15 21:08:28.402 10 INFO neutron.notifiers.nova [-] Nova event matching ['req-261d827c-adf1-4f07-9d36-e6167939639a'] response: {'server_uuid': 'd0c60a83-bb17-4e6a-83b7-606fd05f1984', 'name': 'network-vif-deleted', 'tag': '42568934-edcf-409a-9503-587155fba181', 'status': 'completed', 'code': 200}
2026-06-15 21:08:28.496 9 INFO neutron.db.ovn_revision_numbers_db [None req-d2fd7caf-2867-4efd-bb17-97abc65a72ab 9dd11bb661494d7c854fea0080612520 689b241d12a94bce960b3fb0936ae5b8 - - default default] Successfully bumped revision number for resource 6bc1151b-6802-44ef-ada1-b19031c73ed6 (type: security_group_rules) to 0
2026-06-15 21:08:28.535 9 INFO neutron.wsgi [None req-d2fd7caf-2867-4efd-bb17-97abc65a72ab 9dd11bb661494d7c854fea0080612520 689b241d12a94bce960b3fb0936ae5b8 - - default default] 10.0.0.173 "POST /v2.0/security-group-rules HTTP/1.1" status: 201 len: 768 time: 0.1681430
2026-06-15 21:08:28.549 9 WARNING neutron_lib.context [None req-45e8e184-3b1b-4cc4-9dac-d13caf6adfb8 9dd11bb661494d7c854fea0080612520 689b241d12a94bce960b3fb0936ae5b8 - - default default] Method 'is_advsvc' is deprecated since 2023.2 release (neutron-lib 3.8.0) and will be removed once support for the old RBAC API policies will be removed from Neutron. Please use method 'is_service_role' instead.
2026-06-15 21:08:28.568 9 INFO neutron.db.securitygroups_db [None req-45e8e184-3b1b-4cc4-9dac-d13caf6adfb8 9dd11bb661494d7c854fea0080612520 689b241d12a94bce960b3fb0936ae5b8 - - default default] Project 689b241d12a94bce960b3fb0936ae5b8 added a security group rule with legacy IPv6 ICMP protocol name icmp, ipv6-icmp should be used instead. It was automatically converted.
2026-06-15 21:08:28.664 9 INFO neutron.db.ovn_revision_numbers_db [None req-45e8e184-3b1b-4cc4-9dac-d13caf6adfb8 9dd11bb661494d7c854fea0080612520 689b241d12a94bce960b3fb0936ae5b8 - - default default] Successfully bumped revision number for resource d0857a8c-0ab4-4745-ac86-ecd75b344a3e (type: security_group_rules) to 0
2026-06-15 21:08:28.688 9 INFO neutron.wsgi [None req-45e8e184-3b1b-4cc4-9dac-d13caf6adfb8 9dd11bb661494d7c854fea0080612520 689b241d12a94bce960b3fb0936ae5b8 - - default default] 10.0.0.173 "POST /v2.0/security-group-rules HTTP/1.1" status: 201 len: 774 time: 0.1460526
2026-06-15 21:08:28.697 9 WARNING neutron_lib.context [None req-3e5d7283-f68c-4445-b137-e90ba432654c 9dd11bb661494d7c854fea0080612520 689b241d12a94bce960b3fb0936ae5b8 - - default default] Method 'is_advsvc' is deprecated since 2023.2 release (neutron-lib 3.8.0) and will be removed once support for the old RBAC API policies will be removed from Neutron. Please use method 'is_service_role' instead.
2026-06-15 21:08:28.720 9 INFO neutron.db.securitygroups_db [None req-3e5d7283-f68c-4445-b137-e90ba432654c 9dd11bb661494d7c854fea0080612520 689b241d12a94bce960b3fb0936ae5b8 - - default default] Project 689b241d12a94bce960b3fb0936ae5b8 added a security group rule with legacy IPv6 ICMP protocol name icmp, ipv6-icmp should be used instead. It was automatically converted.
2026-06-15 21:08:28.736 9 INFO neutron.notifiers.nova [-] Nova event matching ['req-94999175-7975-4a82-8d43-36bf073a4009'] response: {'server_uuid': 'd0c60a83-bb17-4e6a-83b7-606fd05f1984', 'name': 'network-vif-plugged', 'status': 'completed', 'tag': '42568934-edcf-409a-9503-587155fba181', 'code': 200}
2026-06-15 21:08:28.736 9 INFO neutron.notifiers.nova [-] Nova event matching ['req-94999175-7975-4a82-8d43-36bf073a4009'] response: {'server_uuid': 'd0c60a83-bb17-4e6a-83b7-606fd05f1984', 'name': 'network-vif-unplugged', 'status': 'completed', 'tag': '42568934-edcf-409a-9503-587155fba181', 'code': 200}
2026-06-15 21:08:28.736 9 INFO neutron.notifiers.nova [-] Nova event matching ['req-94999175-7975-4a82-8d43-36bf073a4009'] response: {'server_uuid': 'd0c60a83-bb17-4e6a-83b7-606fd05f1984', 'name': 'network-vif-plugged', 'status': 'completed', 'tag': '42568934-edcf-409a-9503-587155fba181', 'code': 200}
2026-06-15 21:08:28.836 9 INFO neutron.db.ovn_revision_numbers_db [None req-3e5d7283-f68c-4445-b137-e90ba432654c 9dd11bb661494d7c854fea0080612520 689b241d12a94bce960b3fb0936ae5b8 - - default default] Successfully bumped revision number for resource e5cef257-526f-4db9-83d7-18db6ee6c31a (type: security_group_rules) to 0
2026-06-15 21:08:28.862 9 INFO neutron.wsgi [None req-3e5d7283-f68c-4445-b137-e90ba432654c 9dd11bb661494d7c854fea0080612520 689b241d12a94bce960b3fb0936ae5b8 - - default default] 10.0.0.173 "POST /v2.0/security-group-rules HTTP/1.1" status: 201 len: 773 time: 0.1695416
2026-06-15 21:08:29.260 10 WARNING neutron_lib.context [None req-9598fb8a-3c00-42b3-8a03-4fee7b8e9f7b 9dd11bb661494d7c854fea0080612520 689b241d12a94bce960b3fb0936ae5b8 - - default default] Method 'is_advsvc' is deprecated since 2023.2 release (neutron-lib 3.8.0) and will be removed once support for the old RBAC API policies will be removed from Neutron. Please use method 'is_service_role' instead.
2026-06-15 21:08:29.394 10 INFO neutron.db.ovn_revision_numbers_db [None req-9598fb8a-3c00-42b3-8a03-4fee7b8e9f7b 9dd11bb661494d7c854fea0080612520 689b241d12a94bce960b3fb0936ae5b8 - - default default] Successfully bumped revision number for resource 86f1b4d8-394d-4c6e-b3d6-ae24b80cceb9 (type: security_groups) to 1
2026-06-15 21:08:29.411 10 INFO neutron.db.ovn_revision_numbers_db [None req-9598fb8a-3c00-42b3-8a03-4fee7b8e9f7b 9dd11bb661494d7c854fea0080612520 689b241d12a94bce960b3fb0936ae5b8 - - default default] Successfully bumped revision number for resource 244e97f3-e8c6-4f4a-9a4b-1c6189c66b29 (type: security_group_rules) to 0
2026-06-15 21:08:29.427 10 INFO neutron.db.ovn_revision_numbers_db [None req-9598fb8a-3c00-42b3-8a03-4fee7b8e9f7b 9dd11bb661494d7c854fea0080612520 689b241d12a94bce960b3fb0936ae5b8 - - default default] Successfully bumped revision number for resource fe2de221-8972-49d7-98e3-a25b288e706d (type: security_group_rules) to 0
2026-06-15 21:08:29.449 10 INFO neutron.wsgi [None req-9598fb8a-3c00-42b3-8a03-4fee7b8e9f7b 9dd11bb661494d7c854fea0080612520 689b241d12a94bce960b3fb0936ae5b8 - - default default] 10.0.0.173 "POST /v2.0/security-groups HTTP/1.1" status: 201 len: 1795 time: 0.1958618
2026-06-15 21:08:29.457 10 WARNING neutron_lib.context [None req-d7cef1c3-4f2a-4765-8a98-aad9599dd3c3 9dd11bb661494d7c854fea0080612520 689b241d12a94bce960b3fb0936ae5b8 - - default default] Method 'is_advsvc' is deprecated since 2023.2 release (neutron-lib 3.8.0) and will be removed once support for the old RBAC API policies will be removed from Neutron. Please use method 'is_service_role' instead.
2026-06-15 21:08:29.494 10 INFO neutron.db.ovn_revision_numbers_db [None req-be6f9b2b-a7d0-4aad-9b7d-a8e8f58b5c6c 08ba737c21d84e53a547c562745ab03f b0507a2222dd4d03a8206278ebd0359d - - default default] Successfully bumped revision number for resource fffa1a9e-90ec-48fd-bdeb-bbb017fe0e11 (type: security_groups) to 1
2026-06-15 21:08:29.511 10 INFO neutron.db.ovn_revision_numbers_db [None req-be6f9b2b-a7d0-4aad-9b7d-a8e8f58b5c6c 08ba737c21d84e53a547c562745ab03f b0507a2222dd4d03a8206278ebd0359d - - default default] Successfully bumped revision number for resource 68feace5-1255-4920-80d7-b8130bb3a15a (type: security_group_rules) to 0
2026-06-15 21:08:29.527 10 INFO neutron.db.ovn_revision_numbers_db [None req-be6f9b2b-a7d0-4aad-9b7d-a8e8f58b5c6c 08ba737c21d84e53a547c562745ab03f b0507a2222dd4d03a8206278ebd0359d - - default default] Successfully bumped revision number for resource 83e812a0-3ce1-494d-868b-830f7fc3b4db (type: security_group_rules) to 0
2026-06-15 21:08:29.543 10 INFO neutron.db.ovn_revision_numbers_db [None req-be6f9b2b-a7d0-4aad-9b7d-a8e8f58b5c6c 08ba737c21d84e53a547c562745ab03f b0507a2222dd4d03a8206278ebd0359d - - default default] Successfully bumped revision number for resource a649697f-0aaa-4683-8e3d-6b19ed0dbf0f (type: security_group_rules) to 0
2026-06-15 21:08:29.559 10 INFO neutron.db.ovn_revision_numbers_db [None req-be6f9b2b-a7d0-4aad-9b7d-a8e8f58b5c6c 08ba737c21d84e53a547c562745ab03f b0507a2222dd4d03a8206278ebd0359d - - default default] Successfully bumped revision number for resource c8878efd-6afc-4e57-a89b-0987fe0a8408 (type: security_group_rules) to 0
2026-06-15 21:08:29.587 10 INFO neutron.wsgi [None req-be6f9b2b-a7d0-4aad-9b7d-a8e8f58b5c6c 08ba737c21d84e53a547c562745ab03f b0507a2222dd4d03a8206278ebd0359d - - default default] 10.0.0.173 "GET /v2.0/security-groups?tenant_id=79fac4eef83743f08a1793590d4229f3&name=default HTTP/1.1" status: 200 len: 2996 time: 0.3569934
2026-06-15 21:08:29.609 10 INFO neutron.db.ovn_revision_numbers_db [None req-d7cef1c3-4f2a-4765-8a98-aad9599dd3c3 9dd11bb661494d7c854fea0080612520 689b241d12a94bce960b3fb0936ae5b8 - - default default] Successfully bumped revision number for resource 33ee200a-097a-451c-a52f-6b156f049c86 (type: security_group_rules) to 0
2026-06-15 21:08:29.632 10 INFO neutron.wsgi [None req-d7cef1c3-4f2a-4765-8a98-aad9599dd3c3 9dd11bb661494d7c854fea0080612520 689b241d12a94bce960b3fb0936ae5b8 - - default default] 10.0.0.173 "POST /v2.0/security-group-rules HTTP/1.1" status: 201 len: 764 time: 0.1785507
2026-06-15 21:08:29.641 10 WARNING neutron_lib.context [None req-d509fc7e-bed2-4ee4-a0b4-15af28486dee 9dd11bb661494d7c854fea0080612520 689b241d12a94bce960b3fb0936ae5b8 - - default default] Method 'is_advsvc' is deprecated since 2023.2 release (neutron-lib 3.8.0) and will be removed once support for the old RBAC API policies will be removed from Neutron. Please use method 'is_service_role' instead.
2026-06-15 21:08:29.765 10 INFO neutron.db.ovn_revision_numbers_db [None req-d509fc7e-bed2-4ee4-a0b4-15af28486dee 9dd11bb661494d7c854fea0080612520 689b241d12a94bce960b3fb0936ae5b8 - - default default] Successfully bumped revision number for resource 3a7017cc-3543-4e35-b8ac-73d17d48b678 (type: security_group_rules) to 0
2026-06-15 21:08:29.790 10 INFO neutron.wsgi [None req-d509fc7e-bed2-4ee4-a0b4-15af28486dee 9dd11bb661494d7c854fea0080612520 689b241d12a94bce960b3fb0936ae5b8 - - default default] 10.0.0.173 "POST /v2.0/security-group-rules HTTP/1.1" status: 201 len: 769 time: 0.1536832
2026-06-15 21:08:29.800 10 WARNING neutron_lib.context [None req-8e292a9f-a150-470f-b306-fdd62e34afb7 9dd11bb661494d7c854fea0080612520 689b241d12a94bce960b3fb0936ae5b8 - - default default] Method 'is_advsvc' is deprecated since 2023.2 release (neutron-lib 3.8.0) and will be removed once support for the old RBAC API policies will be removed from Neutron. Please use method 'is_service_role' instead.
2026-06-15 21:08:29.811 9 INFO neutron.wsgi [None req-398f8dd3-62b3-4eb9-b9fa-b3104a8b1c47 08ba737c21d84e53a547c562745ab03f b0507a2222dd4d03a8206278ebd0359d - - default default] 10.0.0.173 "DELETE /v2.0/security-groups/fffa1a9e-90ec-48fd-bdeb-bbb017fe0e11 HTTP/1.1" status: 204 len: 168 time: 0.2184720
2026-06-15 21:08:30.412 10 WARNING neutron.scheduler.dhcp_agent_scheduler [None req-8e292a9f-a150-470f-b306-fdd62e34afb7 9dd11bb661494d7c854fea0080612520 689b241d12a94bce960b3fb0936ae5b8 - - default default] No more DHCP agents
2026-06-15 21:08:30.416 10 WARNING neutron.api.rpc.agentnotifiers.dhcp_rpc_agent_api [None req-8e292a9f-a150-470f-b306-fdd62e34afb7 9dd11bb661494d7c854fea0080612520 689b241d12a94bce960b3fb0936ae5b8 - - default default] Unable to schedule network 0404a59f-5d03-4d96-82f5-10213451dfeb: no agents available; will retry on subsequent port and subnet creation events.
2026-06-15 21:08:30.861 10 INFO neutron.db.ovn_revision_numbers_db [None req-8e292a9f-a150-470f-b306-fdd62e34afb7 9dd11bb661494d7c854fea0080612520 689b241d12a94bce960b3fb0936ae5b8 - - default default] Successfully bumped revision number for resource 5fd79a82-bb31-4f35-bee3-522bbb1c8e35 (type: floatingips) to 0
2026-06-15 21:08:30.879 10 INFO neutron.wsgi [None req-8e292a9f-a150-470f-b306-fdd62e34afb7 9dd11bb661494d7c854fea0080612520 689b241d12a94bce960b3fb0936ae5b8 - - default default] 10.0.0.173 "POST /v2.0/floatingips HTTP/1.1" status: 201 len: 751 time: 1.0848625
2026-06-15 21:08:31.023 9 INFO neutron.wsgi [req-23023b31-236c-49dc-a994-cc0739c230a8 req-db642a8a-ce21-49ef-80fe-c213fce4efa9 9dd11bb661494d7c854fea0080612520 689b241d12a94bce960b3fb0936ae5b8 - - default default] 10.0.0.115 "GET /v2.0/security-groups?name=tempest-secgroup-smoke-1851854680&fields=id&tenant_id=689b241d12a94bce960b3fb0936ae5b8 HTTP/1.1" status: 200 len: 267 time: 0.0477881
2026-06-15 21:08:31.108 9 INFO neutron.wsgi [req-23023b31-236c-49dc-a994-cc0739c230a8 req-ce3e89c9-7f3c-4778-b486-796e955dd905 9dd11bb661494d7c854fea0080612520 689b241d12a94bce960b3fb0936ae5b8 - - default default] 10.0.0.115 "GET /v2.0/security-groups?name=tempest-securitygroup--57135842&fields=id&tenant_id=689b241d12a94bce960b3fb0936ae5b8 HTTP/1.1" status: 200 len: 267 time: 0.0704415
2026-06-15 21:08:31.123 9 INFO neutron.wsgi [None req-3efe1c92-698f-495e-ae77-72a5e2f608f5 08ba737c21d84e53a547c562745ab03f b0507a2222dd4d03a8206278ebd0359d - - default default] 10.0.0.60 "GET /v2.0/networks HTTP/1.1" status: 200 len: 4623 time: 0.3066061
2026-06-15 21:08:31.237 9 INFO neutron.wsgi [req-23023b31-236c-49dc-a994-cc0739c230a8 req-07e677f5-4c64-4743-b3a8-3b976dff517e 9dd11bb661494d7c854fea0080612520 689b241d12a94bce960b3fb0936ae5b8 - - default default] 10.0.0.115 "GET /v2.0/networks?id=1fb00131-7095-4746-9770-50dea7cf1575 HTTP/1.1" status: 200 len: 872 time: 0.1134448
2026-06-15 21:08:31.252 9 INFO neutron.wsgi [None req-981c2113-2b6f-44b7-aae2-b16ba7df40a7 08ba737c21d84e53a547c562745ab03f b0507a2222dd4d03a8206278ebd0359d - - default default] 10.0.0.60 "GET /v2.0/security-groups HTTP/1.1" status: 200 len: 32973 time: 0.1188431
2026-06-15 21:08:31.269 9 INFO neutron.wsgi [req-23023b31-236c-49dc-a994-cc0739c230a8 req-9ecb8909-65fd-4167-96e6-4dcfaab173b3 9dd11bb661494d7c854fea0080612520 689b241d12a94bce960b3fb0936ae5b8 - - default default] 10.0.0.115 "GET /v2.0/quotas/689b241d12a94bce960b3fb0936ae5b8 HTTP/1.1" status: 200 len: 386 time: 0.0157566
2026-06-15 21:08:31.370 9 INFO neutron.wsgi [None req-0aa8a022-f3bf-4bbc-bebc-10f861303d05 08ba737c21d84e53a547c562745ab03f b0507a2222dd4d03a8206278ebd0359d - - default default] 10.0.0.60 "GET /v2.0/routers HTTP/1.1" status: 200 len: 2201 time: 0.1066182
2026-06-15 21:08:31.392 9 INFO neutron.wsgi [None req-7f80400e-1ba6-4bbf-9c6e-b3670211a982 08ba737c21d84e53a547c562745ab03f b0507a2222dd4d03a8206278ebd0359d - - default default] 10.0.0.60 "GET /v2.0/agents?binary=ovn-controller HTTP/1.1" status: 200 len: 591 time: 0.0192854
2026-06-15 21:08:31.397 9 INFO neutron.wsgi [req-23023b31-236c-49dc-a994-cc0739c230a8 req-687d0670-c226-4ee8-b5e6-e0297b73b85c 9dd11bb661494d7c854fea0080612520 689b241d12a94bce960b3fb0936ae5b8 - - default default] 10.0.0.115 "GET /v2.0/ports?tenant_id=689b241d12a94bce960b3fb0936ae5b8&fields=id HTTP/1.1" status: 200 len: 302 time: 0.1133165
2026-06-15 21:08:31.430 9 INFO neutron.wsgi [None req-c6bf78f4-6bb9-4fe4-bef9-58025bab8cae 08ba737c21d84e53a547c562745ab03f b0507a2222dd4d03a8206278ebd0359d - - default default] 10.0.0.60 "GET /v2.0/floatingips HTTP/1.1" status: 200 len: 730 time: 0.0353532
2026-06-15 21:08:31.510 9 INFO neutron.wsgi [None req-0a6cb0b1-1396-4342-a9ad-b4f51342410e 08ba737c21d84e53a547c562745ab03f b0507a2222dd4d03a8206278ebd0359d - - default default] 10.0.0.60 "GET /v2.0/ports HTTP/1.1" status: 200 len: 14962 time: 0.0785027
