2026-06-15 21:06:28.397 10 INFO neutron.db.ovn_revision_numbers_db [None req-bc5aaf17-6872-4696-806e-d56b6bf97513 08ba737c21d84e53a547c562745ab03f b0507a2222dd4d03a8206278ebd0359d - - default default] Successfully bumped revision number for resource 5d794ea9-1550-47c3-9290-cdfe9a97fa57 (type: security_group_rules) to 0
2026-06-15 21:06:28.406 9 INFO neutron.wsgi [req-83640549-f5e0-4871-99a2-013921f303f4 req-ab41c1a8-c5de-40b3-b97c-71edc823a2c1 f295b0e2fa4742f79edf8028d7cca781 dd8b079234fb488db03e6de01e8e0df3 - - 8792d6fbeb0d44a2b80411231089ccdb 8792d6fbeb0d44a2b80411231089ccdb] 199.204.45.138 "GET /v2.0/networks/9c7c44cf-1f26-4390-acee-505c05dae6c3?fields=segments HTTP/1.1" status: 200 len: 212 time: 0.0809867
2026-06-15 21:06:28.416 9 INFO neutron.wsgi [req-4beefc9c-c752-4990-9ab0-9aac9d8fa599 req-076f2e9f-4e73-4fb6-978f-39c8215bcc7b f295b0e2fa4742f79edf8028d7cca781 dd8b079234fb488db03e6de01e8e0df3 - - 8792d6fbeb0d44a2b80411231089ccdb 8792d6fbeb0d44a2b80411231089ccdb] 199.204.45.138 "PUT /v2.0/ports/816d7014-e595-4e33-ab75-8543abb5a66c HTTP/1.1" status: 200 len: 1376 time: 0.9254417
2026-06-15 21:06:28.430 10 INFO neutron.wsgi [req-8936fef8-0a67-4d3b-935e-c1a5d139f7c4 req-1801f7d6-e3a1-424d-b66a-f22cd4daae81 f295b0e2fa4742f79edf8028d7cca781 dd8b079234fb488db03e6de01e8e0df3 - - 8792d6fbeb0d44a2b80411231089ccdb 8792d6fbeb0d44a2b80411231089ccdb] 10.0.0.181 "GET /v2.0/security-groups?id=6d457563-0c10-4fb9-8995-3cb08c0bac85&fields=id&fields=name HTTP/1.1" status: 200 len: 312 time: 0.0669782
2026-06-15 21:06:28.462 10 INFO neutron.db.segments_db [None req-bc5aaf17-6872-4696-806e-d56b6bf97513 08ba737c21d84e53a547c562745ab03f b0507a2222dd4d03a8206278ebd0359d - - default default] Added segment 32b22cd4-177c-449e-8d4d-644753e19a7b of type geneve for network d87a779a-8804-47db-9518-7ee8cc66fd80
2026-06-15 21:06:28.480 9 INFO neutron.wsgi [req-4beefc9c-c752-4990-9ab0-9aac9d8fa599 req-0765794f-92fc-4fd3-ac90-d82bb7748ffb f295b0e2fa4742f79edf8028d7cca781 dd8b079234fb488db03e6de01e8e0df3 - - 8792d6fbeb0d44a2b80411231089ccdb 8792d6fbeb0d44a2b80411231089ccdb] 199.204.45.138 "GET /v2.0/ports?tenant_id=95fd44de6c7745f1b293728076d18dc9&device_id=1c71fa01-fdc3-48de-82d4-e3f233067d76 HTTP/1.1" status: 200 len: 1407 time: 0.0321915
2026-06-15 21:06:28.500 9 INFO neutron.wsgi [req-83640549-f5e0-4871-99a2-013921f303f4 req-32a3e132-b882-42c5-8d7d-d02b22899ffd f295b0e2fa4742f79edf8028d7cca781 dd8b079234fb488db03e6de01e8e0df3 - - 8792d6fbeb0d44a2b80411231089ccdb 8792d6fbeb0d44a2b80411231089ccdb] 199.204.45.138 "GET /v2.0/networks/9c7c44cf-1f26-4390-acee-505c05dae6c3?fields=provider%3Aphysical_network&fields=provider%3Anetwork_type HTTP/1.1" status: 200 len: 277 time: 0.0877802
2026-06-15 21:06:28.513 9 INFO neutron.wsgi [req-4beefc9c-c752-4990-9ab0-9aac9d8fa599 req-0a9277c2-1880-4d62-b8ba-1b1538752ac2 f295b0e2fa4742f79edf8028d7cca781 dd8b079234fb488db03e6de01e8e0df3 - - 8792d6fbeb0d44a2b80411231089ccdb 8792d6fbeb0d44a2b80411231089ccdb] 199.204.45.138 "GET /v2.0/floatingips?fixed_ip_address=10.100.0.5&port_id=816d7014-e595-4e33-ab75-8543abb5a66c HTTP/1.1" status: 200 len: 217 time: 0.0251176
2026-06-15 21:06:28.545 9 INFO neutron.wsgi [req-4beefc9c-c752-4990-9ab0-9aac9d8fa599 req-c53e4b25-2233-4bab-9681-62f71d53a212 f295b0e2fa4742f79edf8028d7cca781 dd8b079234fb488db03e6de01e8e0df3 - - 8792d6fbeb0d44a2b80411231089ccdb 8792d6fbeb0d44a2b80411231089ccdb] 199.204.45.138 "GET /v2.0/subnets?id=a7c5c88f-889b-479e-89c0-5ebc9c4d7106 HTTP/1.1" status: 200 len: 863 time: 0.0282192
2026-06-15 21:06:28.579 9 INFO neutron.wsgi [req-4beefc9c-c752-4990-9ab0-9aac9d8fa599 req-8b70d330-7755-4ceb-9115-eb6ee045f651 f295b0e2fa4742f79edf8028d7cca781 dd8b079234fb488db03e6de01e8e0df3 - - 8792d6fbeb0d44a2b80411231089ccdb 8792d6fbeb0d44a2b80411231089ccdb] 199.204.45.138 "GET /v2.0/ports?network_id=017d9a97-51ce-4066-939a-cc701fc4155f&device_owner=network%3Adhcp HTTP/1.1" status: 200 len: 210 time: 0.0288515
2026-06-15 21:06:28.596 9 INFO neutron.wsgi [req-989d0a7e-16ce-4c26-b0c7-56b6b17d450f req-dec2f8cd-21f0-42f9-bf79-094095a98aed f295b0e2fa4742f79edf8028d7cca781 dd8b079234fb488db03e6de01e8e0df3 - - 8792d6fbeb0d44a2b80411231089ccdb 8792d6fbeb0d44a2b80411231089ccdb] 199.204.45.138 "GET /v2.0/ports?tenant_id=cbf883a8b85b40a0887da24ac7654204&device_id=f3f219e6-e466-498a-87d2-404655f84876 HTTP/1.1" status: 200 len: 1411 time: 0.0460470
2026-06-15 21:06:28.611 10 INFO neutron.db.ovn_revision_numbers_db [None req-bc5aaf17-6872-4696-806e-d56b6bf97513 08ba737c21d84e53a547c562745ab03f b0507a2222dd4d03a8206278ebd0359d - - default default] Successfully bumped revision number for resource d87a779a-8804-47db-9518-7ee8cc66fd80 (type: networks) to 1
2026-06-15 21:06:28.806 9 INFO neutron.plugins.ml2.drivers.ovn.mech_driver.mech_driver [None req-bed6fbfe-6ae4-4677-9612-1aab72c8e8bd - - - - - -] OVN reports status up for port: db9bee52-73f2-4b88-bd5e-caecfe01c8b9
2026-06-15 21:06:28.842 9 INFO neutron.plugins.ml2.plugin [None req-bed6fbfe-6ae4-4677-9612-1aab72c8e8bd - - - - - -] Attempt 1 to provision port db9bee52-73f2-4b88-bd5e-caecfe01c8b9
2026-06-15 21:06:28.848 10 WARNING neutron.scheduler.dhcp_agent_scheduler [None req-bc5aaf17-6872-4696-806e-d56b6bf97513 08ba737c21d84e53a547c562745ab03f b0507a2222dd4d03a8206278ebd0359d - - default default] No more DHCP agents
2026-06-15 21:06:28.849 10 WARNING neutron.api.rpc.agentnotifiers.dhcp_rpc_agent_api [None req-bc5aaf17-6872-4696-806e-d56b6bf97513 08ba737c21d84e53a547c562745ab03f b0507a2222dd4d03a8206278ebd0359d - - default default] Unable to schedule network d87a779a-8804-47db-9518-7ee8cc66fd80: no agents available; will retry on subsequent port and subnet creation events.
2026-06-15 21:06:28.871 9 INFO neutron.wsgi [req-989d0a7e-16ce-4c26-b0c7-56b6b17d450f req-17793738-bd72-4493-aca8-6c29b9134583 f295b0e2fa4742f79edf8028d7cca781 dd8b079234fb488db03e6de01e8e0df3 - - 8792d6fbeb0d44a2b80411231089ccdb 8792d6fbeb0d44a2b80411231089ccdb] 199.204.45.138 "GET /v2.0/networks?id=9c7c44cf-1f26-4390-acee-505c05dae6c3 HTTP/1.1" status: 200 len: 971 time: 0.2697396
2026-06-15 21:06:28.874 9 INFO neutron.wsgi [req-4beefc9c-c752-4990-9ab0-9aac9d8fa599 req-2eb1bedf-fc37-4450-8a42-cdc2421308e2 f295b0e2fa4742f79edf8028d7cca781 dd8b079234fb488db03e6de01e8e0df3 - - 8792d6fbeb0d44a2b80411231089ccdb 8792d6fbeb0d44a2b80411231089ccdb] 199.204.45.138 "GET /v2.0/networks/017d9a97-51ce-4066-939a-cc701fc4155f?fields=segments HTTP/1.1" status: 200 len: 212 time: 0.2876747
2026-06-15 21:06:28.916 9 INFO neutron.wsgi [req-989d0a7e-16ce-4c26-b0c7-56b6b17d450f req-19e8cb31-1ac8-410f-8e1d-faa8bfa61fff f295b0e2fa4742f79edf8028d7cca781 dd8b079234fb488db03e6de01e8e0df3 - - 8792d6fbeb0d44a2b80411231089ccdb 8792d6fbeb0d44a2b80411231089ccdb] 199.204.45.138 "GET /v2.0/floatingips?fixed_ip_address=10.100.0.11&port_id=db9bee52-73f2-4b88-bd5e-caecfe01c8b9 HTTP/1.1" status: 200 len: 217 time: 0.0353370
2026-06-15 21:06:28.931 10 INFO neutron.db.ovn_revision_numbers_db [None req-bc5aaf17-6872-4696-806e-d56b6bf97513 08ba737c21d84e53a547c562745ab03f b0507a2222dd4d03a8206278ebd0359d - - default default] Successfully bumped revision number for resource 8e2e5994-ac2d-47d3-9768-bd89ccfeb6a8 (type: ports) to 1
2026-06-15 21:06:28.956 10 INFO neutron.wsgi [None req-bc5aaf17-6872-4696-806e-d56b6bf97513 08ba737c21d84e53a547c562745ab03f b0507a2222dd4d03a8206278ebd0359d - - default default] 10.0.0.173 "POST /v2.0/networks HTTP/1.1" status: 201 len: 948 time: 0.9964306
2026-06-15 21:06:28.970 9 INFO neutron.wsgi [req-989d0a7e-16ce-4c26-b0c7-56b6b17d450f req-b7697797-b56c-4522-972c-ef50fbbf3fb8 f295b0e2fa4742f79edf8028d7cca781 dd8b079234fb488db03e6de01e8e0df3 - - 8792d6fbeb0d44a2b80411231089ccdb 8792d6fbeb0d44a2b80411231089ccdb] 199.204.45.138 "GET /v2.0/subnets?id=b21e276c-9fc2-4e4b-9549-5415f30a5ef7 HTTP/1.1" status: 200 len: 868 time: 0.0492849
2026-06-15 21:06:28.998 9 INFO neutron.wsgi [req-4beefc9c-c752-4990-9ab0-9aac9d8fa599 req-33c8464c-e51a-4887-81af-4e01f6fd8a43 f295b0e2fa4742f79edf8028d7cca781 dd8b079234fb488db03e6de01e8e0df3 - - 8792d6fbeb0d44a2b80411231089ccdb 8792d6fbeb0d44a2b80411231089ccdb] 199.204.45.138 "GET /v2.0/networks/017d9a97-51ce-4066-939a-cc701fc4155f?fields=provider%3Aphysical_network&fields=provider%3Anetwork_type HTTP/1.1" status: 200 len: 277 time: 0.1157029
2026-06-15 21:06:29.010 9 INFO neutron.wsgi [req-989d0a7e-16ce-4c26-b0c7-56b6b17d450f req-f4168a49-c7ac-442f-a210-e3edb4ad40e3 f295b0e2fa4742f79edf8028d7cca781 dd8b079234fb488db03e6de01e8e0df3 - - 8792d6fbeb0d44a2b80411231089ccdb 8792d6fbeb0d44a2b80411231089ccdb] 199.204.45.138 "GET /v2.0/ports?network_id=9c7c44cf-1f26-4390-acee-505c05dae6c3&device_owner=network%3Adhcp HTTP/1.1" status: 200 len: 210 time: 0.0299428
2026-06-15 21:06:29.151 10 WARNING neutron.scheduler.dhcp_agent_scheduler [None req-4d1f028a-2cc4-463c-8b71-4dc30d89fd0e 08ba737c21d84e53a547c562745ab03f b0507a2222dd4d03a8206278ebd0359d - - default default] No more DHCP agents
2026-06-15 21:06:29.153 10 WARNING neutron.api.rpc.agentnotifiers.dhcp_rpc_agent_api [None req-4d1f028a-2cc4-463c-8b71-4dc30d89fd0e 08ba737c21d84e53a547c562745ab03f b0507a2222dd4d03a8206278ebd0359d - - default default] Unable to schedule network d87a779a-8804-47db-9518-7ee8cc66fd80: no agents available; will retry on subsequent port and subnet creation events.
2026-06-15 21:06:29.166 9 INFO neutron.wsgi [req-cf868284-9b26-49c1-bef0-893d7bb63c94 req-177c5847-5934-40b0-a973-3d23fd6de97b 6ffa90910dd947648bab90b1c474389f cbf883a8b85b40a0887da24ac7654204 - - default default] 10.0.0.115 "GET /v2.0/ports?device_id=f3f219e6-e466-498a-87d2-404655f84876 HTTP/1.1" status: 200 len: 1174 time: 0.0795043
2026-06-15 21:06:29.170 9 INFO neutron.wsgi [req-989d0a7e-16ce-4c26-b0c7-56b6b17d450f req-51fdb015-8d8b-40b2-bbf0-e0b4cf171ba2 f295b0e2fa4742f79edf8028d7cca781 dd8b079234fb488db03e6de01e8e0df3 - - 8792d6fbeb0d44a2b80411231089ccdb 8792d6fbeb0d44a2b80411231089ccdb] 199.204.45.138 "GET /v2.0/networks/9c7c44cf-1f26-4390-acee-505c05dae6c3?fields=segments HTTP/1.1" status: 200 len: 212 time: 0.1465828
2026-06-15 21:06:29.197 9 INFO neutron.wsgi [req-67e43bf4-7a89-4c5a-b1df-8d3de15a9ceb req-4cb83f34-2edb-4395-9da8-22b584949aa7 d8a26f92c96044358278947489bbf082 95fd44de6c7745f1b293728076d18dc9 - - default default] 10.0.0.115 "GET /v2.0/ports?device_id=1c71fa01-fdc3-48de-82d4-e3f233067d76 HTTP/1.1" status: 200 len: 1168 time: 0.0716066
2026-06-15 21:06:29.310 9 INFO neutron.wsgi [req-cf868284-9b26-49c1-bef0-893d7bb63c94 req-d2bcf953-28dc-470c-9d4b-6947512be429 6ffa90910dd947648bab90b1c474389f cbf883a8b85b40a0887da24ac7654204 - - default default] 10.0.0.115 "GET /v2.0/security-groups?id=e6021130-8bd2-4ee1-a32f-a6582d59b2bf&fields=id&fields=name HTTP/1.1" status: 200 len: 312 time: 0.1359866
2026-06-15 21:06:29.314 9 INFO neutron.wsgi [req-67e43bf4-7a89-4c5a-b1df-8d3de15a9ceb req-f3f2695f-6b47-4251-848e-51d9a75592c1 d8a26f92c96044358278947489bbf082 95fd44de6c7745f1b293728076d18dc9 - - default default] 10.0.0.115 "GET /v2.0/security-groups?id=20896bd4-75ca-4412-a0fb-5459783dbb36&fields=id&fields=name HTTP/1.1" status: 200 len: 312 time: 0.1075284
2026-06-15 21:06:29.336 9 INFO neutron.wsgi [req-989d0a7e-16ce-4c26-b0c7-56b6b17d450f req-ef423f3f-52ad-4b9b-bab3-5f90b80aee04 f295b0e2fa4742f79edf8028d7cca781 dd8b079234fb488db03e6de01e8e0df3 - - 8792d6fbeb0d44a2b80411231089ccdb 8792d6fbeb0d44a2b80411231089ccdb] 199.204.45.138 "GET /v2.0/networks/9c7c44cf-1f26-4390-acee-505c05dae6c3?fields=provider%3Aphysical_network&fields=provider%3Anetwork_type HTTP/1.1" status: 200 len: 277 time: 0.1514537
2026-06-15 21:06:29.445 9 INFO neutron.db.ovn_revision_numbers_db [None req-bed6fbfe-6ae4-4677-9612-1aab72c8e8bd - - - - - -] Successfully bumped revision number for resource db9bee52-73f2-4b88-bd5e-caecfe01c8b9 (type: ports) to 4
2026-06-15 21:06:29.507 9 INFO neutron.plugins.ml2.drivers.ovn.mech_driver.mech_driver [None req-bed6fbfe-6ae4-4677-9612-1aab72c8e8bd - - - - - -] OVN reports status up for port: 816d7014-e595-4e33-ab75-8543abb5a66c
2026-06-15 21:06:29.523 9 INFO neutron.plugins.ml2.plugin [None req-bed6fbfe-6ae4-4677-9612-1aab72c8e8bd - - - - - -] Attempt 1 to provision port 816d7014-e595-4e33-ab75-8543abb5a66c
2026-06-15 21:06:29.794 10 INFO neutron.db.ovn_revision_numbers_db [None req-4d1f028a-2cc4-463c-8b71-4dc30d89fd0e 08ba737c21d84e53a547c562745ab03f b0507a2222dd4d03a8206278ebd0359d - - default default] Successfully bumped revision number for resource 8e2e5994-ac2d-47d3-9768-bd89ccfeb6a8 (type: ports) to 2
2026-06-15 21:06:29.827 10 INFO neutron.db.ovn_revision_numbers_db [None req-4d1f028a-2cc4-463c-8b71-4dc30d89fd0e 08ba737c21d84e53a547c562745ab03f b0507a2222dd4d03a8206278ebd0359d - - default default] Successfully bumped revision number for resource 02073bb4-0305-4e40-89e7-8122644321a4 (type: subnets) to 0
2026-06-15 21:06:29.844 10 INFO neutron.wsgi [None req-4d1f028a-2cc4-463c-8b71-4dc30d89fd0e 08ba737c21d84e53a547c562745ab03f b0507a2222dd4d03a8206278ebd0359d - - default default] 10.0.0.173 "POST /v2.0/subnets HTTP/1.1" status: 201 len: 868 time: 0.8799372 /var/lib/openstack/lib/python3.10/site-packages/pycadf/identifier.py:71: UserWarning: Invalid uuid: neutron. To ensure interoperability, identifiers should be a valid uuid. warnings.warn(('Invalid uuid: %s. To ensure interoperability, '
2026-06-15 21:06:29.871 9 INFO neutron.db.ovn_revision_numbers_db [None req-bed6fbfe-6ae4-4677-9612-1aab72c8e8bd - - - - - -] Successfully bumped revision number for resource 816d7014-e595-4e33-ab75-8543abb5a66c (type: ports) to 4
2026-06-15 21:06:30.173 9 INFO neutron.notifiers.nova [-] Nova event matching ['req-bc7a08b0-1c9d-418e-9a2d-7d3f8d7518e4'] response: {'name': 'network-changed', 'server_uuid': '1c71fa01-fdc3-48de-82d4-e3f233067d76', 'tag': '816d7014-e595-4e33-ab75-8543abb5a66c', 'status': 'completed', 'code': 200}
2026-06-15 21:06:30.174 9 INFO neutron.notifiers.nova [-] Nova event matching ['req-bc7a08b0-1c9d-418e-9a2d-7d3f8d7518e4'] response: {'server_uuid': 'f3f219e6-e466-498a-87d2-404655f84876', 'name': 'network-vif-plugged', 'status': 'completed', 'tag': 'db9bee52-73f2-4b88-bd5e-caecfe01c8b9', 'code': 200}
2026-06-15 21:06:30.174 9 INFO neutron.notifiers.nova [-] Nova event matching ['req-bc7a08b0-1c9d-418e-9a2d-7d3f8d7518e4'] response: {'server_uuid': 'f3f219e6-e466-498a-87d2-404655f84876', 'name': 'network-vif-plugged', 'status': 'completed', 'tag': 'db9bee52-73f2-4b88-bd5e-caecfe01c8b9', 'code': 200}
2026-06-15 21:06:30.174 9 INFO neutron.notifiers.nova [-] Nova event matching ['req-bc7a08b0-1c9d-418e-9a2d-7d3f8d7518e4'] response: {'server_uuid': '1c71fa01-fdc3-48de-82d4-e3f233067d76', 'name': 'network-vif-plugged', 'status': 'completed', 'tag': '816d7014-e595-4e33-ab75-8543abb5a66c', 'code': 200}
2026-06-15 21:06:30.174 9 INFO neutron.notifiers.nova [-] Nova event matching ['req-bc7a08b0-1c9d-418e-9a2d-7d3f8d7518e4'] response: {'server_uuid': '1c71fa01-fdc3-48de-82d4-e3f233067d76', 'name': 'network-vif-plugged', 'status': 'completed', 'tag': '816d7014-e595-4e33-ab75-8543abb5a66c', 'code': 200} /var/lib/openstack/lib/python3.10/site-packages/pycadf/identifier.py:71: UserWarning: Invalid uuid: neutron. To ensure interoperability, identifiers should be a valid uuid. warnings.warn(('Invalid uuid: %s. To ensure interoperability, '
2026-06-15 21:06:30.278 9 INFO neutron.wsgi [req-a2cf5b37-b4a9-4a1e-89bf-e07d1be8d19c req-ff6d9d10-6bb0-4f25-8766-9029d5b9f887 f295b0e2fa4742f79edf8028d7cca781 dd8b079234fb488db03e6de01e8e0df3 - - 8792d6fbeb0d44a2b80411231089ccdb 8792d6fbeb0d44a2b80411231089ccdb] 199.204.45.138 "GET /v2.0/ports?tenant_id=95fd44de6c7745f1b293728076d18dc9&device_id=1c71fa01-fdc3-48de-82d4-e3f233067d76 HTTP/1.1" status: 200 len: 1409 time: 0.0789218
2026-06-15 21:06:30.397 9 INFO neutron.wsgi [req-a2cf5b37-b4a9-4a1e-89bf-e07d1be8d19c req-87e0ec3a-a449-4968-a431-f24dc4e256ec f295b0e2fa4742f79edf8028d7cca781 dd8b079234fb488db03e6de01e8e0df3 - - 8792d6fbeb0d44a2b80411231089ccdb 8792d6fbeb0d44a2b80411231089ccdb] 199.204.45.138 "GET /v2.0/networks?id=017d9a97-51ce-4066-939a-cc701fc4155f HTTP/1.1" status: 200 len: 968 time: 0.1071317
2026-06-15 21:06:30.450 9 INFO neutron.wsgi [req-a2cf5b37-b4a9-4a1e-89bf-e07d1be8d19c req-84001af0-a0fb-49e4-95f1-4b6c0e9784ef f295b0e2fa4742f79edf8028d7cca781 dd8b079234fb488db03e6de01e8e0df3 - - 8792d6fbeb0d44a2b80411231089ccdb 8792d6fbeb0d44a2b80411231089ccdb] 199.204.45.138 "GET /v2.0/floatingips?fixed_ip_address=10.100.0.5&port_id=816d7014-e595-4e33-ab75-8543abb5a66c HTTP/1.1" status: 200 len: 217 time: 0.0441821
2026-06-15 21:06:30.542 9 INFO neutron.wsgi [req-a2cf5b37-b4a9-4a1e-89bf-e07d1be8d19c req-b6d1bc0b-caef-46f1-b153-eb0f992694b1 f295b0e2fa4742f79edf8028d7cca781 dd8b079234fb488db03e6de01e8e0df3 - - 8792d6fbeb0d44a2b80411231089ccdb 8792d6fbeb0d44a2b80411231089ccdb] 199.204.45.138 "GET /v2.0/subnets?id=a7c5c88f-889b-479e-89c0-5ebc9c4d7106 HTTP/1.1" status: 200 len: 863 time: 0.0868394
2026-06-15 21:06:30.588 9 INFO neutron.wsgi [req-a2cf5b37-b4a9-4a1e-89bf-e07d1be8d19c req-2590eea9-914f-462a-a920-995eab6b3682 f295b0e2fa4742f79edf8028d7cca781 dd8b079234fb488db03e6de01e8e0df3 - - 8792d6fbeb0d44a2b80411231089ccdb 8792d6fbeb0d44a2b80411231089ccdb] 199.204.45.138 "GET /v2.0/ports?network_id=017d9a97-51ce-4066-939a-cc701fc4155f&device_owner=network%3Adhcp HTTP/1.1" status: 200 len: 210 time: 0.0371108
2026-06-15 21:06:30.592 9 INFO neutron.wsgi [req-37cd3ec4-ade6-4353-b46f-c74433e1cf69 req-31e4dbec-a23a-413b-9ad6-45dfa06a7ee8 6ffa90910dd947648bab90b1c474389f cbf883a8b85b40a0887da24ac7654204 - - default default] 10.0.0.115 "GET /v2.0/ports?device_id=f3f219e6-e466-498a-87d2-404655f84876 HTTP/1.1" status: 200 len: 1174 time: 0.2069707
2026-06-15 21:06:30.603 9 INFO neutron.wsgi [req-925cc694-e4e8-4c2e-8251-f2096935ef89 req-ba558d8d-3374-4212-ade2-2ebee9a1f546 d8a26f92c96044358278947489bbf082 95fd44de6c7745f1b293728076d18dc9 - - default default] 10.0.0.115 "GET /v2.0/ports?device_id=1c71fa01-fdc3-48de-82d4-e3f233067d76 HTTP/1.1" status: 200 len: 1170 time: 0.2183337
2026-06-15 21:06:30.666 9 WARNING neutron.scheduler.dhcp_agent_scheduler [None req-b565446e-3c70-4792-95e7-47ce7fd0e538 08ba737c21d84e53a547c562745ab03f b0507a2222dd4d03a8206278ebd0359d - - default default] No more DHCP agents
2026-06-15 21:06:30.674 9 WARNING neutron.api.rpc.agentnotifiers.dhcp_rpc_agent_api [None req-b565446e-3c70-4792-95e7-47ce7fd0e538 08ba737c21d84e53a547c562745ab03f b0507a2222dd4d03a8206278ebd0359d - - default default] Unable to schedule network 0404a59f-5d03-4d96-82f5-10213451dfeb: no agents available; will retry on subsequent port and subnet creation events.
2026-06-15 21:06:30.700 9 INFO neutron.wsgi [req-925cc694-e4e8-4c2e-8251-f2096935ef89 req-4a201c46-7267-492a-af63-351fa085fd10 d8a26f92c96044358278947489bbf082 95fd44de6c7745f1b293728076d18dc9 - - default default] 10.0.0.115 "GET /v2.0/security-groups?id=20896bd4-75ca-4412-a0fb-5459783dbb36&fields=id&fields=name HTTP/1.1" status: 200 len: 312 time: 0.0844896
2026-06-15 21:06:30.704 9 INFO neutron.wsgi [req-37cd3ec4-ade6-4353-b46f-c74433e1cf69 req-234da8f3-d4d6-437c-8155-6b13a4484352 6ffa90910dd947648bab90b1c474389f cbf883a8b85b40a0887da24ac7654204 - - default default] 10.0.0.115 "GET /v2.0/security-groups?id=e6021130-8bd2-4ee1-a32f-a6582d59b2bf&fields=id&fields=name HTTP/1.1" status: 200 len: 312 time: 0.1013939
2026-06-15 21:06:30.718 9 INFO neutron.wsgi [req-a2cf5b37-b4a9-4a1e-89bf-e07d1be8d19c req-d2371233-f377-450e-a31e-17abbe829857 f295b0e2fa4742f79edf8028d7cca781 dd8b079234fb488db03e6de01e8e0df3 - - 8792d6fbeb0d44a2b80411231089ccdb 8792d6fbeb0d44a2b80411231089ccdb] 199.204.45.138 "GET /v2.0/networks/017d9a97-51ce-4066-939a-cc701fc4155f?fields=segments HTTP/1.1" status: 200 len: 212 time: 0.1209543
2026-06-15 21:06:30.796 9 INFO neutron.wsgi [req-a2cf5b37-b4a9-4a1e-89bf-e07d1be8d19c req-ae1e01a7-b06a-4242-a62a-1760f87ed177 f295b0e2fa4742f79edf8028d7cca781 dd8b079234fb488db03e6de01e8e0df3 - - 8792d6fbeb0d44a2b80411231089ccdb 8792d6fbeb0d44a2b80411231089ccdb] 199.204.45.138 "GET /v2.0/networks/017d9a97-51ce-4066-939a-cc701fc4155f?fields=provider%3Aphysical_network&fields=provider%3Anetwork_type HTTP/1.1" status: 200 len: 277 time: 0.0723646
2026-06-15 21:06:30.851 9 INFO neutron.db.ovn_revision_numbers_db [None req-b565446e-3c70-4792-95e7-47ce7fd0e538 08ba737c21d84e53a547c562745ab03f b0507a2222dd4d03a8206278ebd0359d - - default default] Successfully bumped revision number for resource 5d7cb954-51f7-4e83-95f9-b3f5c23f3eaa (type: ports) to 1
2026-06-15 21:06:30.901 9 INFO neutron.wsgi [None req-4e2fea4e-0e8f-4320-81ae-a9a05df2f169 08ba737c21d84e53a547c562745ab03f b0507a2222dd4d03a8206278ebd0359d - - default default] 10.0.0.60 "GET /v2.0/network-ip-availabilities HTTP/1.1" status: 200 len: 3198 time: 0.1040537
2026-06-15 21:06:31.027 9 INFO neutron.wsgi [None req-67348cf6-972c-4838-946c-f9ebb3f403bc 08ba737c21d84e53a547c562745ab03f b0507a2222dd4d03a8206278ebd0359d - - default default] 10.0.0.60 "GET /v2.0/security-groups HTTP/1.1" status: 200 len: 36135 time: 0.1238844
2026-06-15 21:06:31.413 9 INFO neutron.wsgi [None req-28029872-e8e7-4831-977d-5baedc0972c6 08ba737c21d84e53a547c562745ab03f b0507a2222dd4d03a8206278ebd0359d - - default default] 10.0.0.60 "GET /v2.0/networks HTTP/1.1" status: 200 len: 5394 time: 0.3739867
2026-06-15 21:06:31.454 9 INFO neutron.wsgi [None req-1d831e84-ae7a-4b00-9d08-e10e42c66f9a 08ba737c21d84e53a547c562745ab03f b0507a2222dd4d03a8206278ebd0359d - - default default] 10.0.0.60 "GET /v2.0/subnets HTTP/1.1" status: 200 len: 4068 time: 0.0375488
2026-06-15 21:06:31.473 9 INFO neutron.wsgi [None req-1e6646da-97fc-4472-be3f-08a633b47349 08ba737c21d84e53a547c562745ab03f b0507a2222dd4d03a8206278ebd0359d - - default default] 10.0.0.60 "GET /v2.0/subnetpools HTTP/1.1" status: 200 len: 193 time: 0.0094044
2026-06-15 21:06:31.531 9 INFO neutron.wsgi [None req-9522221d-35fd-42ba-8380-2119c6e5f7b2 08ba737c21d84e53a547c562745ab03f b0507a2222dd4d03a8206278ebd0359d - - default default] 10.0.0.60 "GET /v2.0/subnets HTTP/1.1" status: 200 len: 4068 time: 0.0559325
2026-06-15 21:06:31.634 9 INFO neutron.wsgi [None req-28268e74-28da-4fd4-b708-a5aa14ee17a1 08ba737c21d84e53a547c562745ab03f b0507a2222dd4d03a8206278ebd0359d - - default default] 10.0.0.60 "GET /v2.0/ports HTTP/1.1" status: 200 len: 23653 time: 0.1012228
2026-06-15 21:06:31.814 9 INFO neutron.wsgi [None req-8926414b-2642-4e99-b364-92a436397ab5 08ba737c21d84e53a547c562745ab03f b0507a2222dd4d03a8206278ebd0359d - - default default] 10.0.0.60 "GET /v2.0/routers HTTP/1.1" status: 200 len: 2882 time: 0.1492372
2026-06-15 21:06:31.851 9 INFO neutron.wsgi [req-695f05e0-e250-415e-86db-c45a6d35534b req-d76c087b-1837-48ff-a630-78114faf1f07 6ffa90910dd947648bab90b1c474389f cbf883a8b85b40a0887da24ac7654204 - - default default] 10.0.0.115 "GET /v2.0/ports?device_id=f3f219e6-e466-498a-87d2-404655f84876 HTTP/1.1" status: 200 len: 1174 time: 0.0847220
2026-06-15 21:06:31.877 9 INFO neutron.wsgi [req-c6fdf03b-6087-4ceb-8978-144b59137c43 req-da70f487-b99f-45b2-8c53-de6e1bbbac2f d8a26f92c96044358278947489bbf082 95fd44de6c7745f1b293728076d18dc9 - - default default] 10.0.0.115 "GET /v2.0/ports?device_id=1c71fa01-fdc3-48de-82d4-e3f233067d76 HTTP/1.1" status: 200 len: 1170 time: 0.0751266
2026-06-15 21:06:31.945 9 INFO neutron.wsgi [None req-e6d15372-06d9-4d6c-b487-a2d711f7000b 08ba737c21d84e53a547c562745ab03f b0507a2222dd4d03a8206278ebd0359d - - default default] 10.0.0.60 "GET /v2.0/agents?binary=ovn-controller HTTP/1.1" status: 200 len: 591 time: 0.1208847
2026-06-15 21:06:31.947 9 INFO neutron.wsgi [req-695f05e0-e250-415e-86db-c45a6d35534b req-07e55263-e962-42f8-8617-909045acb0de 6ffa90910dd947648bab90b1c474389f cbf883a8b85b40a0887da24ac7654204 - - default default] 10.0.0.115 "GET /v2.0/security-groups?id=e6021130-8bd2-4ee1-a32f-a6582d59b2bf&fields=id&fields=name HTTP/1.1" status: 200 len: 312 time: 0.0886481
2026-06-15 21:06:31.956 9 INFO neutron.wsgi [req-c6fdf03b-6087-4ceb-8978-144b59137c43 req-c472bd9a-7e98-42bd-bb38-10b1b4cce0ea d8a26f92c96044358278947489bbf082 95fd44de6c7745f1b293728076d18dc9 - - default default] 10.0.0.115 "GET /v2.0/security-groups?id=20896bd4-75ca-4412-a0fb-5459783dbb36&fields=id&fields=name HTTP/1.1" status: 200 len: 312 time: 0.0651376
2026-06-15 21:06:32.053 9 INFO neutron.wsgi [None req-e5d4f536-be79-403c-ac48-0344c5abf789 08ba737c21d84e53a547c562745ab03f b0507a2222dd4d03a8206278ebd0359d - - default default] 10.0.0.60 "GET /v2.0/floatingips HTTP/1.1" status: 200 len: 2112 time: 0.1038306
2026-06-15 21:06:32.080 9 INFO neutron.wsgi [None req-5dad33a8-d96a-4abb-b4c2-53648cf7ff23 08ba737c21d84e53a547c562745ab03f b0507a2222dd4d03a8206278ebd0359d - - default default] 10.0.0.60 "GET /v2.0/agents HTTP/1.1" status: 200 len: 997 time: 0.0244589
2026-06-15 21:06:32.098 9 INFO neutron.wsgi [req-0d2eecb8-bbdb-48bb-a6e2-4f29fd92c84c req-6757752d-4f4d-4709-ab09-8f1547c2588a 6ffa90910dd947648bab90b1c474389f cbf883a8b85b40a0887da24ac7654204 - - default default] 10.0.0.115 "GET /v2.0/ports?device_id=f3f219e6-e466-498a-87d2-404655f84876 HTTP/1.1" status: 200 len: 1174 time: 0.0637946
2026-06-15 21:06:32.143 9 INFO neutron.wsgi [req-34240624-4cc0-42c4-a9f2-22d20de16402 req-6d924861-8d82-4ef0-8ee5-03a15aee1eb8 be14a4210cb5432ea2a82812f15063e3 7bdf2a937a2f427ebd9801983f386d97 - - default default] 10.0.0.115 "GET /v2.0/ports?device_id=bd59471d-a9e0-4437-aa57-b940ed458d29 HTTP/1.1" status: 200 len: 1170 time: 0.1402154
2026-06-15 21:06:32.200 9 INFO neutron.wsgi [req-5d5604b4-a96a-417b-afe4-7551efb7eefa req-20b1fe5b-4495-462d-a979-12a0dd672bb6 d8a26f92c96044358278947489bbf082 95fd44de6c7745f1b293728076d18dc9 - - default default] 10.0.0.115 "GET /v2.0/ports?device_id=1c71fa01-fdc3-48de-82d4-e3f233067d76 HTTP/1.1" status: 200 len: 1170 time: 0.0535941
2026-06-15 21:06:32.238 10 INFO neutron.plugins.ml2.drivers.ovn.mech_driver.mech_driver [None req-3afca453-c60e-41f0-8287-6cf6a5717111 - - - - - -] OVN reports status up for port: 5d7cb954-51f7-4e83-95f9-b3f5c23f3eaa
2026-06-15 21:06:32.265 10 INFO neutron.plugins.ml2.drivers.ovn.mech_driver.ovsdb.ovsdb_monitor [None req-1cf2740a-3143-47f0-8885-8b80b59e13f0 - - - - - -] Router c590c68c-1a60-4968-ba0c-c6619a12646c is bound to host instance
2026-06-15 21:06:32.269 10 INFO neutron.plugins.ml2.plugin [None req-3afca453-c60e-41f0-8287-6cf6a5717111 - - - - - -] Attempt 1 to provision port 5d7cb954-51f7-4e83-95f9-b3f5c23f3eaa
2026-06-15 21:06:32.302 9 INFO neutron.wsgi [req-040c04b4-a042-4856-917e-cf9d7c71d293 req-eb4d51bb-7356-449d-b11d-dff34cbc4fef be14a4210cb5432ea2a82812f15063e3 7bdf2a937a2f427ebd9801983f386d97 - - default default] 10.0.0.115 "GET /v2.0/ports/8ad5e00d-6f01-42a8-aa09-6727ab9c36c6 HTTP/1.1" status: 200 len: 1167 time: 0.0800121
2026-06-15 21:06:32.324 9 INFO neutron.db.ovn_revision_numbers_db [None req-b565446e-3c70-4792-95e7-47ce7fd0e538 08ba737c21d84e53a547c562745ab03f b0507a2222dd4d03a8206278ebd0359d - - default default] Successfully bumped revision number for resource 5d7cb954-51f7-4e83-95f9-b3f5c23f3eaa (type: router_ports) to 1
2026-06-15 21:06:32.579 10 INFO neutron.db.l3_db [None req-288eb1e9-73f3-431a-bbb3-0441c0e25c31 6ffa90910dd947648bab90b1c474389f cbf883a8b85b40a0887da24ac7654204 - - default default] Floating IP 979402ac-1f87-4c86-9024-121ae540b67f associated. External IP: 10.96.250.204, port: db9bee52-73f2-4b88-bd5e-caecfe01c8b9.
2026-06-15 21:06:32.727 9 INFO neutron.db.ovn_revision_numbers_db [None req-b565446e-3c70-4792-95e7-47ce7fd0e538 08ba737c21d84e53a547c562745ab03f b0507a2222dd4d03a8206278ebd0359d - - default default] Successfully bumped revision number for resource c590c68c-1a60-4968-ba0c-c6619a12646c (type: routers) to 2
2026-06-15 21:06:32.739 9 INFO neutron.wsgi [req-99df4665-5a2e-4a6b-8fa7-a330bb8bc00d req-2b7eed37-43d0-4383-b4a0-30f567d1873f be14a4210cb5432ea2a82812f15063e3 7bdf2a937a2f427ebd9801983f386d97 - - default default] 199.204.45.138 "GET /v2.0/subnets?network_id=2a454943-0a99-478b-a839-841f2dce785a HTTP/1.1" status: 200 len: 859 time: 0.2721179
2026-06-15 21:06:32.758 9 INFO neutron.wsgi [None req-b565446e-3c70-4792-95e7-47ce7fd0e538 08ba737c21d84e53a547c562745ab03f b0507a2222dd4d03a8206278ebd0359d - - default default] 10.0.0.173 "POST /v2.0/routers HTTP/1.1" status: 201 len: 879 time: 2.9090145
2026-06-15 21:06:32.809 9 INFO neutron.wsgi [req-99df4665-5a2e-4a6b-8fa7-a330bb8bc00d req-1edd6ecd-4519-439a-8760-c85e91cc49c9 be14a4210cb5432ea2a82812f15063e3 7bdf2a937a2f427ebd9801983f386d97 - - default default] 199.204.45.138 "GET /v2.0/ports?device_id=bd59471d-a9e0-4437-aa57-b940ed458d29&device_owner=compute%3Anova&network_id=2a454943-0a99-478b-a839-841f2dce785a HTTP/1.1" status: 200 len: 1170 time: 0.0631855
2026-06-15 21:06:32.822 9 INFO neutron.db.l3_db [None req-4130fca5-527a-4779-912e-6bc3387ea718 d8a26f92c96044358278947489bbf082 95fd44de6c7745f1b293728076d18dc9 - - default default] Floating IP 55a9f211-da76-4d07-bb09-59fa74c82c9d associated. External IP: 10.96.250.211, port: 816d7014-e595-4e33-ab75-8543abb5a66c.
2026-06-15 21:06:33.075 9 INFO neutron.db.ovn_revision_numbers_db [None req-4130fca5-527a-4779-912e-6bc3387ea718 d8a26f92c96044358278947489bbf082 95fd44de6c7745f1b293728076d18dc9 - - default default] Successfully bumped revision number for resource 55a9f211-da76-4d07-bb09-59fa74c82c9d (type: floatingips) to 1
2026-06-15 21:06:33.257 9 INFO neutron.db.ovn_revision_numbers_db [None req-4130fca5-527a-4779-912e-6bc3387ea718 d8a26f92c96044358278947489bbf082 95fd44de6c7745f1b293728076d18dc9 - - default default] Successfully bumped revision number for resource 55a9f211-da76-4d07-bb09-59fa74c82c9d (type: floatingips) to 2
2026-06-15 21:06:33.281 10 INFO neutron.db.ovn_revision_numbers_db [None req-288eb1e9-73f3-431a-bbb3-0441c0e25c31 6ffa90910dd947648bab90b1c474389f cbf883a8b85b40a0887da24ac7654204 - - default default] Successfully bumped revision number for resource 979402ac-1f87-4c86-9024-121ae540b67f (type: floatingips) to 1
2026-06-15 21:06:33.288 9 INFO neutron.wsgi [None req-4130fca5-527a-4779-912e-6bc3387ea718 d8a26f92c96044358278947489bbf082 95fd44de6c7745f1b293728076d18dc9 - - default default] 10.0.0.173 "PUT /v2.0/floatingips/55a9f211-da76-4d07-bb09-59fa74c82c9d HTTP/1.1" status: 200 len: 1049 time: 1.0747948
2026-06-15 21:06:33.340 9 INFO neutron.notifiers.nova [-] Nova event matching ['req-39e1a0fb-1c43-4444-95b8-dcec95d4b1b7'] response: {'name': 'network-changed', 'server_uuid': '1c71fa01-fdc3-48de-82d4-e3f233067d76', 'tag': '816d7014-e595-4e33-ab75-8543abb5a66c', 'status': 'completed', 'code': 200} /var/lib/openstack/lib/python3.10/site-packages/pycadf/identifier.py:71: UserWarning: Invalid uuid: neutron. To ensure interoperability, identifiers should be a valid uuid. warnings.warn(('Invalid uuid: %s. To ensure interoperability, '
2026-06-15 21:06:33.456 9 INFO neutron.wsgi [req-490db421-055f-4e45-8d35-ddeae4c54f12 req-853f4e37-45f0-45cc-92c2-8d01a00d857e d8a26f92c96044358278947489bbf082 95fd44de6c7745f1b293728076d18dc9 - - default default] 10.0.0.115 "GET /v2.0/ports?device_id=1c71fa01-fdc3-48de-82d4-e3f233067d76 HTTP/1.1" status: 200 len: 1170 time: 0.1090951
2026-06-15 21:06:33.460 9 INFO neutron.wsgi [req-db52e95c-4744-4bf1-9980-233b2ac710a8 req-9851212e-5c50-4083-9bfd-0c7c8112f678 f295b0e2fa4742f79edf8028d7cca781 dd8b079234fb488db03e6de01e8e0df3 - - 8792d6fbeb0d44a2b80411231089ccdb 8792d6fbeb0d44a2b80411231089ccdb] 199.204.45.138 "GET /v2.0/ports?tenant_id=95fd44de6c7745f1b293728076d18dc9&device_id=1c71fa01-fdc3-48de-82d4-e3f233067d76 HTTP/1.1" status: 200 len: 1409 time: 0.1002157 /var/lib/openstack/lib/python3.10/site-packages/pycadf/identifier.py:71: UserWarning: Invalid uuid: neutron. To ensure interoperability, identifiers should be a valid uuid. warnings.warn(('Invalid uuid: %s. To ensure interoperability, '
2026-06-15 21:06:33.537 10 INFO neutron.db.ovn_revision_numbers_db [None req-288eb1e9-73f3-431a-bbb3-0441c0e25c31 6ffa90910dd947648bab90b1c474389f cbf883a8b85b40a0887da24ac7654204 - - default default] Successfully bumped revision number for resource 979402ac-1f87-4c86-9024-121ae540b67f (type: floatingips) to 2
2026-06-15 21:06:33.565 9 INFO neutron.wsgi [req-490db421-055f-4e45-8d35-ddeae4c54f12 req-ddf7f6c4-b8f4-42a9-9338-6bd7cc6d7bfc d8a26f92c96044358278947489bbf082 95fd44de6c7745f1b293728076d18dc9 - - default default] 10.0.0.115 "GET /v2.0/security-groups?id=20896bd4-75ca-4412-a0fb-5459783dbb36&fields=id&fields=name HTTP/1.1" status: 200 len: 312 time: 0.0914903
2026-06-15 21:06:33.582 10 INFO neutron.wsgi [None req-288eb1e9-73f3-431a-bbb3-0441c0e25c31 6ffa90910dd947648bab90b1c474389f cbf883a8b85b40a0887da24ac7654204 - - default default] 10.0.0.173 "PUT /v2.0/floatingips/979402ac-1f87-4c86-9024-121ae540b67f HTTP/1.1" status: 200 len: 1050 time: 1.4693410
2026-06-15 21:06:33.595 9 INFO neutron.wsgi [req-db52e95c-4744-4bf1-9980-233b2ac710a8 req-9c229a78-bfc4-4f66-81dc-4ae810261b92 f295b0e2fa4742f79edf8028d7cca781 dd8b079234fb488db03e6de01e8e0df3 - - 8792d6fbeb0d44a2b80411231089ccdb 8792d6fbeb0d44a2b80411231089ccdb] 199.204.45.138 "GET /v2.0/networks?id=017d9a97-51ce-4066-939a-cc701fc4155f HTTP/1.1" status: 200 len: 968 time: 0.1222157
2026-06-15 21:06:33.598 10 INFO neutron.db.ovn_revision_numbers_db [None req-1cf2740a-3143-47f0-8885-8b80b59e13f0 - - - - - -] Successfully bumped revision number for resource 5d7cb954-51f7-4e83-95f9-b3f5c23f3eaa (type: ports) to 1
2026-06-15 21:06:33.634 10 INFO neutron.notifiers.nova [-] Nova event matching ['req-d62c30fc-038a-44ce-94bc-b4ad9e704b7d'] response: {'name': 'network-changed', 'server_uuid': 'f3f219e6-e466-498a-87d2-404655f84876', 'tag': 'db9bee52-73f2-4b88-bd5e-caecfe01c8b9', 'status': 'completed', 'code': 200}
2026-06-15 21:06:33.655 9 INFO neutron.db.ovn_revision_numbers_db [req-99df4665-5a2e-4a6b-8fa7-a330bb8bc00d req-bc08bddd-3038-48bd-8043-e309150b15cd be14a4210cb5432ea2a82812f15063e3 7bdf2a937a2f427ebd9801983f386d97 - - default default] Successfully bumped revision number for resource 8ad5e00d-6f01-42a8-aa09-6727ab9c36c6 (type: ports) to 5
2026-06-15 21:06:33.681 9 INFO neutron.wsgi [req-99df4665-5a2e-4a6b-8fa7-a330bb8bc00d req-bc08bddd-3038-48bd-8043-e309150b15cd be14a4210cb5432ea2a82812f15063e3 7bdf2a937a2f427ebd9801983f386d97 - - default default] 199.204.45.138 "PUT /v2.0/ports/8ad5e00d-6f01-42a8-aa09-6727ab9c36c6 HTTP/1.1" status: 200 len: 1349 time: 0.8669791
2026-06-15 21:06:33.685 9 INFO neutron.wsgi [req-db52e95c-4744-4bf1-9980-233b2ac710a8 req-f8260f07-2f10-4b0a-99d9-858360fb8613 f295b0e2fa4742f79edf8028d7cca781 dd8b079234fb488db03e6de01e8e0df3 - - 8792d6fbeb0d44a2b80411231089ccdb 8792d6fbeb0d44a2b80411231089ccdb] 199.204.45.138 "GET /v2.0/floatingips?fixed_ip_address=10.100.0.5&port_id=816d7014-e595-4e33-ab75-8543abb5a66c HTTP/1.1" status: 200 len: 1059 time: 0.0853674
2026-06-15 21:06:33.689 9 INFO neutron.wsgi [req-4b2e29cc-c95f-46ba-82ab-fc268974739c req-554fde54-7c6a-4862-8287-05ad7da7b27e 6ffa90910dd947648bab90b1c474389f cbf883a8b85b40a0887da24ac7654204 - - default default] 10.0.0.115 "GET /v2.0/ports?device_id=f3f219e6-e466-498a-87d2-404655f84876 HTTP/1.1" status: 200 len: 1174 time: 0.0452902
2026-06-15 21:06:33.735 10 INFO neutron.wsgi [req-ec5d9310-80ff-458f-b758-dfd83a964582 req-c8189e2c-6a38-4585-8676-f3c2e977d5a2 f295b0e2fa4742f79edf8028d7cca781 dd8b079234fb488db03e6de01e8e0df3 - - 8792d6fbeb0d44a2b80411231089ccdb 8792d6fbeb0d44a2b80411231089ccdb] 199.204.45.138 "GET /v2.0/ports?tenant_id=cbf883a8b85b40a0887da24ac7654204&device_id=f3f219e6-e466-498a-87d2-404655f84876 HTTP/1.1" status: 200 len: 1413 time: 0.0758736
2026-06-15 21:06:33.747 9 INFO neutron.wsgi [req-db52e95c-4744-4bf1-9980-233b2ac710a8 req-1eeead96-46ce-4907-874f-f4e039b0c055 f295b0e2fa4742f79edf8028d7cca781 dd8b079234fb488db03e6de01e8e0df3 - - 8792d6fbeb0d44a2b80411231089ccdb 8792d6fbeb0d44a2b80411231089ccdb] 199.204.45.138 "GET /v2.0/subnets?id=a7c5c88f-889b-479e-89c0-5ebc9c4d7106 HTTP/1.1" status: 200 len: 863 time: 0.0574114
2026-06-15 21:06:33.756 9 INFO neutron.wsgi [req-99df4665-5a2e-4a6b-8fa7-a330bb8bc00d req-89d14106-9779-4546-88dc-902c5d15530a f295b0e2fa4742f79edf8028d7cca781 dd8b079234fb488db03e6de01e8e0df3 - - 8792d6fbeb0d44a2b80411231089ccdb 8792d6fbeb0d44a2b80411231089ccdb] 199.204.45.138 "GET /v2.0/ports?tenant_id=7bdf2a937a2f427ebd9801983f386d97&device_id=bd59471d-a9e0-4437-aa57-b940ed458d29 HTTP/1.1" status: 200 len: 1590 time: 0.0519891
2026-06-15 21:06:33.780 9 INFO neutron.wsgi [req-4b2e29cc-c95f-46ba-82ab-fc268974739c req-64f60259-7121-4f55-a3ca-998a4024588d 6ffa90910dd947648bab90b1c474389f cbf883a8b85b40a0887da24ac7654204 - - default default] 10.0.0.115 "GET /v2.0/security-groups?id=e6021130-8bd2-4ee1-a32f-a6582d59b2bf&fields=id&fields=name HTTP/1.1" status: 200 len: 312 time: 0.0849216
2026-06-15 21:06:33.791 9 INFO neutron.wsgi [req-db52e95c-4744-4bf1-9980-233b2ac710a8 req-f9194d5f-0482-41aa-bcb8-9c9a22e48952 f295b0e2fa4742f79edf8028d7cca781 dd8b079234fb488db03e6de01e8e0df3 - - 8792d6fbeb0d44a2b80411231089ccdb 8792d6fbeb0d44a2b80411231089ccdb] 199.204.45.138 "GET /v2.0/ports?network_id=017d9a97-51ce-4066-939a-cc701fc4155f&device_owner=network%3Adhcp HTTP/1.1" status: 200 len: 210 time: 0.0348220
2026-06-15 21:06:33.850 9 INFO neutron.wsgi [req-99df4665-5a2e-4a6b-8fa7-a330bb8bc00d req-43ad27e5-8213-45b2-bfaf-cc78e824269b f295b0e2fa4742f79edf8028d7cca781 dd8b079234fb488db03e6de01e8e0df3 - - 8792d6fbeb0d44a2b80411231089ccdb 8792d6fbeb0d44a2b80411231089ccdb] 199.204.45.138 "GET /v2.0/networks?id=2a454943-0a99-478b-a839-841f2dce785a HTTP/1.1" status: 200 len: 981 time: 0.0902400
2026-06-15 21:06:33.885 10 INFO neutron.wsgi [req-ec5d9310-80ff-458f-b758-dfd83a964582 req-99b50a27-27dc-4314-8a0e-669c437f5c54 f295b0e2fa4742f79edf8028d7cca781 dd8b079234fb488db03e6de01e8e0df3 - - 8792d6fbeb0d44a2b80411231089ccdb 8792d6fbeb0d44a2b80411231089ccdb] 199.204.45.138 "GET /v2.0/networks?id=9c7c44cf-1f26-4390-acee-505c05dae6c3 HTTP/1.1" status: 200 len: 971 time: 0.1414108
2026-06-15 21:06:33.894 9 INFO neutron.wsgi [req-db52e95c-4744-4bf1-9980-233b2ac710a8 req-00a1fc6c-49db-427c-9d24-0ce317eefa4c f295b0e2fa4742f79edf8028d7cca781 dd8b079234fb488db03e6de01e8e0df3 - - 8792d6fbeb0d44a2b80411231089ccdb 8792d6fbeb0d44a2b80411231089ccdb] 199.204.45.138 "GET /v2.0/networks/017d9a97-51ce-4066-939a-cc701fc4155f?fields=segments HTTP/1.1" status: 200 len: 212 time: 0.0937877
2026-06-15 21:06:33.895 9 INFO neutron.wsgi [req-99df4665-5a2e-4a6b-8fa7-a330bb8bc00d req-93f22e3d-d3d8-4947-975f-972757d779e0 f295b0e2fa4742f79edf8028d7cca781 dd8b079234fb488db03e6de01e8e0df3 - - 8792d6fbeb0d44a2b80411231089ccdb 8792d6fbeb0d44a2b80411231089ccdb] 199.204.45.138 "GET /v2.0/floatingips?fixed_ip_address=10.100.0.10&port_id=8ad5e00d-6f01-42a8-aa09-6727ab9c36c6 HTTP/1.1" status: 200 len: 217 time: 0.0350208
2026-06-15 21:06:33.958 9 INFO neutron.plugins.ml2.drivers.ovn.mech_driver.mech_driver [None req-bed6fbfe-6ae4-4677-9612-1aab72c8e8bd - - - - - -] OVN reports status down for port: 816d7014-e595-4e33-ab75-8543abb5a66c
2026-06-15 21:06:33.989 9 INFO neutron.wsgi [req-f0a31b0e-9c3b-4d9f-acb5-e27c777808bd req-892c9fd8-9545-40a6-b26d-01aeec400f07 d8a26f92c96044358278947489bbf082 95fd44de6c7745f1b293728076d18dc9 - - default default] 10.0.0.115 "GET /v2.0/ports?device_id=1c71fa01-fdc3-48de-82d4-e3f233067d76 HTTP/1.1" status: 200 len: 1170 time: 0.0999475
2026-06-15 21:06:34.009 9 INFO neutron.wsgi [req-99df4665-5a2e-4a6b-8fa7-a330bb8bc00d req-3453f715-3e41-4e11-b84e-0853efe1ea9c f295b0e2fa4742f79edf8028d7cca781 dd8b079234fb488db03e6de01e8e0df3 - - 8792d6fbeb0d44a2b80411231089ccdb 8792d6fbeb0d44a2b80411231089ccdb] 199.204.45.138 "GET /v2.0/floatingips?fixed_ip_address=10.100.0.7&port_id=8ad5e00d-6f01-42a8-aa09-6727ab9c36c6 HTTP/1.1" status: 200 len: 1059 time: 0.1090567
2026-06-15 21:06:34.045 10 INFO neutron.wsgi [req-ec5d9310-80ff-458f-b758-dfd83a964582 req-026d2b63-8bf5-45bc-9181-b3af333338da f295b0e2fa4742f79edf8028d7cca781 dd8b079234fb488db03e6de01e8e0df3 - - 8792d6fbeb0d44a2b80411231089ccdb 8792d6fbeb0d44a2b80411231089ccdb] 199.204.45.138 "GET /v2.0/floatingips?fixed_ip_address=10.100.0.11&port_id=db9bee52-73f2-4b88-bd5e-caecfe01c8b9 HTTP/1.1" status: 200 len: 1060 time: 0.1529779
2026-06-15 21:06:34.067 9 INFO neutron.wsgi [req-f0a31b0e-9c3b-4d9f-acb5-e27c777808bd req-d30bd268-8a8c-4040-bc97-3f2d2bb3f9cd d8a26f92c96044358278947489bbf082 95fd44de6c7745f1b293728076d18dc9 - - default default] 10.0.0.115 "GET /v2.0/security-groups?id=20896bd4-75ca-4412-a0fb-5459783dbb36&fields=id&fields=name HTTP/1.1" status: 200 len: 312 time: 0.0677276
2026-06-15 21:06:34.081 9 INFO neutron.wsgi [req-99df4665-5a2e-4a6b-8fa7-a330bb8bc00d req-926e7690-dfa9-46cf-9598-4f2d4531a89d f295b0e2fa4742f79edf8028d7cca781 dd8b079234fb488db03e6de01e8e0df3 - - 8792d6fbeb0d44a2b80411231089ccdb 8792d6fbeb0d44a2b80411231089ccdb] 199.204.45.138 "GET /v2.0/subnets?id=5d3df1bc-733c-44be-a5f6-1e787a87d2dd HTTP/1.1" status: 200 len: 877 time: 0.0631659
2026-06-15 21:06:34.089 9 INFO neutron.wsgi [req-db52e95c-4744-4bf1-9980-233b2ac710a8 req-e70ef773-7018-4cc3-babd-e8e0c67ca3ba f295b0e2fa4742f79edf8028d7cca781 dd8b079234fb488db03e6de01e8e0df3 - - 8792d6fbeb0d44a2b80411231089ccdb 8792d6fbeb0d44a2b80411231089ccdb] 199.204.45.138 "GET /v2.0/networks/017d9a97-51ce-4066-939a-cc701fc4155f?fields=provider%3Aphysical_network&fields=provider%3Anetwork_type HTTP/1.1" status: 200 len: 277 time: 0.1881855
2026-06-15 21:06:34.107 10 INFO neutron.wsgi [req-ec5d9310-80ff-458f-b758-dfd83a964582 req-fe412ed2-1d4c-4338-ba9f-51bdb8ebafde f295b0e2fa4742f79edf8028d7cca781 dd8b079234fb488db03e6de01e8e0df3 - - 8792d6fbeb0d44a2b80411231089ccdb 8792d6fbeb0d44a2b80411231089ccdb] 199.204.45.138 "GET /v2.0/subnets?id=b21e276c-9fc2-4e4b-9549-5415f30a5ef7 HTTP/1.1" status: 200 len: 868 time: 0.0564127
2026-06-15 21:06:34.119 9 INFO neutron.wsgi [req-99df4665-5a2e-4a6b-8fa7-a330bb8bc00d req-a2004669-0b62-407c-b2ea-5898920835d2 f295b0e2fa4742f79edf8028d7cca781 dd8b079234fb488db03e6de01e8e0df3 - - 8792d6fbeb0d44a2b80411231089ccdb 8792d6fbeb0d44a2b80411231089ccdb] 199.204.45.138 "GET /v2.0/ports?network_id=2a454943-0a99-478b-a839-841f2dce785a&device_owner=network%3Adhcp HTTP/1.1" status: 200 len: 210 time: 0.0294819
2026-06-15 21:06:34.164 10 INFO neutron.wsgi [req-ec5d9310-80ff-458f-b758-dfd83a964582 req-df709302-8dd2-4c0b-8124-6857e02ba55a f295b0e2fa4742f79edf8028d7cca781 dd8b079234fb488db03e6de01e8e0df3 - - 8792d6fbeb0d44a2b80411231089ccdb 8792d6fbeb0d44a2b80411231089ccdb] 199.204.45.138 "GET /v2.0/ports?network_id=9c7c44cf-1f26-4390-acee-505c05dae6c3&device_owner=network%3Adhcp HTTP/1.1" status: 200 len: 210 time: 0.0492554
2026-06-15 21:06:34.191 10 WARNING neutron.scheduler.dhcp_agent_scheduler [None req-991cb77d-a2cb-4bb1-8d60-6f664d206874 08ba737c21d84e53a547c562745ab03f b0507a2222dd4d03a8206278ebd0359d - - default default] No more DHCP agents
2026-06-15 21:06:34.202 10 WARNING neutron.api.rpc.agentnotifiers.dhcp_rpc_agent_api [None req-991cb77d-a2cb-4bb1-8d60-6f664d206874 08ba737c21d84e53a547c562745ab03f b0507a2222dd4d03a8206278ebd0359d - - default default] Unable to schedule network d87a779a-8804-47db-9518-7ee8cc66fd80: no agents available; will retry on subsequent port and subnet creation events.
2026-06-15 21:06:34.228 9 INFO neutron.wsgi [req-8aaa4150-40a8-4986-85e2-88d4c4460130 req-b9f8ab69-19b4-4a8c-9f9a-79e0afeb7f9b 6ffa90910dd947648bab90b1c474389f cbf883a8b85b40a0887da24ac7654204 - - default default] 10.0.0.115 "GET /v2.0/ports?device_id=f3f219e6-e466-498a-87d2-404655f84876 HTTP/1.1" status: 200 len: 1174 time: 0.0714393
2026-06-15 21:06:34.248 10 INFO neutron.db.ovn_revision_numbers_db [None req-1cf2740a-3143-47f0-8885-8b80b59e13f0 - - - - - -] Successfully bumped revision number for resource 5d7cb954-51f7-4e83-95f9-b3f5c23f3eaa (type: router_ports) to 3
2026-06-15 21:06:34.273 10 INFO neutron.wsgi [req-ec5d9310-80ff-458f-b758-dfd83a964582 req-f0511def-eaa3-4ae6-b8ef-bc03ec2a20fb f295b0e2fa4742f79edf8028d7cca781 dd8b079234fb488db03e6de01e8e0df3 - - 8792d6fbeb0d44a2b80411231089ccdb 8792d6fbeb0d44a2b80411231089ccdb] 199.204.45.138 "GET /v2.0/networks/9c7c44cf-1f26-4390-acee-505c05dae6c3?fields=segments HTTP/1.1" status: 200 len: 212 time: 0.1004839
2026-06-15 21:06:34.279 9 INFO neutron.wsgi [req-99df4665-5a2e-4a6b-8fa7-a330bb8bc00d req-6e751d95-2302-4272-95d0-b283340daaad f295b0e2fa4742f79edf8028d7cca781 dd8b079234fb488db03e6de01e8e0df3 - - 8792d6fbeb0d44a2b80411231089ccdb 8792d6fbeb0d44a2b80411231089ccdb] 199.204.45.138 "GET /v2.0/networks/2a454943-0a99-478b-a839-841f2dce785a?fields=segments HTTP/1.1" status: 200 len: 212 time: 0.1540236
2026-06-15 21:06:34.369 9 INFO neutron.wsgi [req-2f6277f2-8746-4829-ba26-73daf59274b0 req-ed7ec55a-5ded-4684-990b-c6cae8599af2 d8a26f92c96044358278947489bbf082 95fd44de6c7745f1b293728076d18dc9 - - default default] 199.204.45.138 "GET /v2.0/ports?device_id=1c71fa01-fdc3-48de-82d4-e3f233067d76 HTTP/1.1" status: 200 len: 1168 time: 0.1075397
2026-06-15 21:06:34.376 9 INFO neutron.wsgi [req-8aaa4150-40a8-4986-85e2-88d4c4460130 req-96373bb2-12be-4e25-96e0-3383927d812b 6ffa90910dd947648bab90b1c474389f cbf883a8b85b40a0887da24ac7654204 - - default default] 10.0.0.115 "GET /v2.0/security-groups?id=e6021130-8bd2-4ee1-a32f-a6582d59b2bf&fields=id&fields=name HTTP/1.1" status: 200 len: 312 time: 0.1320541
2026-06-15 21:06:34.425 9 INFO neutron.wsgi [req-99df4665-5a2e-4a6b-8fa7-a330bb8bc00d req-db954152-403f-4599-be4d-75bff92c4a59 f295b0e2fa4742f79edf8028d7cca781 dd8b079234fb488db03e6de01e8e0df3 - - 8792d6fbeb0d44a2b80411231089ccdb 8792d6fbeb0d44a2b80411231089ccdb] 199.204.45.138 "GET /v2.0/networks/2a454943-0a99-478b-a839-841f2dce785a?fields=provider%3Aphysical_network&fields=provider%3Anetwork_type HTTP/1.1" status: 200 len: 277 time: 0.1345153
2026-06-15 21:06:34.568 10 INFO neutron.wsgi [req-ec5d9310-80ff-458f-b758-dfd83a964582 req-e79127d9-5cd4-446d-a08b-c16b867e8643 f295b0e2fa4742f79edf8028d7cca781 dd8b079234fb488db03e6de01e8e0df3 - - 8792d6fbeb0d44a2b80411231089ccdb 8792d6fbeb0d44a2b80411231089ccdb] 199.204.45.138 "GET /v2.0/networks/9c7c44cf-1f26-4390-acee-505c05dae6c3?fields=provider%3Aphysical_network&fields=provider%3Anetwork_type HTTP/1.1" status: 200 len: 277 time: 0.2827430
2026-06-15 21:06:34.666 10 INFO neutron.db.ovn_revision_numbers_db [None req-991cb77d-a2cb-4bb1-8d60-6f664d206874 08ba737c21d84e53a547c562745ab03f b0507a2222dd4d03a8206278ebd0359d - - default default] Successfully bumped revision number for resource 1aee5673-4f3a-4421-af37-493ba49399d6 (type: ports) to 1
2026-06-15 21:06:34.671 10 INFO neutron.db.ovn_revision_numbers_db [None req-1cf2740a-3143-47f0-8885-8b80b59e13f0 - - - - - -] Successfully bumped revision number for resource 5d7cb954-51f7-4e83-95f9-b3f5c23f3eaa (type: ports) to 2
2026-06-15 21:06:34.832 9 INFO neutron.wsgi [req-3db5a4c2-af30-4782-9c05-a7261d1bdda4 req-c0fda7da-67fc-46a3-8d7f-8ff72cb7fae1 6ffa90910dd947648bab90b1c474389f cbf883a8b85b40a0887da24ac7654204 - - default default] 199.204.45.138 "GET /v2.0/ports?device_id=f3f219e6-e466-498a-87d2-404655f84876 HTTP/1.1" status: 200 len: 1174 time: 0.3137624
2026-06-15 21:06:34.861 9 INFO neutron.wsgi [req-f1ab120e-7a0b-488e-8878-9146726d6277 req-cbb82a08-6831-4945-bd2c-0d91cacbe557 be14a4210cb5432ea2a82812f15063e3 7bdf2a937a2f427ebd9801983f386d97 - - default default] 10.0.0.115 "GET /v2.0/ports?device_id=bd59471d-a9e0-4437-aa57-b940ed458d29 HTTP/1.1" status: 200 len: 1352 time: 0.0847881
2026-06-15 21:06:34.913 9 INFO neutron.db.ovn_revision_numbers_db [None req-bed6fbfe-6ae4-4677-9612-1aab72c8e8bd - - - - - -] Successfully bumped revision number for resource 816d7014-e595-4e33-ab75-8543abb5a66c (type: ports) to 5
2026-06-15 21:06:34.966 9 INFO neutron.wsgi [req-f1ab120e-7a0b-488e-8878-9146726d6277 req-5af386ec-7468-40c7-94a5-de81ac115f4a be14a4210cb5432ea2a82812f15063e3 7bdf2a937a2f427ebd9801983f386d97 - - default default] 10.0.0.115 "GET /v2.0/security-groups?id=6d457563-0c10-4fb9-8995-3cb08c0bac85&fields=id&fields=name HTTP/1.1" status: 200 len: 312 time: 0.0917153
2026-06-15 21:06:34.975 9 INFO neutron.plugins.ml2.drivers.ovn.mech_driver.mech_driver [None req-bed6fbfe-6ae4-4677-9612-1aab72c8e8bd - - - - - -] OVN reports status down for port: db9bee52-73f2-4b88-bd5e-caecfe01c8b9
2026-06-15 21:06:35.032 10 INFO neutron.db.ovn_revision_numbers_db [None req-1cf2740a-3143-47f0-8885-8b80b59e13f0 - - - - - -] Successfully bumped revision number for resource 5d7cb954-51f7-4e83-95f9-b3f5c23f3eaa (type: ports) to 4 /var/lib/openstack/lib/python3.10/site-packages/pycadf/identifier.py:71: UserWarning: Invalid uuid: neutron. To ensure interoperability, identifiers should be a valid uuid. warnings.warn(('Invalid uuid: %s. To ensure interoperability, '
2026-06-15 21:06:35.208 9 INFO neutron.wsgi [req-1a471823-4ed3-4d5a-bad2-3b090846cc51 req-4e1e5e1b-d8d5-4a5f-a567-0042705e6f27 d8a26f92c96044358278947489bbf082 95fd44de6c7745f1b293728076d18dc9 - - default default] 10.0.0.115 "GET /v2.0/ports?device_id=1c71fa01-fdc3-48de-82d4-e3f233067d76 HTTP/1.1" status: 200 len: 1168 time: 0.0643632
2026-06-15 21:06:35.209 9 INFO neutron.db.l3_db [req-2f6277f2-8746-4829-ba26-73daf59274b0 req-2dccd0e6-be2a-45dd-b3d0-a52ed19f1412 d8a26f92c96044358278947489bbf082 95fd44de6c7745f1b293728076d18dc9 - - default default] Floating IP 55a9f211-da76-4d07-bb09-59fa74c82c9d disassociated. External IP: 10.96.250.211, port: 816d7014-e595-4e33-ab75-8543abb5a66c.
2026-06-15 21:06:35.286 10 INFO neutron.wsgi [req-8ab93956-2007-46b5-b391-1f9bcd1ac392 req-d4d8b190-6024-45a4-91c8-ac7a570ce8b6 be14a4210cb5432ea2a82812f15063e3 7bdf2a937a2f427ebd9801983f386d97 - - default default] 199.204.45.138 "GET /v2.0/ports?device_id=bd59471d-a9e0-4437-aa57-b940ed458d29&device_owner=compute%3Anova&fixed_ips=ip_address%3D10.100.0.10 HTTP/1.1" status: 200 len: 1352 time: 0.2053683
2026-06-15 21:06:35.329 10 INFO neutron.db.ovn_revision_numbers_db [None req-991cb77d-a2cb-4bb1-8d60-6f664d206874 08ba737c21d84e53a547c562745ab03f b0507a2222dd4d03a8206278ebd0359d - - default default] Successfully bumped revision number for resource 1aee5673-4f3a-4421-af37-493ba49399d6 (type: router_ports) to 1
