2026-06-15 21:07:23.076 9 INFO neutron.db.ovn_revision_numbers_db [None req-4e8be9c6-40b7-4c0d-a5c5-5734ff85faf6 33a6f768773347f799cd383c5cea435c dbef2903b6064b51928fd2e02969be8d - - default default] Successfully bumped revision number for resource 70df5332-5a81-48f7-8e63-bf76cf6b7488 (type: floatingips) to 2
2026-06-15 21:07:23.148 9 INFO neutron.wsgi [None req-4e8be9c6-40b7-4c0d-a5c5-5734ff85faf6 33a6f768773347f799cd383c5cea435c dbef2903b6064b51928fd2e02969be8d - - default default] 10.0.0.173 "PUT /v2.0/floatingips/70df5332-5a81-48f7-8e63-bf76cf6b7488 HTTP/1.1" status: 200 len: 1037 time: 0.7821987
2026-06-15 21:07:23.149 9 INFO neutron.db.ovn_revision_numbers_db [None req-a297d988-3e4d-44be-af48-d4e46c4dba3e fc90142cb51a4c0b8c4acf5d12b5050e dcacf0574f374899a5885bb889c47ccd - - default default] Successfully bumped revision number for resource 43be60c5-1bec-4d64-8a14-d28931b0291e (type: networks) to 1 /var/lib/openstack/lib/python3.10/site-packages/pycadf/identifier.py:71: UserWarning: Invalid uuid: neutron. To ensure interoperability, identifiers should be a valid uuid. warnings.warn(('Invalid uuid: %s. To ensure interoperability, '
2026-06-15 21:07:23.299 10 INFO neutron.db.l3_db [None req-5edd188d-9513-45cc-9d8c-58d9fcfa4be1 33a6f768773347f799cd383c5cea435c dbef2903b6064b51928fd2e02969be8d - - default default] Floating IP 70df5332-5a81-48f7-8e63-bf76cf6b7488 disassociated. External IP: 10.96.250.207, port: 77cfed30-df30-4475-bd4e-b88c5b880349.
2026-06-15 21:07:23.339 9 WARNING neutron.scheduler.dhcp_agent_scheduler [None req-a297d988-3e4d-44be-af48-d4e46c4dba3e fc90142cb51a4c0b8c4acf5d12b5050e dcacf0574f374899a5885bb889c47ccd - - default default] No more DHCP agents
2026-06-15 21:07:23.341 9 WARNING neutron.api.rpc.agentnotifiers.dhcp_rpc_agent_api [None req-a297d988-3e4d-44be-af48-d4e46c4dba3e fc90142cb51a4c0b8c4acf5d12b5050e dcacf0574f374899a5885bb889c47ccd - - default default] Unable to schedule network 43be60c5-1bec-4d64-8a14-d28931b0291e: no agents available; will retry on subsequent port and subnet creation events.
2026-06-15 21:07:23.376 10 INFO neutron.db.ovn_revision_numbers_db [None req-5edd188d-9513-45cc-9d8c-58d9fcfa4be1 33a6f768773347f799cd383c5cea435c dbef2903b6064b51928fd2e02969be8d - - default default] Successfully bumped revision number for resource 70df5332-5a81-48f7-8e63-bf76cf6b7488 (type: floatingips) to 3
2026-06-15 21:07:23.432 9 INFO neutron.db.ovn_revision_numbers_db [None req-a297d988-3e4d-44be-af48-d4e46c4dba3e fc90142cb51a4c0b8c4acf5d12b5050e dcacf0574f374899a5885bb889c47ccd - - default default] Successfully bumped revision number for resource aa65adf7-14ff-4fd5-86c6-f6bdf12a1871 (type: ports) to 1
2026-06-15 21:07:23.452 10 INFO neutron.wsgi [None req-5edd188d-9513-45cc-9d8c-58d9fcfa4be1 33a6f768773347f799cd383c5cea435c dbef2903b6064b51928fd2e02969be8d - - default default] 10.0.0.173 "PUT /v2.0/floatingips/70df5332-5a81-48f7-8e63-bf76cf6b7488 HTTP/1.1" status: 200 len: 748 time: 0.2977052
2026-06-15 21:07:23.453 9 INFO neutron.wsgi [None req-a297d988-3e4d-44be-af48-d4e46c4dba3e fc90142cb51a4c0b8c4acf5d12b5050e dcacf0574f374899a5885bb889c47ccd - - default default] 10.0.0.173 "POST /v2.0/networks HTTP/1.1" status: 201 len: 853 time: 0.6115105 /var/lib/openstack/lib/python3.10/site-packages/pycadf/identifier.py:71: UserWarning: Invalid uuid: neutron. To ensure interoperability, identifiers should be a valid uuid. warnings.warn(('Invalid uuid: %s. To ensure interoperability, '
2026-06-15 21:07:23.462 9 WARNING neutron_lib.context [None req-1f3c072c-2101-4872-ad88-076994573d0f fc90142cb51a4c0b8c4acf5d12b5050e dcacf0574f374899a5885bb889c47ccd - - default default] Method 'is_advsvc' is deprecated since 2023.2 release (neutron-lib 3.8.0) and will be removed once support for the old RBAC API policies will be removed from Neutron. Please use method 'is_service_role' instead.
2026-06-15 21:07:23.541 9 INFO neutron.db.segments_db [None req-1f3c072c-2101-4872-ad88-076994573d0f fc90142cb51a4c0b8c4acf5d12b5050e dcacf0574f374899a5885bb889c47ccd - - default default] Added segment 1c668b13-ba11-48bc-92f6-287dc683572d of type geneve for network a824c2cb-0046-406b-9be7-a232f6fab9e6
2026-06-15 21:07:23.782 10 INFO neutron.wsgi [None req-deff1e38-1083-4a9b-812b-e69e7b9eb4da 33a6f768773347f799cd383c5cea435c dbef2903b6064b51928fd2e02969be8d - - default default] 10.0.0.173 "DELETE /v2.0/floatingips/70df5332-5a81-48f7-8e63-bf76cf6b7488 HTTP/1.1" status: 204 len: 168 time: 0.3247929
2026-06-15 21:07:23.808 10 INFO neutron.api.v2.resource [None req-f120db19-b369-4241-bae6-584971012423 33a6f768773347f799cd383c5cea435c dbef2903b6064b51928fd2e02969be8d - - default default] delete failed (client error): The resource could not be found.
2026-06-15 21:07:23.809 10 INFO neutron.wsgi [None req-f120db19-b369-4241-bae6-584971012423 33a6f768773347f799cd383c5cea435c dbef2903b6064b51928fd2e02969be8d - - default default] 10.0.0.173 "DELETE /v2.0/floatingips/70df5332-5a81-48f7-8e63-bf76cf6b7488 HTTP/1.1" status: 404 len: 345 time: 0.0228040
2026-06-15 21:07:24.060 10 WARNING neutron_lib.context [None req-14b45ec0-b9a7-4301-93d2-3789efd7d805 f26906d6e41a430b87a5ba87e3af5130 94cf6f5e19c049a98a9de1bbcd18549f - - default default] Method 'is_advsvc' is deprecated since 2023.2 release (neutron-lib 3.8.0) and will be removed once support for the old RBAC API policies will be removed from Neutron. Please use method 'is_service_role' instead.
2026-06-15 21:07:24.185 10 INFO neutron.wsgi [None req-dd367da2-d94d-4c79-8e7c-d1e3bd65d8a3 33a6f768773347f799cd383c5cea435c dbef2903b6064b51928fd2e02969be8d - - default default] 10.0.0.173 "DELETE /v2.0/ports/77cfed30-df30-4475-bd4e-b88c5b880349 HTTP/1.1" status: 204 len: 168 time: 0.3689990
2026-06-15 21:07:24.224 9 INFO neutron.db.ovn_revision_numbers_db [None req-1f3c072c-2101-4872-ad88-076994573d0f fc90142cb51a4c0b8c4acf5d12b5050e dcacf0574f374899a5885bb889c47ccd - - default default] Successfully bumped revision number for resource a824c2cb-0046-406b-9be7-a232f6fab9e6 (type: networks) to 1
2026-06-15 21:07:24.238 10 INFO neutron.db.ovn_revision_numbers_db [None req-14b45ec0-b9a7-4301-93d2-3789efd7d805 f26906d6e41a430b87a5ba87e3af5130 94cf6f5e19c049a98a9de1bbcd18549f - - default default] Successfully bumped revision number for resource a1a5fe4e-2709-49ef-ba6c-06515a305af0 (type: security_groups) to 1
2026-06-15 21:07:24.266 10 INFO neutron.db.ovn_revision_numbers_db [None req-14b45ec0-b9a7-4301-93d2-3789efd7d805 f26906d6e41a430b87a5ba87e3af5130 94cf6f5e19c049a98a9de1bbcd18549f - - default default] Successfully bumped revision number for resource 09a35031-3db4-4ac7-bccc-cea92a140909 (type: security_group_rules) to 0
2026-06-15 21:07:24.281 10 INFO neutron.db.ovn_revision_numbers_db [None req-14b45ec0-b9a7-4301-93d2-3789efd7d805 f26906d6e41a430b87a5ba87e3af5130 94cf6f5e19c049a98a9de1bbcd18549f - - default default] Successfully bumped revision number for resource 7e5827e8-eeb7-4fd2-9f3a-8531a8c01250 (type: security_group_rules) to 0
2026-06-15 21:07:24.297 10 INFO neutron.db.ovn_revision_numbers_db [None req-14b45ec0-b9a7-4301-93d2-3789efd7d805 f26906d6e41a430b87a5ba87e3af5130 94cf6f5e19c049a98a9de1bbcd18549f - - default default] Successfully bumped revision number for resource 87731ba5-4f73-4b77-93e1-438125a32449 (type: security_group_rules) to 0
2026-06-15 21:07:24.326 10 INFO neutron.db.ovn_revision_numbers_db [None req-14b45ec0-b9a7-4301-93d2-3789efd7d805 f26906d6e41a430b87a5ba87e3af5130 94cf6f5e19c049a98a9de1bbcd18549f - - default default] Successfully bumped revision number for resource ad81d281-0713-4eb9-9826-533a41602794 (type: security_group_rules) to 0
2026-06-15 21:07:24.396 10 INFO neutron.db.segments_db [None req-14b45ec0-b9a7-4301-93d2-3789efd7d805 f26906d6e41a430b87a5ba87e3af5130 94cf6f5e19c049a98a9de1bbcd18549f - - default default] Added segment 23de8c26-1b22-41af-b783-22913add0ee5 of type geneve for network 1ac886bf-496a-4bd8-bb33-0f92d35786d6
2026-06-15 21:07:24.450 9 WARNING neutron.scheduler.dhcp_agent_scheduler [None req-1f3c072c-2101-4872-ad88-076994573d0f fc90142cb51a4c0b8c4acf5d12b5050e dcacf0574f374899a5885bb889c47ccd - - default default] No more DHCP agents
2026-06-15 21:07:24.457 9 WARNING neutron.api.rpc.agentnotifiers.dhcp_rpc_agent_api [None req-1f3c072c-2101-4872-ad88-076994573d0f fc90142cb51a4c0b8c4acf5d12b5050e dcacf0574f374899a5885bb889c47ccd - - default default] Unable to schedule network a824c2cb-0046-406b-9be7-a232f6fab9e6: no agents available; will retry on subsequent port and subnet creation events.
2026-06-15 21:07:24.478 10 INFO neutron.notifiers.nova [-] Nova event matching ['req-36608d7e-59db-4338-a2b2-8d1c30db1b62'] response: {'server_uuid': 'ec3b2440-b59d-4b54-b13c-12ad99b02a0b', 'name': 'network-vif-plugged', 'status': 'completed', 'tag': 'd08ccf6f-c286-48ac-97d7-809438f321d1', 'code': 200}
2026-06-15 21:07:24.479 10 INFO neutron.notifiers.nova [-] Nova event matching ['req-36608d7e-59db-4338-a2b2-8d1c30db1b62'] response: {'server_uuid': 'ec3b2440-b59d-4b54-b13c-12ad99b02a0b', 'name': 'network-vif-plugged', 'status': 'completed', 'tag': 'd08ccf6f-c286-48ac-97d7-809438f321d1', 'code': 200}
2026-06-15 21:07:24.479 10 INFO neutron.notifiers.nova [-] Nova event matching ['req-36608d7e-59db-4338-a2b2-8d1c30db1b62'] response: {'server_uuid': 'ec3b2440-b59d-4b54-b13c-12ad99b02a0b', 'name': 'network-vif-plugged', 'status': 'completed', 'tag': 'd08ccf6f-c286-48ac-97d7-809438f321d1', 'code': 200}
2026-06-15 21:07:24.560 9 INFO neutron.db.ovn_revision_numbers_db [None req-1f3c072c-2101-4872-ad88-076994573d0f fc90142cb51a4c0b8c4acf5d12b5050e dcacf0574f374899a5885bb889c47ccd - - default default] Successfully bumped revision number for resource a37a2db7-f385-4146-bec7-45da07d4fcf1 (type: ports) to 1
2026-06-15 21:07:24.584 9 INFO neutron.wsgi [None req-1f3c072c-2101-4872-ad88-076994573d0f fc90142cb51a4c0b8c4acf5d12b5050e dcacf0574f374899a5885bb889c47ccd - - default default] 10.0.0.173 "POST /v2.0/networks HTTP/1.1" status: 201 len: 853 time: 1.1266057
2026-06-15 21:07:24.621 10 INFO neutron.db.ovn_revision_numbers_db [None req-14b45ec0-b9a7-4301-93d2-3789efd7d805 f26906d6e41a430b87a5ba87e3af5130 94cf6f5e19c049a98a9de1bbcd18549f - - default default] Successfully bumped revision number for resource 1ac886bf-496a-4bd8-bb33-0f92d35786d6 (type: networks) to 1
2026-06-15 21:07:24.696 10 INFO neutron.wsgi [None req-286e67a9-f5af-419b-9687-041f5f7ac3a8 33a6f768773347f799cd383c5cea435c dbef2903b6064b51928fd2e02969be8d - - default default] 10.0.0.173 "DELETE /v2.0/ports/24420257-95f2-45a2-b739-bd47a75bf121 HTTP/1.1" status: 204 len: 168 time: 0.5046403
2026-06-15 21:07:25.049 9 WARNING neutron_lib.context [None req-9a929dba-9fda-4d27-9221-98387dd5071f fc90142cb51a4c0b8c4acf5d12b5050e dcacf0574f374899a5885bb889c47ccd - - default default] Method 'is_advsvc' is deprecated since 2023.2 release (neutron-lib 3.8.0) and will be removed once support for the old RBAC API policies will be removed from Neutron. Please use method 'is_service_role' instead.
2026-06-15 21:07:25.078 10 INFO neutron.wsgi [None req-98a642fd-7c1b-4357-a0d4-f698b26c7122 33a6f768773347f799cd383c5cea435c dbef2903b6064b51928fd2e02969be8d - - default default] 10.0.0.173 "GET /v2.0/ports?device_id=5a502c2d-411e-4204-8fee-042150b77314 HTTP/1.1" status: 200 len: 1140 time: 0.3753495
2026-06-15 21:07:25.102 10 WARNING neutron.scheduler.dhcp_agent_scheduler [None req-14b45ec0-b9a7-4301-93d2-3789efd7d805 f26906d6e41a430b87a5ba87e3af5130 94cf6f5e19c049a98a9de1bbcd18549f - - default default] No more DHCP agents
2026-06-15 21:07:25.105 10 WARNING neutron.api.rpc.agentnotifiers.dhcp_rpc_agent_api [None req-14b45ec0-b9a7-4301-93d2-3789efd7d805 f26906d6e41a430b87a5ba87e3af5130 94cf6f5e19c049a98a9de1bbcd18549f - - default default] Unable to schedule network 1ac886bf-496a-4bd8-bb33-0f92d35786d6: no agents available; will retry on subsequent port and subnet creation events.
2026-06-15 21:07:25.124 9 WARNING neutron_lib.context [None req-9a929dba-9fda-4d27-9221-98387dd5071f fc90142cb51a4c0b8c4acf5d12b5050e dcacf0574f374899a5885bb889c47ccd - - default default] Method 'is_advsvc' is deprecated since 2023.2 release (neutron-lib 3.8.0) and will be removed once support for the old RBAC API policies will be removed from Neutron. Please use method 'is_service_role' instead.
2026-06-15 21:07:25.191 10 INFO neutron.db.ovn_revision_numbers_db [None req-14b45ec0-b9a7-4301-93d2-3789efd7d805 f26906d6e41a430b87a5ba87e3af5130 94cf6f5e19c049a98a9de1bbcd18549f - - default default] Successfully bumped revision number for resource 9ef82d27-a767-4f79-b5da-b517783cc1f6 (type: ports) to 1
2026-06-15 21:07:25.215 10 INFO neutron.wsgi [None req-14b45ec0-b9a7-4301-93d2-3789efd7d805 f26906d6e41a430b87a5ba87e3af5130 94cf6f5e19c049a98a9de1bbcd18549f - - default default] 10.0.0.173 "POST /v2.0/networks HTTP/1.1" status: 201 len: 833 time: 1.3343596
2026-06-15 21:07:25.225 10 WARNING neutron_lib.context [None req-e5743a83-63d2-497e-bf09-0d05c6ec181b f26906d6e41a430b87a5ba87e3af5130 94cf6f5e19c049a98a9de1bbcd18549f - - default default] Method 'is_advsvc' is deprecated since 2023.2 release (neutron-lib 3.8.0) and will be removed once support for the old RBAC API policies will be removed from Neutron. Please use method 'is_service_role' instead.
2026-06-15 21:07:25.309 10 INFO neutron.db.segments_db [None req-e5743a83-63d2-497e-bf09-0d05c6ec181b f26906d6e41a430b87a5ba87e3af5130 94cf6f5e19c049a98a9de1bbcd18549f - - default default] Added segment a79aa272-d8eb-4959-b8e3-fd3b6899d448 of type geneve for network 442c6cb7-708b-48df-bc0e-2ef511e8c942
2026-06-15 21:07:25.467 10 INFO neutron.db.ovn_revision_numbers_db [None req-e5743a83-63d2-497e-bf09-0d05c6ec181b f26906d6e41a430b87a5ba87e3af5130 94cf6f5e19c049a98a9de1bbcd18549f - - default default] Successfully bumped revision number for resource 442c6cb7-708b-48df-bc0e-2ef511e8c942 (type: networks) to 1
2026-06-15 21:07:25.661 10 WARNING neutron.scheduler.dhcp_agent_scheduler [None req-e5743a83-63d2-497e-bf09-0d05c6ec181b f26906d6e41a430b87a5ba87e3af5130 94cf6f5e19c049a98a9de1bbcd18549f - - default default] No more DHCP agents
2026-06-15 21:07:25.665 10 WARNING neutron.api.rpc.agentnotifiers.dhcp_rpc_agent_api [None req-e5743a83-63d2-497e-bf09-0d05c6ec181b f26906d6e41a430b87a5ba87e3af5130 94cf6f5e19c049a98a9de1bbcd18549f - - default default] Unable to schedule network 442c6cb7-708b-48df-bc0e-2ef511e8c942: no agents available; will retry on subsequent port and subnet creation events.
2026-06-15 21:07:25.703 9 WARNING neutron.scheduler.dhcp_agent_scheduler [None req-9a929dba-9fda-4d27-9221-98387dd5071f fc90142cb51a4c0b8c4acf5d12b5050e dcacf0574f374899a5885bb889c47ccd - - default default] No more DHCP agents
2026-06-15 21:07:25.708 9 WARNING neutron.api.rpc.agentnotifiers.dhcp_rpc_agent_api [None req-9a929dba-9fda-4d27-9221-98387dd5071f fc90142cb51a4c0b8c4acf5d12b5050e dcacf0574f374899a5885bb889c47ccd - - default default] Unable to schedule network 43be60c5-1bec-4d64-8a14-d28931b0291e: no agents available; will retry on subsequent port and subnet creation events.
2026-06-15 21:07:25.742 10 INFO neutron.db.ovn_revision_numbers_db [None req-e5743a83-63d2-497e-bf09-0d05c6ec181b f26906d6e41a430b87a5ba87e3af5130 94cf6f5e19c049a98a9de1bbcd18549f - - default default] Successfully bumped revision number for resource a455f144-f0ab-4c84-a46a-9022ef3c480e (type: ports) to 1
2026-06-15 21:07:25.762 9 INFO neutron.db.ovn_revision_numbers_db [None req-9a929dba-9fda-4d27-9221-98387dd5071f fc90142cb51a4c0b8c4acf5d12b5050e dcacf0574f374899a5885bb889c47ccd - - default default] Successfully bumped revision number for resource 2b84e75d-d8c5-4105-a7cf-ecb9e5ed0be3 (type: subnets) to 0
2026-06-15 21:07:25.766 10 INFO neutron.wsgi [None req-e5743a83-63d2-497e-bf09-0d05c6ec181b f26906d6e41a430b87a5ba87e3af5130 94cf6f5e19c049a98a9de1bbcd18549f - - default default] 10.0.0.173 "POST /v2.0/networks HTTP/1.1" status: 201 len: 832 time: 0.5445094
2026-06-15 21:07:25.778 10 WARNING neutron_lib.context [None req-6ce1cd8f-f13f-4436-a022-8a0aa615d448 f26906d6e41a430b87a5ba87e3af5130 94cf6f5e19c049a98a9de1bbcd18549f - - default default] Method 'is_advsvc' is deprecated since 2023.2 release (neutron-lib 3.8.0) and will be removed once support for the old RBAC API policies will be removed from Neutron. Please use method 'is_service_role' instead.
2026-06-15 21:07:25.797 9 WARNING neutron.scheduler.dhcp_agent_scheduler [None req-9a929dba-9fda-4d27-9221-98387dd5071f fc90142cb51a4c0b8c4acf5d12b5050e dcacf0574f374899a5885bb889c47ccd - - default default] No more DHCP agents
2026-06-15 21:07:25.801 9 WARNING neutron.api.rpc.agentnotifiers.dhcp_rpc_agent_api [None req-9a929dba-9fda-4d27-9221-98387dd5071f fc90142cb51a4c0b8c4acf5d12b5050e dcacf0574f374899a5885bb889c47ccd - - default default] Unable to schedule network a824c2cb-0046-406b-9be7-a232f6fab9e6: no agents available; will retry on subsequent port and subnet creation events.
2026-06-15 21:07:25.859 9 INFO neutron.db.ovn_revision_numbers_db [None req-9a929dba-9fda-4d27-9221-98387dd5071f fc90142cb51a4c0b8c4acf5d12b5050e dcacf0574f374899a5885bb889c47ccd - - default default] Successfully bumped revision number for resource 0bf932af-5d1e-4482-8d9d-91f7f89874d2 (type: subnets) to 0
2026-06-15 21:07:25.887 9 INFO neutron.wsgi [None req-9a929dba-9fda-4d27-9221-98387dd5071f fc90142cb51a4c0b8c4acf5d12b5050e dcacf0574f374899a5885bb889c47ccd - - default default] 10.0.0.173 "POST /v2.0/subnets HTTP/1.1" status: 201 len: 1475 time: 0.8477786
2026-06-15 21:07:25.950 10 INFO neutron.wsgi [None req-d3fd7216-0332-46c5-ba82-61d3bf154d18 fc90142cb51a4c0b8c4acf5d12b5050e dcacf0574f374899a5885bb889c47ccd - - default default] 10.0.0.173 "GET /v2.0/subnets HTTP/1.1" status: 200 len: 2083 time: 0.0579882
2026-06-15 21:07:26.033 10 WARNING neutron.scheduler.dhcp_agent_scheduler [None req-6ce1cd8f-f13f-4436-a022-8a0aa615d448 f26906d6e41a430b87a5ba87e3af5130 94cf6f5e19c049a98a9de1bbcd18549f - - default default] No more DHCP agents
2026-06-15 21:07:26.035 10 WARNING neutron.api.rpc.agentnotifiers.dhcp_rpc_agent_api [None req-6ce1cd8f-f13f-4436-a022-8a0aa615d448 f26906d6e41a430b87a5ba87e3af5130 94cf6f5e19c049a98a9de1bbcd18549f - - default default] Unable to schedule network 1ac886bf-496a-4bd8-bb33-0f92d35786d6: no agents available; will retry on subsequent port and subnet creation events.
2026-06-15 21:07:26.066 10 INFO neutron.db.ovn_revision_numbers_db [None req-6ce1cd8f-f13f-4436-a022-8a0aa615d448 f26906d6e41a430b87a5ba87e3af5130 94cf6f5e19c049a98a9de1bbcd18549f - - default default] Successfully bumped revision number for resource 514d75c3-5540-4e2b-abe0-38e30795e40e (type: subnets) to 0
2026-06-15 21:07:26.078 10 INFO neutron.wsgi [None req-6ce1cd8f-f13f-4436-a022-8a0aa615d448 f26906d6e41a430b87a5ba87e3af5130 94cf6f5e19c049a98a9de1bbcd18549f - - default default] 10.0.0.173 "POST /v2.0/subnets HTTP/1.1" status: 201 len: 821 time: 0.3068426
2026-06-15 21:07:26.089 10 WARNING neutron_lib.context [None req-c4bca86b-ff95-48e4-a3c7-9494d2554463 f26906d6e41a430b87a5ba87e3af5130 94cf6f5e19c049a98a9de1bbcd18549f - - default default] Method 'is_advsvc' is deprecated since 2023.2 release (neutron-lib 3.8.0) and will be removed once support for the old RBAC API policies will be removed from Neutron. Please use method 'is_service_role' instead.
2026-06-15 21:07:26.203 9 INFO neutron.wsgi [None req-ff148578-ddaa-4e67-8eae-d4894b7cc649 fc90142cb51a4c0b8c4acf5d12b5050e dcacf0574f374899a5885bb889c47ccd - - default default] 10.0.0.173 "DELETE /v2.0/subnets/2b84e75d-d8c5-4105-a7cf-ecb9e5ed0be3 HTTP/1.1" status: 204 len: 168 time: 0.2412984
2026-06-15 21:07:26.205 9 INFO neutron.wsgi [None req-fde3a277-886b-49c6-b4b1-fe05c5d0b468 33a6f768773347f799cd383c5cea435c dbef2903b6064b51928fd2e02969be8d - - default default] 10.0.0.173 "PUT /v2.0/routers/5a502c2d-411e-4204-8fee-042150b77314/remove_router_interface HTTP/1.1" status: 200 len: 503 time: 1.1226497 /var/lib/openstack/lib/python3.10/site-packages/pycadf/identifier.py:71: UserWarning: Invalid uuid: neutron. To ensure interoperability, identifiers should be a valid uuid. warnings.warn(('Invalid uuid: %s. To ensure interoperability, '
2026-06-15 21:07:26.370 10 WARNING neutron.scheduler.dhcp_agent_scheduler [None req-c4bca86b-ff95-48e4-a3c7-9494d2554463 f26906d6e41a430b87a5ba87e3af5130 94cf6f5e19c049a98a9de1bbcd18549f - - default default] No more DHCP agents
2026-06-15 21:07:26.372 10 WARNING neutron.api.rpc.agentnotifiers.dhcp_rpc_agent_api [None req-c4bca86b-ff95-48e4-a3c7-9494d2554463 f26906d6e41a430b87a5ba87e3af5130 94cf6f5e19c049a98a9de1bbcd18549f - - default default] Unable to schedule network 442c6cb7-708b-48df-bc0e-2ef511e8c942: no agents available; will retry on subsequent port and subnet creation events.
2026-06-15 21:07:26.425 10 INFO neutron.db.ovn_revision_numbers_db [None req-c4bca86b-ff95-48e4-a3c7-9494d2554463 f26906d6e41a430b87a5ba87e3af5130 94cf6f5e19c049a98a9de1bbcd18549f - - default default] Successfully bumped revision number for resource e0ac0559-59db-402f-999d-646a71783c04 (type: subnets) to 0
2026-06-15 21:07:26.427 9 INFO neutron.wsgi [None req-6570fda5-d2e9-416d-b4d9-8ad18369d50d fc90142cb51a4c0b8c4acf5d12b5050e dcacf0574f374899a5885bb889c47ccd - - default default] 10.0.0.173 "DELETE /v2.0/subnets/0bf932af-5d1e-4482-8d9d-91f7f89874d2 HTTP/1.1" status: 204 len: 168 time: 0.2175775
2026-06-15 21:07:26.455 10 INFO neutron.wsgi [None req-c4bca86b-ff95-48e4-a3c7-9494d2554463 f26906d6e41a430b87a5ba87e3af5130 94cf6f5e19c049a98a9de1bbcd18549f - - default default] 10.0.0.173 "POST /v2.0/subnets HTTP/1.1" status: 201 len: 830 time: 0.3692477
2026-06-15 21:07:26.468 9 WARNING neutron_lib.context [None req-de8cd3f6-198d-45d4-85ca-bddaeef782ba f26906d6e41a430b87a5ba87e3af5130 94cf6f5e19c049a98a9de1bbcd18549f - - default default] Method 'is_advsvc' is deprecated since 2023.2 release (neutron-lib 3.8.0) and will be removed once support for the old RBAC API policies will be removed from Neutron. Please use method 'is_service_role' instead.
2026-06-15 21:07:26.475 10 INFO neutron.wsgi [None req-169a9f6d-ac58-473e-bb59-1b4e1dc4f847 fc90142cb51a4c0b8c4acf5d12b5050e dcacf0574f374899a5885bb889c47ccd - - default default] 10.0.0.173 "GET /v2.0/subnets HTTP/1.1" status: 200 len: 820 time: 0.0376589
2026-06-15 21:07:26.651 9 INFO neutron.db.ovn_revision_numbers_db [None req-de8cd3f6-198d-45d4-85ca-bddaeef782ba f26906d6e41a430b87a5ba87e3af5130 94cf6f5e19c049a98a9de1bbcd18549f - - default default] Successfully bumped revision number for resource 76c91b7b-317e-4daf-8f46-3daa0f59c36a (type: routers) to 1
2026-06-15 21:07:26.668 9 INFO neutron.wsgi [None req-de8cd3f6-198d-45d4-85ca-bddaeef782ba f26906d6e41a430b87a5ba87e3af5130 94cf6f5e19c049a98a9de1bbcd18549f - - default default] 10.0.0.173 "POST /v2.0/routers HTTP/1.1" status: 201 len: 691 time: 0.2062602
2026-06-15 21:07:26.866 9 INFO neutron.services.segments.plugin [-] Segment 1c668b13-ba11-48bc-92f6-287dc683572d resource provider aggregate not found
2026-06-15 21:07:26.871 9 INFO neutron.services.segments.plugin [-] Segment 1c668b13-ba11-48bc-92f6-287dc683572d resource provider aggregate not found
2026-06-15 21:07:26.887 9 INFO neutron.services.segments.plugin [-] Segment 1c668b13-ba11-48bc-92f6-287dc683572d resource provider not found; error: Placement Client Error (4xx): {"errors": [{"status": 404, "title": "Not Found", "detail": "The resource could not be found.\n\n No resource provider with uuid 1c668b13-ba11-48bc-92f6-287dc683572d found for delete ", "request_id": "req-c40a507c-5581-4691-b188-cfe11b32e3aa"}]}
2026-06-15 21:07:26.890 9 INFO neutron.services.segments.plugin [-] Segment 1c668b13-ba11-48bc-92f6-287dc683572d resource provider not found; error: Placement Client Error (4xx): {"errors": [{"status": 404, "title": "Not Found", "detail": "The resource could not be found.\n\n No resource provider with uuid 1c668b13-ba11-48bc-92f6-287dc683572d found for delete ", "request_id": "req-b916fa2f-d066-442a-ba63-9e173a348ebe"}]}
2026-06-15 21:07:26.911 9 INFO neutron.wsgi [None req-362af6d7-0557-40ca-91cd-8f24315e5d0a fc90142cb51a4c0b8c4acf5d12b5050e dcacf0574f374899a5885bb889c47ccd - - default default] 10.0.0.173 "DELETE /v2.0/networks/a824c2cb-0046-406b-9be7-a232f6fab9e6 HTTP/1.1" status: 204 len: 168 time: 0.4270396
2026-06-15 21:07:27.298 10 WARNING neutron.scheduler.dhcp_agent_scheduler [None req-6626e7dd-998d-4477-99ac-76f9fd78fe74 f26906d6e41a430b87a5ba87e3af5130 94cf6f5e19c049a98a9de1bbcd18549f - - default default] No more DHCP agents
2026-06-15 21:07:27.305 10 WARNING neutron.api.rpc.agentnotifiers.dhcp_rpc_agent_api [None req-6626e7dd-998d-4477-99ac-76f9fd78fe74 f26906d6e41a430b87a5ba87e3af5130 94cf6f5e19c049a98a9de1bbcd18549f - - default default] Unable to schedule network 1ac886bf-496a-4bd8-bb33-0f92d35786d6: no agents available; will retry on subsequent port and subnet creation events.
2026-06-15 21:07:27.319 9 INFO neutron.wsgi [None req-122ad28d-907c-4be0-9fb7-6f14a0579bd0 fc90142cb51a4c0b8c4acf5d12b5050e dcacf0574f374899a5885bb889c47ccd - - default default] 10.0.0.173 "DELETE /v2.0/networks/43be60c5-1bec-4d64-8a14-d28931b0291e HTTP/1.1" status: 204 len: 168 time: 0.4020255
2026-06-15 21:07:27.355 10 INFO neutron.wsgi [None req-c68a4a28-7ab7-458b-a59b-541f18a3b2c7 33a6f768773347f799cd383c5cea435c dbef2903b6064b51928fd2e02969be8d - - default default] 10.0.0.173 "DELETE /v2.0/routers/5a502c2d-411e-4204-8fee-042150b77314 HTTP/1.1" status: 204 len: 168 time: 1.1411831
2026-06-15 21:07:27.506 10 INFO neutron.db.ovn_revision_numbers_db [None req-6626e7dd-998d-4477-99ac-76f9fd78fe74 f26906d6e41a430b87a5ba87e3af5130 94cf6f5e19c049a98a9de1bbcd18549f - - default default] Successfully bumped revision number for resource b6a89e62-6784-40e3-995f-3a1dff0c0e8b (type: ports) to 1
2026-06-15 21:07:27.581 9 INFO neutron.wsgi [None req-abe2291f-4797-402c-8df4-b69a2e45a878 33a6f768773347f799cd383c5cea435c dbef2903b6064b51928fd2e02969be8d - - default default] 10.0.0.173 "DELETE /v2.0/subnets/8f1441fa-8ecc-402c-afc6-86bea1ccbf2c HTTP/1.1" status: 204 len: 168 time: 0.2180295
2026-06-15 21:07:27.969 9 INFO neutron.wsgi [None req-e0849e01-2de1-465a-b67e-9895e1b37678 33a6f768773347f799cd383c5cea435c dbef2903b6064b51928fd2e02969be8d - - default default] 10.0.0.173 "DELETE /v2.0/networks/002eea2a-756a-4c97-8f88-c89ac0d6e9de HTTP/1.1" status: 204 len: 168 time: 0.3791285
2026-06-15 21:07:28.188 10 INFO neutron.services.segments.plugin [-] Segment c6db319f-a598-498f-88a7-c9aff14f8018 resource provider aggregate not found
2026-06-15 21:07:28.193 10 INFO neutron.services.segments.plugin [-] Segment c6db319f-a598-498f-88a7-c9aff14f8018 resource provider aggregate not found
2026-06-15 21:07:28.214 10 INFO neutron.services.segments.plugin [-] Segment c6db319f-a598-498f-88a7-c9aff14f8018 resource provider not found; error: Placement Client Error (4xx): {"errors": [{"status": 404, "title": "Not Found", "detail": "The resource could not be found.\n\n No resource provider with uuid c6db319f-a598-498f-88a7-c9aff14f8018 found for delete ", "request_id": "req-957d167f-8f47-4d2b-a0f6-8896f47d3471"}]}
2026-06-15 21:07:28.218 10 INFO neutron.services.segments.plugin [-] Segment c6db319f-a598-498f-88a7-c9aff14f8018 resource provider not found; error: Placement Client Error (4xx): {"errors": [{"status": 404, "title": "Not Found", "detail": "The resource could not be found.\n\n No resource provider with uuid c6db319f-a598-498f-88a7-c9aff14f8018 found for delete ", "request_id": "req-2abb25d6-d97b-4823-9fd7-5d8626f2ca32"}]}
2026-06-15 21:07:28.260 10 INFO neutron.wsgi [None req-d34b7c6d-e8a0-436d-b63b-3239f52d19df fc90142cb51a4c0b8c4acf5d12b5050e dcacf0574f374899a5885bb889c47ccd - - default default] 10.0.0.173 "DELETE /v2.0/networks/52c995bc-cbd3-4c66-b9c1-5fb9a2a19f08 HTTP/1.1" status: 204 len: 168 time: 0.9328108
2026-06-15 21:07:28.338 10 INFO neutron.plugins.ml2.drivers.ovn.mech_driver.mech_driver [None req-3afca453-c60e-41f0-8287-6cf6a5717111 - - - - - -] OVN reports status up for port: b6a89e62-6784-40e3-995f-3a1dff0c0e8b
2026-06-15 21:07:28.355 10 INFO neutron.plugins.ml2.plugin [None req-3afca453-c60e-41f0-8287-6cf6a5717111 - - - - - -] Attempt 1 to provision port b6a89e62-6784-40e3-995f-3a1dff0c0e8b
2026-06-15 21:07:28.377 10 INFO neutron.db.ovn_revision_numbers_db [None req-6626e7dd-998d-4477-99ac-76f9fd78fe74 f26906d6e41a430b87a5ba87e3af5130 94cf6f5e19c049a98a9de1bbcd18549f - - default default] Successfully bumped revision number for resource b6a89e62-6784-40e3-995f-3a1dff0c0e8b (type: router_ports) to 1
2026-06-15 21:07:28.532 10 INFO neutron.db.ovn_revision_numbers_db [None req-6626e7dd-998d-4477-99ac-76f9fd78fe74 f26906d6e41a430b87a5ba87e3af5130 94cf6f5e19c049a98a9de1bbcd18549f - - default default] Successfully bumped revision number for resource b6a89e62-6784-40e3-995f-3a1dff0c0e8b (type: ports) to 1
2026-06-15 21:07:28.624 10 WARNING neutron.scheduler.dhcp_agent_scheduler [None req-6626e7dd-998d-4477-99ac-76f9fd78fe74 f26906d6e41a430b87a5ba87e3af5130 94cf6f5e19c049a98a9de1bbcd18549f - - default default] No more DHCP agents
2026-06-15 21:07:28.626 10 WARNING neutron.api.rpc.agentnotifiers.dhcp_rpc_agent_api [None req-6626e7dd-998d-4477-99ac-76f9fd78fe74 f26906d6e41a430b87a5ba87e3af5130 94cf6f5e19c049a98a9de1bbcd18549f - - default default] Unable to schedule network 1ac886bf-496a-4bd8-bb33-0f92d35786d6: no agents available; will retry on subsequent port and subnet creation events.
2026-06-15 21:07:28.677 9 INFO neutron.wsgi [None req-38a05157-f23b-4f76-9a2a-9353eed921a2 fc90142cb51a4c0b8c4acf5d12b5050e dcacf0574f374899a5885bb889c47ccd - - default default] 10.0.0.173 "DELETE /v2.0/networks/cc404092-0937-41bc-a380-c7c845fc4a54 HTTP/1.1" status: 204 len: 168 time: 0.4115660
2026-06-15 21:07:28.727 10 INFO neutron.db.ovn_revision_numbers_db [None req-3afca453-c60e-41f0-8287-6cf6a5717111 - - - - - -] Successfully bumped revision number for resource b6a89e62-6784-40e3-995f-3a1dff0c0e8b (type: ports) to 2
2026-06-15 21:07:28.745 10 INFO neutron.wsgi [None req-27ecb80d-c3b4-4401-ab21-3b96d88f8038 08ba737c21d84e53a547c562745ab03f b0507a2222dd4d03a8206278ebd0359d - - default default] 10.0.0.173 "GET /v2.0/security-groups?tenant_id=dbef2903b6064b51928fd2e02969be8d&name=default HTTP/1.1" status: 200 len: 2996 time: 0.1928477
2026-06-15 21:07:28.821 10 INFO neutron.db.ovn_revision_numbers_db [None req-6626e7dd-998d-4477-99ac-76f9fd78fe74 f26906d6e41a430b87a5ba87e3af5130 94cf6f5e19c049a98a9de1bbcd18549f - - default default] Successfully bumped revision number for resource b6a89e62-6784-40e3-995f-3a1dff0c0e8b (type: router_ports) to 2
2026-06-15 21:07:28.824 10 INFO neutron.wsgi [None req-6626e7dd-998d-4477-99ac-76f9fd78fe74 f26906d6e41a430b87a5ba87e3af5130 94cf6f5e19c049a98a9de1bbcd18549f - - default default] 10.0.0.173 "PUT /v2.0/routers/76c91b7b-317e-4daf-8f46-3daa0f59c36a/add_router_interface HTTP/1.1" status: 200 len: 503 time: 2.1502340
2026-06-15 21:07:28.918 9 INFO neutron.services.segments.plugin [-] Segment 98a194d3-9c33-44db-9745-e2e5e50b92a1 resource provider aggregate not found
2026-06-15 21:07:28.923 9 INFO neutron.services.segments.plugin [-] Segment 98a194d3-9c33-44db-9745-e2e5e50b92a1 resource provider aggregate not found
2026-06-15 21:07:28.945 9 INFO neutron.services.segments.plugin [-] Segment 98a194d3-9c33-44db-9745-e2e5e50b92a1 resource provider not found; error: Placement Client Error (4xx): {"errors": [{"status": 404, "title": "Not Found", "detail": "The resource could not be found.\n\n No resource provider with uuid 98a194d3-9c33-44db-9745-e2e5e50b92a1 found for delete ", "request_id": "req-59b4f77b-9124-4de2-a2b6-4fce3c32c0f2"}]}
2026-06-15 21:07:28.953 9 INFO neutron.services.segments.plugin [-] Segment 98a194d3-9c33-44db-9745-e2e5e50b92a1 resource provider not found; error: Placement Client Error (4xx): {"errors": [{"status": 404, "title": "Not Found", "detail": "The resource could not be found.\n\n No resource provider with uuid 98a194d3-9c33-44db-9745-e2e5e50b92a1 found for delete ", "request_id": "req-bb635ea7-79e8-480c-81c8-6d25adc5b2b4"}]}
2026-06-15 21:07:28.967 9 INFO neutron.services.segments.plugin [-] Segment 00fa9a1a-18aa-42ab-9b95-9ee187eb5650 resource provider aggregate not found
2026-06-15 21:07:28.982 9 INFO neutron.services.segments.plugin [-] Segment 00fa9a1a-18aa-42ab-9b95-9ee187eb5650 resource provider aggregate not found
2026-06-15 21:07:29.000 9 INFO neutron.services.segments.plugin [-] Segment 00fa9a1a-18aa-42ab-9b95-9ee187eb5650 resource provider not found; error: Placement Client Error (4xx): {"errors": [{"status": 404, "title": "Not Found", "detail": "The resource could not be found.\n\n No resource provider with uuid 00fa9a1a-18aa-42ab-9b95-9ee187eb5650 found for delete ", "request_id": "req-bd50b1b2-5a1a-40d6-86f1-1d6779a87815"}]}
2026-06-15 21:07:29.007 9 INFO neutron.services.segments.plugin [-] Segment 00fa9a1a-18aa-42ab-9b95-9ee187eb5650 resource provider not found; error: Placement Client Error (4xx): {"errors": [{"status": 404, "title": "Not Found", "detail": "The resource could not be found.\n\n No resource provider with uuid 00fa9a1a-18aa-42ab-9b95-9ee187eb5650 found for delete ", "request_id": "req-4046b4d9-b196-4373-bfcf-d51f88c4b684"}]}
2026-06-15 21:07:29.016 9 INFO neutron.services.segments.plugin [-] Segment 293d841f-581d-423c-9889-efe8a0092992 resource provider aggregate not found
2026-06-15 21:07:29.049 9 INFO neutron.services.segments.plugin [-] Segment 293d841f-581d-423c-9889-efe8a0092992 resource provider not found; error: Placement Client Error (4xx): {"errors": [{"status": 404, "title": "Not Found", "detail": "The resource could not be found.\n\n No resource provider with uuid 293d841f-581d-423c-9889-efe8a0092992 found for delete ", "request_id": "req-663136fa-54f9-442a-b798-bf4d40e9e80d"}]}
2026-06-15 21:07:29.065 9 INFO neutron.wsgi [None req-0a4f859c-7c7b-4cb8-af30-09f2b82c834a f26906d6e41a430b87a5ba87e3af5130 94cf6f5e19c049a98a9de1bbcd18549f - - default default] 10.0.0.173 "GET /v2.0/ports/b6a89e62-6784-40e3-995f-3a1dff0c0e8b HTTP/1.1" status: 200 len: 1141 time: 0.2352033
2026-06-15 21:07:29.067 9 INFO neutron.services.segments.plugin [-] Segment 293d841f-581d-423c-9889-efe8a0092992 resource provider aggregate not found
2026-06-15 21:07:29.090 9 INFO neutron.services.segments.plugin [-] Segment 293d841f-581d-423c-9889-efe8a0092992 resource provider not found; error: Placement Client Error (4xx): {"errors": [{"status": 404, "title": "Not Found", "detail": "The resource could not be found.\n\n No resource provider with uuid 293d841f-581d-423c-9889-efe8a0092992 found for delete ", "request_id": "req-5b6a4474-7b62-4180-ba4d-b7ab691d05a9"}]}
2026-06-15 21:07:29.138 9 INFO neutron.wsgi [None req-7d7749b7-d94e-47ef-8af3-f123374d82fe 08ba737c21d84e53a547c562745ab03f b0507a2222dd4d03a8206278ebd0359d - - default default] 10.0.0.173 "DELETE /v2.0/security-groups/2d21972b-dd85-48d4-9313-ee2819e7b647 HTTP/1.1" status: 204 len: 168 time: 0.3874207
2026-06-15 21:07:29.308 9 INFO neutron.wsgi [None req-c6c90bb3-2eb5-4b6b-ba88-3df9cd4aed94 08ba737c21d84e53a547c562745ab03f b0507a2222dd4d03a8206278ebd0359d - - default default] 10.0.0.173 "GET /v2.0/security-groups?tenant_id=dcacf0574f374899a5885bb889c47ccd&name=default HTTP/1.1" status: 200 len: 2996 time: 0.1406226
2026-06-15 21:07:29.570 9 INFO neutron.wsgi [None req-88a56784-9888-4cdc-9692-8ce2457506e1 08ba737c21d84e53a547c562745ab03f b0507a2222dd4d03a8206278ebd0359d - - default default] 10.0.0.173 "DELETE /v2.0/security-groups/b442ee99-e275-46f2-af46-fe9fae12a3f3 HTTP/1.1" status: 204 len: 168 time: 0.2549775
2026-06-15 21:07:29.610 10 WARNING neutron.scheduler.dhcp_agent_scheduler [None req-50dcf776-daae-4e7c-b17d-4e6fde518236 f26906d6e41a430b87a5ba87e3af5130 94cf6f5e19c049a98a9de1bbcd18549f - - default default] No more DHCP agents
2026-06-15 21:07:29.612 10 WARNING neutron.api.rpc.agentnotifiers.dhcp_rpc_agent_api [None req-50dcf776-daae-4e7c-b17d-4e6fde518236 f26906d6e41a430b87a5ba87e3af5130 94cf6f5e19c049a98a9de1bbcd18549f - - default default] Unable to schedule network 442c6cb7-708b-48df-bc0e-2ef511e8c942: no agents available; will retry on subsequent port and subnet creation events.
2026-06-15 21:07:29.740 10 INFO neutron.db.ovn_revision_numbers_db [None req-50dcf776-daae-4e7c-b17d-4e6fde518236 f26906d6e41a430b87a5ba87e3af5130 94cf6f5e19c049a98a9de1bbcd18549f - - default default] Successfully bumped revision number for resource 514c41dc-bd19-4eba-a412-99bc5a0e48c1 (type: ports) to 1
2026-06-15 21:07:30.266 9 INFO neutron.plugins.ml2.drivers.ovn.mech_driver.mech_driver [None req-bed6fbfe-6ae4-4677-9612-1aab72c8e8bd - - - - - -] OVN reports status up for port: 514c41dc-bd19-4eba-a412-99bc5a0e48c1
2026-06-15 21:07:30.274 9 INFO neutron.plugins.ml2.plugin [None req-bed6fbfe-6ae4-4677-9612-1aab72c8e8bd - - - - - -] Attempt 1 to provision port 514c41dc-bd19-4eba-a412-99bc5a0e48c1
2026-06-15 21:07:30.313 10 INFO neutron.db.ovn_revision_numbers_db [None req-50dcf776-daae-4e7c-b17d-4e6fde518236 f26906d6e41a430b87a5ba87e3af5130 94cf6f5e19c049a98a9de1bbcd18549f - - default default] Successfully bumped revision number for resource 514c41dc-bd19-4eba-a412-99bc5a0e48c1 (type: router_ports) to 1
2026-06-15 21:07:30.444 10 INFO neutron.db.ovn_revision_numbers_db [None req-50dcf776-daae-4e7c-b17d-4e6fde518236 f26906d6e41a430b87a5ba87e3af5130 94cf6f5e19c049a98a9de1bbcd18549f - - default default] Successfully bumped revision number for resource 514c41dc-bd19-4eba-a412-99bc5a0e48c1 (type: ports) to 1
2026-06-15 21:07:30.508 10 WARNING neutron.scheduler.dhcp_agent_scheduler [None req-50dcf776-daae-4e7c-b17d-4e6fde518236 f26906d6e41a430b87a5ba87e3af5130 94cf6f5e19c049a98a9de1bbcd18549f - - default default] No more DHCP agents
2026-06-15 21:07:30.509 10 WARNING neutron.api.rpc.agentnotifiers.dhcp_rpc_agent_api [None req-50dcf776-daae-4e7c-b17d-4e6fde518236 f26906d6e41a430b87a5ba87e3af5130 94cf6f5e19c049a98a9de1bbcd18549f - - default default] Unable to schedule network 442c6cb7-708b-48df-bc0e-2ef511e8c942: no agents available; will retry on subsequent port and subnet creation events.
2026-06-15 21:07:30.651 10 INFO neutron.db.ovn_revision_numbers_db [None req-50dcf776-daae-4e7c-b17d-4e6fde518236 f26906d6e41a430b87a5ba87e3af5130 94cf6f5e19c049a98a9de1bbcd18549f - - default default] Successfully bumped revision number for resource 514c41dc-bd19-4eba-a412-99bc5a0e48c1 (type: router_ports) to 2
2026-06-15 21:07:30.655 10 INFO neutron.wsgi [None req-50dcf776-daae-4e7c-b17d-4e6fde518236 f26906d6e41a430b87a5ba87e3af5130 94cf6f5e19c049a98a9de1bbcd18549f - - default default] 10.0.0.173 "PUT /v2.0/routers/76c91b7b-317e-4daf-8f46-3daa0f59c36a/add_router_interface HTTP/1.1" status: 200 len: 503 time: 1.5828955
2026-06-15 21:07:30.701 10 INFO neutron.wsgi [None req-2115735c-9440-4f67-aa11-5f2b2453fee9 f26906d6e41a430b87a5ba87e3af5130 94cf6f5e19c049a98a9de1bbcd18549f - - default default] 10.0.0.173 "GET /v2.0/ports/514c41dc-bd19-4eba-a412-99bc5a0e48c1 HTTP/1.1" status: 200 len: 1149 time: 0.0409565
2026-06-15 21:07:30.751 10 INFO neutron.wsgi [None req-b5c93ac1-cc56-4bcc-bc50-c0463548358e f26906d6e41a430b87a5ba87e3af5130 94cf6f5e19c049a98a9de1bbcd18549f - - default default] 10.0.0.173 "GET /v2.0/ports/514c41dc-bd19-4eba-a412-99bc5a0e48c1 HTTP/1.1" status: 200 len: 1149 time: 0.0434651
2026-06-15 21:07:30.865 9 INFO neutron.db.ovn_revision_numbers_db [None req-bed6fbfe-6ae4-4677-9612-1aab72c8e8bd - - - - - -] Successfully bumped revision number for resource 514c41dc-bd19-4eba-a412-99bc5a0e48c1 (type: ports) to 2
2026-06-15 21:07:30.955 9 INFO neutron.db.ovn_revision_numbers_db [None req-bed6fbfe-6ae4-4677-9612-1aab72c8e8bd - - - - - -] Successfully bumped revision number for resource 514c41dc-bd19-4eba-a412-99bc5a0e48c1 (type: router_ports) to 2
2026-06-15 21:07:31.052 9 INFO neutron.wsgi [None req-4e3f2e39-3ac2-4e29-bf45-6e370fbbe91f 08ba737c21d84e53a547c562745ab03f b0507a2222dd4d03a8206278ebd0359d - - default default] 10.0.0.60 "GET /v2.0/floatingips HTTP/1.1" status: 200 len: 1035 time: 0.1451378
2026-06-15 21:07:31.107 10 INFO neutron.wsgi [req-c44e6ab7-3176-4eaa-be51-991ec9b5bdc2 req-2d580f1f-7436-4f79-8f47-3f7a71b8e071 f295b0e2fa4742f79edf8028d7cca781 dd8b079234fb488db03e6de01e8e0df3 - - 8792d6fbeb0d44a2b80411231089ccdb 8792d6fbeb0d44a2b80411231089ccdb] 10.0.0.181 "GET /v2.0/ports?device_id=ec3b2440-b59d-4b54-b13c-12ad99b02a0b HTTP/1.1" status: 200 len: 1409 time: 0.2083530
2026-06-15 21:07:31.155 9 INFO neutron.wsgi [None req-da81d2be-8283-4f99-9a60-c84b393cf493 08ba737c21d84e53a547c562745ab03f b0507a2222dd4d03a8206278ebd0359d - - default default] 10.0.0.60 "GET /v2.0/ports HTTP/1.1" status: 200 len: 14643 time: 0.1010456
2026-06-15 21:07:31.190 10 INFO neutron.wsgi [req-c44e6ab7-3176-4eaa-be51-991ec9b5bdc2 req-32d751fc-421e-472a-a352-eac687db8257 f295b0e2fa4742f79edf8028d7cca781 dd8b079234fb488db03e6de01e8e0df3 - - 8792d6fbeb0d44a2b80411231089ccdb 8792d6fbeb0d44a2b80411231089ccdb] 10.0.0.181 "GET /v2.0/security-groups?id=1d82539b-8601-4b35-b2b7-af09dbce9f63&fields=id&fields=name HTTP/1.1" status: 200 len: 313 time: 0.0754876
2026-06-15 21:07:31.282 9 INFO neutron.wsgi [None req-eb1e41f1-f38e-4707-a0ea-a1d47aeded05 08ba737c21d84e53a547c562745ab03f b0507a2222dd4d03a8206278ebd0359d - - default default] 10.0.0.60 "GET /v2.0/security-groups HTTP/1.1" status: 200 len: 25101 time: 0.1089029
2026-06-15 21:07:31.338 9 WARNING neutron_lib.context [None req-d182f858-42f2-4074-99d8-d369a95df6d4 7ab564f593074c78bc54d43008c4c761 46436144870247b3b7a54e4e9d7196dc - - default default] Method 'is_advsvc' is deprecated since 2023.2 release (neutron-lib 3.8.0) and will be removed once support for the old RBAC API policies will be removed from Neutron. Please use method 'is_service_role' instead.
2026-06-15 21:07:31.386 9 INFO neutron.wsgi [None req-f7e16c1c-5271-4f0b-bfca-764bf4c3c8cb 08ba737c21d84e53a547c562745ab03f b0507a2222dd4d03a8206278ebd0359d - - default default] 10.0.0.60 "GET /v2.0/subnets HTTP/1.1" status: 200 len: 3362 time: 0.0930114
2026-06-15 21:07:31.406 9 INFO neutron.wsgi [None req-afe9c539-2d89-44b3-a876-343837fc2ff1 08ba737c21d84e53a547c562745ab03f b0507a2222dd4d03a8206278ebd0359d - - default default] 10.0.0.60 "GET /v2.0/subnetpools HTTP/1.1" status: 200 len: 193 time: 0.0148468
2026-06-15 21:07:31.480 9 INFO neutron.wsgi [None req-8890f25f-cc32-4f81-8146-417e74958a2f 08ba737c21d84e53a547c562745ab03f b0507a2222dd4d03a8206278ebd0359d - - default default] 10.0.0.60 "GET /v2.0/networks HTTP/1.1" status: 200 len: 4603 time: 0.0729682
2026-06-15 21:07:31.562 9 INFO neutron.wsgi [None req-9e7185da-22b0-443d-a5e5-968effdc93c6 08ba737c21d84e53a547c562745ab03f b0507a2222dd4d03a8206278ebd0359d - - default default] 10.0.0.60 "GET /v2.0/subnets HTTP/1.1" status: 200 len: 3362 time: 0.0556319 /var/lib/openstack/lib/python3.10/site-packages/pycadf/identifier.py:71: UserWarning: Invalid uuid: neutron. To ensure interoperability, identifiers should be a valid uuid. warnings.warn(('Invalid uuid: %s. To ensure interoperability, '
2026-06-15 21:07:31.572 10 WARNING neutron_lib.context [None req-64ec4d90-6668-4446-b1ec-31af36634195 6a052befbdd843d7b793d36bb816a2ef 0cdad12aa59d44e39d3fee5d6572c216 - - default default] Method 'is_advsvc' is deprecated since 2023.2 release (neutron-lib 3.8.0) and will be removed once support for the old RBAC API policies will be removed from Neutron. Please use method 'is_service_role' instead.
2026-06-15 21:07:31.585 10 INFO neutron.wsgi [None req-bd34e333-8ffd-413e-a206-fd494f23e807 f26906d6e41a430b87a5ba87e3af5130 94cf6f5e19c049a98a9de1bbcd18549f - - default default] 10.0.0.173 "PUT /v2.0/routers/76c91b7b-317e-4daf-8f46-3daa0f59c36a/remove_router_interface HTTP/1.1" status: 200 len: 503 time: 0.8283725
2026-06-15 21:07:31.623 9 INFO neutron.db.ovn_revision_numbers_db [None req-d182f858-42f2-4074-99d8-d369a95df6d4 7ab564f593074c78bc54d43008c4c761 46436144870247b3b7a54e4e9d7196dc - - default default] Successfully bumped revision number for resource 5caa34ba-6de0-4374-b968-d9aa1ebf070e (type: security_groups) to 1
2026-06-15 21:07:31.640 9 INFO neutron.db.ovn_revision_numbers_db [None req-d182f858-42f2-4074-99d8-d369a95df6d4 7ab564f593074c78bc54d43008c4c761 46436144870247b3b7a54e4e9d7196dc - - default default] Successfully bumped revision number for resource 0e3fb549-874f-4ab8-84ba-006f13c0cfb7 (type: security_group_rules) to 0
2026-06-15 21:07:31.643 9 INFO neutron.wsgi [None req-13e8a29f-3cc8-4e07-9602-8c743dad70d4 08ba737c21d84e53a547c562745ab03f b0507a2222dd4d03a8206278ebd0359d - - default default] 10.0.0.60 "GET /v2.0/routers HTTP/1.1" status: 200 len: 1350 time: 0.0789523
2026-06-15 21:07:31.660 9 INFO neutron.wsgi [None req-6be28dad-b323-4422-a824-2e66210ff4e2 08ba737c21d84e53a547c562745ab03f b0507a2222dd4d03a8206278ebd0359d - - default default] 10.0.0.60 "GET /v2.0/agents?binary=ovn-controller HTTP/1.1" status: 200 len: 591 time: 0.0159016
2026-06-15 21:07:31.664 9 INFO neutron.db.ovn_revision_numbers_db [None req-d182f858-42f2-4074-99d8-d369a95df6d4 7ab564f593074c78bc54d43008c4c761 46436144870247b3b7a54e4e9d7196dc - - default default] Successfully bumped revision number for resource 3889fc81-ef3e-4239-af96-e1808b95e282 (type: security_group_rules) to 0
2026-06-15 21:07:31.677 9 INFO neutron.wsgi [None req-233f93db-d3b0-4f97-91a4-ec741d8d43d4 08ba737c21d84e53a547c562745ab03f b0507a2222dd4d03a8206278ebd0359d - - default default] 10.0.0.60 "GET /v2.0/network-ip-availabilities HTTP/1.1" status: 200 len: 2663 time: 0.0147929
2026-06-15 21:07:31.688 9 INFO neutron.wsgi [None req-9ccdfd0a-cb97-41e0-aa2b-2e8f45a034e7 08ba737c21d84e53a547c562745ab03f b0507a2222dd4d03a8206278ebd0359d - - default default] 10.0.0.60 "GET /v2.0/agents HTTP/1.1" status: 200 len: 997 time: 0.0091872
2026-06-15 21:07:31.693 9 INFO neutron.db.ovn_revision_numbers_db [None req-d182f858-42f2-4074-99d8-d369a95df6d4 7ab564f593074c78bc54d43008c4c761 46436144870247b3b7a54e4e9d7196dc - - default default] Successfully bumped revision number for resource ad295849-d6ae-4850-84b7-ff3b38fddd27 (type: security_group_rules) to 0
2026-06-15 21:07:31.695 10 INFO neutron.wsgi [None req-d24d1ff9-7cf6-427f-a486-c07ddc17fc07 f26906d6e41a430b87a5ba87e3af5130 94cf6f5e19c049a98a9de1bbcd18549f - - default default] 10.0.0.173 "GET /v2.0/ports/b6a89e62-6784-40e3-995f-3a1dff0c0e8b HTTP/1.1" status: 200 len: 1141 time: 0.1041777
2026-06-15 21:07:31.706 9 INFO neutron.db.ovn_revision_numbers_db [None req-d182f858-42f2-4074-99d8-d369a95df6d4 7ab564f593074c78bc54d43008c4c761 46436144870247b3b7a54e4e9d7196dc - - default default] Successfully bumped revision number for resource e6ffd90e-0fa0-4560-a6ed-3ca37e05b885 (type: security_group_rules) to 0
2026-06-15 21:07:31.769 9 INFO neutron.db.segments_db [None req-d182f858-42f2-4074-99d8-d369a95df6d4 7ab564f593074c78bc54d43008c4c761 46436144870247b3b7a54e4e9d7196dc - - default default] Added segment 6e850676-9246-4d6b-88bc-3db1e1c059d8 of type geneve for network 86a65e83-55f4-458d-9129-691896ee31cd
2026-06-15 21:07:31.804 10 INFO neutron.db.ovn_revision_numbers_db [None req-64ec4d90-6668-4446-b1ec-31af36634195 6a052befbdd843d7b793d36bb816a2ef 0cdad12aa59d44e39d3fee5d6572c216 - - default default] Successfully bumped revision number for resource ca82ac9a-f643-4f04-973f-f49cedb138ea (type: security_groups) to 1
2026-06-15 21:07:31.832 10 INFO neutron.db.ovn_revision_numbers_db [None req-64ec4d90-6668-4446-b1ec-31af36634195 6a052befbdd843d7b793d36bb816a2ef 0cdad12aa59d44e39d3fee5d6572c216 - - default default] Successfully bumped revision number for resource 66f1c030-76c3-458c-b19a-338d9899644b (type: security_group_rules) to 0
2026-06-15 21:07:31.855 10 INFO neutron.db.ovn_revision_numbers_db [None req-64ec4d90-6668-4446-b1ec-31af36634195 6a052befbdd843d7b793d36bb816a2ef 0cdad12aa59d44e39d3fee5d6572c216 - - default default] Successfully bumped revision number for resource dee11c3d-f596-46f2-bf0f-3093f633ab0f (type: security_group_rules) to 0
2026-06-15 21:07:31.880 10 INFO neutron.db.ovn_revision_numbers_db [None req-64ec4d90-6668-4446-b1ec-31af36634195 6a052befbdd843d7b793d36bb816a2ef 0cdad12aa59d44e39d3fee5d6572c216 - - default default] Successfully bumped revision number for resource e9413c5f-25c7-42d2-9d79-67bfcc242428 (type: security_group_rules) to 0
2026-06-15 21:07:31.905 10 INFO neutron.db.ovn_revision_numbers_db [None req-64ec4d90-6668-4446-b1ec-31af36634195 6a052befbdd843d7b793d36bb816a2ef 0cdad12aa59d44e39d3fee5d6572c216 - - default default] Successfully bumped revision number for resource f7b3f90f-f067-4081-ac61-1af9a37f43c9 (type: security_group_rules) to 0
2026-06-15 21:07:31.923 9 INFO neutron.db.ovn_revision_numbers_db [None req-d182f858-42f2-4074-99d8-d369a95df6d4 7ab564f593074c78bc54d43008c4c761 46436144870247b3b7a54e4e9d7196dc - - default default] Successfully bumped revision number for resource 86a65e83-55f4-458d-9129-691896ee31cd (type: networks) to 1
2026-06-15 21:07:31.974 10 INFO neutron.db.segments_db [None req-64ec4d90-6668-4446-b1ec-31af36634195 6a052befbdd843d7b793d36bb816a2ef 0cdad12aa59d44e39d3fee5d6572c216 - - default default] Added segment 65aa7e94-7ed3-4b51-b665-f6050b20fe1d of type geneve for network a526cfca-f8f8-4d9c-baa3-0ae4f6112423
2026-06-15 21:07:32.111 9 WARNING neutron.scheduler.dhcp_agent_scheduler [None req-d182f858-42f2-4074-99d8-d369a95df6d4 7ab564f593074c78bc54d43008c4c761 46436144870247b3b7a54e4e9d7196dc - - default default] No more DHCP agents
2026-06-15 21:07:32.114 9 WARNING neutron.api.rpc.agentnotifiers.dhcp_rpc_agent_api [None req-d182f858-42f2-4074-99d8-d369a95df6d4 7ab564f593074c78bc54d43008c4c761 46436144870247b3b7a54e4e9d7196dc - - default default] Unable to schedule network 86a65e83-55f4-458d-9129-691896ee31cd: no agents available; will retry on subsequent port and subnet creation events.
