2026-06-15 21:07:32.176 10 INFO neutron.db.ovn_revision_numbers_db [None req-64ec4d90-6668-4446-b1ec-31af36634195 6a052befbdd843d7b793d36bb816a2ef 0cdad12aa59d44e39d3fee5d6572c216 - - default default] Successfully bumped revision number for resource a526cfca-f8f8-4d9c-baa3-0ae4f6112423 (type: networks) to 1
2026-06-15 21:07:32.194 9 INFO neutron.db.ovn_revision_numbers_db [None req-d182f858-42f2-4074-99d8-d369a95df6d4 7ab564f593074c78bc54d43008c4c761 46436144870247b3b7a54e4e9d7196dc - - default default] Successfully bumped revision number for resource d900c12e-a90c-4f1b-a029-407ff78f4b48 (type: ports) to 1
2026-06-15 21:07:32.224 9 INFO neutron.wsgi [None req-d182f858-42f2-4074-99d8-d369a95df6d4 7ab564f593074c78bc54d43008c4c761 46436144870247b3b7a54e4e9d7196dc - - default default] 10.0.0.173 "POST /v2.0/networks HTTP/1.1" status: 201 len: 844 time: 1.1248608
2026-06-15 21:07:32.234 9 WARNING neutron_lib.context [None req-770fc740-604e-4cd6-bd42-fd2ef4bd1023 7ab564f593074c78bc54d43008c4c761 46436144870247b3b7a54e4e9d7196dc - - default default] Method 'is_advsvc' is deprecated since 2023.2 release (neutron-lib 3.8.0) and will be removed once support for the old RBAC API policies will be removed from Neutron. Please use method 'is_service_role' instead.
2026-06-15 21:07:32.489 9 WARNING neutron.scheduler.dhcp_agent_scheduler [None req-770fc740-604e-4cd6-bd42-fd2ef4bd1023 7ab564f593074c78bc54d43008c4c761 46436144870247b3b7a54e4e9d7196dc - - default default] No more DHCP agents
2026-06-15 21:07:32.492 9 WARNING neutron.api.rpc.agentnotifiers.dhcp_rpc_agent_api [None req-770fc740-604e-4cd6-bd42-fd2ef4bd1023 7ab564f593074c78bc54d43008c4c761 46436144870247b3b7a54e4e9d7196dc - - default default] Unable to schedule network 86a65e83-55f4-458d-9129-691896ee31cd: no agents available; will retry on subsequent port and subnet creation events.
2026-06-15 21:07:32.578 9 INFO neutron.db.ovn_revision_numbers_db [None req-770fc740-604e-4cd6-bd42-fd2ef4bd1023 7ab564f593074c78bc54d43008c4c761 46436144870247b3b7a54e4e9d7196dc - - default default] Successfully bumped revision number for resource 5942cc79-33f3-45e5-aaea-d4cccb3ebe79 (type: ports) to 1
2026-06-15 21:07:32.602 9 INFO neutron.wsgi [None req-770fc740-604e-4cd6-bd42-fd2ef4bd1023 7ab564f593074c78bc54d43008c4c761 46436144870247b3b7a54e4e9d7196dc - - default default] 10.0.0.173 "POST /v2.0/ports HTTP/1.1" status: 201 len: 974 time: 0.3735237 /var/lib/openstack/lib/python3.10/site-packages/pycadf/identifier.py:71: UserWarning: Invalid uuid: neutron. To ensure interoperability, identifiers should be a valid uuid. warnings.warn(('Invalid uuid: %s. To ensure interoperability, '
2026-06-15 21:07:32.614 9 WARNING neutron_lib.context [None req-6aedb182-defa-43c6-8be0-6b1ad5dfbc85 7ab564f593074c78bc54d43008c4c761 46436144870247b3b7a54e4e9d7196dc - - default default] Method 'is_advsvc' is deprecated since 2023.2 release (neutron-lib 3.8.0) and will be removed once support for the old RBAC API policies will be removed from Neutron. Please use method 'is_service_role' instead.
2026-06-15 21:07:32.700 9 INFO neutron.db.segments_db [None req-6aedb182-defa-43c6-8be0-6b1ad5dfbc85 7ab564f593074c78bc54d43008c4c761 46436144870247b3b7a54e4e9d7196dc - - default default] Added segment 4ed8101d-c3ff-4687-97c0-8fa69f0b4ed6 of type geneve for network b7ffee14-b5a3-4033-9d87-0cc69f69ece5
2026-06-15 21:07:32.700 10 WARNING neutron.scheduler.dhcp_agent_scheduler [None req-64ec4d90-6668-4446-b1ec-31af36634195 6a052befbdd843d7b793d36bb816a2ef 0cdad12aa59d44e39d3fee5d6572c216 - - default default] No more DHCP agents
2026-06-15 21:07:32.705 10 WARNING neutron.api.rpc.agentnotifiers.dhcp_rpc_agent_api [None req-64ec4d90-6668-4446-b1ec-31af36634195 6a052befbdd843d7b793d36bb816a2ef 0cdad12aa59d44e39d3fee5d6572c216 - - default default] Unable to schedule network a526cfca-f8f8-4d9c-baa3-0ae4f6112423: no agents available; will retry on subsequent port and subnet creation events.
2026-06-15 21:07:32.834 10 INFO neutron.wsgi [None req-2702202c-453f-419b-b97f-d2db377aa2fd f26906d6e41a430b87a5ba87e3af5130 94cf6f5e19c049a98a9de1bbcd18549f - - default default] 10.0.0.173 "PUT /v2.0/routers/76c91b7b-317e-4daf-8f46-3daa0f59c36a/remove_router_interface HTTP/1.1" status: 200 len: 503 time: 1.1273625 /var/lib/openstack/lib/python3.10/site-packages/pycadf/identifier.py:71: UserWarning: Invalid uuid: neutron. To ensure interoperability, identifiers should be a valid uuid. warnings.warn(('Invalid uuid: %s. To ensure interoperability, '
2026-06-15 21:07:32.847 9 INFO neutron.db.ovn_revision_numbers_db [None req-6aedb182-defa-43c6-8be0-6b1ad5dfbc85 7ab564f593074c78bc54d43008c4c761 46436144870247b3b7a54e4e9d7196dc - - default default] Successfully bumped revision number for resource b7ffee14-b5a3-4033-9d87-0cc69f69ece5 (type: networks) to 1
2026-06-15 21:07:32.884 10 INFO neutron.wsgi [None req-b2b2a623-c872-4d81-a5f1-3b2b35998939 f26906d6e41a430b87a5ba87e3af5130 94cf6f5e19c049a98a9de1bbcd18549f - - default default] 10.0.0.173 "GET /v2.0/ports?device_id=76c91b7b-317e-4daf-8f46-3daa0f59c36a HTTP/1.1" status: 200 len: 205 time: 0.0435584
2026-06-15 21:07:32.896 10 INFO neutron.db.ovn_revision_numbers_db [None req-64ec4d90-6668-4446-b1ec-31af36634195 6a052befbdd843d7b793d36bb816a2ef 0cdad12aa59d44e39d3fee5d6572c216 - - default default] Successfully bumped revision number for resource 48386a47-0ed2-419e-a461-b14720bbb953 (type: ports) to 1
2026-06-15 21:07:32.954 10 INFO neutron.wsgi [None req-64ec4d90-6668-4446-b1ec-31af36634195 6a052befbdd843d7b793d36bb816a2ef 0cdad12aa59d44e39d3fee5d6572c216 - - default default] 10.0.0.173 "POST /v2.0/networks HTTP/1.1" status: 201 len: 848 time: 1.4743659
2026-06-15 21:07:32.972 9 WARNING neutron_lib.context [None req-4c20e39e-9042-4db0-965a-a1e74137dfa7 6a052befbdd843d7b793d36bb816a2ef 0cdad12aa59d44e39d3fee5d6572c216 - - default default] Method 'is_advsvc' is deprecated since 2023.2 release (neutron-lib 3.8.0) and will be removed once support for the old RBAC API policies will be removed from Neutron. Please use method 'is_service_role' instead.
2026-06-15 21:07:33.072 9 WARNING neutron.scheduler.dhcp_agent_scheduler [None req-6aedb182-defa-43c6-8be0-6b1ad5dfbc85 7ab564f593074c78bc54d43008c4c761 46436144870247b3b7a54e4e9d7196dc - - default default] No more DHCP agents
2026-06-15 21:07:33.076 9 WARNING neutron.api.rpc.agentnotifiers.dhcp_rpc_agent_api [None req-6aedb182-defa-43c6-8be0-6b1ad5dfbc85 7ab564f593074c78bc54d43008c4c761 46436144870247b3b7a54e4e9d7196dc - - default default] Unable to schedule network b7ffee14-b5a3-4033-9d87-0cc69f69ece5: no agents available; will retry on subsequent port and subnet creation events.
2026-06-15 21:07:33.197 9 INFO neutron.db.ovn_revision_numbers_db [None req-6aedb182-defa-43c6-8be0-6b1ad5dfbc85 7ab564f593074c78bc54d43008c4c761 46436144870247b3b7a54e4e9d7196dc - - default default] Successfully bumped revision number for resource f4c927f6-e3c6-4272-ab64-1bc491581b1b (type: ports) to 1
2026-06-15 21:07:33.211 10 INFO neutron.wsgi [None req-8d412893-65a7-4801-9af7-61d2919fd6dc f26906d6e41a430b87a5ba87e3af5130 94cf6f5e19c049a98a9de1bbcd18549f - - default default] 10.0.0.173 "DELETE /v2.0/routers/76c91b7b-317e-4daf-8f46-3daa0f59c36a HTTP/1.1" status: 204 len: 168 time: 0.3213048
2026-06-15 21:07:33.232 9 INFO neutron.wsgi [None req-6aedb182-defa-43c6-8be0-6b1ad5dfbc85 7ab564f593074c78bc54d43008c4c761 46436144870247b3b7a54e4e9d7196dc - - default default] 10.0.0.173 "POST /v2.0/networks HTTP/1.1" status: 201 len: 830 time: 0.6237071
2026-06-15 21:07:33.243 9 WARNING neutron_lib.context [None req-6e8efe9c-208a-4323-b498-ec1c8a1062e6 7ab564f593074c78bc54d43008c4c761 46436144870247b3b7a54e4e9d7196dc - - default default] Method 'is_advsvc' is deprecated since 2023.2 release (neutron-lib 3.8.0) and will be removed once support for the old RBAC API policies will be removed from Neutron. Please use method 'is_service_role' instead.
2026-06-15 21:07:33.324 9 WARNING neutron.scheduler.dhcp_agent_scheduler [None req-4c20e39e-9042-4db0-965a-a1e74137dfa7 6a052befbdd843d7b793d36bb816a2ef 0cdad12aa59d44e39d3fee5d6572c216 - - default default] No more DHCP agents
2026-06-15 21:07:33.330 9 WARNING neutron.api.rpc.agentnotifiers.dhcp_rpc_agent_api [None req-4c20e39e-9042-4db0-965a-a1e74137dfa7 6a052befbdd843d7b793d36bb816a2ef 0cdad12aa59d44e39d3fee5d6572c216 - - default default] Unable to schedule network a526cfca-f8f8-4d9c-baa3-0ae4f6112423: no agents available; will retry on subsequent port and subnet creation events.
2026-06-15 21:07:33.440 10 INFO neutron.wsgi [None req-46057fbb-e978-402c-b716-9baafba1d8ab f26906d6e41a430b87a5ba87e3af5130 94cf6f5e19c049a98a9de1bbcd18549f - - default default] 10.0.0.173 "DELETE /v2.0/subnets/e0ac0559-59db-402f-999d-646a71783c04 HTTP/1.1" status: 204 len: 168 time: 0.2222185
2026-06-15 21:07:33.491 9 INFO neutron.db.ovn_revision_numbers_db [None req-4c20e39e-9042-4db0-965a-a1e74137dfa7 6a052befbdd843d7b793d36bb816a2ef 0cdad12aa59d44e39d3fee5d6572c216 - - default default] Successfully bumped revision number for resource ee40c398-3841-4723-89e7-c64953409587 (type: ports) to 1
2026-06-15 21:07:33.527 9 INFO neutron.wsgi [None req-4c20e39e-9042-4db0-965a-a1e74137dfa7 6a052befbdd843d7b793d36bb816a2ef 0cdad12aa59d44e39d3fee5d6572c216 - - default default] 10.0.0.173 "POST /v2.0/ports HTTP/1.1" status: 201 len: 977 time: 0.5629599
2026-06-15 21:07:33.556 10 WARNING neutron_lib.context [None req-f1353f22-87cf-4fd8-a4b3-1ce23203f6a0 6a052befbdd843d7b793d36bb816a2ef 0cdad12aa59d44e39d3fee5d6572c216 - - default default] Method 'is_advsvc' is deprecated since 2023.2 release (neutron-lib 3.8.0) and will be removed once support for the old RBAC API policies will be removed from Neutron. Please use method 'is_service_role' instead.
2026-06-15 21:07:33.625 9 WARNING neutron.scheduler.dhcp_agent_scheduler [None req-6e8efe9c-208a-4323-b498-ec1c8a1062e6 7ab564f593074c78bc54d43008c4c761 46436144870247b3b7a54e4e9d7196dc - - default default] No more DHCP agents
2026-06-15 21:07:33.627 9 WARNING neutron.api.rpc.agentnotifiers.dhcp_rpc_agent_api [None req-6e8efe9c-208a-4323-b498-ec1c8a1062e6 7ab564f593074c78bc54d43008c4c761 46436144870247b3b7a54e4e9d7196dc - - default default] Unable to schedule network b7ffee14-b5a3-4033-9d87-0cc69f69ece5: no agents available; will retry on subsequent port and subnet creation events.
2026-06-15 21:07:33.671 10 INFO neutron.db.segments_db [None req-f1353f22-87cf-4fd8-a4b3-1ce23203f6a0 6a052befbdd843d7b793d36bb816a2ef 0cdad12aa59d44e39d3fee5d6572c216 - - default default] Added segment 13c67ceb-0cfa-4de3-be68-8cf970bee517 of type geneve for network c0641f5a-bb3f-4f99-b8ec-9ac614e99717
2026-06-15 21:07:33.677 10 INFO neutron.wsgi [None req-cb1535d0-4976-4906-9f22-d4a1c3fdf5d5 f26906d6e41a430b87a5ba87e3af5130 94cf6f5e19c049a98a9de1bbcd18549f - - default default] 10.0.0.173 "DELETE /v2.0/subnets/514d75c3-5540-4e2b-abe0-38e30795e40e HTTP/1.1" status: 204 len: 168 time: 0.2308910 /var/lib/openstack/lib/python3.10/site-packages/pycadf/identifier.py:71: UserWarning: Invalid uuid: neutron. To ensure interoperability, identifiers should be a valid uuid. warnings.warn(('Invalid uuid: %s. To ensure interoperability, '
2026-06-15 21:07:33.744 10 WARNING neutron.plugins.ml2.drivers.ovn.mech_driver.ovsdb.ovn_client [None req-3afca453-c60e-41f0-8287-6cf6a5717111 - - - - - -] No port found with ID b6a89e62-6784-40e3-995f-3a1dff0c0e8b: RuntimeError: No port found with ID b6a89e62-6784-40e3-995f-3a1dff0c0e8b
2026-06-15 21:07:33.821 10 INFO neutron.db.ovn_revision_numbers_db [None req-f1353f22-87cf-4fd8-a4b3-1ce23203f6a0 6a052befbdd843d7b793d36bb816a2ef 0cdad12aa59d44e39d3fee5d6572c216 - - default default] Successfully bumped revision number for resource c0641f5a-bb3f-4f99-b8ec-9ac614e99717 (type: networks) to 1
2026-06-15 21:07:34.005 10 WARNING neutron.scheduler.dhcp_agent_scheduler [None req-f1353f22-87cf-4fd8-a4b3-1ce23203f6a0 6a052befbdd843d7b793d36bb816a2ef 0cdad12aa59d44e39d3fee5d6572c216 - - default default] No more DHCP agents
2026-06-15 21:07:34.009 10 WARNING neutron.api.rpc.agentnotifiers.dhcp_rpc_agent_api [None req-f1353f22-87cf-4fd8-a4b3-1ce23203f6a0 6a052befbdd843d7b793d36bb816a2ef 0cdad12aa59d44e39d3fee5d6572c216 - - default default] Unable to schedule network c0641f5a-bb3f-4f99-b8ec-9ac614e99717: no agents available; will retry on subsequent port and subnet creation events.
2026-06-15 21:07:34.094 10 INFO neutron.db.ovn_revision_numbers_db [None req-f1353f22-87cf-4fd8-a4b3-1ce23203f6a0 6a052befbdd843d7b793d36bb816a2ef 0cdad12aa59d44e39d3fee5d6572c216 - - default default] Successfully bumped revision number for resource 5c477b87-b270-41ee-8a36-a4d80bf632e2 (type: ports) to 1
2026-06-15 21:07:34.117 10 INFO neutron.wsgi [None req-f1353f22-87cf-4fd8-a4b3-1ce23203f6a0 6a052befbdd843d7b793d36bb816a2ef 0cdad12aa59d44e39d3fee5d6572c216 - - default default] 10.0.0.173 "POST /v2.0/networks HTTP/1.1" status: 201 len: 834 time: 0.5653772
2026-06-15 21:07:34.129 10 WARNING neutron_lib.context [None req-175a3c80-249a-45c1-bcbe-aea093007d5f 6a052befbdd843d7b793d36bb816a2ef 0cdad12aa59d44e39d3fee5d6572c216 - - default default] Method 'is_advsvc' is deprecated since 2023.2 release (neutron-lib 3.8.0) and will be removed once support for the old RBAC API policies will be removed from Neutron. Please use method 'is_service_role' instead.
2026-06-15 21:07:34.214 9 INFO neutron.services.segments.plugin [-] Segment a79aa272-d8eb-4959-b8e3-fd3b6899d448 resource provider aggregate not found
2026-06-15 21:07:34.231 9 INFO neutron.services.segments.plugin [-] Segment a79aa272-d8eb-4959-b8e3-fd3b6899d448 resource provider aggregate not found
2026-06-15 21:07:34.250 9 INFO neutron.services.segments.plugin [-] Segment a79aa272-d8eb-4959-b8e3-fd3b6899d448 resource provider not found; error: Placement Client Error (4xx): {"errors": [{"status": 404, "title": "Not Found", "detail": "The resource could not be found.\n\n No resource provider with uuid a79aa272-d8eb-4959-b8e3-fd3b6899d448 found for delete ", "request_id": "req-d5eb3388-b428-49f8-838c-371d5bb13f03"}]}
2026-06-15 21:07:34.254 9 INFO neutron.services.segments.plugin [-] Segment a79aa272-d8eb-4959-b8e3-fd3b6899d448 resource provider not found; error: Placement Client Error (4xx): {"errors": [{"status": 404, "title": "Not Found", "detail": "The resource could not be found.\n\n No resource provider with uuid a79aa272-d8eb-4959-b8e3-fd3b6899d448 found for delete ", "request_id": "req-143d4b47-b1e7-4481-91eb-36a66ce74ba2"}]}
2026-06-15 21:07:34.296 9 INFO neutron.wsgi [None req-a0164f69-de44-46b8-a685-ee39caaef2e3 f26906d6e41a430b87a5ba87e3af5130 94cf6f5e19c049a98a9de1bbcd18549f - - default default] 10.0.0.173 "DELETE /v2.0/networks/442c6cb7-708b-48df-bc0e-2ef511e8c942 HTTP/1.1" status: 204 len: 168 time: 0.6125646
2026-06-15 21:07:34.383 10 WARNING neutron.scheduler.dhcp_agent_scheduler [None req-175a3c80-249a-45c1-bcbe-aea093007d5f 6a052befbdd843d7b793d36bb816a2ef 0cdad12aa59d44e39d3fee5d6572c216 - - default default] No more DHCP agents
2026-06-15 21:07:34.385 10 WARNING neutron.api.rpc.agentnotifiers.dhcp_rpc_agent_api [None req-175a3c80-249a-45c1-bcbe-aea093007d5f 6a052befbdd843d7b793d36bb816a2ef 0cdad12aa59d44e39d3fee5d6572c216 - - default default] Unable to schedule network c0641f5a-bb3f-4f99-b8ec-9ac614e99717: no agents available; will retry on subsequent port and subnet creation events.
2026-06-15 21:07:34.418 10 INFO neutron.db.ovn_revision_numbers_db [None req-175a3c80-249a-45c1-bcbe-aea093007d5f 6a052befbdd843d7b793d36bb816a2ef 0cdad12aa59d44e39d3fee5d6572c216 - - default default] Successfully bumped revision number for resource 4c578e83-c7d7-4ba1-b7ef-dfe0df744575 (type: subnets) to 0
2026-06-15 21:07:34.434 9 INFO neutron.db.ovn_revision_numbers_db [None req-6e8efe9c-208a-4323-b498-ec1c8a1062e6 7ab564f593074c78bc54d43008c4c761 46436144870247b3b7a54e4e9d7196dc - - default default] Successfully bumped revision number for resource f4c927f6-e3c6-4272-ab64-1bc491581b1b (type: ports) to 2
2026-06-15 21:07:34.435 10 INFO neutron.wsgi [None req-175a3c80-249a-45c1-bcbe-aea093007d5f 6a052befbdd843d7b793d36bb816a2ef 0cdad12aa59d44e39d3fee5d6572c216 - - default default] 10.0.0.173 "POST /v2.0/subnets HTTP/1.1" status: 201 len: 821 time: 0.3106155
2026-06-15 21:07:34.449 10 WARNING neutron_lib.context [None req-2537713b-3d2d-4ddf-9bab-d144fd54eaf5 6a052befbdd843d7b793d36bb816a2ef 0cdad12aa59d44e39d3fee5d6572c216 - - default default] Method 'is_advsvc' is deprecated since 2023.2 release (neutron-lib 3.8.0) and will be removed once support for the old RBAC API policies will be removed from Neutron. Please use method 'is_service_role' instead.
2026-06-15 21:07:34.486 9 INFO neutron.db.ovn_revision_numbers_db [None req-6e8efe9c-208a-4323-b498-ec1c8a1062e6 7ab564f593074c78bc54d43008c4c761 46436144870247b3b7a54e4e9d7196dc - - default default] Successfully bumped revision number for resource 6cead0de-342f-4690-a317-2900d8213159 (type: subnets) to 0
2026-06-15 21:07:34.511 9 INFO neutron.wsgi [None req-6e8efe9c-208a-4323-b498-ec1c8a1062e6 7ab564f593074c78bc54d43008c4c761 46436144870247b3b7a54e4e9d7196dc - - default default] 10.0.0.173 "POST /v2.0/subnets HTTP/1.1" status: 201 len: 801 time: 1.2739279
2026-06-15 21:07:34.523 9 WARNING neutron_lib.context [None req-f89e7cc9-9e1f-4b30-9b6d-31dacbde6450 7ab564f593074c78bc54d43008c4c761 46436144870247b3b7a54e4e9d7196dc - - default default] Method 'is_advsvc' is deprecated since 2023.2 release (neutron-lib 3.8.0) and will be removed once support for the old RBAC API policies will be removed from Neutron. Please use method 'is_service_role' instead.
2026-06-15 21:07:34.767 10 WARNING neutron.scheduler.dhcp_agent_scheduler [None req-2537713b-3d2d-4ddf-9bab-d144fd54eaf5 6a052befbdd843d7b793d36bb816a2ef 0cdad12aa59d44e39d3fee5d6572c216 - - default default] No more DHCP agents
2026-06-15 21:07:34.769 10 WARNING neutron.api.rpc.agentnotifiers.dhcp_rpc_agent_api [None req-2537713b-3d2d-4ddf-9bab-d144fd54eaf5 6a052befbdd843d7b793d36bb816a2ef 0cdad12aa59d44e39d3fee5d6572c216 - - default default] Unable to schedule network c0641f5a-bb3f-4f99-b8ec-9ac614e99717: no agents available; will retry on subsequent port and subnet creation events.
2026-06-15 21:07:34.886 10 INFO neutron.db.ovn_revision_numbers_db [None req-2537713b-3d2d-4ddf-9bab-d144fd54eaf5 6a052befbdd843d7b793d36bb816a2ef 0cdad12aa59d44e39d3fee5d6572c216 - - default default] Successfully bumped revision number for resource d1007705-f9ad-4cd5-93d1-caf30ea90306 (type: ports) to 1
2026-06-15 21:07:34.909 10 INFO neutron.wsgi [None req-2537713b-3d2d-4ddf-9bab-d144fd54eaf5 6a052befbdd843d7b793d36bb816a2ef 0cdad12aa59d44e39d3fee5d6572c216 - - default default] 10.0.0.173 "POST /v2.0/ports HTTP/1.1" status: 201 len: 1164 time: 0.4672129 /var/lib/openstack/lib/python3.10/site-packages/pycadf/identifier.py:71: UserWarning: Invalid uuid: neutron. To ensure interoperability, identifiers should be a valid uuid. warnings.warn(('Invalid uuid: %s. To ensure interoperability, '
2026-06-15 21:07:35.236 10 INFO neutron.wsgi [None req-2d0f8952-7767-4474-80a1-d1ac51894d9c 6a052befbdd843d7b793d36bb816a2ef 0cdad12aa59d44e39d3fee5d6572c216 - - default default] 10.0.0.173 "DELETE /v2.0/ports/d1007705-f9ad-4cd5-93d1-caf30ea90306 HTTP/1.1" status: 204 len: 168 time: 0.3209517
2026-06-15 21:07:35.269 10 INFO neutron.pecan_wsgi.hooks.translation [None req-af785d96-e36c-4631-85e8-2fd2478f153a 6a052befbdd843d7b793d36bb816a2ef 0cdad12aa59d44e39d3fee5d6572c216 - - default default] DELETE failed (client error): The resource could not be found.
2026-06-15 21:07:35.271 10 INFO neutron.wsgi [None req-af785d96-e36c-4631-85e8-2fd2478f153a 6a052befbdd843d7b793d36bb816a2ef 0cdad12aa59d44e39d3fee5d6572c216 - - default default] 10.0.0.173 "DELETE /v2.0/ports/d1007705-f9ad-4cd5-93d1-caf30ea90306 HTTP/1.1" status: 404 len: 333 time: 0.0202868
2026-06-15 21:07:35.295 10 INFO neutron.pecan_wsgi.hooks.translation [None req-8283ed5c-2270-408a-8421-278ada249a40 6a052befbdd843d7b793d36bb816a2ef 0cdad12aa59d44e39d3fee5d6572c216 - - default default] GET failed (client error): The resource could not be found.
2026-06-15 21:07:35.297 10 INFO neutron.wsgi [None req-8283ed5c-2270-408a-8421-278ada249a40 6a052befbdd843d7b793d36bb816a2ef 0cdad12aa59d44e39d3fee5d6572c216 - - default default] 10.0.0.173 "GET /v2.0/ports/d1007705-f9ad-4cd5-93d1-caf30ea90306 HTTP/1.1" status: 404 len: 333 time: 0.0211563
2026-06-15 21:07:35.353 9 INFO neutron.wsgi [req-d9ff3415-ed3e-40c6-acac-ccea398bc916 req-4e688405-3868-44e7-a7e9-48fa31c86199 59a52fc79cd24699b55928d6ffce9643 18d11efe04154b76ac85932334fd871c - - default default] 10.0.0.115 "GET /v2.0/ports?device_id=ec3b2440-b59d-4b54-b13c-12ad99b02a0b HTTP/1.1" status: 200 len: 1170 time: 0.6406443
2026-06-15 21:07:35.398 9 INFO neutron.wsgi [None req-a6f39aaf-77fc-48fa-b975-af59adb28afe f26906d6e41a430b87a5ba87e3af5130 94cf6f5e19c049a98a9de1bbcd18549f - - default default] 10.0.0.173 "DELETE /v2.0/networks/1ac886bf-496a-4bd8-bb33-0f92d35786d6 HTTP/1.1" status: 204 len: 168 time: 1.0948474
2026-06-15 21:07:35.410 10 WARNING neutron_lib.context [None req-f96890a5-40ce-457f-af5a-f5910bed42a4 f26906d6e41a430b87a5ba87e3af5130 94cf6f5e19c049a98a9de1bbcd18549f - - default default] Method 'is_advsvc' is deprecated since 2023.2 release (neutron-lib 3.8.0) and will be removed once support for the old RBAC API policies will be removed from Neutron. Please use method 'is_service_role' instead.
2026-06-15 21:07:35.429 9 INFO neutron.wsgi [req-d9ff3415-ed3e-40c6-acac-ccea398bc916 req-3378f857-6da6-423c-b95b-fc59d0190db9 59a52fc79cd24699b55928d6ffce9643 18d11efe04154b76ac85932334fd871c - - default default] 10.0.0.115 "GET /v2.0/security-groups?id=1d82539b-8601-4b35-b2b7-af09dbce9f63&fields=id&fields=name HTTP/1.1" status: 200 len: 313 time: 0.0706401
2026-06-15 21:07:35.520 9 WARNING neutron.scheduler.dhcp_agent_scheduler [None req-f89e7cc9-9e1f-4b30-9b6d-31dacbde6450 7ab564f593074c78bc54d43008c4c761 46436144870247b3b7a54e4e9d7196dc - - default default] No more DHCP agents
2026-06-15 21:07:35.521 9 WARNING neutron.api.rpc.agentnotifiers.dhcp_rpc_agent_api [None req-f89e7cc9-9e1f-4b30-9b6d-31dacbde6450 7ab564f593074c78bc54d43008c4c761 46436144870247b3b7a54e4e9d7196dc - - default default] Unable to schedule network b7ffee14-b5a3-4033-9d87-0cc69f69ece5: no agents available; will retry on subsequent port and subnet creation events.
2026-06-15 21:07:35.542 10 INFO neutron.db.segments_db [None req-f96890a5-40ce-457f-af5a-f5910bed42a4 f26906d6e41a430b87a5ba87e3af5130 94cf6f5e19c049a98a9de1bbcd18549f - - default default] Added segment 992ca846-3761-45ea-9469-693180e937b6 of type geneve for network f1ef7f85-95f7-42f6-9287-f72544ac56b8
2026-06-15 21:07:35.585 10 INFO neutron.wsgi [None req-9a85d107-e817-43c8-9c3d-9d7934cee5f5 6a052befbdd843d7b793d36bb816a2ef 0cdad12aa59d44e39d3fee5d6572c216 - - default default] 10.0.0.173 "DELETE /v2.0/subnets/4c578e83-c7d7-4ba1-b7ef-dfe0df744575 HTTP/1.1" status: 204 len: 168 time: 0.2820973 /var/lib/openstack/lib/python3.10/site-packages/pycadf/identifier.py:71: UserWarning: Invalid uuid: neutron. To ensure interoperability, identifiers should be a valid uuid. warnings.warn(('Invalid uuid: %s. To ensure interoperability, '
2026-06-15 21:07:35.683 10 INFO neutron.plugins.ml2.drivers.ovn.mech_driver.mech_driver [None req-3afca453-c60e-41f0-8287-6cf6a5717111 - - - - - -] OVN reports status down for port: d08ccf6f-c286-48ac-97d7-809438f321d1
2026-06-15 21:07:35.697 9 INFO neutron.wsgi [req-1c18c706-d5ad-4193-a652-2321b69b546d req-bd211696-4ea4-464b-9e11-2fe80d8ca5eb 59a52fc79cd24699b55928d6ffce9643 18d11efe04154b76ac85932334fd871c - - default default] 10.0.0.115 "GET /v2.0/ports?device_id=ec3b2440-b59d-4b54-b13c-12ad99b02a0b HTTP/1.1" status: 200 len: 1170 time: 0.0971167
2026-06-15 21:07:35.758 10 INFO neutron.db.ovn_revision_numbers_db [None req-f96890a5-40ce-457f-af5a-f5910bed42a4 f26906d6e41a430b87a5ba87e3af5130 94cf6f5e19c049a98a9de1bbcd18549f - - default default] Successfully bumped revision number for resource f1ef7f85-95f7-42f6-9287-f72544ac56b8 (type: networks) to 1
2026-06-15 21:07:35.769 9 INFO neutron.wsgi [req-1c18c706-d5ad-4193-a652-2321b69b546d req-23a2110e-4a72-422f-a77b-d8a35299c534 59a52fc79cd24699b55928d6ffce9643 18d11efe04154b76ac85932334fd871c - - default default] 10.0.0.115 "GET /v2.0/security-groups?id=1d82539b-8601-4b35-b2b7-af09dbce9f63&fields=id&fields=name HTTP/1.1" status: 200 len: 313 time: 0.0628340
2026-06-15 21:07:35.877 9 INFO neutron.db.ovn_revision_numbers_db [None req-f89e7cc9-9e1f-4b30-9b6d-31dacbde6450 7ab564f593074c78bc54d43008c4c761 46436144870247b3b7a54e4e9d7196dc - - default default] Successfully bumped revision number for resource 85aaf264-bf0b-4918-8a89-d1be6566dfaf (type: ports) to 1
2026-06-15 21:07:35.943 10 INFO neutron.notifiers.nova [-] Nova event matching ['req-b20c5ab6-5122-4532-9cab-f62711cfd0e1'] response: {'server_uuid': 'ec3b2440-b59d-4b54-b13c-12ad99b02a0b', 'name': 'network-vif-unplugged', 'status': 'completed', 'tag': 'd08ccf6f-c286-48ac-97d7-809438f321d1', 'code': 200}
2026-06-15 21:07:35.944 9 INFO neutron.wsgi [None req-f89e7cc9-9e1f-4b30-9b6d-31dacbde6450 7ab564f593074c78bc54d43008c4c761 46436144870247b3b7a54e4e9d7196dc - - default default] 10.0.0.173 "POST /v2.0/ports HTTP/1.1" status: 201 len: 1153 time: 1.4259603
2026-06-15 21:07:35.945 9 WARNING neutron.plugins.ml2.drivers.ovn.mech_driver.ovsdb.ovn_client [None req-bed6fbfe-6ae4-4677-9612-1aab72c8e8bd - - - - - -] No port found with ID 514c41dc-bd19-4eba-a412-99bc5a0e48c1: RuntimeError: No port found with ID 514c41dc-bd19-4eba-a412-99bc5a0e48c1
2026-06-15 21:07:36.093 10 INFO neutron.wsgi [req-299d7e57-ad1f-4044-879e-cbb2d9931050 req-f50d09ff-37ad-43ca-a297-700e3ac94796 59a52fc79cd24699b55928d6ffce9643 18d11efe04154b76ac85932334fd871c - - default default] 199.204.45.138 "GET /v2.0/ports?device_id=ec3b2440-b59d-4b54-b13c-12ad99b02a0b HTTP/1.1" status: 200 len: 1168 time: 0.1651511
2026-06-15 21:07:36.096 10 WARNING neutron.scheduler.dhcp_agent_scheduler [None req-f96890a5-40ce-457f-af5a-f5910bed42a4 f26906d6e41a430b87a5ba87e3af5130 94cf6f5e19c049a98a9de1bbcd18549f - - default default] No more DHCP agents
2026-06-15 21:07:36.098 10 WARNING neutron.api.rpc.agentnotifiers.dhcp_rpc_agent_api [None req-f96890a5-40ce-457f-af5a-f5910bed42a4 f26906d6e41a430b87a5ba87e3af5130 94cf6f5e19c049a98a9de1bbcd18549f - - default default] Unable to schedule network f1ef7f85-95f7-42f6-9287-f72544ac56b8: no agents available; will retry on subsequent port and subnet creation events.
2026-06-15 21:07:36.236 9 INFO neutron.wsgi [None req-cb50deba-16ac-4d33-ae8d-f7cf11614967 6a052befbdd843d7b793d36bb816a2ef 0cdad12aa59d44e39d3fee5d6572c216 - - default default] 10.0.0.173 "DELETE /v2.0/networks/c0641f5a-bb3f-4f99-b8ec-9ac614e99717 HTTP/1.1" status: 204 len: 168 time: 0.6454437
2026-06-15 21:07:36.247 10 INFO neutron.db.ovn_revision_numbers_db [None req-f96890a5-40ce-457f-af5a-f5910bed42a4 f26906d6e41a430b87a5ba87e3af5130 94cf6f5e19c049a98a9de1bbcd18549f - - default default] Successfully bumped revision number for resource 69d78c8c-fbfd-48a9-acf1-2425cdd7d32f (type: ports) to 1
2026-06-15 21:07:36.256 10 INFO neutron.db.ovn_revision_numbers_db [None req-3afca453-c60e-41f0-8287-6cf6a5717111 - - - - - -] Successfully bumped revision number for resource d08ccf6f-c286-48ac-97d7-809438f321d1 (type: ports) to 7
2026-06-15 21:07:36.259 9 WARNING neutron_lib.context [None req-c84174a3-d161-493b-aed6-53cf41d02d18 6a052befbdd843d7b793d36bb816a2ef 0cdad12aa59d44e39d3fee5d6572c216 - - default default] Method 'is_advsvc' is deprecated since 2023.2 release (neutron-lib 3.8.0) and will be removed once support for the old RBAC API policies will be removed from Neutron. Please use method 'is_service_role' instead.
2026-06-15 21:07:36.279 9 INFO neutron.services.segments.plugin [-] Segment 23de8c26-1b22-41af-b783-22913add0ee5 resource provider aggregate not found
2026-06-15 21:07:36.293 10 INFO neutron.wsgi [None req-f96890a5-40ce-457f-af5a-f5910bed42a4 f26906d6e41a430b87a5ba87e3af5130 94cf6f5e19c049a98a9de1bbcd18549f - - default default] 10.0.0.173 "POST /v2.0/networks HTTP/1.1" status: 201 len: 832 time: 0.8877373
2026-06-15 21:07:36.293 9 INFO neutron.services.segments.plugin [-] Segment 23de8c26-1b22-41af-b783-22913add0ee5 resource provider aggregate not found
2026-06-15 21:07:36.303 9 WARNING neutron_lib.context [None req-6e9cc8be-fe58-4fd8-871c-910e18e5e8bc f26906d6e41a430b87a5ba87e3af5130 94cf6f5e19c049a98a9de1bbcd18549f - - default default] Method 'is_advsvc' is deprecated since 2023.2 release (neutron-lib 3.8.0) and will be removed once support for the old RBAC API policies will be removed from Neutron. Please use method 'is_service_role' instead.
2026-06-15 21:07:36.307 9 INFO neutron.services.segments.plugin [-] Segment 23de8c26-1b22-41af-b783-22913add0ee5 resource provider not found; error: Placement Client Error (4xx): {"errors": [{"status": 404, "title": "Not Found", "detail": "The resource could not be found.\n\n No resource provider with uuid 23de8c26-1b22-41af-b783-22913add0ee5 found for delete ", "request_id": "req-4c879bc2-5cb4-44be-ba2d-2752e35d7b4f"}]}
2026-06-15 21:07:36.312 9 INFO neutron.services.segments.plugin [-] Segment 23de8c26-1b22-41af-b783-22913add0ee5 resource provider not found; error: Placement Client Error (4xx): {"errors": [{"status": 404, "title": "Not Found", "detail": "The resource could not be found.\n\n No resource provider with uuid 23de8c26-1b22-41af-b783-22913add0ee5 found for delete ", "request_id": "req-788592a5-3e9c-4dc1-b221-ff4b33a66752"}]}
2026-06-15 21:07:36.339 9 INFO neutron.services.segments.plugin [-] Segment 13c67ceb-0cfa-4de3-be68-8cf970bee517 resource provider aggregate not found
2026-06-15 21:07:36.344 9 INFO neutron.services.segments.plugin [-] Segment 13c67ceb-0cfa-4de3-be68-8cf970bee517 resource provider aggregate not found
2026-06-15 21:07:36.373 9 INFO neutron.services.segments.plugin [-] Segment 13c67ceb-0cfa-4de3-be68-8cf970bee517 resource provider not found; error: Placement Client Error (4xx): {"errors": [{"status": 404, "title": "Not Found", "detail": "The resource could not be found.\n\n No resource provider with uuid 13c67ceb-0cfa-4de3-be68-8cf970bee517 found for delete ", "request_id": "req-dcaa8fe7-d23a-4c45-a459-5c183d3563a7"}]}
2026-06-15 21:07:36.376 9 INFO neutron.services.segments.plugin [-] Segment 13c67ceb-0cfa-4de3-be68-8cf970bee517 resource provider not found; error: Placement Client Error (4xx): {"errors": [{"status": 404, "title": "Not Found", "detail": "The resource could not be found.\n\n No resource provider with uuid 13c67ceb-0cfa-4de3-be68-8cf970bee517 found for delete ", "request_id": "req-60ef7820-8f3b-4308-9aee-2efdd3ad6789"}]}
2026-06-15 21:07:36.422 9 INFO neutron.wsgi [None req-4dd657f4-e1bc-42bf-80dd-d1b6bc139153 7ab564f593074c78bc54d43008c4c761 46436144870247b3b7a54e4e9d7196dc - - default default] 10.0.0.173 "DELETE /v2.0/ports/85aaf264-bf0b-4918-8a89-d1be6566dfaf HTTP/1.1" status: 204 len: 168 time: 0.4711025
2026-06-15 21:07:36.431 9 INFO neutron.db.segments_db [None req-c84174a3-d161-493b-aed6-53cf41d02d18 6a052befbdd843d7b793d36bb816a2ef 0cdad12aa59d44e39d3fee5d6572c216 - - default default] Added segment bce207c4-c768-45e4-bc43-f7b05f868425 of type geneve for network 2a424c14-7c59-4855-b17b-8d3091e03dad
2026-06-15 21:07:36.457 9 INFO neutron.pecan_wsgi.hooks.translation [None req-69bfd095-0f56-49ab-88ea-46b80e85e230 7ab564f593074c78bc54d43008c4c761 46436144870247b3b7a54e4e9d7196dc - - default default] DELETE failed (client error): The resource could not be found.
2026-06-15 21:07:36.459 9 INFO neutron.wsgi [None req-69bfd095-0f56-49ab-88ea-46b80e85e230 7ab564f593074c78bc54d43008c4c761 46436144870247b3b7a54e4e9d7196dc - - default default] 10.0.0.173 "DELETE /v2.0/ports/85aaf264-bf0b-4918-8a89-d1be6566dfaf HTTP/1.1" status: 404 len: 333 time: 0.0286725 /var/lib/openstack/lib/python3.10/site-packages/pycadf/identifier.py:71: UserWarning: Invalid uuid: neutron. To ensure interoperability, identifiers should be a valid uuid. warnings.warn(('Invalid uuid: %s. To ensure interoperability, '
2026-06-15 21:07:36.481 10 INFO neutron.pecan_wsgi.hooks.translation [None req-96e999bd-7bd9-4b84-b4dd-d01224b54bc3 7ab564f593074c78bc54d43008c4c761 46436144870247b3b7a54e4e9d7196dc - - default default] GET failed (client error): The resource could not be found.
2026-06-15 21:07:36.483 10 INFO neutron.wsgi [None req-96e999bd-7bd9-4b84-b4dd-d01224b54bc3 7ab564f593074c78bc54d43008c4c761 46436144870247b3b7a54e4e9d7196dc - - default default] 10.0.0.173 "GET /v2.0/ports/85aaf264-bf0b-4918-8a89-d1be6566dfaf HTTP/1.1" status: 404 len: 333 time: 0.0171630
2026-06-15 21:07:36.513 10 INFO neutron.wsgi [-] 10.0.0.198 "GET / HTTP/1.1" status: 200 len: 247 time: 0.0016122
2026-06-15 21:07:36.515 10 INFO neutron.wsgi [-] 10.0.0.198 "GET / HTTP/1.1" status: 200 len: 247 time: 0.0011828
2026-06-15 21:07:36.517 10 INFO neutron.db.l3_db [req-299d7e57-ad1f-4044-879e-cbb2d9931050 req-09caeece-25c8-42b9-a03d-60b69d9acaad 59a52fc79cd24699b55928d6ffce9643 18d11efe04154b76ac85932334fd871c - - default default] Floating IP ef8ba706-4ddd-410b-b96a-2c181f2acf27 disassociated. External IP: 10.96.250.220, port: d08ccf6f-c286-48ac-97d7-809438f321d1.
2026-06-15 21:07:36.662 9 INFO neutron.db.ovn_revision_numbers_db [None req-c84174a3-d161-493b-aed6-53cf41d02d18 6a052befbdd843d7b793d36bb816a2ef 0cdad12aa59d44e39d3fee5d6572c216 - - default default] Successfully bumped revision number for resource 2a424c14-7c59-4855-b17b-8d3091e03dad (type: networks) to 1
2026-06-15 21:07:36.745 9 WARNING neutron.scheduler.dhcp_agent_scheduler [None req-6e9cc8be-fe58-4fd8-871c-910e18e5e8bc f26906d6e41a430b87a5ba87e3af5130 94cf6f5e19c049a98a9de1bbcd18549f - - default default] No more DHCP agents
2026-06-15 21:07:36.757 9 WARNING neutron.api.rpc.agentnotifiers.dhcp_rpc_agent_api [None req-6e9cc8be-fe58-4fd8-871c-910e18e5e8bc f26906d6e41a430b87a5ba87e3af5130 94cf6f5e19c049a98a9de1bbcd18549f - - default default] Unable to schedule network f1ef7f85-95f7-42f6-9287-f72544ac56b8: no agents available; will retry on subsequent port and subnet creation events.
2026-06-15 21:07:36.780 10 INFO neutron.wsgi [req-299d7e57-ad1f-4044-879e-cbb2d9931050 req-09caeece-25c8-42b9-a03d-60b69d9acaad 59a52fc79cd24699b55928d6ffce9643 18d11efe04154b76ac85932334fd871c - - default default] 199.204.45.138 "DELETE /v2.0/ports/d08ccf6f-c286-48ac-97d7-809438f321d1 HTTP/1.1" status: 204 len: 173 time: 0.6815174
2026-06-15 21:07:36.811 10 INFO neutron.wsgi [None req-2cbccec7-f66b-474d-83a4-f2515cd28132 7ab564f593074c78bc54d43008c4c761 46436144870247b3b7a54e4e9d7196dc - - default default] 10.0.0.173 "DELETE /v2.0/subnets/6cead0de-342f-4690-a317-2900d8213159 HTTP/1.1" status: 204 len: 168 time: 0.3224754
2026-06-15 21:07:36.818 9 INFO neutron.db.ovn_revision_numbers_db [None req-6e9cc8be-fe58-4fd8-871c-910e18e5e8bc f26906d6e41a430b87a5ba87e3af5130 94cf6f5e19c049a98a9de1bbcd18549f - - default default] Successfully bumped revision number for resource d81c177e-f17c-44ed-92d5-918c6a7fa1f0 (type: subnets) to 0
2026-06-15 21:07:36.845 9 INFO neutron.wsgi [None req-6e9cc8be-fe58-4fd8-871c-910e18e5e8bc f26906d6e41a430b87a5ba87e3af5130 94cf6f5e19c049a98a9de1bbcd18549f - - default default] 10.0.0.173 "POST /v2.0/subnets HTTP/1.1" status: 201 len: 821 time: 0.5465896 /var/lib/openstack/lib/python3.10/site-packages/pycadf/identifier.py:71: UserWarning: Invalid uuid: neutron. To ensure interoperability, identifiers should be a valid uuid. warnings.warn(('Invalid uuid: %s. To ensure interoperability, '
2026-06-15 21:07:36.861 10 WARNING neutron_lib.context [None req-edcd0dfa-b2ca-4caf-bddf-ddaed5144538 f26906d6e41a430b87a5ba87e3af5130 94cf6f5e19c049a98a9de1bbcd18549f - - default default] Method 'is_advsvc' is deprecated since 2023.2 release (neutron-lib 3.8.0) and will be removed once support for the old RBAC API policies will be removed from Neutron. Please use method 'is_service_role' instead.
2026-06-15 21:07:36.882 9 INFO neutron.wsgi [req-1ab92bc7-66df-4093-989e-dcca492fcb3e req-b35cde66-bd5a-4ac0-9a76-549edd3a4289 59a52fc79cd24699b55928d6ffce9643 18d11efe04154b76ac85932334fd871c - - default default] 10.0.0.115 "GET /v2.0/ports?device_id=ec3b2440-b59d-4b54-b13c-12ad99b02a0b HTTP/1.1" status: 200 len: 210 time: 0.0316479
2026-06-15 21:07:36.929 9 WARNING neutron.scheduler.dhcp_agent_scheduler [None req-c84174a3-d161-493b-aed6-53cf41d02d18 6a052befbdd843d7b793d36bb816a2ef 0cdad12aa59d44e39d3fee5d6572c216 - - default default] No more DHCP agents
2026-06-15 21:07:36.932 9 WARNING neutron.api.rpc.agentnotifiers.dhcp_rpc_agent_api [None req-c84174a3-d161-493b-aed6-53cf41d02d18 6a052befbdd843d7b793d36bb816a2ef 0cdad12aa59d44e39d3fee5d6572c216 - - default default] Unable to schedule network 2a424c14-7c59-4855-b17b-8d3091e03dad: no agents available; will retry on subsequent port and subnet creation events.
2026-06-15 21:07:37.054 9 INFO neutron.db.ovn_revision_numbers_db [None req-c84174a3-d161-493b-aed6-53cf41d02d18 6a052befbdd843d7b793d36bb816a2ef 0cdad12aa59d44e39d3fee5d6572c216 - - default default] Successfully bumped revision number for resource 4f0b7ace-8953-40fb-bf0d-00acaab1f576 (type: ports) to 1
2026-06-15 21:07:37.091 9 INFO neutron.wsgi [None req-c84174a3-d161-493b-aed6-53cf41d02d18 6a052befbdd843d7b793d36bb816a2ef 0cdad12aa59d44e39d3fee5d6572c216 - - default default] 10.0.0.173 "POST /v2.0/networks HTTP/1.1" status: 201 len: 834 time: 0.8462358
2026-06-15 21:07:37.102 9 WARNING neutron_lib.context [None req-bdc7feb6-bdf0-4614-b464-6047dbe366e9 6a052befbdd843d7b793d36bb816a2ef 0cdad12aa59d44e39d3fee5d6572c216 - - default default] Method 'is_advsvc' is deprecated since 2023.2 release (neutron-lib 3.8.0) and will be removed once support for the old RBAC API policies will be removed from Neutron. Please use method 'is_service_role' instead.
2026-06-15 21:07:37.373 9 WARNING neutron.scheduler.dhcp_agent_scheduler [None req-bdc7feb6-bdf0-4614-b464-6047dbe366e9 6a052befbdd843d7b793d36bb816a2ef 0cdad12aa59d44e39d3fee5d6572c216 - - default default] No more DHCP agents
2026-06-15 21:07:37.375 9 WARNING neutron.api.rpc.agentnotifiers.dhcp_rpc_agent_api [None req-bdc7feb6-bdf0-4614-b464-6047dbe366e9 6a052befbdd843d7b793d36bb816a2ef 0cdad12aa59d44e39d3fee5d6572c216 - - default default] Unable to schedule network 2a424c14-7c59-4855-b17b-8d3091e03dad: no agents available; will retry on subsequent port and subnet creation events.
2026-06-15 21:07:37.420 9 INFO neutron.db.ovn_revision_numbers_db [None req-bdc7feb6-bdf0-4614-b464-6047dbe366e9 6a052befbdd843d7b793d36bb816a2ef 0cdad12aa59d44e39d3fee5d6572c216 - - default default] Successfully bumped revision number for resource 0c9826e0-d3a9-437e-b353-54235284e5bd (type: subnets) to 0
2026-06-15 21:07:37.438 9 INFO neutron.wsgi [None req-bdc7feb6-bdf0-4614-b464-6047dbe366e9 6a052befbdd843d7b793d36bb816a2ef 0cdad12aa59d44e39d3fee5d6572c216 - - default default] 10.0.0.173 "POST /v2.0/subnets HTTP/1.1" status: 201 len: 821 time: 0.3423309
2026-06-15 21:07:37.448 9 WARNING neutron_lib.context [None req-6cdc0a7c-cf63-4a71-a3f6-b89aa2430f24 6a052befbdd843d7b793d36bb816a2ef 0cdad12aa59d44e39d3fee5d6572c216 - - default default] Method 'is_advsvc' is deprecated since 2023.2 release (neutron-lib 3.8.0) and will be removed once support for the old RBAC API policies will be removed from Neutron. Please use method 'is_service_role' instead.
2026-06-15 21:07:37.468 10 INFO neutron.db.ovn_revision_numbers_db [None req-edcd0dfa-b2ca-4caf-bddf-ddaed5144538 f26906d6e41a430b87a5ba87e3af5130 94cf6f5e19c049a98a9de1bbcd18549f - - default default] Successfully bumped revision number for resource 25cce8cf-cacb-4c9a-9394-d3589fabda4e (type: routers) to 1
2026-06-15 21:07:37.491 10 INFO neutron.wsgi [None req-edcd0dfa-b2ca-4caf-bddf-ddaed5144538 f26906d6e41a430b87a5ba87e3af5130 94cf6f5e19c049a98a9de1bbcd18549f - - default default] 10.0.0.173 "POST /v2.0/routers HTTP/1.1" status: 201 len: 690 time: 0.6355760
2026-06-15 21:07:37.502 10 WARNING neutron_lib.context [None req-a985b863-2a25-4bc3-9760-dc174d69bb62 f26906d6e41a430b87a5ba87e3af5130 94cf6f5e19c049a98a9de1bbcd18549f - - default default] Method 'is_advsvc' is deprecated since 2023.2 release (neutron-lib 3.8.0) and will be removed once support for the old RBAC API policies will be removed from Neutron. Please use method 'is_service_role' instead.
2026-06-15 21:07:37.772 9 WARNING neutron.scheduler.dhcp_agent_scheduler [None req-6cdc0a7c-cf63-4a71-a3f6-b89aa2430f24 6a052befbdd843d7b793d36bb816a2ef 0cdad12aa59d44e39d3fee5d6572c216 - - default default] No more DHCP agents
2026-06-15 21:07:37.774 9 WARNING neutron.api.rpc.agentnotifiers.dhcp_rpc_agent_api [None req-6cdc0a7c-cf63-4a71-a3f6-b89aa2430f24 6a052befbdd843d7b793d36bb816a2ef 0cdad12aa59d44e39d3fee5d6572c216 - - default default] Unable to schedule network 2a424c14-7c59-4855-b17b-8d3091e03dad: no agents available; will retry on subsequent port and subnet creation events.
2026-06-15 21:07:37.774 10 INFO neutron.services.segments.plugin [-] Segment 4ed8101d-c3ff-4687-97c0-8fa69f0b4ed6 resource provider aggregate not found
2026-06-15 21:07:37.780 10 INFO neutron.services.segments.plugin [-] Segment 4ed8101d-c3ff-4687-97c0-8fa69f0b4ed6 resource provider aggregate not found
2026-06-15 21:07:37.800 10 INFO neutron.services.segments.plugin [-] Segment 4ed8101d-c3ff-4687-97c0-8fa69f0b4ed6 resource provider not found; error: Placement Client Error (4xx): {"errors": [{"status": 404, "title": "Not Found", "detail": "The resource could not be found.\n\n No resource provider with uuid 4ed8101d-c3ff-4687-97c0-8fa69f0b4ed6 found for delete ", "request_id": "req-5dfbf2cf-5c5b-4ea9-a4ce-0b753fde226a"}]}
2026-06-15 21:07:37.803 10 INFO neutron.services.segments.plugin [-] Segment 4ed8101d-c3ff-4687-97c0-8fa69f0b4ed6 resource provider not found; error: Placement Client Error (4xx): {"errors": [{"status": 404, "title": "Not Found", "detail": "The resource could not be found.\n\n No resource provider with uuid 4ed8101d-c3ff-4687-97c0-8fa69f0b4ed6 found for delete ", "request_id": "req-900caf63-35fe-432f-b30a-f38d840dab75"}]}
2026-06-15 21:07:37.829 10 INFO neutron.wsgi [None req-7bc3bc15-fc6b-4312-a1ce-6b6580dfdef7 7ab564f593074c78bc54d43008c4c761 46436144870247b3b7a54e4e9d7196dc - - default default] 10.0.0.173 "DELETE /v2.0/networks/b7ffee14-b5a3-4033-9d87-0cc69f69ece5 HTTP/1.1" status: 204 len: 168 time: 1.0124476
2026-06-15 21:07:37.843 10 WARNING neutron_lib.context [None req-1bb08fdc-3469-4114-9879-b1ae4d42a948 7ab564f593074c78bc54d43008c4c761 46436144870247b3b7a54e4e9d7196dc - - default default] Method 'is_advsvc' is deprecated since 2023.2 release (neutron-lib 3.8.0) and will be removed once support for the old RBAC API policies will be removed from Neutron. Please use method 'is_service_role' instead.
2026-06-15 21:07:37.903 9 INFO neutron.db.ovn_revision_numbers_db [None req-6cdc0a7c-cf63-4a71-a3f6-b89aa2430f24 6a052befbdd843d7b793d36bb816a2ef 0cdad12aa59d44e39d3fee5d6572c216 - - default default] Successfully bumped revision number for resource 2d750133-5222-4f2c-ad7a-a1ae73e189a7 (type: ports) to 1
2026-06-15 21:07:37.956 9 INFO neutron.wsgi [None req-6cdc0a7c-cf63-4a71-a3f6-b89aa2430f24 6a052befbdd843d7b793d36bb816a2ef 0cdad12aa59d44e39d3fee5d6572c216 - - default default] 10.0.0.173 "POST /v2.0/ports HTTP/1.1" status: 201 len: 1122 time: 0.5128741
2026-06-15 21:07:37.979 10 INFO neutron.db.segments_db [None req-1bb08fdc-3469-4114-9879-b1ae4d42a948 7ab564f593074c78bc54d43008c4c761 46436144870247b3b7a54e4e9d7196dc - - default default] Added segment cf9e553d-1319-4c93-b153-cb456e862a0d of type geneve for network dfb1c8d2-d40d-496d-a3d0-a1f3a9bca381
2026-06-15 21:07:37.998 10 INFO neutron.notifiers.nova [-] Nova event matching ['req-4add111e-5c88-411e-8188-6fba5e9d8464'] response: {'server_uuid': 'ec3b2440-b59d-4b54-b13c-12ad99b02a0b', 'name': 'network-vif-plugged', 'status': 'completed', 'tag': 'd08ccf6f-c286-48ac-97d7-809438f321d1', 'code': 200}
2026-06-15 21:07:37.998 10 INFO neutron.notifiers.nova [-] Nova event matching ['req-4add111e-5c88-411e-8188-6fba5e9d8464'] response: {'server_uuid': 'ec3b2440-b59d-4b54-b13c-12ad99b02a0b', 'name': 'network-vif-deleted', 'tag': 'd08ccf6f-c286-48ac-97d7-809438f321d1', 'status': 'completed', 'code': 200} /var/lib/openstack/lib/python3.10/site-packages/pycadf/identifier.py:71: UserWarning: Invalid uuid: neutron. To ensure interoperability, identifiers should be a valid uuid. warnings.warn(('Invalid uuid: %s. To ensure interoperability, '
2026-06-15 21:07:38.050 10 WARNING neutron.scheduler.dhcp_agent_scheduler [None req-a985b863-2a25-4bc3-9760-dc174d69bb62 f26906d6e41a430b87a5ba87e3af5130 94cf6f5e19c049a98a9de1bbcd18549f - - default default] No more DHCP agents
2026-06-15 21:07:38.065 10 WARNING neutron.api.rpc.agentnotifiers.dhcp_rpc_agent_api [None req-a985b863-2a25-4bc3-9760-dc174d69bb62 f26906d6e41a430b87a5ba87e3af5130 94cf6f5e19c049a98a9de1bbcd18549f - - default default] Unable to schedule network f1ef7f85-95f7-42f6-9287-f72544ac56b8: no agents available; will retry on subsequent port and subnet creation events.
2026-06-15 21:07:38.283 10 INFO neutron.db.ovn_revision_numbers_db [None req-1bb08fdc-3469-4114-9879-b1ae4d42a948 7ab564f593074c78bc54d43008c4c761 46436144870247b3b7a54e4e9d7196dc - - default default] Successfully bumped revision number for resource dfb1c8d2-d40d-496d-a3d0-a1f3a9bca381 (type: networks) to 1
2026-06-15 21:07:38.294 9 INFO neutron.wsgi [None req-87711388-af40-4086-8159-f9634088529c 6a052befbdd843d7b793d36bb816a2ef 0cdad12aa59d44e39d3fee5d6572c216 - - default default] 10.0.0.173 "DELETE /v2.0/ports/2d750133-5222-4f2c-ad7a-a1ae73e189a7 HTTP/1.1" status: 204 len: 168 time: 0.3325000
2026-06-15 21:07:38.322 9 INFO neutron.pecan_wsgi.hooks.translation [None req-c19b0495-b482-4a7c-9b30-3ab690ed44ba 6a052befbdd843d7b793d36bb816a2ef 0cdad12aa59d44e39d3fee5d6572c216 - - default default] GET failed (client error): The resource could not be found.
2026-06-15 21:07:38.325 9 INFO neutron.wsgi [None req-c19b0495-b482-4a7c-9b30-3ab690ed44ba 6a052befbdd843d7b793d36bb816a2ef 0cdad12aa59d44e39d3fee5d6572c216 - - default default] 10.0.0.173 "GET /v2.0/ports/2d750133-5222-4f2c-ad7a-a1ae73e189a7 HTTP/1.1" status: 404 len: 333 time: 0.0244436
2026-06-15 21:07:38.334 10 INFO neutron.db.ovn_revision_numbers_db [None req-a985b863-2a25-4bc3-9760-dc174d69bb62 f26906d6e41a430b87a5ba87e3af5130 94cf6f5e19c049a98a9de1bbcd18549f - - default default] Successfully bumped revision number for resource 77ad8a9b-c5f7-4772-8a19-dc033781e6fa (type: ports) to 1
2026-06-15 21:07:38.355 10 INFO neutron.wsgi [None req-275ead24-c91c-4baa-ad6f-e7c0a983fca2 59a52fc79cd24699b55928d6ffce9643 18d11efe04154b76ac85932334fd871c - - default default] 10.0.0.173 "DELETE /v2.0/security-groups/1d82539b-8601-4b35-b2b7-af09dbce9f63 HTTP/1.1" status: 204 len: 168 time: 0.3600199
2026-06-15 21:07:38.374 9 INFO neutron.api.v2.resource [None req-477816e2-0ba2-4ef2-9314-7c6c7ab29bef 59a52fc79cd24699b55928d6ffce9643 18d11efe04154b76ac85932334fd871c - - default default] show failed (client error): The resource could not be found.
2026-06-15 21:07:38.376 9 INFO neutron.wsgi [None req-477816e2-0ba2-4ef2-9314-7c6c7ab29bef 59a52fc79cd24699b55928d6ffce9643 18d11efe04154b76ac85932334fd871c - - default default] 10.0.0.173 "GET /v2.0/security-groups/1d82539b-8601-4b35-b2b7-af09dbce9f63 HTTP/1.1" status: 404 len: 347 time: 0.0155122
2026-06-15 21:07:38.386 10 INFO neutron.wsgi [None req-a985b863-2a25-4bc3-9760-dc174d69bb62 f26906d6e41a430b87a5ba87e3af5130 94cf6f5e19c049a98a9de1bbcd18549f - - default default] 10.0.0.173 "POST /v2.0/ports HTTP/1.1" status: 201 len: 1163 time: 0.8886104 /var/lib/openstack/lib/python3.10/site-packages/pycadf/identifier.py:71: UserWarning: Invalid uuid: neutron. To ensure interoperability, identifiers should be a valid uuid. warnings.warn(('Invalid uuid: %s. To ensure interoperability, '
2026-06-15 21:07:38.581 10 WARNING neutron.scheduler.dhcp_agent_scheduler [None req-1bb08fdc-3469-4114-9879-b1ae4d42a948 7ab564f593074c78bc54d43008c4c761 46436144870247b3b7a54e4e9d7196dc - - default default] No more DHCP agents
2026-06-15 21:07:38.590 10 WARNING neutron.api.rpc.agentnotifiers.dhcp_rpc_agent_api [None req-1bb08fdc-3469-4114-9879-b1ae4d42a948 7ab564f593074c78bc54d43008c4c761 46436144870247b3b7a54e4e9d7196dc - - default default] Unable to schedule network dfb1c8d2-d40d-496d-a3d0-a1f3a9bca381: no agents available; will retry on subsequent port and subnet creation events.
2026-06-15 21:07:38.615 9 INFO neutron.wsgi [None req-a256fada-bb5b-4322-ae22-efcfa5861e1c 6a052befbdd843d7b793d36bb816a2ef 0cdad12aa59d44e39d3fee5d6572c216 - - default default] 10.0.0.173 "DELETE /v2.0/subnets/0c9826e0-d3a9-437e-b353-54235284e5bd HTTP/1.1" status: 204 len: 168 time: 0.2843044
2026-06-15 21:07:38.747 10 INFO neutron.db.ovn_revision_numbers_db [None req-1bb08fdc-3469-4114-9879-b1ae4d42a948 7ab564f593074c78bc54d43008c4c761 46436144870247b3b7a54e4e9d7196dc - - default default] Successfully bumped revision number for resource a94d0692-2d59-482f-add1-29f425f5b4d1 (type: ports) to 1
2026-06-15 21:07:38.782 10 INFO neutron.wsgi [None req-1bb08fdc-3469-4114-9879-b1ae4d42a948 7ab564f593074c78bc54d43008c4c761 46436144870247b3b7a54e4e9d7196dc - - default default] 10.0.0.173 "POST /v2.0/networks HTTP/1.1" status: 201 len: 830 time: 0.9434977
2026-06-15 21:07:38.796 9 WARNING neutron_lib.context [None req-baa86952-4911-41c6-bdbc-123d82921b39 7ab564f593074c78bc54d43008c4c761 46436144870247b3b7a54e4e9d7196dc - - default default] Method 'is_advsvc' is deprecated since 2023.2 release (neutron-lib 3.8.0) and will be removed once support for the old RBAC API policies will be removed from Neutron. Please use method 'is_service_role' instead.
