2026-06-15 21:05:52.197 9 INFO neutron.db.segments_db [None req-e4a71a74-e147-4e77-bc97-fd05d66f9d45 08ba737c21d84e53a547c562745ab03f b0507a2222dd4d03a8206278ebd0359d - - default default] Added segment 251f7f0f-fadc-4d0b-a9e9-99c54b4f0a06 of type geneve for network fbf8a2b1-10cf-469b-a0c4-eddb1ac970fa
2026-06-15 21:05:52.210 10 INFO neutron.db.ovn_revision_numbers_db [None req-00ac6252-85f5-4e0e-9c9f-ad45afccceb4 08ba737c21d84e53a547c562745ab03f b0507a2222dd4d03a8206278ebd0359d - - default default] Successfully bumped revision number for resource 264e7011-d9d2-4a46-afa3-d4ff1538e7c2 (type: security_group_rules) to 0
2026-06-15 21:05:52.223 10 INFO neutron.db.ovn_revision_numbers_db [None req-00ac6252-85f5-4e0e-9c9f-ad45afccceb4 08ba737c21d84e53a547c562745ab03f b0507a2222dd4d03a8206278ebd0359d - - default default] Successfully bumped revision number for resource 2f106f79-01d8-4754-9b8d-96605b382ac0 (type: security_group_rules) to 0
2026-06-15 21:05:52.236 10 INFO neutron.db.ovn_revision_numbers_db [None req-00ac6252-85f5-4e0e-9c9f-ad45afccceb4 08ba737c21d84e53a547c562745ab03f b0507a2222dd4d03a8206278ebd0359d - - default default] Successfully bumped revision number for resource 53c1c566-8469-41f0-beb0-6794cf14c2fc (type: security_group_rules) to 0
2026-06-15 21:05:52.250 10 INFO neutron.db.ovn_revision_numbers_db [None req-00ac6252-85f5-4e0e-9c9f-ad45afccceb4 08ba737c21d84e53a547c562745ab03f b0507a2222dd4d03a8206278ebd0359d - - default default] Successfully bumped revision number for resource c1f3414f-08fb-4375-bee4-8abecd81d5da (type: security_group_rules) to 0
2026-06-15 21:05:52.304 10 INFO neutron.db.segments_db [None req-00ac6252-85f5-4e0e-9c9f-ad45afccceb4 08ba737c21d84e53a547c562745ab03f b0507a2222dd4d03a8206278ebd0359d - - default default] Added segment 08c5bd6b-5aac-4f33-b435-785e1a33ea95 of type geneve for network 2a454943-0a99-478b-a839-841f2dce785a
2026-06-15 21:05:52.385 9 INFO neutron.db.ovn_revision_numbers_db [None req-e4a71a74-e147-4e77-bc97-fd05d66f9d45 08ba737c21d84e53a547c562745ab03f b0507a2222dd4d03a8206278ebd0359d - - default default] Successfully bumped revision number for resource fbf8a2b1-10cf-469b-a0c4-eddb1ac970fa (type: networks) to 1
2026-06-15 21:05:52.471 10 INFO neutron.db.ovn_revision_numbers_db [None req-00ac6252-85f5-4e0e-9c9f-ad45afccceb4 08ba737c21d84e53a547c562745ab03f b0507a2222dd4d03a8206278ebd0359d - - default default] Successfully bumped revision number for resource 2a454943-0a99-478b-a839-841f2dce785a (type: networks) to 1
2026-06-15 21:05:52.560 9 WARNING neutron.scheduler.dhcp_agent_scheduler [None req-e4a71a74-e147-4e77-bc97-fd05d66f9d45 08ba737c21d84e53a547c562745ab03f b0507a2222dd4d03a8206278ebd0359d - - default default] No more DHCP agents
2026-06-15 21:05:52.563 9 WARNING neutron.api.rpc.agentnotifiers.dhcp_rpc_agent_api [None req-e4a71a74-e147-4e77-bc97-fd05d66f9d45 08ba737c21d84e53a547c562745ab03f b0507a2222dd4d03a8206278ebd0359d - - default default] Unable to schedule network fbf8a2b1-10cf-469b-a0c4-eddb1ac970fa: no agents available; will retry on subsequent port and subnet creation events.
2026-06-15 21:05:52.630 10 INFO neutron.db.ovn_revision_numbers_db [None req-b0f27f71-a9c2-4729-88c5-6a763dc532a6 08ba737c21d84e53a547c562745ab03f b0507a2222dd4d03a8206278ebd0359d - - default default] Successfully bumped revision number for resource 2de7090b-0a5d-46e7-8185-9ebaebca234d (type: security_groups) to 1
2026-06-15 21:05:52.643 9 INFO neutron.db.ovn_revision_numbers_db [None req-e4a71a74-e147-4e77-bc97-fd05d66f9d45 08ba737c21d84e53a547c562745ab03f b0507a2222dd4d03a8206278ebd0359d - - default default] Successfully bumped revision number for resource fdc1d928-9124-45e4-8b91-d2c066a1515a (type: ports) to 1
2026-06-15 21:05:52.646 10 INFO neutron.db.ovn_revision_numbers_db [None req-91cb1d50-5800-453b-b191-4bca73ee5fe9 08ba737c21d84e53a547c562745ab03f b0507a2222dd4d03a8206278ebd0359d - - default default] Successfully bumped revision number for resource 746f7569-9dd1-41c9-8b2d-053c339518ec (type: security_groups) to 1
2026-06-15 21:05:52.651 10 INFO neutron.db.ovn_revision_numbers_db [None req-b0f27f71-a9c2-4729-88c5-6a763dc532a6 08ba737c21d84e53a547c562745ab03f b0507a2222dd4d03a8206278ebd0359d - - default default] Successfully bumped revision number for resource 6633bea9-7269-4079-877f-e8fa5332b84c (type: security_group_rules) to 0
2026-06-15 21:05:52.662 10 INFO neutron.db.ovn_revision_numbers_db [None req-91cb1d50-5800-453b-b191-4bca73ee5fe9 08ba737c21d84e53a547c562745ab03f b0507a2222dd4d03a8206278ebd0359d - - default default] Successfully bumped revision number for resource 1b17c305-ed2d-46c8-9468-d08b415a4509 (type: security_group_rules) to 0
2026-06-15 21:05:52.665 9 INFO neutron.wsgi [None req-e4a71a74-e147-4e77-bc97-fd05d66f9d45 08ba737c21d84e53a547c562745ab03f b0507a2222dd4d03a8206278ebd0359d - - default default] 10.0.0.173 "POST /v2.0/networks HTTP/1.1" status: 201 len: 950 time: 0.8831332
2026-06-15 21:05:52.678 10 WARNING neutron.scheduler.dhcp_agent_scheduler [None req-00ac6252-85f5-4e0e-9c9f-ad45afccceb4 08ba737c21d84e53a547c562745ab03f b0507a2222dd4d03a8206278ebd0359d - - default default] No more DHCP agents
2026-06-15 21:05:52.678 10 INFO neutron.db.ovn_revision_numbers_db [None req-b0f27f71-a9c2-4729-88c5-6a763dc532a6 08ba737c21d84e53a547c562745ab03f b0507a2222dd4d03a8206278ebd0359d - - default default] Successfully bumped revision number for resource 8bf23d66-9b86-49bc-b7f1-e00996136539 (type: security_group_rules) to 0
2026-06-15 21:05:52.680 10 WARNING neutron.api.rpc.agentnotifiers.dhcp_rpc_agent_api [None req-00ac6252-85f5-4e0e-9c9f-ad45afccceb4 08ba737c21d84e53a547c562745ab03f b0507a2222dd4d03a8206278ebd0359d - - default default] Unable to schedule network 2a454943-0a99-478b-a839-841f2dce785a: no agents available; will retry on subsequent port and subnet creation events.
2026-06-15 21:05:52.688 10 INFO neutron.db.ovn_revision_numbers_db [None req-91cb1d50-5800-453b-b191-4bca73ee5fe9 08ba737c21d84e53a547c562745ab03f b0507a2222dd4d03a8206278ebd0359d - - default default] Successfully bumped revision number for resource 5f3e3ea4-695d-445f-83c5-b615b7822382 (type: security_group_rules) to 0
2026-06-15 21:05:52.712 10 INFO neutron.db.ovn_revision_numbers_db [None req-b0f27f71-a9c2-4729-88c5-6a763dc532a6 08ba737c21d84e53a547c562745ab03f b0507a2222dd4d03a8206278ebd0359d - - default default] Successfully bumped revision number for resource a7f0dc45-b077-4063-abae-361ee1b01a17 (type: security_group_rules) to 0
2026-06-15 21:05:52.728 10 INFO neutron.db.ovn_revision_numbers_db [None req-91cb1d50-5800-453b-b191-4bca73ee5fe9 08ba737c21d84e53a547c562745ab03f b0507a2222dd4d03a8206278ebd0359d - - default default] Successfully bumped revision number for resource a80c1451-228a-4822-8b8e-32cc7b4e3337 (type: security_group_rules) to 0
2026-06-15 21:05:52.743 10 INFO neutron.db.ovn_revision_numbers_db [None req-b0f27f71-a9c2-4729-88c5-6a763dc532a6 08ba737c21d84e53a547c562745ab03f b0507a2222dd4d03a8206278ebd0359d - - default default] Successfully bumped revision number for resource c82bce01-dfca-490c-8f1b-fb9bb195c272 (type: security_group_rules) to 0
2026-06-15 21:05:52.749 10 INFO neutron.db.ovn_revision_numbers_db [None req-91cb1d50-5800-453b-b191-4bca73ee5fe9 08ba737c21d84e53a547c562745ab03f b0507a2222dd4d03a8206278ebd0359d - - default default] Successfully bumped revision number for resource c085c733-3db6-41be-a00c-a7f0254e7a9a (type: security_group_rules) to 0
2026-06-15 21:05:52.785 10 INFO neutron.wsgi [None req-91cb1d50-5800-453b-b191-4bca73ee5fe9 08ba737c21d84e53a547c562745ab03f b0507a2222dd4d03a8206278ebd0359d - - default default] 10.0.0.173 "GET /v2.0/security-groups?tenant_id=efc29fb163b9436caa92b981d8664101&name=default HTTP/1.1" status: 200 len: 2992 time: 0.5002460
2026-06-15 21:05:52.805 10 INFO neutron.db.segments_db [None req-b0f27f71-a9c2-4729-88c5-6a763dc532a6 08ba737c21d84e53a547c562745ab03f b0507a2222dd4d03a8206278ebd0359d - - default default] Added segment f156542e-67ff-4126-81f3-eb3316b79850 of type geneve for network d1ceafc4-c9a7-4ace-a50b-51ec65659ed5
2026-06-15 21:05:52.809 10 INFO neutron.db.ovn_revision_numbers_db [None req-00ac6252-85f5-4e0e-9c9f-ad45afccceb4 08ba737c21d84e53a547c562745ab03f b0507a2222dd4d03a8206278ebd0359d - - default default] Successfully bumped revision number for resource 43df54e9-9535-4948-9e03-e9e6769eb788 (type: ports) to 1
2026-06-15 21:05:52.840 10 INFO neutron.wsgi [None req-00ac6252-85f5-4e0e-9c9f-ad45afccceb4 08ba737c21d84e53a547c562745ab03f b0507a2222dd4d03a8206278ebd0359d - - default default] 10.0.0.173 "POST /v2.0/networks HTTP/1.1" status: 201 len: 953 time: 1.0830133
2026-06-15 21:05:52.842 9 WARNING neutron.scheduler.dhcp_agent_scheduler [None req-896c64b1-7476-4866-a222-e87a874117dc 08ba737c21d84e53a547c562745ab03f b0507a2222dd4d03a8206278ebd0359d - - default default] No more DHCP agents
2026-06-15 21:05:52.850 9 WARNING neutron.api.rpc.agentnotifiers.dhcp_rpc_agent_api [None req-896c64b1-7476-4866-a222-e87a874117dc 08ba737c21d84e53a547c562745ab03f b0507a2222dd4d03a8206278ebd0359d - - default default] Unable to schedule network fbf8a2b1-10cf-469b-a0c4-eddb1ac970fa: no agents available; will retry on subsequent port and subnet creation events.
2026-06-15 21:05:52.985 10 INFO neutron.db.ovn_revision_numbers_db [None req-b0f27f71-a9c2-4729-88c5-6a763dc532a6 08ba737c21d84e53a547c562745ab03f b0507a2222dd4d03a8206278ebd0359d - - default default] Successfully bumped revision number for resource d1ceafc4-c9a7-4ace-a50b-51ec65659ed5 (type: networks) to 1
2026-06-15 21:05:53.092 9 INFO neutron.wsgi [None req-81f66c27-54da-4f0c-8198-ee2ec7aa3c3d 08ba737c21d84e53a547c562745ab03f b0507a2222dd4d03a8206278ebd0359d - - default default] 10.0.0.173 "DELETE /v2.0/security-groups/746f7569-9dd1-41c9-8b2d-053c339518ec HTTP/1.1" status: 204 len: 168 time: 0.2995310
2026-06-15 21:05:53.109 10 WARNING neutron.scheduler.dhcp_agent_scheduler [None req-ff7f360d-842e-45b3-ab2a-0b71939cde4c 08ba737c21d84e53a547c562745ab03f b0507a2222dd4d03a8206278ebd0359d - - default default] No more DHCP agents
2026-06-15 21:05:53.113 10 WARNING neutron.api.rpc.agentnotifiers.dhcp_rpc_agent_api [None req-ff7f360d-842e-45b3-ab2a-0b71939cde4c 08ba737c21d84e53a547c562745ab03f b0507a2222dd4d03a8206278ebd0359d - - default default] Unable to schedule network 2a454943-0a99-478b-a839-841f2dce785a: no agents available; will retry on subsequent port and subnet creation events.
2026-06-15 21:05:53.192 10 WARNING neutron.scheduler.dhcp_agent_scheduler [None req-b0f27f71-a9c2-4729-88c5-6a763dc532a6 08ba737c21d84e53a547c562745ab03f b0507a2222dd4d03a8206278ebd0359d - - default default] No more DHCP agents
2026-06-15 21:05:53.196 10 WARNING neutron.api.rpc.agentnotifiers.dhcp_rpc_agent_api [None req-b0f27f71-a9c2-4729-88c5-6a763dc532a6 08ba737c21d84e53a547c562745ab03f b0507a2222dd4d03a8206278ebd0359d - - default default] Unable to schedule network d1ceafc4-c9a7-4ace-a50b-51ec65659ed5: no agents available; will retry on subsequent port and subnet creation events.
2026-06-15 21:05:53.384 10 INFO neutron.db.ovn_revision_numbers_db [None req-b0f27f71-a9c2-4729-88c5-6a763dc532a6 08ba737c21d84e53a547c562745ab03f b0507a2222dd4d03a8206278ebd0359d - - default default] Successfully bumped revision number for resource 01ee7ed4-9c26-4f91-8522-b99bfab45646 (type: ports) to 1
2026-06-15 21:05:53.414 10 INFO neutron.wsgi [None req-b0f27f71-a9c2-4729-88c5-6a763dc532a6 08ba737c21d84e53a547c562745ab03f b0507a2222dd4d03a8206278ebd0359d - - default default] 10.0.0.173 "POST /v2.0/networks HTTP/1.1" status: 201 len: 947 time: 1.1474278
2026-06-15 21:05:53.440 9 INFO neutron.db.ovn_revision_numbers_db [None req-896c64b1-7476-4866-a222-e87a874117dc 08ba737c21d84e53a547c562745ab03f b0507a2222dd4d03a8206278ebd0359d - - default default] Successfully bumped revision number for resource fdc1d928-9124-45e4-8b91-d2c066a1515a (type: ports) to 2
2026-06-15 21:05:53.490 9 INFO neutron.db.ovn_revision_numbers_db [None req-896c64b1-7476-4866-a222-e87a874117dc 08ba737c21d84e53a547c562745ab03f b0507a2222dd4d03a8206278ebd0359d - - default default] Successfully bumped revision number for resource 29c2e5d9-5d5b-469c-adda-5fe2a5169f11 (type: subnets) to 0
2026-06-15 21:05:53.511 9 INFO neutron.wsgi [None req-896c64b1-7476-4866-a222-e87a874117dc 08ba737c21d84e53a547c562745ab03f b0507a2222dd4d03a8206278ebd0359d - - default default] 10.0.0.173 "POST /v2.0/subnets HTTP/1.1" status: 201 len: 870 time: 0.8406954
2026-06-15 21:05:53.574 9 WARNING neutron.scheduler.dhcp_agent_scheduler [None req-267f092b-a797-41a8-9162-e378ac0bbca1 08ba737c21d84e53a547c562745ab03f b0507a2222dd4d03a8206278ebd0359d - - default default] No more DHCP agents
2026-06-15 21:05:53.576 9 WARNING neutron.api.rpc.agentnotifiers.dhcp_rpc_agent_api [None req-267f092b-a797-41a8-9162-e378ac0bbca1 08ba737c21d84e53a547c562745ab03f b0507a2222dd4d03a8206278ebd0359d - - default default] Unable to schedule network d1ceafc4-c9a7-4ace-a50b-51ec65659ed5: no agents available; will retry on subsequent port and subnet creation events.
2026-06-15 21:05:53.942 10 INFO neutron.db.ovn_revision_numbers_db [None req-ff7f360d-842e-45b3-ab2a-0b71939cde4c 08ba737c21d84e53a547c562745ab03f b0507a2222dd4d03a8206278ebd0359d - - default default] Successfully bumped revision number for resource 43df54e9-9535-4948-9e03-e9e6769eb788 (type: ports) to 2
2026-06-15 21:05:54.002 10 INFO neutron.db.ovn_revision_numbers_db [None req-ff7f360d-842e-45b3-ab2a-0b71939cde4c 08ba737c21d84e53a547c562745ab03f b0507a2222dd4d03a8206278ebd0359d - - default default] Successfully bumped revision number for resource 5d3df1bc-733c-44be-a5f6-1e787a87d2dd (type: subnets) to 0
2026-06-15 21:05:54.019 10 INFO neutron.wsgi [None req-ff7f360d-842e-45b3-ab2a-0b71939cde4c 08ba737c21d84e53a547c562745ab03f b0507a2222dd4d03a8206278ebd0359d - - default default] 10.0.0.173 "POST /v2.0/subnets HTTP/1.1" status: 201 len: 874 time: 1.1721561
2026-06-15 21:05:54.107 10 WARNING neutron.scheduler.dhcp_agent_scheduler [None req-4148a319-7238-454a-b868-7e58c9657e3d 08ba737c21d84e53a547c562745ab03f b0507a2222dd4d03a8206278ebd0359d - - default default] No more DHCP agents
2026-06-15 21:05:54.111 10 WARNING neutron.api.rpc.agentnotifiers.dhcp_rpc_agent_api [None req-4148a319-7238-454a-b868-7e58c9657e3d 08ba737c21d84e53a547c562745ab03f b0507a2222dd4d03a8206278ebd0359d - - default default] Unable to schedule network 0404a59f-5d03-4d96-82f5-10213451dfeb: no agents available; will retry on subsequent port and subnet creation events.
2026-06-15 21:05:54.224 9 INFO neutron.db.ovn_revision_numbers_db [None req-267f092b-a797-41a8-9162-e378ac0bbca1 08ba737c21d84e53a547c562745ab03f b0507a2222dd4d03a8206278ebd0359d - - default default] Successfully bumped revision number for resource 01ee7ed4-9c26-4f91-8522-b99bfab45646 (type: ports) to 2
2026-06-15 21:05:54.264 9 INFO neutron.db.ovn_revision_numbers_db [None req-267f092b-a797-41a8-9162-e378ac0bbca1 08ba737c21d84e53a547c562745ab03f b0507a2222dd4d03a8206278ebd0359d - - default default] Successfully bumped revision number for resource 047c01be-d659-4bdc-9aba-795238be1b77 (type: subnets) to 0
2026-06-15 21:05:54.284 9 INFO neutron.wsgi [None req-267f092b-a797-41a8-9162-e378ac0bbca1 08ba737c21d84e53a547c562745ab03f b0507a2222dd4d03a8206278ebd0359d - - default default] 10.0.0.173 "POST /v2.0/subnets HTTP/1.1" status: 201 len: 867 time: 0.8646946
2026-06-15 21:05:54.484 10 INFO neutron.db.ovn_revision_numbers_db [None req-4148a319-7238-454a-b868-7e58c9657e3d 08ba737c21d84e53a547c562745ab03f b0507a2222dd4d03a8206278ebd0359d - - default default] Successfully bumped revision number for resource 11c80a13-5f93-47e7-879b-9e5743a8cb7b (type: ports) to 1
2026-06-15 21:05:55.027 10 WARNING neutron.scheduler.dhcp_agent_scheduler [None req-44151e34-3422-4f91-9df4-0d4d3ff2d7b8 08ba737c21d84e53a547c562745ab03f b0507a2222dd4d03a8206278ebd0359d - - default default] No more DHCP agents
2026-06-15 21:05:55.029 10 WARNING neutron.api.rpc.agentnotifiers.dhcp_rpc_agent_api [None req-44151e34-3422-4f91-9df4-0d4d3ff2d7b8 08ba737c21d84e53a547c562745ab03f b0507a2222dd4d03a8206278ebd0359d - - default default] Unable to schedule network 0404a59f-5d03-4d96-82f5-10213451dfeb: no agents available; will retry on subsequent port and subnet creation events.
2026-06-15 21:05:55.097 9 INFO neutron.db.ovn_revision_numbers_db [None req-2ecf7daf-81b6-440c-acd7-7a61b26a1e39 08ba737c21d84e53a547c562745ab03f b0507a2222dd4d03a8206278ebd0359d - - default default] Successfully bumped revision number for resource 6066a820-9f5c-47a4-afd5-ee892d1893d4 (type: security_groups) to 1
2026-06-15 21:05:55.115 9 INFO neutron.db.ovn_revision_numbers_db [None req-2ecf7daf-81b6-440c-acd7-7a61b26a1e39 08ba737c21d84e53a547c562745ab03f b0507a2222dd4d03a8206278ebd0359d - - default default] Successfully bumped revision number for resource 022895df-701e-4e88-aff6-30e16fc05a16 (type: security_group_rules) to 0
2026-06-15 21:05:55.124 10 INFO neutron.plugins.ml2.drivers.ovn.mech_driver.ovsdb.extensions.qos [None req-4148a319-7238-454a-b868-7e58c9657e3d 08ba737c21d84e53a547c562745ab03f b0507a2222dd4d03a8206278ebd0359d - - default default] Starting OVNClientQosExtension
2026-06-15 21:05:55.128 9 INFO neutron.db.ovn_revision_numbers_db [None req-2ecf7daf-81b6-440c-acd7-7a61b26a1e39 08ba737c21d84e53a547c562745ab03f b0507a2222dd4d03a8206278ebd0359d - - default default] Successfully bumped revision number for resource 1a34cc9a-404a-4385-befc-fcf97c48f8d9 (type: security_group_rules) to 0
2026-06-15 21:05:55.141 9 INFO neutron.db.ovn_revision_numbers_db [None req-2ecf7daf-81b6-440c-acd7-7a61b26a1e39 08ba737c21d84e53a547c562745ab03f b0507a2222dd4d03a8206278ebd0359d - - default default] Successfully bumped revision number for resource 4f3282c8-48e0-48ed-9f36-fdaa463f47b3 (type: security_group_rules) to 0
2026-06-15 21:05:55.158 9 INFO neutron.db.ovn_revision_numbers_db [None req-2ecf7daf-81b6-440c-acd7-7a61b26a1e39 08ba737c21d84e53a547c562745ab03f b0507a2222dd4d03a8206278ebd0359d - - default default] Successfully bumped revision number for resource 65191dd0-7858-4359-a316-1ad5327aeb63 (type: security_group_rules) to 0
2026-06-15 21:05:55.211 9 INFO neutron.db.segments_db [None req-2ecf7daf-81b6-440c-acd7-7a61b26a1e39 08ba737c21d84e53a547c562745ab03f b0507a2222dd4d03a8206278ebd0359d - - default default] Added segment 01686d4e-8492-4c2f-9967-87b6e6c4d0c8 of type geneve for network b3492fde-19f5-4da5-965a-bce5f932961d
2026-06-15 21:05:55.229 10 WARNING neutron.scheduler.dhcp_agent_scheduler [None req-f3b2ef8c-e30c-4430-b2c2-09c389ec464f 08ba737c21d84e53a547c562745ab03f b0507a2222dd4d03a8206278ebd0359d - - default default] No more DHCP agents
2026-06-15 21:05:55.236 10 WARNING neutron.api.rpc.agentnotifiers.dhcp_rpc_agent_api [None req-f3b2ef8c-e30c-4430-b2c2-09c389ec464f 08ba737c21d84e53a547c562745ab03f b0507a2222dd4d03a8206278ebd0359d - - default default] Unable to schedule network 0404a59f-5d03-4d96-82f5-10213451dfeb: no agents available; will retry on subsequent port and subnet creation events.
2026-06-15 21:05:55.303 10 INFO neutron.db.ovn_revision_numbers_db [None req-44151e34-3422-4f91-9df4-0d4d3ff2d7b8 08ba737c21d84e53a547c562745ab03f b0507a2222dd4d03a8206278ebd0359d - - default default] Successfully bumped revision number for resource efe82087-c5b8-4731-b009-941279f7ff0d (type: ports) to 1
2026-06-15 21:05:55.391 9 INFO neutron.db.ovn_revision_numbers_db [None req-2ecf7daf-81b6-440c-acd7-7a61b26a1e39 08ba737c21d84e53a547c562745ab03f b0507a2222dd4d03a8206278ebd0359d - - default default] Successfully bumped revision number for resource b3492fde-19f5-4da5-965a-bce5f932961d (type: networks) to 1
2026-06-15 21:05:55.493 10 INFO neutron.db.ovn_revision_numbers_db [None req-f3b2ef8c-e30c-4430-b2c2-09c389ec464f 08ba737c21d84e53a547c562745ab03f b0507a2222dd4d03a8206278ebd0359d - - default default] Successfully bumped revision number for resource 9195f75d-5962-4d87-b8a6-70b250a372d3 (type: ports) to 1
2026-06-15 21:05:55.593 9 WARNING neutron.scheduler.dhcp_agent_scheduler [None req-2ecf7daf-81b6-440c-acd7-7a61b26a1e39 08ba737c21d84e53a547c562745ab03f b0507a2222dd4d03a8206278ebd0359d - - default default] No more DHCP agents
2026-06-15 21:05:55.597 9 WARNING neutron.api.rpc.agentnotifiers.dhcp_rpc_agent_api [None req-2ecf7daf-81b6-440c-acd7-7a61b26a1e39 08ba737c21d84e53a547c562745ab03f b0507a2222dd4d03a8206278ebd0359d - - default default] Unable to schedule network b3492fde-19f5-4da5-965a-bce5f932961d: no agents available; will retry on subsequent port and subnet creation events.
2026-06-15 21:05:55.658 10 INFO neutron.plugins.ml2.drivers.ovn.mech_driver.mech_driver [None req-3afca453-c60e-41f0-8287-6cf6a5717111 - - - - - -] OVN reports status up for port: 11c80a13-5f93-47e7-879b-9e5743a8cb7b
2026-06-15 21:05:55.679 10 INFO neutron.plugins.ml2.drivers.ovn.mech_driver.ovsdb.ovsdb_monitor [-] Router 5d419974-0733-4e6a-8adf-25d1038bc14a is bound to host instance
2026-06-15 21:05:55.693 10 INFO neutron.plugins.ml2.plugin [None req-3afca453-c60e-41f0-8287-6cf6a5717111 - - - - - -] Attempt 1 to provision port 11c80a13-5f93-47e7-879b-9e5743a8cb7b
2026-06-15 21:05:55.711 9 INFO neutron.db.ovn_revision_numbers_db [None req-2ecf7daf-81b6-440c-acd7-7a61b26a1e39 08ba737c21d84e53a547c562745ab03f b0507a2222dd4d03a8206278ebd0359d - - default default] Successfully bumped revision number for resource 62c96869-31bd-4660-91f4-3d4e255a6fd1 (type: ports) to 1
2026-06-15 21:05:55.735 9 INFO neutron.wsgi [None req-2ecf7daf-81b6-440c-acd7-7a61b26a1e39 08ba737c21d84e53a547c562745ab03f b0507a2222dd4d03a8206278ebd0359d - - default default] 10.0.0.173 "POST /v2.0/networks HTTP/1.1" status: 201 len: 950 time: 0.9398463
2026-06-15 21:05:55.864 10 INFO neutron.db.ovn_revision_numbers_db [None req-4148a319-7238-454a-b868-7e58c9657e3d 08ba737c21d84e53a547c562745ab03f b0507a2222dd4d03a8206278ebd0359d - - default default] Successfully bumped revision number for resource 11c80a13-5f93-47e7-879b-9e5743a8cb7b (type: router_ports) to 1
2026-06-15 21:05:55.908 9 WARNING neutron.scheduler.dhcp_agent_scheduler [None req-c6b06e90-b1d8-4ee0-b7d8-f0f58ca53d21 08ba737c21d84e53a547c562745ab03f b0507a2222dd4d03a8206278ebd0359d - - default default] No more DHCP agents
2026-06-15 21:05:55.910 9 WARNING neutron.api.rpc.agentnotifiers.dhcp_rpc_agent_api [None req-c6b06e90-b1d8-4ee0-b7d8-f0f58ca53d21 08ba737c21d84e53a547c562745ab03f b0507a2222dd4d03a8206278ebd0359d - - default default] Unable to schedule network b3492fde-19f5-4da5-965a-bce5f932961d: no agents available; will retry on subsequent port and subnet creation events.
2026-06-15 21:05:56.142 10 INFO neutron.db.ovn_revision_numbers_db [None req-4148a319-7238-454a-b868-7e58c9657e3d 08ba737c21d84e53a547c562745ab03f b0507a2222dd4d03a8206278ebd0359d - - default default] Successfully bumped revision number for resource 5d419974-0733-4e6a-8adf-25d1038bc14a (type: routers) to 2
2026-06-15 21:05:56.191 10 INFO neutron.wsgi [None req-4148a319-7238-454a-b868-7e58c9657e3d 08ba737c21d84e53a547c562745ab03f b0507a2222dd4d03a8206278ebd0359d - - default default] 10.0.0.173 "POST /v2.0/routers HTTP/1.1" status: 201 len: 881 time: 2.6741567
2026-06-15 21:05:56.787 9 INFO neutron.db.ovn_revision_numbers_db [None req-c6b06e90-b1d8-4ee0-b7d8-f0f58ca53d21 08ba737c21d84e53a547c562745ab03f b0507a2222dd4d03a8206278ebd0359d - - default default] Successfully bumped revision number for resource 62c96869-31bd-4660-91f4-3d4e255a6fd1 (type: ports) to 2
2026-06-15 21:05:56.836 9 INFO neutron.db.ovn_revision_numbers_db [None req-c6b06e90-b1d8-4ee0-b7d8-f0f58ca53d21 08ba737c21d84e53a547c562745ab03f b0507a2222dd4d03a8206278ebd0359d - - default default] Successfully bumped revision number for resource f066f7de-a9a9-4721-835f-6b43cb00ad18 (type: subnets) to 0
2026-06-15 21:05:56.847 10 INFO neutron.db.ovn_revision_numbers_db [None req-44151e34-3422-4f91-9df4-0d4d3ff2d7b8 08ba737c21d84e53a547c562745ab03f b0507a2222dd4d03a8206278ebd0359d - - default default] Successfully bumped revision number for resource efe82087-c5b8-4731-b009-941279f7ff0d (type: router_ports) to 1
2026-06-15 21:05:56.857 9 INFO neutron.wsgi [None req-c6b06e90-b1d8-4ee0-b7d8-f0f58ca53d21 08ba737c21d84e53a547c562745ab03f b0507a2222dd4d03a8206278ebd0359d - - default default] 10.0.0.173 "POST /v2.0/subnets HTTP/1.1" status: 201 len: 870 time: 1.1157429
2026-06-15 21:05:56.919 9 INFO neutron.plugins.ml2.drivers.ovn.mech_driver.ovsdb.ovsdb_monitor [-] Router b205f77c-a550-4dc7-b03e-d47c85f7454e is bound to host instance
2026-06-15 21:05:56.954 10 INFO neutron.db.ovn_revision_numbers_db [None req-f3b2ef8c-e30c-4430-b2c2-09c389ec464f 08ba737c21d84e53a547c562745ab03f b0507a2222dd4d03a8206278ebd0359d - - default default] Successfully bumped revision number for resource 9195f75d-5962-4d87-b8a6-70b250a372d3 (type: router_ports) to 1
2026-06-15 21:05:56.998 10 INFO neutron.db.ovn_revision_numbers_db [None req-44151e34-3422-4f91-9df4-0d4d3ff2d7b8 08ba737c21d84e53a547c562745ab03f b0507a2222dd4d03a8206278ebd0359d - - default default] Successfully bumped revision number for resource 92f4e66a-d436-408e-8c52-c978d94ed2d8 (type: routers) to 2
2026-06-15 21:05:57.018 10 INFO neutron.wsgi [None req-44151e34-3422-4f91-9df4-0d4d3ff2d7b8 08ba737c21d84e53a547c562745ab03f b0507a2222dd4d03a8206278ebd0359d - - default default] 10.0.0.173 "POST /v2.0/routers HTTP/1.1" status: 201 len: 885 time: 2.9948568
2026-06-15 21:05:57.020 10 INFO neutron.db.ovn_revision_numbers_db [None req-1cf2740a-3143-47f0-8885-8b80b59e13f0 - - - - - -] Successfully bumped revision number for resource 11c80a13-5f93-47e7-879b-9e5743a8cb7b (type: ports) to 1
2026-06-15 21:05:57.082 10 INFO neutron.db.ovn_revision_numbers_db [None req-f3b2ef8c-e30c-4430-b2c2-09c389ec464f 08ba737c21d84e53a547c562745ab03f b0507a2222dd4d03a8206278ebd0359d - - default default] Successfully bumped revision number for resource b205f77c-a550-4dc7-b03e-d47c85f7454e (type: routers) to 2
2026-06-15 21:05:57.105 10 INFO neutron.wsgi [None req-f3b2ef8c-e30c-4430-b2c2-09c389ec464f 08ba737c21d84e53a547c562745ab03f b0507a2222dd4d03a8206278ebd0359d - - default default] 10.0.0.173 "POST /v2.0/routers HTTP/1.1" status: 201 len: 878 time: 2.8160801
2026-06-15 21:05:57.201 9 WARNING neutron.scheduler.dhcp_agent_scheduler [None req-2a6f9ba9-3731-4ae8-bb89-15a285b40f43 08ba737c21d84e53a547c562745ab03f b0507a2222dd4d03a8206278ebd0359d - - default default] No more DHCP agents
2026-06-15 21:05:57.207 9 WARNING neutron.api.rpc.agentnotifiers.dhcp_rpc_agent_api [None req-2a6f9ba9-3731-4ae8-bb89-15a285b40f43 08ba737c21d84e53a547c562745ab03f b0507a2222dd4d03a8206278ebd0359d - - default default] Unable to schedule network fbf8a2b1-10cf-469b-a0c4-eddb1ac970fa: no agents available; will retry on subsequent port and subnet creation events.
2026-06-15 21:05:57.545 10 INFO neutron.db.ovn_revision_numbers_db [None req-1cf2740a-3143-47f0-8885-8b80b59e13f0 - - - - - -] Successfully bumped revision number for resource 11c80a13-5f93-47e7-879b-9e5743a8cb7b (type: router_ports) to 3
2026-06-15 21:05:57.574 9 INFO neutron.plugins.ml2.drivers.ovn.mech_driver.ovsdb.extensions.qos [None req-b6fc6084-22e4-44fb-9d9d-fc5378dd32c9 - - - - - -] Starting OVNClientQosExtension
2026-06-15 21:05:57.608 9 INFO neutron.db.ovn_revision_numbers_db [None req-2a6f9ba9-3731-4ae8-bb89-15a285b40f43 08ba737c21d84e53a547c562745ab03f b0507a2222dd4d03a8206278ebd0359d - - default default] Successfully bumped revision number for resource 17bc0d41-7724-4b3b-a9fa-48a30be3840d (type: ports) to 1
2026-06-15 21:05:57.790 10 INFO neutron.db.ovn_revision_numbers_db [None req-1cf2740a-3143-47f0-8885-8b80b59e13f0 - - - - - -] Successfully bumped revision number for resource 11c80a13-5f93-47e7-879b-9e5743a8cb7b (type: ports) to 2
2026-06-15 21:05:57.903 10 WARNING neutron.scheduler.dhcp_agent_scheduler [None req-24bc4e67-7a5b-49a7-893f-1167c60f15db 08ba737c21d84e53a547c562745ab03f b0507a2222dd4d03a8206278ebd0359d - - default default] No more DHCP agents
2026-06-15 21:05:57.910 10 WARNING neutron.api.rpc.agentnotifiers.dhcp_rpc_agent_api [None req-24bc4e67-7a5b-49a7-893f-1167c60f15db 08ba737c21d84e53a547c562745ab03f b0507a2222dd4d03a8206278ebd0359d - - default default] Unable to schedule network 2a454943-0a99-478b-a839-841f2dce785a: no agents available; will retry on subsequent port and subnet creation events.
2026-06-15 21:05:57.912 9 WARNING neutron.scheduler.dhcp_agent_scheduler [None req-e7f7bf4b-ae4a-46f8-9984-2d21a142a48e 08ba737c21d84e53a547c562745ab03f b0507a2222dd4d03a8206278ebd0359d - - default default] No more DHCP agents
2026-06-15 21:05:57.917 9 WARNING neutron.api.rpc.agentnotifiers.dhcp_rpc_agent_api [None req-e7f7bf4b-ae4a-46f8-9984-2d21a142a48e 08ba737c21d84e53a547c562745ab03f b0507a2222dd4d03a8206278ebd0359d - - default default] Unable to schedule network 0404a59f-5d03-4d96-82f5-10213451dfeb: no agents available; will retry on subsequent port and subnet creation events.
2026-06-15 21:05:58.021 10 WARNING neutron.scheduler.dhcp_agent_scheduler [None req-a178ecb8-934b-4e96-b404-fda69d75092c 08ba737c21d84e53a547c562745ab03f b0507a2222dd4d03a8206278ebd0359d - - default default] No more DHCP agents
2026-06-15 21:05:58.032 10 WARNING neutron.api.rpc.agentnotifiers.dhcp_rpc_agent_api [None req-a178ecb8-934b-4e96-b404-fda69d75092c 08ba737c21d84e53a547c562745ab03f b0507a2222dd4d03a8206278ebd0359d - - default default] Unable to schedule network d1ceafc4-c9a7-4ace-a50b-51ec65659ed5: no agents available; will retry on subsequent port and subnet creation events.
2026-06-15 21:05:58.063 9 INFO neutron.db.ovn_revision_numbers_db [None req-b6fc6084-22e4-44fb-9d9d-fc5378dd32c9 - - - - - -] Successfully bumped revision number for resource 9195f75d-5962-4d87-b8a6-70b250a372d3 (type: ports) to 1
2026-06-15 21:05:58.155 10 INFO neutron.db.ovn_revision_numbers_db [None req-24bc4e67-7a5b-49a7-893f-1167c60f15db 08ba737c21d84e53a547c562745ab03f b0507a2222dd4d03a8206278ebd0359d - - default default] Successfully bumped revision number for resource 41cbfa90-46cc-4611-8292-205d5695ae98 (type: ports) to 1
2026-06-15 21:05:58.159 9 INFO neutron.db.ovn_revision_numbers_db [None req-e7f7bf4b-ae4a-46f8-9984-2d21a142a48e 08ba737c21d84e53a547c562745ab03f b0507a2222dd4d03a8206278ebd0359d - - default default] Successfully bumped revision number for resource f6c6c6a2-0eaa-455d-9b69-ede8b91f2a1c (type: ports) to 1
2026-06-15 21:05:58.255 10 INFO neutron.db.ovn_revision_numbers_db [None req-1cf2740a-3143-47f0-8885-8b80b59e13f0 - - - - - -] Successfully bumped revision number for resource 11c80a13-5f93-47e7-879b-9e5743a8cb7b (type: ports) to 4
2026-06-15 21:05:58.294 10 INFO neutron.db.ovn_revision_numbers_db [None req-a178ecb8-934b-4e96-b404-fda69d75092c 08ba737c21d84e53a547c562745ab03f b0507a2222dd4d03a8206278ebd0359d - - default default] Successfully bumped revision number for resource 326f7207-a93b-40b5-bf59-5e29e3240468 (type: ports) to 1
2026-06-15 21:05:58.492 9 INFO neutron.plugins.ml2.drivers.ovn.mech_driver.mech_driver [None req-bed6fbfe-6ae4-4677-9612-1aab72c8e8bd - - - - - -] OVN reports status up for port: 17bc0d41-7724-4b3b-a9fa-48a30be3840d
2026-06-15 21:05:58.529 9 INFO neutron.plugins.ml2.plugin [None req-bed6fbfe-6ae4-4677-9612-1aab72c8e8bd - - - - - -] Attempt 1 to provision port 17bc0d41-7724-4b3b-a9fa-48a30be3840d
2026-06-15 21:05:58.590 9 INFO neutron.db.ovn_revision_numbers_db [None req-2a6f9ba9-3731-4ae8-bb89-15a285b40f43 08ba737c21d84e53a547c562745ab03f b0507a2222dd4d03a8206278ebd0359d - - default default] Successfully bumped revision number for resource 17bc0d41-7724-4b3b-a9fa-48a30be3840d (type: router_ports) to 1
2026-06-15 21:05:58.646 9 INFO neutron.db.ovn_revision_numbers_db [None req-b6fc6084-22e4-44fb-9d9d-fc5378dd32c9 - - - - - -] Successfully bumped revision number for resource 9195f75d-5962-4d87-b8a6-70b250a372d3 (type: router_ports) to 3
2026-06-15 21:05:58.760 10 INFO neutron.db.ovn_revision_numbers_db [None req-1cf2740a-3143-47f0-8885-8b80b59e13f0 - - - - - -] Successfully bumped revision number for resource 11c80a13-5f93-47e7-879b-9e5743a8cb7b (type: router_ports) to 4
2026-06-15 21:05:58.804 10 INFO neutron.plugins.ml2.drivers.ovn.mech_driver.ovsdb.ovsdb_monitor [None req-1cf2740a-3143-47f0-8885-8b80b59e13f0 - - - - - -] Router 92f4e66a-d436-408e-8c52-c978d94ed2d8 is bound to host instance
2026-06-15 21:05:58.919 9 INFO neutron.db.ovn_revision_numbers_db [None req-2a6f9ba9-3731-4ae8-bb89-15a285b40f43 08ba737c21d84e53a547c562745ab03f b0507a2222dd4d03a8206278ebd0359d - - default default] Successfully bumped revision number for resource 17bc0d41-7724-4b3b-a9fa-48a30be3840d (type: ports) to 1
2026-06-15 21:05:58.987 9 INFO neutron.db.ovn_revision_numbers_db [None req-b6fc6084-22e4-44fb-9d9d-fc5378dd32c9 - - - - - -] Successfully bumped revision number for resource 9195f75d-5962-4d87-b8a6-70b250a372d3 (type: ports) to 2
2026-06-15 21:05:59.082 10 INFO neutron.db.ovn_revision_numbers_db [None req-24bc4e67-7a5b-49a7-893f-1167c60f15db 08ba737c21d84e53a547c562745ab03f b0507a2222dd4d03a8206278ebd0359d - - default default] Successfully bumped revision number for resource 41cbfa90-46cc-4611-8292-205d5695ae98 (type: router_ports) to 1
2026-06-15 21:05:59.091 9 WARNING neutron.scheduler.dhcp_agent_scheduler [None req-2a6f9ba9-3731-4ae8-bb89-15a285b40f43 08ba737c21d84e53a547c562745ab03f b0507a2222dd4d03a8206278ebd0359d - - default default] No more DHCP agents
2026-06-15 21:05:59.096 9 WARNING neutron.api.rpc.agentnotifiers.dhcp_rpc_agent_api [None req-2a6f9ba9-3731-4ae8-bb89-15a285b40f43 08ba737c21d84e53a547c562745ab03f b0507a2222dd4d03a8206278ebd0359d - - default default] Unable to schedule network fbf8a2b1-10cf-469b-a0c4-eddb1ac970fa: no agents available; will retry on subsequent port and subnet creation events.
2026-06-15 21:05:59.098 10 INFO neutron.plugins.ml2.drivers.ovn.mech_driver.mech_driver [None req-3afca453-c60e-41f0-8287-6cf6a5717111 - - - - - -] OVN reports status up for port: efe82087-c5b8-4731-b009-941279f7ff0d
2026-06-15 21:05:59.137 10 INFO neutron.plugins.ml2.plugin [None req-3afca453-c60e-41f0-8287-6cf6a5717111 - - - - - -] Attempt 1 to provision port efe82087-c5b8-4731-b009-941279f7ff0d
2026-06-15 21:05:59.317 9 INFO neutron.db.ovn_revision_numbers_db [None req-bed6fbfe-6ae4-4677-9612-1aab72c8e8bd - - - - - -] Successfully bumped revision number for resource 17bc0d41-7724-4b3b-a9fa-48a30be3840d (type: ports) to 2
2026-06-15 21:05:59.411 10 INFO neutron.db.ovn_revision_numbers_db [None req-a178ecb8-934b-4e96-b404-fda69d75092c 08ba737c21d84e53a547c562745ab03f b0507a2222dd4d03a8206278ebd0359d - - default default] Successfully bumped revision number for resource 326f7207-a93b-40b5-bf59-5e29e3240468 (type: router_ports) to 1
2026-06-15 21:05:59.538 10 INFO neutron.plugins.ml2.drivers.ovn.mech_driver.mech_driver [None req-3afca453-c60e-41f0-8287-6cf6a5717111 - - - - - -] OVN reports status up for port: 9195f75d-5962-4d87-b8a6-70b250a372d3
2026-06-15 21:05:59.572 10 INFO neutron.plugins.ml2.plugin [None req-3afca453-c60e-41f0-8287-6cf6a5717111 - - - - - -] Attempt 1 to provision port 9195f75d-5962-4d87-b8a6-70b250a372d3
2026-06-15 21:05:59.617 9 INFO neutron.db.ovn_revision_numbers_db [None req-bed6fbfe-6ae4-4677-9612-1aab72c8e8bd - - - - - -] Successfully bumped revision number for resource 17bc0d41-7724-4b3b-a9fa-48a30be3840d (type: router_ports) to 2
2026-06-15 21:05:59.638 10 INFO neutron.db.ovn_revision_numbers_db [None req-24bc4e67-7a5b-49a7-893f-1167c60f15db 08ba737c21d84e53a547c562745ab03f b0507a2222dd4d03a8206278ebd0359d - - default default] Successfully bumped revision number for resource 41cbfa90-46cc-4611-8292-205d5695ae98 (type: ports) to 1
2026-06-15 21:05:59.775 10 INFO neutron.db.ovn_revision_numbers_db [None req-a178ecb8-934b-4e96-b404-fda69d75092c 08ba737c21d84e53a547c562745ab03f b0507a2222dd4d03a8206278ebd0359d - - default default] Successfully bumped revision number for resource 326f7207-a93b-40b5-bf59-5e29e3240468 (type: ports) to 1
2026-06-15 21:05:59.783 9 INFO neutron.db.ovn_revision_numbers_db [None req-e7f7bf4b-ae4a-46f8-9984-2d21a142a48e 08ba737c21d84e53a547c562745ab03f b0507a2222dd4d03a8206278ebd0359d - - default default] Successfully bumped revision number for resource f6c6c6a2-0eaa-455d-9b69-ede8b91f2a1c (type: router_ports) to 1
2026-06-15 21:05:59.821 10 WARNING neutron.scheduler.dhcp_agent_scheduler [None req-24bc4e67-7a5b-49a7-893f-1167c60f15db 08ba737c21d84e53a547c562745ab03f b0507a2222dd4d03a8206278ebd0359d - - default default] No more DHCP agents
2026-06-15 21:05:59.839 10 WARNING neutron.api.rpc.agentnotifiers.dhcp_rpc_agent_api [None req-24bc4e67-7a5b-49a7-893f-1167c60f15db 08ba737c21d84e53a547c562745ab03f b0507a2222dd4d03a8206278ebd0359d - - default default] Unable to schedule network 2a454943-0a99-478b-a839-841f2dce785a: no agents available; will retry on subsequent port and subnet creation events.
2026-06-15 21:05:59.846 9 INFO neutron.db.ovn_revision_numbers_db [None req-b6fc6084-22e4-44fb-9d9d-fc5378dd32c9 - - - - - -] Successfully bumped revision number for resource 9195f75d-5962-4d87-b8a6-70b250a372d3 (type: ports) to 4
2026-06-15 21:05:59.930 10 WARNING neutron.scheduler.dhcp_agent_scheduler [None req-a178ecb8-934b-4e96-b404-fda69d75092c 08ba737c21d84e53a547c562745ab03f b0507a2222dd4d03a8206278ebd0359d - - default default] No more DHCP agents
2026-06-15 21:05:59.932 9 INFO neutron.db.ovn_revision_numbers_db [None req-e7f7bf4b-ae4a-46f8-9984-2d21a142a48e 08ba737c21d84e53a547c562745ab03f b0507a2222dd4d03a8206278ebd0359d - - default default] Successfully bumped revision number for resource bea455d8-91b5-4081-99a0-95c9a3041357 (type: routers) to 2
2026-06-15 21:05:59.936 10 WARNING neutron.api.rpc.agentnotifiers.dhcp_rpc_agent_api [None req-a178ecb8-934b-4e96-b404-fda69d75092c 08ba737c21d84e53a547c562745ab03f b0507a2222dd4d03a8206278ebd0359d - - default default] Unable to schedule network d1ceafc4-c9a7-4ace-a50b-51ec65659ed5: no agents available; will retry on subsequent port and subnet creation events.
2026-06-15 21:05:59.965 9 INFO neutron.wsgi [None req-e7f7bf4b-ae4a-46f8-9984-2d21a142a48e 08ba737c21d84e53a547c562745ab03f b0507a2222dd4d03a8206278ebd0359d - - default default] 10.0.0.173 "POST /v2.0/routers HTTP/1.1" status: 201 len: 881 time: 3.1016445
2026-06-15 21:06:00.066 10 INFO neutron.db.ovn_revision_numbers_db [None req-1cf2740a-3143-47f0-8885-8b80b59e13f0 - - - - - -] Successfully bumped revision number for resource efe82087-c5b8-4731-b009-941279f7ff0d (type: ports) to 1
2026-06-15 21:06:00.263 9 INFO neutron.db.ovn_revision_numbers_db [None req-b6fc6084-22e4-44fb-9d9d-fc5378dd32c9 - - - - - -] Successfully bumped revision number for resource 9195f75d-5962-4d87-b8a6-70b250a372d3 (type: router_ports) to 4
2026-06-15 21:06:00.290 9 INFO neutron.plugins.ml2.drivers.ovn.mech_driver.ovsdb.ovsdb_monitor [None req-b6fc6084-22e4-44fb-9d9d-fc5378dd32c9 - - - - - -] Router bea455d8-91b5-4081-99a0-95c9a3041357 is bound to host instance
2026-06-15 21:06:00.644 9 INFO neutron.db.ovn_revision_numbers_db [None req-2a6f9ba9-3731-4ae8-bb89-15a285b40f43 08ba737c21d84e53a547c562745ab03f b0507a2222dd4d03a8206278ebd0359d - - default default] Successfully bumped revision number for resource 17bc0d41-7724-4b3b-a9fa-48a30be3840d (type: router_ports) to 2
2026-06-15 21:06:00.646 9 INFO neutron.wsgi [None req-2a6f9ba9-3731-4ae8-bb89-15a285b40f43 08ba737c21d84e53a547c562745ab03f b0507a2222dd4d03a8206278ebd0359d - - default default] 10.0.0.173 "PUT /v2.0/routers/5d419974-0733-4e6a-8adf-25d1038bc14a/add_router_interface HTTP/1.1" status: 200 len: 503 time: 4.4477487
2026-06-15 21:06:00.864 9 INFO neutron.db.ovn_revision_numbers_db [None req-b6fc6084-22e4-44fb-9d9d-fc5378dd32c9 - - - - - -] Successfully bumped revision number for resource f6c6c6a2-0eaa-455d-9b69-ede8b91f2a1c (type: ports) to 1
2026-06-15 21:06:00.917 10 INFO neutron.db.ovn_revision_numbers_db [None req-1cf2740a-3143-47f0-8885-8b80b59e13f0 - - - - - -] Successfully bumped revision number for resource efe82087-c5b8-4731-b009-941279f7ff0d (type: router_ports) to 3
2026-06-15 21:06:01.117 9 INFO neutron.db.ovn_revision_numbers_db [None req-b6fc6084-22e4-44fb-9d9d-fc5378dd32c9 - - - - - -] Successfully bumped revision number for resource f6c6c6a2-0eaa-455d-9b69-ede8b91f2a1c (type: router_ports) to 3
2026-06-15 21:06:01.229 9 WARNING neutron_lib.context [None req-0942c429-6bce-40b5-8db7-2e1e6c87124c 964b25bd16944875b283e9b99217a66c bf4e1958448748b296c32aa534a73e08 - - default default] Method 'is_advsvc' is deprecated since 2023.2 release (neutron-lib 3.8.0) and will be removed once support for the old RBAC API policies will be removed from Neutron. Please use method 'is_service_role' instead.
2026-06-15 21:06:01.269 9 INFO neutron.db.ovn_revision_numbers_db [None req-b6fc6084-22e4-44fb-9d9d-fc5378dd32c9 - - - - - -] Successfully bumped revision number for resource f6c6c6a2-0eaa-455d-9b69-ede8b91f2a1c (type: ports) to 2
2026-06-15 21:06:01.275 10 WARNING neutron.scheduler.dhcp_agent_scheduler [None req-17ee8509-a88e-4a12-a988-1073708d87e2 08ba737c21d84e53a547c562745ab03f b0507a2222dd4d03a8206278ebd0359d - - default default] No more DHCP agents
2026-06-15 21:06:01.289 10 WARNING neutron.api.rpc.agentnotifiers.dhcp_rpc_agent_api [None req-17ee8509-a88e-4a12-a988-1073708d87e2 08ba737c21d84e53a547c562745ab03f b0507a2222dd4d03a8206278ebd0359d - - default default] Unable to schedule network b3492fde-19f5-4da5-965a-bce5f932961d: no agents available; will retry on subsequent port and subnet creation events.
2026-06-15 21:06:01.387 9 INFO neutron.db.ovn_revision_numbers_db [None req-0942c429-6bce-40b5-8db7-2e1e6c87124c 964b25bd16944875b283e9b99217a66c bf4e1958448748b296c32aa534a73e08 - - default default] Successfully bumped revision number for resource d3a26679-c100-4837-8b5e-c72728638b64 (type: security_groups) to 1
2026-06-15 21:06:01.402 9 INFO neutron.db.ovn_revision_numbers_db [None req-0942c429-6bce-40b5-8db7-2e1e6c87124c 964b25bd16944875b283e9b99217a66c bf4e1958448748b296c32aa534a73e08 - - default default] Successfully bumped revision number for resource 441628b3-a084-421d-b96c-d284e17449e1 (type: security_group_rules) to 0
2026-06-15 21:06:01.420 9 INFO neutron.db.ovn_revision_numbers_db [None req-0942c429-6bce-40b5-8db7-2e1e6c87124c 964b25bd16944875b283e9b99217a66c bf4e1958448748b296c32aa534a73e08 - - default default] Successfully bumped revision number for resource c0cc91aa-b75f-4d17-9c5f-6f365f6deda2 (type: security_group_rules) to 0
2026-06-15 21:06:01.444 9 INFO neutron.wsgi [None req-0942c429-6bce-40b5-8db7-2e1e6c87124c 964b25bd16944875b283e9b99217a66c bf4e1958448748b296c32aa534a73e08 - - default default] 10.0.0.173 "POST /v2.0/security-groups HTTP/1.1" status: 201 len: 1796 time: 0.2203290
2026-06-15 21:06:01.451 10 INFO neutron.db.ovn_revision_numbers_db [None req-1cf2740a-3143-47f0-8885-8b80b59e13f0 - - - - - -] Successfully bumped revision number for resource efe82087-c5b8-4731-b009-941279f7ff0d (type: ports) to 2
2026-06-15 21:06:01.457 9 WARNING neutron_lib.context [None req-fa01021c-4969-4972-9087-3d18b1316701 964b25bd16944875b283e9b99217a66c bf4e1958448748b296c32aa534a73e08 - - default default] Method 'is_advsvc' is deprecated since 2023.2 release (neutron-lib 3.8.0) and will be removed once support for the old RBAC API policies will be removed from Neutron. Please use method 'is_service_role' instead.
2026-06-15 21:06:01.576 9 INFO neutron.db.ovn_revision_numbers_db [None req-b6fc6084-22e4-44fb-9d9d-fc5378dd32c9 - - - - - -] Successfully bumped revision number for resource f6c6c6a2-0eaa-455d-9b69-ede8b91f2a1c (type: ports) to 4
2026-06-15 21:06:01.653 10 INFO neutron.db.ovn_revision_numbers_db [None req-17ee8509-a88e-4a12-a988-1073708d87e2 08ba737c21d84e53a547c562745ab03f b0507a2222dd4d03a8206278ebd0359d - - default default] Successfully bumped revision number for resource 348481cf-6ef1-4047-a280-809e58a762e9 (type: ports) to 1
2026-06-15 21:06:01.800 9 INFO neutron.db.ovn_revision_numbers_db [None req-fa01021c-4969-4972-9087-3d18b1316701 964b25bd16944875b283e9b99217a66c bf4e1958448748b296c32aa534a73e08 - - default default] Successfully bumped revision number for resource 734c8dfe-f5a7-459c-a988-66a78dfba9d6 (type: security_group_rules) to 0
2026-06-15 21:06:01.808 10 INFO neutron.db.ovn_revision_numbers_db [None req-24bc4e67-7a5b-49a7-893f-1167c60f15db 08ba737c21d84e53a547c562745ab03f b0507a2222dd4d03a8206278ebd0359d - - default default] Successfully bumped revision number for resource 41cbfa90-46cc-4611-8292-205d5695ae98 (type: router_ports) to 1
2026-06-15 21:06:01.811 10 INFO neutron.wsgi [None req-24bc4e67-7a5b-49a7-893f-1167c60f15db 08ba737c21d84e53a547c562745ab03f b0507a2222dd4d03a8206278ebd0359d - - default default] 10.0.0.173 "PUT /v2.0/routers/92f4e66a-d436-408e-8c52-c978d94ed2d8/add_router_interface HTTP/1.1" status: 200 len: 503 time: 4.7794895
2026-06-15 21:06:01.867 9 INFO neutron.wsgi [None req-fa01021c-4969-4972-9087-3d18b1316701 964b25bd16944875b283e9b99217a66c bf4e1958448748b296c32aa534a73e08 - - default default] 10.0.0.173 "POST /v2.0/security-group-rules HTTP/1.1" status: 201 len: 764 time: 0.4151278
2026-06-15 21:06:01.887 10 WARNING neutron_lib.context [None req-91eac64f-38a0-4b5f-aa57-6dd493c8cf94 964b25bd16944875b283e9b99217a66c bf4e1958448748b296c32aa534a73e08 - - default default] Method 'is_advsvc' is deprecated since 2023.2 release (neutron-lib 3.8.0) and will be removed once support for the old RBAC API policies will be removed from Neutron. Please use method 'is_service_role' instead.
2026-06-15 21:06:01.894 9 INFO neutron.db.ovn_revision_numbers_db [None req-b6fc6084-22e4-44fb-9d9d-fc5378dd32c9 - - - - - -] Successfully bumped revision number for resource f6c6c6a2-0eaa-455d-9b69-ede8b91f2a1c (type: router_ports) to 4
2026-06-15 21:06:01.912 10 INFO neutron.db.ovn_revision_numbers_db [None req-a178ecb8-934b-4e96-b404-fda69d75092c 08ba737c21d84e53a547c562745ab03f b0507a2222dd4d03a8206278ebd0359d - - default default] Successfully bumped revision number for resource 326f7207-a93b-40b5-bf59-5e29e3240468 (type: router_ports) to 1
2026-06-15 21:06:01.915 10 INFO neutron.wsgi [None req-a178ecb8-934b-4e96-b404-fda69d75092c 08ba737c21d84e53a547c562745ab03f b0507a2222dd4d03a8206278ebd0359d - - default default] 10.0.0.173 "PUT /v2.0/routers/b205f77c-a550-4dc7-b03e-d47c85f7454e/add_router_interface HTTP/1.1" status: 200 len: 503 time: 4.8027151
2026-06-15 21:06:02.189 10 INFO neutron.db.ovn_revision_numbers_db [None req-1cf2740a-3143-47f0-8885-8b80b59e13f0 - - - - - -] Successfully bumped revision number for resource efe82087-c5b8-4731-b009-941279f7ff0d (type: ports) to 4
2026-06-15 21:06:02.347 9 WARNING neutron_lib.context [None req-dce62d19-aab1-4144-bd0c-dd5fef6f1e96 be14a4210cb5432ea2a82812f15063e3 7bdf2a937a2f427ebd9801983f386d97 - - default default] Method 'is_advsvc' is deprecated since 2023.2 release (neutron-lib 3.8.0) and will be removed once support for the old RBAC API policies will be removed from Neutron. Please use method 'is_service_role' instead.
2026-06-15 21:06:02.367 10 INFO neutron.db.ovn_revision_numbers_db [None req-91eac64f-38a0-4b5f-aa57-6dd493c8cf94 964b25bd16944875b283e9b99217a66c bf4e1958448748b296c32aa534a73e08 - - default default] Successfully bumped revision number for resource d1811318-8cf7-4642-b85d-4a42f659828f (type: security_group_rules) to 0
2026-06-15 21:06:02.424 10 INFO neutron.wsgi [None req-91eac64f-38a0-4b5f-aa57-6dd493c8cf94 964b25bd16944875b283e9b99217a66c bf4e1958448748b296c32aa534a73e08 - - default default] 10.0.0.173 "POST /v2.0/security-group-rules HTTP/1.1" status: 201 len: 769 time: 0.5483541
2026-06-15 21:06:02.439 9 WARNING neutron_lib.context [None req-49f6ae1a-6d69-4c12-91dd-59df24edb655 964b25bd16944875b283e9b99217a66c bf4e1958448748b296c32aa534a73e08 - - default default] Method 'is_advsvc' is deprecated since 2023.2 release (neutron-lib 3.8.0) and will be removed once support for the old RBAC API policies will be removed from Neutron. Please use method 'is_service_role' instead.
2026-06-15 21:06:02.480 9 INFO neutron.db.ovn_revision_numbers_db [None req-dce62d19-aab1-4144-bd0c-dd5fef6f1e96 be14a4210cb5432ea2a82812f15063e3 7bdf2a937a2f427ebd9801983f386d97 - - default default] Successfully bumped revision number for resource 6d457563-0c10-4fb9-8995-3cb08c0bac85 (type: security_groups) to 1
2026-06-15 21:06:02.516 9 INFO neutron.db.ovn_revision_numbers_db [None req-dce62d19-aab1-4144-bd0c-dd5fef6f1e96 be14a4210cb5432ea2a82812f15063e3 7bdf2a937a2f427ebd9801983f386d97 - - default default] Successfully bumped revision number for resource 279e57d3-abc6-40bf-b7d9-e3eae0f8653c (type: security_group_rules) to 0
2026-06-15 21:06:02.546 9 INFO neutron.db.ovn_revision_numbers_db [None req-dce62d19-aab1-4144-bd0c-dd5fef6f1e96 be14a4210cb5432ea2a82812f15063e3 7bdf2a937a2f427ebd9801983f386d97 - - default default] Successfully bumped revision number for resource 50b9700f-f3e5-431b-9595-bcd9832cc325 (type: security_group_rules) to 0
2026-06-15 21:06:02.564 10 INFO neutron.db.ovn_revision_numbers_db [None req-1cf2740a-3143-47f0-8885-8b80b59e13f0 - - - - - -] Successfully bumped revision number for resource efe82087-c5b8-4731-b009-941279f7ff0d (type: router_ports) to 4
2026-06-15 21:06:02.577 10 INFO neutron.db.ovn_revision_numbers_db [None req-17ee8509-a88e-4a12-a988-1073708d87e2 08ba737c21d84e53a547c562745ab03f b0507a2222dd4d03a8206278ebd0359d - - default default] Successfully bumped revision number for resource 348481cf-6ef1-4047-a280-809e58a762e9 (type: router_ports) to 1
2026-06-15 21:06:02.578 9 INFO neutron.wsgi [None req-dce62d19-aab1-4144-bd0c-dd5fef6f1e96 be14a4210cb5432ea2a82812f15063e3 7bdf2a937a2f427ebd9801983f386d97 - - default default] 10.0.0.173 "POST /v2.0/security-groups HTTP/1.1" status: 201 len: 1795 time: 0.2367573
