2026-06-15 21:08:42.921 9 INFO neutron.pecan_wsgi.hooks.translation [None req-9a99667e-bc45-442f-8e46-d27ad51661a0 4e0211c251f54c06854d1d6ea686d59e ba0f7be6b9164c749ff0cfce6ff82a4e - - default default] DELETE failed (client error): The resource could not be found.
2026-06-15 21:08:42.924 9 INFO neutron.wsgi [None req-9a99667e-bc45-442f-8e46-d27ad51661a0 4e0211c251f54c06854d1d6ea686d59e ba0f7be6b9164c749ff0cfce6ff82a4e - - default default] 10.0.0.173 "DELETE /v2.0/subnets/baacbf49-fb9a-49b9-855d-3f630cb7444c HTTP/1.1" status: 404 len: 337 time: 0.0206215
2026-06-15 21:08:44.267 9 INFO neutron.db.ovn_revision_numbers_db [None req-4754e32a-e8ad-45a0-bb79-3e947982e8f7 08ba737c21d84e53a547c562745ab03f b0507a2222dd4d03a8206278ebd0359d - - default default] Successfully bumped revision number for resource 214eb336-14c9-40e2-858e-184f608bd4df (type: security_groups) to 1
2026-06-15 21:08:44.283 9 INFO neutron.db.ovn_revision_numbers_db [None req-4754e32a-e8ad-45a0-bb79-3e947982e8f7 08ba737c21d84e53a547c562745ab03f b0507a2222dd4d03a8206278ebd0359d - - default default] Successfully bumped revision number for resource 541e19fb-7b93-4cd4-923e-50cf02143111 (type: security_group_rules) to 0
2026-06-15 21:08:44.300 9 INFO neutron.db.ovn_revision_numbers_db [None req-4754e32a-e8ad-45a0-bb79-3e947982e8f7 08ba737c21d84e53a547c562745ab03f b0507a2222dd4d03a8206278ebd0359d - - default default] Successfully bumped revision number for resource ae5cb865-f6d8-405d-9a51-eddd437be2a3 (type: security_group_rules) to 0
2026-06-15 21:08:44.318 9 INFO neutron.db.ovn_revision_numbers_db [None req-4754e32a-e8ad-45a0-bb79-3e947982e8f7 08ba737c21d84e53a547c562745ab03f b0507a2222dd4d03a8206278ebd0359d - - default default] Successfully bumped revision number for resource e048fad1-ae89-4091-b340-bf8758467ea5 (type: security_group_rules) to 0
2026-06-15 21:08:44.337 9 INFO neutron.db.ovn_revision_numbers_db [None req-4754e32a-e8ad-45a0-bb79-3e947982e8f7 08ba737c21d84e53a547c562745ab03f b0507a2222dd4d03a8206278ebd0359d - - default default] Successfully bumped revision number for resource f176c7ce-a816-4981-b5c1-e2aab30559f0 (type: security_group_rules) to 0
2026-06-15 21:08:44.373 9 INFO neutron.wsgi [None req-4754e32a-e8ad-45a0-bb79-3e947982e8f7 08ba737c21d84e53a547c562745ab03f b0507a2222dd4d03a8206278ebd0359d - - default default] 10.0.0.173 "GET /v2.0/security-groups?tenant_id=920aaf4550dd42a69ffff4cf1f515c88&name=default HTTP/1.1" status: 200 len: 2996 time: 0.4410443
2026-06-15 21:08:44.601 9 INFO neutron.wsgi [None req-d23bafef-381b-4a5f-8efc-595dbcbf25c0 08ba737c21d84e53a547c562745ab03f b0507a2222dd4d03a8206278ebd0359d - - default default] 10.0.0.173 "DELETE /v2.0/security-groups/214eb336-14c9-40e2-858e-184f608bd4df HTTP/1.1" status: 204 len: 168 time: 0.2212980
2026-06-15 21:08:44.723 10 INFO neutron.wsgi [None req-c5beec64-0b06-4507-b9d1-b4e966db7a88 e54b3ef939904cc1a9dc26715aeee2e8 9f4f317d2b194845978de3ea2e1f4329 - - default default] 10.0.0.218 "GET /v2.0/extensions HTTP/1.1" status: 200 len: 16980 time: 0.0083067
2026-06-15 21:08:44.742 9 INFO neutron.wsgi [None req-a4dfa395-e69b-4f31-afab-d5dcc19eaea3 08ba737c21d84e53a547c562745ab03f b0507a2222dd4d03a8206278ebd0359d - - default default] 10.0.0.173 "GET /v2.0/security-groups?tenant_id=ba0f7be6b9164c749ff0cfce6ff82a4e&name=default HTTP/1.1" status: 200 len: 2996 time: 0.0433443
2026-06-15 21:08:44.806 10 INFO neutron.wsgi [None req-cec8e26b-d8a9-418b-9920-620e95dacb83 e54b3ef939904cc1a9dc26715aeee2e8 9f4f317d2b194845978de3ea2e1f4329 - - default default] 10.0.0.218 "GET /v2.0/quotas/9f4f317d2b194845978de3ea2e1f4329/details HTTP/1.1" status: 200 len: 756 time: 0.0695682
2026-06-15 21:08:45.216 9 INFO neutron.wsgi [None req-23d48b01-fa80-4664-9804-8b2f7378af46 08ba737c21d84e53a547c562745ab03f b0507a2222dd4d03a8206278ebd0359d - - default default] 10.0.0.173 "DELETE /v2.0/security-groups/43c48201-5e02-436f-9fcd-cf0fdd9f902d HTTP/1.1" status: 204 len: 168 time: 0.4670467
2026-06-15 21:08:45.586 10 INFO neutron.db.ovn_revision_numbers_db [None req-13a58508-a6ba-4bec-92e3-1a6a651e4a28 08ba737c21d84e53a547c562745ab03f b0507a2222dd4d03a8206278ebd0359d - - default default] Successfully bumped revision number for resource 728fabe9-7177-47e5-bbb5-da2293562f64 (type: security_groups) to 1
2026-06-15 21:08:45.605 10 INFO neutron.db.ovn_revision_numbers_db [None req-13a58508-a6ba-4bec-92e3-1a6a651e4a28 08ba737c21d84e53a547c562745ab03f b0507a2222dd4d03a8206278ebd0359d - - default default] Successfully bumped revision number for resource 56febe9b-a97a-4352-b4fc-47afb8e0289e (type: security_group_rules) to 0
2026-06-15 21:08:45.621 10 INFO neutron.db.ovn_revision_numbers_db [None req-13a58508-a6ba-4bec-92e3-1a6a651e4a28 08ba737c21d84e53a547c562745ab03f b0507a2222dd4d03a8206278ebd0359d - - default default] Successfully bumped revision number for resource 667abdb9-9feb-4aad-a213-a66d48584366 (type: security_group_rules) to 0
2026-06-15 21:08:45.643 10 INFO neutron.db.ovn_revision_numbers_db [None req-13a58508-a6ba-4bec-92e3-1a6a651e4a28 08ba737c21d84e53a547c562745ab03f b0507a2222dd4d03a8206278ebd0359d - - default default] Successfully bumped revision number for resource 71f678dc-7ad2-4d73-8b72-d5e5cb26fe00 (type: security_group_rules) to 0
2026-06-15 21:08:45.661 10 INFO neutron.db.ovn_revision_numbers_db [None req-13a58508-a6ba-4bec-92e3-1a6a651e4a28 08ba737c21d84e53a547c562745ab03f b0507a2222dd4d03a8206278ebd0359d - - default default] Successfully bumped revision number for resource bd931cb2-7743-4acc-9429-e9c6e5fc6d95 (type: security_group_rules) to 0
2026-06-15 21:08:45.696 10 INFO neutron.wsgi [None req-13a58508-a6ba-4bec-92e3-1a6a651e4a28 08ba737c21d84e53a547c562745ab03f b0507a2222dd4d03a8206278ebd0359d - - default default] 10.0.0.173 "GET /v2.0/security-groups?tenant_id=0315e862d07641469d7fb0ee29091d5e&name=default HTTP/1.1" status: 200 len: 2996 time: 0.2455661
2026-06-15 21:08:45.935 10 INFO neutron.wsgi [None req-65d8b922-f48d-4fcc-8423-1e10c0b79761 08ba737c21d84e53a547c562745ab03f b0507a2222dd4d03a8206278ebd0359d - - default default] 10.0.0.173 "DELETE /v2.0/security-groups/728fabe9-7177-47e5-bbb5-da2293562f64 HTTP/1.1" status: 204 len: 168 time: 0.2320981
2026-06-15 21:08:47.650 9 INFO neutron.db.ovn_revision_numbers_db [None req-afdb1f29-a0c8-47e3-9c36-7f47cb61f478 08ba737c21d84e53a547c562745ab03f b0507a2222dd4d03a8206278ebd0359d - - default default] Successfully bumped revision number for resource 55fb3967-8827-4cf3-9f8e-698392ae38f5 (type: security_groups) to 1
2026-06-15 21:08:47.664 9 INFO neutron.db.ovn_revision_numbers_db [None req-afdb1f29-a0c8-47e3-9c36-7f47cb61f478 08ba737c21d84e53a547c562745ab03f b0507a2222dd4d03a8206278ebd0359d - - default default] Successfully bumped revision number for resource 05983edb-1692-4142-8798-f8349102a54f (type: security_group_rules) to 0
2026-06-15 21:08:47.679 9 INFO neutron.db.ovn_revision_numbers_db [None req-afdb1f29-a0c8-47e3-9c36-7f47cb61f478 08ba737c21d84e53a547c562745ab03f b0507a2222dd4d03a8206278ebd0359d - - default default] Successfully bumped revision number for resource 2f78e19d-fd71-478b-b661-7466c131decd (type: security_group_rules) to 0
2026-06-15 21:08:47.693 9 INFO neutron.db.ovn_revision_numbers_db [None req-afdb1f29-a0c8-47e3-9c36-7f47cb61f478 08ba737c21d84e53a547c562745ab03f b0507a2222dd4d03a8206278ebd0359d - - default default] Successfully bumped revision number for resource 478f033c-fb67-46e6-8970-1bc03d71f960 (type: security_group_rules) to 0
2026-06-15 21:08:47.708 9 INFO neutron.db.ovn_revision_numbers_db [None req-afdb1f29-a0c8-47e3-9c36-7f47cb61f478 08ba737c21d84e53a547c562745ab03f b0507a2222dd4d03a8206278ebd0359d - - default default] Successfully bumped revision number for resource fee9092d-ac3c-4fb4-a5d6-5e0dbccef0d6 (type: security_group_rules) to 0
2026-06-15 21:08:47.732 9 INFO neutron.wsgi [None req-afdb1f29-a0c8-47e3-9c36-7f47cb61f478 08ba737c21d84e53a547c562745ab03f b0507a2222dd4d03a8206278ebd0359d - - default default] 10.0.0.173 "GET /v2.0/security-groups?tenant_id=9f4f317d2b194845978de3ea2e1f4329&name=default HTTP/1.1" status: 200 len: 2996 time: 0.4145439
2026-06-15 21:08:47.956 10 INFO neutron.wsgi [None req-e488178c-5b85-4ef3-9b31-ec6d37e45778 08ba737c21d84e53a547c562745ab03f b0507a2222dd4d03a8206278ebd0359d - - default default] 10.0.0.173 "DELETE /v2.0/security-groups/55fb3967-8827-4cf3-9f8e-698392ae38f5 HTTP/1.1" status: 204 len: 168 time: 0.2176142
2026-06-15 21:08:48.634 9 INFO neutron.db.ovn_revision_numbers_db [None req-10ed2738-5a87-4b2c-94ed-a0965ff5c9f7 08ba737c21d84e53a547c562745ab03f b0507a2222dd4d03a8206278ebd0359d - - default default] Successfully bumped revision number for resource 9e07159c-b7a5-4b8f-a148-e5bd07269827 (type: security_groups) to 1
2026-06-15 21:08:48.647 9 INFO neutron.db.ovn_revision_numbers_db [None req-10ed2738-5a87-4b2c-94ed-a0965ff5c9f7 08ba737c21d84e53a547c562745ab03f b0507a2222dd4d03a8206278ebd0359d - - default default] Successfully bumped revision number for resource 528b33ca-9076-4b54-8bd7-dc92c5fc26d2 (type: security_group_rules) to 0
2026-06-15 21:08:48.660 9 INFO neutron.db.ovn_revision_numbers_db [None req-10ed2738-5a87-4b2c-94ed-a0965ff5c9f7 08ba737c21d84e53a547c562745ab03f b0507a2222dd4d03a8206278ebd0359d - - default default] Successfully bumped revision number for resource 86cd0e4a-918b-4ffc-a6eb-4f9bd524ce76 (type: security_group_rules) to 0
2026-06-15 21:08:48.673 9 INFO neutron.db.ovn_revision_numbers_db [None req-10ed2738-5a87-4b2c-94ed-a0965ff5c9f7 08ba737c21d84e53a547c562745ab03f b0507a2222dd4d03a8206278ebd0359d - - default default] Successfully bumped revision number for resource 9d6065c0-0acd-4bca-b058-fa8710e98f31 (type: security_group_rules) to 0
2026-06-15 21:08:48.686 9 INFO neutron.db.ovn_revision_numbers_db [None req-10ed2738-5a87-4b2c-94ed-a0965ff5c9f7 08ba737c21d84e53a547c562745ab03f b0507a2222dd4d03a8206278ebd0359d - - default default] Successfully bumped revision number for resource ade5a4ae-fb60-4fe6-bc87-191ede57ed14 (type: security_group_rules) to 0
2026-06-15 21:08:48.709 9 INFO neutron.wsgi [None req-10ed2738-5a87-4b2c-94ed-a0965ff5c9f7 08ba737c21d84e53a547c562745ab03f b0507a2222dd4d03a8206278ebd0359d - - default default] 10.0.0.173 "GET /v2.0/security-groups?tenant_id=bc2434c87ab04da8a812c236c25fbb2c&name=default HTTP/1.1" status: 200 len: 2996 time: 0.4296842
2026-06-15 21:08:48.911 9 INFO neutron.wsgi [None req-2c46e844-2ddf-43b0-920f-04a211c1fe83 08ba737c21d84e53a547c562745ab03f b0507a2222dd4d03a8206278ebd0359d - - default default] 10.0.0.173 "DELETE /v2.0/security-groups/9e07159c-b7a5-4b8f-a148-e5bd07269827 HTTP/1.1" status: 204 len: 168 time: 0.1953330
2026-06-15 21:08:50.323 15 INFO neutron.plugins.ml2.drivers.ovn.mech_driver.ovsdb.maintenance [None req-eb81e4e9-1393-40de-81e9-808aa7aefa39 - - - - - -] Maintenance task: Synchronization finished (took 1.36 seconds)
2026-06-15 21:08:50.476 10 WARNING neutron_lib.context [None req-913e6aff-4812-4aa3-845d-2329a7a136e0 f8657c46e3e44aaf8f161f62b66cc198 8061f3bbed8348a28905f3c70b429e30 - - default default] Method 'is_advsvc' is deprecated since 2023.2 release (neutron-lib 3.8.0) and will be removed once support for the old RBAC API policies will be removed from Neutron. Please use method 'is_service_role' instead.
2026-06-15 21:08:50.563 10 INFO neutron.wsgi [None req-913e6aff-4812-4aa3-845d-2329a7a136e0 f8657c46e3e44aaf8f161f62b66cc198 8061f3bbed8348a28905f3c70b429e30 - - default default] 10.0.0.173 "POST /v2.0/subnetpools HTTP/1.1" status: 201 len: 715 time: 0.3937552
2026-06-15 21:08:50.582 9 WARNING neutron_lib.context [None req-d8e3e7ef-f26c-4505-aeef-651dff6f4f2e f8657c46e3e44aaf8f161f62b66cc198 8061f3bbed8348a28905f3c70b429e30 - - default default] Method 'is_advsvc' is deprecated since 2023.2 release (neutron-lib 3.8.0) and will be removed once support for the old RBAC API policies will be removed from Neutron. Please use method 'is_service_role' instead.
2026-06-15 21:08:50.664 9 INFO neutron.wsgi [None req-d8e3e7ef-f26c-4505-aeef-651dff6f4f2e f8657c46e3e44aaf8f161f62b66cc198 8061f3bbed8348a28905f3c70b429e30 - - default default] 10.0.0.173 "POST /v2.0/subnetpools HTTP/1.1" status: 201 len: 715 time: 0.0948532
2026-06-15 21:08:50.673 9 WARNING neutron_lib.context [None req-33c6b524-6acd-4e8a-ba0f-29b05b264a67 f8657c46e3e44aaf8f161f62b66cc198 8061f3bbed8348a28905f3c70b429e30 - - default default] Method 'is_advsvc' is deprecated since 2023.2 release (neutron-lib 3.8.0) and will be removed once support for the old RBAC API policies will be removed from Neutron. Please use method 'is_service_role' instead.
2026-06-15 21:08:50.728 9 INFO neutron.wsgi [None req-33c6b524-6acd-4e8a-ba0f-29b05b264a67 f8657c46e3e44aaf8f161f62b66cc198 8061f3bbed8348a28905f3c70b429e30 - - default default] 10.0.0.173 "POST /v2.0/subnetpools HTTP/1.1" status: 201 len: 715 time: 0.0604720
2026-06-15 21:08:50.739 9 WARNING neutron_lib.context [None req-b4ea5171-e847-40e3-bfec-ee8682ab3870 f8657c46e3e44aaf8f161f62b66cc198 8061f3bbed8348a28905f3c70b429e30 - - default default] Method 'is_advsvc' is deprecated since 2023.2 release (neutron-lib 3.8.0) and will be removed once support for the old RBAC API policies will be removed from Neutron. Please use method 'is_service_role' instead.
2026-06-15 21:08:50.792 9 INFO neutron.wsgi [None req-b4ea5171-e847-40e3-bfec-ee8682ab3870 f8657c46e3e44aaf8f161f62b66cc198 8061f3bbed8348a28905f3c70b429e30 - - default default] 10.0.0.173 "POST /v2.0/subnetpools HTTP/1.1" status: 201 len: 715 time: 0.0565364
2026-06-15 21:08:50.811 9 WARNING neutron_lib.context [None req-e1e27a56-6b47-460c-8219-e6b27916b8f1 f8657c46e3e44aaf8f161f62b66cc198 8061f3bbed8348a28905f3c70b429e30 - - default default] Method 'is_advsvc' is deprecated since 2023.2 release (neutron-lib 3.8.0) and will be removed once support for the old RBAC API policies will be removed from Neutron. Please use method 'is_service_role' instead.
2026-06-15 21:08:50.861 9 INFO neutron.wsgi [None req-e1e27a56-6b47-460c-8219-e6b27916b8f1 f8657c46e3e44aaf8f161f62b66cc198 8061f3bbed8348a28905f3c70b429e30 - - default default] 10.0.0.173 "POST /v2.0/subnetpools HTTP/1.1" status: 201 len: 715 time: 0.0570545
2026-06-15 21:08:50.902 9 INFO neutron.wsgi [None req-cf00c6fc-09dd-4647-9562-aafe3057f313 f8657c46e3e44aaf8f161f62b66cc198 8061f3bbed8348a28905f3c70b429e30 - - default default] 10.0.0.173 "PUT /v2.0/subnetpools/8ae27ad6-cf34-4316-bb11-930195e1c6a3/tags HTTP/1.1" status: 200 len: 210 time: 0.0347729
2026-06-15 21:08:50.936 9 INFO neutron.wsgi [None req-f784ae09-d0aa-4ef5-80e6-1ea3f84810a5 f8657c46e3e44aaf8f161f62b66cc198 8061f3bbed8348a28905f3c70b429e30 - - default default] 10.0.0.173 "PUT /v2.0/subnetpools/28182b2d-8603-46c9-b601-319dde3c3808/tags HTTP/1.1" status: 200 len: 218 time: 0.0284059
2026-06-15 21:08:50.972 9 INFO neutron.wsgi [None req-8d0bf412-6c57-468d-a4ee-509cec86cd23 f8657c46e3e44aaf8f161f62b66cc198 8061f3bbed8348a28905f3c70b429e30 - - default default] 10.0.0.173 "PUT /v2.0/subnetpools/45d89635-d0b5-451e-983d-dc62e10607b4/tags HTTP/1.1" status: 200 len: 227 time: 0.0317585
2026-06-15 21:08:51.008 9 INFO neutron.wsgi [None req-f5b35186-2073-4a2e-a457-1d7773e02f64 f8657c46e3e44aaf8f161f62b66cc198 8061f3bbed8348a28905f3c70b429e30 - - default default] 10.0.0.173 "PUT /v2.0/subnetpools/c4421014-3990-471c-8bc3-2f6cc34280ce/tags HTTP/1.1" status: 200 len: 212 time: 0.0311396
2026-06-15 21:08:51.038 9 INFO neutron.wsgi [None req-a412a3b5-8a6e-4953-b832-b412a287b993 f8657c46e3e44aaf8f161f62b66cc198 8061f3bbed8348a28905f3c70b429e30 - - default default] 10.0.0.173 "GET /v2.0/subnetpools?tags=red HTTP/1.1" status: 200 len: 1758 time: 0.0249779
2026-06-15 21:08:51.070 9 INFO neutron.wsgi [None req-a4005e73-a80a-4f32-94fc-c0d47467d28b f8657c46e3e44aaf8f161f62b66cc198 8061f3bbed8348a28905f3c70b429e30 - - default default] 10.0.0.173 "GET /v2.0/subnetpools?tags=red%2Cblue HTTP/1.1" status: 200 len: 1251 time: 0.0252624
2026-06-15 21:08:51.107 9 INFO neutron.wsgi [None req-3f2546a4-3d30-480e-9371-c9cfbd2c643d f8657c46e3e44aaf8f161f62b66cc198 8061f3bbed8348a28905f3c70b429e30 - - default default] 10.0.0.173 "GET /v2.0/subnetpools?tags-any=blue HTTP/1.1" status: 200 len: 1251 time: 0.0324519
2026-06-15 21:08:51.135 9 INFO neutron.wsgi [None req-3bd2c97f-1828-457d-945f-1ae478dd1f1e f8657c46e3e44aaf8f161f62b66cc198 8061f3bbed8348a28905f3c70b429e30 - - default default] 10.0.0.173 "GET /v2.0/subnetpools?tags-any=red%2Cblue HTTP/1.1" status: 200 len: 1758 time: 0.0235512
2026-06-15 21:08:51.165 9 INFO neutron.wsgi [None req-587dd3ab-a4b2-4e4f-8627-5a3b5b965bb3 f8657c46e3e44aaf8f161f62b66cc198 8061f3bbed8348a28905f3c70b429e30 - - default default] 10.0.0.173 "GET /v2.0/subnetpools?not-tags=red HTTP/1.1" status: 200 len: 1223 time: 0.0239158
2026-06-15 21:08:51.201 9 INFO neutron.wsgi [None req-c77f3aa0-2f90-4831-8b19-e7d5ece0b8c2 f8657c46e3e44aaf8f161f62b66cc198 8061f3bbed8348a28905f3c70b429e30 - - default default] 10.0.0.173 "GET /v2.0/subnetpools?not-tags=red%2Cblue HTTP/1.1" status: 200 len: 1730 time: 0.0300145
2026-06-15 21:08:51.231 9 INFO neutron.wsgi [None req-de98ad87-b015-4a2f-aebc-6f3fe73d3347 f8657c46e3e44aaf8f161f62b66cc198 8061f3bbed8348a28905f3c70b429e30 - - default default] 10.0.0.173 "GET /v2.0/subnetpools?not-tags-any=blue HTTP/1.1" status: 200 len: 1730 time: 0.0248327
2026-06-15 21:08:51.257 10 WARNING neutron_lib.context [None req-cc6d1d0b-176b-4d34-aedd-f3235d38fac4 5cdf1d1755ae45feaca7447de9444a3e f15b0fdce11d43d9a6343e531b54a787 - - default default] Method 'is_advsvc' is deprecated since 2023.2 release (neutron-lib 3.8.0) and will be removed once support for the old RBAC API policies will be removed from Neutron. Please use method 'is_service_role' instead.
2026-06-15 21:08:51.258 9 INFO neutron.wsgi [None req-7887baf8-f55d-4f55-b5f4-30b61c848184 f8657c46e3e44aaf8f161f62b66cc198 8061f3bbed8348a28905f3c70b429e30 - - default default] 10.0.0.173 "GET /v2.0/subnetpools?not-tags-any=red%2Cblue HTTP/1.1" status: 200 len: 1223 time: 0.0218513
2026-06-15 21:08:51.334 9 INFO neutron.wsgi [None req-996978cf-2581-4891-9dea-51b7ec0dbb4d f8657c46e3e44aaf8f161f62b66cc198 8061f3bbed8348a28905f3c70b429e30 - - default default] 10.0.0.173 "DELETE /v2.0/subnetpools/8ae27ad6-cf34-4316-bb11-930195e1c6a3 HTTP/1.1" status: 204 len: 168 time: 0.0690477
2026-06-15 21:08:51.439 10 INFO neutron.wsgi [None req-ebe23e60-4a8a-4e7d-bf83-2ccbf21b1bac f8657c46e3e44aaf8f161f62b66cc198 8061f3bbed8348a28905f3c70b429e30 - - default default] 10.0.0.173 "DELETE /v2.0/subnetpools/28182b2d-8603-46c9-b601-319dde3c3808 HTTP/1.1" status: 204 len: 168 time: 0.1020479
2026-06-15 21:08:51.440 10 INFO neutron.db.ovn_revision_numbers_db [None req-cc6d1d0b-176b-4d34-aedd-f3235d38fac4 5cdf1d1755ae45feaca7447de9444a3e f15b0fdce11d43d9a6343e531b54a787 - - default default] Successfully bumped revision number for resource 0bd0f6c3-53aa-48eb-944d-7192e2ffe41a (type: security_groups) to 1
2026-06-15 21:08:51.454 10 INFO neutron.db.ovn_revision_numbers_db [None req-cc6d1d0b-176b-4d34-aedd-f3235d38fac4 5cdf1d1755ae45feaca7447de9444a3e f15b0fdce11d43d9a6343e531b54a787 - - default default] Successfully bumped revision number for resource 4a11b800-bd7c-4c9d-aa14-8a56ab6c4a41 (type: security_group_rules) to 0
2026-06-15 21:08:51.467 10 INFO neutron.db.ovn_revision_numbers_db [None req-cc6d1d0b-176b-4d34-aedd-f3235d38fac4 5cdf1d1755ae45feaca7447de9444a3e f15b0fdce11d43d9a6343e531b54a787 - - default default] Successfully bumped revision number for resource 8c950928-6962-4877-9f05-475a31361843 (type: security_group_rules) to 0
2026-06-15 21:08:51.479 10 INFO neutron.db.ovn_revision_numbers_db [None req-cc6d1d0b-176b-4d34-aedd-f3235d38fac4 5cdf1d1755ae45feaca7447de9444a3e f15b0fdce11d43d9a6343e531b54a787 - - default default] Successfully bumped revision number for resource b4be81da-716b-4f4d-bc17-b6ff82e9e600 (type: security_group_rules) to 0
2026-06-15 21:08:51.494 10 INFO neutron.db.ovn_revision_numbers_db [None req-cc6d1d0b-176b-4d34-aedd-f3235d38fac4 5cdf1d1755ae45feaca7447de9444a3e f15b0fdce11d43d9a6343e531b54a787 - - default default] Successfully bumped revision number for resource c4ae8477-6bfa-4f23-bf33-020cbd3ccacb (type: security_group_rules) to 0
2026-06-15 21:08:51.512 9 INFO neutron.wsgi [-] 10.0.0.198 "GET / HTTP/1.1" status: 200 len: 247 time: 0.0030124
2026-06-15 21:08:51.516 9 INFO neutron.wsgi [-] 10.0.0.198 "GET / HTTP/1.1" status: 200 len: 247 time: 0.0023966
2026-06-15 21:08:51.521 9 INFO neutron.wsgi [None req-ca316050-d236-42f4-aabe-8f770b69e2eb f8657c46e3e44aaf8f161f62b66cc198 8061f3bbed8348a28905f3c70b429e30 - - default default] 10.0.0.173 "DELETE /v2.0/subnetpools/45d89635-d0b5-451e-983d-dc62e10607b4 HTTP/1.1" status: 204 len: 168 time: 0.0758793
2026-06-15 21:08:51.559 10 INFO neutron.db.segments_db [None req-cc6d1d0b-176b-4d34-aedd-f3235d38fac4 5cdf1d1755ae45feaca7447de9444a3e f15b0fdce11d43d9a6343e531b54a787 - - default default] Added segment bc048353-9b81-414f-b6d1-d063bf2cd9fe of type geneve for network 2dd9b42c-cad6-4e87-b77e-0701a47fecae
2026-06-15 21:08:51.585 9 INFO neutron.wsgi [None req-9822fee8-abe0-4b75-affa-a0c64ce942cf f8657c46e3e44aaf8f161f62b66cc198 8061f3bbed8348a28905f3c70b429e30 - - default default] 10.0.0.173 "DELETE /v2.0/subnetpools/c4421014-3990-471c-8bc3-2f6cc34280ce HTTP/1.1" status: 204 len: 168 time: 0.0586617
2026-06-15 21:08:51.650 9 INFO neutron.wsgi [None req-f433905a-7690-4ab3-ac56-e86172645673 f8657c46e3e44aaf8f161f62b66cc198 8061f3bbed8348a28905f3c70b429e30 - - default default] 10.0.0.173 "DELETE /v2.0/subnetpools/a5d7437f-cdc5-44ae-a9eb-3b3f07149827 HTTP/1.1" status: 204 len: 168 time: 0.0607078
2026-06-15 21:08:51.757 10 INFO neutron.db.ovn_revision_numbers_db [None req-cc6d1d0b-176b-4d34-aedd-f3235d38fac4 5cdf1d1755ae45feaca7447de9444a3e f15b0fdce11d43d9a6343e531b54a787 - - default default] Successfully bumped revision number for resource 2dd9b42c-cad6-4e87-b77e-0701a47fecae (type: networks) to 1
2026-06-15 21:08:51.966 10 WARNING neutron.scheduler.dhcp_agent_scheduler [None req-cc6d1d0b-176b-4d34-aedd-f3235d38fac4 5cdf1d1755ae45feaca7447de9444a3e f15b0fdce11d43d9a6343e531b54a787 - - default default] No more DHCP agents
2026-06-15 21:08:51.969 10 WARNING neutron.api.rpc.agentnotifiers.dhcp_rpc_agent_api [None req-cc6d1d0b-176b-4d34-aedd-f3235d38fac4 5cdf1d1755ae45feaca7447de9444a3e f15b0fdce11d43d9a6343e531b54a787 - - default default] Unable to schedule network 2dd9b42c-cad6-4e87-b77e-0701a47fecae: no agents available; will retry on subsequent port and subnet creation events.
2026-06-15 21:08:52.077 10 INFO neutron.db.ovn_revision_numbers_db [None req-cc6d1d0b-176b-4d34-aedd-f3235d38fac4 5cdf1d1755ae45feaca7447de9444a3e f15b0fdce11d43d9a6343e531b54a787 - - default default] Successfully bumped revision number for resource 8cb69502-95b1-457c-a79d-9504b8138cda (type: ports) to 1
2026-06-15 21:08:52.112 10 INFO neutron.wsgi [None req-cc6d1d0b-176b-4d34-aedd-f3235d38fac4 5cdf1d1755ae45feaca7447de9444a3e f15b0fdce11d43d9a6343e531b54a787 - - default default] 10.0.0.173 "POST /v2.0/networks HTTP/1.1" status: 201 len: 831 time: 1.0468769
2026-06-15 21:08:52.124 10 WARNING neutron_lib.context [None req-2021b3e2-f1c3-424c-92e4-ace446c752b1 5cdf1d1755ae45feaca7447de9444a3e f15b0fdce11d43d9a6343e531b54a787 - - default default] Method 'is_advsvc' is deprecated since 2023.2 release (neutron-lib 3.8.0) and will be removed once support for the old RBAC API policies will be removed from Neutron. Please use method 'is_service_role' instead.
2026-06-15 21:08:52.655 10 WARNING neutron.scheduler.dhcp_agent_scheduler [None req-2021b3e2-f1c3-424c-92e4-ace446c752b1 5cdf1d1755ae45feaca7447de9444a3e f15b0fdce11d43d9a6343e531b54a787 - - default default] No more DHCP agents
2026-06-15 21:08:52.657 10 WARNING neutron.api.rpc.agentnotifiers.dhcp_rpc_agent_api [None req-2021b3e2-f1c3-424c-92e4-ace446c752b1 5cdf1d1755ae45feaca7447de9444a3e f15b0fdce11d43d9a6343e531b54a787 - - default default] Unable to schedule network 0404a59f-5d03-4d96-82f5-10213451dfeb: no agents available; will retry on subsequent port and subnet creation events.
2026-06-15 21:08:52.827 10 INFO neutron.db.ovn_revision_numbers_db [None req-2021b3e2-f1c3-424c-92e4-ace446c752b1 5cdf1d1755ae45feaca7447de9444a3e f15b0fdce11d43d9a6343e531b54a787 - - default default] Successfully bumped revision number for resource c4592f3e-131a-4a1f-8b20-ee224199b822 (type: ports) to 1
2026-06-15 21:08:52.918 9 INFO neutron.db.ovn_revision_numbers_db [None req-ca8ddd1f-f3ef-4e99-923b-ba2122cefa39 08ba737c21d84e53a547c562745ab03f b0507a2222dd4d03a8206278ebd0359d - - default default] Successfully bumped revision number for resource d98bb9c8-50c8-4fc7-bae7-5415485d3cc9 (type: security_groups) to 1
2026-06-15 21:08:52.933 9 INFO neutron.db.ovn_revision_numbers_db [None req-ca8ddd1f-f3ef-4e99-923b-ba2122cefa39 08ba737c21d84e53a547c562745ab03f b0507a2222dd4d03a8206278ebd0359d - - default default] Successfully bumped revision number for resource 5eb470f1-2f6d-4a9c-a279-e12034614bff (type: security_group_rules) to 0
2026-06-15 21:08:52.951 9 INFO neutron.db.ovn_revision_numbers_db [None req-ca8ddd1f-f3ef-4e99-923b-ba2122cefa39 08ba737c21d84e53a547c562745ab03f b0507a2222dd4d03a8206278ebd0359d - - default default] Successfully bumped revision number for resource b4854dbc-cf09-4e48-96b7-0eb565235556 (type: security_group_rules) to 0
2026-06-15 21:08:52.971 9 INFO neutron.db.ovn_revision_numbers_db [None req-ca8ddd1f-f3ef-4e99-923b-ba2122cefa39 08ba737c21d84e53a547c562745ab03f b0507a2222dd4d03a8206278ebd0359d - - default default] Successfully bumped revision number for resource baafbeb0-984d-428c-8b98-8f345cd7fabe (type: security_group_rules) to 0
2026-06-15 21:08:52.985 9 INFO neutron.db.ovn_revision_numbers_db [None req-ca8ddd1f-f3ef-4e99-923b-ba2122cefa39 08ba737c21d84e53a547c562745ab03f b0507a2222dd4d03a8206278ebd0359d - - default default] Successfully bumped revision number for resource e216c398-6ebb-444b-bc6d-df49650facc4 (type: security_group_rules) to 0
2026-06-15 21:08:53.008 9 INFO neutron.wsgi [None req-ca8ddd1f-f3ef-4e99-923b-ba2122cefa39 08ba737c21d84e53a547c562745ab03f b0507a2222dd4d03a8206278ebd0359d - - default default] 10.0.0.173 "GET /v2.0/security-groups?tenant_id=12b06ab12a93430db7d0fb3040816753&name=default HTTP/1.1" status: 200 len: 2996 time: 0.3487279
2026-06-15 21:08:53.227 9 INFO neutron.wsgi [None req-f25baa02-e0a7-475e-ba96-f1a8fa53eb6e 08ba737c21d84e53a547c562745ab03f b0507a2222dd4d03a8206278ebd0359d - - default default] 10.0.0.173 "DELETE /v2.0/security-groups/d98bb9c8-50c8-4fc7-bae7-5415485d3cc9 HTTP/1.1" status: 204 len: 168 time: 0.2133658
2026-06-15 21:08:53.484 9 INFO neutron.db.ovn_revision_numbers_db [None req-2cb6849a-13c8-4725-842a-5ea9b09585c3 08ba737c21d84e53a547c562745ab03f b0507a2222dd4d03a8206278ebd0359d - - default default] Successfully bumped revision number for resource 3cf2684c-8630-4e58-9ce1-2ea5d63fa03b (type: security_groups) to 1
2026-06-15 21:08:53.499 9 WARNING neutron_lib.context [None req-15a65064-c03d-44d7-93bd-fdfda2db8c89 066572654cde46b1a9b2a37b49902a24 a50ab1d9a44b45aea4cc053c90a860b4 - - default default] Method 'is_advsvc' is deprecated since 2023.2 release (neutron-lib 3.8.0) and will be removed once support for the old RBAC API policies will be removed from Neutron. Please use method 'is_service_role' instead.
2026-06-15 21:08:53.503 9 INFO neutron.db.ovn_revision_numbers_db [None req-2cb6849a-13c8-4725-842a-5ea9b09585c3 08ba737c21d84e53a547c562745ab03f b0507a2222dd4d03a8206278ebd0359d - - default default] Successfully bumped revision number for resource 20893e6c-4ab7-45a6-b352-039c6e5bfaa4 (type: security_group_rules) to 0
2026-06-15 21:08:53.514 10 INFO neutron.plugins.ml2.drivers.ovn.mech_driver.mech_driver [None req-3afca453-c60e-41f0-8287-6cf6a5717111 - - - - - -] OVN reports status up for port: c4592f3e-131a-4a1f-8b20-ee224199b822
2026-06-15 21:08:53.529 9 INFO neutron.plugins.ml2.drivers.ovn.mech_driver.ovsdb.ovsdb_monitor [None req-b6fc6084-22e4-44fb-9d9d-fc5378dd32c9 - - - - - -] Router d383c671-688a-477b-bd1a-05e53912398a is bound to host instance
2026-06-15 21:08:53.533 10 INFO neutron.plugins.ml2.plugin [None req-3afca453-c60e-41f0-8287-6cf6a5717111 - - - - - -] Attempt 1 to provision port c4592f3e-131a-4a1f-8b20-ee224199b822
2026-06-15 21:08:53.548 9 INFO neutron.db.ovn_revision_numbers_db [None req-2cb6849a-13c8-4725-842a-5ea9b09585c3 08ba737c21d84e53a547c562745ab03f b0507a2222dd4d03a8206278ebd0359d - - default default] Successfully bumped revision number for resource 586f6976-587b-482e-9615-36ffcfdbf6cb (type: security_group_rules) to 0
2026-06-15 21:08:53.555 10 INFO neutron.db.ovn_revision_numbers_db [None req-2021b3e2-f1c3-424c-92e4-ace446c752b1 5cdf1d1755ae45feaca7447de9444a3e f15b0fdce11d43d9a6343e531b54a787 - - default default] Successfully bumped revision number for resource c4592f3e-131a-4a1f-8b20-ee224199b822 (type: router_ports) to 1
2026-06-15 21:08:53.599 9 INFO neutron.db.ovn_revision_numbers_db [None req-2cb6849a-13c8-4725-842a-5ea9b09585c3 08ba737c21d84e53a547c562745ab03f b0507a2222dd4d03a8206278ebd0359d - - default default] Successfully bumped revision number for resource 75ec4b71-86ee-443e-abd2-badcbb5bef57 (type: security_group_rules) to 0
2026-06-15 21:08:53.626 10 INFO neutron.db.ovn_revision_numbers_db [None req-2021b3e2-f1c3-424c-92e4-ace446c752b1 5cdf1d1755ae45feaca7447de9444a3e f15b0fdce11d43d9a6343e531b54a787 - - default default] Successfully bumped revision number for resource d383c671-688a-477b-bd1a-05e53912398a (type: routers) to 2
2026-06-15 21:08:53.636 9 INFO neutron.db.ovn_revision_numbers_db [None req-2cb6849a-13c8-4725-842a-5ea9b09585c3 08ba737c21d84e53a547c562745ab03f b0507a2222dd4d03a8206278ebd0359d - - default default] Successfully bumped revision number for resource f4575fef-a46b-4876-97fd-c0d2f5ef6463 (type: security_group_rules) to 0
2026-06-15 21:08:53.639 10 INFO neutron.wsgi [None req-2021b3e2-f1c3-424c-92e4-ace446c752b1 5cdf1d1755ae45feaca7447de9444a3e f15b0fdce11d43d9a6343e531b54a787 - - default default] 10.0.0.173 "POST /v2.0/routers HTTP/1.1" status: 201 len: 875 time: 1.5205650
2026-06-15 21:08:53.718 9 INFO neutron.wsgi [None req-2cb6849a-13c8-4725-842a-5ea9b09585c3 08ba737c21d84e53a547c562745ab03f b0507a2222dd4d03a8206278ebd0359d - - default default] 10.0.0.173 "GET /v2.0/security-groups?tenant_id=8061f3bbed8348a28905f3c70b429e30&name=default HTTP/1.1" status: 200 len: 2996 time: 0.3600972
2026-06-15 21:08:53.783 10 INFO neutron.wsgi [None req-0e80c249-6e92-4b7d-a2df-8fb9c0142cf2 3dca2dc96fb945118fa11caefececc8a e2ca78b0a75d47e19ca4bf9ddd5e34fa - - default default] 10.0.0.173 "GET /v2.0/subnets?project_id=f15b0fdce11d43d9a6343e531b54a787&cidr=10.100.0.0%2F28 HTTP/1.1" status: 200 len: 207 time: 0.1366558
2026-06-15 21:08:53.788 9 INFO neutron.wsgi [req-a794b96d-8e85-44d3-bc32-e547296c306d req-7ba0da32-5fe1-48b2-8bbe-5a855a4575b0 9dd11bb661494d7c854fea0080612520 689b241d12a94bce960b3fb0936ae5b8 - - default default] 10.0.0.115 "GET /v2.0/ports?device_id=5ef200ad-4b9b-49f5-9081-bd3ac34adce4 HTTP/1.1" status: 200 len: 1214 time: 0.2344604
2026-06-15 21:08:53.876 9 INFO neutron.wsgi [req-a794b96d-8e85-44d3-bc32-e547296c306d req-615341d5-7fd9-46f0-b901-a5619f50aa7a 9dd11bb661494d7c854fea0080612520 689b241d12a94bce960b3fb0936ae5b8 - - default default] 10.0.0.115 "GET /v2.0/security-groups?id=49e318d3-53ea-420b-89f1-d8e8672a1bc3&id=86f1b4d8-394d-4c6e-b3d6-ae24b80cceb9&fields=id&fields=name HTTP/1.1" status: 200 len: 404 time: 0.0800021
2026-06-15 21:08:53.886 10 INFO neutron.wsgi [None req-5eef5641-a71c-4213-a9ff-02f8f46845fd 3dca2dc96fb945118fa11caefececc8a e2ca78b0a75d47e19ca4bf9ddd5e34fa - - default default] 10.0.0.173 "GET /v2.0/networks?router%3Aexternal=True HTTP/1.1" status: 200 len: 947 time: 0.0975587
2026-06-15 21:08:53.919 9 INFO neutron.wsgi [None req-0efdf4ee-a769-44f6-afd3-853da2e7ae13 3dca2dc96fb945118fa11caefececc8a e2ca78b0a75d47e19ca4bf9ddd5e34fa - - default default] 10.0.0.173 "GET /v2.0/subnets?network_id=0404a59f-5d03-4d96-82f5-10213451dfeb&cidr=10.100.0.0%2F28 HTTP/1.1" status: 200 len: 207 time: 0.0265446
2026-06-15 21:08:53.933 9 WARNING neutron_lib.context [None req-dd876984-af28-4939-be4b-58955104def3 5cdf1d1755ae45feaca7447de9444a3e f15b0fdce11d43d9a6343e531b54a787 - - default default] Method 'is_advsvc' is deprecated since 2023.2 release (neutron-lib 3.8.0) and will be removed once support for the old RBAC API policies will be removed from Neutron. Please use method 'is_service_role' instead.
2026-06-15 21:08:54.048 9 WARNING neutron.scheduler.dhcp_agent_scheduler [None req-15a65064-c03d-44d7-93bd-fdfda2db8c89 066572654cde46b1a9b2a37b49902a24 a50ab1d9a44b45aea4cc053c90a860b4 - - default default] No more DHCP agents
2026-06-15 21:08:54.050 9 WARNING neutron.api.rpc.agentnotifiers.dhcp_rpc_agent_api [None req-15a65064-c03d-44d7-93bd-fdfda2db8c89 066572654cde46b1a9b2a37b49902a24 a50ab1d9a44b45aea4cc053c90a860b4 - - default default] Unable to schedule network 0404a59f-5d03-4d96-82f5-10213451dfeb: no agents available; will retry on subsequent port and subnet creation events.
2026-06-15 21:08:54.217 10 INFO neutron.wsgi [None req-4c9cbbb5-14a8-43ee-8086-9fa0933b72ba ae66104b179c48b3a9834844784ef17e 1322218ae1b14a2da544b3c23c2862d9 - - default default] 10.0.0.173 "GET /v2.0/ports?device_id=5ef200ad-4b9b-49f5-9081-bd3ac34adce4 HTTP/1.1" status: 200 len: 1447 time: 0.3143668
2026-06-15 21:08:54.287 10 INFO neutron.wsgi [None req-cda56029-950e-4591-a86e-2a63e3640a46 9dd11bb661494d7c854fea0080612520 689b241d12a94bce960b3fb0936ae5b8 - - default default] 10.0.0.173 "GET /v2.0/floatingips?floating_network_id=0404a59f-5d03-4d96-82f5-10213451dfeb&port_id=c752397a-2db9-4b24-8e06-583aea422bef HTTP/1.1" status: 200 len: 1055 time: 0.0634553
2026-06-15 21:08:54.325 10 INFO neutron.wsgi [None req-c1d1f4ab-349e-4cc7-ba34-04b4afd41a08 08ba737c21d84e53a547c562745ab03f b0507a2222dd4d03a8206278ebd0359d - - default default] 10.0.0.173 "DELETE /v2.0/security-groups/3cf2684c-8630-4e58-9ce1-2ea5d63fa03b HTTP/1.1" status: 204 len: 168 time: 0.6013265
2026-06-15 21:08:54.389 9 WARNING neutron.scheduler.dhcp_agent_scheduler [None req-dd876984-af28-4939-be4b-58955104def3 5cdf1d1755ae45feaca7447de9444a3e f15b0fdce11d43d9a6343e531b54a787 - - default default] No more DHCP agents
2026-06-15 21:08:54.395 9 WARNING neutron.api.rpc.agentnotifiers.dhcp_rpc_agent_api [None req-dd876984-af28-4939-be4b-58955104def3 5cdf1d1755ae45feaca7447de9444a3e f15b0fdce11d43d9a6343e531b54a787 - - default default] Unable to schedule network 2dd9b42c-cad6-4e87-b77e-0701a47fecae: no agents available; will retry on subsequent port and subnet creation events.
2026-06-15 21:08:54.512 9 INFO neutron.db.ovn_revision_numbers_db [None req-b6fc6084-22e4-44fb-9d9d-fc5378dd32c9 - - - - - -] Successfully bumped revision number for resource c4592f3e-131a-4a1f-8b20-ee224199b822 (type: ports) to 1
2026-06-15 21:08:54.577 10 INFO neutron.wsgi [req-f269035b-36b0-4ee8-a3f3-8b443d2ab7e5 req-9b340131-4e20-403b-a55c-ceec88ac117b f295b0e2fa4742f79edf8028d7cca781 dd8b079234fb488db03e6de01e8e0df3 - - 8792d6fbeb0d44a2b80411231089ccdb 8792d6fbeb0d44a2b80411231089ccdb] 10.0.0.181 "GET /v2.0/ports?device_id=5ef200ad-4b9b-49f5-9081-bd3ac34adce4 HTTP/1.1" status: 200 len: 1452 time: 0.0435789
2026-06-15 21:08:54.633 10 INFO neutron.wsgi [req-f269035b-36b0-4ee8-a3f3-8b443d2ab7e5 req-10c1e693-0c3d-4b53-af25-7c84c83b6cac f295b0e2fa4742f79edf8028d7cca781 dd8b079234fb488db03e6de01e8e0df3 - - 8792d6fbeb0d44a2b80411231089ccdb 8792d6fbeb0d44a2b80411231089ccdb] 10.0.0.181 "GET /v2.0/security-groups?id=49e318d3-53ea-420b-89f1-d8e8672a1bc3&id=86f1b4d8-394d-4c6e-b3d6-ae24b80cceb9&fields=id&fields=name HTTP/1.1" status: 200 len: 404 time: 0.0480783
2026-06-15 21:08:54.674 10 INFO neutron.db.ovn_revision_numbers_db [None req-f65c0e47-908d-4ff6-a0d6-c9f9b432c558 08ba737c21d84e53a547c562745ab03f b0507a2222dd4d03a8206278ebd0359d - - default default] Successfully bumped revision number for resource 8bd55a58-dd6d-4655-97c0-8004ff9e7911 (type: security_groups) to 1
2026-06-15 21:08:54.708 10 INFO neutron.db.ovn_revision_numbers_db [None req-f65c0e47-908d-4ff6-a0d6-c9f9b432c558 08ba737c21d84e53a547c562745ab03f b0507a2222dd4d03a8206278ebd0359d - - default default] Successfully bumped revision number for resource 0e3a703e-ff86-4320-9227-7869d76714d4 (type: security_group_rules) to 0
2026-06-15 21:08:54.731 10 INFO neutron.db.ovn_revision_numbers_db [None req-f65c0e47-908d-4ff6-a0d6-c9f9b432c558 08ba737c21d84e53a547c562745ab03f b0507a2222dd4d03a8206278ebd0359d - - default default] Successfully bumped revision number for resource 28972dcc-480e-44fe-a163-dfe47fcc94ff (type: security_group_rules) to 0
2026-06-15 21:08:54.746 10 INFO neutron.db.ovn_revision_numbers_db [None req-f65c0e47-908d-4ff6-a0d6-c9f9b432c558 08ba737c21d84e53a547c562745ab03f b0507a2222dd4d03a8206278ebd0359d - - default default] Successfully bumped revision number for resource df6a981a-f373-4550-8667-1c321498aaa4 (type: security_group_rules) to 0
2026-06-15 21:08:54.764 9 INFO neutron.db.ovn_revision_numbers_db [None req-15a65064-c03d-44d7-93bd-fdfda2db8c89 066572654cde46b1a9b2a37b49902a24 a50ab1d9a44b45aea4cc053c90a860b4 - - default default] Successfully bumped revision number for resource 74d77960-23f7-4561-8f67-651acabef758 (type: floatingips) to 0
2026-06-15 21:08:54.765 10 INFO neutron.db.ovn_revision_numbers_db [None req-f65c0e47-908d-4ff6-a0d6-c9f9b432c558 08ba737c21d84e53a547c562745ab03f b0507a2222dd4d03a8206278ebd0359d - - default default] Successfully bumped revision number for resource f5e55076-193e-4df6-9e54-a7610c969abf (type: security_group_rules) to 0
2026-06-15 21:08:54.788 10 INFO neutron.wsgi [None req-f65c0e47-908d-4ff6-a0d6-c9f9b432c558 08ba737c21d84e53a547c562745ab03f b0507a2222dd4d03a8206278ebd0359d - - default default] 10.0.0.173 "GET /v2.0/security-groups?tenant_id=bda59c0f6ad24027ab6b09e691ddd184&name=default HTTP/1.1" status: 200 len: 2996 time: 0.2922993
2026-06-15 21:08:54.804 9 INFO neutron.wsgi [None req-15a65064-c03d-44d7-93bd-fdfda2db8c89 066572654cde46b1a9b2a37b49902a24 a50ab1d9a44b45aea4cc053c90a860b4 - - default default] 10.0.0.173 "POST /v2.0/floatingips HTTP/1.1" status: 201 len: 751 time: 1.5099401
2026-06-15 21:08:54.823 10 WARNING neutron_lib.context [None req-ca34c811-c8c5-4c93-bfc5-d0bbd2ad648c 066572654cde46b1a9b2a37b49902a24 a50ab1d9a44b45aea4cc053c90a860b4 - - default default] Method 'is_advsvc' is deprecated since 2023.2 release (neutron-lib 3.8.0) and will be removed once support for the old RBAC API policies will be removed from Neutron. Please use method 'is_service_role' instead.
2026-06-15 21:08:54.913 9 INFO neutron.db.ovn_revision_numbers_db [None req-b6fc6084-22e4-44fb-9d9d-fc5378dd32c9 - - - - - -] Successfully bumped revision number for resource c4592f3e-131a-4a1f-8b20-ee224199b822 (type: router_ports) to 3
2026-06-15 21:08:55.130 10 WARNING neutron.scheduler.dhcp_agent_scheduler [None req-ca34c811-c8c5-4c93-bfc5-d0bbd2ad648c 066572654cde46b1a9b2a37b49902a24 a50ab1d9a44b45aea4cc053c90a860b4 - - default default] No more DHCP agents
2026-06-15 21:08:55.132 10 WARNING neutron.api.rpc.agentnotifiers.dhcp_rpc_agent_api [None req-ca34c811-c8c5-4c93-bfc5-d0bbd2ad648c 066572654cde46b1a9b2a37b49902a24 a50ab1d9a44b45aea4cc053c90a860b4 - - default default] Unable to schedule network 0404a59f-5d03-4d96-82f5-10213451dfeb: no agents available; will retry on subsequent port and subnet creation events.
2026-06-15 21:08:55.175 10 INFO neutron.wsgi [None req-a67490c2-3a91-42dc-b33f-dcb64fb1c1d2 08ba737c21d84e53a547c562745ab03f b0507a2222dd4d03a8206278ebd0359d - - default default] 10.0.0.173 "DELETE /v2.0/security-groups/8bd55a58-dd6d-4655-97c0-8004ff9e7911 HTTP/1.1" status: 204 len: 168 time: 0.3693421
2026-06-15 21:08:55.373 9 INFO neutron.db.ovn_revision_numbers_db [None req-b6fc6084-22e4-44fb-9d9d-fc5378dd32c9 - - - - - -] Successfully bumped revision number for resource c4592f3e-131a-4a1f-8b20-ee224199b822 (type: ports) to 2
2026-06-15 21:08:55.428 9 INFO neutron.db.ovn_revision_numbers_db [None req-dd876984-af28-4939-be4b-58955104def3 5cdf1d1755ae45feaca7447de9444a3e f15b0fdce11d43d9a6343e531b54a787 - - default default] Successfully bumped revision number for resource 8cb69502-95b1-457c-a79d-9504b8138cda (type: ports) to 2
2026-06-15 21:08:55.479 9 INFO neutron.db.ovn_revision_numbers_db [None req-dd876984-af28-4939-be4b-58955104def3 5cdf1d1755ae45feaca7447de9444a3e f15b0fdce11d43d9a6343e531b54a787 - - default default] Successfully bumped revision number for resource 30638436-3cbf-4b2c-98f6-bcd466533acc (type: subnets) to 0
2026-06-15 21:08:55.503 9 INFO neutron.wsgi [None req-dd876984-af28-4939-be4b-58955104def3 5cdf1d1755ae45feaca7447de9444a3e f15b0fdce11d43d9a6343e531b54a787 - - default default] 10.0.0.173 "POST /v2.0/subnets HTTP/1.1" status: 201 len: 832 time: 1.5766141
2026-06-15 21:08:55.544 10 INFO neutron.db.ovn_revision_numbers_db [None req-ca34c811-c8c5-4c93-bfc5-d0bbd2ad648c 066572654cde46b1a9b2a37b49902a24 a50ab1d9a44b45aea4cc053c90a860b4 - - default default] Successfully bumped revision number for resource c59e29cf-ad03-4138-ab7d-c45df491c6b9 (type: floatingips) to 0
2026-06-15 21:08:55.560 10 INFO neutron.wsgi [None req-ca34c811-c8c5-4c93-bfc5-d0bbd2ad648c 066572654cde46b1a9b2a37b49902a24 a50ab1d9a44b45aea4cc053c90a860b4 - - default default] 10.0.0.173 "POST /v2.0/floatingips HTTP/1.1" status: 201 len: 751 time: 0.7437651
2026-06-15 21:08:55.569 10 WARNING neutron_lib.context [None req-8006c76d-7ea7-42bc-830c-b7e66883871b 066572654cde46b1a9b2a37b49902a24 a50ab1d9a44b45aea4cc053c90a860b4 - - default default] Method 'is_advsvc' is deprecated since 2023.2 release (neutron-lib 3.8.0) and will be removed once support for the old RBAC API policies will be removed from Neutron. Please use method 'is_service_role' instead.
2026-06-15 21:08:55.701 9 INFO neutron.db.ovn_revision_numbers_db [None req-b6fc6084-22e4-44fb-9d9d-fc5378dd32c9 - - - - - -] Successfully bumped revision number for resource c4592f3e-131a-4a1f-8b20-ee224199b822 (type: ports) to 4
2026-06-15 21:08:55.860 10 WARNING neutron.scheduler.dhcp_agent_scheduler [None req-8006c76d-7ea7-42bc-830c-b7e66883871b 066572654cde46b1a9b2a37b49902a24 a50ab1d9a44b45aea4cc053c90a860b4 - - default default] No more DHCP agents
2026-06-15 21:08:55.862 10 WARNING neutron.api.rpc.agentnotifiers.dhcp_rpc_agent_api [None req-8006c76d-7ea7-42bc-830c-b7e66883871b 066572654cde46b1a9b2a37b49902a24 a50ab1d9a44b45aea4cc053c90a860b4 - - default default] Unable to schedule network 0404a59f-5d03-4d96-82f5-10213451dfeb: no agents available; will retry on subsequent port and subnet creation events.
2026-06-15 21:08:55.945 9 INFO neutron.db.ovn_revision_numbers_db [None req-b6fc6084-22e4-44fb-9d9d-fc5378dd32c9 - - - - - -] Successfully bumped revision number for resource c4592f3e-131a-4a1f-8b20-ee224199b822 (type: router_ports) to 4
2026-06-15 21:08:56.187 10 INFO neutron.db.ovn_revision_numbers_db [None req-8006c76d-7ea7-42bc-830c-b7e66883871b 066572654cde46b1a9b2a37b49902a24 a50ab1d9a44b45aea4cc053c90a860b4 - - default default] Successfully bumped revision number for resource 42e25b47-f64f-4b2a-90c8-6060e8a697aa (type: floatingips) to 0
2026-06-15 21:08:56.201 9 WARNING neutron.scheduler.dhcp_agent_scheduler [None req-a79f2ba0-6cf3-4492-879a-6f4a172e38aa 5cdf1d1755ae45feaca7447de9444a3e f15b0fdce11d43d9a6343e531b54a787 - - default default] No more DHCP agents
2026-06-15 21:08:56.204 9 WARNING neutron.api.rpc.agentnotifiers.dhcp_rpc_agent_api [None req-a79f2ba0-6cf3-4492-879a-6f4a172e38aa 5cdf1d1755ae45feaca7447de9444a3e f15b0fdce11d43d9a6343e531b54a787 - - default default] Unable to schedule network 2dd9b42c-cad6-4e87-b77e-0701a47fecae: no agents available; will retry on subsequent port and subnet creation events.
2026-06-15 21:08:56.207 10 INFO neutron.wsgi [None req-8006c76d-7ea7-42bc-830c-b7e66883871b 066572654cde46b1a9b2a37b49902a24 a50ab1d9a44b45aea4cc053c90a860b4 - - default default] 10.0.0.173 "POST /v2.0/floatingips HTTP/1.1" status: 201 len: 751 time: 0.6429400
2026-06-15 21:08:56.218 10 WARNING neutron_lib.context [None req-0e49506a-fa5c-4ba0-aeaa-20ed11dbf9fb 066572654cde46b1a9b2a37b49902a24 a50ab1d9a44b45aea4cc053c90a860b4 - - default default] Method 'is_advsvc' is deprecated since 2023.2 release (neutron-lib 3.8.0) and will be removed once support for the old RBAC API policies will be removed from Neutron. Please use method 'is_service_role' instead.
2026-06-15 21:08:56.381 9 INFO neutron.db.ovn_revision_numbers_db [None req-a79f2ba0-6cf3-4492-879a-6f4a172e38aa 5cdf1d1755ae45feaca7447de9444a3e f15b0fdce11d43d9a6343e531b54a787 - - default default] Successfully bumped revision number for resource 24d53fd5-8021-4222-b08e-90f613559998 (type: ports) to 1
2026-06-15 21:08:56.500 10 WARNING neutron.scheduler.dhcp_agent_scheduler [None req-0e49506a-fa5c-4ba0-aeaa-20ed11dbf9fb 066572654cde46b1a9b2a37b49902a24 a50ab1d9a44b45aea4cc053c90a860b4 - - default default] No more DHCP agents
2026-06-15 21:08:56.503 10 WARNING neutron.api.rpc.agentnotifiers.dhcp_rpc_agent_api [None req-0e49506a-fa5c-4ba0-aeaa-20ed11dbf9fb 066572654cde46b1a9b2a37b49902a24 a50ab1d9a44b45aea4cc053c90a860b4 - - default default] Unable to schedule network 0404a59f-5d03-4d96-82f5-10213451dfeb: no agents available; will retry on subsequent port and subnet creation events.
2026-06-15 21:08:56.722 9 INFO neutron.plugins.ml2.drivers.ovn.mech_driver.mech_driver [None req-bed6fbfe-6ae4-4677-9612-1aab72c8e8bd - - - - - -] OVN reports status down for port: c752397a-2db9-4b24-8e06-583aea422bef
2026-06-15 21:08:56.752 9 INFO neutron.wsgi [req-dcc552d9-89e0-4e6d-a30e-042f30c4be72 req-2ad36f59-59c8-4e80-9c97-de24593b08aa 9dd11bb661494d7c854fea0080612520 689b241d12a94bce960b3fb0936ae5b8 - - default default] 10.0.0.115 "GET /v2.0/ports?device_id=5ef200ad-4b9b-49f5-9081-bd3ac34adce4 HTTP/1.1" status: 200 len: 1214 time: 0.0958726
2026-06-15 21:08:56.850 9 INFO neutron.wsgi [req-dcc552d9-89e0-4e6d-a30e-042f30c4be72 req-1db85d9f-d484-43b1-9f57-06132cfd899d 9dd11bb661494d7c854fea0080612520 689b241d12a94bce960b3fb0936ae5b8 - - default default] 10.0.0.115 "GET /v2.0/security-groups?id=49e318d3-53ea-420b-89f1-d8e8672a1bc3&id=86f1b4d8-394d-4c6e-b3d6-ae24b80cceb9&fields=id&fields=name HTTP/1.1" status: 200 len: 404 time: 0.0878401
2026-06-15 21:08:56.888 10 INFO neutron.db.ovn_revision_numbers_db [None req-0e49506a-fa5c-4ba0-aeaa-20ed11dbf9fb 066572654cde46b1a9b2a37b49902a24 a50ab1d9a44b45aea4cc053c90a860b4 - - default default] Successfully bumped revision number for resource 6ec49520-9e52-4e96-b1a6-e17136f172be (type: floatingips) to 0
2026-06-15 21:08:56.907 10 INFO neutron.wsgi [None req-0e49506a-fa5c-4ba0-aeaa-20ed11dbf9fb 066572654cde46b1a9b2a37b49902a24 a50ab1d9a44b45aea4cc053c90a860b4 - - default default] 10.0.0.173 "POST /v2.0/floatingips HTTP/1.1" status: 201 len: 751 time: 0.6948946
2026-06-15 21:08:56.919 10 WARNING neutron_lib.context [None req-5e115974-0642-4948-bdc8-b648b762b4ce 066572654cde46b1a9b2a37b49902a24 a50ab1d9a44b45aea4cc053c90a860b4 - - default default] Method 'is_advsvc' is deprecated since 2023.2 release (neutron-lib 3.8.0) and will be removed once support for the old RBAC API policies will be removed from Neutron. Please use method 'is_service_role' instead.
2026-06-15 21:08:56.939 9 INFO neutron.notifiers.nova [-] Nova event matching ['req-480276d6-4676-42d1-9f13-742fb4e7d6e6'] response: {'server_uuid': '5ef200ad-4b9b-49f5-9081-bd3ac34adce4', 'name': 'network-vif-unplugged', 'status': 'completed', 'tag': 'c752397a-2db9-4b24-8e06-583aea422bef', 'code': 200}
2026-06-15 21:08:56.981 10 INFO neutron.plugins.ml2.drivers.ovn.mech_driver.mech_driver [None req-3afca453-c60e-41f0-8287-6cf6a5717111 - - - - - -] OVN reports status up for port: 24d53fd5-8021-4222-b08e-90f613559998
2026-06-15 21:08:57.000 10 INFO neutron.plugins.ml2.plugin [None req-3afca453-c60e-41f0-8287-6cf6a5717111 - - - - - -] Attempt 1 to provision port 24d53fd5-8021-4222-b08e-90f613559998
2026-06-15 21:08:57.027 9 INFO neutron.db.ovn_revision_numbers_db [None req-a79f2ba0-6cf3-4492-879a-6f4a172e38aa 5cdf1d1755ae45feaca7447de9444a3e f15b0fdce11d43d9a6343e531b54a787 - - default default] Successfully bumped revision number for resource 24d53fd5-8021-4222-b08e-90f613559998 (type: router_ports) to 1
2026-06-15 21:08:57.160 9 INFO neutron.db.ovn_revision_numbers_db [None req-bed6fbfe-6ae4-4677-9612-1aab72c8e8bd - - - - - -] Successfully bumped revision number for resource c752397a-2db9-4b24-8e06-583aea422bef (type: ports) to 5
2026-06-15 21:08:57.186 10 INFO neutron.wsgi [req-1b142929-0464-4bb5-b28e-8096a64b57c2 req-c782a69c-62a8-4a4f-a23f-88f8f6ddf258 9dd11bb661494d7c854fea0080612520 689b241d12a94bce960b3fb0936ae5b8 - - default default] 199.204.45.138 "GET /v2.0/ports?device_id=5ef200ad-4b9b-49f5-9081-bd3ac34adce4 HTTP/1.1" status: 200 len: 1212 time: 0.1751444
2026-06-15 21:08:57.226 9 INFO neutron.db.ovn_revision_numbers_db [None req-a79f2ba0-6cf3-4492-879a-6f4a172e38aa 5cdf1d1755ae45feaca7447de9444a3e f15b0fdce11d43d9a6343e531b54a787 - - default default] Successfully bumped revision number for resource 24d53fd5-8021-4222-b08e-90f613559998 (type: ports) to 1
2026-06-15 21:08:57.291 9 WARNING neutron.scheduler.dhcp_agent_scheduler [None req-a79f2ba0-6cf3-4492-879a-6f4a172e38aa 5cdf1d1755ae45feaca7447de9444a3e f15b0fdce11d43d9a6343e531b54a787 - - default default] No more DHCP agents
2026-06-15 21:08:57.294 9 WARNING neutron.api.rpc.agentnotifiers.dhcp_rpc_agent_api [None req-a79f2ba0-6cf3-4492-879a-6f4a172e38aa 5cdf1d1755ae45feaca7447de9444a3e f15b0fdce11d43d9a6343e531b54a787 - - default default] Unable to schedule network 2dd9b42c-cad6-4e87-b77e-0701a47fecae: no agents available; will retry on subsequent port and subnet creation events.
2026-06-15 21:08:57.381 10 WARNING neutron.scheduler.dhcp_agent_scheduler [None req-5e115974-0642-4948-bdc8-b648b762b4ce 066572654cde46b1a9b2a37b49902a24 a50ab1d9a44b45aea4cc053c90a860b4 - - default default] No more DHCP agents
