2026-06-15 21:06:56.115 10 INFO neutron.wsgi [req-38c19739-66ab-44a8-8774-168414bb5953 req-66f52cec-c870-46d6-bdba-68c892da3b41 f295b0e2fa4742f79edf8028d7cca781 dd8b079234fb488db03e6de01e8e0df3 - - 8792d6fbeb0d44a2b80411231089ccdb 8792d6fbeb0d44a2b80411231089ccdb] 199.204.45.138 "GET /v2.0/networks/05351fb6-37f6-4437-b654-9005b35f3ba3?fields=provider%3Aphysical_network&fields=provider%3Anetwork_type HTTP/1.1" status: 200 len: 277 time: 0.0763936
2026-06-15 21:06:56.216 10 INFO neutron.wsgi [None req-1e275576-e0d1-4736-a099-51cb1aac7de3 08ba737c21d84e53a547c562745ab03f b0507a2222dd4d03a8206278ebd0359d - - default default] 10.0.0.173 "DELETE /v2.0/security-groups/8ebcd618-5df7-4bb4-8af9-fa33731db474 HTTP/1.1" status: 204 len: 168 time: 0.3078933
2026-06-15 21:06:56.263 9 INFO neutron.wsgi [None req-1809699f-01bf-4364-8f1b-39befbd51a1e 08ba737c21d84e53a547c562745ab03f b0507a2222dd4d03a8206278ebd0359d - - default default] 10.0.0.173 "DELETE /v2.0/security-groups/b55c2493-dab4-4d83-858f-d9d779364b18 HTTP/1.1" status: 204 len: 168 time: 0.2604120
2026-06-15 21:06:56.405 10 WARNING neutron.plugins.ml2.drivers.ovn.mech_driver.ovsdb.ovn_client [None req-3afca453-c60e-41f0-8287-6cf6a5717111 - - - - - -] No hosting information found for port 614be854-6130-414d-8eb0-fbece7a24cf0: RuntimeError: No hosting information found for port 614be854-6130-414d-8eb0-fbece7a24cf0
2026-06-15 21:06:56.406 10 INFO neutron.plugins.ml2.drivers.ovn.mech_driver.mech_driver [None req-3afca453-c60e-41f0-8287-6cf6a5717111 - - - - - -] OVN reports status up for port: d08ccf6f-c286-48ac-97d7-809438f321d1
2026-06-15 21:06:56.428 9 INFO neutron.db.ovn_revision_numbers_db [None req-e7bc6863-e1ff-43bd-a8ad-8f9f87ee4b0f 08ba737c21d84e53a547c562745ab03f b0507a2222dd4d03a8206278ebd0359d - - default default] Successfully bumped revision number for resource 8bc83b9a-4d5b-4f24-b43b-943e8f6322d1 (type: security_groups) to 1
2026-06-15 21:06:56.430 10 INFO neutron.plugins.ml2.plugin [None req-3afca453-c60e-41f0-8287-6cf6a5717111 - - - - - -] Attempt 1 to provision port d08ccf6f-c286-48ac-97d7-809438f321d1
2026-06-15 21:06:56.443 9 INFO neutron.db.ovn_revision_numbers_db [None req-e7bc6863-e1ff-43bd-a8ad-8f9f87ee4b0f 08ba737c21d84e53a547c562745ab03f b0507a2222dd4d03a8206278ebd0359d - - default default] Successfully bumped revision number for resource 08fea0fd-2154-4e5b-8b60-51a372de0d8e (type: security_group_rules) to 0
2026-06-15 21:06:56.462 9 INFO neutron.db.ovn_revision_numbers_db [None req-e7bc6863-e1ff-43bd-a8ad-8f9f87ee4b0f 08ba737c21d84e53a547c562745ab03f b0507a2222dd4d03a8206278ebd0359d - - default default] Successfully bumped revision number for resource 3ef8fc4e-a26b-46b5-9c76-f04bfbd39dae (type: security_group_rules) to 0
2026-06-15 21:06:56.479 9 INFO neutron.db.ovn_revision_numbers_db [None req-e7bc6863-e1ff-43bd-a8ad-8f9f87ee4b0f 08ba737c21d84e53a547c562745ab03f b0507a2222dd4d03a8206278ebd0359d - - default default] Successfully bumped revision number for resource b8e61a48-b9d1-4de2-94a8-8be318cdb85b (type: security_group_rules) to 0
2026-06-15 21:06:56.493 9 INFO neutron.db.ovn_revision_numbers_db [None req-e7bc6863-e1ff-43bd-a8ad-8f9f87ee4b0f 08ba737c21d84e53a547c562745ab03f b0507a2222dd4d03a8206278ebd0359d - - default default] Successfully bumped revision number for resource b99b0fc5-64f5-4558-8965-9a749fcdba9f (type: security_group_rules) to 0
2026-06-15 21:06:56.523 9 INFO neutron.wsgi [None req-e7bc6863-e1ff-43bd-a8ad-8f9f87ee4b0f 08ba737c21d84e53a547c562745ab03f b0507a2222dd4d03a8206278ebd0359d - - default default] 10.0.0.173 "GET /v2.0/security-groups?tenant_id=52edc3ad9dbe4840b6f8fd0b41c37603&name=default HTTP/1.1" status: 200 len: 2996 time: 0.4455261
2026-06-15 21:06:56.582 9 INFO neutron.wsgi [req-704d2e37-ec35-47d6-a7a3-185a750b0fb0 req-63585933-6e19-419e-a4f3-e527a6f438b4 59a52fc79cd24699b55928d6ffce9643 18d11efe04154b76ac85932334fd871c - - default default] 10.0.0.115 "GET /v2.0/ports?device_id=ec3b2440-b59d-4b54-b13c-12ad99b02a0b HTTP/1.1" status: 200 len: 1168 time: 0.0418298
2026-06-15 21:06:56.636 9 INFO neutron.wsgi [req-704d2e37-ec35-47d6-a7a3-185a750b0fb0 req-06767581-69e9-4742-bb60-602b886a6612 59a52fc79cd24699b55928d6ffce9643 18d11efe04154b76ac85932334fd871c - - default default] 10.0.0.115 "GET /v2.0/security-groups?id=1d82539b-8601-4b35-b2b7-af09dbce9f63&fields=id&fields=name HTTP/1.1" status: 200 len: 313 time: 0.0447237
2026-06-15 21:06:56.721 10 INFO neutron.db.ovn_revision_numbers_db [None req-6b3be503-5c14-4831-96d7-631184807908 08ba737c21d84e53a547c562745ab03f b0507a2222dd4d03a8206278ebd0359d - - default default] Successfully bumped revision number for resource 5f886168-7078-45bb-8650-617a2ee8dc38 (type: security_groups) to 1
2026-06-15 21:06:56.772 10 INFO neutron.db.ovn_revision_numbers_db [None req-6b3be503-5c14-4831-96d7-631184807908 08ba737c21d84e53a547c562745ab03f b0507a2222dd4d03a8206278ebd0359d - - default default] Successfully bumped revision number for resource 10693fca-10d6-41f5-bb1c-f39323d6c5fd (type: security_group_rules) to 0
2026-06-15 21:06:56.794 9 INFO neutron.wsgi [None req-31721588-ddde-445f-9a4d-07f4c50ec0fb 08ba737c21d84e53a547c562745ab03f b0507a2222dd4d03a8206278ebd0359d - - default default] 10.0.0.173 "DELETE /v2.0/security-groups/8bc83b9a-4d5b-4f24-b43b-943e8f6322d1 HTTP/1.1" status: 204 len: 168 time: 0.2648089
2026-06-15 21:06:56.794 10 INFO neutron.db.ovn_revision_numbers_db [None req-6b3be503-5c14-4831-96d7-631184807908 08ba737c21d84e53a547c562745ab03f b0507a2222dd4d03a8206278ebd0359d - - default default] Successfully bumped revision number for resource 30c7e933-c984-448d-ada4-4f8e0616fe98 (type: security_group_rules) to 0
2026-06-15 21:06:56.822 10 INFO neutron.db.ovn_revision_numbers_db [None req-6b3be503-5c14-4831-96d7-631184807908 08ba737c21d84e53a547c562745ab03f b0507a2222dd4d03a8206278ebd0359d - - default default] Successfully bumped revision number for resource 6d1f7447-1fe0-4aa3-9c81-0e773654094e (type: security_group_rules) to 0
2026-06-15 21:06:56.850 10 INFO neutron.db.ovn_revision_numbers_db [None req-6b3be503-5c14-4831-96d7-631184807908 08ba737c21d84e53a547c562745ab03f b0507a2222dd4d03a8206278ebd0359d - - default default] Successfully bumped revision number for resource a2681011-9273-43ec-8364-1bdea50943a8 (type: security_group_rules) to 0
2026-06-15 21:06:56.888 10 INFO neutron.wsgi [None req-6b3be503-5c14-4831-96d7-631184807908 08ba737c21d84e53a547c562745ab03f b0507a2222dd4d03a8206278ebd0359d - - default default] 10.0.0.173 "GET /v2.0/security-groups?tenant_id=9111bf1545f64132972fecc67bc8ce19&name=default HTTP/1.1" status: 200 len: 2996 time: 0.5342095
2026-06-15 21:06:57.019 10 INFO neutron.db.ovn_revision_numbers_db [None req-3afca453-c60e-41f0-8287-6cf6a5717111 - - - - - -] Successfully bumped revision number for resource d08ccf6f-c286-48ac-97d7-809438f321d1 (type: ports) to 4
2026-06-15 21:06:57.166 10 INFO neutron.db.ovn_revision_numbers_db [None req-a3e96d9f-9887-4311-ae21-c8dae1e1f862 08ba737c21d84e53a547c562745ab03f b0507a2222dd4d03a8206278ebd0359d - - default default] Successfully bumped revision number for resource 2d8ac098-329a-45fc-82ae-4beb4dcc15bc (type: security_groups) to 1
2026-06-15 21:06:57.179 10 INFO neutron.db.ovn_revision_numbers_db [None req-a3e96d9f-9887-4311-ae21-c8dae1e1f862 08ba737c21d84e53a547c562745ab03f b0507a2222dd4d03a8206278ebd0359d - - default default] Successfully bumped revision number for resource 074a39df-1eba-4e7f-b022-213e706d8258 (type: security_group_rules) to 0
2026-06-15 21:06:57.194 10 INFO neutron.db.ovn_revision_numbers_db [None req-a3e96d9f-9887-4311-ae21-c8dae1e1f862 08ba737c21d84e53a547c562745ab03f b0507a2222dd4d03a8206278ebd0359d - - default default] Successfully bumped revision number for resource 213dbd5d-4f12-4793-be3b-11dd5e5446e4 (type: security_group_rules) to 0
2026-06-15 21:06:57.197 10 INFO neutron.wsgi [None req-699acc71-ce3f-4281-8f97-9277da102bd0 08ba737c21d84e53a547c562745ab03f b0507a2222dd4d03a8206278ebd0359d - - default default] 10.0.0.173 "DELETE /v2.0/security-groups/5f886168-7078-45bb-8650-617a2ee8dc38 HTTP/1.1" status: 204 len: 168 time: 0.3019335
2026-06-15 21:06:57.210 10 INFO neutron.db.ovn_revision_numbers_db [None req-a3e96d9f-9887-4311-ae21-c8dae1e1f862 08ba737c21d84e53a547c562745ab03f b0507a2222dd4d03a8206278ebd0359d - - default default] Successfully bumped revision number for resource 85bf0631-975d-4311-9205-fdaa7ce6253f (type: security_group_rules) to 0
2026-06-15 21:06:57.222 10 INFO neutron.db.ovn_revision_numbers_db [None req-a3e96d9f-9887-4311-ae21-c8dae1e1f862 08ba737c21d84e53a547c562745ab03f b0507a2222dd4d03a8206278ebd0359d - - default default] Successfully bumped revision number for resource 8bc2099e-dc95-474c-a1b9-e2b10eed5d43 (type: security_group_rules) to 0
2026-06-15 21:06:57.258 10 INFO neutron.wsgi [None req-a3e96d9f-9887-4311-ae21-c8dae1e1f862 08ba737c21d84e53a547c562745ab03f b0507a2222dd4d03a8206278ebd0359d - - default default] 10.0.0.173 "GET /v2.0/security-groups?tenant_id=a60fa42776f14abab94bfa723a20a85e&name=default HTTP/1.1" status: 200 len: 2996 time: 0.2928100 /var/lib/openstack/lib/python3.10/site-packages/pycadf/identifier.py:71: UserWarning: Invalid uuid: neutron. To ensure interoperability, identifiers should be a valid uuid. warnings.warn(('Invalid uuid: %s. To ensure interoperability, '
2026-06-15 21:06:57.272 10 INFO neutron.notifiers.nova [-] Nova event matching ['req-21220e8d-0fb9-4420-bb8d-d9366c0d19c5'] response: {'server_uuid': 'ec3b2440-b59d-4b54-b13c-12ad99b02a0b', 'name': 'network-vif-plugged', 'status': 'completed', 'tag': 'd08ccf6f-c286-48ac-97d7-809438f321d1', 'code': 200}
2026-06-15 21:06:57.273 10 INFO neutron.notifiers.nova [-] Nova event matching ['req-21220e8d-0fb9-4420-bb8d-d9366c0d19c5'] response: {'server_uuid': 'ec3b2440-b59d-4b54-b13c-12ad99b02a0b', 'name': 'network-vif-plugged', 'status': 'completed', 'tag': 'd08ccf6f-c286-48ac-97d7-809438f321d1', 'code': 200}
2026-06-15 21:06:57.583 10 INFO neutron.wsgi [None req-5160455e-d366-4ffd-8bd5-29bc746c3c67 08ba737c21d84e53a547c562745ab03f b0507a2222dd4d03a8206278ebd0359d - - default default] 10.0.0.173 "DELETE /v2.0/security-groups/2d8ac098-329a-45fc-82ae-4beb4dcc15bc HTTP/1.1" status: 204 len: 168 time: 0.3191156
2026-06-15 21:06:57.748 9 INFO neutron.wsgi [req-7dfaaba7-200c-410e-a0aa-df5fcef8affa req-8d6a31a1-8752-4d01-92af-72e29866d7c0 59a52fc79cd24699b55928d6ffce9643 18d11efe04154b76ac85932334fd871c - - default default] 10.0.0.115 "GET /v2.0/ports?device_id=ec3b2440-b59d-4b54-b13c-12ad99b02a0b HTTP/1.1" status: 200 len: 1170 time: 0.0412564
2026-06-15 21:06:57.805 9 INFO neutron.wsgi [req-7dfaaba7-200c-410e-a0aa-df5fcef8affa req-28345dec-ac1a-4f59-84da-f7fd67be2651 59a52fc79cd24699b55928d6ffce9643 18d11efe04154b76ac85932334fd871c - - default default] 10.0.0.115 "GET /v2.0/security-groups?id=1d82539b-8601-4b35-b2b7-af09dbce9f63&fields=id&fields=name HTTP/1.1" status: 200 len: 313 time: 0.0492465
2026-06-15 21:06:57.971 9 INFO neutron.wsgi [req-efe82fe1-030d-4578-a49d-bd32ce8bebb5 req-2b7833ee-50f4-4e88-b0d0-a9bbcd4772a3 59a52fc79cd24699b55928d6ffce9643 18d11efe04154b76ac85932334fd871c - - default default] 10.0.0.115 "GET /v2.0/ports?device_id=ec3b2440-b59d-4b54-b13c-12ad99b02a0b HTTP/1.1" status: 200 len: 1170 time: 0.0960882
2026-06-15 21:06:58.252 9 INFO neutron.db.l3_db [None req-76fbbb47-bee9-44fa-b744-0af5901a3c5f 59a52fc79cd24699b55928d6ffce9643 18d11efe04154b76ac85932334fd871c - - default default] Floating IP ef8ba706-4ddd-410b-b96a-2c181f2acf27 associated. External IP: 10.96.250.220, port: d08ccf6f-c286-48ac-97d7-809438f321d1.
2026-06-15 21:06:58.510 9 INFO neutron.db.ovn_revision_numbers_db [None req-76fbbb47-bee9-44fa-b744-0af5901a3c5f 59a52fc79cd24699b55928d6ffce9643 18d11efe04154b76ac85932334fd871c - - default default] Successfully bumped revision number for resource ef8ba706-4ddd-410b-b96a-2c181f2acf27 (type: floatingips) to 1
2026-06-15 21:06:58.656 9 INFO neutron.db.ovn_revision_numbers_db [None req-76fbbb47-bee9-44fa-b744-0af5901a3c5f 59a52fc79cd24699b55928d6ffce9643 18d11efe04154b76ac85932334fd871c - - default default] Successfully bumped revision number for resource ef8ba706-4ddd-410b-b96a-2c181f2acf27 (type: floatingips) to 2
2026-06-15 21:06:58.686 9 INFO neutron.wsgi [None req-76fbbb47-bee9-44fa-b744-0af5901a3c5f 59a52fc79cd24699b55928d6ffce9643 18d11efe04154b76ac85932334fd871c - - default default] 10.0.0.173 "PUT /v2.0/floatingips/ef8ba706-4ddd-410b-b96a-2c181f2acf27 HTTP/1.1" status: 200 len: 1049 time: 0.7018704
2026-06-15 21:06:58.728 9 INFO neutron.notifiers.nova [-] Nova event matching ['req-01edd380-675d-4dc2-bdea-9162f3472e6e'] response: {'name': 'network-changed', 'server_uuid': 'ec3b2440-b59d-4b54-b13c-12ad99b02a0b', 'tag': 'd08ccf6f-c286-48ac-97d7-809438f321d1', 'status': 'completed', 'code': 200}
2026-06-15 21:06:58.806 10 INFO neutron.wsgi [req-0ba536ee-218f-4076-9996-3ef105e7ec90 req-2b90c111-b0a8-406a-8f93-0a70fd14c4cc f295b0e2fa4742f79edf8028d7cca781 dd8b079234fb488db03e6de01e8e0df3 - - 8792d6fbeb0d44a2b80411231089ccdb 8792d6fbeb0d44a2b80411231089ccdb] 199.204.45.138 "GET /v2.0/ports?tenant_id=18d11efe04154b76ac85932334fd871c&device_id=ec3b2440-b59d-4b54-b13c-12ad99b02a0b HTTP/1.1" status: 200 len: 1409 time: 0.0574248
2026-06-15 21:06:58.869 10 INFO neutron.wsgi [req-0ba536ee-218f-4076-9996-3ef105e7ec90 req-844e26ac-c848-48df-98ba-b4f4f8b25fd3 f295b0e2fa4742f79edf8028d7cca781 dd8b079234fb488db03e6de01e8e0df3 - - 8792d6fbeb0d44a2b80411231089ccdb 8792d6fbeb0d44a2b80411231089ccdb] 199.204.45.138 "GET /v2.0/networks?id=05351fb6-37f6-4437-b654-9005b35f3ba3 HTTP/1.1" status: 200 len: 973 time: 0.0581949
2026-06-15 21:06:58.918 10 INFO neutron.wsgi [req-0ba536ee-218f-4076-9996-3ef105e7ec90 req-efad08ae-12c8-4d55-9cd0-6d8090cc3e58 f295b0e2fa4742f79edf8028d7cca781 dd8b079234fb488db03e6de01e8e0df3 - - 8792d6fbeb0d44a2b80411231089ccdb 8792d6fbeb0d44a2b80411231089ccdb] 199.204.45.138 "GET /v2.0/floatingips?fixed_ip_address=10.100.0.5&port_id=d08ccf6f-c286-48ac-97d7-809438f321d1 HTTP/1.1" status: 200 len: 1059 time: 0.0426233
2026-06-15 21:06:58.955 10 INFO neutron.wsgi [req-0ba536ee-218f-4076-9996-3ef105e7ec90 req-3ce27bf4-c221-4a58-b78d-5b700307f381 f295b0e2fa4742f79edf8028d7cca781 dd8b079234fb488db03e6de01e8e0df3 - - 8792d6fbeb0d44a2b80411231089ccdb 8792d6fbeb0d44a2b80411231089ccdb] 199.204.45.138 "GET /v2.0/subnets?id=540f16bf-319c-4fad-8f5c-a3b081ce5e2b HTTP/1.1" status: 200 len: 868 time: 0.0281899
2026-06-15 21:06:58.982 10 INFO neutron.wsgi [req-0ba536ee-218f-4076-9996-3ef105e7ec90 req-7a0bc4e6-a136-4487-b7ed-9bb32577d648 f295b0e2fa4742f79edf8028d7cca781 dd8b079234fb488db03e6de01e8e0df3 - - 8792d6fbeb0d44a2b80411231089ccdb 8792d6fbeb0d44a2b80411231089ccdb] 199.204.45.138 "GET /v2.0/ports?network_id=05351fb6-37f6-4437-b654-9005b35f3ba3&device_owner=network%3Adhcp HTTP/1.1" status: 200 len: 210 time: 0.0207596
2026-06-15 21:06:59.075 10 INFO neutron.wsgi [req-0ba536ee-218f-4076-9996-3ef105e7ec90 req-640cfa89-3bd8-4e95-8566-2ae6be700de3 f295b0e2fa4742f79edf8028d7cca781 dd8b079234fb488db03e6de01e8e0df3 - - 8792d6fbeb0d44a2b80411231089ccdb 8792d6fbeb0d44a2b80411231089ccdb] 199.204.45.138 "GET /v2.0/networks/05351fb6-37f6-4437-b654-9005b35f3ba3?fields=segments HTTP/1.1" status: 200 len: 212 time: 0.0856757
2026-06-15 21:06:59.156 10 INFO neutron.wsgi [req-0ba536ee-218f-4076-9996-3ef105e7ec90 req-b4e87b02-0f46-406e-880c-de671b258a58 f295b0e2fa4742f79edf8028d7cca781 dd8b079234fb488db03e6de01e8e0df3 - - 8792d6fbeb0d44a2b80411231089ccdb 8792d6fbeb0d44a2b80411231089ccdb] 199.204.45.138 "GET /v2.0/networks/05351fb6-37f6-4437-b654-9005b35f3ba3?fields=provider%3Aphysical_network&fields=provider%3Anetwork_type HTTP/1.1" status: 200 len: 277 time: 0.0718522
2026-06-15 21:07:01.498 10 INFO neutron.db.ovn_revision_numbers_db [None req-361a1bfb-bf79-4c0a-b8e0-a1bd683126fa 08ba737c21d84e53a547c562745ab03f b0507a2222dd4d03a8206278ebd0359d - - default default] Successfully bumped revision number for resource b479c8c9-c0b6-4a04-8637-f5dabcb3bbcf (type: security_groups) to 1
2026-06-15 21:07:01.516 10 INFO neutron.db.ovn_revision_numbers_db [None req-361a1bfb-bf79-4c0a-b8e0-a1bd683126fa 08ba737c21d84e53a547c562745ab03f b0507a2222dd4d03a8206278ebd0359d - - default default] Successfully bumped revision number for resource 1f1894fb-dca9-436d-831f-9a64e0b98ded (type: security_group_rules) to 0
2026-06-15 21:07:01.531 10 INFO neutron.db.ovn_revision_numbers_db [None req-361a1bfb-bf79-4c0a-b8e0-a1bd683126fa 08ba737c21d84e53a547c562745ab03f b0507a2222dd4d03a8206278ebd0359d - - default default] Successfully bumped revision number for resource 679067d4-3fb0-4774-b56b-3a39d2a14cac (type: security_group_rules) to 0
2026-06-15 21:07:01.553 10 INFO neutron.db.ovn_revision_numbers_db [None req-361a1bfb-bf79-4c0a-b8e0-a1bd683126fa 08ba737c21d84e53a547c562745ab03f b0507a2222dd4d03a8206278ebd0359d - - default default] Successfully bumped revision number for resource 786d0551-a334-42b3-8a0a-d84b4c1dded3 (type: security_group_rules) to 0
2026-06-15 21:07:01.573 10 INFO neutron.db.ovn_revision_numbers_db [None req-361a1bfb-bf79-4c0a-b8e0-a1bd683126fa 08ba737c21d84e53a547c562745ab03f b0507a2222dd4d03a8206278ebd0359d - - default default] Successfully bumped revision number for resource b3a3ea94-8139-4569-8a97-81144b63aa77 (type: security_group_rules) to 0
2026-06-15 21:07:01.603 10 INFO neutron.wsgi [None req-361a1bfb-bf79-4c0a-b8e0-a1bd683126fa 08ba737c21d84e53a547c562745ab03f b0507a2222dd4d03a8206278ebd0359d - - default default] 10.0.0.173 "GET /v2.0/security-groups?tenant_id=c11782028dae46c292059e926dea925e&name=default HTTP/1.1" status: 200 len: 2996 time: 0.5050817 /var/lib/openstack/lib/python3.10/site-packages/pycadf/identifier.py:71: UserWarning: Invalid uuid: neutron. To ensure interoperability, identifiers should be a valid uuid. warnings.warn(('Invalid uuid: %s. To ensure interoperability, '
2026-06-15 21:07:01.839 9 INFO neutron.db.ovn_revision_numbers_db [None req-cfa13617-3516-45aa-88f5-7af97a204cc7 08ba737c21d84e53a547c562745ab03f b0507a2222dd4d03a8206278ebd0359d - - default default] Successfully bumped revision number for resource f325e439-4fc7-45cc-884e-490356740be8 (type: security_groups) to 1
2026-06-15 21:07:01.856 10 INFO neutron.wsgi [None req-7d91c521-810e-41f0-b577-cbaa4478f498 08ba737c21d84e53a547c562745ab03f b0507a2222dd4d03a8206278ebd0359d - - default default] 10.0.0.173 "DELETE /v2.0/security-groups/b479c8c9-c0b6-4a04-8637-f5dabcb3bbcf HTTP/1.1" status: 204 len: 168 time: 0.2481387
2026-06-15 21:07:01.860 9 INFO neutron.db.ovn_revision_numbers_db [None req-cfa13617-3516-45aa-88f5-7af97a204cc7 08ba737c21d84e53a547c562745ab03f b0507a2222dd4d03a8206278ebd0359d - - default default] Successfully bumped revision number for resource 5516b634-011a-4ff6-9e2d-166f80e7c9eb (type: security_group_rules) to 0
2026-06-15 21:07:01.875 9 INFO neutron.db.ovn_revision_numbers_db [None req-cfa13617-3516-45aa-88f5-7af97a204cc7 08ba737c21d84e53a547c562745ab03f b0507a2222dd4d03a8206278ebd0359d - - default default] Successfully bumped revision number for resource 8c81e2c8-7c5e-4f2f-a61a-e299e1c0bb61 (type: security_group_rules) to 0
2026-06-15 21:07:01.890 9 INFO neutron.db.ovn_revision_numbers_db [None req-cfa13617-3516-45aa-88f5-7af97a204cc7 08ba737c21d84e53a547c562745ab03f b0507a2222dd4d03a8206278ebd0359d - - default default] Successfully bumped revision number for resource 9d951e0e-6285-4cf2-b931-f4ae0e40d6ff (type: security_group_rules) to 0
2026-06-15 21:07:01.908 9 INFO neutron.db.ovn_revision_numbers_db [None req-cfa13617-3516-45aa-88f5-7af97a204cc7 08ba737c21d84e53a547c562745ab03f b0507a2222dd4d03a8206278ebd0359d - - default default] Successfully bumped revision number for resource f5eb9a56-985f-4762-a8be-c5a443f7c1dd (type: security_group_rules) to 0
2026-06-15 21:07:01.939 9 INFO neutron.wsgi [None req-cfa13617-3516-45aa-88f5-7af97a204cc7 08ba737c21d84e53a547c562745ab03f b0507a2222dd4d03a8206278ebd0359d - - default default] 10.0.0.173 "GET /v2.0/security-groups?tenant_id=6a3d2c0314bd494c96c65c5056c7d8f8&name=default HTTP/1.1" status: 200 len: 2996 time: 0.4025719
2026-06-15 21:07:02.200 9 INFO neutron.db.ovn_revision_numbers_db [None req-30a8a1a2-7e18-4778-8e1d-c0a567abdf77 08ba737c21d84e53a547c562745ab03f b0507a2222dd4d03a8206278ebd0359d - - default default] Successfully bumped revision number for resource 1aca0c94-9f0b-4ef5-ab5c-b91c160db535 (type: security_groups) to 1
2026-06-15 21:07:02.219 9 INFO neutron.db.ovn_revision_numbers_db [None req-30a8a1a2-7e18-4778-8e1d-c0a567abdf77 08ba737c21d84e53a547c562745ab03f b0507a2222dd4d03a8206278ebd0359d - - default default] Successfully bumped revision number for resource 2091edaa-422d-40a5-9f8e-a2d31c1f20e6 (type: security_group_rules) to 0
2026-06-15 21:07:02.236 9 INFO neutron.wsgi [None req-5d275ab0-b43e-435d-b1d9-f046fa00a394 08ba737c21d84e53a547c562745ab03f b0507a2222dd4d03a8206278ebd0359d - - default default] 10.0.0.173 "DELETE /v2.0/security-groups/f325e439-4fc7-45cc-884e-490356740be8 HTTP/1.1" status: 204 len: 168 time: 0.2896552
2026-06-15 21:07:02.239 9 INFO neutron.db.ovn_revision_numbers_db [None req-30a8a1a2-7e18-4778-8e1d-c0a567abdf77 08ba737c21d84e53a547c562745ab03f b0507a2222dd4d03a8206278ebd0359d - - default default] Successfully bumped revision number for resource a893624d-0f8d-4bc0-9085-c42909a77bc6 (type: security_group_rules) to 0
2026-06-15 21:07:02.258 9 INFO neutron.db.ovn_revision_numbers_db [None req-30a8a1a2-7e18-4778-8e1d-c0a567abdf77 08ba737c21d84e53a547c562745ab03f b0507a2222dd4d03a8206278ebd0359d - - default default] Successfully bumped revision number for resource c94fbe8d-dba6-47d0-9806-364f66847bcb (type: security_group_rules) to 0
2026-06-15 21:07:02.279 9 INFO neutron.db.ovn_revision_numbers_db [None req-30a8a1a2-7e18-4778-8e1d-c0a567abdf77 08ba737c21d84e53a547c562745ab03f b0507a2222dd4d03a8206278ebd0359d - - default default] Successfully bumped revision number for resource d97937c1-f717-4fa3-bf57-ceeb9c544b50 (type: security_group_rules) to 0
2026-06-15 21:07:02.314 9 INFO neutron.wsgi [None req-30a8a1a2-7e18-4778-8e1d-c0a567abdf77 08ba737c21d84e53a547c562745ab03f b0507a2222dd4d03a8206278ebd0359d - - default default] 10.0.0.173 "GET /v2.0/security-groups?tenant_id=15b4002f61d247d7b37f8cbcd9af5215&name=default HTTP/1.1" status: 200 len: 2996 time: 0.2626445
2026-06-15 21:07:02.547 10 INFO neutron.db.ovn_revision_numbers_db [None req-1fa7e0ef-1c93-4388-8bea-3cfdba12c689 08ba737c21d84e53a547c562745ab03f b0507a2222dd4d03a8206278ebd0359d - - default default] Successfully bumped revision number for resource 6f867f56-a3ac-438b-a92f-9e62e4775911 (type: security_groups) to 1
2026-06-15 21:07:02.560 10 INFO neutron.db.ovn_revision_numbers_db [None req-1fa7e0ef-1c93-4388-8bea-3cfdba12c689 08ba737c21d84e53a547c562745ab03f b0507a2222dd4d03a8206278ebd0359d - - default default] Successfully bumped revision number for resource 11c3644f-ec54-4607-aefa-6f4e2ff0b590 (type: security_group_rules) to 0
2026-06-15 21:07:02.564 10 INFO neutron.wsgi [None req-59741c05-4aac-4803-be2c-bfc95d46b8b8 08ba737c21d84e53a547c562745ab03f b0507a2222dd4d03a8206278ebd0359d - - default default] 10.0.0.173 "DELETE /v2.0/security-groups/1aca0c94-9f0b-4ef5-ab5c-b91c160db535 HTTP/1.1" status: 204 len: 168 time: 0.2406704
2026-06-15 21:07:02.578 10 INFO neutron.db.ovn_revision_numbers_db [None req-1fa7e0ef-1c93-4388-8bea-3cfdba12c689 08ba737c21d84e53a547c562745ab03f b0507a2222dd4d03a8206278ebd0359d - - default default] Successfully bumped revision number for resource 7fb9a9c1-ec4c-41d7-9686-673b24a1122a (type: security_group_rules) to 0
2026-06-15 21:07:02.598 10 INFO neutron.db.ovn_revision_numbers_db [None req-1fa7e0ef-1c93-4388-8bea-3cfdba12c689 08ba737c21d84e53a547c562745ab03f b0507a2222dd4d03a8206278ebd0359d - - default default] Successfully bumped revision number for resource 8d649271-6dbb-41df-a40b-3599fd133374 (type: security_group_rules) to 0
2026-06-15 21:07:02.613 10 INFO neutron.db.ovn_revision_numbers_db [None req-1fa7e0ef-1c93-4388-8bea-3cfdba12c689 08ba737c21d84e53a547c562745ab03f b0507a2222dd4d03a8206278ebd0359d - - default default] Successfully bumped revision number for resource c32c7199-e81c-4e3a-9cb4-50336035984a (type: security_group_rules) to 0
2026-06-15 21:07:02.636 10 INFO neutron.wsgi [None req-1fa7e0ef-1c93-4388-8bea-3cfdba12c689 08ba737c21d84e53a547c562745ab03f b0507a2222dd4d03a8206278ebd0359d - - default default] 10.0.0.173 "GET /v2.0/security-groups?tenant_id=5928a60d5ffd4adea5d10a1cd3d72cc4&name=default HTTP/1.1" status: 200 len: 2996 time: 0.2175238
2026-06-15 21:07:02.818 10 INFO neutron.wsgi [None req-80ec3d63-65c7-49c8-8fd1-dab45922c518 08ba737c21d84e53a547c562745ab03f b0507a2222dd4d03a8206278ebd0359d - - default default] 10.0.0.173 "DELETE /v2.0/security-groups/6f867f56-a3ac-438b-a92f-9e62e4775911 HTTP/1.1" status: 204 len: 168 time: 0.1767366
2026-06-15 21:07:04.941 9 INFO neutron.db.ovn_revision_numbers_db [None req-5c5028b8-e57c-404f-a00e-d7829725987d 08ba737c21d84e53a547c562745ab03f b0507a2222dd4d03a8206278ebd0359d - - default default] Successfully bumped revision number for resource a6aeb442-bfe4-4cb0-bca1-c5ea30b3ae99 (type: security_groups) to 1
2026-06-15 21:07:04.957 9 INFO neutron.db.ovn_revision_numbers_db [None req-5c5028b8-e57c-404f-a00e-d7829725987d 08ba737c21d84e53a547c562745ab03f b0507a2222dd4d03a8206278ebd0359d - - default default] Successfully bumped revision number for resource 0d93e031-d4fc-425e-b46e-ddd8e7223458 (type: security_group_rules) to 0
2026-06-15 21:07:04.974 9 INFO neutron.db.ovn_revision_numbers_db [None req-5c5028b8-e57c-404f-a00e-d7829725987d 08ba737c21d84e53a547c562745ab03f b0507a2222dd4d03a8206278ebd0359d - - default default] Successfully bumped revision number for resource 1d083fd7-9183-41e2-81d1-4b7caf966264 (type: security_group_rules) to 0
2026-06-15 21:07:04.991 9 INFO neutron.db.ovn_revision_numbers_db [None req-5c5028b8-e57c-404f-a00e-d7829725987d 08ba737c21d84e53a547c562745ab03f b0507a2222dd4d03a8206278ebd0359d - - default default] Successfully bumped revision number for resource 260f51ed-3a6f-4d84-a829-b0e45ebd5797 (type: security_group_rules) to 0
2026-06-15 21:07:05.006 9 INFO neutron.db.ovn_revision_numbers_db [None req-5c5028b8-e57c-404f-a00e-d7829725987d 08ba737c21d84e53a547c562745ab03f b0507a2222dd4d03a8206278ebd0359d - - default default] Successfully bumped revision number for resource 4527e918-a88f-41fa-b541-205e09b62aa6 (type: security_group_rules) to 0
2026-06-15 21:07:05.031 9 INFO neutron.wsgi [None req-5c5028b8-e57c-404f-a00e-d7829725987d 08ba737c21d84e53a547c562745ab03f b0507a2222dd4d03a8206278ebd0359d - - default default] 10.0.0.173 "GET /v2.0/security-groups?tenant_id=964e7a25bfe1429688293c9583b71bfa&name=default HTTP/1.1" status: 200 len: 2996 time: 0.3204720
2026-06-15 21:07:05.265 9 INFO neutron.wsgi [None req-318ead1a-e3ea-4088-8ea1-567d6b871f6f 08ba737c21d84e53a547c562745ab03f b0507a2222dd4d03a8206278ebd0359d - - default default] 10.0.0.173 "DELETE /v2.0/security-groups/a6aeb442-bfe4-4cb0-bca1-c5ea30b3ae99 HTTP/1.1" status: 204 len: 168 time: 0.2288983
2026-06-15 21:07:05.570 9 INFO neutron.db.ovn_revision_numbers_db [None req-80b826b4-883b-40f2-957c-f7b376afec20 08ba737c21d84e53a547c562745ab03f b0507a2222dd4d03a8206278ebd0359d - - default default] Successfully bumped revision number for resource e3d3d84f-d2c7-4cdf-b234-9bf9b2144dbd (type: security_groups) to 1
2026-06-15 21:07:05.585 9 INFO neutron.db.ovn_revision_numbers_db [None req-80b826b4-883b-40f2-957c-f7b376afec20 08ba737c21d84e53a547c562745ab03f b0507a2222dd4d03a8206278ebd0359d - - default default] Successfully bumped revision number for resource 01bbce83-908a-497b-846b-039c74da7604 (type: security_group_rules) to 0
2026-06-15 21:07:05.606 9 INFO neutron.db.ovn_revision_numbers_db [None req-80b826b4-883b-40f2-957c-f7b376afec20 08ba737c21d84e53a547c562745ab03f b0507a2222dd4d03a8206278ebd0359d - - default default] Successfully bumped revision number for resource 2bc80637-d2da-4390-989d-4a733526050f (type: security_group_rules) to 0
2026-06-15 21:07:05.623 9 INFO neutron.db.ovn_revision_numbers_db [None req-80b826b4-883b-40f2-957c-f7b376afec20 08ba737c21d84e53a547c562745ab03f b0507a2222dd4d03a8206278ebd0359d - - default default] Successfully bumped revision number for resource baad7324-8c88-4258-8b29-d72dff1dc646 (type: security_group_rules) to 0
2026-06-15 21:07:05.641 9 INFO neutron.db.ovn_revision_numbers_db [None req-80b826b4-883b-40f2-957c-f7b376afec20 08ba737c21d84e53a547c562745ab03f b0507a2222dd4d03a8206278ebd0359d - - default default] Successfully bumped revision number for resource e21832b6-40ba-4389-a56f-b9f769acdae7 (type: security_group_rules) to 0
2026-06-15 21:07:05.671 9 INFO neutron.wsgi [None req-80b826b4-883b-40f2-957c-f7b376afec20 08ba737c21d84e53a547c562745ab03f b0507a2222dd4d03a8206278ebd0359d - - default default] 10.0.0.173 "GET /v2.0/security-groups?tenant_id=a281bf71f87e4cc599e3305e4fe17dd9&name=default HTTP/1.1" status: 200 len: 2996 time: 0.2275069
2026-06-15 21:07:05.720 9 INFO neutron.db.ovn_revision_numbers_db [None req-72041b86-8477-4289-8ee4-a2757dd5bc0c 08ba737c21d84e53a547c562745ab03f b0507a2222dd4d03a8206278ebd0359d - - default default] Successfully bumped revision number for resource e7e5088a-62c1-47fa-b435-99909bf53d0c (type: security_groups) to 1
2026-06-15 21:07:05.736 9 INFO neutron.db.ovn_revision_numbers_db [None req-72041b86-8477-4289-8ee4-a2757dd5bc0c 08ba737c21d84e53a547c562745ab03f b0507a2222dd4d03a8206278ebd0359d - - default default] Successfully bumped revision number for resource 45ddd27c-4b80-4c91-9ca5-19b16c1178ce (type: security_group_rules) to 0
2026-06-15 21:07:05.755 9 INFO neutron.db.ovn_revision_numbers_db [None req-72041b86-8477-4289-8ee4-a2757dd5bc0c 08ba737c21d84e53a547c562745ab03f b0507a2222dd4d03a8206278ebd0359d - - default default] Successfully bumped revision number for resource 507234ec-bd1d-4db3-8fe2-5639307e833a (type: security_group_rules) to 0
2026-06-15 21:07:05.775 9 INFO neutron.db.ovn_revision_numbers_db [None req-72041b86-8477-4289-8ee4-a2757dd5bc0c 08ba737c21d84e53a547c562745ab03f b0507a2222dd4d03a8206278ebd0359d - - default default] Successfully bumped revision number for resource a2d0e854-8171-4ee3-a454-b4fede5546ee (type: security_group_rules) to 0
2026-06-15 21:07:05.792 9 INFO neutron.db.ovn_revision_numbers_db [None req-72041b86-8477-4289-8ee4-a2757dd5bc0c 08ba737c21d84e53a547c562745ab03f b0507a2222dd4d03a8206278ebd0359d - - default default] Successfully bumped revision number for resource b3be58cb-823e-4f80-a2d2-c080edb1e22a (type: security_group_rules) to 0
2026-06-15 21:07:05.818 9 INFO neutron.wsgi [None req-72041b86-8477-4289-8ee4-a2757dd5bc0c 08ba737c21d84e53a547c562745ab03f b0507a2222dd4d03a8206278ebd0359d - - default default] 10.0.0.173 "GET /v2.0/security-groups?tenant_id=cae0fb4dc3d9437e9c88d0e7665749c5&name=default HTTP/1.1" status: 200 len: 2996 time: 0.4071906
2026-06-15 21:07:05.903 9 INFO neutron.wsgi [None req-224fe008-55c9-41b2-a657-2909b3348e3b 08ba737c21d84e53a547c562745ab03f b0507a2222dd4d03a8206278ebd0359d - - default default] 10.0.0.173 "DELETE /v2.0/security-groups/e3d3d84f-d2c7-4cdf-b234-9bf9b2144dbd HTTP/1.1" status: 204 len: 168 time: 0.2261922
2026-06-15 21:07:06.069 10 INFO neutron.wsgi [None req-4ecb85f7-d5a1-4596-9e9e-25660fb88ff2 08ba737c21d84e53a547c562745ab03f b0507a2222dd4d03a8206278ebd0359d - - default default] 10.0.0.173 "DELETE /v2.0/security-groups/e7e5088a-62c1-47fa-b435-99909bf53d0c HTTP/1.1" status: 204 len: 168 time: 0.2431026
2026-06-15 21:07:06.511 10 INFO neutron.wsgi [-] 10.0.0.198 "GET / HTTP/1.1" status: 200 len: 247 time: 0.0025439
2026-06-15 21:07:06.514 9 INFO neutron.wsgi [-] 10.0.0.198 "GET / HTTP/1.1" status: 200 len: 247 time: 0.0044305
2026-06-15 21:07:07.450 10 INFO neutron.wsgi [req-ab0f206c-e3df-483c-99ad-bbe594dc74c1 req-19553094-7cf3-4bf5-895c-7dedbd0f7288 f295b0e2fa4742f79edf8028d7cca781 dd8b079234fb488db03e6de01e8e0df3 - - 8792d6fbeb0d44a2b80411231089ccdb 8792d6fbeb0d44a2b80411231089ccdb] 10.0.0.181 "GET /v2.0/ports?device_id=ec3b2440-b59d-4b54-b13c-12ad99b02a0b HTTP/1.1" status: 200 len: 1409 time: 0.0407705
2026-06-15 21:07:07.501 10 INFO neutron.wsgi [req-ab0f206c-e3df-483c-99ad-bbe594dc74c1 req-74090db0-8ddf-4415-a5d6-2417fc7fc793 f295b0e2fa4742f79edf8028d7cca781 dd8b079234fb488db03e6de01e8e0df3 - - 8792d6fbeb0d44a2b80411231089ccdb 8792d6fbeb0d44a2b80411231089ccdb] 10.0.0.181 "GET /v2.0/security-groups?id=1d82539b-8601-4b35-b2b7-af09dbce9f63&fields=id&fields=name HTTP/1.1" status: 200 len: 313 time: 0.0439236
2026-06-15 21:07:08.081 10 WARNING neutron_lib.context [None req-fdb1214a-f6f0-4f95-a222-78ad04dfa11f 20972e71916f40519ea81ca053789396 694394dcf5064734a26cf9cbb924b00d - - default default] Method 'is_advsvc' is deprecated since 2023.2 release (neutron-lib 3.8.0) and will be removed once support for the old RBAC API policies will be removed from Neutron. Please use method 'is_service_role' instead.
2026-06-15 21:07:08.081 10 WARNING neutron_lib.context [None req-fdb1214a-f6f0-4f95-a222-78ad04dfa11f 20972e71916f40519ea81ca053789396 694394dcf5064734a26cf9cbb924b00d - - default default] Method 'is_advsvc' is deprecated since 2023.2 release (neutron-lib 3.8.0) and will be removed once support for the old RBAC API policies will be removed from Neutron. Please use method 'is_service_role' instead.
2026-06-15 21:07:08.239 10 INFO neutron.db.ovn_revision_numbers_db [None req-68e22c63-06cd-4129-8d42-d2210db51ac3 08ba737c21d84e53a547c562745ab03f b0507a2222dd4d03a8206278ebd0359d - - default default] Successfully bumped revision number for resource e88e6d53-4781-40ee-ba44-152fb49a4589 (type: security_groups) to 1
2026-06-15 21:07:08.256 10 INFO neutron.db.ovn_revision_numbers_db [None req-68e22c63-06cd-4129-8d42-d2210db51ac3 08ba737c21d84e53a547c562745ab03f b0507a2222dd4d03a8206278ebd0359d - - default default] Successfully bumped revision number for resource 29e44e48-fec6-4946-a73e-62b6116a9045 (type: security_group_rules) to 0
2026-06-15 21:07:08.279 10 INFO neutron.db.ovn_revision_numbers_db [None req-68e22c63-06cd-4129-8d42-d2210db51ac3 08ba737c21d84e53a547c562745ab03f b0507a2222dd4d03a8206278ebd0359d - - default default] Successfully bumped revision number for resource 6c8c0217-3811-44e4-9e6d-05a6a0ad8b19 (type: security_group_rules) to 0
2026-06-15 21:07:08.284 10 INFO neutron.db.ovn_revision_numbers_db [None req-fdb1214a-f6f0-4f95-a222-78ad04dfa11f 20972e71916f40519ea81ca053789396 694394dcf5064734a26cf9cbb924b00d - - default default] Successfully bumped revision number for resource 7ef3b59f-6734-4f37-be64-812c761b319e (type: security_groups) to 1
2026-06-15 21:07:08.294 10 INFO neutron.db.ovn_revision_numbers_db [None req-68e22c63-06cd-4129-8d42-d2210db51ac3 08ba737c21d84e53a547c562745ab03f b0507a2222dd4d03a8206278ebd0359d - - default default] Successfully bumped revision number for resource aa94cdc4-2458-46ab-925f-8c37eb1f8782 (type: security_group_rules) to 0
2026-06-15 21:07:08.302 10 INFO neutron.db.ovn_revision_numbers_db [None req-fdb1214a-f6f0-4f95-a222-78ad04dfa11f 20972e71916f40519ea81ca053789396 694394dcf5064734a26cf9cbb924b00d - - default default] Successfully bumped revision number for resource 18195004-ff5a-46b2-b64d-69db1a9cca31 (type: security_group_rules) to 0
2026-06-15 21:07:08.312 10 INFO neutron.db.ovn_revision_numbers_db [None req-68e22c63-06cd-4129-8d42-d2210db51ac3 08ba737c21d84e53a547c562745ab03f b0507a2222dd4d03a8206278ebd0359d - - default default] Successfully bumped revision number for resource c7b4bf47-c855-47c7-9bcb-3d47d5f3d5b7 (type: security_group_rules) to 0
2026-06-15 21:07:08.318 10 INFO neutron.db.ovn_revision_numbers_db [None req-fdb1214a-f6f0-4f95-a222-78ad04dfa11f 20972e71916f40519ea81ca053789396 694394dcf5064734a26cf9cbb924b00d - - default default] Successfully bumped revision number for resource 2875f478-63e8-48d1-acad-6ed0fb7a3625 (type: security_group_rules) to 0
2026-06-15 21:07:08.361 10 INFO neutron.wsgi [None req-68e22c63-06cd-4129-8d42-d2210db51ac3 08ba737c21d84e53a547c562745ab03f b0507a2222dd4d03a8206278ebd0359d - - default default] 10.0.0.173 "GET /v2.0/security-groups?tenant_id=d6b18da7b0f644c1b5703052638cd42a&name=default HTTP/1.1" status: 200 len: 2996 time: 0.4454634
2026-06-15 21:07:08.365 10 INFO neutron.db.ovn_revision_numbers_db [None req-fdb1214a-f6f0-4f95-a222-78ad04dfa11f 20972e71916f40519ea81ca053789396 694394dcf5064734a26cf9cbb924b00d - - default default] Successfully bumped revision number for resource 430eb22b-ffd8-4bdb-8863-c31b84cf9536 (type: security_group_rules) to 0
2026-06-15 21:07:08.382 10 INFO neutron.db.ovn_revision_numbers_db [None req-fdb1214a-f6f0-4f95-a222-78ad04dfa11f 20972e71916f40519ea81ca053789396 694394dcf5064734a26cf9cbb924b00d - - default default] Successfully bumped revision number for resource 43969bd7-db38-4213-b7ef-9195e490eba4 (type: security_group_rules) to 0
2026-06-15 21:07:08.438 9 INFO neutron.db.ovn_revision_numbers_db [None req-4d71bde2-afbe-41f8-b3b8-e57df8b91016 08ba737c21d84e53a547c562745ab03f b0507a2222dd4d03a8206278ebd0359d - - default default] Successfully bumped revision number for resource fc223251-d441-455b-b859-5e8898b86d16 (type: security_groups) to 1
2026-06-15 21:07:08.458 10 INFO neutron.db.segments_db [None req-fdb1214a-f6f0-4f95-a222-78ad04dfa11f 20972e71916f40519ea81ca053789396 694394dcf5064734a26cf9cbb924b00d - - default default] Added segment 2f83a240-9063-4d41-b7d4-5b8e59194a3c of type geneve for network ac252820-4a83-4d31-bc17-9a5ef076fcf0
2026-06-15 21:07:08.461 9 INFO neutron.db.ovn_revision_numbers_db [None req-4d71bde2-afbe-41f8-b3b8-e57df8b91016 08ba737c21d84e53a547c562745ab03f b0507a2222dd4d03a8206278ebd0359d - - default default] Successfully bumped revision number for resource 0bb81a54-d615-4bc0-9369-18ba4aa4bcea (type: security_group_rules) to 0
2026-06-15 21:07:08.479 9 INFO neutron.db.ovn_revision_numbers_db [None req-4d71bde2-afbe-41f8-b3b8-e57df8b91016 08ba737c21d84e53a547c562745ab03f b0507a2222dd4d03a8206278ebd0359d - - default default] Successfully bumped revision number for resource 9957eaba-90e4-4696-a011-e0fe79f3318f (type: security_group_rules) to 0
2026-06-15 21:07:08.495 9 INFO neutron.db.ovn_revision_numbers_db [None req-4d71bde2-afbe-41f8-b3b8-e57df8b91016 08ba737c21d84e53a547c562745ab03f b0507a2222dd4d03a8206278ebd0359d - - default default] Successfully bumped revision number for resource d97a69b2-be6c-413e-ad7c-0aecfb1ab88d (type: security_group_rules) to 0
2026-06-15 21:07:08.516 9 INFO neutron.db.ovn_revision_numbers_db [None req-4d71bde2-afbe-41f8-b3b8-e57df8b91016 08ba737c21d84e53a547c562745ab03f b0507a2222dd4d03a8206278ebd0359d - - default default] Successfully bumped revision number for resource f29d3850-7899-4468-aa9c-a628241e7ec2 (type: security_group_rules) to 0
2026-06-15 21:07:08.543 9 INFO neutron.wsgi [None req-4d71bde2-afbe-41f8-b3b8-e57df8b91016 08ba737c21d84e53a547c562745ab03f b0507a2222dd4d03a8206278ebd0359d - - default default] 10.0.0.173 "GET /v2.0/security-groups?tenant_id=6db74af2963141e1a220342a91d31e5b&name=default HTTP/1.1" status: 200 len: 2996 time: 0.3634753
2026-06-15 21:07:08.595 10 INFO neutron.db.segments_db [None req-fdb1214a-f6f0-4f95-a222-78ad04dfa11f 20972e71916f40519ea81ca053789396 694394dcf5064734a26cf9cbb924b00d - - default default] Added segment d8d9d5c0-037d-48c3-943f-268839ed8c1f of type geneve for network 73b150a7-8f24-41e7-97f1-7b92c549ad54
2026-06-15 21:07:08.757 10 INFO neutron.db.ovn_revision_numbers_db [None req-fdb1214a-f6f0-4f95-a222-78ad04dfa11f 20972e71916f40519ea81ca053789396 694394dcf5064734a26cf9cbb924b00d - - default default] Successfully bumped revision number for resource ac252820-4a83-4d31-bc17-9a5ef076fcf0 (type: networks) to 1
2026-06-15 21:07:08.943 10 WARNING neutron.scheduler.dhcp_agent_scheduler [None req-fdb1214a-f6f0-4f95-a222-78ad04dfa11f 20972e71916f40519ea81ca053789396 694394dcf5064734a26cf9cbb924b00d - - default default] No more DHCP agents
2026-06-15 21:07:08.944 10 WARNING neutron.api.rpc.agentnotifiers.dhcp_rpc_agent_api [None req-fdb1214a-f6f0-4f95-a222-78ad04dfa11f 20972e71916f40519ea81ca053789396 694394dcf5064734a26cf9cbb924b00d - - default default] Unable to schedule network ac252820-4a83-4d31-bc17-9a5ef076fcf0: no agents available; will retry on subsequent port and subnet creation events.
2026-06-15 21:07:09.020 10 INFO neutron.db.ovn_revision_numbers_db [None req-fdb1214a-f6f0-4f95-a222-78ad04dfa11f 20972e71916f40519ea81ca053789396 694394dcf5064734a26cf9cbb924b00d - - default default] Successfully bumped revision number for resource f2a0f8b0-2db4-43a3-a4d8-22a1731db229 (type: ports) to 1
2026-06-15 21:07:09.095 10 INFO neutron.db.ovn_revision_numbers_db [None req-fdb1214a-f6f0-4f95-a222-78ad04dfa11f 20972e71916f40519ea81ca053789396 694394dcf5064734a26cf9cbb924b00d - - default default] Successfully bumped revision number for resource 73b150a7-8f24-41e7-97f1-7b92c549ad54 (type: networks) to 1
2026-06-15 21:07:09.097 9 INFO neutron.wsgi [None req-e8bb82f9-72a9-40de-a06a-54ac0bb6910e 08ba737c21d84e53a547c562745ab03f b0507a2222dd4d03a8206278ebd0359d - - default default] 10.0.0.173 "DELETE /v2.0/security-groups/e88e6d53-4781-40ee-ba44-152fb49a4589 HTTP/1.1" status: 204 len: 168 time: 0.7254212
2026-06-15 21:07:09.205 9 INFO neutron.wsgi [None req-18880d86-3224-4a73-b12f-7b112d38de81 08ba737c21d84e53a547c562745ab03f b0507a2222dd4d03a8206278ebd0359d - - default default] 10.0.0.173 "DELETE /v2.0/security-groups/fc223251-d441-455b-b859-5e8898b86d16 HTTP/1.1" status: 204 len: 168 time: 0.6542988
2026-06-15 21:07:09.283 10 WARNING neutron.scheduler.dhcp_agent_scheduler [None req-fdb1214a-f6f0-4f95-a222-78ad04dfa11f 20972e71916f40519ea81ca053789396 694394dcf5064734a26cf9cbb924b00d - - default default] No more DHCP agents
2026-06-15 21:07:09.287 10 WARNING neutron.api.rpc.agentnotifiers.dhcp_rpc_agent_api [None req-fdb1214a-f6f0-4f95-a222-78ad04dfa11f 20972e71916f40519ea81ca053789396 694394dcf5064734a26cf9cbb924b00d - - default default] Unable to schedule network 73b150a7-8f24-41e7-97f1-7b92c549ad54: no agents available; will retry on subsequent port and subnet creation events.
2026-06-15 21:07:09.422 10 INFO neutron.db.ovn_revision_numbers_db [None req-fdb1214a-f6f0-4f95-a222-78ad04dfa11f 20972e71916f40519ea81ca053789396 694394dcf5064734a26cf9cbb924b00d - - default default] Successfully bumped revision number for resource 27a5950f-49ce-4f30-917a-78f8d27de7e9 (type: ports) to 1
2026-06-15 21:07:09.461 10 INFO neutron.wsgi [None req-fdb1214a-f6f0-4f95-a222-78ad04dfa11f 20972e71916f40519ea81ca053789396 694394dcf5064734a26cf9cbb924b00d - - default default] 10.0.0.173 "POST /v2.0/networks HTTP/1.1" status: 201 len: 1443 time: 1.5231359
2026-06-15 21:07:09.595 10 INFO neutron.wsgi [None req-39898ce0-7a8d-4649-b92f-0e9362b813a3 20972e71916f40519ea81ca053789396 694394dcf5064734a26cf9cbb924b00d - - default default] 10.0.0.173 "GET /v2.0/networks HTTP/1.1" status: 200 len: 2049 time: 0.1082973
2026-06-15 21:07:09.949 10 INFO neutron.services.segments.plugin [-] Segment 2f83a240-9063-4d41-b7d4-5b8e59194a3c resource provider aggregate not found
2026-06-15 21:07:09.956 10 INFO neutron.services.segments.plugin [-] Segment 2f83a240-9063-4d41-b7d4-5b8e59194a3c resource provider aggregate not found
2026-06-15 21:07:09.968 10 INFO neutron.services.segments.plugin [-] Segment 2f83a240-9063-4d41-b7d4-5b8e59194a3c resource provider not found; error: Placement Client Error (4xx): {"errors": [{"status": 404, "title": "Not Found", "detail": "The resource could not be found.\n\n No resource provider with uuid 2f83a240-9063-4d41-b7d4-5b8e59194a3c found for delete ", "request_id": "req-cfffc6cd-0e51-4a4f-92a2-b06c7383f132"}]}
2026-06-15 21:07:09.981 10 INFO neutron.services.segments.plugin [-] Segment 2f83a240-9063-4d41-b7d4-5b8e59194a3c resource provider not found; error: Placement Client Error (4xx): {"errors": [{"status": 404, "title": "Not Found", "detail": "The resource could not be found.\n\n No resource provider with uuid 2f83a240-9063-4d41-b7d4-5b8e59194a3c found for delete ", "request_id": "req-2f92b94c-f1c2-46e0-8ee7-b2d354e7ced9"}]}
2026-06-15 21:07:09.993 10 INFO neutron.wsgi [None req-1d36302f-2625-4ee7-8a5c-6248fe58ead8 20972e71916f40519ea81ca053789396 694394dcf5064734a26cf9cbb924b00d - - default default] 10.0.0.173 "DELETE /v2.0/networks/ac252820-4a83-4d31-bc17-9a5ef076fcf0 HTTP/1.1" status: 204 len: 168 time: 0.3943477
2026-06-15 21:07:10.216 10 INFO neutron.wsgi [req-e274aa77-9f93-4b6c-8203-8f81720e426c req-923f0a39-8962-47fa-8a03-17f367081d18 f295b0e2fa4742f79edf8028d7cca781 dd8b079234fb488db03e6de01e8e0df3 - - 8792d6fbeb0d44a2b80411231089ccdb 8792d6fbeb0d44a2b80411231089ccdb] 199.204.45.138 "GET /v2.0/ports?device_id=ec3b2440-b59d-4b54-b13c-12ad99b02a0b&fields=binding%3Ahost_id&fields=binding%3Avif_type HTTP/1.1" status: 200 len: 265 time: 0.0527577
2026-06-15 21:07:10.307 10 INFO neutron.wsgi [req-e274aa77-9f93-4b6c-8203-8f81720e426c req-139f9c53-130a-4e8a-b8b4-d3cc0c1b6189 f295b0e2fa4742f79edf8028d7cca781 dd8b079234fb488db03e6de01e8e0df3 - - 8792d6fbeb0d44a2b80411231089ccdb 8792d6fbeb0d44a2b80411231089ccdb] 199.204.45.138 "GET /v2.0/ports?tenant_id=18d11efe04154b76ac85932334fd871c&device_id=ec3b2440-b59d-4b54-b13c-12ad99b02a0b HTTP/1.1" status: 200 len: 1409 time: 0.0436919
2026-06-15 21:07:10.400 10 INFO neutron.wsgi [req-e274aa77-9f93-4b6c-8203-8f81720e426c req-81845226-7c99-454e-8d92-89e75a65e3b5 f295b0e2fa4742f79edf8028d7cca781 dd8b079234fb488db03e6de01e8e0df3 - - 8792d6fbeb0d44a2b80411231089ccdb 8792d6fbeb0d44a2b80411231089ccdb] 199.204.45.138 "GET /v2.0/networks?id=05351fb6-37f6-4437-b654-9005b35f3ba3 HTTP/1.1" status: 200 len: 973 time: 0.0708241
2026-06-15 21:07:10.416 9 INFO neutron.services.segments.plugin [-] Segment d8d9d5c0-037d-48c3-943f-268839ed8c1f resource provider aggregate not found
2026-06-15 21:07:10.433 9 INFO neutron.services.segments.plugin [-] Segment d8d9d5c0-037d-48c3-943f-268839ed8c1f resource provider aggregate not found
2026-06-15 21:07:10.438 9 INFO neutron.services.segments.plugin [-] Segment d8d9d5c0-037d-48c3-943f-268839ed8c1f resource provider not found; error: Placement Client Error (4xx): {"errors": [{"status": 404, "title": "Not Found", "detail": "The resource could not be found.\n\n No resource provider with uuid d8d9d5c0-037d-48c3-943f-268839ed8c1f found for delete ", "request_id": "req-6fb391d3-2500-4bd6-bcba-1354a4ff495f"}]}
2026-06-15 21:07:10.447 10 INFO neutron.wsgi [req-e274aa77-9f93-4b6c-8203-8f81720e426c req-e3d7c633-5d52-434b-9775-75b928405719 f295b0e2fa4742f79edf8028d7cca781 dd8b079234fb488db03e6de01e8e0df3 - - 8792d6fbeb0d44a2b80411231089ccdb 8792d6fbeb0d44a2b80411231089ccdb] 199.204.45.138 "GET /v2.0/floatingips?fixed_ip_address=10.100.0.5&port_id=d08ccf6f-c286-48ac-97d7-809438f321d1 HTTP/1.1" status: 200 len: 1059 time: 0.0392427
2026-06-15 21:07:10.449 9 INFO neutron.services.segments.plugin [-] Segment d8d9d5c0-037d-48c3-943f-268839ed8c1f resource provider not found; error: Placement Client Error (4xx): {"errors": [{"status": 404, "title": "Not Found", "detail": "The resource could not be found.\n\n No resource provider with uuid d8d9d5c0-037d-48c3-943f-268839ed8c1f found for delete ", "request_id": "req-6e2ed046-1c4d-47f6-96c8-c433f5085b9a"}]}
2026-06-15 21:07:10.475 9 INFO neutron.wsgi [None req-64c95c98-485b-4c3b-9f19-7b7cec15ff2c 20972e71916f40519ea81ca053789396 694394dcf5064734a26cf9cbb924b00d - - default default] 10.0.0.173 "DELETE /v2.0/networks/73b150a7-8f24-41e7-97f1-7b92c549ad54 HTTP/1.1" status: 204 len: 168 time: 0.4751730
2026-06-15 21:07:10.493 10 INFO neutron.wsgi [req-e274aa77-9f93-4b6c-8203-8f81720e426c req-641aab74-1d9f-46bc-ab22-67acdc1d3b42 f295b0e2fa4742f79edf8028d7cca781 dd8b079234fb488db03e6de01e8e0df3 - - 8792d6fbeb0d44a2b80411231089ccdb 8792d6fbeb0d44a2b80411231089ccdb] 199.204.45.138 "GET /v2.0/subnets?id=540f16bf-319c-4fad-8f5c-a3b081ce5e2b HTTP/1.1" status: 200 len: 868 time: 0.0372241
2026-06-15 21:07:10.525 10 INFO neutron.wsgi [req-e274aa77-9f93-4b6c-8203-8f81720e426c req-54cc9976-5505-435c-b2e5-df5b557ac57a f295b0e2fa4742f79edf8028d7cca781 dd8b079234fb488db03e6de01e8e0df3 - - 8792d6fbeb0d44a2b80411231089ccdb 8792d6fbeb0d44a2b80411231089ccdb] 199.204.45.138 "GET /v2.0/ports?network_id=05351fb6-37f6-4437-b654-9005b35f3ba3&device_owner=network%3Adhcp HTTP/1.1" status: 200 len: 210 time: 0.0251713
2026-06-15 21:07:10.575 10 INFO neutron.wsgi [None req-1980d4bf-e1a0-44ff-936c-9f3cfa2849da 20972e71916f40519ea81ca053789396 694394dcf5064734a26cf9cbb924b00d - - default default] 10.0.0.173 "GET /v2.0/networks HTTP/1.1" status: 200 len: 845 time: 0.0953646
2026-06-15 21:07:10.591 9 WARNING neutron_lib.context [None req-1ee89781-6f6f-4ae8-8ec7-51c6b5e1db37 20972e71916f40519ea81ca053789396 694394dcf5064734a26cf9cbb924b00d - - default default] Method 'is_advsvc' is deprecated since 2023.2 release (neutron-lib 3.8.0) and will be removed once support for the old RBAC API policies will be removed from Neutron. Please use method 'is_service_role' instead.
2026-06-15 21:07:10.615 10 INFO neutron.wsgi [req-e274aa77-9f93-4b6c-8203-8f81720e426c req-314dcac9-edc1-40a6-8356-e73948f5d1b7 f295b0e2fa4742f79edf8028d7cca781 dd8b079234fb488db03e6de01e8e0df3 - - 8792d6fbeb0d44a2b80411231089ccdb 8792d6fbeb0d44a2b80411231089ccdb] 199.204.45.138 "GET /v2.0/networks/05351fb6-37f6-4437-b654-9005b35f3ba3?fields=segments HTTP/1.1" status: 200 len: 212 time: 0.0819249
2026-06-15 21:07:10.663 9 INFO neutron.db.segments_db [None req-1ee89781-6f6f-4ae8-8ec7-51c6b5e1db37 20972e71916f40519ea81ca053789396 694394dcf5064734a26cf9cbb924b00d - - default default] Added segment f0f234e0-e201-4383-b0a7-7cdd0488f035 of type geneve for network 6a8dbfcd-6dc2-4296-8d4c-9c902a11d274
