2026-06-15 21:10:07.700 10 INFO neutron.services.segments.plugin [-] Segment 77bfe6f4-4103-4b93-8992-c97057666733 resource provider not found; error: Placement Client Error (4xx): {"errors": [{"status": 404, "title": "Not Found", "detail": "The resource could not be found.\n\n No resource provider with uuid 77bfe6f4-4103-4b93-8992-c97057666733 found for delete ", "request_id": "req-96b012ca-c9b1-479b-b27a-7755824a696c"}]}
2026-06-15 21:10:07.705 10 INFO neutron.services.segments.plugin [-] Segment 77bfe6f4-4103-4b93-8992-c97057666733 resource provider not found; error: Placement Client Error (4xx): {"errors": [{"status": 404, "title": "Not Found", "detail": "The resource could not be found.\n\n No resource provider with uuid 77bfe6f4-4103-4b93-8992-c97057666733 found for delete ", "request_id": "req-fe7ef6f5-6db7-4f39-997f-764250d2851c"}]}
2026-06-15 21:10:07.773 10 INFO neutron.wsgi [None req-19747c0d-6a53-4a7c-8271-50a5b8fd4c8b ae22235dca254b99a6fd571f64b8aa4c 15f6ad7a7033495ca0e8965f2f63490a - - default default] 10.0.0.173 "DELETE /v2.0/networks/2e404874-36dc-461d-8203-1d784e64a5f1 HTTP/1.1" status: 204 len: 168 time: 1.0099666
2026-06-15 21:10:07.790 10 INFO neutron.db.ovn_revision_numbers_db [None req-3afca453-c60e-41f0-8287-6cf6a5717111 - - - - - -] Successfully bumped revision number for resource afd825e0-9b22-45b8-b91a-1b590f447982 (type: router_ports) to 2
2026-06-15 21:10:08.021 10 WARNING neutron.scheduler.dhcp_agent_scheduler [req-2a432590-b08f-4019-b0ca-948d9483c5ff req-628f44d8-d489-4652-a925-b01b1ff20c34 e31c1012cf0244f29993e6e22db6226f 68cecce3a30c46008fdad985f61bd9f5 - - default default] No more DHCP agents
2026-06-15 21:10:08.023 10 WARNING neutron.api.rpc.agentnotifiers.dhcp_rpc_agent_api [req-2a432590-b08f-4019-b0ca-948d9483c5ff req-628f44d8-d489-4652-a925-b01b1ff20c34 e31c1012cf0244f29993e6e22db6226f 68cecce3a30c46008fdad985f61bd9f5 - - default default] Unable to schedule network 2908cd0e-7ecd-4e3a-83ba-a4f13a8b3819: no agents available; will retry on subsequent port and subnet creation events.
2026-06-15 21:10:08.206 10 INFO neutron.db.ovn_revision_numbers_db [req-2a432590-b08f-4019-b0ca-948d9483c5ff req-628f44d8-d489-4652-a925-b01b1ff20c34 e31c1012cf0244f29993e6e22db6226f 68cecce3a30c46008fdad985f61bd9f5 - - default default] Successfully bumped revision number for resource 76e397af-9657-4b3d-acdb-d74b05f5f9e9 (type: ports) to 1
2026-06-15 21:10:08.235 9 INFO neutron.wsgi [None req-147dc36a-a608-4e43-80db-cc07aab9e245 ae22235dca254b99a6fd571f64b8aa4c 15f6ad7a7033495ca0e8965f2f63490a - - default default] 10.0.0.173 "DELETE /v2.0/networks/dd43fdd6-4747-40d9-8f13-e8c1abb29b2b HTTP/1.1" status: 204 len: 168 time: 0.4555953
2026-06-15 21:10:08.240 10 INFO neutron.wsgi [req-2a432590-b08f-4019-b0ca-948d9483c5ff req-628f44d8-d489-4652-a925-b01b1ff20c34 e31c1012cf0244f29993e6e22db6226f 68cecce3a30c46008fdad985f61bd9f5 - - default default] 199.204.45.138 "POST /v2.0/ports HTTP/1.1" status: 201 len: 1380 time: 0.7821512 /var/lib/openstack/lib/python3.10/site-packages/pycadf/identifier.py:71: UserWarning: Invalid uuid: neutron. To ensure interoperability, identifiers should be a valid uuid. warnings.warn(('Invalid uuid: %s. To ensure interoperability, '
2026-06-15 21:10:08.680 10 INFO neutron.db.ovn_revision_numbers_db [req-2a432590-b08f-4019-b0ca-948d9483c5ff req-42b9b8d5-fb25-41be-9340-e994f864ef59 f295b0e2fa4742f79edf8028d7cca781 dd8b079234fb488db03e6de01e8e0df3 - - 8792d6fbeb0d44a2b80411231089ccdb 8792d6fbeb0d44a2b80411231089ccdb] Successfully bumped revision number for resource 76e397af-9657-4b3d-acdb-d74b05f5f9e9 (type: ports) to 2
2026-06-15 21:10:08.686 9 INFO neutron.wsgi [None req-ebda432a-35d2-4e13-97ca-e797f6610e6e ae22235dca254b99a6fd571f64b8aa4c 15f6ad7a7033495ca0e8965f2f63490a - - default default] 10.0.0.173 "DELETE /v2.0/networks/be4f99b7-cd86-42aa-8fa7-86bdbe6c79ce HTTP/1.1" status: 204 len: 168 time: 0.4456615 /var/lib/openstack/lib/python3.10/site-packages/pycadf/identifier.py:71: UserWarning: Invalid uuid: neutron. To ensure interoperability, identifiers should be a valid uuid. warnings.warn(('Invalid uuid: %s. To ensure interoperability, '
2026-06-15 21:10:08.756 9 INFO neutron.services.segments.plugin [-] Segment 339fcf42-01eb-4af6-8831-5a10f4d638aa resource provider aggregate not found
2026-06-15 21:10:08.762 9 INFO neutron.services.segments.plugin [-] Segment 339fcf42-01eb-4af6-8831-5a10f4d638aa resource provider aggregate not found
2026-06-15 21:10:08.777 9 INFO neutron.services.segments.plugin [-] Segment 339fcf42-01eb-4af6-8831-5a10f4d638aa resource provider not found; error: Placement Client Error (4xx): {"errors": [{"status": 404, "title": "Not Found", "detail": "The resource could not be found.\n\n No resource provider with uuid 339fcf42-01eb-4af6-8831-5a10f4d638aa found for delete ", "request_id": "req-b671fdbe-31e2-47ae-9102-5f3872c3f2f4"}]}
2026-06-15 21:10:08.784 9 INFO neutron.services.segments.plugin [-] Segment 339fcf42-01eb-4af6-8831-5a10f4d638aa resource provider not found; error: Placement Client Error (4xx): {"errors": [{"status": 404, "title": "Not Found", "detail": "The resource could not be found.\n\n No resource provider with uuid 339fcf42-01eb-4af6-8831-5a10f4d638aa found for delete ", "request_id": "req-f9521a59-503c-459c-be53-d396746897a0"}]}
2026-06-15 21:10:08.806 9 INFO neutron.services.segments.plugin [-] Segment db50d42b-0ee9-4dea-8628-7aec851f7da7 resource provider aggregate not found
2026-06-15 21:10:08.819 9 INFO neutron.services.segments.plugin [-] Segment db50d42b-0ee9-4dea-8628-7aec851f7da7 resource provider aggregate not found
2026-06-15 21:10:08.834 9 INFO neutron.services.segments.plugin [-] Segment db50d42b-0ee9-4dea-8628-7aec851f7da7 resource provider not found; error: Placement Client Error (4xx): {"errors": [{"status": 404, "title": "Not Found", "detail": "The resource could not be found.\n\n No resource provider with uuid db50d42b-0ee9-4dea-8628-7aec851f7da7 found for delete ", "request_id": "req-abb50d59-0788-4186-8665-c38cdaff21ff"}]}
2026-06-15 21:10:08.837 9 INFO neutron.services.segments.plugin [-] Segment db50d42b-0ee9-4dea-8628-7aec851f7da7 resource provider not found; error: Placement Client Error (4xx): {"errors": [{"status": 404, "title": "Not Found", "detail": "The resource could not be found.\n\n No resource provider with uuid db50d42b-0ee9-4dea-8628-7aec851f7da7 found for delete ", "request_id": "req-54224044-ff07-4467-b8a4-dc376c49eec3"}]}
2026-06-15 21:10:08.988 10 INFO neutron.db.ovn_revision_numbers_db [req-2a432590-b08f-4019-b0ca-948d9483c5ff req-42b9b8d5-fb25-41be-9340-e994f864ef59 f295b0e2fa4742f79edf8028d7cca781 dd8b079234fb488db03e6de01e8e0df3 - - 8792d6fbeb0d44a2b80411231089ccdb 8792d6fbeb0d44a2b80411231089ccdb] Successfully bumped revision number for resource 76e397af-9657-4b3d-acdb-d74b05f5f9e9 (type: ports) to 2
2026-06-15 21:10:09.021 10 INFO neutron.wsgi [req-2a432590-b08f-4019-b0ca-948d9483c5ff req-42b9b8d5-fb25-41be-9340-e994f864ef59 f295b0e2fa4742f79edf8028d7cca781 dd8b079234fb488db03e6de01e8e0df3 - - 8792d6fbeb0d44a2b80411231089ccdb 8792d6fbeb0d44a2b80411231089ccdb] 199.204.45.138 "PUT /v2.0/ports/76e397af-9657-4b3d-acdb-d74b05f5f9e9 HTTP/1.1" status: 200 len: 1597 time: 0.7725186 /var/lib/openstack/lib/python3.10/site-packages/pycadf/identifier.py:71: UserWarning: Invalid uuid: neutron. To ensure interoperability, identifiers should be a valid uuid. warnings.warn(('Invalid uuid: %s. To ensure interoperability, '
2026-06-15 21:10:09.069 10 INFO neutron.notifiers.nova [-] Nova event matching ['req-5dfbbf0c-1fcc-4994-a0fb-bba07d58e592'] response: {'name': 'network-changed', 'server_uuid': 'd8faee52-49e0-4976-b5bd-6fe26d1d8c49', 'tag': '76e397af-9657-4b3d-acdb-d74b05f5f9e9', 'status': 'completed', 'code': 200}
2026-06-15 21:10:09.098 10 INFO neutron.wsgi [req-2a432590-b08f-4019-b0ca-948d9483c5ff req-b4177a86-067d-4b2a-b731-882dc9efeb3d f295b0e2fa4742f79edf8028d7cca781 dd8b079234fb488db03e6de01e8e0df3 - - 8792d6fbeb0d44a2b80411231089ccdb 8792d6fbeb0d44a2b80411231089ccdb] 199.204.45.138 "GET /v2.0/ports?tenant_id=68cecce3a30c46008fdad985f61bd9f5&device_id=d8faee52-49e0-4976-b5bd-6fe26d1d8c49 HTTP/1.1" status: 200 len: 1628 time: 0.0400724
2026-06-15 21:10:09.129 10 INFO neutron.wsgi [req-2a432590-b08f-4019-b0ca-948d9483c5ff req-e383a8bd-91c3-4822-8b80-2f103efe4e28 f295b0e2fa4742f79edf8028d7cca781 dd8b079234fb488db03e6de01e8e0df3 - - 8792d6fbeb0d44a2b80411231089ccdb 8792d6fbeb0d44a2b80411231089ccdb] 199.204.45.138 "GET /v2.0/floatingips?fixed_ip_address=10.2.1.149&port_id=76e397af-9657-4b3d-acdb-d74b05f5f9e9 HTTP/1.1" status: 200 len: 217 time: 0.0204482
2026-06-15 21:10:09.156 10 INFO neutron.wsgi [req-2a432590-b08f-4019-b0ca-948d9483c5ff req-a242f32f-6ee2-4b0e-afd0-8d71c1e6e55e f295b0e2fa4742f79edf8028d7cca781 dd8b079234fb488db03e6de01e8e0df3 - - 8792d6fbeb0d44a2b80411231089ccdb 8792d6fbeb0d44a2b80411231089ccdb] 199.204.45.138 "GET /v2.0/floatingips?fixed_ip_address=fd7b%3Af9f7%3Afff%3A4eca%3A%3A9&port_id=76e397af-9657-4b3d-acdb-d74b05f5f9e9 HTTP/1.1" status: 200 len: 217 time: 0.0205994
2026-06-15 21:10:09.165 10 INFO neutron.wsgi [None req-ca42a3c2-079f-4cc9-a865-398f510a4b4f ae22235dca254b99a6fd571f64b8aa4c 15f6ad7a7033495ca0e8965f2f63490a - - default default] 10.0.0.173 "DELETE /v2.0/networks/3ccf92fa-f3be-4623-8826-fce9bc500da2 HTTP/1.1" status: 204 len: 168 time: 0.4744732
2026-06-15 21:10:09.201 10 INFO neutron.wsgi [req-2a432590-b08f-4019-b0ca-948d9483c5ff req-35bdd4d7-3c6a-4b97-b6ee-423726aca56f f295b0e2fa4742f79edf8028d7cca781 dd8b079234fb488db03e6de01e8e0df3 - - 8792d6fbeb0d44a2b80411231089ccdb 8792d6fbeb0d44a2b80411231089ccdb] 199.204.45.138 "GET /v2.0/subnets?id=e9397c37-5c0a-4541-bfcd-0f7deb66d802&id=d9086f16-2d00-490d-95c1-8ea5dfc7b524 HTTP/1.1" status: 200 len: 1561 time: 0.0386426
2026-06-15 21:10:09.228 10 INFO neutron.wsgi [req-2a432590-b08f-4019-b0ca-948d9483c5ff req-0244cb67-5d25-48c8-b339-09d9217eda9e f295b0e2fa4742f79edf8028d7cca781 dd8b079234fb488db03e6de01e8e0df3 - - 8792d6fbeb0d44a2b80411231089ccdb 8792d6fbeb0d44a2b80411231089ccdb] 199.204.45.138 "GET /v2.0/ports?network_id=2908cd0e-7ecd-4e3a-83ba-a4f13a8b3819&device_owner=network%3Adhcp HTTP/1.1" status: 200 len: 210 time: 0.0186229
2026-06-15 21:10:09.251 10 INFO neutron.wsgi [req-2a432590-b08f-4019-b0ca-948d9483c5ff req-15b3ffaa-a534-4fd5-afea-3787c537cbea f295b0e2fa4742f79edf8028d7cca781 dd8b079234fb488db03e6de01e8e0df3 - - 8792d6fbeb0d44a2b80411231089ccdb 8792d6fbeb0d44a2b80411231089ccdb] 199.204.45.138 "GET /v2.0/ports?network_id=2908cd0e-7ecd-4e3a-83ba-a4f13a8b3819&device_owner=network%3Adhcp HTTP/1.1" status: 200 len: 210 time: 0.0171576
2026-06-15 21:10:09.311 10 INFO neutron.wsgi [req-2a432590-b08f-4019-b0ca-948d9483c5ff req-d78b355b-aacc-453a-8ac8-3a52efb32956 f295b0e2fa4742f79edf8028d7cca781 dd8b079234fb488db03e6de01e8e0df3 - - 8792d6fbeb0d44a2b80411231089ccdb 8792d6fbeb0d44a2b80411231089ccdb] 199.204.45.138 "GET /v2.0/networks/2908cd0e-7ecd-4e3a-83ba-a4f13a8b3819?fields=segments HTTP/1.1" status: 200 len: 212 time: 0.0535562
2026-06-15 21:10:09.384 10 INFO neutron.wsgi [req-2a432590-b08f-4019-b0ca-948d9483c5ff req-7155b3e2-def0-4490-aa51-2bcb7eb5b1f2 f295b0e2fa4742f79edf8028d7cca781 dd8b079234fb488db03e6de01e8e0df3 - - 8792d6fbeb0d44a2b80411231089ccdb 8792d6fbeb0d44a2b80411231089ccdb] 199.204.45.138 "GET /v2.0/networks/2908cd0e-7ecd-4e3a-83ba-a4f13a8b3819?fields=provider%3Aphysical_network&fields=provider%3Anetwork_type HTTP/1.1" status: 200 len: 277 time: 0.0670893
2026-06-15 21:10:09.465 10 INFO neutron.wsgi [req-334ba9ed-406c-4da2-ac02-1bd4c069f0eb req-0ea3c9dc-e64b-41f9-a087-aa37530c9ba0 f295b0e2fa4742f79edf8028d7cca781 dd8b079234fb488db03e6de01e8e0df3 - - 8792d6fbeb0d44a2b80411231089ccdb 8792d6fbeb0d44a2b80411231089ccdb] 199.204.45.138 "GET /v2.0/ports?tenant_id=68cecce3a30c46008fdad985f61bd9f5&device_id=d8faee52-49e0-4976-b5bd-6fe26d1d8c49 HTTP/1.1" status: 200 len: 1628 time: 0.0403891
2026-06-15 21:10:09.527 10 INFO neutron.wsgi [req-334ba9ed-406c-4da2-ac02-1bd4c069f0eb req-1b0c6ac7-42f5-472b-b360-6feb29321e7e f295b0e2fa4742f79edf8028d7cca781 dd8b079234fb488db03e6de01e8e0df3 - - 8792d6fbeb0d44a2b80411231089ccdb 8792d6fbeb0d44a2b80411231089ccdb] 199.204.45.138 "GET /v2.0/networks?id=2908cd0e-7ecd-4e3a-83ba-a4f13a8b3819 HTTP/1.1" status: 200 len: 1002 time: 0.0558438
2026-06-15 21:10:09.570 10 INFO neutron.wsgi [req-334ba9ed-406c-4da2-ac02-1bd4c069f0eb req-994f46bc-3413-4a01-a75a-7249e826ecfe f295b0e2fa4742f79edf8028d7cca781 dd8b079234fb488db03e6de01e8e0df3 - - 8792d6fbeb0d44a2b80411231089ccdb 8792d6fbeb0d44a2b80411231089ccdb] 199.204.45.138 "GET /v2.0/floatingips?fixed_ip_address=10.2.1.149&port_id=76e397af-9657-4b3d-acdb-d74b05f5f9e9 HTTP/1.1" status: 200 len: 217 time: 0.0310247
2026-06-15 21:10:09.606 10 INFO neutron.wsgi [req-334ba9ed-406c-4da2-ac02-1bd4c069f0eb req-f67ee2f5-372f-4d71-b1ea-c98278080a35 f295b0e2fa4742f79edf8028d7cca781 dd8b079234fb488db03e6de01e8e0df3 - - 8792d6fbeb0d44a2b80411231089ccdb 8792d6fbeb0d44a2b80411231089ccdb] 199.204.45.138 "GET /v2.0/floatingips?fixed_ip_address=fd7b%3Af9f7%3Afff%3A4eca%3A%3A9&port_id=76e397af-9657-4b3d-acdb-d74b05f5f9e9 HTTP/1.1" status: 200 len: 217 time: 0.0276737
2026-06-15 21:10:09.651 10 INFO neutron.wsgi [req-334ba9ed-406c-4da2-ac02-1bd4c069f0eb req-01682210-f7ce-4120-9727-471da80fc75c f295b0e2fa4742f79edf8028d7cca781 dd8b079234fb488db03e6de01e8e0df3 - - 8792d6fbeb0d44a2b80411231089ccdb 8792d6fbeb0d44a2b80411231089ccdb] 199.204.45.138 "GET /v2.0/subnets?id=e9397c37-5c0a-4541-bfcd-0f7deb66d802&id=d9086f16-2d00-490d-95c1-8ea5dfc7b524 HTTP/1.1" status: 200 len: 1561 time: 0.0401270
2026-06-15 21:10:09.681 10 INFO neutron.wsgi [req-334ba9ed-406c-4da2-ac02-1bd4c069f0eb req-7e2d390d-7c19-4068-88d1-3b231f45bd0b f295b0e2fa4742f79edf8028d7cca781 dd8b079234fb488db03e6de01e8e0df3 - - 8792d6fbeb0d44a2b80411231089ccdb 8792d6fbeb0d44a2b80411231089ccdb] 199.204.45.138 "GET /v2.0/ports?network_id=2908cd0e-7ecd-4e3a-83ba-a4f13a8b3819&device_owner=network%3Adhcp HTTP/1.1" status: 200 len: 210 time: 0.0252936
2026-06-15 21:10:09.722 10 INFO neutron.services.segments.plugin [-] Segment b2940b69-ae67-4852-bbed-39475a8efa8f resource provider aggregate not found
2026-06-15 21:10:09.729 10 INFO neutron.services.segments.plugin [-] Segment b2940b69-ae67-4852-bbed-39475a8efa8f resource provider aggregate not found
2026-06-15 21:10:09.735 10 INFO neutron.wsgi [req-334ba9ed-406c-4da2-ac02-1bd4c069f0eb req-723b4244-1741-40ad-a2b9-6a708a75b01f f295b0e2fa4742f79edf8028d7cca781 dd8b079234fb488db03e6de01e8e0df3 - - 8792d6fbeb0d44a2b80411231089ccdb 8792d6fbeb0d44a2b80411231089ccdb] 199.204.45.138 "GET /v2.0/ports?network_id=2908cd0e-7ecd-4e3a-83ba-a4f13a8b3819&device_owner=network%3Adhcp HTTP/1.1" status: 200 len: 210 time: 0.0498667
2026-06-15 21:10:09.739 10 INFO neutron.services.segments.plugin [-] Segment b2940b69-ae67-4852-bbed-39475a8efa8f resource provider not found; error: Placement Client Error (4xx): {"errors": [{"status": 404, "title": "Not Found", "detail": "The resource could not be found.\n\n No resource provider with uuid b2940b69-ae67-4852-bbed-39475a8efa8f found for delete ", "request_id": "req-a8981d60-106f-49ed-a35b-bcf4b86ae4c8"}]}
2026-06-15 21:10:09.753 10 INFO neutron.services.segments.plugin [-] Segment b2940b69-ae67-4852-bbed-39475a8efa8f resource provider not found; error: Placement Client Error (4xx): {"errors": [{"status": 404, "title": "Not Found", "detail": "The resource could not be found.\n\n No resource provider with uuid b2940b69-ae67-4852-bbed-39475a8efa8f found for delete ", "request_id": "req-2e46aa04-7da2-4721-85e1-2202f10edd7b"}]}
2026-06-15 21:10:09.811 10 INFO neutron.wsgi [req-334ba9ed-406c-4da2-ac02-1bd4c069f0eb req-bdd3ed2b-db9f-4dba-af22-c489e6a884bd f295b0e2fa4742f79edf8028d7cca781 dd8b079234fb488db03e6de01e8e0df3 - - 8792d6fbeb0d44a2b80411231089ccdb 8792d6fbeb0d44a2b80411231089ccdb] 199.204.45.138 "GET /v2.0/networks/2908cd0e-7ecd-4e3a-83ba-a4f13a8b3819?fields=segments HTTP/1.1" status: 200 len: 212 time: 0.0678358
2026-06-15 21:10:09.891 10 INFO neutron.wsgi [req-334ba9ed-406c-4da2-ac02-1bd4c069f0eb req-fa1b71fe-af1b-493c-90c3-dd4cacaf3ca4 f295b0e2fa4742f79edf8028d7cca781 dd8b079234fb488db03e6de01e8e0df3 - - 8792d6fbeb0d44a2b80411231089ccdb 8792d6fbeb0d44a2b80411231089ccdb] 199.204.45.138 "GET /v2.0/networks/2908cd0e-7ecd-4e3a-83ba-a4f13a8b3819?fields=provider%3Aphysical_network&fields=provider%3Anetwork_type HTTP/1.1" status: 200 len: 277 time: 0.0725455
2026-06-15 21:10:10.163 10 INFO neutron.wsgi [None req-e7531f49-2366-4e73-a7f5-42a0332511b4 08ba737c21d84e53a547c562745ab03f b0507a2222dd4d03a8206278ebd0359d - - default default] 10.0.0.173 "GET /v2.0/security-groups?tenant_id=15f6ad7a7033495ca0e8965f2f63490a&name=default HTTP/1.1" status: 200 len: 3000 time: 0.1963277
2026-06-15 21:10:10.372 10 INFO neutron.wsgi [None req-dab91508-a6ce-4753-934d-dc6778f4b84a 08ba737c21d84e53a547c562745ab03f b0507a2222dd4d03a8206278ebd0359d - - default default] 10.0.0.173 "DELETE /v2.0/security-groups/a4142ddb-2cd2-42c4-8170-9949a7241dc3 HTTP/1.1" status: 204 len: 168 time: 0.2040751
2026-06-15 21:10:10.563 9 INFO neutron.db.ovn_revision_numbers_db [None req-8f65eac8-5023-4271-8b57-4aa064612ce0 08ba737c21d84e53a547c562745ab03f b0507a2222dd4d03a8206278ebd0359d - - default default] Successfully bumped revision number for resource 2e583328-2d64-4999-9d86-2acf7cdd2ee3 (type: security_groups) to 1
2026-06-15 21:10:10.575 9 INFO neutron.db.ovn_revision_numbers_db [None req-8f65eac8-5023-4271-8b57-4aa064612ce0 08ba737c21d84e53a547c562745ab03f b0507a2222dd4d03a8206278ebd0359d - - default default] Successfully bumped revision number for resource 3e053cc4-0574-4ae0-ab6d-d5d133a4e0df (type: security_group_rules) to 0
2026-06-15 21:10:10.592 9 WARNING neutron_lib.context [None req-7cf8a6d8-5f8b-436f-87c6-3a19576a4246 81c9377f16ad4f3fa260d5f40ac9458f 947aa20ee0ac4a5586f2b140531903be - - default default] Method 'is_advsvc' is deprecated since 2023.2 release (neutron-lib 3.8.0) and will be removed once support for the old RBAC API policies will be removed from Neutron. Please use method 'is_service_role' instead.
2026-06-15 21:10:10.597 9 INFO neutron.db.ovn_revision_numbers_db [None req-8f65eac8-5023-4271-8b57-4aa064612ce0 08ba737c21d84e53a547c562745ab03f b0507a2222dd4d03a8206278ebd0359d - - default default] Successfully bumped revision number for resource 7a954741-64d5-4d84-9277-71e670854e38 (type: security_group_rules) to 0
2026-06-15 21:10:10.620 9 INFO neutron.db.ovn_revision_numbers_db [None req-8f65eac8-5023-4271-8b57-4aa064612ce0 08ba737c21d84e53a547c562745ab03f b0507a2222dd4d03a8206278ebd0359d - - default default] Successfully bumped revision number for resource d51833bf-3acf-458f-901e-ee2c6da8fd9f (type: security_group_rules) to 0
2026-06-15 21:10:10.641 9 INFO neutron.db.ovn_revision_numbers_db [None req-8f65eac8-5023-4271-8b57-4aa064612ce0 08ba737c21d84e53a547c562745ab03f b0507a2222dd4d03a8206278ebd0359d - - default default] Successfully bumped revision number for resource f05160c2-b299-43db-9fa1-6672b1937bd6 (type: security_group_rules) to 0
2026-06-15 21:10:10.674 9 INFO neutron.wsgi [None req-8f65eac8-5023-4271-8b57-4aa064612ce0 08ba737c21d84e53a547c562745ab03f b0507a2222dd4d03a8206278ebd0359d - - default default] 10.0.0.173 "GET /v2.0/security-groups?tenant_id=4af1da1f3d9f4b6e8ce4cde3dec65d1a&name=default HTTP/1.1" status: 200 len: 3000 time: 0.2146270
2026-06-15 21:10:10.800 9 INFO neutron.db.ovn_revision_numbers_db [None req-7cf8a6d8-5f8b-436f-87c6-3a19576a4246 81c9377f16ad4f3fa260d5f40ac9458f 947aa20ee0ac4a5586f2b140531903be - - default default] Successfully bumped revision number for resource 4494327b-0968-47cc-8cdc-c04ae52b9bc9 (type: routers) to 1
2026-06-15 21:10:10.818 9 INFO neutron.wsgi [None req-7cf8a6d8-5f8b-436f-87c6-3a19576a4246 81c9377f16ad4f3fa260d5f40ac9458f 947aa20ee0ac4a5586f2b140531903be - - default default] 10.0.0.173 "POST /v2.0/routers HTTP/1.1" status: 201 len: 654 time: 0.3293357
2026-06-15 21:10:10.890 10 INFO neutron.wsgi [None req-7b9cbd3e-782c-4faa-bcf4-d168924f1c66 81c9377f16ad4f3fa260d5f40ac9458f 947aa20ee0ac4a5586f2b140531903be - - default default] 10.0.0.173 "PUT /v2.0/routers/4494327b-0968-47cc-8cdc-c04ae52b9bc9/tags HTTP/1.1" status: 200 len: 218 time: 0.0653112
2026-06-15 21:10:10.946 9 INFO neutron.wsgi [None req-b4ce7e67-7610-41c4-b9c8-f40d7c8c695d 81c9377f16ad4f3fa260d5f40ac9458f 947aa20ee0ac4a5586f2b140531903be - - default default] 10.0.0.173 "GET /v2.0/routers/4494327b-0968-47cc-8cdc-c04ae52b9bc9/tags HTTP/1.1" status: 200 len: 218 time: 0.0507557
2026-06-15 21:10:11.001 9 INFO neutron.wsgi [None req-8e12c8c8-49b1-4d1c-87b9-b016ab1fb589 08ba737c21d84e53a547c562745ab03f b0507a2222dd4d03a8206278ebd0359d - - default default] 10.0.0.173 "DELETE /v2.0/security-groups/2e583328-2d64-4999-9d86-2acf7cdd2ee3 HTTP/1.1" status: 204 len: 168 time: 0.3228660
2026-06-15 21:10:11.016 9 INFO neutron.wsgi [None req-1f118c79-d800-434d-9ef4-61a9ebb6e2d8 81c9377f16ad4f3fa260d5f40ac9458f 947aa20ee0ac4a5586f2b140531903be - - default default] 10.0.0.173 "PUT /v2.0/routers/4494327b-0968-47cc-8cdc-c04ae52b9bc9/tags/green HTTP/1.1" status: 201 len: 201 time: 0.0647709
2026-06-15 21:10:11.078 9 INFO neutron.wsgi [None req-3ffeb82f-b74c-44be-a76c-fe96f4b78aa8 81c9377f16ad4f3fa260d5f40ac9458f 947aa20ee0ac4a5586f2b140531903be - - default default] 10.0.0.173 "GET /v2.0/routers/4494327b-0968-47cc-8cdc-c04ae52b9bc9/tags HTTP/1.1" status: 200 len: 227 time: 0.0536995
2026-06-15 21:10:11.141 9 INFO neutron.wsgi [None req-011920f4-cc56-4205-9098-278c90875f02 81c9377f16ad4f3fa260d5f40ac9458f 947aa20ee0ac4a5586f2b140531903be - - default default] 10.0.0.173 "PUT /v2.0/routers/4494327b-0968-47cc-8cdc-c04ae52b9bc9/tags/red HTTP/1.1" status: 201 len: 201 time: 0.0578115
2026-06-15 21:10:11.209 10 INFO neutron.wsgi [None req-c07e1579-d28d-4d56-ae73-60cfeb6d2353 81c9377f16ad4f3fa260d5f40ac9458f 947aa20ee0ac4a5586f2b140531903be - - default default] 10.0.0.173 "GET /v2.0/routers/4494327b-0968-47cc-8cdc-c04ae52b9bc9/tags HTTP/1.1" status: 200 len: 227 time: 0.0564139
2026-06-15 21:10:11.314 9 INFO neutron.wsgi [None req-167fd42d-e304-4df6-8278-bc62ea19f7b3 81c9377f16ad4f3fa260d5f40ac9458f 947aa20ee0ac4a5586f2b140531903be - - default default] 10.0.0.173 "PUT /v2.0/routers/4494327b-0968-47cc-8cdc-c04ae52b9bc9/tags/black.or.white HTTP/1.1" status: 201 len: 201 time: 0.0906789
2026-06-15 21:10:11.340 10 INFO neutron.db.ovn_revision_numbers_db [None req-e4f18a2e-82ac-4780-a6bc-83284da27610 08ba737c21d84e53a547c562745ab03f b0507a2222dd4d03a8206278ebd0359d - - default default] Successfully bumped revision number for resource b8a45da6-226c-4086-ab55-d497aef9115c (type: security_groups) to 1
2026-06-15 21:10:11.362 10 INFO neutron.db.ovn_revision_numbers_db [None req-e4f18a2e-82ac-4780-a6bc-83284da27610 08ba737c21d84e53a547c562745ab03f b0507a2222dd4d03a8206278ebd0359d - - default default] Successfully bumped revision number for resource 086b89d6-412d-48ee-bd72-880fb54fd43d (type: security_group_rules) to 0
2026-06-15 21:10:11.386 10 INFO neutron.db.ovn_revision_numbers_db [None req-e4f18a2e-82ac-4780-a6bc-83284da27610 08ba737c21d84e53a547c562745ab03f b0507a2222dd4d03a8206278ebd0359d - - default default] Successfully bumped revision number for resource 3d13d63b-7fe2-4720-892f-0d1ab40d36d2 (type: security_group_rules) to 0
2026-06-15 21:10:11.410 10 INFO neutron.db.ovn_revision_numbers_db [None req-e4f18a2e-82ac-4780-a6bc-83284da27610 08ba737c21d84e53a547c562745ab03f b0507a2222dd4d03a8206278ebd0359d - - default default] Successfully bumped revision number for resource 7ea4a642-5d50-418e-87e0-1744e982f3ed (type: security_group_rules) to 0
2026-06-15 21:10:11.411 9 INFO neutron.wsgi [None req-9cb54bdc-7294-432e-85fc-d3f025e63980 81c9377f16ad4f3fa260d5f40ac9458f 947aa20ee0ac4a5586f2b140531903be - - default default] 10.0.0.173 "GET /v2.0/routers/4494327b-0968-47cc-8cdc-c04ae52b9bc9/tags HTTP/1.1" status: 200 len: 245 time: 0.0912263
2026-06-15 21:10:11.439 9 INFO neutron.wsgi [req-cab8c3b0-b3b2-466b-af1e-6ad1f25a877f req-265263bd-8ee7-4800-978a-303e01881fe7 e31c1012cf0244f29993e6e22db6226f 68cecce3a30c46008fdad985f61bd9f5 - - default default] 10.0.0.115 "GET /v2.0/ports?device_id=d8faee52-49e0-4976-b5bd-6fe26d1d8c49 HTTP/1.1" status: 200 len: 1390 time: 0.1679595
2026-06-15 21:10:11.452 10 INFO neutron.db.ovn_revision_numbers_db [None req-e4f18a2e-82ac-4780-a6bc-83284da27610 08ba737c21d84e53a547c562745ab03f b0507a2222dd4d03a8206278ebd0359d - - default default] Successfully bumped revision number for resource 9657d32b-cb73-45d2-965d-cc92b3df1f07 (type: security_group_rules) to 0
2026-06-15 21:10:11.488 10 INFO neutron.wsgi [None req-abaa51dd-87c9-45f6-a222-d11499561fa2 81c9377f16ad4f3fa260d5f40ac9458f 947aa20ee0ac4a5586f2b140531903be - - default default] 10.0.0.173 "PUT /v2.0/routers/4494327b-0968-47cc-8cdc-c04ae52b9bc9/tags HTTP/1.1" status: 200 len: 230 time: 0.0720956
2026-06-15 21:10:11.491 10 INFO neutron.wsgi [None req-e4f18a2e-82ac-4780-a6bc-83284da27610 08ba737c21d84e53a547c562745ab03f b0507a2222dd4d03a8206278ebd0359d - - default default] 10.0.0.173 "GET /v2.0/security-groups?tenant_id=dee542ecc0ae416f865244b2c43122a3&name=default HTTP/1.1" status: 200 len: 3000 time: 0.3502035
2026-06-15 21:10:11.497 9 INFO neutron.wsgi [req-cab8c3b0-b3b2-466b-af1e-6ad1f25a877f req-e7a0952d-4a96-4c6b-af27-5fca9cb81378 e31c1012cf0244f29993e6e22db6226f 68cecce3a30c46008fdad985f61bd9f5 - - default default] 10.0.0.115 "GET /v2.0/security-groups?id=5db29078-e1bb-40d3-95ad-92f2330efe59&fields=id&fields=name HTTP/1.1" status: 200 len: 310 time: 0.0519376
2026-06-15 21:10:11.548 10 INFO neutron.wsgi [None req-62744b34-428c-4f2a-9d7f-4d9053f11e31 81c9377f16ad4f3fa260d5f40ac9458f 947aa20ee0ac4a5586f2b140531903be - - default default] 10.0.0.173 "GET /v2.0/routers/4494327b-0968-47cc-8cdc-c04ae52b9bc9/tags HTTP/1.1" status: 200 len: 230 time: 0.0515375
2026-06-15 21:10:11.742 10 INFO neutron.wsgi [None req-717879a0-7242-47d0-9579-317261fb34ea 08ba737c21d84e53a547c562745ab03f b0507a2222dd4d03a8206278ebd0359d - - default default] 10.0.0.173 "DELETE /v2.0/security-groups/b8a45da6-226c-4086-ab55-d497aef9115c HTTP/1.1" status: 204 len: 168 time: 0.2454884
2026-06-15 21:10:11.802 9 INFO neutron.wsgi [None req-bbdf52c8-f327-426d-98ba-4cc2a577c9e4 81c9377f16ad4f3fa260d5f40ac9458f 947aa20ee0ac4a5586f2b140531903be - - default default] 10.0.0.173 "GET /v2.0/routers/4494327b-0968-47cc-8cdc-c04ae52b9bc9/tags/red HTTP/1.1" status: 204 len: 168 time: 0.2487867
2026-06-15 21:10:11.852 9 INFO neutron.api.v2.resource [None req-4b619008-a075-4a71-8d1a-21be8cc17b6a 81c9377f16ad4f3fa260d5f40ac9458f 947aa20ee0ac4a5586f2b140531903be - - default default] show failed (client error): The resource could not be found.
2026-06-15 21:10:11.853 9 INFO neutron.wsgi [None req-4b619008-a075-4a71-8d1a-21be8cc17b6a 81c9377f16ad4f3fa260d5f40ac9458f 947aa20ee0ac4a5586f2b140531903be - - default default] 10.0.0.173 "GET /v2.0/routers/4494327b-0968-47cc-8cdc-c04ae52b9bc9/tags/green HTTP/1.1" status: 404 len: 299 time: 0.0452454
2026-06-15 21:10:11.925 9 INFO neutron.wsgi [None req-86dbed2d-0a9c-473d-922f-91337e6b3eb5 81c9377f16ad4f3fa260d5f40ac9458f 947aa20ee0ac4a5586f2b140531903be - - default default] 10.0.0.173 "DELETE /v2.0/routers/4494327b-0968-47cc-8cdc-c04ae52b9bc9/tags/red HTTP/1.1" status: 204 len: 168 time: 0.0649517
2026-06-15 21:10:11.981 9 INFO neutron.wsgi [None req-43b469de-2df6-4bb9-8e7d-a0c036c64115 81c9377f16ad4f3fa260d5f40ac9458f 947aa20ee0ac4a5586f2b140531903be - - default default] 10.0.0.173 "GET /v2.0/routers/4494327b-0968-47cc-8cdc-c04ae52b9bc9/tags HTTP/1.1" status: 200 len: 223 time: 0.0515077
2026-06-15 21:10:12.032 9 INFO neutron.api.v2.resource [None req-d08cc2cb-9f30-4d28-919f-1cc6d34c6dd8 81c9377f16ad4f3fa260d5f40ac9458f 947aa20ee0ac4a5586f2b140531903be - - default default] delete failed (client error): The resource could not be found.
2026-06-15 21:10:12.033 9 INFO neutron.wsgi [None req-d08cc2cb-9f30-4d28-919f-1cc6d34c6dd8 81c9377f16ad4f3fa260d5f40ac9458f 947aa20ee0ac4a5586f2b140531903be - - default default] 10.0.0.173 "DELETE /v2.0/routers/4494327b-0968-47cc-8cdc-c04ae52b9bc9/tags/green HTTP/1.1" status: 404 len: 299 time: 0.0467234
2026-06-15 21:10:12.106 9 INFO neutron.wsgi [None req-4338c545-5503-4d44-83cf-57acb724f6f1 81c9377f16ad4f3fa260d5f40ac9458f 947aa20ee0ac4a5586f2b140531903be - - default default] 10.0.0.173 "DELETE /v2.0/routers/4494327b-0968-47cc-8cdc-c04ae52b9bc9/tags HTTP/1.1" status: 204 len: 168 time: 0.0683804
2026-06-15 21:10:12.162 10 INFO neutron.wsgi [None req-67bb7f77-489f-4222-af52-ee3e9bfb25e4 81c9377f16ad4f3fa260d5f40ac9458f 947aa20ee0ac4a5586f2b140531903be - - default default] 10.0.0.173 "GET /v2.0/routers/4494327b-0968-47cc-8cdc-c04ae52b9bc9/tags HTTP/1.1" status: 200 len: 205 time: 0.0510910
2026-06-15 21:10:12.214 10 INFO neutron.wsgi [None req-ba80d3e1-0bc5-44d3-b686-12bd5aaeb6c6 81c9377f16ad4f3fa260d5f40ac9458f 947aa20ee0ac4a5586f2b140531903be - - default default] 10.0.0.173 "GET /v2.0/routers/4494327b-0968-47cc-8cdc-c04ae52b9bc9 HTTP/1.1" status: 200 len: 655 time: 0.0382798
2026-06-15 21:10:12.902 10 INFO neutron.db.ovn_revision_numbers_db [None req-0e78eb65-734d-4247-ab82-819344d4e853 81c9377f16ad4f3fa260d5f40ac9458f 947aa20ee0ac4a5586f2b140531903be - - default default] Successfully bumped revision number for resource 4494327b-0968-47cc-8cdc-c04ae52b9bc9 (type: routers) to 7
2026-06-15 21:10:12.905 10 INFO neutron.wsgi [None req-0e78eb65-734d-4247-ab82-819344d4e853 81c9377f16ad4f3fa260d5f40ac9458f 947aa20ee0ac4a5586f2b140531903be - - default default] 10.0.0.173 "PUT /v2.0/routers/4494327b-0968-47cc-8cdc-c04ae52b9bc9 HTTP/1.1" status: 200 len: 655 time: 0.6864896
2026-06-15 21:10:12.927 10 INFO neutron.wsgi [None req-9e604277-c657-45c7-bd99-af94c8eb03e0 81c9377f16ad4f3fa260d5f40ac9458f 947aa20ee0ac4a5586f2b140531903be - - default default] 10.0.0.173 "GET /v2.0/ports?device_id=4494327b-0968-47cc-8cdc-c04ae52b9bc9 HTTP/1.1" status: 200 len: 205 time: 0.0148966
2026-06-15 21:10:13.182 9 INFO neutron.wsgi [None req-3e8127f6-8a17-4e6d-b398-8d67528e58d7 81c9377f16ad4f3fa260d5f40ac9458f 947aa20ee0ac4a5586f2b140531903be - - default default] 10.0.0.173 "DELETE /v2.0/routers/4494327b-0968-47cc-8cdc-c04ae52b9bc9 HTTP/1.1" status: 204 len: 168 time: 0.2456074
2026-06-15 21:10:13.649 10 WARNING neutron.plugins.ml2.drivers.ovn.mech_driver.ovsdb.ovn_client [None req-3afca453-c60e-41f0-8287-6cf6a5717111 - - - - - -] No hosting information found for port afd825e0-9b22-45b8-b91a-1b590f447982: RuntimeError: No hosting information found for port afd825e0-9b22-45b8-b91a-1b590f447982
2026-06-15 21:10:13.650 10 INFO neutron.plugins.ml2.drivers.ovn.mech_driver.mech_driver [None req-3afca453-c60e-41f0-8287-6cf6a5717111 - - - - - -] OVN reports status up for port: 76e397af-9657-4b3d-acdb-d74b05f5f9e9
2026-06-15 21:10:13.667 10 INFO neutron.plugins.ml2.plugin [None req-3afca453-c60e-41f0-8287-6cf6a5717111 - - - - - -] Attempt 1 to provision port 76e397af-9657-4b3d-acdb-d74b05f5f9e9
2026-06-15 21:10:13.791 10 INFO neutron.notifiers.nova [-] Nova event matching ['req-511748ba-2298-4b6b-be59-0cc54fafea79'] response: {'server_uuid': 'd8faee52-49e0-4976-b5bd-6fe26d1d8c49', 'name': 'network-vif-plugged', 'status': 'completed', 'tag': '76e397af-9657-4b3d-acdb-d74b05f5f9e9', 'code': 200}
2026-06-15 21:10:13.971 10 INFO neutron.db.ovn_revision_numbers_db [None req-3afca453-c60e-41f0-8287-6cf6a5717111 - - - - - -] Successfully bumped revision number for resource 76e397af-9657-4b3d-acdb-d74b05f5f9e9 (type: ports) to 4
2026-06-15 21:10:14.163 9 INFO neutron.db.ovn_revision_numbers_db [None req-c17fdce1-a44a-4196-bb35-1662b3c1e465 08ba737c21d84e53a547c562745ab03f b0507a2222dd4d03a8206278ebd0359d - - default default] Successfully bumped revision number for resource 2ae31339-3cd8-4915-aa99-d28e4084f5c4 (type: security_groups) to 1
2026-06-15 21:10:14.177 9 INFO neutron.db.ovn_revision_numbers_db [None req-c17fdce1-a44a-4196-bb35-1662b3c1e465 08ba737c21d84e53a547c562745ab03f b0507a2222dd4d03a8206278ebd0359d - - default default] Successfully bumped revision number for resource 0a210aa9-7b04-4c44-83eb-f7518daecba9 (type: security_group_rules) to 0
2026-06-15 21:10:14.189 9 INFO neutron.db.ovn_revision_numbers_db [None req-c17fdce1-a44a-4196-bb35-1662b3c1e465 08ba737c21d84e53a547c562745ab03f b0507a2222dd4d03a8206278ebd0359d - - default default] Successfully bumped revision number for resource 66762f0f-6fde-4f9f-abc8-1640370eaad5 (type: security_group_rules) to 0
2026-06-15 21:10:14.203 9 INFO neutron.db.ovn_revision_numbers_db [None req-c17fdce1-a44a-4196-bb35-1662b3c1e465 08ba737c21d84e53a547c562745ab03f b0507a2222dd4d03a8206278ebd0359d - - default default] Successfully bumped revision number for resource 83640ec8-ad71-474f-bd13-9e1bdd926de4 (type: security_group_rules) to 0
2026-06-15 21:10:14.219 9 INFO neutron.db.ovn_revision_numbers_db [None req-c17fdce1-a44a-4196-bb35-1662b3c1e465 08ba737c21d84e53a547c562745ab03f b0507a2222dd4d03a8206278ebd0359d - - default default] Successfully bumped revision number for resource b417320b-0770-44b6-b324-0dd887e264f1 (type: security_group_rules) to 0
2026-06-15 21:10:14.243 9 INFO neutron.wsgi [None req-c17fdce1-a44a-4196-bb35-1662b3c1e465 08ba737c21d84e53a547c562745ab03f b0507a2222dd4d03a8206278ebd0359d - - default default] 10.0.0.173 "GET /v2.0/security-groups?tenant_id=947aa20ee0ac4a5586f2b140531903be&name=default HTTP/1.1" status: 200 len: 3000 time: 0.3646491
2026-06-15 21:10:14.450 9 INFO neutron.wsgi [None req-f8de4d52-0c5d-4ef2-aeba-e946555f6afb 08ba737c21d84e53a547c562745ab03f b0507a2222dd4d03a8206278ebd0359d - - default default] 10.0.0.173 "DELETE /v2.0/security-groups/2ae31339-3cd8-4915-aa99-d28e4084f5c4 HTTP/1.1" status: 204 len: 168 time: 0.2014065
2026-06-15 21:10:14.727 9 INFO neutron.db.ovn_revision_numbers_db [None req-6c45368f-e695-483c-ba94-adcf91952b60 08ba737c21d84e53a547c562745ab03f b0507a2222dd4d03a8206278ebd0359d - - default default] Successfully bumped revision number for resource 772e0895-4a83-48ef-a552-5b07906d46c0 (type: security_groups) to 1
2026-06-15 21:10:14.741 9 INFO neutron.db.ovn_revision_numbers_db [None req-6c45368f-e695-483c-ba94-adcf91952b60 08ba737c21d84e53a547c562745ab03f b0507a2222dd4d03a8206278ebd0359d - - default default] Successfully bumped revision number for resource 18aac643-362d-4d42-b569-ccf461f86499 (type: security_group_rules) to 0
2026-06-15 21:10:14.755 9 INFO neutron.db.ovn_revision_numbers_db [None req-6c45368f-e695-483c-ba94-adcf91952b60 08ba737c21d84e53a547c562745ab03f b0507a2222dd4d03a8206278ebd0359d - - default default] Successfully bumped revision number for resource 285973f0-2482-4d6d-af71-0c9e9f0ce6b3 (type: security_group_rules) to 0
2026-06-15 21:10:14.770 9 INFO neutron.db.ovn_revision_numbers_db [None req-6c45368f-e695-483c-ba94-adcf91952b60 08ba737c21d84e53a547c562745ab03f b0507a2222dd4d03a8206278ebd0359d - - default default] Successfully bumped revision number for resource 59dc6d01-960a-4cc4-81d1-239adfc4ae00 (type: security_group_rules) to 0
2026-06-15 21:10:14.783 9 INFO neutron.db.ovn_revision_numbers_db [None req-6c45368f-e695-483c-ba94-adcf91952b60 08ba737c21d84e53a547c562745ab03f b0507a2222dd4d03a8206278ebd0359d - - default default] Successfully bumped revision number for resource f46d1fe7-1128-4d90-bfc2-7ca18a273fe6 (type: security_group_rules) to 0
2026-06-15 21:10:14.805 9 INFO neutron.wsgi [None req-6c45368f-e695-483c-ba94-adcf91952b60 08ba737c21d84e53a547c562745ab03f b0507a2222dd4d03a8206278ebd0359d - - default default] 10.0.0.173 "GET /v2.0/security-groups?tenant_id=61068512d50b49fb91bcb8fdbf6420a2&name=default HTTP/1.1" status: 200 len: 3000 time: 0.1884620
2026-06-15 21:10:15.102 9 INFO neutron.wsgi [None req-144f43b2-72c6-45d4-a10b-459fda1d792a 08ba737c21d84e53a547c562745ab03f b0507a2222dd4d03a8206278ebd0359d - - default default] 10.0.0.173 "DELETE /v2.0/security-groups/772e0895-4a83-48ef-a552-5b07906d46c0 HTTP/1.1" status: 204 len: 168 time: 0.2912366
2026-06-15 21:10:15.828 10 INFO neutron.notifiers.nova [-] Nova event matching ['req-aa33147e-a981-40e6-bb88-1cfc91b14822'] response: {'server_uuid': 'd8faee52-49e0-4976-b5bd-6fe26d1d8c49', 'name': 'network-vif-plugged', 'status': 'completed', 'tag': '76e397af-9657-4b3d-acdb-d74b05f5f9e9', 'code': 200} /var/lib/openstack/lib/python3.10/site-packages/pycadf/identifier.py:71: UserWarning: Invalid uuid: neutron. To ensure interoperability, identifiers should be a valid uuid. warnings.warn(('Invalid uuid: %s. To ensure interoperability, '
2026-06-15 21:10:16.204 10 INFO neutron.wsgi [req-6d752f12-c9d7-415f-95a0-42554376f7e3 req-ed7b74b4-ba42-46b8-bc71-5522c26f9a5b f295b0e2fa4742f79edf8028d7cca781 dd8b079234fb488db03e6de01e8e0df3 - - 8792d6fbeb0d44a2b80411231089ccdb 8792d6fbeb0d44a2b80411231089ccdb] 199.204.45.138 "GET /v2.0/ports?device_id=d8faee52-49e0-4976-b5bd-6fe26d1d8c49&fields=binding%3Ahost_id&fields=binding%3Avif_type HTTP/1.1" status: 200 len: 265 time: 0.0448065
2026-06-15 21:10:16.278 10 INFO neutron.wsgi [req-6d752f12-c9d7-415f-95a0-42554376f7e3 req-7fc03978-640b-4bf5-9ad3-a9a8f62a3541 f295b0e2fa4742f79edf8028d7cca781 dd8b079234fb488db03e6de01e8e0df3 - - 8792d6fbeb0d44a2b80411231089ccdb 8792d6fbeb0d44a2b80411231089ccdb] 199.204.45.138 "GET /v2.0/ports?tenant_id=68cecce3a30c46008fdad985f61bd9f5&device_id=d8faee52-49e0-4976-b5bd-6fe26d1d8c49 HTTP/1.1" status: 200 len: 1630 time: 0.0391922
2026-06-15 21:10:16.362 10 INFO neutron.wsgi [req-6d752f12-c9d7-415f-95a0-42554376f7e3 req-6b7f8eca-c070-407b-a209-4f06db49b361 f295b0e2fa4742f79edf8028d7cca781 dd8b079234fb488db03e6de01e8e0df3 - - 8792d6fbeb0d44a2b80411231089ccdb 8792d6fbeb0d44a2b80411231089ccdb] 199.204.45.138 "GET /v2.0/networks?id=2908cd0e-7ecd-4e3a-83ba-a4f13a8b3819 HTTP/1.1" status: 200 len: 1002 time: 0.0677967
2026-06-15 21:10:16.390 10 INFO neutron.wsgi [req-6d752f12-c9d7-415f-95a0-42554376f7e3 req-ba68c62b-4b9d-47d4-a010-0790900c5e59 f295b0e2fa4742f79edf8028d7cca781 dd8b079234fb488db03e6de01e8e0df3 - - 8792d6fbeb0d44a2b80411231089ccdb 8792d6fbeb0d44a2b80411231089ccdb] 199.204.45.138 "GET /v2.0/floatingips?fixed_ip_address=10.2.1.149&port_id=76e397af-9657-4b3d-acdb-d74b05f5f9e9 HTTP/1.1" status: 200 len: 217 time: 0.0235980
2026-06-15 21:10:16.416 10 INFO neutron.wsgi [req-6d752f12-c9d7-415f-95a0-42554376f7e3 req-3aecb636-7ceb-4d97-b2fe-8cf926d99ebf f295b0e2fa4742f79edf8028d7cca781 dd8b079234fb488db03e6de01e8e0df3 - - 8792d6fbeb0d44a2b80411231089ccdb 8792d6fbeb0d44a2b80411231089ccdb] 199.204.45.138 "GET /v2.0/floatingips?fixed_ip_address=fd7b%3Af9f7%3Afff%3A4eca%3A%3A9&port_id=76e397af-9657-4b3d-acdb-d74b05f5f9e9 HTTP/1.1" status: 200 len: 217 time: 0.0221586
2026-06-15 21:10:16.449 9 WARNING neutron_lib.context [None req-7e7e9a51-9798-4936-b304-b63d56c2f948 f73134e7dd8f4afead71794ed8eb7d5b b20fe87faac54f84895f7606ed420794 - - default default] Method 'is_advsvc' is deprecated since 2023.2 release (neutron-lib 3.8.0) and will be removed once support for the old RBAC API policies will be removed from Neutron. Please use method 'is_service_role' instead.
2026-06-15 21:10:16.463 10 INFO neutron.wsgi [req-6d752f12-c9d7-415f-95a0-42554376f7e3 req-07f5d33c-dad9-485d-beea-7707cfa43752 f295b0e2fa4742f79edf8028d7cca781 dd8b079234fb488db03e6de01e8e0df3 - - 8792d6fbeb0d44a2b80411231089ccdb 8792d6fbeb0d44a2b80411231089ccdb] 199.204.45.138 "GET /v2.0/subnets?id=e9397c37-5c0a-4541-bfcd-0f7deb66d802&id=d9086f16-2d00-490d-95c1-8ea5dfc7b524 HTTP/1.1" status: 200 len: 1561 time: 0.0438643
2026-06-15 21:10:16.485 10 INFO neutron.wsgi [req-6d752f12-c9d7-415f-95a0-42554376f7e3 req-2ce8d9a8-9fb1-458b-a0be-74d2b96e8021 f295b0e2fa4742f79edf8028d7cca781 dd8b079234fb488db03e6de01e8e0df3 - - 8792d6fbeb0d44a2b80411231089ccdb 8792d6fbeb0d44a2b80411231089ccdb] 199.204.45.138 "GET /v2.0/ports?network_id=2908cd0e-7ecd-4e3a-83ba-a4f13a8b3819&device_owner=network%3Adhcp HTTP/1.1" status: 200 len: 210 time: 0.0189800
2026-06-15 21:10:16.509 10 INFO neutron.wsgi [req-6d752f12-c9d7-415f-95a0-42554376f7e3 req-6a907149-d47b-4766-89f0-82a15d6df7c5 f295b0e2fa4742f79edf8028d7cca781 dd8b079234fb488db03e6de01e8e0df3 - - 8792d6fbeb0d44a2b80411231089ccdb 8792d6fbeb0d44a2b80411231089ccdb] 199.204.45.138 "GET /v2.0/ports?network_id=2908cd0e-7ecd-4e3a-83ba-a4f13a8b3819&device_owner=network%3Adhcp HTTP/1.1" status: 200 len: 210 time: 0.0201170
2026-06-15 21:10:16.581 9 INFO neutron.db.ovn_revision_numbers_db [None req-7e7e9a51-9798-4936-b304-b63d56c2f948 f73134e7dd8f4afead71794ed8eb7d5b b20fe87faac54f84895f7606ed420794 - - default default] Successfully bumped revision number for resource 69bec3ad-4ff6-4a85-bbc9-645d715c4e0e (type: security_groups) to 1
2026-06-15 21:10:16.589 10 INFO neutron.wsgi [req-6d752f12-c9d7-415f-95a0-42554376f7e3 req-7726a89b-64ee-4997-bba8-e7947da11fa9 f295b0e2fa4742f79edf8028d7cca781 dd8b079234fb488db03e6de01e8e0df3 - - 8792d6fbeb0d44a2b80411231089ccdb 8792d6fbeb0d44a2b80411231089ccdb] 199.204.45.138 "GET /v2.0/networks/2908cd0e-7ecd-4e3a-83ba-a4f13a8b3819?fields=segments HTTP/1.1" status: 200 len: 212 time: 0.0747218
2026-06-15 21:10:16.607 9 INFO neutron.db.ovn_revision_numbers_db [None req-7e7e9a51-9798-4936-b304-b63d56c2f948 f73134e7dd8f4afead71794ed8eb7d5b b20fe87faac54f84895f7606ed420794 - - default default] Successfully bumped revision number for resource 56c4a4dd-77e4-4c2c-a1cc-4cb1b44da4fb (type: security_group_rules) to 0
2026-06-15 21:10:16.629 9 INFO neutron.db.ovn_revision_numbers_db [None req-7e7e9a51-9798-4936-b304-b63d56c2f948 f73134e7dd8f4afead71794ed8eb7d5b b20fe87faac54f84895f7606ed420794 - - default default] Successfully bumped revision number for resource 5f8e4312-7dfd-45d6-ad31-fa4b512ceaab (type: security_group_rules) to 0
2026-06-15 21:10:16.646 9 INFO neutron.db.ovn_revision_numbers_db [None req-7e7e9a51-9798-4936-b304-b63d56c2f948 f73134e7dd8f4afead71794ed8eb7d5b b20fe87faac54f84895f7606ed420794 - - default default] Successfully bumped revision number for resource 9ebe3b62-601b-41a5-ad9f-1f78841cc2b5 (type: security_group_rules) to 0
2026-06-15 21:10:16.652 10 INFO neutron.wsgi [req-6d752f12-c9d7-415f-95a0-42554376f7e3 req-862a2d6d-34c0-4c51-91c6-72b4b1d96292 f295b0e2fa4742f79edf8028d7cca781 dd8b079234fb488db03e6de01e8e0df3 - - 8792d6fbeb0d44a2b80411231089ccdb 8792d6fbeb0d44a2b80411231089ccdb] 199.204.45.138 "GET /v2.0/networks/2908cd0e-7ecd-4e3a-83ba-a4f13a8b3819?fields=provider%3Aphysical_network&fields=provider%3Anetwork_type HTTP/1.1" status: 200 len: 277 time: 0.0589645
2026-06-15 21:10:16.663 9 INFO neutron.wsgi [req-db605d99-6d5a-48b4-9a83-525e0e073b8b req-798f6e60-343f-4c6c-9aa0-620885659c49 e31c1012cf0244f29993e6e22db6226f 68cecce3a30c46008fdad985f61bd9f5 - - default default] 10.0.0.115 "GET /v2.0/ports?device_id=d8faee52-49e0-4976-b5bd-6fe26d1d8c49 HTTP/1.1" status: 200 len: 1392 time: 0.0918016
2026-06-15 21:10:16.663 9 INFO neutron.db.ovn_revision_numbers_db [None req-7e7e9a51-9798-4936-b304-b63d56c2f948 f73134e7dd8f4afead71794ed8eb7d5b b20fe87faac54f84895f7606ed420794 - - default default] Successfully bumped revision number for resource ec3aeb42-2f80-44e7-8346-5010e9529719 (type: security_group_rules) to 0
2026-06-15 21:10:16.709 9 INFO neutron.wsgi [req-db605d99-6d5a-48b4-9a83-525e0e073b8b req-628ed486-e895-4d50-ad5d-820c2c61502c e31c1012cf0244f29993e6e22db6226f 68cecce3a30c46008fdad985f61bd9f5 - - default default] 10.0.0.115 "GET /v2.0/security-groups?id=5db29078-e1bb-40d3-95ad-92f2330efe59&fields=id&fields=name HTTP/1.1" status: 200 len: 310 time: 0.0384676
2026-06-15 21:10:16.718 9 INFO neutron.db.segments_db [None req-7e7e9a51-9798-4936-b304-b63d56c2f948 f73134e7dd8f4afead71794ed8eb7d5b b20fe87faac54f84895f7606ed420794 - - default default] Added segment 0b9d31da-89e9-4b48-8896-62d9b751dadd of type geneve for network 59799d82-c41f-47e7-817a-ce00dc0fdf6f
2026-06-15 21:10:16.815 9 INFO neutron.wsgi [None req-0318d2d1-84be-4a80-947f-6ecc478b871e e31c1012cf0244f29993e6e22db6226f 68cecce3a30c46008fdad985f61bd9f5 - - default default] 10.0.0.173 "GET /v2.0/ports?network_id=2908cd0e-7ecd-4e3a-83ba-a4f13a8b3819&mac_address=fa%3A16%3A3e%3Aff%3A5b%3A17 HTTP/1.1" status: 200 len: 1387 time: 0.0741696
2026-06-15 21:10:16.828 10 WARNING neutron_lib.context [None req-5e07fd8e-5114-4afe-8939-f545f90b8f50 e31c1012cf0244f29993e6e22db6226f 68cecce3a30c46008fdad985f61bd9f5 - - default default] Method 'is_advsvc' is deprecated since 2023.2 release (neutron-lib 3.8.0) and will be removed once support for the old RBAC API policies will be removed from Neutron. Please use method 'is_service_role' instead.
2026-06-15 21:10:16.905 9 INFO neutron.db.ovn_revision_numbers_db [None req-7e7e9a51-9798-4936-b304-b63d56c2f948 f73134e7dd8f4afead71794ed8eb7d5b b20fe87faac54f84895f7606ed420794 - - default default] Successfully bumped revision number for resource 59799d82-c41f-47e7-817a-ce00dc0fdf6f (type: networks) to 1
2026-06-15 21:10:17.074 9 WARNING neutron.scheduler.dhcp_agent_scheduler [None req-7e7e9a51-9798-4936-b304-b63d56c2f948 f73134e7dd8f4afead71794ed8eb7d5b b20fe87faac54f84895f7606ed420794 - - default default] No more DHCP agents
2026-06-15 21:10:17.076 9 WARNING neutron.api.rpc.agentnotifiers.dhcp_rpc_agent_api [None req-7e7e9a51-9798-4936-b304-b63d56c2f948 f73134e7dd8f4afead71794ed8eb7d5b b20fe87faac54f84895f7606ed420794 - - default default] Unable to schedule network 59799d82-c41f-47e7-817a-ce00dc0fdf6f: no agents available; will retry on subsequent port and subnet creation events.
2026-06-15 21:10:17.081 10 WARNING neutron.scheduler.dhcp_agent_scheduler [None req-5e07fd8e-5114-4afe-8939-f545f90b8f50 e31c1012cf0244f29993e6e22db6226f 68cecce3a30c46008fdad985f61bd9f5 - - default default] No more DHCP agents
2026-06-15 21:10:17.084 10 WARNING neutron.api.rpc.agentnotifiers.dhcp_rpc_agent_api [None req-5e07fd8e-5114-4afe-8939-f545f90b8f50 e31c1012cf0244f29993e6e22db6226f 68cecce3a30c46008fdad985f61bd9f5 - - default default] Unable to schedule network 0404a59f-5d03-4d96-82f5-10213451dfeb: no agents available; will retry on subsequent port and subnet creation events.
2026-06-15 21:10:17.174 9 INFO neutron.db.ovn_revision_numbers_db [None req-7e7e9a51-9798-4936-b304-b63d56c2f948 f73134e7dd8f4afead71794ed8eb7d5b b20fe87faac54f84895f7606ed420794 - - default default] Successfully bumped revision number for resource aa44a7e4-adb7-49ea-9cac-fc19a7723742 (type: ports) to 1
2026-06-15 21:10:17.197 9 INFO neutron.wsgi [None req-7e7e9a51-9798-4936-b304-b63d56c2f948 f73134e7dd8f4afead71794ed8eb7d5b b20fe87faac54f84895f7606ed420794 - - default default] 10.0.0.173 "POST /v2.0/networks HTTP/1.1" status: 201 len: 831 time: 0.9206991
2026-06-15 21:10:17.206 9 WARNING neutron_lib.context [None req-82272665-7a57-4042-bf58-c2141314692c f73134e7dd8f4afead71794ed8eb7d5b b20fe87faac54f84895f7606ed420794 - - default default] Method 'is_advsvc' is deprecated since 2023.2 release (neutron-lib 3.8.0) and will be removed once support for the old RBAC API policies will be removed from Neutron. Please use method 'is_service_role' instead.
2026-06-15 21:10:17.457 9 WARNING neutron.scheduler.dhcp_agent_scheduler [None req-82272665-7a57-4042-bf58-c2141314692c f73134e7dd8f4afead71794ed8eb7d5b b20fe87faac54f84895f7606ed420794 - - default default] No more DHCP agents
2026-06-15 21:10:17.459 9 WARNING neutron.api.rpc.agentnotifiers.dhcp_rpc_agent_api [None req-82272665-7a57-4042-bf58-c2141314692c f73134e7dd8f4afead71794ed8eb7d5b b20fe87faac54f84895f7606ed420794 - - default default] Unable to schedule network 59799d82-c41f-47e7-817a-ce00dc0fdf6f: no agents available; will retry on subsequent port and subnet creation events.
2026-06-15 21:10:17.538 10 INFO neutron.db.l3_db [None req-5e07fd8e-5114-4afe-8939-f545f90b8f50 e31c1012cf0244f29993e6e22db6226f 68cecce3a30c46008fdad985f61bd9f5 - - default default] Floating IP 16448cc2-ba86-4a83-9479-63f31fcaa8b9 associated. External IP: 10.96.250.207, port: 76e397af-9657-4b3d-acdb-d74b05f5f9e9.
2026-06-15 21:10:17.742 10 INFO neutron.db.ovn_revision_numbers_db [None req-5e07fd8e-5114-4afe-8939-f545f90b8f50 e31c1012cf0244f29993e6e22db6226f 68cecce3a30c46008fdad985f61bd9f5 - - default default] Successfully bumped revision number for resource 16448cc2-ba86-4a83-9479-63f31fcaa8b9 (type: floatingips) to 0
2026-06-15 21:10:17.842 10 INFO neutron.db.ovn_revision_numbers_db [None req-5e07fd8e-5114-4afe-8939-f545f90b8f50 e31c1012cf0244f29993e6e22db6226f 68cecce3a30c46008fdad985f61bd9f5 - - default default] Successfully bumped revision number for resource 16448cc2-ba86-4a83-9479-63f31fcaa8b9 (type: floatingips) to 1
2026-06-15 21:10:17.882 10 INFO neutron.wsgi [None req-5e07fd8e-5114-4afe-8939-f545f90b8f50 e31c1012cf0244f29993e6e22db6226f 68cecce3a30c46008fdad985f61bd9f5 - - default default] 10.0.0.173 "POST /v2.0/floatingips HTTP/1.1" status: 201 len: 1054 time: 1.0616033
2026-06-15 21:10:17.918 10 INFO neutron.notifiers.nova [-] Nova event matching ['req-3661c0ea-e4fd-4090-a10f-c45fdc67df43'] response: {'name': 'network-changed', 'server_uuid': 'd8faee52-49e0-4976-b5bd-6fe26d1d8c49', 'tag': '76e397af-9657-4b3d-acdb-d74b05f5f9e9', 'status': 'completed', 'code': 200} /var/lib/openstack/lib/python3.10/site-packages/pycadf/identifier.py:71: UserWarning: Invalid uuid: neutron. To ensure interoperability, identifiers should be a valid uuid. warnings.warn(('Invalid uuid: %s. To ensure interoperability, '
2026-06-15 21:10:17.993 10 INFO neutron.wsgi [req-80311553-51c1-4d41-95bf-e94554be06ac req-fdf8a4e3-95fd-46eb-879b-ad0e6e48a54e f295b0e2fa4742f79edf8028d7cca781 dd8b079234fb488db03e6de01e8e0df3 - - 8792d6fbeb0d44a2b80411231089ccdb 8792d6fbeb0d44a2b80411231089ccdb] 199.204.45.138 "GET /v2.0/ports?tenant_id=68cecce3a30c46008fdad985f61bd9f5&device_id=d8faee52-49e0-4976-b5bd-6fe26d1d8c49 HTTP/1.1" status: 200 len: 1630 time: 0.0505943
