2026-06-15 21:10:18.016 9 INFO neutron.wsgi [req-7a223815-b26b-4c8b-b2d7-b87434ee5a53 req-e88c9cd9-5f1c-4183-b5c7-822a174f9c73 e31c1012cf0244f29993e6e22db6226f 68cecce3a30c46008fdad985f61bd9f5 - - default default] 10.0.0.115 "GET /v2.0/security-groups?name=tempest-lb_member_SG-783927270&fields=id&tenant_id=68cecce3a30c46008fdad985f61bd9f5 HTTP/1.1" status: 200 len: 267 time: 0.0564389
2026-06-15 21:10:18.058 10 INFO neutron.wsgi [req-80311553-51c1-4d41-95bf-e94554be06ac req-3dfdd776-aae1-4b77-aae9-10dd4c46c1e4 f295b0e2fa4742f79edf8028d7cca781 dd8b079234fb488db03e6de01e8e0df3 - - 8792d6fbeb0d44a2b80411231089ccdb 8792d6fbeb0d44a2b80411231089ccdb] 199.204.45.138 "GET /v2.0/networks?id=2908cd0e-7ecd-4e3a-83ba-a4f13a8b3819 HTTP/1.1" status: 200 len: 1002 time: 0.0593216
2026-06-15 21:10:18.072 9 INFO neutron.db.ovn_revision_numbers_db [None req-82272665-7a57-4042-bf58-c2141314692c f73134e7dd8f4afead71794ed8eb7d5b b20fe87faac54f84895f7606ed420794 - - default default] Successfully bumped revision number for resource aa44a7e4-adb7-49ea-9cac-fc19a7723742 (type: ports) to 2
2026-06-15 21:10:18.093 9 INFO neutron.wsgi [req-7a223815-b26b-4c8b-b2d7-b87434ee5a53 req-a00a9127-02d8-47e0-9da5-813c234da25c e31c1012cf0244f29993e6e22db6226f 68cecce3a30c46008fdad985f61bd9f5 - - default default] 10.0.0.115 "GET /v2.0/networks?id=b4ef25bf-df1a-40ec-bceb-047cda66ec40 HTTP/1.1" status: 200 len: 904 time: 0.0719984
2026-06-15 21:10:18.107 10 INFO neutron.wsgi [req-80311553-51c1-4d41-95bf-e94554be06ac req-0f91a50d-bad9-4172-b7f0-eedde909d448 f295b0e2fa4742f79edf8028d7cca781 dd8b079234fb488db03e6de01e8e0df3 - - 8792d6fbeb0d44a2b80411231089ccdb 8792d6fbeb0d44a2b80411231089ccdb] 199.204.45.138 "GET /v2.0/floatingips?fixed_ip_address=10.2.1.149&port_id=76e397af-9657-4b3d-acdb-d74b05f5f9e9 HTTP/1.1" status: 200 len: 1059 time: 0.0404227
2026-06-15 21:10:18.113 9 INFO neutron.wsgi [req-7a223815-b26b-4c8b-b2d7-b87434ee5a53 req-6c257f84-7828-4634-bf4b-cede113ff8bc e31c1012cf0244f29993e6e22db6226f 68cecce3a30c46008fdad985f61bd9f5 - - default default] 10.0.0.115 "GET /v2.0/quotas/68cecce3a30c46008fdad985f61bd9f5 HTTP/1.1" status: 200 len: 386 time: 0.0120697
2026-06-15 21:10:18.117 9 INFO neutron.db.ovn_revision_numbers_db [None req-82272665-7a57-4042-bf58-c2141314692c f73134e7dd8f4afead71794ed8eb7d5b b20fe87faac54f84895f7606ed420794 - - default default] Successfully bumped revision number for resource 5d42ea8c-28aa-4da7-bbd4-171adf8dbbda (type: subnets) to 0
2026-06-15 21:10:18.143 9 INFO neutron.wsgi [None req-82272665-7a57-4042-bf58-c2141314692c f73134e7dd8f4afead71794ed8eb7d5b b20fe87faac54f84895f7606ed420794 - - default default] 10.0.0.173 "POST /v2.0/subnets HTTP/1.1" status: 201 len: 801 time: 0.9417450
2026-06-15 21:10:18.149 10 INFO neutron.wsgi [req-80311553-51c1-4d41-95bf-e94554be06ac req-bd2be569-b755-4df5-8542-77b632d46101 f295b0e2fa4742f79edf8028d7cca781 dd8b079234fb488db03e6de01e8e0df3 - - 8792d6fbeb0d44a2b80411231089ccdb 8792d6fbeb0d44a2b80411231089ccdb] 199.204.45.138 "GET /v2.0/floatingips?fixed_ip_address=fd7b%3Af9f7%3Afff%3A4eca%3A%3A9&port_id=76e397af-9657-4b3d-acdb-d74b05f5f9e9 HTTP/1.1" status: 200 len: 217 time: 0.0332024
2026-06-15 21:10:18.158 10 WARNING neutron_lib.context [None req-ad87ff43-cb6b-40f0-a97b-98b7560bed23 f73134e7dd8f4afead71794ed8eb7d5b b20fe87faac54f84895f7606ed420794 - - default default] Method 'is_advsvc' is deprecated since 2023.2 release (neutron-lib 3.8.0) and will be removed once support for the old RBAC API policies will be removed from Neutron. Please use method 'is_service_role' instead.
2026-06-15 21:10:18.207 10 INFO neutron.wsgi [req-80311553-51c1-4d41-95bf-e94554be06ac req-35acee03-903c-42eb-bb92-333ba479ec7b f295b0e2fa4742f79edf8028d7cca781 dd8b079234fb488db03e6de01e8e0df3 - - 8792d6fbeb0d44a2b80411231089ccdb 8792d6fbeb0d44a2b80411231089ccdb] 199.204.45.138 "GET /v2.0/subnets?id=e9397c37-5c0a-4541-bfcd-0f7deb66d802&id=d9086f16-2d00-490d-95c1-8ea5dfc7b524 HTTP/1.1" status: 200 len: 1561 time: 0.0456824
2026-06-15 21:10:18.237 10 INFO neutron.wsgi [req-80311553-51c1-4d41-95bf-e94554be06ac req-49b882c6-fd76-4d51-b578-a0155c74406e f295b0e2fa4742f79edf8028d7cca781 dd8b079234fb488db03e6de01e8e0df3 - - 8792d6fbeb0d44a2b80411231089ccdb 8792d6fbeb0d44a2b80411231089ccdb] 199.204.45.138 "GET /v2.0/ports?network_id=2908cd0e-7ecd-4e3a-83ba-a4f13a8b3819&device_owner=network%3Adhcp HTTP/1.1" status: 200 len: 210 time: 0.0252094
2026-06-15 21:10:18.263 10 INFO neutron.wsgi [req-80311553-51c1-4d41-95bf-e94554be06ac req-2a098d8d-be01-4073-9265-95201cbde1ff f295b0e2fa4742f79edf8028d7cca781 dd8b079234fb488db03e6de01e8e0df3 - - 8792d6fbeb0d44a2b80411231089ccdb 8792d6fbeb0d44a2b80411231089ccdb] 199.204.45.138 "GET /v2.0/ports?network_id=2908cd0e-7ecd-4e3a-83ba-a4f13a8b3819&device_owner=network%3Adhcp HTTP/1.1" status: 200 len: 210 time: 0.0177562
2026-06-15 21:10:18.275 9 INFO neutron.wsgi [req-7a223815-b26b-4c8b-b2d7-b87434ee5a53 req-5320eb90-66bd-4752-b7c1-ba562d716fb0 e31c1012cf0244f29993e6e22db6226f 68cecce3a30c46008fdad985f61bd9f5 - - default default] 10.0.0.115 "GET /v2.0/ports?tenant_id=68cecce3a30c46008fdad985f61bd9f5&fields=id HTTP/1.1" status: 200 len: 532 time: 0.1546569
2026-06-15 21:10:18.311 10 INFO neutron.db.segments_db [None req-ad87ff43-cb6b-40f0-a97b-98b7560bed23 f73134e7dd8f4afead71794ed8eb7d5b b20fe87faac54f84895f7606ed420794 - - default default] Added segment 597a0296-061a-4f5a-8e35-be15b3683905 of type geneve for network 823b46d8-ad5e-485d-a664-25e6d575c704
2026-06-15 21:10:18.352 10 INFO neutron.wsgi [req-80311553-51c1-4d41-95bf-e94554be06ac req-bc5eccf9-7839-4973-9706-a334e0dc93f3 f295b0e2fa4742f79edf8028d7cca781 dd8b079234fb488db03e6de01e8e0df3 - - 8792d6fbeb0d44a2b80411231089ccdb 8792d6fbeb0d44a2b80411231089ccdb] 199.204.45.138 "GET /v2.0/networks/2908cd0e-7ecd-4e3a-83ba-a4f13a8b3819?fields=segments HTTP/1.1" status: 200 len: 212 time: 0.0836413
2026-06-15 21:10:18.354 9 INFO neutron.wsgi [req-7a223815-b26b-4c8b-b2d7-b87434ee5a53 req-a8cd4146-6c25-4114-af02-6f1ce47a62e1 f295b0e2fa4742f79edf8028d7cca781 dd8b079234fb488db03e6de01e8e0df3 - - 8792d6fbeb0d44a2b80411231089ccdb 8792d6fbeb0d44a2b80411231089ccdb] 10.0.0.115 "GET /v2.0/networks/b4ef25bf-df1a-40ec-bceb-047cda66ec40?fields=segments HTTP/1.1" status: 200 len: 212 time: 0.0662088
2026-06-15 21:10:18.420 9 INFO neutron.wsgi [req-7a223815-b26b-4c8b-b2d7-b87434ee5a53 req-016f8e46-9507-4c51-8cc1-1c85baf88c52 f295b0e2fa4742f79edf8028d7cca781 dd8b079234fb488db03e6de01e8e0df3 - - 8792d6fbeb0d44a2b80411231089ccdb 8792d6fbeb0d44a2b80411231089ccdb] 10.0.0.115 "GET /v2.0/networks/b4ef25bf-df1a-40ec-bceb-047cda66ec40?fields=provider%3Aphysical_network&fields=provider%3Anetwork_type HTTP/1.1" status: 200 len: 277 time: 0.0585115
2026-06-15 21:10:18.440 10 INFO neutron.wsgi [req-80311553-51c1-4d41-95bf-e94554be06ac req-78e1d796-3b3b-4bfd-82be-07e10fee427f f295b0e2fa4742f79edf8028d7cca781 dd8b079234fb488db03e6de01e8e0df3 - - 8792d6fbeb0d44a2b80411231089ccdb 8792d6fbeb0d44a2b80411231089ccdb] 199.204.45.138 "GET /v2.0/networks/2908cd0e-7ecd-4e3a-83ba-a4f13a8b3819?fields=provider%3Aphysical_network&fields=provider%3Anetwork_type HTTP/1.1" status: 200 len: 277 time: 0.0831454
2026-06-15 21:10:18.486 10 INFO neutron.db.ovn_revision_numbers_db [None req-ad87ff43-cb6b-40f0-a97b-98b7560bed23 f73134e7dd8f4afead71794ed8eb7d5b b20fe87faac54f84895f7606ed420794 - - default default] Successfully bumped revision number for resource 823b46d8-ad5e-485d-a664-25e6d575c704 (type: networks) to 1
2026-06-15 21:10:18.563 9 INFO neutron.wsgi [req-74702c5c-41f3-4b5a-8f06-41ab40345375 req-933ab881-6686-481c-8a61-676c164b942e e31c1012cf0244f29993e6e22db6226f 68cecce3a30c46008fdad985f61bd9f5 - - default default] 10.0.0.115 "GET /v2.0/ports?device_id=a3c13e00-377d-4711-9e43-0ff6edbb76ad HTTP/1.1" status: 200 len: 210 time: 0.0185120
2026-06-15 21:10:18.640 10 WARNING neutron.scheduler.dhcp_agent_scheduler [None req-ad87ff43-cb6b-40f0-a97b-98b7560bed23 f73134e7dd8f4afead71794ed8eb7d5b b20fe87faac54f84895f7606ed420794 - - default default] No more DHCP agents
2026-06-15 21:10:18.643 10 WARNING neutron.api.rpc.agentnotifiers.dhcp_rpc_agent_api [None req-ad87ff43-cb6b-40f0-a97b-98b7560bed23 f73134e7dd8f4afead71794ed8eb7d5b b20fe87faac54f84895f7606ed420794 - - default default] Unable to schedule network 823b46d8-ad5e-485d-a664-25e6d575c704: no agents available; will retry on subsequent port and subnet creation events.
2026-06-15 21:10:18.735 10 INFO neutron.db.ovn_revision_numbers_db [None req-ad87ff43-cb6b-40f0-a97b-98b7560bed23 f73134e7dd8f4afead71794ed8eb7d5b b20fe87faac54f84895f7606ed420794 - - default default] Successfully bumped revision number for resource 30478245-b170-4320-8149-d17d0a49b96c (type: ports) to 1
2026-06-15 21:10:18.766 10 INFO neutron.wsgi [None req-ad87ff43-cb6b-40f0-a97b-98b7560bed23 f73134e7dd8f4afead71794ed8eb7d5b b20fe87faac54f84895f7606ed420794 - - default default] 10.0.0.173 "POST /v2.0/networks HTTP/1.1" status: 201 len: 830 time: 0.6154110
2026-06-15 21:10:18.776 10 WARNING neutron_lib.context [None req-576ac1c1-960c-463b-911c-6858f0f81564 f73134e7dd8f4afead71794ed8eb7d5b b20fe87faac54f84895f7606ed420794 - - default default] Method 'is_advsvc' is deprecated since 2023.2 release (neutron-lib 3.8.0) and will be removed once support for the old RBAC API policies will be removed from Neutron. Please use method 'is_service_role' instead.
2026-06-15 21:10:19.031 10 WARNING neutron.scheduler.dhcp_agent_scheduler [None req-576ac1c1-960c-463b-911c-6858f0f81564 f73134e7dd8f4afead71794ed8eb7d5b b20fe87faac54f84895f7606ed420794 - - default default] No more DHCP agents
2026-06-15 21:10:19.033 10 WARNING neutron.api.rpc.agentnotifiers.dhcp_rpc_agent_api [None req-576ac1c1-960c-463b-911c-6858f0f81564 f73134e7dd8f4afead71794ed8eb7d5b b20fe87faac54f84895f7606ed420794 - - default default] Unable to schedule network 823b46d8-ad5e-485d-a664-25e6d575c704: no agents available; will retry on subsequent port and subnet creation events.
2026-06-15 21:10:19.218 10 INFO neutron.wsgi [req-7a223815-b26b-4c8b-b2d7-b87434ee5a53 req-f779701b-4372-4d68-a540-1dd1e35346a0 e31c1012cf0244f29993e6e22db6226f 68cecce3a30c46008fdad985f61bd9f5 - - default default] 199.204.45.138 "GET /v2.0/networks?id=b4ef25bf-df1a-40ec-bceb-047cda66ec40 HTTP/1.1" status: 200 len: 904 time: 0.0777807
2026-06-15 21:10:19.307 10 INFO neutron.wsgi [req-7a223815-b26b-4c8b-b2d7-b87434ee5a53 req-9f73bf4a-3fd7-4b4d-9b24-91cf8938668b e31c1012cf0244f29993e6e22db6226f 68cecce3a30c46008fdad985f61bd9f5 - - default default] 199.204.45.138 "GET /v2.0/security-groups?fields=id&fields=name&tenant_id=68cecce3a30c46008fdad985f61bd9f5 HTTP/1.1" status: 200 len: 377 time: 0.0748937
2026-06-15 21:10:19.327 10 WARNING neutron_lib.context [req-7a223815-b26b-4c8b-b2d7-b87434ee5a53 req-1892944a-4a16-4d80-ae1a-9c68e5036cee e31c1012cf0244f29993e6e22db6226f 68cecce3a30c46008fdad985f61bd9f5 - - default default] Method 'is_advsvc' is deprecated since 2023.2 release (neutron-lib 3.8.0) and will be removed once support for the old RBAC API policies will be removed from Neutron. Please use method 'is_service_role' instead.
2026-06-15 21:10:19.991 10 INFO neutron.db.ovn_revision_numbers_db [None req-576ac1c1-960c-463b-911c-6858f0f81564 f73134e7dd8f4afead71794ed8eb7d5b b20fe87faac54f84895f7606ed420794 - - default default] Successfully bumped revision number for resource 30478245-b170-4320-8149-d17d0a49b96c (type: ports) to 2
2026-06-15 21:10:20.035 10 INFO neutron.db.ovn_revision_numbers_db [None req-576ac1c1-960c-463b-911c-6858f0f81564 f73134e7dd8f4afead71794ed8eb7d5b b20fe87faac54f84895f7606ed420794 - - default default] Successfully bumped revision number for resource 0e5478ef-2c41-4d01-951b-420c133e83e3 (type: subnets) to 0
2026-06-15 21:10:20.051 10 INFO neutron.wsgi [None req-576ac1c1-960c-463b-911c-6858f0f81564 f73134e7dd8f4afead71794ed8eb7d5b b20fe87faac54f84895f7606ed420794 - - default default] 10.0.0.173 "POST /v2.0/subnets HTTP/1.1" status: 201 len: 804 time: 1.2803168
2026-06-15 21:10:20.068 10 WARNING neutron.scheduler.dhcp_agent_scheduler [req-7a223815-b26b-4c8b-b2d7-b87434ee5a53 req-1892944a-4a16-4d80-ae1a-9c68e5036cee e31c1012cf0244f29993e6e22db6226f 68cecce3a30c46008fdad985f61bd9f5 - - default default] No more DHCP agents
2026-06-15 21:10:20.067 9 WARNING neutron_lib.context [None req-319dad5c-c2ea-4a82-9a0e-8c65e9f03be5 f73134e7dd8f4afead71794ed8eb7d5b b20fe87faac54f84895f7606ed420794 - - default default] Method 'is_advsvc' is deprecated since 2023.2 release (neutron-lib 3.8.0) and will be removed once support for the old RBAC API policies will be removed from Neutron. Please use method 'is_service_role' instead.
2026-06-15 21:10:20.069 10 WARNING neutron.api.rpc.agentnotifiers.dhcp_rpc_agent_api [req-7a223815-b26b-4c8b-b2d7-b87434ee5a53 req-1892944a-4a16-4d80-ae1a-9c68e5036cee e31c1012cf0244f29993e6e22db6226f 68cecce3a30c46008fdad985f61bd9f5 - - default default] Unable to schedule network b4ef25bf-df1a-40ec-bceb-047cda66ec40: no agents available; will retry on subsequent port and subnet creation events.
2026-06-15 21:10:20.154 9 INFO neutron.db.segments_db [None req-319dad5c-c2ea-4a82-9a0e-8c65e9f03be5 f73134e7dd8f4afead71794ed8eb7d5b b20fe87faac54f84895f7606ed420794 - - default default] Added segment 05241dd1-4334-4144-b93e-ab116cce640d of type geneve for network e98a1f38-adc3-4c5b-8fa5-1c634c261cfe
2026-06-15 21:10:20.233 10 INFO neutron.db.ovn_revision_numbers_db [req-7a223815-b26b-4c8b-b2d7-b87434ee5a53 req-1892944a-4a16-4d80-ae1a-9c68e5036cee e31c1012cf0244f29993e6e22db6226f 68cecce3a30c46008fdad985f61bd9f5 - - default default] Successfully bumped revision number for resource 764f6b1b-814e-4c40-b812-f7df7645d356 (type: ports) to 1
2026-06-15 21:10:20.260 10 INFO neutron.wsgi [req-7a223815-b26b-4c8b-b2d7-b87434ee5a53 req-1892944a-4a16-4d80-ae1a-9c68e5036cee e31c1012cf0244f29993e6e22db6226f 68cecce3a30c46008fdad985f61bd9f5 - - default default] 199.204.45.138 "POST /v2.0/ports HTTP/1.1" status: 201 len: 1384 time: 0.9423773 /var/lib/openstack/lib/python3.10/site-packages/pycadf/identifier.py:71: UserWarning: Invalid uuid: neutron. To ensure interoperability, identifiers should be a valid uuid. warnings.warn(('Invalid uuid: %s. To ensure interoperability, '
2026-06-15 21:10:20.307 9 INFO neutron.db.ovn_revision_numbers_db [None req-319dad5c-c2ea-4a82-9a0e-8c65e9f03be5 f73134e7dd8f4afead71794ed8eb7d5b b20fe87faac54f84895f7606ed420794 - - default default] Successfully bumped revision number for resource e98a1f38-adc3-4c5b-8fa5-1c634c261cfe (type: networks) to 1
2026-06-15 21:10:20.493 9 WARNING neutron.scheduler.dhcp_agent_scheduler [None req-319dad5c-c2ea-4a82-9a0e-8c65e9f03be5 f73134e7dd8f4afead71794ed8eb7d5b b20fe87faac54f84895f7606ed420794 - - default default] No more DHCP agents
2026-06-15 21:10:20.495 9 WARNING neutron.api.rpc.agentnotifiers.dhcp_rpc_agent_api [None req-319dad5c-c2ea-4a82-9a0e-8c65e9f03be5 f73134e7dd8f4afead71794ed8eb7d5b b20fe87faac54f84895f7606ed420794 - - default default] Unable to schedule network e98a1f38-adc3-4c5b-8fa5-1c634c261cfe: no agents available; will retry on subsequent port and subnet creation events.
2026-06-15 21:10:20.608 9 INFO neutron.db.ovn_revision_numbers_db [None req-319dad5c-c2ea-4a82-9a0e-8c65e9f03be5 f73134e7dd8f4afead71794ed8eb7d5b b20fe87faac54f84895f7606ed420794 - - default default] Successfully bumped revision number for resource 33b0d08e-5867-48e2-8077-d9259d8d569e (type: ports) to 1
2026-06-15 21:10:20.634 9 INFO neutron.wsgi [None req-319dad5c-c2ea-4a82-9a0e-8c65e9f03be5 f73134e7dd8f4afead71794ed8eb7d5b b20fe87faac54f84895f7606ed420794 - - default default] 10.0.0.173 "POST /v2.0/networks HTTP/1.1" status: 201 len: 831 time: 0.5745296 /var/lib/openstack/lib/python3.10/site-packages/pycadf/identifier.py:71: UserWarning: Invalid uuid: neutron. To ensure interoperability, identifiers should be a valid uuid. warnings.warn(('Invalid uuid: %s. To ensure interoperability, '
2026-06-15 21:10:20.644 10 WARNING neutron_lib.context [None req-1f1a4985-05cb-498a-89da-16a6d780bac9 f73134e7dd8f4afead71794ed8eb7d5b b20fe87faac54f84895f7606ed420794 - - default default] Method 'is_advsvc' is deprecated since 2023.2 release (neutron-lib 3.8.0) and will be removed once support for the old RBAC API policies will be removed from Neutron. Please use method 'is_service_role' instead.
2026-06-15 21:10:20.758 10 INFO neutron.db.ovn_revision_numbers_db [req-7a223815-b26b-4c8b-b2d7-b87434ee5a53 req-f2e79add-ed41-4341-b2e3-c7a458338030 f295b0e2fa4742f79edf8028d7cca781 dd8b079234fb488db03e6de01e8e0df3 - - 8792d6fbeb0d44a2b80411231089ccdb 8792d6fbeb0d44a2b80411231089ccdb] Successfully bumped revision number for resource 764f6b1b-814e-4c40-b812-f7df7645d356 (type: ports) to 2
2026-06-15 21:10:20.959 10 WARNING neutron.scheduler.dhcp_agent_scheduler [None req-1f1a4985-05cb-498a-89da-16a6d780bac9 f73134e7dd8f4afead71794ed8eb7d5b b20fe87faac54f84895f7606ed420794 - - default default] No more DHCP agents
2026-06-15 21:10:20.963 10 WARNING neutron.api.rpc.agentnotifiers.dhcp_rpc_agent_api [None req-1f1a4985-05cb-498a-89da-16a6d780bac9 f73134e7dd8f4afead71794ed8eb7d5b b20fe87faac54f84895f7606ed420794 - - default default] Unable to schedule network e98a1f38-adc3-4c5b-8fa5-1c634c261cfe: no agents available; will retry on subsequent port and subnet creation events.
2026-06-15 21:10:21.030 10 INFO neutron.db.ovn_revision_numbers_db [req-7a223815-b26b-4c8b-b2d7-b87434ee5a53 req-f2e79add-ed41-4341-b2e3-c7a458338030 f295b0e2fa4742f79edf8028d7cca781 dd8b079234fb488db03e6de01e8e0df3 - - 8792d6fbeb0d44a2b80411231089ccdb 8792d6fbeb0d44a2b80411231089ccdb] Successfully bumped revision number for resource 764f6b1b-814e-4c40-b812-f7df7645d356 (type: ports) to 2
2026-06-15 21:10:21.052 10 INFO neutron.wsgi [req-7a223815-b26b-4c8b-b2d7-b87434ee5a53 req-f2e79add-ed41-4341-b2e3-c7a458338030 f295b0e2fa4742f79edf8028d7cca781 dd8b079234fb488db03e6de01e8e0df3 - - 8792d6fbeb0d44a2b80411231089ccdb 8792d6fbeb0d44a2b80411231089ccdb] 199.204.45.138 "PUT /v2.0/ports/764f6b1b-814e-4c40-b812-f7df7645d356 HTTP/1.1" status: 200 len: 1601 time: 0.7831590
2026-06-15 21:10:21.083 10 INFO neutron.notifiers.nova [-] Nova event matching ['req-c4c41166-1cc7-428c-a4ee-deec5a237f9e'] response: {'name': 'network-changed', 'server_uuid': 'a3c13e00-377d-4711-9e43-0ff6edbb76ad', 'tag': '764f6b1b-814e-4c40-b812-f7df7645d356', 'status': 'completed', 'code': 200} /var/lib/openstack/lib/python3.10/site-packages/pycadf/identifier.py:71: UserWarning: Invalid uuid: neutron. To ensure interoperability, identifiers should be a valid uuid. warnings.warn(('Invalid uuid: %s. To ensure interoperability, '
2026-06-15 21:10:21.134 10 INFO neutron.wsgi [req-7a223815-b26b-4c8b-b2d7-b87434ee5a53 req-e8ce0069-2381-4db3-85dd-9d6cdac2682b f295b0e2fa4742f79edf8028d7cca781 dd8b079234fb488db03e6de01e8e0df3 - - 8792d6fbeb0d44a2b80411231089ccdb 8792d6fbeb0d44a2b80411231089ccdb] 199.204.45.138 "GET /v2.0/ports?tenant_id=68cecce3a30c46008fdad985f61bd9f5&device_id=a3c13e00-377d-4711-9e43-0ff6edbb76ad HTTP/1.1" status: 200 len: 1632 time: 0.0388873
2026-06-15 21:10:21.165 10 INFO neutron.wsgi [req-7a223815-b26b-4c8b-b2d7-b87434ee5a53 req-f3df5cf6-b9b9-4fd2-912d-5adb9bee3eda f295b0e2fa4742f79edf8028d7cca781 dd8b079234fb488db03e6de01e8e0df3 - - 8792d6fbeb0d44a2b80411231089ccdb 8792d6fbeb0d44a2b80411231089ccdb] 199.204.45.138 "GET /v2.0/floatingips?fixed_ip_address=10.2.2.59&port_id=764f6b1b-814e-4c40-b812-f7df7645d356 HTTP/1.1" status: 200 len: 217 time: 0.0227883
2026-06-15 21:10:21.199 10 INFO neutron.wsgi [req-7a223815-b26b-4c8b-b2d7-b87434ee5a53 req-0b258c2a-8766-401c-aba1-c3167c1aa990 f295b0e2fa4742f79edf8028d7cca781 dd8b079234fb488db03e6de01e8e0df3 - - 8792d6fbeb0d44a2b80411231089ccdb 8792d6fbeb0d44a2b80411231089ccdb] 199.204.45.138 "GET /v2.0/floatingips?fixed_ip_address=fd77%3A1457%3A4cf0%3A26a8%3A%3A4d&port_id=764f6b1b-814e-4c40-b812-f7df7645d356 HTTP/1.1" status: 200 len: 217 time: 0.0248158
2026-06-15 21:10:21.249 10 INFO neutron.wsgi [req-7a223815-b26b-4c8b-b2d7-b87434ee5a53 req-29d7c9f5-43b5-4b1c-8b8a-0ed8a1ac035c f295b0e2fa4742f79edf8028d7cca781 dd8b079234fb488db03e6de01e8e0df3 - - 8792d6fbeb0d44a2b80411231089ccdb 8792d6fbeb0d44a2b80411231089ccdb] 199.204.45.138 "GET /v2.0/subnets?id=673f9c19-a506-469c-ad08-f4f6ebe49427&id=5d643402-c691-4154-80d5-03fb0f161a30 HTTP/1.1" status: 200 len: 1563 time: 0.0426836
2026-06-15 21:10:21.277 10 INFO neutron.wsgi [req-7a223815-b26b-4c8b-b2d7-b87434ee5a53 req-57ebd7f1-1530-4d33-a4eb-26763a4a4ab4 f295b0e2fa4742f79edf8028d7cca781 dd8b079234fb488db03e6de01e8e0df3 - - 8792d6fbeb0d44a2b80411231089ccdb 8792d6fbeb0d44a2b80411231089ccdb] 199.204.45.138 "GET /v2.0/ports?network_id=b4ef25bf-df1a-40ec-bceb-047cda66ec40&device_owner=network%3Adhcp HTTP/1.1" status: 200 len: 210 time: 0.0221436
2026-06-15 21:10:21.308 10 INFO neutron.wsgi [req-7a223815-b26b-4c8b-b2d7-b87434ee5a53 req-224de2e1-e182-4084-b971-18f59f3e671f f295b0e2fa4742f79edf8028d7cca781 dd8b079234fb488db03e6de01e8e0df3 - - 8792d6fbeb0d44a2b80411231089ccdb 8792d6fbeb0d44a2b80411231089ccdb] 199.204.45.138 "GET /v2.0/ports?network_id=b4ef25bf-df1a-40ec-bceb-047cda66ec40&device_owner=network%3Adhcp HTTP/1.1" status: 200 len: 210 time: 0.0229855
2026-06-15 21:10:21.408 10 INFO neutron.wsgi [req-7a223815-b26b-4c8b-b2d7-b87434ee5a53 req-232d829e-f2c5-4e93-917e-012e99450d2b f295b0e2fa4742f79edf8028d7cca781 dd8b079234fb488db03e6de01e8e0df3 - - 8792d6fbeb0d44a2b80411231089ccdb 8792d6fbeb0d44a2b80411231089ccdb] 199.204.45.138 "GET /v2.0/networks/b4ef25bf-df1a-40ec-bceb-047cda66ec40?fields=segments HTTP/1.1" status: 200 len: 212 time: 0.0943849
2026-06-15 21:10:21.489 10 INFO neutron.wsgi [req-7a223815-b26b-4c8b-b2d7-b87434ee5a53 req-3559ec75-0247-467e-8129-a4fd65df3227 f295b0e2fa4742f79edf8028d7cca781 dd8b079234fb488db03e6de01e8e0df3 - - 8792d6fbeb0d44a2b80411231089ccdb 8792d6fbeb0d44a2b80411231089ccdb] 199.204.45.138 "GET /v2.0/networks/b4ef25bf-df1a-40ec-bceb-047cda66ec40?fields=provider%3Aphysical_network&fields=provider%3Anetwork_type HTTP/1.1" status: 200 len: 277 time: 0.0751374
2026-06-15 21:10:21.511 9 INFO neutron.wsgi [-] 10.0.0.198 "GET / HTTP/1.1" status: 200 len: 247 time: 0.0029418
2026-06-15 21:10:21.515 9 INFO neutron.wsgi [-] 10.0.0.198 "GET / HTTP/1.1" status: 200 len: 247 time: 0.0026872
2026-06-15 21:10:21.598 10 INFO neutron.wsgi [req-900b50b4-412b-49b8-b25f-b6a70a5c73c8 req-fbb25d59-6c60-4106-a2d3-87355ca842f2 f295b0e2fa4742f79edf8028d7cca781 dd8b079234fb488db03e6de01e8e0df3 - - 8792d6fbeb0d44a2b80411231089ccdb 8792d6fbeb0d44a2b80411231089ccdb] 199.204.45.138 "GET /v2.0/ports?tenant_id=68cecce3a30c46008fdad985f61bd9f5&device_id=a3c13e00-377d-4711-9e43-0ff6edbb76ad HTTP/1.1" status: 200 len: 1632 time: 0.0643899
2026-06-15 21:10:21.625 10 INFO neutron.db.ovn_revision_numbers_db [None req-1f1a4985-05cb-498a-89da-16a6d780bac9 f73134e7dd8f4afead71794ed8eb7d5b b20fe87faac54f84895f7606ed420794 - - default default] Successfully bumped revision number for resource 33b0d08e-5867-48e2-8077-d9259d8d569e (type: ports) to 2
2026-06-15 21:10:21.696 10 INFO neutron.wsgi [req-900b50b4-412b-49b8-b25f-b6a70a5c73c8 req-b5372b81-c514-422a-9147-1d87628665a3 f295b0e2fa4742f79edf8028d7cca781 dd8b079234fb488db03e6de01e8e0df3 - - 8792d6fbeb0d44a2b80411231089ccdb 8792d6fbeb0d44a2b80411231089ccdb] 199.204.45.138 "GET /v2.0/networks?id=b4ef25bf-df1a-40ec-bceb-047cda66ec40 HTTP/1.1" status: 200 len: 1003 time: 0.0868740
2026-06-15 21:10:21.697 10 INFO neutron.db.ovn_revision_numbers_db [None req-1f1a4985-05cb-498a-89da-16a6d780bac9 f73134e7dd8f4afead71794ed8eb7d5b b20fe87faac54f84895f7606ed420794 - - default default] Successfully bumped revision number for resource 25e842b2-57ac-4f39-8054-7e6dfe222874 (type: subnets) to 0
2026-06-15 21:10:21.714 10 INFO neutron.plugins.ml2.drivers.ovn.mech_driver.mech_driver [None req-3afca453-c60e-41f0-8287-6cf6a5717111 - - - - - -] OVN reports status up for port: 764f6b1b-814e-4c40-b812-f7df7645d356
2026-06-15 21:10:21.731 10 INFO neutron.wsgi [req-900b50b4-412b-49b8-b25f-b6a70a5c73c8 req-093390f2-3418-4d00-b0ce-09f0091b7dfa f295b0e2fa4742f79edf8028d7cca781 dd8b079234fb488db03e6de01e8e0df3 - - 8792d6fbeb0d44a2b80411231089ccdb 8792d6fbeb0d44a2b80411231089ccdb] 199.204.45.138 "GET /v2.0/floatingips?fixed_ip_address=10.2.2.59&port_id=764f6b1b-814e-4c40-b812-f7df7645d356 HTTP/1.1" status: 200 len: 217 time: 0.0276756
2026-06-15 21:10:21.741 10 INFO neutron.wsgi [None req-1f1a4985-05cb-498a-89da-16a6d780bac9 f73134e7dd8f4afead71794ed8eb7d5b b20fe87faac54f84895f7606ed420794 - - default default] 10.0.0.173 "POST /v2.0/subnets HTTP/1.1" status: 201 len: 804 time: 1.1013875
2026-06-15 21:10:21.746 10 INFO neutron.plugins.ml2.plugin [None req-3afca453-c60e-41f0-8287-6cf6a5717111 - - - - - -] Attempt 1 to provision port 764f6b1b-814e-4c40-b812-f7df7645d356
2026-06-15 21:10:21.770 9 WARNING neutron_lib.context [None req-a6a62869-4a56-461d-a591-6e5655340645 f73134e7dd8f4afead71794ed8eb7d5b b20fe87faac54f84895f7606ed420794 - - default default] Method 'is_advsvc' is deprecated since 2023.2 release (neutron-lib 3.8.0) and will be removed once support for the old RBAC API policies will be removed from Neutron. Please use method 'is_service_role' instead.
2026-06-15 21:10:21.795 10 INFO neutron.wsgi [req-900b50b4-412b-49b8-b25f-b6a70a5c73c8 req-4d914351-74cc-4303-a1ac-d00511a641a9 f295b0e2fa4742f79edf8028d7cca781 dd8b079234fb488db03e6de01e8e0df3 - - 8792d6fbeb0d44a2b80411231089ccdb 8792d6fbeb0d44a2b80411231089ccdb] 199.204.45.138 "GET /v2.0/floatingips?fixed_ip_address=fd77%3A1457%3A4cf0%3A26a8%3A%3A4d&port_id=764f6b1b-814e-4c40-b812-f7df7645d356 HTTP/1.1" status: 200 len: 217 time: 0.0535023
2026-06-15 21:10:21.844 10 INFO neutron.wsgi [req-900b50b4-412b-49b8-b25f-b6a70a5c73c8 req-4cfdebd2-7cbd-4c82-a78b-9019569d1ea9 f295b0e2fa4742f79edf8028d7cca781 dd8b079234fb488db03e6de01e8e0df3 - - 8792d6fbeb0d44a2b80411231089ccdb 8792d6fbeb0d44a2b80411231089ccdb] 199.204.45.138 "GET /v2.0/subnets?id=673f9c19-a506-469c-ad08-f4f6ebe49427&id=5d643402-c691-4154-80d5-03fb0f161a30 HTTP/1.1" status: 200 len: 1563 time: 0.0408430
2026-06-15 21:10:21.880 10 INFO neutron.wsgi [req-900b50b4-412b-49b8-b25f-b6a70a5c73c8 req-0bb204f2-cf2f-4f0e-ace4-e4106ed223d0 f295b0e2fa4742f79edf8028d7cca781 dd8b079234fb488db03e6de01e8e0df3 - - 8792d6fbeb0d44a2b80411231089ccdb 8792d6fbeb0d44a2b80411231089ccdb] 199.204.45.138 "GET /v2.0/ports?network_id=b4ef25bf-df1a-40ec-bceb-047cda66ec40&device_owner=network%3Adhcp HTTP/1.1" status: 200 len: 210 time: 0.0219562
2026-06-15 21:10:21.887 9 INFO neutron.db.segments_db [None req-a6a62869-4a56-461d-a591-6e5655340645 f73134e7dd8f4afead71794ed8eb7d5b b20fe87faac54f84895f7606ed420794 - - default default] Added segment 97a450b3-6a61-4171-ba78-a5beca0732bc of type geneve for network f71a4fe4-339a-48c4-bdda-91fa468e683e
2026-06-15 21:10:21.911 10 INFO neutron.wsgi [req-900b50b4-412b-49b8-b25f-b6a70a5c73c8 req-bb8ed5f7-daf7-4539-bd5b-59451dfda1e4 f295b0e2fa4742f79edf8028d7cca781 dd8b079234fb488db03e6de01e8e0df3 - - 8792d6fbeb0d44a2b80411231089ccdb 8792d6fbeb0d44a2b80411231089ccdb] 199.204.45.138 "GET /v2.0/ports?network_id=b4ef25bf-df1a-40ec-bceb-047cda66ec40&device_owner=network%3Adhcp HTTP/1.1" status: 200 len: 210 time: 0.0247378
2026-06-15 21:10:22.027 10 INFO neutron.wsgi [req-900b50b4-412b-49b8-b25f-b6a70a5c73c8 req-0c8670b7-b28d-47c3-8fd9-6c94393731f7 f295b0e2fa4742f79edf8028d7cca781 dd8b079234fb488db03e6de01e8e0df3 - - 8792d6fbeb0d44a2b80411231089ccdb 8792d6fbeb0d44a2b80411231089ccdb] 199.204.45.138 "GET /v2.0/networks/b4ef25bf-df1a-40ec-bceb-047cda66ec40?fields=segments HTTP/1.1" status: 200 len: 212 time: 0.1023390
2026-06-15 21:10:22.033 9 INFO neutron.db.ovn_revision_numbers_db [None req-a6a62869-4a56-461d-a591-6e5655340645 f73134e7dd8f4afead71794ed8eb7d5b b20fe87faac54f84895f7606ed420794 - - default default] Successfully bumped revision number for resource f71a4fe4-339a-48c4-bdda-91fa468e683e (type: networks) to 1
2026-06-15 21:10:22.122 10 INFO neutron.wsgi [req-900b50b4-412b-49b8-b25f-b6a70a5c73c8 req-133f8718-8efe-41a4-9355-fd5a05ccddb3 f295b0e2fa4742f79edf8028d7cca781 dd8b079234fb488db03e6de01e8e0df3 - - 8792d6fbeb0d44a2b80411231089ccdb 8792d6fbeb0d44a2b80411231089ccdb] 199.204.45.138 "GET /v2.0/networks/b4ef25bf-df1a-40ec-bceb-047cda66ec40?fields=provider%3Aphysical_network&fields=provider%3Anetwork_type HTTP/1.1" status: 200 len: 277 time: 0.0815639
2026-06-15 21:10:22.201 10 INFO neutron.db.ovn_revision_numbers_db [None req-3afca453-c60e-41f0-8287-6cf6a5717111 - - - - - -] Successfully bumped revision number for resource 764f6b1b-814e-4c40-b812-f7df7645d356 (type: ports) to 4
2026-06-15 21:10:22.428 9 WARNING neutron.scheduler.dhcp_agent_scheduler [None req-a6a62869-4a56-461d-a591-6e5655340645 f73134e7dd8f4afead71794ed8eb7d5b b20fe87faac54f84895f7606ed420794 - - default default] No more DHCP agents
2026-06-15 21:10:22.431 9 WARNING neutron.api.rpc.agentnotifiers.dhcp_rpc_agent_api [None req-a6a62869-4a56-461d-a591-6e5655340645 f73134e7dd8f4afead71794ed8eb7d5b b20fe87faac54f84895f7606ed420794 - - default default] Unable to schedule network f71a4fe4-339a-48c4-bdda-91fa468e683e: no agents available; will retry on subsequent port and subnet creation events.
2026-06-15 21:10:22.519 9 INFO neutron.db.ovn_revision_numbers_db [None req-a6a62869-4a56-461d-a591-6e5655340645 f73134e7dd8f4afead71794ed8eb7d5b b20fe87faac54f84895f7606ed420794 - - default default] Successfully bumped revision number for resource 00d3b86b-ad53-4714-8529-5bfed1d0b276 (type: ports) to 1
2026-06-15 21:10:22.539 9 INFO neutron.wsgi [None req-a6a62869-4a56-461d-a591-6e5655340645 f73134e7dd8f4afead71794ed8eb7d5b b20fe87faac54f84895f7606ed420794 - - default default] 10.0.0.173 "POST /v2.0/networks HTTP/1.1" status: 201 len: 831 time: 0.7879736
2026-06-15 21:10:22.548 9 WARNING neutron_lib.context [None req-574c4e28-c156-4b45-a83b-92adf8ff3f14 f73134e7dd8f4afead71794ed8eb7d5b b20fe87faac54f84895f7606ed420794 - - default default] Method 'is_advsvc' is deprecated since 2023.2 release (neutron-lib 3.8.0) and will be removed once support for the old RBAC API policies will be removed from Neutron. Please use method 'is_service_role' instead.
2026-06-15 21:10:22.767 9 WARNING neutron.scheduler.dhcp_agent_scheduler [None req-574c4e28-c156-4b45-a83b-92adf8ff3f14 f73134e7dd8f4afead71794ed8eb7d5b b20fe87faac54f84895f7606ed420794 - - default default] No more DHCP agents
2026-06-15 21:10:22.769 9 WARNING neutron.api.rpc.agentnotifiers.dhcp_rpc_agent_api [None req-574c4e28-c156-4b45-a83b-92adf8ff3f14 f73134e7dd8f4afead71794ed8eb7d5b b20fe87faac54f84895f7606ed420794 - - default default] Unable to schedule network f71a4fe4-339a-48c4-bdda-91fa468e683e: no agents available; will retry on subsequent port and subnet creation events.
2026-06-15 21:10:23.124 10 INFO neutron.notifiers.nova [-] Nova event matching ['req-e20130ad-78f6-493a-826e-8548b376a18c'] response: {'server_uuid': 'a3c13e00-377d-4711-9e43-0ff6edbb76ad', 'name': 'network-vif-plugged', 'status': 'completed', 'tag': '764f6b1b-814e-4c40-b812-f7df7645d356', 'code': 200}
2026-06-15 21:10:23.125 10 INFO neutron.notifiers.nova [-] Nova event matching ['req-e20130ad-78f6-493a-826e-8548b376a18c'] response: {'server_uuid': 'a3c13e00-377d-4711-9e43-0ff6edbb76ad', 'name': 'network-vif-plugged', 'status': 'completed', 'tag': '764f6b1b-814e-4c40-b812-f7df7645d356', 'code': 200}
2026-06-15 21:10:23.198 9 INFO neutron.db.ovn_revision_numbers_db [None req-574c4e28-c156-4b45-a83b-92adf8ff3f14 f73134e7dd8f4afead71794ed8eb7d5b b20fe87faac54f84895f7606ed420794 - - default default] Successfully bumped revision number for resource 00d3b86b-ad53-4714-8529-5bfed1d0b276 (type: ports) to 2
2026-06-15 21:10:23.235 9 INFO neutron.db.ovn_revision_numbers_db [None req-574c4e28-c156-4b45-a83b-92adf8ff3f14 f73134e7dd8f4afead71794ed8eb7d5b b20fe87faac54f84895f7606ed420794 - - default default] Successfully bumped revision number for resource 6f607d17-abd5-4f9d-8b86-921ac9473bf7 (type: subnets) to 0
2026-06-15 21:10:23.255 9 INFO neutron.wsgi [None req-574c4e28-c156-4b45-a83b-92adf8ff3f14 f73134e7dd8f4afead71794ed8eb7d5b b20fe87faac54f84895f7606ed420794 - - default default] 10.0.0.173 "POST /v2.0/subnets HTTP/1.1" status: 201 len: 804 time: 0.7117276
2026-06-15 21:10:23.267 9 WARNING neutron_lib.context [None req-5d71bf59-f545-4709-b416-61cd30014998 f73134e7dd8f4afead71794ed8eb7d5b b20fe87faac54f84895f7606ed420794 - - default default] Method 'is_advsvc' is deprecated since 2023.2 release (neutron-lib 3.8.0) and will be removed once support for the old RBAC API policies will be removed from Neutron. Please use method 'is_service_role' instead.
2026-06-15 21:10:23.354 9 INFO neutron.db.segments_db [None req-5d71bf59-f545-4709-b416-61cd30014998 f73134e7dd8f4afead71794ed8eb7d5b b20fe87faac54f84895f7606ed420794 - - default default] Added segment 21cd63c4-1c08-42f0-9b27-992652142c02 of type geneve for network ec8206e3-f494-4e23-85f8-83918cebd426
2026-06-15 21:10:23.505 9 INFO neutron.db.ovn_revision_numbers_db [None req-5d71bf59-f545-4709-b416-61cd30014998 f73134e7dd8f4afead71794ed8eb7d5b b20fe87faac54f84895f7606ed420794 - - default default] Successfully bumped revision number for resource ec8206e3-f494-4e23-85f8-83918cebd426 (type: networks) to 1
2026-06-15 21:10:23.696 9 WARNING neutron.scheduler.dhcp_agent_scheduler [None req-5d71bf59-f545-4709-b416-61cd30014998 f73134e7dd8f4afead71794ed8eb7d5b b20fe87faac54f84895f7606ed420794 - - default default] No more DHCP agents
2026-06-15 21:10:23.702 9 WARNING neutron.api.rpc.agentnotifiers.dhcp_rpc_agent_api [None req-5d71bf59-f545-4709-b416-61cd30014998 f73134e7dd8f4afead71794ed8eb7d5b b20fe87faac54f84895f7606ed420794 - - default default] Unable to schedule network ec8206e3-f494-4e23-85f8-83918cebd426: no agents available; will retry on subsequent port and subnet creation events.
2026-06-15 21:10:23.780 9 INFO neutron.wsgi [req-4dee5e9c-ac4b-48e1-8ded-6250b7b4962f req-abcd0e2c-7bfc-40ee-9a4b-2b447a68ab37 e31c1012cf0244f29993e6e22db6226f 68cecce3a30c46008fdad985f61bd9f5 - - default default] 10.0.0.115 "GET /v2.0/ports?device_id=a3c13e00-377d-4711-9e43-0ff6edbb76ad HTTP/1.1" status: 200 len: 1396 time: 0.1438453
2026-06-15 21:10:23.826 9 INFO neutron.db.ovn_revision_numbers_db [None req-5d71bf59-f545-4709-b416-61cd30014998 f73134e7dd8f4afead71794ed8eb7d5b b20fe87faac54f84895f7606ed420794 - - default default] Successfully bumped revision number for resource 00cf92f6-1a5c-443e-b893-fe291b623376 (type: ports) to 1
2026-06-15 21:10:23.843 9 INFO neutron.wsgi [req-4dee5e9c-ac4b-48e1-8ded-6250b7b4962f req-6394f972-98b2-4fe7-9885-f83c425a1e81 e31c1012cf0244f29993e6e22db6226f 68cecce3a30c46008fdad985f61bd9f5 - - default default] 10.0.0.115 "GET /v2.0/security-groups?id=5db29078-e1bb-40d3-95ad-92f2330efe59&fields=id&fields=name HTTP/1.1" status: 200 len: 310 time: 0.0567982
2026-06-15 21:10:23.849 9 INFO neutron.wsgi [None req-5d71bf59-f545-4709-b416-61cd30014998 f73134e7dd8f4afead71794ed8eb7d5b b20fe87faac54f84895f7606ed420794 - - default default] 10.0.0.173 "POST /v2.0/networks HTTP/1.1" status: 201 len: 831 time: 0.5882254
2026-06-15 21:10:23.861 9 WARNING neutron_lib.context [None req-326196db-e03f-4ac2-9b73-b0264e40c907 f73134e7dd8f4afead71794ed8eb7d5b b20fe87faac54f84895f7606ed420794 - - default default] Method 'is_advsvc' is deprecated since 2023.2 release (neutron-lib 3.8.0) and will be removed once support for the old RBAC API policies will be removed from Neutron. Please use method 'is_service_role' instead. /var/lib/openstack/lib/python3.10/site-packages/pycadf/identifier.py:71: UserWarning: Invalid uuid: neutron. To ensure interoperability, identifiers should be a valid uuid. warnings.warn(('Invalid uuid: %s. To ensure interoperability, '
2026-06-15 21:10:23.998 10 INFO neutron.wsgi [None req-5f612620-93fb-4696-992b-3531b5643c3c e31c1012cf0244f29993e6e22db6226f 68cecce3a30c46008fdad985f61bd9f5 - - default default] 10.0.0.173 "GET /v2.0/ports?network_id=b4ef25bf-df1a-40ec-bceb-047cda66ec40&mac_address=fa%3A16%3A3e%3A0b%3Ab5%3Aa6 HTTP/1.1" status: 200 len: 1391 time: 0.1202207
2026-06-15 21:10:24.005 10 WARNING neutron_lib.context [None req-b30cfd3b-7de3-4baf-a2c9-8a83c39e3269 e31c1012cf0244f29993e6e22db6226f 68cecce3a30c46008fdad985f61bd9f5 - - default default] Method 'is_advsvc' is deprecated since 2023.2 release (neutron-lib 3.8.0) and will be removed once support for the old RBAC API policies will be removed from Neutron. Please use method 'is_service_role' instead.
2026-06-15 21:10:24.086 9 WARNING neutron.scheduler.dhcp_agent_scheduler [None req-326196db-e03f-4ac2-9b73-b0264e40c907 f73134e7dd8f4afead71794ed8eb7d5b b20fe87faac54f84895f7606ed420794 - - default default] No more DHCP agents
2026-06-15 21:10:24.089 9 WARNING neutron.api.rpc.agentnotifiers.dhcp_rpc_agent_api [None req-326196db-e03f-4ac2-9b73-b0264e40c907 f73134e7dd8f4afead71794ed8eb7d5b b20fe87faac54f84895f7606ed420794 - - default default] Unable to schedule network ec8206e3-f494-4e23-85f8-83918cebd426: no agents available; will retry on subsequent port and subnet creation events.
2026-06-15 21:10:24.318 10 WARNING neutron.scheduler.dhcp_agent_scheduler [None req-b30cfd3b-7de3-4baf-a2c9-8a83c39e3269 e31c1012cf0244f29993e6e22db6226f 68cecce3a30c46008fdad985f61bd9f5 - - default default] No more DHCP agents
2026-06-15 21:10:24.321 10 WARNING neutron.api.rpc.agentnotifiers.dhcp_rpc_agent_api [None req-b30cfd3b-7de3-4baf-a2c9-8a83c39e3269 e31c1012cf0244f29993e6e22db6226f 68cecce3a30c46008fdad985f61bd9f5 - - default default] Unable to schedule network 0404a59f-5d03-4d96-82f5-10213451dfeb: no agents available; will retry on subsequent port and subnet creation events.
2026-06-15 21:10:24.638 9 INFO neutron.db.ovn_revision_numbers_db [None req-326196db-e03f-4ac2-9b73-b0264e40c907 f73134e7dd8f4afead71794ed8eb7d5b b20fe87faac54f84895f7606ed420794 - - default default] Successfully bumped revision number for resource 00cf92f6-1a5c-443e-b893-fe291b623376 (type: ports) to 2
2026-06-15 21:10:24.678 9 INFO neutron.db.ovn_revision_numbers_db [None req-326196db-e03f-4ac2-9b73-b0264e40c907 f73134e7dd8f4afead71794ed8eb7d5b b20fe87faac54f84895f7606ed420794 - - default default] Successfully bumped revision number for resource f34094de-4376-41dc-ac91-a8244201bce2 (type: subnets) to 0
2026-06-15 21:10:24.693 9 INFO neutron.wsgi [None req-326196db-e03f-4ac2-9b73-b0264e40c907 f73134e7dd8f4afead71794ed8eb7d5b b20fe87faac54f84895f7606ed420794 - - default default] 10.0.0.173 "POST /v2.0/subnets HTTP/1.1" status: 201 len: 804 time: 0.8351130
2026-06-15 21:10:24.740 10 INFO neutron.db.l3_db [None req-b30cfd3b-7de3-4baf-a2c9-8a83c39e3269 e31c1012cf0244f29993e6e22db6226f 68cecce3a30c46008fdad985f61bd9f5 - - default default] Floating IP cb44b2f0-cbb4-444b-8a0e-c1d95634d7fc associated. External IP: 10.96.250.216, port: 764f6b1b-814e-4c40-b812-f7df7645d356.
2026-06-15 21:10:24.754 9 INFO neutron.wsgi [None req-6aeded27-8104-456b-94f5-fd3be9961d69 f73134e7dd8f4afead71794ed8eb7d5b b20fe87faac54f84895f7606ed420794 - - default default] 10.0.0.173 "PUT /v2.0/subnets/5d42ea8c-28aa-4da7-bbd4-171adf8dbbda/tags HTTP/1.1" status: 200 len: 210 time: 0.0570621
2026-06-15 21:10:24.806 9 INFO neutron.wsgi [None req-41b69d49-a0e9-4038-aaef-6fffa1ac9d48 f73134e7dd8f4afead71794ed8eb7d5b b20fe87faac54f84895f7606ed420794 - - default default] 10.0.0.173 "PUT /v2.0/subnets/0e5478ef-2c41-4d01-951b-420c133e83e3/tags HTTP/1.1" status: 200 len: 218 time: 0.0471447
2026-06-15 21:10:24.864 9 INFO neutron.wsgi [None req-a80decda-0fe9-4127-bed1-ab79090b51e2 f73134e7dd8f4afead71794ed8eb7d5b b20fe87faac54f84895f7606ed420794 - - default default] 10.0.0.173 "PUT /v2.0/subnets/25e842b2-57ac-4f39-8054-7e6dfe222874/tags HTTP/1.1" status: 200 len: 227 time: 0.0542879
2026-06-15 21:10:24.954 9 INFO neutron.wsgi [None req-05be5466-3926-43cb-b1e9-864499c58881 f73134e7dd8f4afead71794ed8eb7d5b b20fe87faac54f84895f7606ed420794 - - default default] 10.0.0.173 "PUT /v2.0/subnets/6f607d17-abd5-4f9d-8b86-921ac9473bf7/tags HTTP/1.1" status: 200 len: 212 time: 0.0851293
2026-06-15 21:10:24.965 10 INFO neutron.db.ovn_revision_numbers_db [None req-b30cfd3b-7de3-4baf-a2c9-8a83c39e3269 e31c1012cf0244f29993e6e22db6226f 68cecce3a30c46008fdad985f61bd9f5 - - default default] Successfully bumped revision number for resource cb44b2f0-cbb4-444b-8a0e-c1d95634d7fc (type: floatingips) to 0
2026-06-15 21:10:25.312 10 INFO neutron.wsgi [None req-cc8a8ecf-babb-40dd-91b7-98612802af87 f73134e7dd8f4afead71794ed8eb7d5b b20fe87faac54f84895f7606ed420794 - - default default] 10.0.0.173 "GET /v2.0/subnets?tags=red HTTP/1.1" status: 200 len: 2027 time: 0.3527608 /var/lib/openstack/lib/python3.10/site-packages/pycadf/identifier.py:71: UserWarning: Invalid uuid: neutron. To ensure interoperability, identifiers should be a valid uuid. warnings.warn(('Invalid uuid: %s. To ensure interoperability, '
2026-06-15 21:10:25.384 9 INFO neutron.wsgi [None req-48f2cd88-0de7-45ca-a8ad-94939c0b096e f73134e7dd8f4afead71794ed8eb7d5b b20fe87faac54f84895f7606ed420794 - - default default] 10.0.0.173 "GET /v2.0/subnets?tags=red%2Cblue HTTP/1.1" status: 200 len: 1430 time: 0.0642893
2026-06-15 21:10:25.415 10 INFO neutron.db.ovn_revision_numbers_db [None req-b30cfd3b-7de3-4baf-a2c9-8a83c39e3269 e31c1012cf0244f29993e6e22db6226f 68cecce3a30c46008fdad985f61bd9f5 - - default default] Successfully bumped revision number for resource cb44b2f0-cbb4-444b-8a0e-c1d95634d7fc (type: floatingips) to 1
2026-06-15 21:10:25.454 10 INFO neutron.wsgi [None req-b30cfd3b-7de3-4baf-a2c9-8a83c39e3269 e31c1012cf0244f29993e6e22db6226f 68cecce3a30c46008fdad985f61bd9f5 - - default default] 10.0.0.173 "POST /v2.0/floatingips HTTP/1.1" status: 201 len: 1053 time: 1.4516604
2026-06-15 21:10:25.476 9 INFO neutron.wsgi [None req-39bf664e-4be6-463c-bb7f-7b52e574a8ad f73134e7dd8f4afead71794ed8eb7d5b b20fe87faac54f84895f7606ed420794 - - default default] 10.0.0.173 "GET /v2.0/subnets?tags-any=blue HTTP/1.1" status: 200 len: 1430 time: 0.0876935
2026-06-15 21:10:25.519 10 INFO neutron.notifiers.nova [-] Nova event matching ['req-91795162-21f5-4938-8bac-242ee0d31887'] response: {'name': 'network-changed', 'server_uuid': 'a3c13e00-377d-4711-9e43-0ff6edbb76ad', 'tag': '764f6b1b-814e-4c40-b812-f7df7645d356', 'status': 'completed', 'code': 200}
2026-06-15 21:10:25.563 10 INFO neutron.wsgi [None req-769c9bd8-f434-4b3e-ac0d-b18600eca274 f73134e7dd8f4afead71794ed8eb7d5b b20fe87faac54f84895f7606ed420794 - - default default] 10.0.0.173 "GET /v2.0/subnets?tags-any=red%2Cblue HTTP/1.1" status: 200 len: 2027 time: 0.0812125
2026-06-15 21:10:25.580 10 INFO neutron.wsgi [req-bad40b3d-b2a2-4b4d-9e74-1b726a109d5a req-9821c0ee-2c5d-4903-8951-57b428dbe65d f295b0e2fa4742f79edf8028d7cca781 dd8b079234fb488db03e6de01e8e0df3 - - 8792d6fbeb0d44a2b80411231089ccdb 8792d6fbeb0d44a2b80411231089ccdb] 199.204.45.138 "GET /v2.0/ports?tenant_id=68cecce3a30c46008fdad985f61bd9f5&device_id=a3c13e00-377d-4711-9e43-0ff6edbb76ad HTTP/1.1" status: 200 len: 1634 time: 0.0471630
2026-06-15 21:10:25.623 9 INFO neutron.wsgi [None req-2530cdbd-099b-4c88-a9e2-b7f03c8e6286 f73134e7dd8f4afead71794ed8eb7d5b b20fe87faac54f84895f7606ed420794 - - default default] 10.0.0.173 "GET /v2.0/subnets?not-tags=red HTTP/1.1" status: 200 len: 2018 time: 0.0557184
2026-06-15 21:10:25.674 10 INFO neutron.wsgi [req-bad40b3d-b2a2-4b4d-9e74-1b726a109d5a req-bee02659-c070-454b-bc07-501ca01674a3 f295b0e2fa4742f79edf8028d7cca781 dd8b079234fb488db03e6de01e8e0df3 - - 8792d6fbeb0d44a2b80411231089ccdb 8792d6fbeb0d44a2b80411231089ccdb] 199.204.45.138 "GET /v2.0/networks?id=b4ef25bf-df1a-40ec-bceb-047cda66ec40 HTTP/1.1" status: 200 len: 1003 time: 0.0902069
2026-06-15 21:10:25.708 10 INFO neutron.wsgi [None req-db151891-74a3-4910-8273-c64c44e835cf f73134e7dd8f4afead71794ed8eb7d5b b20fe87faac54f84895f7606ed420794 - - default default] 10.0.0.173 "GET /v2.0/subnets?not-tags=red%2Cblue HTTP/1.1" status: 200 len: 2615 time: 0.0749900
2026-06-15 21:10:25.727 10 INFO neutron.wsgi [req-bad40b3d-b2a2-4b4d-9e74-1b726a109d5a req-ac4dbbb2-f3a0-4ac0-a950-c00033d20e82 f295b0e2fa4742f79edf8028d7cca781 dd8b079234fb488db03e6de01e8e0df3 - - 8792d6fbeb0d44a2b80411231089ccdb 8792d6fbeb0d44a2b80411231089ccdb] 199.204.45.138 "GET /v2.0/floatingips?fixed_ip_address=10.2.2.59&port_id=764f6b1b-814e-4c40-b812-f7df7645d356 HTTP/1.1" status: 200 len: 1058 time: 0.0492706
2026-06-15 21:10:25.755 10 INFO neutron.wsgi [req-bad40b3d-b2a2-4b4d-9e74-1b726a109d5a req-4f5cb612-eed1-436f-b8e8-bca57a5ac4be f295b0e2fa4742f79edf8028d7cca781 dd8b079234fb488db03e6de01e8e0df3 - - 8792d6fbeb0d44a2b80411231089ccdb 8792d6fbeb0d44a2b80411231089ccdb] 199.204.45.138 "GET /v2.0/floatingips?fixed_ip_address=fd77%3A1457%3A4cf0%3A26a8%3A%3A4d&port_id=764f6b1b-814e-4c40-b812-f7df7645d356 HTTP/1.1" status: 200 len: 217 time: 0.0239863
2026-06-15 21:10:25.771 9 INFO neutron.wsgi [None req-b36fba15-a486-4040-ae49-4c40b8a9ebfd f73134e7dd8f4afead71794ed8eb7d5b b20fe87faac54f84895f7606ed420794 - - default default] 10.0.0.173 "GET /v2.0/subnets?not-tags-any=blue HTTP/1.1" status: 200 len: 2615 time: 0.0586746
2026-06-15 21:10:25.802 10 INFO neutron.wsgi [req-bad40b3d-b2a2-4b4d-9e74-1b726a109d5a req-b586a1a8-45df-470f-bb10-f02dfdd0e34f f295b0e2fa4742f79edf8028d7cca781 dd8b079234fb488db03e6de01e8e0df3 - - 8792d6fbeb0d44a2b80411231089ccdb 8792d6fbeb0d44a2b80411231089ccdb] 199.204.45.138 "GET /v2.0/subnets?id=673f9c19-a506-469c-ad08-f4f6ebe49427&id=5d643402-c691-4154-80d5-03fb0f161a30 HTTP/1.1" status: 200 len: 1563 time: 0.0436854
2026-06-15 21:10:25.819 9 INFO neutron.wsgi [None req-5a440eb8-2bf2-4ad9-bf58-c70b11bf0996 f73134e7dd8f4afead71794ed8eb7d5b b20fe87faac54f84895f7606ed420794 - - default default] 10.0.0.173 "GET /v2.0/subnets?not-tags-any=red%2Cblue HTTP/1.1" status: 200 len: 2018 time: 0.0434587
2026-06-15 21:10:25.829 10 INFO neutron.wsgi [req-bad40b3d-b2a2-4b4d-9e74-1b726a109d5a req-e3d9de78-874d-4e17-9372-fcfcffc894ff f295b0e2fa4742f79edf8028d7cca781 dd8b079234fb488db03e6de01e8e0df3 - - 8792d6fbeb0d44a2b80411231089ccdb 8792d6fbeb0d44a2b80411231089ccdb] 199.204.45.138 "GET /v2.0/ports?network_id=b4ef25bf-df1a-40ec-bceb-047cda66ec40&device_owner=network%3Adhcp HTTP/1.1" status: 200 len: 210 time: 0.0235806
2026-06-15 21:10:25.851 10 INFO neutron.wsgi [req-bad40b3d-b2a2-4b4d-9e74-1b726a109d5a req-4eecab22-6a0c-4e5b-b90c-1e7c9b20c23d f295b0e2fa4742f79edf8028d7cca781 dd8b079234fb488db03e6de01e8e0df3 - - 8792d6fbeb0d44a2b80411231089ccdb 8792d6fbeb0d44a2b80411231089ccdb] 199.204.45.138 "GET /v2.0/ports?network_id=b4ef25bf-df1a-40ec-bceb-047cda66ec40&device_owner=network%3Adhcp HTTP/1.1" status: 200 len: 210 time: 0.0184116
2026-06-15 21:10:25.904 10 INFO neutron.wsgi [req-69cca120-4c01-4148-bfe0-a27989e7329e req-a81166ee-5ad1-4e46-a694-aa8ab647a0ce f295b0e2fa4742f79edf8028d7cca781 dd8b079234fb488db03e6de01e8e0df3 - - 8792d6fbeb0d44a2b80411231089ccdb 8792d6fbeb0d44a2b80411231089ccdb] 10.0.0.181 "GET /v2.0/ports?device_id=d8faee52-49e0-4976-b5bd-6fe26d1d8c49 HTTP/1.1" status: 200 len: 1630 time: 0.0483706
2026-06-15 21:10:25.932 10 INFO neutron.wsgi [req-bad40b3d-b2a2-4b4d-9e74-1b726a109d5a req-7f04423a-3394-47c6-acb1-b61fa890f6de f295b0e2fa4742f79edf8028d7cca781 dd8b079234fb488db03e6de01e8e0df3 - - 8792d6fbeb0d44a2b80411231089ccdb 8792d6fbeb0d44a2b80411231089ccdb] 199.204.45.138 "GET /v2.0/networks/b4ef25bf-df1a-40ec-bceb-047cda66ec40?fields=segments HTTP/1.1" status: 200 len: 212 time: 0.0772822
2026-06-15 21:10:25.981 10 INFO neutron.wsgi [req-69cca120-4c01-4148-bfe0-a27989e7329e req-dd3347b1-0c51-4eb0-bfed-3656e3e04a06 f295b0e2fa4742f79edf8028d7cca781 dd8b079234fb488db03e6de01e8e0df3 - - 8792d6fbeb0d44a2b80411231089ccdb 8792d6fbeb0d44a2b80411231089ccdb] 10.0.0.181 "GET /v2.0/security-groups?id=5db29078-e1bb-40d3-95ad-92f2330efe59&fields=id&fields=name HTTP/1.1" status: 200 len: 310 time: 0.0686026
2026-06-15 21:10:26.014 10 INFO neutron.wsgi [req-bad40b3d-b2a2-4b4d-9e74-1b726a109d5a req-5b2ebc8a-329a-43c0-ae8d-664b5d1fd4ec f295b0e2fa4742f79edf8028d7cca781 dd8b079234fb488db03e6de01e8e0df3 - - 8792d6fbeb0d44a2b80411231089ccdb 8792d6fbeb0d44a2b80411231089ccdb] 199.204.45.138 "GET /v2.0/networks/b4ef25bf-df1a-40ec-bceb-047cda66ec40?fields=provider%3Aphysical_network&fields=provider%3Anetwork_type HTTP/1.1" status: 200 len: 277 time: 0.0770149
2026-06-15 21:10:26.067 9 INFO neutron.wsgi [None req-f4cec6d3-4d57-4a6c-8013-547a5f305c28 f73134e7dd8f4afead71794ed8eb7d5b b20fe87faac54f84895f7606ed420794 - - default default] 10.0.0.173 "DELETE /v2.0/subnets/5d42ea8c-28aa-4da7-bbd4-171adf8dbbda HTTP/1.1" status: 204 len: 168 time: 0.2324970
2026-06-15 21:10:26.314 10 INFO neutron.wsgi [None req-290a9dda-2e74-4dde-bea6-96f07d1c417f f73134e7dd8f4afead71794ed8eb7d5b b20fe87faac54f84895f7606ed420794 - - default default] 10.0.0.173 "DELETE /v2.0/subnets/0e5478ef-2c41-4d01-951b-420c133e83e3 HTTP/1.1" status: 204 len: 168 time: 0.2400737
2026-06-15 21:10:26.526 10 INFO neutron.wsgi [None req-8fcfaea7-5a5c-4560-a11c-2756ccdf0b1b f73134e7dd8f4afead71794ed8eb7d5b b20fe87faac54f84895f7606ed420794 - - default default] 10.0.0.173 "DELETE /v2.0/subnets/25e842b2-57ac-4f39-8054-7e6dfe222874 HTTP/1.1" status: 204 len: 168 time: 0.2071457
2026-06-15 21:10:26.734 10 INFO neutron.wsgi [None req-bf7c8aa8-7a2a-488a-9e13-f0708724c629 f73134e7dd8f4afead71794ed8eb7d5b b20fe87faac54f84895f7606ed420794 - - default default] 10.0.0.173 "DELETE /v2.0/subnets/6f607d17-abd5-4f9d-8b86-921ac9473bf7 HTTP/1.1" status: 204 len: 168 time: 0.2025559
2026-06-15 21:10:26.972 10 INFO neutron.wsgi [None req-d58ce44d-6e2b-4e93-80e4-c0cb6197652c f73134e7dd8f4afead71794ed8eb7d5b b20fe87faac54f84895f7606ed420794 - - default default] 10.0.0.173 "DELETE /v2.0/subnets/f34094de-4376-41dc-ac91-a8244201bce2 HTTP/1.1" status: 204 len: 168 time: 0.2342718
2026-06-15 21:10:27.311 10 INFO neutron.services.segments.plugin [-] Segment 0b9d31da-89e9-4b48-8896-62d9b751dadd resource provider aggregate not found
2026-06-15 21:10:27.316 10 INFO neutron.services.segments.plugin [-] Segment 0b9d31da-89e9-4b48-8896-62d9b751dadd resource provider aggregate not found
