2026-06-15 21:09:04.547 9 INFO neutron.services.segments.plugin [-] Segment 2c03031c-8d90-43a4-aa5d-0fbc6da9d866 resource provider not found; error: Placement Client Error (4xx): {"errors": [{"status": 404, "title": "Not Found", "detail": "The resource could not be found.\n\n No resource provider with uuid 2c03031c-8d90-43a4-aa5d-0fbc6da9d866 found for delete ", "request_id": "req-fec91fd5-6da3-400b-8131-26cc680176fc"}]}
2026-06-15 21:09:04.576 9 INFO neutron.wsgi [None req-1efcac94-76ad-4e5e-9ea7-8deb64e09810 08ba737c21d84e53a547c562745ab03f b0507a2222dd4d03a8206278ebd0359d - - default default] 10.0.0.173 "DELETE /v2.0/networks/1fb00131-7095-4746-9770-50dea7cf1575 HTTP/1.1" status: 204 len: 168 time: 0.4639399 /var/lib/openstack/lib/python3.10/site-packages/pycadf/identifier.py:71: UserWarning: Invalid uuid: neutron. To ensure interoperability, identifiers should be a valid uuid. warnings.warn(('Invalid uuid: %s. To ensure interoperability, '
2026-06-15 21:09:05.015 10 INFO neutron.db.ovn_revision_numbers_db [None req-8051b064-8b22-4ee0-bfba-70f44eb587a0 08ba737c21d84e53a547c562745ab03f b0507a2222dd4d03a8206278ebd0359d - - default default] Successfully bumped revision number for resource c841898a-c548-4543-a49a-01126671fa31 (type: security_groups) to 1
2026-06-15 21:09:05.040 10 INFO neutron.db.ovn_revision_numbers_db [None req-8051b064-8b22-4ee0-bfba-70f44eb587a0 08ba737c21d84e53a547c562745ab03f b0507a2222dd4d03a8206278ebd0359d - - default default] Successfully bumped revision number for resource 02861deb-e741-48a2-8607-69986c8dc0c6 (type: security_group_rules) to 0
2026-06-15 21:09:05.075 10 INFO neutron.db.ovn_revision_numbers_db [None req-8051b064-8b22-4ee0-bfba-70f44eb587a0 08ba737c21d84e53a547c562745ab03f b0507a2222dd4d03a8206278ebd0359d - - default default] Successfully bumped revision number for resource 81e5eded-70c6-4713-99f1-abc8b0704762 (type: security_group_rules) to 0
2026-06-15 21:09:05.101 10 INFO neutron.db.ovn_revision_numbers_db [None req-8051b064-8b22-4ee0-bfba-70f44eb587a0 08ba737c21d84e53a547c562745ab03f b0507a2222dd4d03a8206278ebd0359d - - default default] Successfully bumped revision number for resource adae99fd-23c1-4329-8f66-f44f4eb83518 (type: security_group_rules) to 0
2026-06-15 21:09:05.122 10 INFO neutron.db.ovn_revision_numbers_db [None req-8051b064-8b22-4ee0-bfba-70f44eb587a0 08ba737c21d84e53a547c562745ab03f b0507a2222dd4d03a8206278ebd0359d - - default default] Successfully bumped revision number for resource f7a5038a-dc8a-4486-bf80-0833798911f0 (type: security_group_rules) to 0
2026-06-15 21:09:05.127 9 INFO neutron.wsgi [req-a7a996d5-d34c-4c31-b41b-a78146f76916 req-71001475-2c82-47f6-8f77-601b31dd238e 5cdf1d1755ae45feaca7447de9444a3e f15b0fdce11d43d9a6343e531b54a787 - - default default] 10.0.0.115 "GET /v2.0/ports?device_id=703da1b5-ea97-4aa3-8fbe-822b665a965a HTTP/1.1" status: 200 len: 1170 time: 0.0491195
2026-06-15 21:09:05.168 10 INFO neutron.wsgi [None req-8051b064-8b22-4ee0-bfba-70f44eb587a0 08ba737c21d84e53a547c562745ab03f b0507a2222dd4d03a8206278ebd0359d - - default default] 10.0.0.173 "GET /v2.0/security-groups?tenant_id=627d7db287cb48f78c396cb370ca021e&name=default HTTP/1.1" status: 200 len: 2996 time: 0.6144037
2026-06-15 21:09:05.212 9 INFO neutron.wsgi [req-a7a996d5-d34c-4c31-b41b-a78146f76916 req-249f102b-9e77-4ae2-9458-79a94f651015 5cdf1d1755ae45feaca7447de9444a3e f15b0fdce11d43d9a6343e531b54a787 - - default default] 10.0.0.115 "GET /v2.0/security-groups?id=6770371b-f076-486f-a2b2-708ff01e194f&fields=id&fields=name HTTP/1.1" status: 200 len: 312 time: 0.0752695
2026-06-15 21:09:05.486 9 INFO neutron.wsgi [None req-521cfa23-0359-474c-a9ad-86fafc112974 08ba737c21d84e53a547c562745ab03f b0507a2222dd4d03a8206278ebd0359d - - default default] 10.0.0.173 "DELETE /v2.0/security-groups/c841898a-c548-4543-a49a-01126671fa31 HTTP/1.1" status: 204 len: 168 time: 0.3099561
2026-06-15 21:09:05.671 10 INFO neutron.notifiers.nova [-] Nova event matching ['req-2f17b9da-c9dc-4f57-b82f-29f3ea3a3a32'] response: {'server_uuid': '703da1b5-ea97-4aa3-8fbe-822b665a965a', 'name': 'network-vif-plugged', 'status': 'completed', 'tag': '7992f8d2-8e35-46de-b615-70ff1b7b4926', 'code': 200}
2026-06-15 21:09:05.671 10 INFO neutron.notifiers.nova [-] Nova event matching ['req-2f17b9da-c9dc-4f57-b82f-29f3ea3a3a32'] response: {'server_uuid': '703da1b5-ea97-4aa3-8fbe-822b665a965a', 'name': 'network-vif-plugged', 'status': 'completed', 'tag': '7992f8d2-8e35-46de-b615-70ff1b7b4926', 'code': 200}
2026-06-15 21:09:05.811 9 INFO neutron.db.ovn_revision_numbers_db [None req-2222e3e3-d4b5-4688-b5f6-2448fef224f3 08ba737c21d84e53a547c562745ab03f b0507a2222dd4d03a8206278ebd0359d - - default default] Successfully bumped revision number for resource de8577c4-4281-4305-b2cf-a21ce619551d (type: security_groups) to 1
2026-06-15 21:09:05.830 9 INFO neutron.db.ovn_revision_numbers_db [None req-2222e3e3-d4b5-4688-b5f6-2448fef224f3 08ba737c21d84e53a547c562745ab03f b0507a2222dd4d03a8206278ebd0359d - - default default] Successfully bumped revision number for resource 245d215c-8d08-48c4-ae9c-afc414ed4f02 (type: security_group_rules) to 0
2026-06-15 21:09:05.868 9 INFO neutron.db.ovn_revision_numbers_db [None req-2222e3e3-d4b5-4688-b5f6-2448fef224f3 08ba737c21d84e53a547c562745ab03f b0507a2222dd4d03a8206278ebd0359d - - default default] Successfully bumped revision number for resource 3e14066a-2bd9-4691-9b65-e5f2285739cc (type: security_group_rules) to 0
2026-06-15 21:09:05.898 9 INFO neutron.db.ovn_revision_numbers_db [None req-2222e3e3-d4b5-4688-b5f6-2448fef224f3 08ba737c21d84e53a547c562745ab03f b0507a2222dd4d03a8206278ebd0359d - - default default] Successfully bumped revision number for resource dcf9ae0e-3842-4ac8-8faf-d7c57b4ae50f (type: security_group_rules) to 0
2026-06-15 21:09:05.927 9 INFO neutron.db.ovn_revision_numbers_db [None req-2222e3e3-d4b5-4688-b5f6-2448fef224f3 08ba737c21d84e53a547c562745ab03f b0507a2222dd4d03a8206278ebd0359d - - default default] Successfully bumped revision number for resource f2d77c46-0c78-4e01-9774-44248e67a97b (type: security_group_rules) to 0
2026-06-15 21:09:05.957 9 INFO neutron.wsgi [None req-2222e3e3-d4b5-4688-b5f6-2448fef224f3 08ba737c21d84e53a547c562745ab03f b0507a2222dd4d03a8206278ebd0359d - - default default] 10.0.0.173 "GET /v2.0/security-groups?tenant_id=c7ad3cff342a4b4799520e08e4e8977a&name=default HTTP/1.1" status: 200 len: 2996 time: 0.2876670
2026-06-15 21:09:06.074 10 INFO neutron.wsgi [None req-4929eac5-4e2d-4b43-bf1b-6fca77110fa1 08ba737c21d84e53a547c562745ab03f b0507a2222dd4d03a8206278ebd0359d - - default default] 10.0.0.173 "PUT /v2.0/routers/041aebe2-c939-4f0e-b678-6d95ed45802f/remove_router_interface HTTP/1.1" status: 200 len: 503 time: 1.4913952 /var/lib/openstack/lib/python3.10/site-packages/pycadf/identifier.py:71: UserWarning: Invalid uuid: neutron. To ensure interoperability, identifiers should be a valid uuid. warnings.warn(('Invalid uuid: %s. To ensure interoperability, '
2026-06-15 21:09:06.154 9 INFO neutron.wsgi [None req-2c891ecc-6e01-4026-b2c4-44b4b72f5a0d 08ba737c21d84e53a547c562745ab03f b0507a2222dd4d03a8206278ebd0359d - - default default] 10.0.0.173 "DELETE /v2.0/security-groups/de8577c4-4281-4305-b2cf-a21ce619551d HTTP/1.1" status: 204 len: 168 time: 0.1922357
2026-06-15 21:09:06.400 9 INFO neutron.wsgi [req-1d181a9a-a802-4c66-abd5-9a03470a9882 req-68a0913a-3dd0-4daa-bd77-f80f34d99b5e 5cdf1d1755ae45feaca7447de9444a3e f15b0fdce11d43d9a6343e531b54a787 - - default default] 10.0.0.115 "GET /v2.0/ports?device_id=703da1b5-ea97-4aa3-8fbe-822b665a965a HTTP/1.1" status: 200 len: 1170 time: 0.1163867
2026-06-15 21:09:06.457 9 INFO neutron.wsgi [req-1d181a9a-a802-4c66-abd5-9a03470a9882 req-5283b3c2-db34-45f1-bfff-be459e8077a2 5cdf1d1755ae45feaca7447de9444a3e f15b0fdce11d43d9a6343e531b54a787 - - default default] 10.0.0.115 "GET /v2.0/security-groups?id=6770371b-f076-486f-a2b2-708ff01e194f&fields=id&fields=name HTTP/1.1" status: 200 len: 312 time: 0.0490651
2026-06-15 21:09:06.464 10 INFO neutron.wsgi [None req-00424f3a-27ee-471d-87ed-cdd80b5ae7bc 1f1600a1af7b48a6a987469d619b99fe f43aa55b7c0a4d079fc2e3165e31e4d5 - - default default] 10.0.0.173 "POST /v2.0/qos/policies HTTP/1.1" status: 201 len: 558 time: 0.2600284
2026-06-15 21:09:06.509 10 INFO neutron.wsgi [-] 10.0.0.198 "GET / HTTP/1.1" status: 200 len: 247 time: 0.0013661
2026-06-15 21:09:06.509 9 INFO neutron.wsgi [-] 10.0.0.198 "GET / HTTP/1.1" status: 200 len: 247 time: 0.0013542
2026-06-15 21:09:06.513 9 INFO neutron.wsgi [None req-0a68a705-5a80-4061-aaf4-0d8e708cfc27 1f1600a1af7b48a6a987469d619b99fe f43aa55b7c0a4d079fc2e3165e31e4d5 - - default default] 10.0.0.173 "PUT /v2.0/policies/96d43425-1e6a-4154-bfc2-40d8013ff539/tags HTTP/1.1" status: 200 len: 218 time: 0.0414927
2026-06-15 21:09:06.548 9 INFO neutron.wsgi [None req-0b8617a7-05b0-416d-b92d-3d2d62f61822 1f1600a1af7b48a6a987469d619b99fe f43aa55b7c0a4d079fc2e3165e31e4d5 - - default default] 10.0.0.173 "GET /v2.0/policies/96d43425-1e6a-4154-bfc2-40d8013ff539/tags HTTP/1.1" status: 200 len: 218 time: 0.0301497
2026-06-15 21:09:06.564 9 INFO neutron.wsgi [req-4701039b-5b99-40d5-9f3a-e27508266e9f req-2fcf0f2e-eacc-4843-a3eb-12cfea3ce589 5cdf1d1755ae45feaca7447de9444a3e f15b0fdce11d43d9a6343e531b54a787 - - default default] 10.0.0.115 "GET /v2.0/ports?device_id=703da1b5-ea97-4aa3-8fbe-822b665a965a HTTP/1.1" status: 200 len: 1170 time: 0.0393081
2026-06-15 21:09:06.592 9 INFO neutron.wsgi [None req-99b5a8a2-f8b8-4ac7-9602-1a1ed36bd682 1f1600a1af7b48a6a987469d619b99fe f43aa55b7c0a4d079fc2e3165e31e4d5 - - default default] 10.0.0.173 "PUT /v2.0/policies/96d43425-1e6a-4154-bfc2-40d8013ff539/tags/green HTTP/1.1" status: 201 len: 201 time: 0.0368168
2026-06-15 21:09:06.605 9 INFO neutron.wsgi [req-4701039b-5b99-40d5-9f3a-e27508266e9f req-772b3c3b-8d03-4b6d-8374-73f8529c438d 5cdf1d1755ae45feaca7447de9444a3e f15b0fdce11d43d9a6343e531b54a787 - - default default] 10.0.0.115 "GET /v2.0/security-groups?id=6770371b-f076-486f-a2b2-708ff01e194f&fields=id&fields=name HTTP/1.1" status: 200 len: 312 time: 0.0338190
2026-06-15 21:09:06.638 10 INFO neutron.wsgi [None req-232d6dd8-fdf9-4697-830a-0d9d7765c272 1f1600a1af7b48a6a987469d619b99fe f43aa55b7c0a4d079fc2e3165e31e4d5 - - default default] 10.0.0.173 "GET /v2.0/policies/96d43425-1e6a-4154-bfc2-40d8013ff539/tags HTTP/1.1" status: 200 len: 227 time: 0.0400078
2026-06-15 21:09:06.669 10 INFO neutron.wsgi [None req-f9a7b90f-f287-41aa-ae33-a73b1d60bff0 1f1600a1af7b48a6a987469d619b99fe f43aa55b7c0a4d079fc2e3165e31e4d5 - - default default] 10.0.0.173 "PUT /v2.0/policies/96d43425-1e6a-4154-bfc2-40d8013ff539/tags/red HTTP/1.1" status: 201 len: 201 time: 0.0195625
2026-06-15 21:09:06.683 9 INFO neutron.wsgi [None req-5f6e5f36-2ac8-4c92-b964-f10614fc0e3b 3dca2dc96fb945118fa11caefececc8a e2ca78b0a75d47e19ca4bf9ddd5e34fa - - default default] 10.0.0.173 "GET /v2.0/ports?device_id=703da1b5-ea97-4aa3-8fbe-822b665a965a HTTP/1.1" status: 200 len: 1404 time: 0.0499134
2026-06-15 21:09:06.691 9 WARNING neutron_lib.context [None req-e8b63fae-9bb2-4cf8-aaa0-6e423dc74505 5cdf1d1755ae45feaca7447de9444a3e f15b0fdce11d43d9a6343e531b54a787 - - default default] Method 'is_advsvc' is deprecated since 2023.2 release (neutron-lib 3.8.0) and will be removed once support for the old RBAC API policies will be removed from Neutron. Please use method 'is_service_role' instead.
2026-06-15 21:09:06.707 10 INFO neutron.wsgi [None req-b1b25be3-303d-4332-8c8d-1779c56424ec 1f1600a1af7b48a6a987469d619b99fe f43aa55b7c0a4d079fc2e3165e31e4d5 - - default default] 10.0.0.173 "GET /v2.0/policies/96d43425-1e6a-4154-bfc2-40d8013ff539/tags HTTP/1.1" status: 200 len: 227 time: 0.0325742
2026-06-15 21:09:06.761 10 INFO neutron.wsgi [None req-78be1e31-cb3b-4b40-97cc-b6634bae1bfa 1f1600a1af7b48a6a987469d619b99fe f43aa55b7c0a4d079fc2e3165e31e4d5 - - default default] 10.0.0.173 "PUT /v2.0/policies/96d43425-1e6a-4154-bfc2-40d8013ff539/tags/black.or.white HTTP/1.1" status: 201 len: 201 time: 0.0479498
2026-06-15 21:09:06.808 10 INFO neutron.wsgi [None req-5f59290c-930b-416a-8e12-0b1790a2223d 1f1600a1af7b48a6a987469d619b99fe f43aa55b7c0a4d079fc2e3165e31e4d5 - - default default] 10.0.0.173 "GET /v2.0/policies/96d43425-1e6a-4154-bfc2-40d8013ff539/tags HTTP/1.1" status: 200 len: 245 time: 0.0396066
2026-06-15 21:09:06.897 10 INFO neutron.wsgi [None req-cc558765-9a47-4b56-b910-ad1072a655b0 1f1600a1af7b48a6a987469d619b99fe f43aa55b7c0a4d079fc2e3165e31e4d5 - - default default] 10.0.0.173 "PUT /v2.0/policies/96d43425-1e6a-4154-bfc2-40d8013ff539/tags HTTP/1.1" status: 200 len: 230 time: 0.0797942
2026-06-15 21:09:06.948 10 INFO neutron.wsgi [None req-b3199111-f7d6-442d-a073-4bf7966e4630 1f1600a1af7b48a6a987469d619b99fe f43aa55b7c0a4d079fc2e3165e31e4d5 - - default default] 10.0.0.173 "GET /v2.0/policies/96d43425-1e6a-4154-bfc2-40d8013ff539/tags HTTP/1.1" status: 200 len: 230 time: 0.0462906
2026-06-15 21:09:06.976 9 WARNING neutron.scheduler.dhcp_agent_scheduler [None req-e8b63fae-9bb2-4cf8-aaa0-6e423dc74505 5cdf1d1755ae45feaca7447de9444a3e f15b0fdce11d43d9a6343e531b54a787 - - default default] No more DHCP agents
2026-06-15 21:09:06.980 9 WARNING neutron.api.rpc.agentnotifiers.dhcp_rpc_agent_api [None req-e8b63fae-9bb2-4cf8-aaa0-6e423dc74505 5cdf1d1755ae45feaca7447de9444a3e f15b0fdce11d43d9a6343e531b54a787 - - default default] Unable to schedule network 0404a59f-5d03-4d96-82f5-10213451dfeb: no agents available; will retry on subsequent port and subnet creation events.
2026-06-15 21:09:06.990 9 INFO neutron.wsgi [None req-8baae944-1d51-4ccd-bec8-ec0a44ebc410 1f1600a1af7b48a6a987469d619b99fe f43aa55b7c0a4d079fc2e3165e31e4d5 - - default default] 10.0.0.173 "GET /v2.0/policies/96d43425-1e6a-4154-bfc2-40d8013ff539/tags/red HTTP/1.1" status: 204 len: 168 time: 0.0307984
2026-06-15 21:09:07.018 9 INFO neutron.api.v2.resource [None req-48682605-9dfa-4da2-9b98-481432af99ac 1f1600a1af7b48a6a987469d619b99fe f43aa55b7c0a4d079fc2e3165e31e4d5 - - default default] show failed (client error): The resource could not be found.
2026-06-15 21:09:07.020 9 INFO neutron.wsgi [None req-48682605-9dfa-4da2-9b98-481432af99ac 1f1600a1af7b48a6a987469d619b99fe f43aa55b7c0a4d079fc2e3165e31e4d5 - - default default] 10.0.0.173 "GET /v2.0/policies/96d43425-1e6a-4154-bfc2-40d8013ff539/tags/green HTTP/1.1" status: 404 len: 299 time: 0.0251820
2026-06-15 21:09:07.071 9 INFO neutron.wsgi [None req-feaa21f8-8008-4d8b-94f5-105f696767ff 1f1600a1af7b48a6a987469d619b99fe f43aa55b7c0a4d079fc2e3165e31e4d5 - - default default] 10.0.0.173 "DELETE /v2.0/policies/96d43425-1e6a-4154-bfc2-40d8013ff539/tags/red HTTP/1.1" status: 204 len: 168 time: 0.0467150
2026-06-15 21:09:07.105 10 INFO neutron.wsgi [None req-6a937763-ce1e-4f74-b44f-97a8157ea34b 08ba737c21d84e53a547c562745ab03f b0507a2222dd4d03a8206278ebd0359d - - default default] 10.0.0.173 "DELETE /v2.0/routers/041aebe2-c939-4f0e-b678-6d95ed45802f HTTP/1.1" status: 204 len: 168 time: 1.0245883
2026-06-15 21:09:07.109 9 INFO neutron.wsgi [None req-83745fec-3d9e-4691-93b7-060372f3f620 1f1600a1af7b48a6a987469d619b99fe f43aa55b7c0a4d079fc2e3165e31e4d5 - - default default] 10.0.0.173 "GET /v2.0/policies/96d43425-1e6a-4154-bfc2-40d8013ff539/tags HTTP/1.1" status: 200 len: 223 time: 0.0279474
2026-06-15 21:09:07.179 9 INFO neutron.api.v2.resource [None req-67c0a625-f513-4ac3-9154-58b865d80cff 1f1600a1af7b48a6a987469d619b99fe f43aa55b7c0a4d079fc2e3165e31e4d5 - - default default] delete failed (client error): The resource could not be found.
2026-06-15 21:09:07.180 9 INFO neutron.wsgi [None req-67c0a625-f513-4ac3-9154-58b865d80cff 1f1600a1af7b48a6a987469d619b99fe f43aa55b7c0a4d079fc2e3165e31e4d5 - - default default] 10.0.0.173 "DELETE /v2.0/policies/96d43425-1e6a-4154-bfc2-40d8013ff539/tags/green HTTP/1.1" status: 404 len: 299 time: 0.0642207
2026-06-15 21:09:07.258 10 INFO neutron.wsgi [None req-0f752b9b-6386-4f54-9960-d73944161731 1f1600a1af7b48a6a987469d619b99fe f43aa55b7c0a4d079fc2e3165e31e4d5 - - default default] 10.0.0.173 "DELETE /v2.0/policies/96d43425-1e6a-4154-bfc2-40d8013ff539/tags HTTP/1.1" status: 204 len: 168 time: 0.0709653
2026-06-15 21:09:07.319 9 INFO neutron.wsgi [None req-ea34c6bf-5464-4794-aa8c-980bfb7ea980 1f1600a1af7b48a6a987469d619b99fe f43aa55b7c0a4d079fc2e3165e31e4d5 - - default default] 10.0.0.173 "GET /v2.0/policies/96d43425-1e6a-4154-bfc2-40d8013ff539/tags HTTP/1.1" status: 200 len: 205 time: 0.0547142
2026-06-15 21:09:07.378 10 INFO neutron.wsgi [None req-e0dfdd37-8b2b-48e1-9248-0fb65ebad1b3 08ba737c21d84e53a547c562745ab03f b0507a2222dd4d03a8206278ebd0359d - - default default] 10.0.0.173 "DELETE /v2.0/subnets/0126683a-a97e-490b-a0f3-c71de52fc072 HTTP/1.1" status: 204 len: 168 time: 0.2679460
2026-06-15 21:09:07.416 10 INFO neutron.wsgi [None req-47e17536-a298-455c-9b47-2c384e4db3a4 1f1600a1af7b48a6a987469d619b99fe f43aa55b7c0a4d079fc2e3165e31e4d5 - - default default] 10.0.0.173 "DELETE /v2.0/qos/policies/96d43425-1e6a-4154-bfc2-40d8013ff539 HTTP/1.1" status: 204 len: 168 time: 0.0876734
2026-06-15 21:09:07.626 9 INFO neutron.db.l3_db [None req-e8b63fae-9bb2-4cf8-aaa0-6e423dc74505 5cdf1d1755ae45feaca7447de9444a3e f15b0fdce11d43d9a6343e531b54a787 - - default default] Floating IP a6a42e21-fc68-4e40-bfe5-351732adc2cf associated. External IP: 10.96.250.217, port: 7992f8d2-8e35-46de-b615-70ff1b7b4926.
2026-06-15 21:09:07.858 9 INFO neutron.services.segments.plugin [-] Segment ee6b316e-fbd1-4f72-91e0-8ac153d1b2b4 resource provider aggregate not found
2026-06-15 21:09:07.881 9 INFO neutron.services.segments.plugin [-] Segment ee6b316e-fbd1-4f72-91e0-8ac153d1b2b4 resource provider aggregate not found
2026-06-15 21:09:07.898 9 INFO neutron.services.segments.plugin [-] Segment ee6b316e-fbd1-4f72-91e0-8ac153d1b2b4 resource provider not found; error: Placement Client Error (4xx): {"errors": [{"status": 404, "title": "Not Found", "detail": "The resource could not be found.\n\n No resource provider with uuid ee6b316e-fbd1-4f72-91e0-8ac153d1b2b4 found for delete ", "request_id": "req-69804d30-589f-498c-880f-0699ade69c01"}]}
2026-06-15 21:09:07.911 9 INFO neutron.services.segments.plugin [-] Segment ee6b316e-fbd1-4f72-91e0-8ac153d1b2b4 resource provider not found; error: Placement Client Error (4xx): {"errors": [{"status": 404, "title": "Not Found", "detail": "The resource could not be found.\n\n No resource provider with uuid ee6b316e-fbd1-4f72-91e0-8ac153d1b2b4 found for delete ", "request_id": "req-04ca12e8-7e9e-4254-8647-84dc1916016d"}]}
2026-06-15 21:09:07.924 9 INFO neutron.db.ovn_revision_numbers_db [None req-e8b63fae-9bb2-4cf8-aaa0-6e423dc74505 5cdf1d1755ae45feaca7447de9444a3e f15b0fdce11d43d9a6343e531b54a787 - - default default] Successfully bumped revision number for resource a6a42e21-fc68-4e40-bfe5-351732adc2cf (type: floatingips) to 0
2026-06-15 21:09:07.952 9 INFO neutron.wsgi [None req-365e1a98-ab99-451e-ba78-33d9aa2ced62 08ba737c21d84e53a547c562745ab03f b0507a2222dd4d03a8206278ebd0359d - - default default] 10.0.0.173 "DELETE /v2.0/networks/1bd8e8cd-1a73-4b0b-9705-80a9334a477f HTTP/1.1" status: 204 len: 168 time: 0.5591414 /var/lib/openstack/lib/python3.10/site-packages/pycadf/identifier.py:71: UserWarning: Invalid uuid: neutron. To ensure interoperability, identifiers should be a valid uuid. warnings.warn(('Invalid uuid: %s. To ensure interoperability, '
2026-06-15 21:09:08.331 9 INFO neutron.db.ovn_revision_numbers_db [None req-e8b63fae-9bb2-4cf8-aaa0-6e423dc74505 5cdf1d1755ae45feaca7447de9444a3e f15b0fdce11d43d9a6343e531b54a787 - - default default] Successfully bumped revision number for resource a6a42e21-fc68-4e40-bfe5-351732adc2cf (type: floatingips) to 1
2026-06-15 21:09:08.375 10 INFO neutron.wsgi [None req-650f4f38-b055-4e48-85e5-521931a3ea83 08ba737c21d84e53a547c562745ab03f b0507a2222dd4d03a8206278ebd0359d - - default default] 10.0.0.173 "GET /v2.0/security-groups?tenant_id=689b241d12a94bce960b3fb0936ae5b8&name=default HTTP/1.1" status: 200 len: 2996 time: 0.0792351
2026-06-15 21:09:08.376 9 INFO neutron.wsgi [None req-e8b63fae-9bb2-4cf8-aaa0-6e423dc74505 5cdf1d1755ae45feaca7447de9444a3e f15b0fdce11d43d9a6343e531b54a787 - - default default] 10.0.0.173 "POST /v2.0/floatingips HTTP/1.1" status: 201 len: 1054 time: 1.6886764
2026-06-15 21:09:08.412 9 INFO neutron.notifiers.nova [-] Nova event matching ['req-a91ad78d-1d5d-41c4-b04e-17a875ba88a3'] response: {'name': 'network-changed', 'server_uuid': '703da1b5-ea97-4aa3-8fbe-822b665a965a', 'tag': '7992f8d2-8e35-46de-b615-70ff1b7b4926', 'status': 'completed', 'code': 200}
2026-06-15 21:09:08.449 10 INFO neutron.wsgi [None req-393be094-813f-4c93-a4f0-bed8b0b56411 5cdf1d1755ae45feaca7447de9444a3e f15b0fdce11d43d9a6343e531b54a787 - - default default] 10.0.0.173 "GET /v2.0/floatingips/a6a42e21-fc68-4e40-bfe5-351732adc2cf HTTP/1.1" status: 200 len: 1051 time: 0.0680678
2026-06-15 21:09:08.499 10 INFO neutron.wsgi [req-a8165e0b-794d-47de-8896-5270057e2c00 req-53db27c7-37eb-4217-b0cc-0343bd6cba14 f295b0e2fa4742f79edf8028d7cca781 dd8b079234fb488db03e6de01e8e0df3 - - 8792d6fbeb0d44a2b80411231089ccdb 8792d6fbeb0d44a2b80411231089ccdb] 199.204.45.138 "GET /v2.0/ports?tenant_id=f15b0fdce11d43d9a6343e531b54a787&device_id=703da1b5-ea97-4aa3-8fbe-822b665a965a HTTP/1.1" status: 200 len: 1409 time: 0.0562458
2026-06-15 21:09:08.512 10 INFO neutron.db.ovn_revision_numbers_db [None req-39695b0a-949a-48fd-8a00-647813ec5191 08ba737c21d84e53a547c562745ab03f b0507a2222dd4d03a8206278ebd0359d - - default default] Successfully bumped revision number for resource 5f338278-ed43-4e46-b68c-b46cc16f24f2 (type: security_groups) to 1
2026-06-15 21:09:08.541 10 INFO neutron.db.ovn_revision_numbers_db [None req-39695b0a-949a-48fd-8a00-647813ec5191 08ba737c21d84e53a547c562745ab03f b0507a2222dd4d03a8206278ebd0359d - - default default] Successfully bumped revision number for resource 5aac8d34-1a0f-4a7d-ad9b-063f7e9733bc (type: security_group_rules) to 0
2026-06-15 21:09:08.557 10 INFO neutron.db.ovn_revision_numbers_db [None req-39695b0a-949a-48fd-8a00-647813ec5191 08ba737c21d84e53a547c562745ab03f b0507a2222dd4d03a8206278ebd0359d - - default default] Successfully bumped revision number for resource 83080d01-b1f6-45a6-afb7-69313e570913 (type: security_group_rules) to 0
2026-06-15 21:09:08.566 10 INFO neutron.wsgi [req-a8165e0b-794d-47de-8896-5270057e2c00 req-57fb516f-be78-4ed9-8639-1d2908b95990 f295b0e2fa4742f79edf8028d7cca781 dd8b079234fb488db03e6de01e8e0df3 - - 8792d6fbeb0d44a2b80411231089ccdb 8792d6fbeb0d44a2b80411231089ccdb] 199.204.45.138 "GET /v2.0/networks?id=2dd9b42c-cad6-4e87-b77e-0701a47fecae HTTP/1.1" status: 200 len: 958 time: 0.0615993
2026-06-15 21:09:08.581 10 INFO neutron.db.ovn_revision_numbers_db [None req-39695b0a-949a-48fd-8a00-647813ec5191 08ba737c21d84e53a547c562745ab03f b0507a2222dd4d03a8206278ebd0359d - - default default] Successfully bumped revision number for resource b1c50192-c7a3-4a3a-85d0-762266775436 (type: security_group_rules) to 0
2026-06-15 21:09:08.601 9 INFO neutron.wsgi [None req-679bf346-0e7f-4c4a-b7c5-d17d6dd49131 08ba737c21d84e53a547c562745ab03f b0507a2222dd4d03a8206278ebd0359d - - default default] 10.0.0.173 "DELETE /v2.0/security-groups/87e99983-897f-4e4f-b2ef-77459a1803f3 HTTP/1.1" status: 204 len: 168 time: 0.2182577
2026-06-15 21:09:08.621 10 INFO neutron.db.ovn_revision_numbers_db [None req-39695b0a-949a-48fd-8a00-647813ec5191 08ba737c21d84e53a547c562745ab03f b0507a2222dd4d03a8206278ebd0359d - - default default] Successfully bumped revision number for resource eb2aa566-8a1e-4e06-b5dd-4d7dad41e94a (type: security_group_rules) to 0
2026-06-15 21:09:08.648 10 INFO neutron.wsgi [req-a8165e0b-794d-47de-8896-5270057e2c00 req-86aec32c-5e87-4646-9faa-5df7a8ce6f51 f295b0e2fa4742f79edf8028d7cca781 dd8b079234fb488db03e6de01e8e0df3 - - 8792d6fbeb0d44a2b80411231089ccdb 8792d6fbeb0d44a2b80411231089ccdb] 199.204.45.138 "GET /v2.0/floatingips?fixed_ip_address=10.100.0.5&port_id=7992f8d2-8e35-46de-b615-70ff1b7b4926 HTTP/1.1" status: 200 len: 1059 time: 0.0746696
2026-06-15 21:09:08.666 10 INFO neutron.wsgi [None req-39695b0a-949a-48fd-8a00-647813ec5191 08ba737c21d84e53a547c562745ab03f b0507a2222dd4d03a8206278ebd0359d - - default default] 10.0.0.173 "GET /v2.0/security-groups?tenant_id=f43aa55b7c0a4d079fc2e3165e31e4d5&name=default HTTP/1.1" status: 200 len: 2996 time: 0.6029413
2026-06-15 21:09:08.700 10 INFO neutron.wsgi [req-a8165e0b-794d-47de-8896-5270057e2c00 req-74360457-cf20-4148-8c1c-799fe4e76c07 f295b0e2fa4742f79edf8028d7cca781 dd8b079234fb488db03e6de01e8e0df3 - - 8792d6fbeb0d44a2b80411231089ccdb 8792d6fbeb0d44a2b80411231089ccdb] 199.204.45.138 "GET /v2.0/subnets?id=30638436-3cbf-4b2c-98f6-bcd466533acc HTTP/1.1" status: 200 len: 853 time: 0.0440581
2026-06-15 21:09:08.733 10 INFO neutron.wsgi [req-a8165e0b-794d-47de-8896-5270057e2c00 req-c9190a4c-61d9-4722-88c2-550e91f40d3e f295b0e2fa4742f79edf8028d7cca781 dd8b079234fb488db03e6de01e8e0df3 - - 8792d6fbeb0d44a2b80411231089ccdb 8792d6fbeb0d44a2b80411231089ccdb] 199.204.45.138 "GET /v2.0/ports?network_id=2dd9b42c-cad6-4e87-b77e-0701a47fecae&device_owner=network%3Adhcp HTTP/1.1" status: 200 len: 210 time: 0.0255427
2026-06-15 21:09:08.793 10 INFO neutron.wsgi [None req-b0a17f86-7694-445e-bc72-3d6f2322eab2 08ba737c21d84e53a547c562745ab03f b0507a2222dd4d03a8206278ebd0359d - - default default] 10.0.0.173 "GET /v2.0/security-groups?tenant_id=1322218ae1b14a2da544b3c23c2862d9&name=default HTTP/1.1" status: 200 len: 2996 time: 0.0546472
2026-06-15 21:09:08.811 10 INFO neutron.wsgi [req-a8165e0b-794d-47de-8896-5270057e2c00 req-5690645e-0f89-4fe9-9694-53faf52b49b1 f295b0e2fa4742f79edf8028d7cca781 dd8b079234fb488db03e6de01e8e0df3 - - 8792d6fbeb0d44a2b80411231089ccdb 8792d6fbeb0d44a2b80411231089ccdb] 199.204.45.138 "GET /v2.0/networks/2dd9b42c-cad6-4e87-b77e-0701a47fecae?fields=segments HTTP/1.1" status: 200 len: 212 time: 0.0683641
2026-06-15 21:09:08.909 10 INFO neutron.wsgi [req-a8165e0b-794d-47de-8896-5270057e2c00 req-d61b8239-993c-4fce-81ea-7fee92eeaa04 f295b0e2fa4742f79edf8028d7cca781 dd8b079234fb488db03e6de01e8e0df3 - - 8792d6fbeb0d44a2b80411231089ccdb 8792d6fbeb0d44a2b80411231089ccdb] 199.204.45.138 "GET /v2.0/networks/2dd9b42c-cad6-4e87-b77e-0701a47fecae?fields=provider%3Aphysical_network&fields=provider%3Anetwork_type HTTP/1.1" status: 200 len: 277 time: 0.0863333
2026-06-15 21:09:08.969 9 INFO neutron.wsgi [None req-e19eb2d6-50b5-492a-ae5c-2eb9306a3305 08ba737c21d84e53a547c562745ab03f b0507a2222dd4d03a8206278ebd0359d - - default default] 10.0.0.173 "DELETE /v2.0/security-groups/5f338278-ed43-4e46-b68c-b46cc16f24f2 HTTP/1.1" status: 204 len: 168 time: 0.2973378
2026-06-15 21:09:09.066 9 INFO neutron.wsgi [None req-55cbc166-106b-493d-94c8-03487c538c84 08ba737c21d84e53a547c562745ab03f b0507a2222dd4d03a8206278ebd0359d - - default default] 10.0.0.173 "DELETE /v2.0/security-groups/c2056fe3-98ad-4aff-b259-00e4098f9c90 HTTP/1.1" status: 204 len: 168 time: 0.2671025
2026-06-15 21:09:09.211 9 INFO neutron.db.ovn_revision_numbers_db [None req-2aaddbd9-99f3-44dd-9792-5234b30852ae 08ba737c21d84e53a547c562745ab03f b0507a2222dd4d03a8206278ebd0359d - - default default] Successfully bumped revision number for resource 205518b3-6dc0-47b0-84a5-4600de6ed712 (type: security_groups) to 1
2026-06-15 21:09:09.225 9 INFO neutron.db.ovn_revision_numbers_db [None req-2aaddbd9-99f3-44dd-9792-5234b30852ae 08ba737c21d84e53a547c562745ab03f b0507a2222dd4d03a8206278ebd0359d - - default default] Successfully bumped revision number for resource 06f9bb02-13e6-4748-9a71-9e3afbfc81d8 (type: security_group_rules) to 0
2026-06-15 21:09:09.240 9 INFO neutron.db.ovn_revision_numbers_db [None req-2aaddbd9-99f3-44dd-9792-5234b30852ae 08ba737c21d84e53a547c562745ab03f b0507a2222dd4d03a8206278ebd0359d - - default default] Successfully bumped revision number for resource 18fef4d5-d679-48ac-9256-1e586a138137 (type: security_group_rules) to 0
2026-06-15 21:09:09.260 9 INFO neutron.db.ovn_revision_numbers_db [None req-2aaddbd9-99f3-44dd-9792-5234b30852ae 08ba737c21d84e53a547c562745ab03f b0507a2222dd4d03a8206278ebd0359d - - default default] Successfully bumped revision number for resource 8c2ccadf-eba2-4cb6-99fd-b3e9f06cb3c4 (type: security_group_rules) to 0
2026-06-15 21:09:09.277 9 INFO neutron.db.ovn_revision_numbers_db [None req-2aaddbd9-99f3-44dd-9792-5234b30852ae 08ba737c21d84e53a547c562745ab03f b0507a2222dd4d03a8206278ebd0359d - - default default] Successfully bumped revision number for resource eed2abc1-b1e3-4601-98c8-5c760c592570 (type: security_group_rules) to 0
2026-06-15 21:09:09.303 9 INFO neutron.wsgi [None req-2aaddbd9-99f3-44dd-9792-5234b30852ae 08ba737c21d84e53a547c562745ab03f b0507a2222dd4d03a8206278ebd0359d - - default default] 10.0.0.173 "GET /v2.0/security-groups?tenant_id=41a3b237a4ac4e83b57dbff2dd1f7814&name=default HTTP/1.1" status: 200 len: 2996 time: 0.2106743
2026-06-15 21:09:09.513 9 INFO neutron.wsgi [None req-82e460a5-27ba-415f-a6df-d2ec9b7a9699 08ba737c21d84e53a547c562745ab03f b0507a2222dd4d03a8206278ebd0359d - - default default] 10.0.0.173 "DELETE /v2.0/security-groups/205518b3-6dc0-47b0-84a5-4600de6ed712 HTTP/1.1" status: 204 len: 168 time: 0.2023787
2026-06-15 21:09:11.123 9 WARNING neutron_lib.context [None req-20b2cbe8-4508-4ccc-a3b7-fab6c256064b 9c247b0cc9ec41a3b460b090d9e83b59 31084490f61f433e80e434e5f4ac2c51 - - default default] Method 'is_advsvc' is deprecated since 2023.2 release (neutron-lib 3.8.0) and will be removed once support for the old RBAC API policies will be removed from Neutron. Please use method 'is_service_role' instead.
2026-06-15 21:09:11.254 9 INFO neutron.db.ovn_revision_numbers_db [None req-20b2cbe8-4508-4ccc-a3b7-fab6c256064b 9c247b0cc9ec41a3b460b090d9e83b59 31084490f61f433e80e434e5f4ac2c51 - - default default] Successfully bumped revision number for resource 0a3b8264-6a8c-4659-83ce-956f4cbda815 (type: security_groups) to 1
2026-06-15 21:09:11.271 9 INFO neutron.db.ovn_revision_numbers_db [None req-20b2cbe8-4508-4ccc-a3b7-fab6c256064b 9c247b0cc9ec41a3b460b090d9e83b59 31084490f61f433e80e434e5f4ac2c51 - - default default] Successfully bumped revision number for resource 1fd05cf3-0611-4c14-abf8-f6baef94082c (type: security_group_rules) to 0
2026-06-15 21:09:11.292 9 INFO neutron.db.ovn_revision_numbers_db [None req-20b2cbe8-4508-4ccc-a3b7-fab6c256064b 9c247b0cc9ec41a3b460b090d9e83b59 31084490f61f433e80e434e5f4ac2c51 - - default default] Successfully bumped revision number for resource 39f6a9fd-f8b4-43d1-96c3-734411095381 (type: security_group_rules) to 0
2026-06-15 21:09:11.311 9 INFO neutron.db.ovn_revision_numbers_db [None req-20b2cbe8-4508-4ccc-a3b7-fab6c256064b 9c247b0cc9ec41a3b460b090d9e83b59 31084490f61f433e80e434e5f4ac2c51 - - default default] Successfully bumped revision number for resource 70bb5c6e-f983-4a02-bd06-30f3fab35e3d (type: security_group_rules) to 0
2026-06-15 21:09:11.333 9 INFO neutron.db.ovn_revision_numbers_db [None req-20b2cbe8-4508-4ccc-a3b7-fab6c256064b 9c247b0cc9ec41a3b460b090d9e83b59 31084490f61f433e80e434e5f4ac2c51 - - default default] Successfully bumped revision number for resource 746b1a85-cee6-4ce4-9f30-541880d03364 (type: security_group_rules) to 0
2026-06-15 21:09:11.436 9 INFO neutron.db.ovn_revision_numbers_db [None req-20b2cbe8-4508-4ccc-a3b7-fab6c256064b 9c247b0cc9ec41a3b460b090d9e83b59 31084490f61f433e80e434e5f4ac2c51 - - default default] Successfully bumped revision number for resource 8ada2765-a360-43eb-b783-c414b5d3d04a (type: security_groups) to 1
2026-06-15 21:09:11.450 9 INFO neutron.db.ovn_revision_numbers_db [None req-20b2cbe8-4508-4ccc-a3b7-fab6c256064b 9c247b0cc9ec41a3b460b090d9e83b59 31084490f61f433e80e434e5f4ac2c51 - - default default] Successfully bumped revision number for resource 58487da7-ad58-4bf7-99d6-eab1dfc598a7 (type: security_group_rules) to 0
2026-06-15 21:09:11.463 9 INFO neutron.db.ovn_revision_numbers_db [None req-20b2cbe8-4508-4ccc-a3b7-fab6c256064b 9c247b0cc9ec41a3b460b090d9e83b59 31084490f61f433e80e434e5f4ac2c51 - - default default] Successfully bumped revision number for resource b99ab835-42b7-42c3-8c92-1dc4af0943ca (type: security_group_rules) to 0
2026-06-15 21:09:11.482 9 INFO neutron.wsgi [None req-20b2cbe8-4508-4ccc-a3b7-fab6c256064b 9c247b0cc9ec41a3b460b090d9e83b59 31084490f61f433e80e434e5f4ac2c51 - - default default] 10.0.0.173 "POST /v2.0/security-groups HTTP/1.1" status: 201 len: 1737 time: 0.5177596
2026-06-15 21:09:11.490 9 WARNING neutron_lib.context [None req-7cda3d32-9219-4e8c-8ce0-bb4a1d10972d 9c247b0cc9ec41a3b460b090d9e83b59 31084490f61f433e80e434e5f4ac2c51 - - default default] Method 'is_advsvc' is deprecated since 2023.2 release (neutron-lib 3.8.0) and will be removed once support for the old RBAC API policies will be removed from Neutron. Please use method 'is_service_role' instead.
2026-06-15 21:09:11.597 9 INFO neutron.db.ovn_revision_numbers_db [None req-7cda3d32-9219-4e8c-8ce0-bb4a1d10972d 9c247b0cc9ec41a3b460b090d9e83b59 31084490f61f433e80e434e5f4ac2c51 - - default default] Successfully bumped revision number for resource 410f610d-782f-467b-87b8-b9d85ab97455 (type: security_groups) to 1
2026-06-15 21:09:11.610 9 INFO neutron.db.ovn_revision_numbers_db [None req-7cda3d32-9219-4e8c-8ce0-bb4a1d10972d 9c247b0cc9ec41a3b460b090d9e83b59 31084490f61f433e80e434e5f4ac2c51 - - default default] Successfully bumped revision number for resource b30cd9af-3f57-49f6-a0b6-b50e774112e5 (type: security_group_rules) to 0
2026-06-15 21:09:11.640 9 INFO neutron.db.ovn_revision_numbers_db [None req-7cda3d32-9219-4e8c-8ce0-bb4a1d10972d 9c247b0cc9ec41a3b460b090d9e83b59 31084490f61f433e80e434e5f4ac2c51 - - default default] Successfully bumped revision number for resource c9660a84-fd3a-4a54-8d5c-6d97c67765e7 (type: security_group_rules) to 0
2026-06-15 21:09:11.659 9 INFO neutron.wsgi [None req-7cda3d32-9219-4e8c-8ce0-bb4a1d10972d 9c247b0cc9ec41a3b460b090d9e83b59 31084490f61f433e80e434e5f4ac2c51 - - default default] 10.0.0.173 "POST /v2.0/security-groups HTTP/1.1" status: 201 len: 1737 time: 0.1722202
2026-06-15 21:09:11.668 9 WARNING neutron_lib.context [None req-8f8ea446-085c-424d-8492-9cd1b358c8b1 9c247b0cc9ec41a3b460b090d9e83b59 31084490f61f433e80e434e5f4ac2c51 - - default default] Method 'is_advsvc' is deprecated since 2023.2 release (neutron-lib 3.8.0) and will be removed once support for the old RBAC API policies will be removed from Neutron. Please use method 'is_service_role' instead.
2026-06-15 21:09:11.787 9 INFO neutron.db.ovn_revision_numbers_db [None req-8f8ea446-085c-424d-8492-9cd1b358c8b1 9c247b0cc9ec41a3b460b090d9e83b59 31084490f61f433e80e434e5f4ac2c51 - - default default] Successfully bumped revision number for resource 77352c57-e2e0-456f-b466-e60518dfc208 (type: security_groups) to 1
2026-06-15 21:09:11.808 9 INFO neutron.db.ovn_revision_numbers_db [None req-8f8ea446-085c-424d-8492-9cd1b358c8b1 9c247b0cc9ec41a3b460b090d9e83b59 31084490f61f433e80e434e5f4ac2c51 - - default default] Successfully bumped revision number for resource 4e87aade-1e69-42a3-9c06-198e1144f697 (type: security_group_rules) to 0
2026-06-15 21:09:11.819 9 INFO neutron.db.ovn_revision_numbers_db [None req-8f8ea446-085c-424d-8492-9cd1b358c8b1 9c247b0cc9ec41a3b460b090d9e83b59 31084490f61f433e80e434e5f4ac2c51 - - default default] Successfully bumped revision number for resource c6cb9d1b-38ed-4659-ad3d-9161a34765b3 (type: security_group_rules) to 0
2026-06-15 21:09:11.844 9 INFO neutron.wsgi [None req-8f8ea446-085c-424d-8492-9cd1b358c8b1 9c247b0cc9ec41a3b460b090d9e83b59 31084490f61f433e80e434e5f4ac2c51 - - default default] 10.0.0.173 "POST /v2.0/security-groups HTTP/1.1" status: 201 len: 1737 time: 0.1794555
2026-06-15 21:09:11.854 9 WARNING neutron_lib.context [None req-c1858150-2ff6-4803-92a7-f64cab450a59 9c247b0cc9ec41a3b460b090d9e83b59 31084490f61f433e80e434e5f4ac2c51 - - default default] Method 'is_advsvc' is deprecated since 2023.2 release (neutron-lib 3.8.0) and will be removed once support for the old RBAC API policies will be removed from Neutron. Please use method 'is_service_role' instead.
2026-06-15 21:09:11.955 9 INFO neutron.db.ovn_revision_numbers_db [None req-c1858150-2ff6-4803-92a7-f64cab450a59 9c247b0cc9ec41a3b460b090d9e83b59 31084490f61f433e80e434e5f4ac2c51 - - default default] Successfully bumped revision number for resource 3023bfc7-8827-454a-8429-516eda030e0a (type: security_groups) to 1
2026-06-15 21:09:11.967 9 INFO neutron.db.ovn_revision_numbers_db [None req-c1858150-2ff6-4803-92a7-f64cab450a59 9c247b0cc9ec41a3b460b090d9e83b59 31084490f61f433e80e434e5f4ac2c51 - - default default] Successfully bumped revision number for resource 8c4eec05-e3bf-47e4-ac64-eea7d255f4a4 (type: security_group_rules) to 0
2026-06-15 21:09:11.982 9 INFO neutron.db.ovn_revision_numbers_db [None req-c1858150-2ff6-4803-92a7-f64cab450a59 9c247b0cc9ec41a3b460b090d9e83b59 31084490f61f433e80e434e5f4ac2c51 - - default default] Successfully bumped revision number for resource f8d1a562-83c1-4f6f-9547-91b386277f7b (type: security_group_rules) to 0
2026-06-15 21:09:12.003 9 INFO neutron.wsgi [None req-c1858150-2ff6-4803-92a7-f64cab450a59 9c247b0cc9ec41a3b460b090d9e83b59 31084490f61f433e80e434e5f4ac2c51 - - default default] 10.0.0.173 "POST /v2.0/security-groups HTTP/1.1" status: 201 len: 1737 time: 0.1532221
2026-06-15 21:09:12.013 9 WARNING neutron_lib.context [None req-94b97ee8-03c8-45a0-8ad6-c04bf72f65ed 9c247b0cc9ec41a3b460b090d9e83b59 31084490f61f433e80e434e5f4ac2c51 - - default default] Method 'is_advsvc' is deprecated since 2023.2 release (neutron-lib 3.8.0) and will be removed once support for the old RBAC API policies will be removed from Neutron. Please use method 'is_service_role' instead.
2026-06-15 21:09:12.124 9 INFO neutron.db.ovn_revision_numbers_db [None req-94b97ee8-03c8-45a0-8ad6-c04bf72f65ed 9c247b0cc9ec41a3b460b090d9e83b59 31084490f61f433e80e434e5f4ac2c51 - - default default] Successfully bumped revision number for resource 8f3a3413-9c00-41f1-9e01-003ba246fbcd (type: security_groups) to 1
2026-06-15 21:09:12.139 9 INFO neutron.db.ovn_revision_numbers_db [None req-94b97ee8-03c8-45a0-8ad6-c04bf72f65ed 9c247b0cc9ec41a3b460b090d9e83b59 31084490f61f433e80e434e5f4ac2c51 - - default default] Successfully bumped revision number for resource 958d4dff-206a-4b33-bc13-b3c55bd7c27d (type: security_group_rules) to 0
2026-06-15 21:09:12.157 9 INFO neutron.db.ovn_revision_numbers_db [None req-94b97ee8-03c8-45a0-8ad6-c04bf72f65ed 9c247b0cc9ec41a3b460b090d9e83b59 31084490f61f433e80e434e5f4ac2c51 - - default default] Successfully bumped revision number for resource aabef822-0390-440e-8b7a-43a2447e06ed (type: security_group_rules) to 0
2026-06-15 21:09:12.185 9 INFO neutron.wsgi [None req-94b97ee8-03c8-45a0-8ad6-c04bf72f65ed 9c247b0cc9ec41a3b460b090d9e83b59 31084490f61f433e80e434e5f4ac2c51 - - default default] 10.0.0.173 "POST /v2.0/security-groups HTTP/1.1" status: 201 len: 1737 time: 0.1766038
2026-06-15 21:09:12.241 9 INFO neutron.wsgi [None req-b6fcbb7e-cbb8-4027-98c7-74e83596c5aa 9c247b0cc9ec41a3b460b090d9e83b59 31084490f61f433e80e434e5f4ac2c51 - - default default] 10.0.0.173 "PUT /v2.0/security-groups/8ada2765-a360-43eb-b783-c414b5d3d04a/tags HTTP/1.1" status: 200 len: 210 time: 0.0451314
2026-06-15 21:09:12.284 9 INFO neutron.wsgi [None req-978edb66-d0b2-40ae-bd7a-726eb9263c1d 9c247b0cc9ec41a3b460b090d9e83b59 31084490f61f433e80e434e5f4ac2c51 - - default default] 10.0.0.173 "PUT /v2.0/security-groups/410f610d-782f-467b-87b8-b9d85ab97455/tags HTTP/1.1" status: 200 len: 218 time: 0.0351176
2026-06-15 21:09:12.329 9 INFO neutron.wsgi [None req-70d305b1-5138-4220-b7fb-86a97b54daf4 9c247b0cc9ec41a3b460b090d9e83b59 31084490f61f433e80e434e5f4ac2c51 - - default default] 10.0.0.173 "PUT /v2.0/security-groups/77352c57-e2e0-456f-b466-e60518dfc208/tags HTTP/1.1" status: 200 len: 227 time: 0.0370152
2026-06-15 21:09:12.376 9 INFO neutron.wsgi [None req-796923c0-16f4-4eed-aadb-0d231bc65cc1 9c247b0cc9ec41a3b460b090d9e83b59 31084490f61f433e80e434e5f4ac2c51 - - default default] 10.0.0.173 "PUT /v2.0/security-groups/3023bfc7-8827-454a-8429-516eda030e0a/tags HTTP/1.1" status: 200 len: 212 time: 0.0429344
2026-06-15 21:09:12.436 9 INFO neutron.wsgi [None req-537bfd5b-7da5-4da4-89dc-da3dd87ba2ee 9c247b0cc9ec41a3b460b090d9e83b59 31084490f61f433e80e434e5f4ac2c51 - - default default] 10.0.0.173 "GET /v2.0/security-groups?tags=red HTTP/1.1" status: 200 len: 4813 time: 0.0542197
2026-06-15 21:09:12.482 9 INFO neutron.wsgi [None req-7c81ff87-d430-42b3-9aa5-819de39320ba 9c247b0cc9ec41a3b460b090d9e83b59 31084490f61f433e80e434e5f4ac2c51 - - default default] 10.0.0.173 "GET /v2.0/security-groups?tags=red%2Cblue HTTP/1.1" status: 200 len: 3289 time: 0.0418570
2026-06-15 21:09:12.523 9 INFO neutron.wsgi [None req-e2ad6762-8c99-4020-b714-6fd63aced87f 9c247b0cc9ec41a3b460b090d9e83b59 31084490f61f433e80e434e5f4ac2c51 - - default default] 10.0.0.173 "GET /v2.0/security-groups?tags-any=blue HTTP/1.1" status: 200 len: 3289 time: 0.0359969
2026-06-15 21:09:12.569 9 INFO neutron.wsgi [None req-b5d9c92c-e820-40a2-9602-54ad8009cbd3 9c247b0cc9ec41a3b460b090d9e83b59 31084490f61f433e80e434e5f4ac2c51 - - default default] 10.0.0.173 "GET /v2.0/security-groups?tags-any=red%2Cblue HTTP/1.1" status: 200 len: 4813 time: 0.0431597
2026-06-15 21:09:12.615 9 INFO neutron.wsgi [None req-3dd86dcf-1f47-471c-8442-d3547a8495ce 9c247b0cc9ec41a3b460b090d9e83b59 31084490f61f433e80e434e5f4ac2c51 - - default default] 10.0.0.173 "GET /v2.0/security-groups?not-tags=red HTTP/1.1" status: 200 len: 6041 time: 0.0415430
2026-06-15 21:09:12.673 9 INFO neutron.wsgi [None req-45992a0e-1dbe-4520-a89e-757d9b12c698 9c247b0cc9ec41a3b460b090d9e83b59 31084490f61f433e80e434e5f4ac2c51 - - default default] 10.0.0.173 "GET /v2.0/security-groups?not-tags=red%2Cblue HTTP/1.1" status: 200 len: 7565 time: 0.0536954
2026-06-15 21:09:12.722 9 INFO neutron.wsgi [None req-dfd2456c-de20-493a-b00a-59ec4e64055b 9c247b0cc9ec41a3b460b090d9e83b59 31084490f61f433e80e434e5f4ac2c51 - - default default] 10.0.0.173 "GET /v2.0/security-groups?not-tags-any=blue HTTP/1.1" status: 200 len: 7565 time: 0.0450652
2026-06-15 21:09:12.764 9 INFO neutron.wsgi [None req-d73e6275-49f2-4926-8e9c-745ee432a472 9c247b0cc9ec41a3b460b090d9e83b59 31084490f61f433e80e434e5f4ac2c51 - - default default] 10.0.0.173 "GET /v2.0/security-groups?not-tags-any=red%2Cblue HTTP/1.1" status: 200 len: 6041 time: 0.0373251
2026-06-15 21:09:12.893 9 INFO neutron.wsgi [None req-cf73a989-a0d4-4fb6-9452-8b8651dd8ae7 9c247b0cc9ec41a3b460b090d9e83b59 31084490f61f433e80e434e5f4ac2c51 - - default default] 10.0.0.173 "DELETE /v2.0/security-groups/8ada2765-a360-43eb-b783-c414b5d3d04a HTTP/1.1" status: 204 len: 168 time: 0.1233580
2026-06-15 21:09:12.928 10 WARNING neutron_lib.context [None req-68d2e10e-53e1-400f-83c2-8638a3c2d07f a0cb26e9d4134ae480bc020847287558 69aa7b5859114387a88973e4d8917fc7 - - default default] Method 'is_advsvc' is deprecated since 2023.2 release (neutron-lib 3.8.0) and will be removed once support for the old RBAC API policies will be removed from Neutron. Please use method 'is_service_role' instead.
2026-06-15 21:09:13.049 9 INFO neutron.wsgi [None req-42391358-0351-47bc-826c-0afe420eb197 9c247b0cc9ec41a3b460b090d9e83b59 31084490f61f433e80e434e5f4ac2c51 - - default default] 10.0.0.173 "DELETE /v2.0/security-groups/410f610d-782f-467b-87b8-b9d85ab97455 HTTP/1.1" status: 204 len: 168 time: 0.1518188
2026-06-15 21:09:13.115 10 INFO neutron.db.ovn_revision_numbers_db [None req-68d2e10e-53e1-400f-83c2-8638a3c2d07f a0cb26e9d4134ae480bc020847287558 69aa7b5859114387a88973e4d8917fc7 - - default default] Successfully bumped revision number for resource 3a63fee7-3475-4452-bbb5-017525bcd024 (type: security_groups) to 1
2026-06-15 21:09:13.134 10 INFO neutron.db.ovn_revision_numbers_db [None req-68d2e10e-53e1-400f-83c2-8638a3c2d07f a0cb26e9d4134ae480bc020847287558 69aa7b5859114387a88973e4d8917fc7 - - default default] Successfully bumped revision number for resource 214c2d19-b272-41ef-9108-c933ed8e038a (type: security_group_rules) to 0
2026-06-15 21:09:13.167 10 INFO neutron.db.ovn_revision_numbers_db [None req-68d2e10e-53e1-400f-83c2-8638a3c2d07f a0cb26e9d4134ae480bc020847287558 69aa7b5859114387a88973e4d8917fc7 - - default default] Successfully bumped revision number for resource b80952cb-8a13-438a-913a-1bc570ac9344 (type: security_group_rules) to 0
2026-06-15 21:09:13.201 9 INFO neutron.wsgi [None req-63dc1a7c-7310-4ea4-bad7-6952460a5fc3 9c247b0cc9ec41a3b460b090d9e83b59 31084490f61f433e80e434e5f4ac2c51 - - default default] 10.0.0.173 "DELETE /v2.0/security-groups/77352c57-e2e0-456f-b466-e60518dfc208 HTTP/1.1" status: 204 len: 168 time: 0.1468587
2026-06-15 21:09:13.204 10 INFO neutron.db.ovn_revision_numbers_db [None req-68d2e10e-53e1-400f-83c2-8638a3c2d07f a0cb26e9d4134ae480bc020847287558 69aa7b5859114387a88973e4d8917fc7 - - default default] Successfully bumped revision number for resource ea42a484-9365-4c51-8dc2-2aa53f90a208 (type: security_group_rules) to 0
2026-06-15 21:09:13.251 10 INFO neutron.db.ovn_revision_numbers_db [None req-68d2e10e-53e1-400f-83c2-8638a3c2d07f a0cb26e9d4134ae480bc020847287558 69aa7b5859114387a88973e4d8917fc7 - - default default] Successfully bumped revision number for resource f3eabc45-31ce-43a1-9006-c7d3ead04b71 (type: security_group_rules) to 0
2026-06-15 21:09:13.317 10 INFO neutron.db.segments_db [None req-68d2e10e-53e1-400f-83c2-8638a3c2d07f a0cb26e9d4134ae480bc020847287558 69aa7b5859114387a88973e4d8917fc7 - - default default] Added segment 12bdd2fb-d529-4b54-bcce-74d5f0f2a3f5 of type geneve for network f32ac81b-4177-4d29-8171-f8829b830574
2026-06-15 21:09:13.421 10 INFO neutron.wsgi [None req-ed3ada5a-586d-4e9a-b80f-b64842da2a15 9c247b0cc9ec41a3b460b090d9e83b59 31084490f61f433e80e434e5f4ac2c51 - - default default] 10.0.0.173 "DELETE /v2.0/security-groups/3023bfc7-8827-454a-8429-516eda030e0a HTTP/1.1" status: 204 len: 168 time: 0.2152140
2026-06-15 21:09:13.466 9 WARNING neutron_lib.context [None req-01ed2bda-d4ed-4bf5-b72e-76d77977145b 58ff023582d64fbf9922ccd9adfac48d 4047d09b0dab4e2c870ee90a09338127 - - default default] Method 'is_advsvc' is deprecated since 2023.2 release (neutron-lib 3.8.0) and will be removed once support for the old RBAC API policies will be removed from Neutron. Please use method 'is_service_role' instead.
2026-06-15 21:09:13.521 10 INFO neutron.db.ovn_revision_numbers_db [None req-68d2e10e-53e1-400f-83c2-8638a3c2d07f a0cb26e9d4134ae480bc020847287558 69aa7b5859114387a88973e4d8917fc7 - - default default] Successfully bumped revision number for resource f32ac81b-4177-4d29-8171-f8829b830574 (type: networks) to 1
2026-06-15 21:09:13.590 9 INFO neutron.db.ovn_revision_numbers_db [None req-01ed2bda-d4ed-4bf5-b72e-76d77977145b 58ff023582d64fbf9922ccd9adfac48d 4047d09b0dab4e2c870ee90a09338127 - - default default] Successfully bumped revision number for resource 0b57b323-eced-4eeb-b298-f31b8c68b58d (type: security_groups) to 1
2026-06-15 21:09:13.608 9 INFO neutron.db.ovn_revision_numbers_db [None req-01ed2bda-d4ed-4bf5-b72e-76d77977145b 58ff023582d64fbf9922ccd9adfac48d 4047d09b0dab4e2c870ee90a09338127 - - default default] Successfully bumped revision number for resource 39113cf0-bad4-4104-b1a0-6283953c4757 (type: security_group_rules) to 0
2026-06-15 21:09:13.610 10 INFO neutron.wsgi [None req-f3530692-74e0-418c-811e-9a48adf02579 9c247b0cc9ec41a3b460b090d9e83b59 31084490f61f433e80e434e5f4ac2c51 - - default default] 10.0.0.173 "DELETE /v2.0/security-groups/8f3a3413-9c00-41f1-9e01-003ba246fbcd HTTP/1.1" status: 204 len: 168 time: 0.1845255
2026-06-15 21:09:13.622 9 INFO neutron.db.ovn_revision_numbers_db [None req-01ed2bda-d4ed-4bf5-b72e-76d77977145b 58ff023582d64fbf9922ccd9adfac48d 4047d09b0dab4e2c870ee90a09338127 - - default default] Successfully bumped revision number for resource 54e521a3-f1fc-4ffa-8157-00fca0fc041e (type: security_group_rules) to 0
2026-06-15 21:09:13.637 9 INFO neutron.db.ovn_revision_numbers_db [None req-01ed2bda-d4ed-4bf5-b72e-76d77977145b 58ff023582d64fbf9922ccd9adfac48d 4047d09b0dab4e2c870ee90a09338127 - - default default] Successfully bumped revision number for resource cc4bc405-58d8-4cd7-8170-606965d0bc48 (type: security_group_rules) to 0
2026-06-15 21:09:13.649 9 INFO neutron.db.ovn_revision_numbers_db [None req-01ed2bda-d4ed-4bf5-b72e-76d77977145b 58ff023582d64fbf9922ccd9adfac48d 4047d09b0dab4e2c870ee90a09338127 - - default default] Successfully bumped revision number for resource cd81c9d6-d7e4-4ae5-aa8e-c1f20ea86a84 (type: security_group_rules) to 0
2026-06-15 21:09:13.708 9 INFO neutron.db.segments_db [None req-01ed2bda-d4ed-4bf5-b72e-76d77977145b 58ff023582d64fbf9922ccd9adfac48d 4047d09b0dab4e2c870ee90a09338127 - - default default] Added segment 52b8fd3f-96bb-4684-b003-79ca2402d1ca of type geneve for network b4401ecf-15d4-49ac-bc73-e14c4a4275fc
2026-06-15 21:09:13.913 9 INFO neutron.db.ovn_revision_numbers_db [None req-01ed2bda-d4ed-4bf5-b72e-76d77977145b 58ff023582d64fbf9922ccd9adfac48d 4047d09b0dab4e2c870ee90a09338127 - - default default] Successfully bumped revision number for resource b4401ecf-15d4-49ac-bc73-e14c4a4275fc (type: networks) to 1
2026-06-15 21:09:14.033 10 WARNING neutron.scheduler.dhcp_agent_scheduler [None req-68d2e10e-53e1-400f-83c2-8638a3c2d07f a0cb26e9d4134ae480bc020847287558 69aa7b5859114387a88973e4d8917fc7 - - default default] No more DHCP agents
2026-06-15 21:09:14.038 10 WARNING neutron.api.rpc.agentnotifiers.dhcp_rpc_agent_api [None req-68d2e10e-53e1-400f-83c2-8638a3c2d07f a0cb26e9d4134ae480bc020847287558 69aa7b5859114387a88973e4d8917fc7 - - default default] Unable to schedule network f32ac81b-4177-4d29-8171-f8829b830574: no agents available; will retry on subsequent port and subnet creation events.
2026-06-15 21:09:14.120 10 INFO neutron.db.ovn_revision_numbers_db [None req-68d2e10e-53e1-400f-83c2-8638a3c2d07f a0cb26e9d4134ae480bc020847287558 69aa7b5859114387a88973e4d8917fc7 - - default default] Successfully bumped revision number for resource 3bb245ab-7eab-45ea-9eed-766b19b31241 (type: ports) to 1
