2026-06-15 21:12:33.971 9 INFO neutron.wsgi [None req-d7b70b18-e0f8-429c-ba55-199e66e3fdca 08ba737c21d84e53a547c562745ab03f b0507a2222dd4d03a8206278ebd0359d - - default default] 199.204.45.138 "GET /v2.0/extensions/allowed-address-pairs HTTP/1.1" status: 200 len: 383 time: 0.0042720
2026-06-15 21:12:34.007 9 INFO neutron.wsgi [None req-6e868b9c-c6bc-4a74-b117-ad0f2a324a30 08ba737c21d84e53a547c562745ab03f b0507a2222dd4d03a8206278ebd0359d - - default default] 199.204.45.138 "GET /v2.0/subnets/04c501ed-2e6e-41cd-a61b-8512ecbde55b HTTP/1.1" status: 200 len: 851 time: 0.0315771
2026-06-15 21:12:34.035 10 INFO neutron.wsgi [req-7b782aa9-cb62-4ef9-b205-82087edac314 req-dfd1a887-150b-4d83-833f-a87d52a61017 f295b0e2fa4742f79edf8028d7cca781 dd8b079234fb488db03e6de01e8e0df3 - - 8792d6fbeb0d44a2b80411231089ccdb 8792d6fbeb0d44a2b80411231089ccdb] 199.204.45.138 "GET /v2.0/networks/26578085-4a35-4c6f-8905-d325a6f0fa70?fields=provider%3Aphysical_network&fields=provider%3Anetwork_type HTTP/1.1" status: 200 len: 277 time: 0.0601718
2026-06-15 21:12:34.044 9 INFO neutron.wsgi [None req-4901c1b3-28e0-4f00-9940-b706e5404df3 08ba737c21d84e53a547c562745ab03f b0507a2222dd4d03a8206278ebd0359d - - default default] 199.204.45.138 "GET /v2.0/ports/3ba74338-8699-4e40-ad9e-d97371284a2f HTTP/1.1" status: 200 len: 1336 time: 0.0321550
2026-06-15 21:12:34.086 9 INFO neutron.wsgi [None req-c301bd08-c404-41fd-925c-88e30db5162c 08ba737c21d84e53a547c562745ab03f b0507a2222dd4d03a8206278ebd0359d - - default default] 199.204.45.138 "GET /v2.0/ports/ceebdcfd-7010-48a4-aa1b-9be6d24bdde6 HTTP/1.1" status: 200 len: 1518 time: 0.0331061
2026-06-15 21:12:34.125 9 INFO neutron.wsgi [None req-95888e9c-82be-48f4-a95f-d77120aed3e0 08ba737c21d84e53a547c562745ab03f b0507a2222dd4d03a8206278ebd0359d - - default default] 199.204.45.138 "GET /v2.0/subnets/04c501ed-2e6e-41cd-a61b-8512ecbde55b HTTP/1.1" status: 200 len: 851 time: 0.0328395
2026-06-15 21:12:34.195 9 INFO neutron.wsgi [None req-cfb92a39-5135-44c9-bc60-4cb4f7bd4980 08ba737c21d84e53a547c562745ab03f b0507a2222dd4d03a8206278ebd0359d - - default default] 199.204.45.138 "GET /v2.0/networks/26578085-4a35-4c6f-8905-d325a6f0fa70 HTTP/1.1" status: 200 len: 1000 time: 0.0598881
2026-06-15 21:12:34.241 9 INFO neutron.wsgi [None req-f4cc25d4-3c23-4c88-997e-a8819317d8d6 08ba737c21d84e53a547c562745ab03f b0507a2222dd4d03a8206278ebd0359d - - default default] 199.204.45.138 "GET /v2.0/ports/3ba74338-8699-4e40-ad9e-d97371284a2f HTTP/1.1" status: 200 len: 1336 time: 0.0374544
2026-06-15 21:12:34.291 9 INFO neutron.wsgi [None req-2fbf8052-7c0b-495d-bb27-30eb4946de60 08ba737c21d84e53a547c562745ab03f b0507a2222dd4d03a8206278ebd0359d - - default default] 199.204.45.138 "GET /v2.0/subnets/04c501ed-2e6e-41cd-a61b-8512ecbde55b HTTP/1.1" status: 200 len: 851 time: 0.0421631
2026-06-15 21:12:35.165 10 INFO neutron.notifiers.nova [-] Nova event matching ['req-a871ec3d-203d-41e6-bc8c-1be31f186f7a'] response: {'server_uuid': '27b1020b-dbc4-4cf7-9f9c-ea7b0bbf23a2', 'name': 'network-vif-plugged', 'status': 'completed', 'tag': '4abbd4f5-6e98-499d-8967-035611a19b88', 'code': 200}
2026-06-15 21:12:35.170 10 INFO neutron.notifiers.nova [-] Nova event matching ['req-a871ec3d-203d-41e6-bc8c-1be31f186f7a'] response: {'server_uuid': '27b1020b-dbc4-4cf7-9f9c-ea7b0bbf23a2', 'name': 'network-vif-deleted', 'tag': '4abbd4f5-6e98-499d-8967-035611a19b88', 'status': 'completed', 'code': 200}
2026-06-15 21:12:36.510 9 INFO neutron.wsgi [-] 10.0.0.198 "GET / HTTP/1.1" status: 200 len: 247 time: 0.0017567
2026-06-15 21:12:36.512 9 INFO neutron.wsgi [-] 10.0.0.198 "GET / HTTP/1.1" status: 200 len: 247 time: 0.0013223
2026-06-15 21:12:42.936 9 INFO neutron.wsgi [None req-cbe1a665-2b3e-458e-8bf3-47e746bbd9ad 08ba737c21d84e53a547c562745ab03f b0507a2222dd4d03a8206278ebd0359d - - default default] 199.204.45.138 "GET /v2.0/extensions/security-group HTTP/1.1" status: 200 len: 369 time: 0.0049782
2026-06-15 21:12:42.943 9 INFO neutron.wsgi [None req-60af78dd-a867-40c7-af87-f50135aadae0 08ba737c21d84e53a547c562745ab03f b0507a2222dd4d03a8206278ebd0359d - - default default] 199.204.45.138 "GET /v2.0/extensions/dns-integration HTTP/1.1" status: 200 len: 371 time: 0.0041523
2026-06-15 21:12:42.949 9 INFO neutron.wsgi [None req-44b644be-3b1d-427c-b969-2705fe4c8887 08ba737c21d84e53a547c562745ab03f b0507a2222dd4d03a8206278ebd0359d - - default default] 199.204.45.138 "GET /v2.0/extensions/qos HTTP/1.1" status: 200 len: 365 time: 0.0033426
2026-06-15 21:12:42.955 9 INFO neutron.wsgi [None req-aebb4b38-fbd4-45f4-a675-bd7c4d204f66 08ba737c21d84e53a547c562745ab03f b0507a2222dd4d03a8206278ebd0359d - - default default] 199.204.45.138 "GET /v2.0/extensions/allowed-address-pairs HTTP/1.1" status: 200 len: 383 time: 0.0033431
2026-06-15 21:12:42.966 9 INFO neutron.api.v2.resource [None req-3bb1c97c-8890-4efb-bb7d-ddc6b842a82c 08ba737c21d84e53a547c562745ab03f b0507a2222dd4d03a8206278ebd0359d - - default default] show failed (client error): The resource could not be found.
2026-06-15 21:12:42.967 9 INFO neutron.wsgi [None req-3bb1c97c-8890-4efb-bb7d-ddc6b842a82c 08ba737c21d84e53a547c562745ab03f b0507a2222dd4d03a8206278ebd0359d - - default default] 199.204.45.138 "GET /v2.0/security-groups/lb-70851f2d-0a5e-4be9-94ce-ecd5d2dd45b5 HTTP/1.1" status: 404 len: 355 time: 0.0090487
2026-06-15 21:12:42.997 9 INFO neutron.wsgi [None req-2ae07fc0-cb53-49aa-a5c1-eaea3274aebd 08ba737c21d84e53a547c562745ab03f b0507a2222dd4d03a8206278ebd0359d - - default default] 199.204.45.138 "GET /v2.0/security-groups?name=lb-70851f2d-0a5e-4be9-94ce-ecd5d2dd45b5 HTTP/1.1" status: 200 len: 2941 time: 0.0282972
2026-06-15 21:12:43.025 9 INFO neutron.wsgi [None req-becbf036-13d1-4340-96de-b442f96443f0 08ba737c21d84e53a547c562745ab03f b0507a2222dd4d03a8206278ebd0359d - - default default] 199.204.45.138 "GET /v2.0/security-group-rules?security_group_id=e890bd05-4d01-44f6-9592-f274024bf843 HTTP/1.1" status: 200 len: 2406 time: 0.0252883
2026-06-15 21:12:43.143 9 INFO neutron.wsgi [None req-f9d016ca-cebc-4afa-8437-62ac2b7e951b 08ba737c21d84e53a547c562745ab03f b0507a2222dd4d03a8206278ebd0359d - - default default] 199.204.45.138 "DELETE /v2.0/security-group-rules/43a4b6b8-4941-4645-8f43-92a047f7ff1f HTTP/1.1" status: 204 len: 173 time: 0.1110623
2026-06-15 21:12:43.240 9 INFO neutron.wsgi [None req-c51a9764-9fe1-4097-b690-3b7b33813257 08ba737c21d84e53a547c562745ab03f b0507a2222dd4d03a8206278ebd0359d - - default default] 199.204.45.138 "DELETE /v2.0/security-group-rules/b36adea0-27c5-4043-9603-c2565a339636 HTTP/1.1" status: 204 len: 173 time: 0.0919454
2026-06-15 21:12:47.216 10 INFO neutron.db.l3_db [None req-91b4b4e4-0b31-43c0-a27b-91f1862d3af9 e31c1012cf0244f29993e6e22db6226f 68cecce3a30c46008fdad985f61bd9f5 - - default default] Floating IP 2cd3d4f8-00ac-4d2d-ac4e-e67d9807cad7 disassociated (deleted). External IP: 10.96.250.215, port: 3ba74338-8699-4e40-ad9e-d97371284a2f.
2026-06-15 21:12:47.314 10 INFO neutron.wsgi [None req-91b4b4e4-0b31-43c0-a27b-91f1862d3af9 e31c1012cf0244f29993e6e22db6226f 68cecce3a30c46008fdad985f61bd9f5 - - default default] 10.0.0.173 "DELETE /v2.0/floatingips/2cd3d4f8-00ac-4d2d-ac4e-e67d9807cad7 HTTP/1.1" status: 204 len: 168 time: 0.5275521 /var/lib/openstack/lib/python3.10/site-packages/pycadf/identifier.py:71: UserWarning: Invalid uuid: neutron. To ensure interoperability, identifiers should be a valid uuid. warnings.warn(('Invalid uuid: %s. To ensure interoperability, '
2026-06-15 21:12:47.348 10 INFO neutron.api.v2.resource [None req-623bd72a-690e-4a17-bafc-e61fc14c75a7 e31c1012cf0244f29993e6e22db6226f 68cecce3a30c46008fdad985f61bd9f5 - - default default] show failed (client error): The resource could not be found.
2026-06-15 21:12:47.351 10 INFO neutron.wsgi [None req-623bd72a-690e-4a17-bafc-e61fc14c75a7 e31c1012cf0244f29993e6e22db6226f 68cecce3a30c46008fdad985f61bd9f5 - - default default] 10.0.0.173 "GET /v2.0/floatingips/2cd3d4f8-00ac-4d2d-ac4e-e67d9807cad7 HTTP/1.1" status: 404 len: 345 time: 0.0324166
2026-06-15 21:12:48.105 9 INFO neutron.wsgi [None req-9ff05435-565a-4547-90d1-7e490783495f 08ba737c21d84e53a547c562745ab03f b0507a2222dd4d03a8206278ebd0359d - - default default] 199.204.45.138 "GET /v2.0/extensions/security-group HTTP/1.1" status: 200 len: 369 time: 0.0053756
2026-06-15 21:12:48.116 9 INFO neutron.wsgi [None req-70099e35-f463-4ed3-8049-c8405aa6ef67 08ba737c21d84e53a547c562745ab03f b0507a2222dd4d03a8206278ebd0359d - - default default] 199.204.45.138 "GET /v2.0/extensions/dns-integration HTTP/1.1" status: 200 len: 371 time: 0.0046186
2026-06-15 21:12:48.123 9 INFO neutron.wsgi [None req-0954b549-dcd3-4bf1-83e2-3a41bffcaaaf 08ba737c21d84e53a547c562745ab03f b0507a2222dd4d03a8206278ebd0359d - - default default] 199.204.45.138 "GET /v2.0/extensions/qos HTTP/1.1" status: 200 len: 365 time: 0.0045285
2026-06-15 21:12:48.132 9 INFO neutron.wsgi [None req-ecb60cad-220b-4958-8451-761bf1e73aeb 08ba737c21d84e53a547c562745ab03f b0507a2222dd4d03a8206278ebd0359d - - default default] 199.204.45.138 "GET /v2.0/extensions/allowed-address-pairs HTTP/1.1" status: 200 len: 383 time: 0.0051565
2026-06-15 21:12:48.175 9 INFO neutron.wsgi [None req-72007844-3012-4303-8f32-cda754d7966f 08ba737c21d84e53a547c562745ab03f b0507a2222dd4d03a8206278ebd0359d - - default default] 199.204.45.138 "GET /v2.0/subnets/04c501ed-2e6e-41cd-a61b-8512ecbde55b HTTP/1.1" status: 200 len: 851 time: 0.0369008
2026-06-15 21:12:48.216 9 INFO neutron.wsgi [None req-6295d164-bd7f-429a-945a-c93a3bf5431a 08ba737c21d84e53a547c562745ab03f b0507a2222dd4d03a8206278ebd0359d - - default default] 199.204.45.138 "GET /v2.0/ports?device_id=27b1020b-dbc4-4cf7-9f9c-ea7b0bbf23a2 HTTP/1.1" status: 200 len: 2727 time: 0.0372007
2026-06-15 21:12:48.276 9 INFO neutron.wsgi [None req-95acc46a-ff79-4e8a-8dea-3298fb5c8683 08ba737c21d84e53a547c562745ab03f b0507a2222dd4d03a8206278ebd0359d - - default default] 199.204.45.138 "GET /v2.0/ports?device_id=27b1020b-dbc4-4cf7-9f9c-ea7b0bbf23a2 HTTP/1.1" status: 200 len: 2727 time: 0.0486882
2026-06-15 21:12:48.405 9 INFO neutron.wsgi [None req-98d5e03e-0aff-42e2-9cb8-8c97070d56ba 08ba737c21d84e53a547c562745ab03f b0507a2222dd4d03a8206278ebd0359d - - default default] 199.204.45.138 "GET /v2.0/ports?device_id=27b1020b-dbc4-4cf7-9f9c-ea7b0bbf23a2 HTTP/1.1" status: 200 len: 2727 time: 0.0538392
2026-06-15 21:12:48.666 10 INFO neutron.plugins.ml2.drivers.ovn.mech_driver.mech_driver [None req-3afca453-c60e-41f0-8287-6cf6a5717111 - - - - - -] OVN reports status down for port: 3ba74338-8699-4e40-ad9e-d97371284a2f
2026-06-15 21:12:48.766 10 INFO neutron.wsgi [req-6fdc5fd4-ad0f-4cd5-b42a-59bad5e4b0d4 req-7bc46223-783f-4052-9ece-635bdc02194e f295b0e2fa4742f79edf8028d7cca781 dd8b079234fb488db03e6de01e8e0df3 - - 8792d6fbeb0d44a2b80411231089ccdb 8792d6fbeb0d44a2b80411231089ccdb] 199.204.45.138 "GET /v2.0/ports/ceebdcfd-7010-48a4-aa1b-9be6d24bdde6 HTTP/1.1" status: 200 len: 1518 time: 0.0552430
2026-06-15 21:12:48.842 10 INFO neutron.wsgi [req-6fdc5fd4-ad0f-4cd5-b42a-59bad5e4b0d4 req-c3f4ffc7-ff43-48fb-bfb8-7a083912dbae 08ba737c21d84e53a547c562745ab03f b0507a2222dd4d03a8206278ebd0359d - - default default] 199.204.45.138 "GET /v2.0/ports/ceebdcfd-7010-48a4-aa1b-9be6d24bdde6?fields=binding%3Aprofile&fields=network_id HTTP/1.1" status: 200 len: 281 time: 0.0706427
2026-06-15 21:12:48.881 10 INFO neutron.plugins.ml2.drivers.ovn.mech_driver.mech_driver [None req-3afca453-c60e-41f0-8287-6cf6a5717111 - - - - - -] OVN reports status down for port: ceebdcfd-7010-48a4-aa1b-9be6d24bdde6
2026-06-15 21:12:48.909 10 INFO neutron.db.ovn_revision_numbers_db [None req-1cf2740a-3143-47f0-8885-8b80b59e13f0 - - - - - -] Successfully bumped revision number for resource 3ba74338-8699-4e40-ad9e-d97371284a2f (type: ports) to 6
2026-06-15 21:12:48.932 10 INFO neutron.wsgi [req-6fdc5fd4-ad0f-4cd5-b42a-59bad5e4b0d4 req-992d90a7-2595-4e0d-9497-a349fe82beca 08ba737c21d84e53a547c562745ab03f b0507a2222dd4d03a8206278ebd0359d - - default default] 199.204.45.138 "GET /v2.0/networks/26578085-4a35-4c6f-8905-d325a6f0fa70?fields=dns_domain HTTP/1.1" status: 200 len: 227 time: 0.0798066
2026-06-15 21:12:49.051 10 INFO neutron.notifiers.nova [-] Nova event matching ['req-46308fd0-8f6a-49d1-94e4-7cb4a9a95aa9'] response: {'server_uuid': '27b1020b-dbc4-4cf7-9f9c-ea7b0bbf23a2', 'name': 'network-vif-unplugged', 'status': 'completed', 'tag': 'ceebdcfd-7010-48a4-aa1b-9be6d24bdde6', 'code': 200}
2026-06-15 21:12:49.257 10 INFO neutron.db.ovn_revision_numbers_db [None req-3afca453-c60e-41f0-8287-6cf6a5717111 - - - - - -] Successfully bumped revision number for resource ceebdcfd-7010-48a4-aa1b-9be6d24bdde6 (type: ports) to 7
2026-06-15 21:12:49.429 10 INFO neutron.db.ovn_revision_numbers_db [req-6fdc5fd4-ad0f-4cd5-b42a-59bad5e4b0d4 req-6a8e80c5-a4c3-4671-86c5-91aacddba25c f295b0e2fa4742f79edf8028d7cca781 dd8b079234fb488db03e6de01e8e0df3 - - 8792d6fbeb0d44a2b80411231089ccdb 8792d6fbeb0d44a2b80411231089ccdb] Successfully bumped revision number for resource ceebdcfd-7010-48a4-aa1b-9be6d24bdde6 (type: ports) to 8
2026-06-15 21:12:49.445 10 INFO neutron.wsgi [req-6fdc5fd4-ad0f-4cd5-b42a-59bad5e4b0d4 req-6a8e80c5-a4c3-4671-86c5-91aacddba25c f295b0e2fa4742f79edf8028d7cca781 dd8b079234fb488db03e6de01e8e0df3 - - 8792d6fbeb0d44a2b80411231089ccdb 8792d6fbeb0d44a2b80411231089ccdb] 199.204.45.138 "PUT /v2.0/ports/ceebdcfd-7010-48a4-aa1b-9be6d24bdde6 HTTP/1.1" status: 200 len: 1350 time: 0.5054820
2026-06-15 21:12:49.467 9 INFO neutron.wsgi [None req-97245194-11aa-4eee-961e-a9a1c63fdb47 08ba737c21d84e53a547c562745ab03f b0507a2222dd4d03a8206278ebd0359d - - default default] 199.204.45.138 "GET /v2.0/ports?device_id=27b1020b-dbc4-4cf7-9f9c-ea7b0bbf23a2 HTTP/1.1" status: 200 len: 1417 time: 0.0471179 /var/lib/openstack/lib/python3.10/site-packages/pycadf/identifier.py:71: UserWarning: Invalid uuid: neutron. To ensure interoperability, identifiers should be a valid uuid. warnings.warn(('Invalid uuid: %s. To ensure interoperability, '
2026-06-15 21:12:49.538 10 INFO neutron.wsgi [req-6fdc5fd4-ad0f-4cd5-b42a-59bad5e4b0d4 req-b243f0fd-5f9d-436d-81e8-2cf548533f01 f295b0e2fa4742f79edf8028d7cca781 dd8b079234fb488db03e6de01e8e0df3 - - 8792d6fbeb0d44a2b80411231089ccdb 8792d6fbeb0d44a2b80411231089ccdb] 199.204.45.138 "GET /v2.0/ports?tenant_id=b0507a2222dd4d03a8206278ebd0359d&device_id=27b1020b-dbc4-4cf7-9f9c-ea7b0bbf23a2 HTTP/1.1" status: 200 len: 1417 time: 0.0425556
2026-06-15 21:12:49.623 10 INFO neutron.wsgi [req-6fdc5fd4-ad0f-4cd5-b42a-59bad5e4b0d4 req-a9c7e13a-7da5-4a63-8dd1-771335ec3eda f295b0e2fa4742f79edf8028d7cca781 dd8b079234fb488db03e6de01e8e0df3 - - 8792d6fbeb0d44a2b80411231089ccdb 8792d6fbeb0d44a2b80411231089ccdb] 199.204.45.138 "GET /v2.0/networks?id=dcef336a-ec43-4811-838e-b8ce5c3d55ff&id=26578085-4a35-4c6f-8905-d325a6f0fa70 HTTP/1.1" status: 200 len: 1728 time: 0.0780225
2026-06-15 21:12:49.656 10 INFO neutron.wsgi [req-6fdc5fd4-ad0f-4cd5-b42a-59bad5e4b0d4 req-f5a821c3-861f-40e1-ab71-5e8e4bbbc18f f295b0e2fa4742f79edf8028d7cca781 dd8b079234fb488db03e6de01e8e0df3 - - 8792d6fbeb0d44a2b80411231089ccdb 8792d6fbeb0d44a2b80411231089ccdb] 199.204.45.138 "GET /v2.0/floatingips?fixed_ip_address=172.24.2.116&port_id=afb79903-cf7c-4496-9eb9-60ff62de5930 HTTP/1.1" status: 200 len: 217 time: 0.0250185
2026-06-15 21:12:49.688 10 INFO neutron.wsgi [req-6fdc5fd4-ad0f-4cd5-b42a-59bad5e4b0d4 req-801c463a-cba2-4765-a745-987d9b2a83c9 f295b0e2fa4742f79edf8028d7cca781 dd8b079234fb488db03e6de01e8e0df3 - - 8792d6fbeb0d44a2b80411231089ccdb 8792d6fbeb0d44a2b80411231089ccdb] 199.204.45.138 "GET /v2.0/subnets?id=de1da023-8cea-43cd-b824-c79c1e53fa0d HTTP/1.1" status: 200 len: 829 time: 0.0261087
2026-06-15 21:12:49.722 10 INFO neutron.wsgi [req-6fdc5fd4-ad0f-4cd5-b42a-59bad5e4b0d4 req-0b45b0f7-a5f6-4424-a5eb-0e090ccf364c f295b0e2fa4742f79edf8028d7cca781 dd8b079234fb488db03e6de01e8e0df3 - - 8792d6fbeb0d44a2b80411231089ccdb 8792d6fbeb0d44a2b80411231089ccdb] 199.204.45.138 "GET /v2.0/ports?network_id=dcef336a-ec43-4811-838e-b8ce5c3d55ff&device_owner=network%3Adhcp HTTP/1.1" status: 200 len: 210 time: 0.0270326
2026-06-15 21:12:49.790 10 INFO neutron.wsgi [req-6fdc5fd4-ad0f-4cd5-b42a-59bad5e4b0d4 req-afcd6d5b-2e32-44f4-b600-31030ecdd9f7 f295b0e2fa4742f79edf8028d7cca781 dd8b079234fb488db03e6de01e8e0df3 - - 8792d6fbeb0d44a2b80411231089ccdb 8792d6fbeb0d44a2b80411231089ccdb] 199.204.45.138 "GET /v2.0/networks/dcef336a-ec43-4811-838e-b8ce5c3d55ff?fields=segments HTTP/1.1" status: 200 len: 212 time: 0.0611928
2026-06-15 21:12:49.847 9 INFO neutron.db.ovn_revision_numbers_db [None req-b37e6656-6723-49b9-850d-5286847e4af5 08ba737c21d84e53a547c562745ab03f b0507a2222dd4d03a8206278ebd0359d - - default default] Successfully bumped revision number for resource ceebdcfd-7010-48a4-aa1b-9be6d24bdde6 (type: ports) to 9
2026-06-15 21:12:49.865 9 INFO neutron.wsgi [None req-b37e6656-6723-49b9-850d-5286847e4af5 08ba737c21d84e53a547c562745ab03f b0507a2222dd4d03a8206278ebd0359d - - default default] 199.204.45.138 "PUT /v2.0/ports/ceebdcfd-7010-48a4-aa1b-9be6d24bdde6 HTTP/1.1" status: 200 len: 1290 time: 0.3887589
2026-06-15 21:12:49.870 10 INFO neutron.wsgi [req-6fdc5fd4-ad0f-4cd5-b42a-59bad5e4b0d4 req-7b97baad-e18d-4836-9304-f2f97c1ee555 f295b0e2fa4742f79edf8028d7cca781 dd8b079234fb488db03e6de01e8e0df3 - - 8792d6fbeb0d44a2b80411231089ccdb 8792d6fbeb0d44a2b80411231089ccdb] 199.204.45.138 "GET /v2.0/networks/dcef336a-ec43-4811-838e-b8ce5c3d55ff?fields=provider%3Aphysical_network&fields=provider%3Anetwork_type HTTP/1.1" status: 200 len: 277 time: 0.0744498 /var/lib/openstack/lib/python3.10/site-packages/pycadf/identifier.py:71: UserWarning: Invalid uuid: neutron. To ensure interoperability, identifiers should be a valid uuid. warnings.warn(('Invalid uuid: %s. To ensure interoperability, '
2026-06-15 21:12:49.914 9 INFO neutron.wsgi [None req-07b768b6-e22c-4f14-9f8f-683451a75c96 08ba737c21d84e53a547c562745ab03f b0507a2222dd4d03a8206278ebd0359d - - default default] 199.204.45.138 "GET /v2.0/ports/ceebdcfd-7010-48a4-aa1b-9be6d24bdde6 HTTP/1.1" status: 200 len: 1290 time: 0.0385008
2026-06-15 21:12:49.954 10 INFO neutron.db.ovn_revision_numbers_db [None req-1cf2740a-3143-47f0-8885-8b80b59e13f0 - - - - - -] Successfully bumped revision number for resource 3ba74338-8699-4e40-ad9e-d97371284a2f (type: ports) to 8
2026-06-15 21:12:50.244 9 INFO neutron.wsgi [None req-af66ae0f-7530-4a9b-8b39-5627720ee798 08ba737c21d84e53a547c562745ab03f b0507a2222dd4d03a8206278ebd0359d - - default default] 199.204.45.138 "DELETE /v2.0/ports/ceebdcfd-7010-48a4-aa1b-9be6d24bdde6 HTTP/1.1" status: 204 len: 173 time: 0.3212867
2026-06-15 21:12:50.349 9 INFO neutron.wsgi [None req-a4c57336-0421-4dcc-b528-79ef2936be5e 08ba737c21d84e53a547c562745ab03f b0507a2222dd4d03a8206278ebd0359d - - default default] 199.204.45.138 "GET /v2.0/extensions/security-group HTTP/1.1" status: 200 len: 369 time: 0.0082090
2026-06-15 21:12:50.361 9 INFO neutron.wsgi [None req-93b1ca47-3c47-48ea-8c6d-6d389a637b62 08ba737c21d84e53a547c562745ab03f b0507a2222dd4d03a8206278ebd0359d - - default default] 199.204.45.138 "GET /v2.0/extensions/dns-integration HTTP/1.1" status: 200 len: 371 time: 0.0060430
2026-06-15 21:12:50.371 9 INFO neutron.wsgi [None req-6656cd6a-2cf5-48f4-9e82-6ad94c81bcfa 08ba737c21d84e53a547c562745ab03f b0507a2222dd4d03a8206278ebd0359d - - default default] 199.204.45.138 "GET /v2.0/extensions/qos HTTP/1.1" status: 200 len: 365 time: 0.0055439
2026-06-15 21:12:50.380 9 INFO neutron.wsgi [None req-b8de9ea9-3fb7-4fc3-a19f-45c91f95b394 08ba737c21d84e53a547c562745ab03f b0507a2222dd4d03a8206278ebd0359d - - default default] 199.204.45.138 "GET /v2.0/extensions/allowed-address-pairs HTTP/1.1" status: 200 len: 383 time: 0.0052919
2026-06-15 21:12:50.404 9 INFO neutron.pecan_wsgi.hooks.translation [None req-147e588f-1631-48b8-8ae4-e2d8185bb7d7 08ba737c21d84e53a547c562745ab03f b0507a2222dd4d03a8206278ebd0359d - - default default] DELETE failed (client error): The resource could not be found.
2026-06-15 21:12:50.406 9 INFO neutron.wsgi [None req-147e588f-1631-48b8-8ae4-e2d8185bb7d7 08ba737c21d84e53a547c562745ab03f b0507a2222dd4d03a8206278ebd0359d - - default default] 199.204.45.138 "DELETE /v2.0/ports/ceebdcfd-7010-48a4-aa1b-9be6d24bdde6 HTTP/1.1" status: 404 len: 338 time: 0.0205297
2026-06-15 21:12:50.446 9 INFO neutron.wsgi [None req-ce1609e4-b727-461b-8c59-5db917d282c1 08ba737c21d84e53a547c562745ab03f b0507a2222dd4d03a8206278ebd0359d - - default default] 199.204.45.138 "GET /v2.0/ports/3ba74338-8699-4e40-ad9e-d97371284a2f HTTP/1.1" status: 200 len: 1328 time: 0.0342836
2026-06-15 21:12:50.462 9 INFO neutron.api.v2.resource [None req-49298bd7-c4a6-48fc-84b1-6a85272cbff8 08ba737c21d84e53a547c562745ab03f b0507a2222dd4d03a8206278ebd0359d - - default default] show failed (client error): The resource could not be found.
2026-06-15 21:12:50.463 9 INFO neutron.wsgi [None req-49298bd7-c4a6-48fc-84b1-6a85272cbff8 08ba737c21d84e53a547c562745ab03f b0507a2222dd4d03a8206278ebd0359d - - default default] 199.204.45.138 "GET /v2.0/security-groups/lb-70851f2d-0a5e-4be9-94ce-ecd5d2dd45b5 HTTP/1.1" status: 404 len: 355 time: 0.0096648
2026-06-15 21:12:50.500 9 INFO neutron.wsgi [None req-599401ce-aac3-49d9-8466-d6469dfbeb08 08ba737c21d84e53a547c562745ab03f b0507a2222dd4d03a8206278ebd0359d - - default default] 199.204.45.138 "GET /v2.0/security-groups?name=lb-70851f2d-0a5e-4be9-94ce-ecd5d2dd45b5 HTTP/1.1" status: 200 len: 1777 time: 0.0335293
2026-06-15 21:12:50.554 9 INFO neutron.wsgi [None req-2164ea80-736f-4297-8326-989993d661e1 08ba737c21d84e53a547c562745ab03f b0507a2222dd4d03a8206278ebd0359d - - default default] 199.204.45.138 "GET /v2.0/ports/3ba74338-8699-4e40-ad9e-d97371284a2f HTTP/1.1" status: 200 len: 1328 time: 0.0431557
2026-06-15 21:12:50.926 9 INFO neutron.db.ovn_revision_numbers_db [None req-e5c36d8b-db72-4e98-ab8f-8018179fb4eb 08ba737c21d84e53a547c562745ab03f b0507a2222dd4d03a8206278ebd0359d - - default default] Successfully bumped revision number for resource 3ba74338-8699-4e40-ad9e-d97371284a2f (type: ports) to 9
2026-06-15 21:12:50.951 9 INFO neutron.wsgi [None req-e5c36d8b-db72-4e98-ab8f-8018179fb4eb 08ba737c21d84e53a547c562745ab03f b0507a2222dd4d03a8206278ebd0359d - - default default] 199.204.45.138 "PUT /v2.0/ports/3ba74338-8699-4e40-ad9e-d97371284a2f HTTP/1.1" status: 200 len: 1290 time: 0.3914981
2026-06-15 21:12:51.057 9 INFO neutron.wsgi [None req-e8a8be01-ccb7-4d9b-a550-a39e10760448 08ba737c21d84e53a547c562745ab03f b0507a2222dd4d03a8206278ebd0359d - - default default] 199.204.45.138 "DELETE /v2.0/security-groups/e890bd05-4d01-44f6-9592-f274024bf843 HTTP/1.1" status: 204 len: 173 time: 0.1016679
2026-06-15 21:12:51.094 10 INFO neutron.notifiers.nova [-] Nova event matching ['req-7d072f17-bffb-49e1-b430-19179b6214d4'] response: {'server_uuid': '27b1020b-dbc4-4cf7-9f9c-ea7b0bbf23a2', 'name': 'network-vif-plugged', 'status': 'completed', 'tag': 'ceebdcfd-7010-48a4-aa1b-9be6d24bdde6', 'code': 200}
2026-06-15 21:12:51.409 9 INFO neutron.wsgi [None req-a78fa10a-e3d9-476e-97a0-543b7aa4c8ad 08ba737c21d84e53a547c562745ab03f b0507a2222dd4d03a8206278ebd0359d - - default default] 199.204.45.138 "DELETE /v2.0/ports/3ba74338-8699-4e40-ad9e-d97371284a2f HTTP/1.1" status: 204 len: 173 time: 0.3439074
2026-06-15 21:12:51.511 9 INFO neutron.wsgi [-] 10.0.0.198 "GET / HTTP/1.1" status: 200 len: 247 time: 0.0025995
2026-06-15 21:12:51.514 9 INFO neutron.wsgi [-] 10.0.0.198 "GET / HTTP/1.1" status: 200 len: 247 time: 0.0020525
2026-06-15 21:12:51.752 9 INFO neutron.plugins.ml2.drivers.ovn.mech_driver.mech_driver [None req-bed6fbfe-6ae4-4677-9612-1aab72c8e8bd - - - - - -] OVN reports status down for port: afb79903-cf7c-4496-9eb9-60ff62de5930
2026-06-15 21:12:51.890 9 INFO neutron.notifiers.nova [-] Nova event matching ['req-389a7f7a-4be5-42d2-8be7-6cbcee93814b'] response: {'server_uuid': '27b1020b-dbc4-4cf7-9f9c-ea7b0bbf23a2', 'name': 'network-vif-unplugged', 'status': 'completed', 'tag': 'afb79903-cf7c-4496-9eb9-60ff62de5930', 'code': 200}
2026-06-15 21:12:52.025 10 INFO neutron.wsgi [req-9cd6ef62-d835-4d7b-83c2-32a3a6c453ce req-04ead9db-8ade-4249-902d-9af270cf25d0 08ba737c21d84e53a547c562745ab03f b0507a2222dd4d03a8206278ebd0359d - - default default] 199.204.45.138 "GET /v2.0/ports?device_id=27b1020b-dbc4-4cf7-9f9c-ea7b0bbf23a2 HTTP/1.1" status: 200 len: 1415 time: 0.0418725
2026-06-15 21:12:52.051 9 INFO neutron.db.ovn_revision_numbers_db [None req-bed6fbfe-6ae4-4677-9612-1aab72c8e8bd - - - - - -] Successfully bumped revision number for resource afb79903-cf7c-4496-9eb9-60ff62de5930 (type: ports) to 5 /var/lib/openstack/lib/python3.10/site-packages/pycadf/identifier.py:71: UserWarning: Invalid uuid: neutron. To ensure interoperability, identifiers should be a valid uuid. warnings.warn(('Invalid uuid: %s. To ensure interoperability, '
2026-06-15 21:12:52.540 10 INFO neutron.wsgi [req-9cd6ef62-d835-4d7b-83c2-32a3a6c453ce req-8817f55a-0de4-4c87-b080-7197b8c2ed52 08ba737c21d84e53a547c562745ab03f b0507a2222dd4d03a8206278ebd0359d - - default default] 199.204.45.138 "DELETE /v2.0/ports/afb79903-cf7c-4496-9eb9-60ff62de5930 HTTP/1.1" status: 204 len: 173 time: 0.5102978
2026-06-15 21:12:52.916 9 INFO neutron.db.l3_db [None req-a9d667c6-bf7f-4656-8a82-2e0dc409a9b9 e31c1012cf0244f29993e6e22db6226f 68cecce3a30c46008fdad985f61bd9f5 - - default default] Floating IP cb44b2f0-cbb4-444b-8a0e-c1d95634d7fc disassociated (deleted). External IP: 10.96.250.216, port: 764f6b1b-814e-4c40-b812-f7df7645d356.
2026-06-15 21:12:52.999 9 INFO neutron.wsgi [None req-a9d667c6-bf7f-4656-8a82-2e0dc409a9b9 e31c1012cf0244f29993e6e22db6226f 68cecce3a30c46008fdad985f61bd9f5 - - default default] 10.0.0.173 "DELETE /v2.0/floatingips/cb44b2f0-cbb4-444b-8a0e-c1d95634d7fc HTTP/1.1" status: 204 len: 168 time: 0.4709418 /var/lib/openstack/lib/python3.10/site-packages/pycadf/identifier.py:71: UserWarning: Invalid uuid: neutron. To ensure interoperability, identifiers should be a valid uuid. warnings.warn(('Invalid uuid: %s. To ensure interoperability, '
2026-06-15 21:12:53.031 9 INFO neutron.api.v2.resource [None req-41c95923-6ae8-447b-b1d3-cf20012ac2f0 e31c1012cf0244f29993e6e22db6226f 68cecce3a30c46008fdad985f61bd9f5 - - default default] show failed (client error): The resource could not be found.
2026-06-15 21:12:53.033 9 INFO neutron.wsgi [None req-41c95923-6ae8-447b-b1d3-cf20012ac2f0 e31c1012cf0244f29993e6e22db6226f 68cecce3a30c46008fdad985f61bd9f5 - - default default] 10.0.0.173 "GET /v2.0/floatingips/cb44b2f0-cbb4-444b-8a0e-c1d95634d7fc HTTP/1.1" status: 404 len: 345 time: 0.0289366
2026-06-15 21:12:53.129 10 INFO neutron.notifiers.nova [-] Nova event matching ['req-9cd39803-20a5-40c4-ba6b-507aaf9430cf'] response: {'server_uuid': '27b1020b-dbc4-4cf7-9f9c-ea7b0bbf23a2', 'name': 'network-vif-deleted', 'tag': 'afb79903-cf7c-4496-9eb9-60ff62de5930', 'status': 'completed', 'code': 200}
2026-06-15 21:12:53.231 10 INFO neutron.plugins.ml2.drivers.ovn.mech_driver.mech_driver [None req-3afca453-c60e-41f0-8287-6cf6a5717111 - - - - - -] OVN reports status down for port: 764f6b1b-814e-4c40-b812-f7df7645d356
2026-06-15 21:12:53.310 9 INFO neutron.wsgi [req-b6c9080e-dabb-4ef5-84d5-e67ad111f4e6 req-481125de-2594-48c7-ad54-01e1b3cae094 e31c1012cf0244f29993e6e22db6226f 68cecce3a30c46008fdad985f61bd9f5 - - default default] 10.0.0.115 "GET /v2.0/ports?device_id=a3c13e00-377d-4711-9e43-0ff6edbb76ad HTTP/1.1" status: 200 len: 1396 time: 0.1229401
2026-06-15 21:12:53.372 9 INFO neutron.wsgi [req-b6c9080e-dabb-4ef5-84d5-e67ad111f4e6 req-2e9f07cb-5c54-48aa-a8f8-6f7c12946c96 e31c1012cf0244f29993e6e22db6226f 68cecce3a30c46008fdad985f61bd9f5 - - default default] 10.0.0.115 "GET /v2.0/security-groups?id=5db29078-e1bb-40d3-95ad-92f2330efe59&fields=id&fields=name HTTP/1.1" status: 200 len: 310 time: 0.0557806
2026-06-15 21:12:53.596 10 INFO neutron.db.ovn_revision_numbers_db [None req-3afca453-c60e-41f0-8287-6cf6a5717111 - - - - - -] Successfully bumped revision number for resource 764f6b1b-814e-4c40-b812-f7df7645d356 (type: ports) to 5
2026-06-15 21:12:53.619 10 INFO neutron.wsgi [req-d0de7623-6801-41f6-bfbd-c7c38bf5a07b req-4dea56e6-57c2-4b51-9a13-6bab1b222bb3 e31c1012cf0244f29993e6e22db6226f 68cecce3a30c46008fdad985f61bd9f5 - - default default] 199.204.45.138 "GET /v2.0/ports?device_id=a3c13e00-377d-4711-9e43-0ff6edbb76ad HTTP/1.1" status: 200 len: 1394 time: 0.1259663
2026-06-15 21:12:53.934 9 INFO neutron.notifiers.nova [-] Nova event matching ['req-03c58fa2-ca6c-4639-9322-5ec1cf7c009b'] response: {'server_uuid': '27b1020b-dbc4-4cf7-9f9c-ea7b0bbf23a2', 'name': 'network-vif-plugged', 'status': 'completed', 'tag': 'afb79903-cf7c-4496-9eb9-60ff62de5930', 'code': 200}
2026-06-15 21:12:53.934 9 INFO neutron.notifiers.nova [-] Nova event matching ['req-03c58fa2-ca6c-4639-9322-5ec1cf7c009b'] response: {'name': 'network-changed', 'server_uuid': 'a3c13e00-377d-4711-9e43-0ff6edbb76ad', 'tag': '764f6b1b-814e-4c40-b812-f7df7645d356', 'status': 'completed', 'code': 200}
2026-06-15 21:12:53.987 10 INFO neutron.wsgi [req-d0de7623-6801-41f6-bfbd-c7c38bf5a07b req-49c9d1fd-1c57-4b50-b91b-ea354b1c354a e31c1012cf0244f29993e6e22db6226f 68cecce3a30c46008fdad985f61bd9f5 - - default default] 199.204.45.138 "DELETE /v2.0/ports/764f6b1b-814e-4c40-b812-f7df7645d356 HTTP/1.1" status: 204 len: 173 time: 0.3639598
2026-06-15 21:12:53.991 9 INFO neutron.wsgi [req-fa1bdf02-f5f6-4c87-ae54-997a48d97891 req-4bcd0c44-545e-43fa-b67e-d8c407fa7223 f295b0e2fa4742f79edf8028d7cca781 dd8b079234fb488db03e6de01e8e0df3 - - 8792d6fbeb0d44a2b80411231089ccdb 8792d6fbeb0d44a2b80411231089ccdb] 199.204.45.138 "GET /v2.0/ports?tenant_id=68cecce3a30c46008fdad985f61bd9f5&device_id=a3c13e00-377d-4711-9e43-0ff6edbb76ad HTTP/1.1" status: 200 len: 210 time: 0.0354869
2026-06-15 21:12:55.168 10 INFO neutron.notifiers.nova [-] Nova event matching ['req-86352d90-3bb8-4846-8069-00b044da3b70'] response: {'server_uuid': 'a3c13e00-377d-4711-9e43-0ff6edbb76ad', 'name': 'network-vif-unplugged', 'status': 'completed', 'tag': '764f6b1b-814e-4c40-b812-f7df7645d356', 'code': 200}
2026-06-15 21:12:55.168 10 INFO neutron.notifiers.nova [-] Nova event matching ['req-86352d90-3bb8-4846-8069-00b044da3b70'] response: {'server_uuid': 'a3c13e00-377d-4711-9e43-0ff6edbb76ad', 'name': 'network-vif-plugged', 'status': 'completed', 'tag': '764f6b1b-814e-4c40-b812-f7df7645d356', 'code': 200}
2026-06-15 21:12:55.169 10 INFO neutron.notifiers.nova [-] Nova event matching ['req-86352d90-3bb8-4846-8069-00b044da3b70'] response: {'server_uuid': 'a3c13e00-377d-4711-9e43-0ff6edbb76ad', 'name': 'network-vif-deleted', 'tag': '764f6b1b-814e-4c40-b812-f7df7645d356', 'status': 'completed', 'code': 200} /var/lib/openstack/lib/python3.10/site-packages/pycadf/identifier.py:71: UserWarning: Invalid uuid: neutron. To ensure interoperability, identifiers should be a valid uuid. warnings.warn(('Invalid uuid: %s. To ensure interoperability, '
2026-06-15 21:12:58.777 10 INFO neutron.db.l3_db [None req-9aea9a3f-b16a-4881-9e16-d66c02cee6cd e31c1012cf0244f29993e6e22db6226f 68cecce3a30c46008fdad985f61bd9f5 - - default default] Floating IP 16448cc2-ba86-4a83-9479-63f31fcaa8b9 disassociated (deleted). External IP: 10.96.250.207, port: 76e397af-9657-4b3d-acdb-d74b05f5f9e9.
2026-06-15 21:12:58.819 10 INFO neutron.wsgi [None req-9aea9a3f-b16a-4881-9e16-d66c02cee6cd e31c1012cf0244f29993e6e22db6226f 68cecce3a30c46008fdad985f61bd9f5 - - default default] 10.0.0.173 "DELETE /v2.0/floatingips/16448cc2-ba86-4a83-9479-63f31fcaa8b9 HTTP/1.1" status: 204 len: 168 time: 0.3787067 /var/lib/openstack/lib/python3.10/site-packages/pycadf/identifier.py:71: UserWarning: Invalid uuid: neutron. To ensure interoperability, identifiers should be a valid uuid. warnings.warn(('Invalid uuid: %s. To ensure interoperability, '
2026-06-15 21:12:58.852 9 INFO neutron.api.v2.resource [None req-73e6074f-69df-4b4a-b563-d232d09a5035 e31c1012cf0244f29993e6e22db6226f 68cecce3a30c46008fdad985f61bd9f5 - - default default] show failed (client error): The resource could not be found.
2026-06-15 21:12:58.854 9 INFO neutron.wsgi [None req-73e6074f-69df-4b4a-b563-d232d09a5035 e31c1012cf0244f29993e6e22db6226f 68cecce3a30c46008fdad985f61bd9f5 - - default default] 10.0.0.173 "GET /v2.0/floatingips/16448cc2-ba86-4a83-9479-63f31fcaa8b9 HTTP/1.1" status: 404 len: 345 time: 0.0286229
2026-06-15 21:12:58.855 10 INFO neutron.notifiers.nova [-] Nova event matching ['req-4ceb46bf-bc54-4a21-a03e-d0593cf52207'] response: {'name': 'network-changed', 'server_uuid': 'd8faee52-49e0-4976-b5bd-6fe26d1d8c49', 'tag': '76e397af-9657-4b3d-acdb-d74b05f5f9e9', 'status': 'completed', 'code': 200}
2026-06-15 21:12:58.920 9 INFO neutron.wsgi [req-8234a7fa-c8d2-4579-a015-880b3ed3eb75 req-41a7eeac-0141-4dd0-bb07-67923e527117 f295b0e2fa4742f79edf8028d7cca781 dd8b079234fb488db03e6de01e8e0df3 - - 8792d6fbeb0d44a2b80411231089ccdb 8792d6fbeb0d44a2b80411231089ccdb] 199.204.45.138 "GET /v2.0/ports?tenant_id=68cecce3a30c46008fdad985f61bd9f5&device_id=d8faee52-49e0-4976-b5bd-6fe26d1d8c49 HTTP/1.1" status: 200 len: 1630 time: 0.0453303
2026-06-15 21:12:58.987 9 INFO neutron.wsgi [req-8234a7fa-c8d2-4579-a015-880b3ed3eb75 req-e88b8d0b-734d-4c18-882d-890d0f351142 f295b0e2fa4742f79edf8028d7cca781 dd8b079234fb488db03e6de01e8e0df3 - - 8792d6fbeb0d44a2b80411231089ccdb 8792d6fbeb0d44a2b80411231089ccdb] 199.204.45.138 "GET /v2.0/networks?id=2908cd0e-7ecd-4e3a-83ba-a4f13a8b3819 HTTP/1.1" status: 200 len: 1002 time: 0.0590661
2026-06-15 21:12:59.031 9 INFO neutron.wsgi [req-8234a7fa-c8d2-4579-a015-880b3ed3eb75 req-369e43bb-9dcc-4919-b358-562c715e1d34 f295b0e2fa4742f79edf8028d7cca781 dd8b079234fb488db03e6de01e8e0df3 - - 8792d6fbeb0d44a2b80411231089ccdb 8792d6fbeb0d44a2b80411231089ccdb] 199.204.45.138 "GET /v2.0/floatingips?fixed_ip_address=10.2.1.149&port_id=76e397af-9657-4b3d-acdb-d74b05f5f9e9 HTTP/1.1" status: 200 len: 217 time: 0.0387340
2026-06-15 21:12:59.058 10 INFO neutron.plugins.ml2.drivers.ovn.mech_driver.mech_driver [None req-3afca453-c60e-41f0-8287-6cf6a5717111 - - - - - -] OVN reports status down for port: 76e397af-9657-4b3d-acdb-d74b05f5f9e9
2026-06-15 21:12:59.080 9 INFO neutron.wsgi [req-8234a7fa-c8d2-4579-a015-880b3ed3eb75 req-549d1956-483d-438e-8e0b-23a3931df47b f295b0e2fa4742f79edf8028d7cca781 dd8b079234fb488db03e6de01e8e0df3 - - 8792d6fbeb0d44a2b80411231089ccdb 8792d6fbeb0d44a2b80411231089ccdb] 199.204.45.138 "GET /v2.0/floatingips?fixed_ip_address=fd7b%3Af9f7%3Afff%3A4eca%3A%3A9&port_id=76e397af-9657-4b3d-acdb-d74b05f5f9e9 HTTP/1.1" status: 200 len: 217 time: 0.0378733
2026-06-15 21:12:59.141 9 INFO neutron.wsgi [req-8234a7fa-c8d2-4579-a015-880b3ed3eb75 req-091a704c-3914-4aea-83c4-068d4837b32e f295b0e2fa4742f79edf8028d7cca781 dd8b079234fb488db03e6de01e8e0df3 - - 8792d6fbeb0d44a2b80411231089ccdb 8792d6fbeb0d44a2b80411231089ccdb] 199.204.45.138 "GET /v2.0/subnets?id=e9397c37-5c0a-4541-bfcd-0f7deb66d802&id=d9086f16-2d00-490d-95c1-8ea5dfc7b524 HTTP/1.1" status: 200 len: 1561 time: 0.0557747
2026-06-15 21:12:59.160 9 INFO neutron.wsgi [req-f05be830-cff1-439e-bf22-d7d7174b27c1 req-4060203b-ee70-49ca-9ed6-3d4285b5ab0b e31c1012cf0244f29993e6e22db6226f 68cecce3a30c46008fdad985f61bd9f5 - - default default] 10.0.0.115 "GET /v2.0/ports?device_id=d8faee52-49e0-4976-b5bd-6fe26d1d8c49 HTTP/1.1" status: 200 len: 1392 time: 0.1518128
2026-06-15 21:12:59.183 9 INFO neutron.wsgi [req-8234a7fa-c8d2-4579-a015-880b3ed3eb75 req-90e430ae-dbde-4786-bbc9-5a5c3d51855c f295b0e2fa4742f79edf8028d7cca781 dd8b079234fb488db03e6de01e8e0df3 - - 8792d6fbeb0d44a2b80411231089ccdb 8792d6fbeb0d44a2b80411231089ccdb] 199.204.45.138 "GET /v2.0/ports?network_id=2908cd0e-7ecd-4e3a-83ba-a4f13a8b3819&device_owner=network%3Adhcp HTTP/1.1" status: 200 len: 210 time: 0.0348310
2026-06-15 21:12:59.215 9 INFO neutron.wsgi [req-8234a7fa-c8d2-4579-a015-880b3ed3eb75 req-f5a374f2-f35f-4fa9-9dec-cf1b75746bb1 f295b0e2fa4742f79edf8028d7cca781 dd8b079234fb488db03e6de01e8e0df3 - - 8792d6fbeb0d44a2b80411231089ccdb 8792d6fbeb0d44a2b80411231089ccdb] 199.204.45.138 "GET /v2.0/ports?network_id=2908cd0e-7ecd-4e3a-83ba-a4f13a8b3819&device_owner=network%3Adhcp HTTP/1.1" status: 200 len: 210 time: 0.0248227
2026-06-15 21:12:59.247 9 INFO neutron.wsgi [req-f05be830-cff1-439e-bf22-d7d7174b27c1 req-3e5c9048-e83f-49dd-aa59-d902ad07e98f e31c1012cf0244f29993e6e22db6226f 68cecce3a30c46008fdad985f61bd9f5 - - default default] 10.0.0.115 "GET /v2.0/security-groups?id=5db29078-e1bb-40d3-95ad-92f2330efe59&fields=id&fields=name HTTP/1.1" status: 200 len: 310 time: 0.0790036
2026-06-15 21:12:59.306 9 INFO neutron.wsgi [req-8234a7fa-c8d2-4579-a015-880b3ed3eb75 req-8b05ff01-fde8-4dc3-961f-7e4cac7de77b f295b0e2fa4742f79edf8028d7cca781 dd8b079234fb488db03e6de01e8e0df3 - - 8792d6fbeb0d44a2b80411231089ccdb 8792d6fbeb0d44a2b80411231089ccdb] 199.204.45.138 "GET /v2.0/networks/2908cd0e-7ecd-4e3a-83ba-a4f13a8b3819?fields=segments HTTP/1.1" status: 200 len: 212 time: 0.0834422
2026-06-15 21:12:59.394 9 INFO neutron.wsgi [req-8234a7fa-c8d2-4579-a015-880b3ed3eb75 req-8640bd34-e1c1-4a48-a64f-3b96ec4b7c30 f295b0e2fa4742f79edf8028d7cca781 dd8b079234fb488db03e6de01e8e0df3 - - 8792d6fbeb0d44a2b80411231089ccdb 8792d6fbeb0d44a2b80411231089ccdb] 199.204.45.138 "GET /v2.0/networks/2908cd0e-7ecd-4e3a-83ba-a4f13a8b3819?fields=provider%3Aphysical_network&fields=provider%3Anetwork_type HTTP/1.1" status: 200 len: 277 time: 0.0833774
2026-06-15 21:12:59.464 10 INFO neutron.db.ovn_revision_numbers_db [None req-3afca453-c60e-41f0-8287-6cf6a5717111 - - - - - -] Successfully bumped revision number for resource 76e397af-9657-4b3d-acdb-d74b05f5f9e9 (type: ports) to 5
2026-06-15 21:12:59.484 10 INFO neutron.wsgi [req-77d582d1-9ec2-4964-8920-568efde64f10 req-ad180738-4ac0-4c4f-967d-a15edb668b9d e31c1012cf0244f29993e6e22db6226f 68cecce3a30c46008fdad985f61bd9f5 - - default default] 199.204.45.138 "GET /v2.0/ports?device_id=d8faee52-49e0-4976-b5bd-6fe26d1d8c49 HTTP/1.1" status: 200 len: 1390 time: 0.1285136
2026-06-15 21:12:59.783 10 INFO neutron.wsgi [req-77d582d1-9ec2-4964-8920-568efde64f10 req-0761c3ca-96c7-44ad-ae89-5d28ab499e88 e31c1012cf0244f29993e6e22db6226f 68cecce3a30c46008fdad985f61bd9f5 - - default default] 199.204.45.138 "DELETE /v2.0/ports/76e397af-9657-4b3d-acdb-d74b05f5f9e9 HTTP/1.1" status: 204 len: 173 time: 0.2934906
2026-06-15 21:13:00.887 10 INFO neutron.notifiers.nova [-] Nova event matching ['req-a853cabf-b077-4b2a-a044-bfe4c63e7acd'] response: {'server_uuid': 'd8faee52-49e0-4976-b5bd-6fe26d1d8c49', 'name': 'network-vif-unplugged', 'status': 'completed', 'tag': '76e397af-9657-4b3d-acdb-d74b05f5f9e9', 'code': 200}
2026-06-15 21:13:00.887 10 INFO neutron.notifiers.nova [-] Nova event matching ['req-a853cabf-b077-4b2a-a044-bfe4c63e7acd'] response: {'server_uuid': 'd8faee52-49e0-4976-b5bd-6fe26d1d8c49', 'name': 'network-vif-plugged', 'status': 'completed', 'tag': '76e397af-9657-4b3d-acdb-d74b05f5f9e9', 'code': 200}
2026-06-15 21:13:00.887 10 INFO neutron.notifiers.nova [-] Nova event matching ['req-a853cabf-b077-4b2a-a044-bfe4c63e7acd'] response: {'server_uuid': 'd8faee52-49e0-4976-b5bd-6fe26d1d8c49', 'name': 'network-vif-deleted', 'tag': '76e397af-9657-4b3d-acdb-d74b05f5f9e9', 'status': 'completed', 'code': 200}
2026-06-15 21:13:04.468 9 INFO neutron.wsgi [None req-cc601477-1445-420e-abe5-10a17a757446 e31c1012cf0244f29993e6e22db6226f 68cecce3a30c46008fdad985f61bd9f5 - - default default] 10.0.0.173 "DELETE /v2.0/security-group-rules/8481f08c-b892-48a4-be8a-7495474fe7f5 HTTP/1.1" status: 204 len: 168 time: 0.1486540
2026-06-15 21:13:04.481 9 INFO neutron.api.v2.resource [None req-8c5b7f49-cb77-4f7e-bb93-3323ba3e5631 e31c1012cf0244f29993e6e22db6226f 68cecce3a30c46008fdad985f61bd9f5 - - default default] show failed (client error): The resource could not be found.
2026-06-15 21:13:04.483 9 INFO neutron.wsgi [None req-8c5b7f49-cb77-4f7e-bb93-3323ba3e5631 e31c1012cf0244f29993e6e22db6226f 68cecce3a30c46008fdad985f61bd9f5 - - default default] 10.0.0.173 "GET /v2.0/security-group-rules/8481f08c-b892-48a4-be8a-7495474fe7f5 HTTP/1.1" status: 404 len: 356 time: 0.0099907
2026-06-15 21:13:04.595 9 INFO neutron.wsgi [None req-e3937e90-c011-487e-9d24-405af7208791 e31c1012cf0244f29993e6e22db6226f 68cecce3a30c46008fdad985f61bd9f5 - - default default] 10.0.0.173 "DELETE /v2.0/security-group-rules/71832dbe-a6e9-4078-95b3-0bc926c83712 HTTP/1.1" status: 204 len: 168 time: 0.1083052
2026-06-15 21:13:04.606 9 INFO neutron.api.v2.resource [None req-c838052b-4741-4cc7-b8bd-9ef97b07e789 e31c1012cf0244f29993e6e22db6226f 68cecce3a30c46008fdad985f61bd9f5 - - default default] show failed (client error): The resource could not be found.
2026-06-15 21:13:04.608 9 INFO neutron.wsgi [None req-c838052b-4741-4cc7-b8bd-9ef97b07e789 e31c1012cf0244f29993e6e22db6226f 68cecce3a30c46008fdad985f61bd9f5 - - default default] 10.0.0.173 "GET /v2.0/security-group-rules/71832dbe-a6e9-4078-95b3-0bc926c83712 HTTP/1.1" status: 404 len: 356 time: 0.0083241
2026-06-15 21:13:04.719 9 INFO neutron.wsgi [None req-417382d2-3aa3-4dad-85a1-98f57e862bfc e31c1012cf0244f29993e6e22db6226f 68cecce3a30c46008fdad985f61bd9f5 - - default default] 10.0.0.173 "DELETE /v2.0/security-group-rules/311a8f06-16ed-47f8-9e62-777047223949 HTTP/1.1" status: 204 len: 168 time: 0.1072347
2026-06-15 21:13:04.730 9 INFO neutron.api.v2.resource [None req-9bd05c69-facc-4dae-ae65-1d46a8e4447b e31c1012cf0244f29993e6e22db6226f 68cecce3a30c46008fdad985f61bd9f5 - - default default] show failed (client error): The resource could not be found.
2026-06-15 21:13:04.732 9 INFO neutron.wsgi [None req-9bd05c69-facc-4dae-ae65-1d46a8e4447b e31c1012cf0244f29993e6e22db6226f 68cecce3a30c46008fdad985f61bd9f5 - - default default] 10.0.0.173 "GET /v2.0/security-group-rules/311a8f06-16ed-47f8-9e62-777047223949 HTTP/1.1" status: 404 len: 356 time: 0.0089812
2026-06-15 21:13:04.855 9 INFO neutron.wsgi [None req-ee06b3c0-8f9e-4b3e-8e20-d5f7afeb7afe e31c1012cf0244f29993e6e22db6226f 68cecce3a30c46008fdad985f61bd9f5 - - default default] 10.0.0.173 "DELETE /v2.0/security-group-rules/a17702b1-5de3-4962-b4ef-191b9b7e53b3 HTTP/1.1" status: 204 len: 168 time: 0.1198716
2026-06-15 21:13:04.867 9 INFO neutron.api.v2.resource [None req-4419e9a7-43a6-476e-a70d-28cf366c42ab e31c1012cf0244f29993e6e22db6226f 68cecce3a30c46008fdad985f61bd9f5 - - default default] show failed (client error): The resource could not be found.
2026-06-15 21:13:04.868 9 INFO neutron.wsgi [None req-4419e9a7-43a6-476e-a70d-28cf366c42ab e31c1012cf0244f29993e6e22db6226f 68cecce3a30c46008fdad985f61bd9f5 - - default default] 10.0.0.173 "GET /v2.0/security-group-rules/a17702b1-5de3-4962-b4ef-191b9b7e53b3 HTTP/1.1" status: 404 len: 356 time: 0.0089483
2026-06-15 21:13:05.015 9 INFO neutron.wsgi [None req-c4dd498e-fe1c-4b95-92a1-c2b30781bfec e31c1012cf0244f29993e6e22db6226f 68cecce3a30c46008fdad985f61bd9f5 - - default default] 10.0.0.173 "DELETE /v2.0/security-group-rules/4b47d79f-8824-43e3-b5d3-f3d26195fae1 HTTP/1.1" status: 204 len: 168 time: 0.1428885
2026-06-15 21:13:05.026 9 INFO neutron.api.v2.resource [None req-8837af9d-6b8a-4011-bdf7-0b26bf27b1d7 e31c1012cf0244f29993e6e22db6226f 68cecce3a30c46008fdad985f61bd9f5 - - default default] show failed (client error): The resource could not be found.
2026-06-15 21:13:05.026 9 INFO neutron.wsgi [None req-8837af9d-6b8a-4011-bdf7-0b26bf27b1d7 e31c1012cf0244f29993e6e22db6226f 68cecce3a30c46008fdad985f61bd9f5 - - default default] 10.0.0.173 "GET /v2.0/security-group-rules/4b47d79f-8824-43e3-b5d3-f3d26195fae1 HTTP/1.1" status: 404 len: 356 time: 0.0077286
2026-06-15 21:13:05.137 9 INFO neutron.wsgi [None req-61c227ad-9b00-4ba2-afa8-efb71cea4a7a e31c1012cf0244f29993e6e22db6226f 68cecce3a30c46008fdad985f61bd9f5 - - default default] 10.0.0.173 "DELETE /v2.0/security-group-rules/af775486-346a-416f-b034-881bdd2a5b48 HTTP/1.1" status: 204 len: 168 time: 0.1074154
2026-06-15 21:13:05.149 9 INFO neutron.api.v2.resource [None req-46a79495-374e-430b-ad90-9a8ab7d254c0 e31c1012cf0244f29993e6e22db6226f 68cecce3a30c46008fdad985f61bd9f5 - - default default] show failed (client error): The resource could not be found.
2026-06-15 21:13:05.150 9 INFO neutron.wsgi [None req-46a79495-374e-430b-ad90-9a8ab7d254c0 e31c1012cf0244f29993e6e22db6226f 68cecce3a30c46008fdad985f61bd9f5 - - default default] 10.0.0.173 "GET /v2.0/security-group-rules/af775486-346a-416f-b034-881bdd2a5b48 HTTP/1.1" status: 404 len: 356 time: 0.0096526
2026-06-15 21:13:05.272 9 INFO neutron.wsgi [None req-3ec36529-b66f-4e92-b6ba-eee0bf1907e8 e31c1012cf0244f29993e6e22db6226f 68cecce3a30c46008fdad985f61bd9f5 - - default default] 10.0.0.173 "DELETE /v2.0/security-group-rules/ff81440d-3482-4c84-ad07-0aee506283ae HTTP/1.1" status: 204 len: 168 time: 0.1192496
2026-06-15 21:13:05.288 9 INFO neutron.api.v2.resource [None req-5d1566c7-25fc-4892-a791-5b3c4c72382a e31c1012cf0244f29993e6e22db6226f 68cecce3a30c46008fdad985f61bd9f5 - - default default] show failed (client error): The resource could not be found.
2026-06-15 21:13:05.289 9 INFO neutron.wsgi [None req-5d1566c7-25fc-4892-a791-5b3c4c72382a e31c1012cf0244f29993e6e22db6226f 68cecce3a30c46008fdad985f61bd9f5 - - default default] 10.0.0.173 "GET /v2.0/security-group-rules/ff81440d-3482-4c84-ad07-0aee506283ae HTTP/1.1" status: 404 len: 356 time: 0.0114505
2026-06-15 21:13:05.433 9 INFO neutron.wsgi [None req-9947a3ee-9039-4694-96bf-4abb37a2739d e31c1012cf0244f29993e6e22db6226f 68cecce3a30c46008fdad985f61bd9f5 - - default default] 10.0.0.173 "DELETE /v2.0/security-group-rules/8753791c-fe72-415c-b718-85d9aee31bc9 HTTP/1.1" status: 204 len: 168 time: 0.1403203
2026-06-15 21:13:05.447 9 INFO neutron.api.v2.resource [None req-5abf3f4b-d358-46fc-9e73-b192d655f4ff e31c1012cf0244f29993e6e22db6226f 68cecce3a30c46008fdad985f61bd9f5 - - default default] show failed (client error): The resource could not be found.
2026-06-15 21:13:05.449 9 INFO neutron.wsgi [None req-5abf3f4b-d358-46fc-9e73-b192d655f4ff e31c1012cf0244f29993e6e22db6226f 68cecce3a30c46008fdad985f61bd9f5 - - default default] 10.0.0.173 "GET /v2.0/security-group-rules/8753791c-fe72-415c-b718-85d9aee31bc9 HTTP/1.1" status: 404 len: 356 time: 0.0099895
2026-06-15 21:13:05.578 9 INFO neutron.wsgi [None req-27ce2484-f127-4ef7-8463-36738d98e7b9 e31c1012cf0244f29993e6e22db6226f 68cecce3a30c46008fdad985f61bd9f5 - - default default] 10.0.0.173 "DELETE /v2.0/security-group-rules/d4175be1-fd3e-4da6-8ffb-e42c7533ade7 HTTP/1.1" status: 204 len: 168 time: 0.1261048
2026-06-15 21:13:05.593 9 INFO neutron.api.v2.resource [None req-79e3319d-0593-4148-b423-e73d6c62c0fa e31c1012cf0244f29993e6e22db6226f 68cecce3a30c46008fdad985f61bd9f5 - - default default] show failed (client error): The resource could not be found.
2026-06-15 21:13:05.594 9 INFO neutron.wsgi [None req-79e3319d-0593-4148-b423-e73d6c62c0fa e31c1012cf0244f29993e6e22db6226f 68cecce3a30c46008fdad985f61bd9f5 - - default default] 10.0.0.173 "GET /v2.0/security-group-rules/d4175be1-fd3e-4da6-8ffb-e42c7533ade7 HTTP/1.1" status: 404 len: 356 time: 0.0111086
2026-06-15 21:13:05.707 9 INFO neutron.wsgi [None req-6bd8b3d0-d516-446a-9f7e-d64eeaaf4941 e31c1012cf0244f29993e6e22db6226f 68cecce3a30c46008fdad985f61bd9f5 - - default default] 10.0.0.173 "DELETE /v2.0/security-group-rules/6466ba9f-7493-412e-9b1e-b9a6ea7ea180 HTTP/1.1" status: 204 len: 168 time: 0.1097419
2026-06-15 21:13:05.718 9 INFO neutron.api.v2.resource [None req-28eac7f6-9590-4441-bd73-579778f1064a e31c1012cf0244f29993e6e22db6226f 68cecce3a30c46008fdad985f61bd9f5 - - default default] show failed (client error): The resource could not be found.
2026-06-15 21:13:05.720 9 INFO neutron.wsgi [None req-28eac7f6-9590-4441-bd73-579778f1064a e31c1012cf0244f29993e6e22db6226f 68cecce3a30c46008fdad985f61bd9f5 - - default default] 10.0.0.173 "GET /v2.0/security-group-rules/6466ba9f-7493-412e-9b1e-b9a6ea7ea180 HTTP/1.1" status: 404 len: 356 time: 0.0089095 /var/lib/openstack/lib/python3.10/site-packages/pycadf/identifier.py:71: UserWarning: Invalid uuid: neutron. To ensure interoperability, identifiers should be a valid uuid. warnings.warn(('Invalid uuid: %s. To ensure interoperability, '
2026-06-15 21:13:05.865 10 INFO neutron.wsgi [None req-bf0fcba6-19d2-4e31-9454-06edad702850 e31c1012cf0244f29993e6e22db6226f 68cecce3a30c46008fdad985f61bd9f5 - - default default] 10.0.0.173 "DELETE /v2.0/security-group-rules/1ef1b9bc-dc76-43f2-b491-2502547dd33d HTTP/1.1" status: 204 len: 168 time: 0.1399775
2026-06-15 21:13:05.877 10 INFO neutron.api.v2.resource [None req-8aa903b0-32b1-48c7-b73f-80fa6ae58447 e31c1012cf0244f29993e6e22db6226f 68cecce3a30c46008fdad985f61bd9f5 - - default default] show failed (client error): The resource could not be found.
2026-06-15 21:13:05.878 10 INFO neutron.wsgi [None req-8aa903b0-32b1-48c7-b73f-80fa6ae58447 e31c1012cf0244f29993e6e22db6226f 68cecce3a30c46008fdad985f61bd9f5 - - default default] 10.0.0.173 "GET /v2.0/security-group-rules/1ef1b9bc-dc76-43f2-b491-2502547dd33d HTTP/1.1" status: 404 len: 356 time: 0.0096624
2026-06-15 21:13:05.978 10 INFO neutron.wsgi [None req-a04be0e4-0355-4168-9600-b52fb2624070 e31c1012cf0244f29993e6e22db6226f 68cecce3a30c46008fdad985f61bd9f5 - - default default] 10.0.0.173 "DELETE /v2.0/security-groups/5db29078-e1bb-40d3-95ad-92f2330efe59 HTTP/1.1" status: 204 len: 168 time: 0.0958304
2026-06-15 21:13:05.992 10 INFO neutron.api.v2.resource [None req-6202dbfb-3105-4a7e-8f2a-51c5aa28b31f e31c1012cf0244f29993e6e22db6226f 68cecce3a30c46008fdad985f61bd9f5 - - default default] show failed (client error): The resource could not be found.
2026-06-15 21:13:05.993 10 INFO neutron.wsgi [None req-6202dbfb-3105-4a7e-8f2a-51c5aa28b31f e31c1012cf0244f29993e6e22db6226f 68cecce3a30c46008fdad985f61bd9f5 - - default default] 10.0.0.173 "GET /v2.0/security-groups/5db29078-e1bb-40d3-95ad-92f2330efe59 HTTP/1.1" status: 404 len: 347 time: 0.0103574
2026-06-15 21:13:06.511 9 INFO neutron.wsgi [-] 10.0.0.198 "GET / HTTP/1.1" status: 200 len: 247 time: 0.0025718
2026-06-15 21:13:06.514 9 INFO neutron.wsgi [-] 10.0.0.198 "GET / HTTP/1.1" status: 200 len: 247 time: 0.0022740
