May 20 19:04:14.767033 np0000175419 devstack@neutron-api.service[102959]: INFO neutron.manager [None req-2d542585-e1a1-44a6-934d-71efa9537766 None None] Loading Plugin: tag
May 20 19:04:14.767084 np0000175419 devstack@neutron-api.service[102961]: DEBUG neutron.plugins.ml2.plugin [None req-12520efa-ea5c-4320-9355-5410fe95088d None None] neutron.plugins.ml2.plugin.Ml2Plugin method _start_rpc_notifiers called with arguments () {} {{(pid=102961) wrapper /opt/stack/data/venv/lib/python3.12/site-packages/oslo_log/helpers.py:77}}
May 20 19:04:14.767084 np0000175419 devstack@neutron-api.service[102961]: DEBUG neutron_lib.callbacks.manager [None req-12520efa-ea5c-4320-9355-5410fe95088d None None] Subscribe: > port after_create 55550000, False {{(pid=102961) subscribe /opt/stack/data/venv/lib/python3.12/site-packages/neutron_lib/callbacks/manager.py:52}}
May 20 19:04:14.767084 np0000175419 devstack@neutron-api.service[102961]: DEBUG neutron_lib.callbacks.manager [None req-12520efa-ea5c-4320-9355-5410fe95088d None None] Subscribe: > port after_update 55550000, False {{(pid=102961) subscribe /opt/stack/data/venv/lib/python3.12/site-packages/neutron_lib/callbacks/manager.py:52}}
May 20 19:04:14.767084 np0000175419 devstack@neutron-api.service[102961]: DEBUG neutron_lib.callbacks.manager [None req-12520efa-ea5c-4320-9355-5410fe95088d None None] Subscribe: > port after_delete 55550000, False {{(pid=102961) subscribe /opt/stack/data/venv/lib/python3.12/site-packages/neutron_lib/callbacks/manager.py:52}}
May 20 19:04:14.767084 np0000175419 devstack@neutron-api.service[102961]: DEBUG neutron_lib.callbacks.manager [None req-12520efa-ea5c-4320-9355-5410fe95088d None None] Subscribe: > subnet after_create 55550000, False {{(pid=102961) subscribe /opt/stack/data/venv/lib/python3.12/site-packages/neutron_lib/callbacks/manager.py:52}}
May 20 19:04:14.767263 np0000175419 devstack@neutron-api.service[102961]: DEBUG neutron_lib.callbacks.manager [None req-12520efa-ea5c-4320-9355-5410fe95088d None None] Subscribe: > subnet after_update 55550000, False {{(pid=102961) subscribe /opt/stack/data/venv/lib/python3.12/site-packages/neutron_lib/callbacks/manager.py:52}}
May 20 19:04:14.767263 np0000175419 devstack@neutron-api.service[102961]: DEBUG neutron_lib.callbacks.manager [None req-12520efa-ea5c-4320-9355-5410fe95088d None None] Subscribe: > subnet after_delete 55550000, False {{(pid=102961) subscribe /opt/stack/data/venv/lib/python3.12/site-packages/neutron_lib/callbacks/manager.py:52}}
May 20 19:04:14.767263 np0000175419 devstack@neutron-api.service[102961]: DEBUG neutron_lib.callbacks.manager [None req-12520efa-ea5c-4320-9355-5410fe95088d None None] Subscribe: > network after_create 55550000, False {{(pid=102961) subscribe /opt/stack/data/venv/lib/python3.12/site-packages/neutron_lib/callbacks/manager.py:52}}
May 20 19:04:14.767263 np0000175419 devstack@neutron-api.service[102961]: DEBUG neutron_lib.callbacks.manager [None req-12520efa-ea5c-4320-9355-5410fe95088d None None] Subscribe: > network after_update 55550000, False {{(pid=102961) subscribe /opt/stack/data/venv/lib/python3.12/site-packages/neutron_lib/callbacks/manager.py:52}}
May 20 19:04:14.767399 np0000175419 devstack@neutron-api.service[102959]: DEBUG neutron.manager [None req-2d542585-e1a1-44a6-934d-71efa9537766 None None] Successfully loaded TAG plugin. Description: Tag support {{(pid=102959) _create_and_add_service_plugin /opt/stack/neutron/neutron/manager.py:239}}
May 20 19:04:14.767810 np0000175419 devstack@neutron-api.service[102961]: DEBUG neutron_lib.callbacks.manager [None req-12520efa-ea5c-4320-9355-5410fe95088d None None] Subscribe: > network after_delete 55550000, False {{(pid=102961) subscribe /opt/stack/data/venv/lib/python3.12/site-packages/neutron_lib/callbacks/manager.py:52}}
May 20 19:04:14.767912 np0000175419 devstack@neutron-api.service[102959]: INFO neutron.manager [None req-2d542585-e1a1-44a6-934d-71efa9537766 None None] Loading Plugin: timestamp
May 20 19:04:14.767988 np0000175419 devstack@neutron-api.service[102961]: DEBUG neutron_lib.callbacks.manager [None req-12520efa-ea5c-4320-9355-5410fe95088d None None] Subscribe: > security_group after_create 55550000, False {{(pid=102961) subscribe /opt/stack/data/venv/lib/python3.12/site-packages/neutron_lib/callbacks/manager.py:52}}
May 20 19:04:14.767988 np0000175419 devstack@neutron-api.service[102961]: DEBUG neutron_lib.callbacks.manager [None req-12520efa-ea5c-4320-9355-5410fe95088d None None] Subscribe: > security_group after_update 55550000, False {{(pid=102961) subscribe /opt/stack/data/venv/lib/python3.12/site-packages/neutron_lib/callbacks/manager.py:52}}
May 20 19:04:14.767988 np0000175419 devstack@neutron-api.service[102961]: DEBUG neutron_lib.callbacks.manager [None req-12520efa-ea5c-4320-9355-5410fe95088d None None] Subscribe: > security_group after_delete 55550000, False {{(pid=102961) subscribe /opt/stack/data/venv/lib/python3.12/site-packages/neutron_lib/callbacks/manager.py:52}}
May 20 19:04:14.767988 np0000175419 devstack@neutron-api.service[102961]: DEBUG neutron_lib.callbacks.manager [None req-12520efa-ea5c-4320-9355-5410fe95088d None None] Subscribe: > security_group_rule after_create 55550000, False {{(pid=102961) subscribe /opt/stack/data/venv/lib/python3.12/site-packages/neutron_lib/callbacks/manager.py:52}}
May 20 19:04:14.768282 np0000175419 devstack@neutron-api.service[102961]: DEBUG neutron_lib.callbacks.manager [None req-12520efa-ea5c-4320-9355-5410fe95088d None None] Subscribe: > security_group_rule after_update 55550000, False {{(pid=102961) subscribe /opt/stack/data/venv/lib/python3.12/site-packages/neutron_lib/callbacks/manager.py:52}}
May 20 19:04:14.768282 np0000175419 devstack@neutron-api.service[102961]: DEBUG neutron_lib.callbacks.manager [None req-12520efa-ea5c-4320-9355-5410fe95088d None None] Subscribe: > security_group_rule after_delete 55550000, False {{(pid=102961) subscribe /opt/stack/data/venv/lib/python3.12/site-packages/neutron_lib/callbacks/manager.py:52}}
May 20 19:04:14.768282 np0000175419 devstack@neutron-api.service[102961]: DEBUG neutron_lib.callbacks.manager [None req-12520efa-ea5c-4320-9355-5410fe95088d None None] Subscribe: > address_group after_create 55550000, False {{(pid=102961) subscribe /opt/stack/data/venv/lib/python3.12/site-packages/neutron_lib/callbacks/manager.py:52}}
May 20 19:04:14.768282 np0000175419 devstack@neutron-api.service[102961]: DEBUG neutron_lib.callbacks.manager [None req-12520efa-ea5c-4320-9355-5410fe95088d None None] Subscribe: > address_group after_update 55550000, False {{(pid=102961) subscribe /opt/stack/data/venv/lib/python3.12/site-packages/neutron_lib/callbacks/manager.py:52}}
May 20 19:04:14.768587 np0000175419 devstack@neutron-api.service[102960]: INFO neutron.plugins.ml2.drivers.type_vlan [None req-41ad68cb-ed86-4556-9685-be7cffc096f7 None None] VlanTypeDriver initialization complete
May 20 19:04:14.768991 np0000175419 devstack@neutron-api.service[102959]: DEBUG neutron.manager [None req-2d542585-e1a1-44a6-934d-71efa9537766 None None] Successfully loaded timestamp plugin. Description: Adds timestamps to Neutron resources with standard attributes {{(pid=102959) _create_and_add_service_plugin /opt/stack/neutron/neutron/manager.py:239}}
May 20 19:04:14.769072 np0000175419 devstack@neutron-api.service[102961]: DEBUG neutron_lib.callbacks.manager [None req-12520efa-ea5c-4320-9355-5410fe95088d None None] Subscribe: > address_group after_delete 55550000, False {{(pid=102961) subscribe /opt/stack/data/venv/lib/python3.12/site-packages/neutron_lib/callbacks/manager.py:52}}
May 20 19:04:14.769140 np0000175419 devstack@neutron-api.service[102959]: INFO neutron.manager [None req-2d542585-e1a1-44a6-934d-71efa9537766 None None] Loading Plugin: network_ip_availability
May 20 19:04:14.769215 np0000175419 devstack@neutron-api.service[102961]: DEBUG neutron.plugins.ml2.ovo_rpc [None req-12520efa-ea5c-4320-9355-5410fe95088d None None] ML2 OVO RPC backend initialized. {{(pid=102961) __init__ /opt/stack/neutron/neutron/plugins/ml2/ovo_rpc.py:117}}
May 20 19:04:14.769305 np0000175419 devstack@neutron-api.service[102960]: INFO neutron.plugins.ml2.managers [None req-41ad68cb-ed86-4556-9685-be7cffc096f7 None None] Initializing extension driver 'port_security'
May 20 19:04:14.769305 np0000175419 devstack@neutron-api.service[102960]: INFO neutron.plugins.ml2.extensions.port_security [None req-41ad68cb-ed86-4556-9685-be7cffc096f7 None None] PortSecurityExtensionDriver initialization complete
May 20 19:04:14.769305 np0000175419 devstack@neutron-api.service[102960]: INFO neutron.plugins.ml2.managers [None req-41ad68cb-ed86-4556-9685-be7cffc096f7 None None] Initializing extension driver 'qos'
May 20 19:04:14.769305 np0000175419 devstack@neutron-api.service[102960]: DEBUG neutron.plugins.ml2.extensions.qos [None req-41ad68cb-ed86-4556-9685-be7cffc096f7 None None] QosExtensionDriver initialization complete {{(pid=102960) initialize /opt/stack/neutron/neutron/plugins/ml2/extensions/qos.py:31}}
May 20 19:04:14.769305 np0000175419 devstack@neutron-api.service[102960]: INFO neutron.plugins.ml2.managers [None req-41ad68cb-ed86-4556-9685-be7cffc096f7 None None] Initializing mechanism driver 'ovn'
May 20 19:04:14.769305 np0000175419 devstack@neutron-api.service[102960]: INFO neutron.plugins.ml2.drivers.ovn.mech_driver.mech_driver [None req-41ad68cb-ed86-4556-9685-be7cffc096f7 None None] Starting OVNMechanismDriver
May 20 19:04:14.769594 np0000175419 devstack@neutron-api.service[102961]: INFO neutron.quota [None req-12520efa-ea5c-4320-9355-5410fe95088d None None] Loaded quota_driver: .
May 20 19:04:14.769594 np0000175419 devstack@neutron-api.service[102961]: INFO neutron.plugins.ml2.plugin [None req-12520efa-ea5c-4320-9355-5410fe95088d None None] Modular L2 Plugin initialization complete
May 20 19:04:14.769594 np0000175419 devstack@neutron-api.service[102961]: DEBUG neutron.manager [None req-12520efa-ea5c-4320-9355-5410fe95088d None None] Loading services supported by the core plugin {{(pid=102961) _load_services_from_core_plugin /opt/stack/neutron/neutron/manager.py:170}}
May 20 19:04:14.769594 np0000175419 devstack@neutron-api.service[102961]: INFO neutron.plugins.ml2.managers [None req-12520efa-ea5c-4320-9355-5410fe95088d None None] Got port-security extension from driver 'port_security'
May 20 19:04:14.769770 np0000175419 devstack@neutron-api.service[102959]: DEBUG neutron.manager [None req-2d542585-e1a1-44a6-934d-71efa9537766 None None] Successfully loaded network-ip-availability plugin. Description: Provides IP availability data for each network and subnet. {{(pid=102959) _create_and_add_service_plugin /opt/stack/neutron/neutron/manager.py:239}}
May 20 19:04:14.769810 np0000175419 devstack@neutron-api.service[102961]: DEBUG neutron.manager [None req-12520efa-ea5c-4320-9355-5410fe95088d None None] Loading service plugins: ['ovn-router', 'auto_allocate', 'tag', 'timestamp', 'network_ip_availability', 'flavors', 'revisions'] {{(pid=102961) _load_service_plugins /opt/stack/neutron/neutron/manager.py:195}}
May 20 19:04:14.769854 np0000175419 devstack@neutron-api.service[102959]: INFO neutron.manager [None req-2d542585-e1a1-44a6-934d-71efa9537766 None None] Loading Plugin: flavors
May 20 19:04:14.769889 np0000175419 devstack@neutron-api.service[102961]: INFO neutron.manager [None req-12520efa-ea5c-4320-9355-5410fe95088d None None] Loading Plugin: ovn-router
May 20 19:04:14.770313 np0000175419 devstack@neutron-api.service[102960]: DEBUG neutron_lib.callbacks.manager [None req-41ad68cb-ed86-4556-9685-be7cffc096f7 None None] Subscribe: > process before_spawn 55550000, False {{(pid=102960) subscribe /opt/stack/data/venv/lib/python3.12/site-packages/neutron_lib/callbacks/manager.py:52}}
May 20 19:04:14.770490 np0000175419 devstack@neutron-api.service[102960]: DEBUG neutron_lib.callbacks.manager [None req-41ad68cb-ed86-4556-9685-be7cffc096f7 None None] Subscribe: > process after_init 55550000, True {{(pid=102960) subscribe /opt/stack/data/venv/lib/python3.12/site-packages/neutron_lib/callbacks/manager.py:52}}
May 20 19:04:14.770604 np0000175419 devstack@neutron-api.service[102959]: DEBUG neutron.manager [None req-2d542585-e1a1-44a6-934d-71efa9537766 None None] Successfully loaded FLAVORS plugin. Description: Neutron Flavors and Service Profiles manager plugin {{(pid=102959) _create_and_add_service_plugin /opt/stack/neutron/neutron/manager.py:239}}
May 20 19:04:14.770843 np0000175419 devstack@neutron-api.service[102960]: DEBUG neutron_lib.callbacks.manager [None req-41ad68cb-ed86-4556-9685-be7cffc096f7 None None] Subscribe: > segment after_create 55550000, False {{(pid=102960) subscribe /opt/stack/data/venv/lib/python3.12/site-packages/neutron_lib/callbacks/manager.py:52}}
May 20 19:04:14.770929 np0000175419 devstack@neutron-api.service[102959]: INFO neutron.manager [None req-2d542585-e1a1-44a6-934d-71efa9537766 None None] Loading Plugin: revisions
May 20 19:04:14.771099 np0000175419 devstack@neutron-api.service[102960]: DEBUG neutron_lib.callbacks.manager [None req-41ad68cb-ed86-4556-9685-be7cffc096f7 None None] Subscribe: > segment after_create 55550000, False {{(pid=102960) subscribe /opt/stack/data/venv/lib/python3.12/site-packages/neutron_lib/callbacks/manager.py:52}}
May 20 19:04:14.771212 np0000175419 devstack@neutron-api.service[102960]: DEBUG neutron_lib.callbacks.manager [None req-41ad68cb-ed86-4556-9685-be7cffc096f7 None None] Subscribe: > segment after_delete 55550000, False {{(pid=102960) subscribe /opt/stack/data/venv/lib/python3.12/site-packages/neutron_lib/callbacks/manager.py:52}}
May 20 19:04:14.771321 np0000175419 devstack@neutron-api.service[102960]: DEBUG neutron_lib.callbacks.manager [None req-41ad68cb-ed86-4556-9685-be7cffc096f7 None None] Subscribe: > allowed_address_pair before_create 55550000, False {{(pid=102960) subscribe /opt/stack/data/venv/lib/python3.12/site-packages/neutron_lib/callbacks/manager.py:52}}
May 20 19:04:14.771431 np0000175419 devstack@neutron-api.service[102960]: DEBUG neutron_lib.callbacks.manager [None req-41ad68cb-ed86-4556-9685-be7cffc096f7 None None] Subscribe: > security_group precommit_create 55550000, False {{(pid=102960) subscribe /opt/stack/data/venv/lib/python3.12/site-packages/neutron_lib/callbacks/manager.py:52}}
May 20 19:04:14.771538 np0000175419 devstack@neutron-api.service[102960]: DEBUG neutron_lib.callbacks.manager [None req-41ad68cb-ed86-4556-9685-be7cffc096f7 None None] Subscribe: > security_group after_update 55550000, False {{(pid=102960) subscribe /opt/stack/data/venv/lib/python3.12/site-packages/neutron_lib/callbacks/manager.py:52}}
May 20 19:04:14.771631 np0000175419 devstack@neutron-api.service[102959]: DEBUG neutron.manager [None req-2d542585-e1a1-44a6-934d-71efa9537766 None None] Successfully loaded revision_plugin plugin. Description: Adds revision numbers to resources. {{(pid=102959) _create_and_add_service_plugin /opt/stack/neutron/neutron/manager.py:239}}
May 20 19:04:14.771720 np0000175419 devstack@neutron-api.service[102960]: DEBUG neutron_lib.callbacks.manager [None req-41ad68cb-ed86-4556-9685-be7cffc096f7 None None] Subscribe: > security_group after_create 55550000, False {{(pid=102960) subscribe /opt/stack/data/venv/lib/python3.12/site-packages/neutron_lib/callbacks/manager.py:52}}
May 20 19:04:14.772280 np0000175419 devstack@neutron-api.service[102960]: DEBUG neutron_lib.callbacks.manager [None req-41ad68cb-ed86-4556-9685-be7cffc096f7 None None] Subscribe: > security_group precommit_delete 55550000, False {{(pid=102960) subscribe /opt/stack/data/venv/lib/python3.12/site-packages/neutron_lib/callbacks/manager.py:52}}
May 20 19:04:14.772722 np0000175419 devstack@neutron-api.service[102959]: DEBUG oslo_concurrency.lockutils [None req-2d542585-e1a1-44a6-934d-71efa9537766 None None] Lock "manager" "released" by "neutron.manager.NeutronManager._create_instance" :: held 4.624s {{(pid=102959) inner /opt/stack/data/venv/lib/python3.12/site-packages/oslo_concurrency/lockutils.py:543}}
May 20 19:04:14.773046 np0000175419 devstack@neutron-api.service[102960]: DEBUG neutron_lib.callbacks.manager [None req-41ad68cb-ed86-4556-9685-be7cffc096f7 None None] Subscribe: > security_group after_delete 55550000, False {{(pid=102960) subscribe /opt/stack/data/venv/lib/python3.12/site-packages/neutron_lib/callbacks/manager.py:52}}
May 20 19:04:14.773046 np0000175419 devstack@neutron-api.service[102960]: DEBUG neutron_lib.callbacks.manager [None req-41ad68cb-ed86-4556-9685-be7cffc096f7 None None] Subscribe: > security_group_rule precommit_create 55550000, False {{(pid=102960) subscribe /opt/stack/data/venv/lib/python3.12/site-packages/neutron_lib/callbacks/manager.py:52}}
May 20 19:04:14.773269 np0000175419 devstack@neutron-api.service[102959]: DEBUG neutron.api.extensions [None req-2d542585-e1a1-44a6-934d-71efa9537766 None None] get_extension_paths = OrderedDict({'/opt/stack/neutron/neutron/extensions': 1}) {{(pid=102959) get_extensions_path /opt/stack/neutron/neutron/api/extensions.py:640}}
May 20 19:04:14.773417 np0000175419 devstack@neutron-api.service[102960]: DEBUG neutron_lib.callbacks.manager [None req-41ad68cb-ed86-4556-9685-be7cffc096f7 None None] Subscribe: > security_group_rule after_create 55550000, False {{(pid=102960) subscribe /opt/stack/data/venv/lib/python3.12/site-packages/neutron_lib/callbacks/manager.py:52}}
May 20 19:04:14.773457 np0000175419 devstack@neutron-api.service[102959]: INFO neutron.api.extensions [None req-2d542585-e1a1-44a6-934d-71efa9537766 None None] Initializing extension manager.
May 20 19:04:14.773541 np0000175419 devstack@neutron-api.service[102960]: DEBUG neutron_lib.callbacks.manager [None req-41ad68cb-ed86-4556-9685-be7cffc096f7 None None] Subscribe: > security_group_rule before_delete 55550000, False {{(pid=102960) subscribe /opt/stack/data/venv/lib/python3.12/site-packages/neutron_lib/callbacks/manager.py:52}}
May 20 19:04:14.773541 np0000175419 devstack@neutron-api.service[102960]: DEBUG neutron_lib.callbacks.manager [None req-41ad68cb-ed86-4556-9685-be7cffc096f7 None None] Subscribe: > address_group after_create 55550000, False {{(pid=102960) subscribe /opt/stack/data/venv/lib/python3.12/site-packages/neutron_lib/callbacks/manager.py:52}}
May 20 19:04:14.773631 np0000175419 devstack@neutron-api.service[102959]: DEBUG neutron.api.extensions [None req-2d542585-e1a1-44a6-934d-71efa9537766 None None] Loading extension file: __init__.py {{(pid=102959) _load_all_extensions_from_path /opt/stack/neutron/neutron/api/extensions.py:449}}
May 20 19:04:14.773731 np0000175419 devstack@neutron-api.service[102960]: DEBUG neutron_lib.callbacks.manager [None req-41ad68cb-ed86-4556-9685-be7cffc096f7 None None] Subscribe: > address_group after_update 55550000, False {{(pid=102960) subscribe /opt/stack/data/venv/lib/python3.12/site-packages/neutron_lib/callbacks/manager.py:52}}
May 20 19:04:14.773804 np0000175419 devstack@neutron-api.service[102959]: DEBUG neutron.api.extensions [None req-2d542585-e1a1-44a6-934d-71efa9537766 None None] Loading extension file: __pycache__ {{(pid=102959) _load_all_extensions_from_path /opt/stack/neutron/neutron/api/extensions.py:449}}
May 20 19:04:14.773841 np0000175419 devstack@neutron-api.service[102960]: DEBUG neutron_lib.callbacks.manager [None req-41ad68cb-ed86-4556-9685-be7cffc096f7 None None] Subscribe: > address_group after_delete 55550000, False {{(pid=102960) subscribe /opt/stack/data/venv/lib/python3.12/site-packages/neutron_lib/callbacks/manager.py:52}}
May 20 19:04:14.773886 np0000175419 devstack@neutron-api.service[102959]: DEBUG neutron.api.extensions [None req-2d542585-e1a1-44a6-934d-71efa9537766 None None] Loading extension file: address_group.py {{(pid=102959) _load_all_extensions_from_path /opt/stack/neutron/neutron/api/extensions.py:449}}
May 20 19:04:14.773921 np0000175419 devstack@neutron-api.service[102960]: DEBUG neutron_lib.callbacks.manager [None req-41ad68cb-ed86-4556-9685-be7cffc096f7 None None] Subscribe: > qos_plugin after_init 55550000, False {{(pid=102960) subscribe /opt/stack/data/venv/lib/python3.12/site-packages/neutron_lib/callbacks/manager.py:52}}
May 20 19:04:14.773921 np0000175419 devstack@neutron-api.service[102960]: DEBUG neutron_lib.callbacks.manager [None req-41ad68cb-ed86-4556-9685-be7cffc096f7 None None] Subscribe: > trunk_plugin after_init 55550000, False {{(pid=102960) subscribe /opt/stack/data/venv/lib/python3.12/site-packages/neutron_lib/callbacks/manager.py:52}}
May 20 19:04:14.773999 np0000175419 devstack@neutron-api.service[102959]: DEBUG neutron.api.extensions [None req-2d542585-e1a1-44a6-934d-71efa9537766 None None] Ext name="Address group" alias="address-group" description="Support address group" updated="2020-07-15T10:00:00-00:00" {{(pid=102959) _check_extension /opt/stack/neutron/neutron/api/extensions.py:415}}
May 20 19:04:14.774072 np0000175419 devstack@neutron-api.service[102960]: DEBUG neutron_lib.callbacks.manager [None req-41ad68cb-ed86-4556-9685-be7cffc096f7 None None] Subscribe: > logging-plugin after_init 55550000, False {{(pid=102960) subscribe /opt/stack/data/venv/lib/python3.12/site-packages/neutron_lib/callbacks/manager.py:52}}
May 20 19:04:14.774109 np0000175419 devstack@neutron-api.service[102959]: INFO neutron.api.extensions [None req-2d542585-e1a1-44a6-934d-71efa9537766 None None] Loaded extension: address-group
May 20 19:04:14.774109 np0000175419 devstack@neutron-api.service[102959]: DEBUG neutron.api.extensions [None req-2d542585-e1a1-44a6-934d-71efa9537766 None None] Loading extension file: address_scope.py {{(pid=102959) _load_all_extensions_from_path /opt/stack/neutron/neutron/api/extensions.py:449}}
May 20 19:04:14.774248 np0000175419 devstack@neutron-api.service[102960]: INFO neutron.services.logapi.drivers.ovn.driver [None req-41ad68cb-ed86-4556-9685-be7cffc096f7 None None] OVN logging driver registered
May 20 19:04:14.774291 np0000175419 devstack@neutron-api.service[102959]: DEBUG neutron.api.extensions [None req-2d542585-e1a1-44a6-934d-71efa9537766 None None] Ext name="Address scope" alias="address-scope" description="Address scopes extension." updated="2015-07-26T10:00:00-00:00" {{(pid=102959) _check_extension /opt/stack/neutron/neutron/api/extensions.py:415}}
May 20 19:04:14.774291 np0000175419 devstack@neutron-api.service[102959]: INFO neutron.api.extensions [None req-2d542585-e1a1-44a6-934d-71efa9537766 None None] Loaded extension: address-scope
May 20 19:04:14.774291 np0000175419 devstack@neutron-api.service[102959]: DEBUG neutron.api.extensions [None req-2d542585-e1a1-44a6-934d-71efa9537766 None None] Loading extension file: admin_state_down_before_update.py {{(pid=102959) _load_all_extensions_from_path /opt/stack/neutron/neutron/api/extensions.py:449}}
May 20 19:04:14.774291 np0000175419 devstack@neutron-api.service[102959]: DEBUG neutron.api.extensions [None req-2d542585-e1a1-44a6-934d-71efa9537766 None None] Ext name="Enforce Router's Admin State Down Before Update Extension" alias="router-admin-state-down-before-update" description="Ensure that the admin state of a router is DOWN (admin_state_up=False) before updating the distributed attribute" updated="2019-07-02T15:56:00" {{(pid=102959) _check_extension /opt/stack/neutron/neutron/api/extensions.py:415}}
May 20 19:04:14.774291 np0000175419 devstack@neutron-api.service[102959]: INFO neutron.api.extensions [None req-2d542585-e1a1-44a6-934d-71efa9537766 None None] Extension router-admin-state-down-before-update not supported by any of loaded plugins
May 20 19:04:14.774291 np0000175419 devstack@neutron-api.service[102959]: DEBUG neutron.api.extensions [None req-2d542585-e1a1-44a6-934d-71efa9537766 None None] Loading extension file: agent.py {{(pid=102959) _load_all_extensions_from_path /opt/stack/neutron/neutron/api/extensions.py:449}}
May 20 19:04:14.774714 np0000175419 devstack@neutron-api.service[102959]: DEBUG neutron.api.extensions [None req-2d542585-e1a1-44a6-934d-71efa9537766 None None] Ext name="agent" alias="agent" description="The agent management extension." updated="2013-02-03T10:00:00-00:00" {{(pid=102959) _check_extension /opt/stack/neutron/neutron/api/extensions.py:415}}
May 20 19:04:14.775948 np0000175419 devstack@neutron-api.service[102959]: INFO neutron.api.extensions [None req-2d542585-e1a1-44a6-934d-71efa9537766 None None] Loaded extension: agent
May 20 19:04:14.775948 np0000175419 devstack@neutron-api.service[102959]: DEBUG neutron.api.extensions [None req-2d542585-e1a1-44a6-934d-71efa9537766 None None] Loading extension file: agent_resources_synced.py {{(pid=102959) _load_all_extensions_from_path /opt/stack/neutron/neutron/api/extensions.py:449}}
May 20 19:04:14.776105 np0000175419 devstack@neutron-api.service[102960]: DEBUG neutron.plugins.ml2.plugin [None req-41ad68cb-ed86-4556-9685-be7cffc096f7 None None] neutron.plugins.ml2.plugin.Ml2Plugin method _start_rpc_notifiers called with arguments () {} {{(pid=102960) wrapper /opt/stack/data/venv/lib/python3.12/site-packages/oslo_log/helpers.py:77}}
May 20 19:04:14.776132 np0000175419 devstack@neutron-api.service[102959]: DEBUG neutron.api.extensions [None req-2d542585-e1a1-44a6-934d-71efa9537766 None None] Ext name="Agent's Resource View Synced to Placement" alias="agent-resources-synced" description="Stores success/failure of last sync to Placement" updated="2018-12-19T00:00:00-00:00" {{(pid=102959) _check_extension /opt/stack/neutron/neutron/api/extensions.py:415}}
May 20 19:04:14.776162 np0000175419 devstack@neutron-api.service[102960]: DEBUG neutron_lib.callbacks.manager [None req-41ad68cb-ed86-4556-9685-be7cffc096f7 None None] Subscribe: > port after_create 55550000, False {{(pid=102960) subscribe /opt/stack/data/venv/lib/python3.12/site-packages/neutron_lib/callbacks/manager.py:52}}
May 20 19:04:14.776218 np0000175419 devstack@neutron-api.service[102959]: INFO neutron.api.extensions [None req-2d542585-e1a1-44a6-934d-71efa9537766 None None] Extension agent-resources-synced not supported by any of loaded plugins
May 20 19:04:14.776218 np0000175419 devstack@neutron-api.service[102959]: DEBUG neutron.api.extensions [None req-2d542585-e1a1-44a6-934d-71efa9537766 None None] Loading extension file: agent_sort_key.py {{(pid=102959) _load_all_extensions_from_path /opt/stack/neutron/neutron/api/extensions.py:449}}
May 20 19:04:14.776263 np0000175419 devstack@neutron-api.service[102960]: DEBUG neutron_lib.callbacks.manager [None req-41ad68cb-ed86-4556-9685-be7cffc096f7 None None] Subscribe: > port after_update 55550000, False {{(pid=102960) subscribe /opt/stack/data/venv/lib/python3.12/site-packages/neutron_lib/callbacks/manager.py:52}}
May 20 19:04:14.776263 np0000175419 devstack@neutron-api.service[102960]: DEBUG neutron_lib.callbacks.manager [None req-41ad68cb-ed86-4556-9685-be7cffc096f7 None None] Subscribe: > port after_delete 55550000, False {{(pid=102960) subscribe /opt/stack/data/venv/lib/python3.12/site-packages/neutron_lib/callbacks/manager.py:52}}
May 20 19:04:14.776263 np0000175419 devstack@neutron-api.service[102960]: DEBUG neutron_lib.callbacks.manager [None req-41ad68cb-ed86-4556-9685-be7cffc096f7 None None] Subscribe: > subnet after_create 55550000, False {{(pid=102960) subscribe /opt/stack/data/venv/lib/python3.12/site-packages/neutron_lib/callbacks/manager.py:52}}
May 20 19:04:14.776410 np0000175419 devstack@neutron-api.service[102959]: DEBUG neutron.api.extensions [None req-2d542585-e1a1-44a6-934d-71efa9537766 None None] Ext name="Agents Sort Key" alias="agent_sort_key" description="Enabling the keyword sort_key for sorting in agents." updated="2013-02-03T10:00:00-00:00" {{(pid=102959) _check_extension /opt/stack/neutron/neutron/api/extensions.py:415}}
May 20 19:04:14.776440 np0000175419 devstack@neutron-api.service[102960]: DEBUG neutron_lib.callbacks.manager [None req-41ad68cb-ed86-4556-9685-be7cffc096f7 None None] Subscribe: > subnet after_update 55550000, False {{(pid=102960) subscribe /opt/stack/data/venv/lib/python3.12/site-packages/neutron_lib/callbacks/manager.py:52}}
May 20 19:04:14.776440 np0000175419 devstack@neutron-api.service[102960]: DEBUG neutron_lib.callbacks.manager [None req-41ad68cb-ed86-4556-9685-be7cffc096f7 None None] Subscribe: > subnet after_delete 55550000, False {{(pid=102960) subscribe /opt/stack/data/venv/lib/python3.12/site-packages/neutron_lib/callbacks/manager.py:52}}
May 20 19:04:14.776525 np0000175419 devstack@neutron-api.service[102959]: INFO neutron.api.extensions [None req-2d542585-e1a1-44a6-934d-71efa9537766 None None] Extension agent_sort_key not supported by any of loaded plugins
May 20 19:04:14.776549 np0000175419 devstack@neutron-api.service[102960]: DEBUG neutron_lib.callbacks.manager [None req-41ad68cb-ed86-4556-9685-be7cffc096f7 None None] Subscribe: > network after_create 55550000, False {{(pid=102960) subscribe /opt/stack/data/venv/lib/python3.12/site-packages/neutron_lib/callbacks/manager.py:52}}
May 20 19:04:14.776606 np0000175419 devstack@neutron-api.service[102959]: DEBUG neutron.api.extensions [None req-2d542585-e1a1-44a6-934d-71efa9537766 None None] Loading extension file: allowedaddresspairs.py {{(pid=102959) _load_all_extensions_from_path /opt/stack/neutron/neutron/api/extensions.py:449}}
May 20 19:04:14.776638 np0000175419 devstack@neutron-api.service[102960]: DEBUG neutron_lib.callbacks.manager [None req-41ad68cb-ed86-4556-9685-be7cffc096f7 None None] Subscribe: > network after_update 55550000, False {{(pid=102960) subscribe /opt/stack/data/venv/lib/python3.12/site-packages/neutron_lib/callbacks/manager.py:52}}
May 20 19:04:14.776638 np0000175419 devstack@neutron-api.service[102960]: DEBUG neutron_lib.callbacks.manager [None req-41ad68cb-ed86-4556-9685-be7cffc096f7 None None] Subscribe: > network after_delete 55550000, False {{(pid=102960) subscribe /opt/stack/data/venv/lib/python3.12/site-packages/neutron_lib/callbacks/manager.py:52}}
May 20 19:04:14.776638 np0000175419 devstack@neutron-api.service[102960]: DEBUG neutron_lib.callbacks.manager [None req-41ad68cb-ed86-4556-9685-be7cffc096f7 None None] Subscribe: > security_group after_create 55550000, False {{(pid=102960) subscribe /opt/stack/data/venv/lib/python3.12/site-packages/neutron_lib/callbacks/manager.py:52}}
May 20 19:04:14.776638 np0000175419 devstack@neutron-api.service[102960]: DEBUG neutron_lib.callbacks.manager [None req-41ad68cb-ed86-4556-9685-be7cffc096f7 None None] Subscribe: > security_group after_update 55550000, False {{(pid=102960) subscribe /opt/stack/data/venv/lib/python3.12/site-packages/neutron_lib/callbacks/manager.py:52}}
May 20 19:04:14.776808 np0000175419 devstack@neutron-api.service[102960]: DEBUG neutron_lib.callbacks.manager [None req-41ad68cb-ed86-4556-9685-be7cffc096f7 None None] Subscribe: > security_group after_delete 55550000, False {{(pid=102960) subscribe /opt/stack/data/venv/lib/python3.12/site-packages/neutron_lib/callbacks/manager.py:52}}
May 20 19:04:14.776808 np0000175419 devstack@neutron-api.service[102960]: DEBUG neutron_lib.callbacks.manager [None req-41ad68cb-ed86-4556-9685-be7cffc096f7 None None] Subscribe: > security_group_rule after_create 55550000, False {{(pid=102960) subscribe /opt/stack/data/venv/lib/python3.12/site-packages/neutron_lib/callbacks/manager.py:52}}
May 20 19:04:14.776808 np0000175419 devstack@neutron-api.service[102960]: DEBUG neutron_lib.callbacks.manager [None req-41ad68cb-ed86-4556-9685-be7cffc096f7 None None] Subscribe: > security_group_rule after_update 55550000, False {{(pid=102960) subscribe /opt/stack/data/venv/lib/python3.12/site-packages/neutron_lib/callbacks/manager.py:52}}
May 20 19:04:14.776881 np0000175419 devstack@neutron-api.service[102959]: DEBUG neutron.api.extensions [None req-2d542585-e1a1-44a6-934d-71efa9537766 None None] Ext name="Allowed Address Pairs" alias="allowed-address-pairs" description="Provides allowed address pairs" updated="2013-07-23T10:00:00-00:00" {{(pid=102959) _check_extension /opt/stack/neutron/neutron/api/extensions.py:415}}
May 20 19:04:14.776965 np0000175419 devstack@neutron-api.service[102960]: DEBUG neutron_lib.callbacks.manager [None req-41ad68cb-ed86-4556-9685-be7cffc096f7 None None] Subscribe: > security_group_rule after_delete 55550000, False {{(pid=102960) subscribe /opt/stack/data/venv/lib/python3.12/site-packages/neutron_lib/callbacks/manager.py:52}}
May 20 19:04:14.776965 np0000175419 devstack@neutron-api.service[102960]: DEBUG neutron_lib.callbacks.manager [None req-41ad68cb-ed86-4556-9685-be7cffc096f7 None None] Subscribe: > address_group after_create 55550000, False {{(pid=102960) subscribe /opt/stack/data/venv/lib/python3.12/site-packages/neutron_lib/callbacks/manager.py:52}}
May 20 19:04:14.777013 np0000175419 devstack@neutron-api.service[102959]: INFO neutron.api.extensions [None req-2d542585-e1a1-44a6-934d-71efa9537766 None None] Loaded extension: allowed-address-pairs
May 20 19:04:14.777066 np0000175419 devstack@neutron-api.service[102960]: DEBUG neutron_lib.callbacks.manager [None req-41ad68cb-ed86-4556-9685-be7cffc096f7 None None] Subscribe: > address_group after_update 55550000, False {{(pid=102960) subscribe /opt/stack/data/venv/lib/python3.12/site-packages/neutron_lib/callbacks/manager.py:52}}
May 20 19:04:14.777096 np0000175419 devstack@neutron-api.service[102959]: DEBUG neutron.api.extensions [None req-2d542585-e1a1-44a6-934d-71efa9537766 None None] Loading extension file: auto_allocated_topology.py {{(pid=102959) _load_all_extensions_from_path /opt/stack/neutron/neutron/api/extensions.py:449}}
May 20 19:04:14.777147 np0000175419 devstack@neutron-api.service[102960]: DEBUG neutron_lib.callbacks.manager [None req-41ad68cb-ed86-4556-9685-be7cffc096f7 None None] Subscribe: > address_group after_delete 55550000, False {{(pid=102960) subscribe /opt/stack/data/venv/lib/python3.12/site-packages/neutron_lib/callbacks/manager.py:52}}
May 20 19:04:14.777147 np0000175419 devstack@neutron-api.service[102960]: DEBUG neutron.plugins.ml2.ovo_rpc [None req-41ad68cb-ed86-4556-9685-be7cffc096f7 None None] ML2 OVO RPC backend initialized. {{(pid=102960) __init__ /opt/stack/neutron/neutron/plugins/ml2/ovo_rpc.py:117}}
May 20 19:04:14.777197 np0000175419 devstack@neutron-api.service[102959]: DEBUG neutron.api.extensions [None req-2d542585-e1a1-44a6-934d-71efa9537766 None None] Ext name="Auto Allocated Topology Services" alias="auto-allocated-topology" description="Auto Allocated Topology Services." updated="2016-01-01T00:00:00-00:00" {{(pid=102959) _check_extension /opt/stack/neutron/neutron/api/extensions.py:415}}
May 20 19:04:14.777629 np0000175419 devstack@neutron-api.service[102959]: INFO neutron.api.extensions [None req-2d542585-e1a1-44a6-934d-71efa9537766 None None] Loaded extension: auto-allocated-topology
May 20 19:04:14.777629 np0000175419 devstack@neutron-api.service[102959]: DEBUG neutron.api.extensions [None req-2d542585-e1a1-44a6-934d-71efa9537766 None None] Loading extension file: availability_zone.py {{(pid=102959) _load_all_extensions_from_path /opt/stack/neutron/neutron/api/extensions.py:449}}
May 20 19:04:14.777629 np0000175419 devstack@neutron-api.service[102959]: DEBUG neutron.api.extensions [None req-2d542585-e1a1-44a6-934d-71efa9537766 None None] Ext name="Availability Zone" alias="availability_zone" description="The availability zone extension." updated="2015-01-01T10:00:00-00:00" {{(pid=102959) _check_extension /opt/stack/neutron/neutron/api/extensions.py:415}}
May 20 19:04:14.778087 np0000175419 devstack@neutron-api.service[102959]: INFO neutron.api.extensions [None req-2d542585-e1a1-44a6-934d-71efa9537766 None None] Loaded extension: availability_zone
May 20 19:04:14.778310 np0000175419 devstack@neutron-api.service[102960]: INFO neutron.quota [None req-41ad68cb-ed86-4556-9685-be7cffc096f7 None None] Loaded quota_driver: .
May 20 19:04:14.778507 np0000175419 devstack@neutron-api.service[102959]: DEBUG neutron.api.extensions [None req-2d542585-e1a1-44a6-934d-71efa9537766 None None] Loading extension file: availability_zone_filter.py {{(pid=102959) _load_all_extensions_from_path /opt/stack/neutron/neutron/api/extensions.py:449}}
May 20 19:04:14.778682 np0000175419 devstack@neutron-api.service[102960]: INFO neutron.plugins.ml2.plugin [None req-41ad68cb-ed86-4556-9685-be7cffc096f7 None None] Modular L2 Plugin initialization complete
May 20 19:04:14.778682 np0000175419 devstack@neutron-api.service[102960]: DEBUG neutron.manager [None req-41ad68cb-ed86-4556-9685-be7cffc096f7 None None] Loading services supported by the core plugin {{(pid=102960) _load_services_from_core_plugin /opt/stack/neutron/neutron/manager.py:170}}
May 20 19:04:14.778885 np0000175419 devstack@neutron-api.service[102959]: DEBUG neutron.api.extensions [None req-2d542585-e1a1-44a6-934d-71efa9537766 None None] Ext name="Availability Zone Filter Extension" alias="availability_zone_filter" description="Add filter parameters to AvailabilityZone resource" updated="2018-06-22T10:00:00-00:00" {{(pid=102959) _check_extension /opt/stack/neutron/neutron/api/extensions.py:415}}
May 20 19:04:14.778966 np0000175419 devstack@neutron-api.service[102960]: INFO neutron.plugins.ml2.managers [None req-41ad68cb-ed86-4556-9685-be7cffc096f7 None None] Got port-security extension from driver 'port_security'
May 20 19:04:14.779220 np0000175419 devstack@neutron-api.service[102959]: INFO neutron.api.extensions [None req-2d542585-e1a1-44a6-934d-71efa9537766 None None] Extension availability_zone_filter not supported by any of loaded plugins
May 20 19:04:14.779220 np0000175419 devstack@neutron-api.service[102959]: DEBUG neutron.api.extensions [None req-2d542585-e1a1-44a6-934d-71efa9537766 None None] Loading extension file: data_plane_status.py {{(pid=102959) _load_all_extensions_from_path /opt/stack/neutron/neutron/api/extensions.py:449}}
May 20 19:04:14.779609 np0000175419 devstack@neutron-api.service[102960]: DEBUG neutron.manager [None req-41ad68cb-ed86-4556-9685-be7cffc096f7 None None] Loading service plugins: ['ovn-router', 'auto_allocate', 'tag', 'timestamp', 'network_ip_availability', 'flavors', 'revisions'] {{(pid=102960) _load_service_plugins /opt/stack/neutron/neutron/manager.py:195}}
May 20 19:04:14.779609 np0000175419 devstack@neutron-api.service[102960]: INFO neutron.manager [None req-41ad68cb-ed86-4556-9685-be7cffc096f7 None None] Loading Plugin: ovn-router
May 20 19:04:14.780489 np0000175419 devstack@neutron-api.service[102959]: DEBUG neutron.api.extensions [None req-2d542585-e1a1-44a6-934d-71efa9537766 None None] Ext name="Port data plane status extension" alias="data-plane-status" description="Expose status of underlying data plane" updated="2017-01-24T10:00:00-00:00" {{(pid=102959) _check_extension /opt/stack/neutron/neutron/api/extensions.py:415}}
May 20 19:04:14.780489 np0000175419 devstack@neutron-api.service[102959]: INFO neutron.api.extensions [None req-2d542585-e1a1-44a6-934d-71efa9537766 None None] Extension data-plane-status not supported by any of loaded plugins
May 20 19:04:14.780489 np0000175419 devstack@neutron-api.service[102959]: DEBUG neutron.api.extensions [None req-2d542585-e1a1-44a6-934d-71efa9537766 None None] Loading extension file: default_subnetpools.py {{(pid=102959) _load_all_extensions_from_path /opt/stack/neutron/neutron/api/extensions.py:449}}
May 20 19:04:14.780489 np0000175419 devstack@neutron-api.service[102959]: DEBUG neutron.api.extensions [None req-2d542585-e1a1-44a6-934d-71efa9537766 None None] Ext name="Default Subnetpools" alias="default-subnetpools" description="Provides ability to mark and use a subnetpool as the default." updated="2016-02-18T18:00:00-00:00" {{(pid=102959) _check_extension /opt/stack/neutron/neutron/api/extensions.py:415}}
May 20 19:04:14.780895 np0000175419 devstack@neutron-api.service[102961]: DEBUG neutron_lib.callbacks.manager [None req-12520efa-ea5c-4320-9355-5410fe95088d None None] Subscribe: > router before_delete 55550000, False {{(pid=102961) subscribe /opt/stack/data/venv/lib/python3.12/site-packages/neutron_lib/callbacks/manager.py:52}}
May 20 19:04:14.781157 np0000175419 devstack@neutron-api.service[102959]: INFO neutron.api.extensions [None req-2d542585-e1a1-44a6-934d-71efa9537766 None None] Loaded extension: default-subnetpools
May 20 19:04:14.781267 np0000175419 devstack@neutron-api.service[102961]: DEBUG neutron_lib.callbacks.manager [None req-12520efa-ea5c-4320-9355-5410fe95088d None None] Subscribe: port before_update 55550000, False {{(pid=102961) subscribe /opt/stack/data/venv/lib/python3.12/site-packages/neutron_lib/callbacks/manager.py:52}}
May 20 19:04:14.781336 np0000175419 devstack@neutron-api.service[102959]: DEBUG neutron.api.extensions [None req-2d542585-e1a1-44a6-934d-71efa9537766 None None] Loading extension file: dhcpagentscheduler.py {{(pid=102959) _load_all_extensions_from_path /opt/stack/neutron/neutron/api/extensions.py:449}}
May 20 19:04:14.781367 np0000175419 devstack@neutron-api.service[102961]: DEBUG neutron_lib.callbacks.manager [None req-12520efa-ea5c-4320-9355-5410fe95088d None None] Subscribe: port after_update 55550000, False {{(pid=102961) subscribe /opt/stack/data/venv/lib/python3.12/site-packages/neutron_lib/callbacks/manager.py:52}}
May 20 19:04:14.781367 np0000175419 devstack@neutron-api.service[102961]: DEBUG neutron_lib.callbacks.manager [None req-12520efa-ea5c-4320-9355-5410fe95088d None None] Subscribe: > port precommit_delete 55550000, False {{(pid=102961) subscribe /opt/stack/data/venv/lib/python3.12/site-packages/neutron_lib/callbacks/manager.py:52}}
May 20 19:04:14.781367 np0000175419 devstack@neutron-api.service[102961]: DEBUG neutron_lib.callbacks.manager [None req-12520efa-ea5c-4320-9355-5410fe95088d None None] Subscribe: port before_update 55550000, False {{(pid=102961) subscribe /opt/stack/data/venv/lib/python3.12/site-packages/neutron_lib/callbacks/manager.py:52}}
May 20 19:04:14.781367 np0000175419 devstack@neutron-api.service[102961]: DEBUG neutron_lib.callbacks.manager [None req-12520efa-ea5c-4320-9355-5410fe95088d None None] Subscribe: port before_delete 55550000, False {{(pid=102961) subscribe /opt/stack/data/venv/lib/python3.12/site-packages/neutron_lib/callbacks/manager.py:52}}
May 20 19:04:14.781501 np0000175419 devstack@neutron-api.service[102959]: DEBUG neutron.api.extensions [None req-2d542585-e1a1-44a6-934d-71efa9537766 None None] Ext name="DHCP Agent Scheduler" alias="dhcp_agent_scheduler" description="Schedule networks among dhcp agents" updated="2013-02-07T10:00:00-00:00" {{(pid=102959) _check_extension /opt/stack/neutron/neutron/api/extensions.py:415}}
May 20 19:04:14.781550 np0000175419 devstack@neutron-api.service[102961]: DEBUG neutron_lib.callbacks.manager [None req-12520efa-ea5c-4320-9355-5410fe95088d None None] Subscribe: > router precommit_create 55550000, False {{(pid=102961) subscribe /opt/stack/data/venv/lib/python3.12/site-packages/neutron_lib/callbacks/manager.py:52}}
May 20 19:04:14.781589 np0000175419 devstack@neutron-api.service[102959]: INFO neutron.api.extensions [None req-2d542585-e1a1-44a6-934d-71efa9537766 None None] Loaded extension: dhcp_agent_scheduler
May 20 19:04:14.781589 np0000175419 devstack@neutron-api.service[102959]: DEBUG neutron.api.extensions [None req-2d542585-e1a1-44a6-934d-71efa9537766 None None] Loading extension file: dns.py {{(pid=102959) _load_all_extensions_from_path /opt/stack/neutron/neutron/api/extensions.py:449}}
May 20 19:04:14.782040 np0000175419 devstack@neutron-api.service[102961]: DEBUG neutron_lib.callbacks.manager [None req-12520efa-ea5c-4320-9355-5410fe95088d None None] Subscribe: > router precommit_create 55550000, False {{(pid=102961) subscribe /opt/stack/data/venv/lib/python3.12/site-packages/neutron_lib/callbacks/manager.py:52}}
May 20 19:04:14.782040 np0000175419 devstack@neutron-api.service[102961]: DEBUG neutron_lib.callbacks.manager [None req-12520efa-ea5c-4320-9355-5410fe95088d None None] Subscribe: > router precommit_update 55550000, False {{(pid=102961) subscribe /opt/stack/data/venv/lib/python3.12/site-packages/neutron_lib/callbacks/manager.py:52}}
May 20 19:04:14.782399 np0000175419 devstack@neutron-api.service[102959]: DEBUG neutron.api.extensions [None req-2d542585-e1a1-44a6-934d-71efa9537766 None None] Ext name="DNS Integration" alias="dns-integration" description="Provides integration with DNS." updated="2015-08-15T18:00:00-00:00" {{(pid=102959) _check_extension /opt/stack/neutron/neutron/api/extensions.py:415}}
May 20 19:04:14.782399 np0000175419 devstack@neutron-api.service[102959]: INFO neutron.api.extensions [None req-2d542585-e1a1-44a6-934d-71efa9537766 None None] Loaded extension: dns-integration
May 20 19:04:14.782905 np0000175419 devstack@neutron-api.service[102961]: DEBUG neutron_lib.callbacks.manager [None req-12520efa-ea5c-4320-9355-5410fe95088d None None] Subscribe: subnet after_update 55550000, False {{(pid=102961) subscribe /opt/stack/data/venv/lib/python3.12/site-packages/neutron_lib/callbacks/manager.py:52}}
May 20 19:04:14.783206 np0000175419 devstack@neutron-api.service[102959]: DEBUG neutron.api.extensions [None req-2d542585-e1a1-44a6-934d-71efa9537766 None None] Loading extension file: dns_domain_ports.py {{(pid=102959) _load_all_extensions_from_path /opt/stack/neutron/neutron/api/extensions.py:449}}
May 20 19:04:14.783206 np0000175419 devstack@neutron-api.service[102959]: DEBUG neutron.api.extensions [None req-2d542585-e1a1-44a6-934d-71efa9537766 None None] Ext name="dns_domain for ports" alias="dns-domain-ports" description="Allows the DNS domain to be specified for a network port." updated="2017-04-24T10:00:00-00:00" {{(pid=102959) _check_extension /opt/stack/neutron/neutron/api/extensions.py:415}}
May 20 19:04:14.783509 np0000175419 devstack@neutron-api.service[102961]: DEBUG neutron.quota.resource_registry [None req-12520efa-ea5c-4320-9355-5410fe95088d None None] Tracking information for resource: router configured {{(pid=102961) set_tracked_resource /opt/stack/neutron/neutron/quota/resource_registry.py:203}}
May 20 19:04:14.783815 np0000175419 devstack@neutron-api.service[102959]: INFO neutron.api.extensions [None req-2d542585-e1a1-44a6-934d-71efa9537766 None None] Loaded extension: dns-domain-ports
May 20 19:04:14.783815 np0000175419 devstack@neutron-api.service[102959]: DEBUG neutron.api.extensions [None req-2d542585-e1a1-44a6-934d-71efa9537766 None None] Loading extension file: dns_integration_domain_keywords.py {{(pid=102959) _load_all_extensions_from_path /opt/stack/neutron/neutron/api/extensions.py:449}}
May 20 19:04:14.784154 np0000175419 devstack@neutron-api.service[102961]: DEBUG neutron.quota.resource_registry [None req-12520efa-ea5c-4320-9355-5410fe95088d None None] Tracking information for resource: floatingip configured {{(pid=102961) set_tracked_resource /opt/stack/neutron/neutron/quota/resource_registry.py:203}}
May 20 19:04:14.784154 np0000175419 devstack@neutron-api.service[102961]: INFO neutron.services.ovn_l3.plugin [None req-12520efa-ea5c-4320-9355-5410fe95088d None None] Starting OVNL3RouterPlugin
May 20 19:04:14.784445 np0000175419 devstack@neutron-api.service[102959]: DEBUG neutron.api.extensions [None req-2d542585-e1a1-44a6-934d-71efa9537766 None None] Ext name="DNS domain names with keywords allowed" alias="dns-integration-domain-keywords" description="Allows to use keywords like , , and as DNS domain name" updated="2020-06-15T18:00:00-00:00" {{(pid=102959) _check_extension /opt/stack/neutron/neutron/api/extensions.py:415}}
May 20 19:04:14.784445 np0000175419 devstack@neutron-api.service[102959]: INFO neutron.api.extensions [None req-2d542585-e1a1-44a6-934d-71efa9537766 None None] Loaded extension: dns-integration-domain-keywords
May 20 19:04:14.784445 np0000175419 devstack@neutron-api.service[102959]: DEBUG neutron.api.extensions [None req-2d542585-e1a1-44a6-934d-71efa9537766 None None] Loading extension file: dvr.py {{(pid=102959) _load_all_extensions_from_path /opt/stack/neutron/neutron/api/extensions.py:449}}
May 20 19:04:14.784617 np0000175419 devstack@neutron-api.service[102961]: DEBUG neutron_lib.callbacks.manager [None req-12520efa-ea5c-4320-9355-5410fe95088d None None] Subscribe: > port_forwarding_plugin after_init 55550000, False {{(pid=102961) subscribe /opt/stack/data/venv/lib/python3.12/site-packages/neutron_lib/callbacks/manager.py:52}}
May 20 19:04:14.784652 np0000175419 devstack@neutron-api.service[102959]: DEBUG neutron.api.extensions [None req-2d542585-e1a1-44a6-934d-71efa9537766 None None] Ext name="Distributed Virtual Router" alias="dvr" description="Enables configuration of Distributed Virtual Routers." updated="2014-06-1T10:00:00-00:00" {{(pid=102959) _check_extension /opt/stack/neutron/neutron/api/extensions.py:415}}
May 20 19:04:14.784652 np0000175419 devstack@neutron-api.service[102959]: INFO neutron.api.extensions [None req-2d542585-e1a1-44a6-934d-71efa9537766 None None] Extension dvr not supported by any of loaded plugins
May 20 19:04:14.784729 np0000175419 devstack@neutron-api.service[102961]: DEBUG neutron_lib.callbacks.manager [None req-12520efa-ea5c-4320-9355-5410fe95088d None None] Subscribe: > router before_create 55550100, False {{(pid=102961) subscribe /opt/stack/data/venv/lib/python3.12/site-packages/neutron_lib/callbacks/manager.py:52}}
May 20 19:04:14.784795 np0000175419 devstack@neutron-api.service[102959]: DEBUG neutron.api.extensions [None req-2d542585-e1a1-44a6-934d-71efa9537766 None None] Loading extension file: ecmp_routes.py {{(pid=102959) _load_all_extensions_from_path /opt/stack/neutron/neutron/api/extensions.py:449}}
May 20 19:04:14.784841 np0000175419 devstack@neutron-api.service[102961]: DEBUG neutron_lib.callbacks.manager [None req-12520efa-ea5c-4320-9355-5410fe95088d None None] Subscribe: > router precommit_delete 55550100, False {{(pid=102961) subscribe /opt/stack/data/venv/lib/python3.12/site-packages/neutron_lib/callbacks/manager.py:52}}
