May 20 19:03:50.662895 np0000175419 devstack@n-api.service[99776]: DEBUG nova.api.openstack.wsgi_app [None req-9f4148f1-f0dd-4d3f-9d48-58d695238394 None None] keystone_authtoken.www_authenticate_uri = https://199.19.213.147/identity {{(pid=99776) log_opt_values /opt/stack/data/venv/lib/python3.12/site-packages/oslo_config/cfg.py:3256}}
May 20 19:03:50.662926 np0000175419 devstack@n-api.service[99774]: DEBUG nova.api.openstack.wsgi_app [None req-730cd38f-3d10-44d3-b0a0-d5a9f3845e00 None None] keystone_authtoken.user_domain_id = None {{(pid=99774) log_opt_values /opt/stack/data/venv/lib/python3.12/site-packages/oslo_config/cfg.py:3256}}
May 20 19:03:50.662951 np0000175419 devstack@n-api.service[99775]: DEBUG nova.api.openstack.wsgi_app [None req-f1dcda64-e294-4a58-a3dc-23c04cb05dee None None] keystone_authtoken.memcache_tls_enabled = False {{(pid=99775) log_opt_values /opt/stack/data/venv/lib/python3.12/site-packages/oslo_config/cfg.py:3256}}
May 20 19:03:50.662984 np0000175419 devstack@n-api.service[99773]: DEBUG nova.api.openstack.wsgi_app [None req-a29dcd23-0f67-421c-a3d6-9587b0c73c3f None None] keystone_authtoken.memcache_pool_socket_timeout = 3 {{(pid=99773) log_opt_values /opt/stack/data/venv/lib/python3.12/site-packages/oslo_config/cfg.py:3256}}
May 20 19:03:50.663012 np0000175419 devstack@n-api.service[99776]: DEBUG nova.api.openstack.wsgi_app [None req-9f4148f1-f0dd-4d3f-9d48-58d695238394 None None] ******************************************************************************** {{(pid=99776) log_opt_values /opt/stack/data/venv/lib/python3.12/site-packages/oslo_config/cfg.py:3263}}
May 20 19:03:50.663041 np0000175419 devstack@n-api.service[99775]: DEBUG nova.api.openstack.wsgi_app [None req-f1dcda64-e294-4a58-a3dc-23c04cb05dee None None] keystone_authtoken.memcache_tls_keyfile = None {{(pid=99775) log_opt_values /opt/stack/data/venv/lib/python3.12/site-packages/oslo_config/cfg.py:3256}}
May 20 19:03:50.663070 np0000175419 devstack@n-api.service[99774]: DEBUG nova.api.openstack.wsgi_app [None req-730cd38f-3d10-44d3-b0a0-d5a9f3845e00 None None] keystone_authtoken.user_domain_name = Default {{(pid=99774) log_opt_values /opt/stack/data/venv/lib/python3.12/site-packages/oslo_config/cfg.py:3256}}
May 20 19:03:50.663100 np0000175419 devstack@n-api.service[99773]: DEBUG nova.api.openstack.wsgi_app [None req-a29dcd23-0f67-421c-a3d6-9587b0c73c3f None None] keystone_authtoken.memcache_pool_unused_timeout = 60 {{(pid=99773) log_opt_values /opt/stack/data/venv/lib/python3.12/site-packages/oslo_config/cfg.py:3256}}
May 20 19:03:50.663129 np0000175419 devstack@n-api.service[99776]: WSGI app 0 (mountpoint='') ready in 3 seconds on interpreter 0x79c060ea3668 pid: 99776 (default app)
May 20 19:03:50.663158 np0000175419 devstack@n-api.service[99775]: DEBUG nova.api.openstack.wsgi_app [None req-f1dcda64-e294-4a58-a3dc-23c04cb05dee None None] keystone_authtoken.memcache_use_advanced_pool = True {{(pid=99775) log_opt_values /opt/stack/data/venv/lib/python3.12/site-packages/oslo_config/cfg.py:3256}}
May 20 19:03:50.663183 np0000175419 devstack@n-api.service[99774]: DEBUG nova.api.openstack.wsgi_app [None req-730cd38f-3d10-44d3-b0a0-d5a9f3845e00 None None] keystone_authtoken.user_id = None {{(pid=99774) log_opt_values /opt/stack/data/venv/lib/python3.12/site-packages/oslo_config/cfg.py:3256}}
May 20 19:03:50.663219 np0000175419 devstack@n-api.service[99773]: DEBUG nova.api.openstack.wsgi_app [None req-a29dcd23-0f67-421c-a3d6-9587b0c73c3f None None] keystone_authtoken.memcache_sasl_enabled = False {{(pid=99773) log_opt_values /opt/stack/data/venv/lib/python3.12/site-packages/oslo_config/cfg.py:3256}}
May 20 19:03:50.663247 np0000175419 devstack@n-api.service[99775]: DEBUG nova.api.openstack.wsgi_app [None req-f1dcda64-e294-4a58-a3dc-23c04cb05dee None None] keystone_authtoken.memcache_username = {{(pid=99775) log_opt_values /opt/stack/data/venv/lib/python3.12/site-packages/oslo_config/cfg.py:3256}}
May 20 19:03:50.663274 np0000175419 devstack@n-api.service[99773]: DEBUG nova.api.openstack.wsgi_app [None req-a29dcd23-0f67-421c-a3d6-9587b0c73c3f None None] keystone_authtoken.memcache_secret_key = **** {{(pid=99773) log_opt_values /opt/stack/data/venv/lib/python3.12/site-packages/oslo_config/cfg.py:3256}}
May 20 19:03:50.663306 np0000175419 devstack@n-api.service[99774]: DEBUG nova.api.openstack.wsgi_app [None req-730cd38f-3d10-44d3-b0a0-d5a9f3845e00 None None] keystone_authtoken.username = nova {{(pid=99774) log_opt_values /opt/stack/data/venv/lib/python3.12/site-packages/oslo_config/cfg.py:3256}}
May 20 19:03:50.663331 np0000175419 devstack@n-api.service[99775]: DEBUG nova.api.openstack.wsgi_app [None req-f1dcda64-e294-4a58-a3dc-23c04cb05dee None None] keystone_authtoken.memcached_servers = ['localhost:11211'] {{(pid=99775) log_opt_values /opt/stack/data/venv/lib/python3.12/site-packages/oslo_config/cfg.py:3256}}
May 20 19:03:50.663359 np0000175419 devstack@n-api.service[99773]: DEBUG nova.api.openstack.wsgi_app [None req-a29dcd23-0f67-421c-a3d6-9587b0c73c3f None None] keystone_authtoken.memcache_security_strategy = None {{(pid=99773) log_opt_values /opt/stack/data/venv/lib/python3.12/site-packages/oslo_config/cfg.py:3256}}
May 20 19:03:50.663390 np0000175419 devstack@n-api.service[99774]: DEBUG nova.api.openstack.wsgi_app [None req-730cd38f-3d10-44d3-b0a0-d5a9f3845e00 None None] keystone_authtoken.www_authenticate_uri = https://199.19.213.147/identity {{(pid=99774) log_opt_values /opt/stack/data/venv/lib/python3.12/site-packages/oslo_config/cfg.py:3256}}
May 20 19:03:50.663390 np0000175419 devstack@n-api.service[99774]: DEBUG nova.api.openstack.wsgi_app [None req-730cd38f-3d10-44d3-b0a0-d5a9f3845e00 None None] ******************************************************************************** {{(pid=99774) log_opt_values /opt/stack/data/venv/lib/python3.12/site-packages/oslo_config/cfg.py:3263}}
May 20 19:03:50.663449 np0000175419 devstack@n-api.service[99773]: DEBUG nova.api.openstack.wsgi_app [None req-a29dcd23-0f67-421c-a3d6-9587b0c73c3f None None] keystone_authtoken.memcache_tls_allowed_ciphers = None {{(pid=99773) log_opt_values /opt/stack/data/venv/lib/python3.12/site-packages/oslo_config/cfg.py:3256}}
May 20 19:03:50.663480 np0000175419 devstack@n-api.service[99775]: DEBUG nova.api.openstack.wsgi_app [None req-f1dcda64-e294-4a58-a3dc-23c04cb05dee None None] keystone_authtoken.password = **** {{(pid=99775) log_opt_values /opt/stack/data/venv/lib/python3.12/site-packages/oslo_config/cfg.py:3256}}
May 20 19:03:50.663512 np0000175419 devstack@n-api.service[99773]: DEBUG nova.api.openstack.wsgi_app [None req-a29dcd23-0f67-421c-a3d6-9587b0c73c3f None None] keystone_authtoken.memcache_tls_cafile = None {{(pid=99773) log_opt_values /opt/stack/data/venv/lib/python3.12/site-packages/oslo_config/cfg.py:3256}}
May 20 19:03:50.663537 np0000175419 devstack@n-api.service[99775]: DEBUG nova.api.openstack.wsgi_app [None req-f1dcda64-e294-4a58-a3dc-23c04cb05dee None None] keystone_authtoken.project_domain_id = None {{(pid=99775) log_opt_values /opt/stack/data/venv/lib/python3.12/site-packages/oslo_config/cfg.py:3256}}
May 20 19:03:50.663564 np0000175419 devstack@n-api.service[99774]: WSGI app 0 (mountpoint='') ready in 3 seconds on interpreter 0x79c060ea3668 pid: 99774 (default app)
May 20 19:03:50.663593 np0000175419 devstack@n-api.service[99773]: DEBUG nova.api.openstack.wsgi_app [None req-a29dcd23-0f67-421c-a3d6-9587b0c73c3f None None] keystone_authtoken.memcache_tls_certfile = None {{(pid=99773) log_opt_values /opt/stack/data/venv/lib/python3.12/site-packages/oslo_config/cfg.py:3256}}
May 20 19:03:50.663621 np0000175419 devstack@n-api.service[99775]: DEBUG nova.api.openstack.wsgi_app [None req-f1dcda64-e294-4a58-a3dc-23c04cb05dee None None] keystone_authtoken.project_domain_name = Default {{(pid=99775) log_opt_values /opt/stack/data/venv/lib/python3.12/site-packages/oslo_config/cfg.py:3256}}
May 20 19:03:50.663650 np0000175419 devstack@n-api.service[99773]: DEBUG nova.api.openstack.wsgi_app [None req-a29dcd23-0f67-421c-a3d6-9587b0c73c3f None None] keystone_authtoken.memcache_tls_enabled = False {{(pid=99773) log_opt_values /opt/stack/data/venv/lib/python3.12/site-packages/oslo_config/cfg.py:3256}}
May 20 19:03:50.663711 np0000175419 devstack@n-api.service[99775]: DEBUG nova.api.openstack.wsgi_app [None req-f1dcda64-e294-4a58-a3dc-23c04cb05dee None None] keystone_authtoken.project_id = None {{(pid=99775) log_opt_values /opt/stack/data/venv/lib/python3.12/site-packages/oslo_config/cfg.py:3256}}
May 20 19:03:50.663744 np0000175419 devstack@n-api.service[99773]: DEBUG nova.api.openstack.wsgi_app [None req-a29dcd23-0f67-421c-a3d6-9587b0c73c3f None None] keystone_authtoken.memcache_tls_keyfile = None {{(pid=99773) log_opt_values /opt/stack/data/venv/lib/python3.12/site-packages/oslo_config/cfg.py:3256}}
May 20 19:03:50.663774 np0000175419 devstack@n-api.service[99775]: DEBUG nova.api.openstack.wsgi_app [None req-f1dcda64-e294-4a58-a3dc-23c04cb05dee None None] keystone_authtoken.project_name = service {{(pid=99775) log_opt_values /opt/stack/data/venv/lib/python3.12/site-packages/oslo_config/cfg.py:3256}}
May 20 19:03:50.663802 np0000175419 devstack@n-api.service[99776]: DEBUG nova.api.openstack.wsgi [None req-9f4148f1-f0dd-4d3f-9d48-58d695238394 None None] Calling method '>' {{(pid=99776) _process_stack /opt/stack/nova/nova/api/openstack/wsgi.py:551}}
May 20 19:03:50.663833 np0000175419 devstack@n-api.service[99773]: DEBUG nova.api.openstack.wsgi_app [None req-a29dcd23-0f67-421c-a3d6-9587b0c73c3f None None] keystone_authtoken.memcache_use_advanced_pool = True {{(pid=99773) log_opt_values /opt/stack/data/venv/lib/python3.12/site-packages/oslo_config/cfg.py:3256}}
May 20 19:03:50.663862 np0000175419 devstack@n-api.service[99775]: DEBUG nova.api.openstack.wsgi_app [None req-f1dcda64-e294-4a58-a3dc-23c04cb05dee None None] keystone_authtoken.region_name = None {{(pid=99775) log_opt_values /opt/stack/data/venv/lib/python3.12/site-packages/oslo_config/cfg.py:3256}}
May 20 19:03:50.663890 np0000175419 devstack@n-api.service[99773]: DEBUG nova.api.openstack.wsgi_app [None req-a29dcd23-0f67-421c-a3d6-9587b0c73c3f None None] keystone_authtoken.memcache_username = {{(pid=99773) log_opt_values /opt/stack/data/venv/lib/python3.12/site-packages/oslo_config/cfg.py:3256}}
May 20 19:03:50.663921 np0000175419 devstack@n-api.service[99775]: DEBUG nova.api.openstack.wsgi_app [None req-f1dcda64-e294-4a58-a3dc-23c04cb05dee None None] keystone_authtoken.service_token_roles = ['service'] {{(pid=99775) log_opt_values /opt/stack/data/venv/lib/python3.12/site-packages/oslo_config/cfg.py:3256}}
May 20 19:03:50.663955 np0000175419 devstack@n-api.service[99773]: DEBUG nova.api.openstack.wsgi_app [None req-a29dcd23-0f67-421c-a3d6-9587b0c73c3f None None] keystone_authtoken.memcached_servers = ['localhost:11211'] {{(pid=99773) log_opt_values /opt/stack/data/venv/lib/python3.12/site-packages/oslo_config/cfg.py:3256}}
May 20 19:03:50.663989 np0000175419 devstack@n-api.service[99775]: DEBUG nova.api.openstack.wsgi_app [None req-f1dcda64-e294-4a58-a3dc-23c04cb05dee None None] keystone_authtoken.service_token_roles_required = True {{(pid=99775) log_opt_values /opt/stack/data/venv/lib/python3.12/site-packages/oslo_config/cfg.py:3256}}
May 20 19:03:50.664023 np0000175419 devstack@n-api.service[99773]: DEBUG nova.api.openstack.wsgi_app [None req-a29dcd23-0f67-421c-a3d6-9587b0c73c3f None None] keystone_authtoken.password = **** {{(pid=99773) log_opt_values /opt/stack/data/venv/lib/python3.12/site-packages/oslo_config/cfg.py:3256}}
May 20 19:03:50.664053 np0000175419 devstack@n-api.service[99775]: DEBUG nova.api.openstack.wsgi_app [None req-f1dcda64-e294-4a58-a3dc-23c04cb05dee None None] keystone_authtoken.service_type = None {{(pid=99775) log_opt_values /opt/stack/data/venv/lib/python3.12/site-packages/oslo_config/cfg.py:3256}}
May 20 19:03:50.664082 np0000175419 devstack@n-api.service[99773]: DEBUG nova.api.openstack.wsgi_app [None req-a29dcd23-0f67-421c-a3d6-9587b0c73c3f None None] keystone_authtoken.project_domain_id = None {{(pid=99773) log_opt_values /opt/stack/data/venv/lib/python3.12/site-packages/oslo_config/cfg.py:3256}}
May 20 19:03:50.664118 np0000175419 devstack@n-api.service[99775]: DEBUG nova.api.openstack.wsgi_app [None req-f1dcda64-e294-4a58-a3dc-23c04cb05dee None None] keystone_authtoken.system_scope = None {{(pid=99775) log_opt_values /opt/stack/data/venv/lib/python3.12/site-packages/oslo_config/cfg.py:3256}}
May 20 19:03:50.664158 np0000175419 devstack@n-api.service[99773]: DEBUG nova.api.openstack.wsgi_app [None req-a29dcd23-0f67-421c-a3d6-9587b0c73c3f None None] keystone_authtoken.project_domain_name = Default {{(pid=99773) log_opt_values /opt/stack/data/venv/lib/python3.12/site-packages/oslo_config/cfg.py:3256}}
May 20 19:03:50.664195 np0000175419 devstack@n-api.service[99775]: DEBUG nova.api.openstack.wsgi_app [None req-f1dcda64-e294-4a58-a3dc-23c04cb05dee None None] keystone_authtoken.token_cache_time = 300 {{(pid=99775) log_opt_values /opt/stack/data/venv/lib/python3.12/site-packages/oslo_config/cfg.py:3256}}
May 20 19:03:50.664195 np0000175419 devstack@n-api.service[99775]: DEBUG nova.api.openstack.wsgi_app [None req-f1dcda64-e294-4a58-a3dc-23c04cb05dee None None] keystone_authtoken.trust_id = None {{(pid=99775) log_opt_values /opt/stack/data/venv/lib/python3.12/site-packages/oslo_config/cfg.py:3256}}
May 20 19:03:50.664262 np0000175419 devstack@n-api.service[99773]: DEBUG nova.api.openstack.wsgi_app [None req-a29dcd23-0f67-421c-a3d6-9587b0c73c3f None None] keystone_authtoken.project_id = None {{(pid=99773) log_opt_values /opt/stack/data/venv/lib/python3.12/site-packages/oslo_config/cfg.py:3256}}
May 20 19:03:50.664292 np0000175419 devstack@n-api.service[99775]: DEBUG nova.api.openstack.wsgi_app [None req-f1dcda64-e294-4a58-a3dc-23c04cb05dee None None] keystone_authtoken.user_domain_id = None {{(pid=99775) log_opt_values /opt/stack/data/venv/lib/python3.12/site-packages/oslo_config/cfg.py:3256}}
May 20 19:03:50.664325 np0000175419 devstack@n-api.service[99773]: DEBUG nova.api.openstack.wsgi_app [None req-a29dcd23-0f67-421c-a3d6-9587b0c73c3f None None] keystone_authtoken.project_name = service {{(pid=99773) log_opt_values /opt/stack/data/venv/lib/python3.12/site-packages/oslo_config/cfg.py:3256}}
May 20 19:03:50.664355 np0000175419 devstack@n-api.service[99775]: DEBUG nova.api.openstack.wsgi_app [None req-f1dcda64-e294-4a58-a3dc-23c04cb05dee None None] keystone_authtoken.user_domain_name = Default {{(pid=99775) log_opt_values /opt/stack/data/venv/lib/python3.12/site-packages/oslo_config/cfg.py:3256}}
May 20 19:03:50.664384 np0000175419 devstack@n-api.service[99773]: DEBUG nova.api.openstack.wsgi_app [None req-a29dcd23-0f67-421c-a3d6-9587b0c73c3f None None] keystone_authtoken.region_name = None {{(pid=99773) log_opt_values /opt/stack/data/venv/lib/python3.12/site-packages/oslo_config/cfg.py:3256}}
May 20 19:03:50.664411 np0000175419 devstack@n-api.service[99775]: DEBUG nova.api.openstack.wsgi_app [None req-f1dcda64-e294-4a58-a3dc-23c04cb05dee None None] keystone_authtoken.user_id = None {{(pid=99775) log_opt_values /opt/stack/data/venv/lib/python3.12/site-packages/oslo_config/cfg.py:3256}}
May 20 19:03:50.664440 np0000175419 devstack@n-api.service[99773]: DEBUG nova.api.openstack.wsgi_app [None req-a29dcd23-0f67-421c-a3d6-9587b0c73c3f None None] keystone_authtoken.service_token_roles = ['service'] {{(pid=99773) log_opt_values /opt/stack/data/venv/lib/python3.12/site-packages/oslo_config/cfg.py:3256}}
May 20 19:03:50.664476 np0000175419 devstack@n-api.service[99775]: DEBUG nova.api.openstack.wsgi_app [None req-f1dcda64-e294-4a58-a3dc-23c04cb05dee None None] keystone_authtoken.username = nova {{(pid=99775) log_opt_values /opt/stack/data/venv/lib/python3.12/site-packages/oslo_config/cfg.py:3256}}
May 20 19:03:50.664501 np0000175419 devstack@n-api.service[99773]: DEBUG nova.api.openstack.wsgi_app [None req-a29dcd23-0f67-421c-a3d6-9587b0c73c3f None None] keystone_authtoken.service_token_roles_required = True {{(pid=99773) log_opt_values /opt/stack/data/venv/lib/python3.12/site-packages/oslo_config/cfg.py:3256}}
May 20 19:03:50.664531 np0000175419 devstack@n-api.service[99775]: DEBUG nova.api.openstack.wsgi_app [None req-f1dcda64-e294-4a58-a3dc-23c04cb05dee None None] keystone_authtoken.www_authenticate_uri = https://199.19.213.147/identity {{(pid=99775) log_opt_values /opt/stack/data/venv/lib/python3.12/site-packages/oslo_config/cfg.py:3256}}
May 20 19:03:50.664560 np0000175419 devstack@n-api.service[99773]: DEBUG nova.api.openstack.wsgi_app [None req-a29dcd23-0f67-421c-a3d6-9587b0c73c3f None None] keystone_authtoken.service_type = None {{(pid=99773) log_opt_values /opt/stack/data/venv/lib/python3.12/site-packages/oslo_config/cfg.py:3256}}
May 20 19:03:50.664594 np0000175419 devstack@n-api.service[99775]: DEBUG nova.api.openstack.wsgi_app [None req-f1dcda64-e294-4a58-a3dc-23c04cb05dee None None] ******************************************************************************** {{(pid=99775) log_opt_values /opt/stack/data/venv/lib/python3.12/site-packages/oslo_config/cfg.py:3263}}
May 20 19:03:50.664629 np0000175419 devstack@n-api.service[99773]: DEBUG nova.api.openstack.wsgi_app [None req-a29dcd23-0f67-421c-a3d6-9587b0c73c3f None None] keystone_authtoken.system_scope = None {{(pid=99773) log_opt_values /opt/stack/data/venv/lib/python3.12/site-packages/oslo_config/cfg.py:3256}}
May 20 19:03:50.664674 np0000175419 devstack@n-api.service[99775]: WSGI app 0 (mountpoint='') ready in 3 seconds on interpreter 0x79c060ea3668 pid: 99775 (default app)
May 20 19:03:50.664708 np0000175419 devstack@n-api.service[99773]: DEBUG nova.api.openstack.wsgi_app [None req-a29dcd23-0f67-421c-a3d6-9587b0c73c3f None None] keystone_authtoken.token_cache_time = 300 {{(pid=99773) log_opt_values /opt/stack/data/venv/lib/python3.12/site-packages/oslo_config/cfg.py:3256}}
May 20 19:03:50.664708 np0000175419 devstack@n-api.service[99773]: DEBUG nova.api.openstack.wsgi_app [None req-a29dcd23-0f67-421c-a3d6-9587b0c73c3f None None] keystone_authtoken.trust_id = None {{(pid=99773) log_opt_values /opt/stack/data/venv/lib/python3.12/site-packages/oslo_config/cfg.py:3256}}
May 20 19:03:50.664708 np0000175419 devstack@n-api.service[99773]: DEBUG nova.api.openstack.wsgi_app [None req-a29dcd23-0f67-421c-a3d6-9587b0c73c3f None None] keystone_authtoken.user_domain_id = None {{(pid=99773) log_opt_values /opt/stack/data/venv/lib/python3.12/site-packages/oslo_config/cfg.py:3256}}
May 20 19:03:50.664708 np0000175419 devstack@n-api.service[99773]: DEBUG nova.api.openstack.wsgi_app [None req-a29dcd23-0f67-421c-a3d6-9587b0c73c3f None None] keystone_authtoken.user_domain_name = Default {{(pid=99773) log_opt_values /opt/stack/data/venv/lib/python3.12/site-packages/oslo_config/cfg.py:3256}}
May 20 19:03:50.664708 np0000175419 devstack@n-api.service[99773]: DEBUG nova.api.openstack.wsgi_app [None req-a29dcd23-0f67-421c-a3d6-9587b0c73c3f None None] keystone_authtoken.user_id = None {{(pid=99773) log_opt_values /opt/stack/data/venv/lib/python3.12/site-packages/oslo_config/cfg.py:3256}}
May 20 19:03:50.664708 np0000175419 devstack@n-api.service[99773]: DEBUG nova.api.openstack.wsgi_app [None req-a29dcd23-0f67-421c-a3d6-9587b0c73c3f None None] keystone_authtoken.username = nova {{(pid=99773) log_opt_values /opt/stack/data/venv/lib/python3.12/site-packages/oslo_config/cfg.py:3256}}
May 20 19:03:50.664708 np0000175419 devstack@n-api.service[99773]: DEBUG nova.api.openstack.wsgi_app [None req-a29dcd23-0f67-421c-a3d6-9587b0c73c3f None None] keystone_authtoken.www_authenticate_uri = https://199.19.213.147/identity {{(pid=99773) log_opt_values /opt/stack/data/venv/lib/python3.12/site-packages/oslo_config/cfg.py:3256}}
May 20 19:03:50.664902 np0000175419 devstack@n-api.service[99773]: DEBUG nova.api.openstack.wsgi_app [None req-a29dcd23-0f67-421c-a3d6-9587b0c73c3f None None] ******************************************************************************** {{(pid=99773) log_opt_values /opt/stack/data/venv/lib/python3.12/site-packages/oslo_config/cfg.py:3263}}
May 20 19:03:50.664902 np0000175419 devstack@n-api.service[99773]: WSGI app 0 (mountpoint='') ready in 3 seconds on interpreter 0x79c060ea3668 pid: 99773 (default app)
May 20 19:03:50.664959 np0000175419 devstack@n-api.service[99776]: INFO nova.api.openstack.requestlog [None req-9f4148f1-f0dd-4d3f-9d48-58d695238394 None None] 199.19.213.147 "GET /compute/v2.1/" status: 200 len: 393 microversion: 2.1 time: 0.003226
May 20 19:03:50.664959 np0000175419 devstack@n-api.service[99776]: [pid: 99776|app: 0|req: 1/1] 199.19.213.147 () {60 vars in 962 bytes} [Wed May 20 19:03:50 2026] GET /compute/v2.1/ => generated 393 bytes in 4 msecs (HTTP/1.1 200) 9 headers in 357 bytes (1 switches on core 0)
May 20 19:03:59.086256 np0000175419 devstack@n-api.service[99773]: DEBUG dbcounter [-] [99773] Writing DB stats nova_api:SELECT=1 {{(pid=99773) stat_writer /opt/stack/data/venv/lib/python3.12/site-packages/dbcounter.py:115}}
May 20 19:03:59.111234 np0000175419 devstack@n-api.service[99776]: DEBUG dbcounter [-] [99776] Writing DB stats nova_api:SELECT=1 {{(pid=99776) stat_writer /opt/stack/data/venv/lib/python3.12/site-packages/dbcounter.py:115}}
May 20 19:03:59.126154 np0000175419 devstack@n-api.service[99774]: DEBUG dbcounter [-] [99774] Writing DB stats nova_api:SELECT=1 {{(pid=99774) stat_writer /opt/stack/data/venv/lib/python3.12/site-packages/dbcounter.py:115}}
May 20 19:03:59.160920 np0000175419 devstack@n-api.service[99775]: DEBUG dbcounter [-] [99775] Writing DB stats nova_api:SELECT=1 {{(pid=99775) stat_writer /opt/stack/data/venv/lib/python3.12/site-packages/dbcounter.py:115}}
May 20 19:03:59.204149 np0000175419 devstack@n-api.service[99773]: DEBUG dbcounter [-] [99773] Writing DB stats nova_cell1:SELECT=1 {{(pid=99773) stat_writer /opt/stack/data/venv/lib/python3.12/site-packages/dbcounter.py:115}}
May 20 19:03:59.208489 np0000175419 devstack@n-api.service[99773]: DEBUG dbcounter [-] [99773] Writing DB stats nova_cell0:SELECT=1 {{(pid=99773) stat_writer /opt/stack/data/venv/lib/python3.12/site-packages/dbcounter.py:115}}
May 20 19:03:59.240943 np0000175419 devstack@n-api.service[99773]: DEBUG dbcounter [-] [99773] Writing DB stats nova_cell0:SELECT=2,nova_cell0:INSERT=1 {{(pid=99773) stat_writer /opt/stack/data/venv/lib/python3.12/site-packages/dbcounter.py:115}}
May 20 19:03:59.246507 np0000175419 devstack@n-api.service[99776]: DEBUG dbcounter [-] [99776] Writing DB stats nova_cell0:SELECT=1 {{(pid=99776) stat_writer /opt/stack/data/venv/lib/python3.12/site-packages/dbcounter.py:115}}
May 20 19:03:59.251422 np0000175419 devstack@n-api.service[99776]: DEBUG dbcounter [-] [99776] Writing DB stats nova_cell1:SELECT=1 {{(pid=99776) stat_writer /opt/stack/data/venv/lib/python3.12/site-packages/dbcounter.py:115}}
May 20 19:03:59.292814 np0000175419 devstack@n-api.service[99775]: DEBUG dbcounter [-] [99775] Writing DB stats nova_cell0:SELECT=1 {{(pid=99775) stat_writer /opt/stack/data/venv/lib/python3.12/site-packages/dbcounter.py:115}}
May 20 19:03:59.293430 np0000175419 devstack@n-api.service[99775]: DEBUG dbcounter [-] [99775] Writing DB stats nova_cell1:SELECT=1 {{(pid=99775) stat_writer /opt/stack/data/venv/lib/python3.12/site-packages/dbcounter.py:115}}
May 20 19:03:59.297088 np0000175419 devstack@n-api.service[99774]: DEBUG dbcounter [-] [99774] Writing DB stats nova_cell0:SELECT=1 {{(pid=99774) stat_writer /opt/stack/data/venv/lib/python3.12/site-packages/dbcounter.py:115}}
May 20 19:03:59.297446 np0000175419 devstack@n-api.service[99774]: DEBUG dbcounter [-] [99774] Writing DB stats nova_cell1:SELECT=1 {{(pid=99774) stat_writer /opt/stack/data/venv/lib/python3.12/site-packages/dbcounter.py:115}}
May 20 19:03:59.334818 np0000175419 devstack@n-api.service[99774]: DEBUG dbcounter [-] [99774] Writing DB stats nova_cell0:SELECT=1 {{(pid=99774) stat_writer /opt/stack/data/venv/lib/python3.12/site-packages/dbcounter.py:115}}
May 20 19:03:59.341825 np0000175419 devstack@n-api.service[99775]: DEBUG dbcounter [-] [99775] Writing DB stats nova_cell0:SELECT=1 {{(pid=99775) stat_writer /opt/stack/data/venv/lib/python3.12/site-packages/dbcounter.py:115}}
May 20 19:03:59.346606 np0000175419 devstack@n-api.service[99776]: DEBUG dbcounter [-] [99776] Writing DB stats nova_cell0:SELECT=1 {{(pid=99776) stat_writer /opt/stack/data/venv/lib/python3.12/site-packages/dbcounter.py:115}}
May 20 19:05:02.259840 np0000175419 devstack@n-api.service[99774]: DEBUG nova.api.openstack.wsgi [None req-730cd38f-3d10-44d3-b0a0-d5a9f3845e00 None None] Calling method '>' {{(pid=99774) _process_stack /opt/stack/nova/nova/api/openstack/wsgi.py:551}}
May 20 19:05:02.265413 np0000175419 devstack@n-api.service[99774]: INFO nova.api.openstack.requestlog [None req-730cd38f-3d10-44d3-b0a0-d5a9f3845e00 None None] 199.19.213.147 "GET /compute/v2.1" status: 200 len: 393 microversion: 2.1 time: 0.006128
May 20 19:05:02.265739 np0000175419 devstack@n-api.service[99774]: [pid: 99774|app: 0|req: 1/2] 199.19.213.147 () {62 vars in 1077 bytes} [Wed May 20 19:05:02 2026] GET /compute/v2.1 => generated 393 bytes in 8 msecs (HTTP/1.1 200) 9 headers in 357 bytes (1 switches on core 0)
May 20 19:05:02.463835 np0000175419 devstack@n-api.service[99775]: DEBUG nova.api.openstack.wsgi [None req-ac5cd9cb-df4f-4520-9601-b7a9f81ed191 admin admin] Calling method '>' {{(pid=99775) _process_stack /opt/stack/nova/nova/api/openstack/wsgi.py:551}}
May 20 19:05:02.488922 np0000175419 devstack@n-api.service[99775]: INFO nova.api.openstack.requestlog [None req-ac5cd9cb-df4f-4520-9601-b7a9f81ed191 admin admin] 199.19.213.147 "GET /compute/v2.1/flavors/detail?is_public=True" status: 200 len: 15 microversion: 2.61 time: 0.209847
May 20 19:05:02.489293 np0000175419 devstack@n-api.service[99775]: [pid: 99775|app: 0|req: 1/3] 199.19.213.147 () {68 vars in 1438 bytes} [Wed May 20 19:05:02 2026] GET /compute/v2.1/flavors/detail?is_public=True => generated 15 bytes in 212 msecs (HTTP/1.1 200) 9 headers in 358 bytes (1 switches on core 0)
May 20 19:05:02.739968 np0000175419 devstack@n-api.service[99773]: DEBUG nova.api.openstack.wsgi [None req-0e96db83-e1e9-4c5d-947d-5c08b4443a4f admin admin] Action: 'create', calling method: >, body: {"flavor": {"OS-FLV-EXT-DATA:ephemeral": 0, "id": "c1", "disk": 1, "vcpus": 1, "os-flavor-access:is_public": true, "swap": 0, "ram": 256, "name": "cirros256"}} {{(pid=99773) _process_stack /opt/stack/nova/nova/api/openstack/wsgi.py:549}}
May 20 19:05:02.780053 np0000175419 devstack@n-api.service[99773]: INFO nova.api.openstack.requestlog [None req-0e96db83-e1e9-4c5d-947d-5c08b4443a4f admin admin] 199.19.213.147 "POST /compute/v2.1/flavors" status: 200 len: 415 microversion: 2.61 time: 0.128832
May 20 19:05:02.780477 np0000175419 devstack@n-api.service[99773]: [pid: 99773|app: 0|req: 1/4] 199.19.213.147 () {72 vars in 1429 bytes} [Wed May 20 19:05:02 2026] POST /compute/v2.1/flavors => generated 415 bytes in 130 msecs (HTTP/1.1 200) 9 headers in 359 bytes (1 switches on core 0)
May 20 19:05:02.893735 np0000175419 devstack@n-api.service[99776]: DEBUG nova.api.openstack.wsgi [None req-f69861ee-cb31-4215-9c12-f7d6ceed3498 admin admin] Action: 'create', calling method: >, body: {"extra_specs": {"hw_rng:allowed": "True"}} {{(pid=99776) _process_stack /opt/stack/nova/nova/api/openstack/wsgi.py:549}}
May 20 19:05:02.934863 np0000175419 devstack@n-api.service[99776]: INFO nova.api.openstack.requestlog [None req-f69861ee-cb31-4215-9c12-f7d6ceed3498 admin admin] 199.19.213.147 "POST /compute/v2.1/flavors/c1/os-extra_specs" status: 200 len: 43 microversion: 2.61 time: 0.135340
May 20 19:05:02.935358 np0000175419 devstack@n-api.service[99776]: [pid: 99776|app: 0|req: 2/5] 199.19.213.147 () {72 vars in 1482 bytes} [Wed May 20 19:05:02 2026] POST /compute/v2.1/flavors/c1/os-extra_specs => generated 43 bytes in 136 msecs (HTTP/1.1 200) 9 headers in 358 bytes (1 switches on core 0)
May 20 19:05:03.166903 np0000175419 devstack@n-api.service[99774]: DEBUG nova.api.openstack.wsgi [None req-465e119b-f34d-4401-b601-d74bfe87bbb4 admin admin] Action: 'create', calling method: >, body: {"flavor": {"OS-FLV-EXT-DATA:ephemeral": 0, "id": "d1", "disk": 5, "vcpus": 1, "os-flavor-access:is_public": true, "swap": 0, "ram": 512, "name": "ds512M"}} {{(pid=99774) _process_stack /opt/stack/nova/nova/api/openstack/wsgi.py:549}}
May 20 19:05:03.204701 np0000175419 devstack@n-api.service[99774]: INFO nova.api.openstack.requestlog [None req-465e119b-f34d-4401-b601-d74bfe87bbb4 admin admin] 199.19.213.147 "POST /compute/v2.1/flavors" status: 200 len: 412 microversion: 2.61 time: 0.137082
May 20 19:05:03.205286 np0000175419 devstack@n-api.service[99774]: [pid: 99774|app: 0|req: 2/6] 199.19.213.147 () {72 vars in 1429 bytes} [Wed May 20 19:05:03 2026] POST /compute/v2.1/flavors => generated 412 bytes in 138 msecs (HTTP/1.1 200) 9 headers in 359 bytes (1 switches on core 0)
May 20 19:05:03.224259 np0000175419 devstack@n-api.service[99775]: DEBUG nova.api.openstack.wsgi [None req-07cb2813-af9d-4a45-a5dc-73adaed45c86 admin admin] Action: 'create', calling method: >, body: {"extra_specs": {"hw_rng:allowed": "True"}} {{(pid=99775) _process_stack /opt/stack/nova/nova/api/openstack/wsgi.py:549}}
May 20 19:05:03.263297 np0000175419 devstack@n-api.service[99775]: INFO nova.api.openstack.requestlog [None req-07cb2813-af9d-4a45-a5dc-73adaed45c86 admin admin] 199.19.213.147 "POST /compute/v2.1/flavors/d1/os-extra_specs" status: 200 len: 43 microversion: 2.61 time: 0.043132
May 20 19:05:03.263573 np0000175419 devstack@n-api.service[99775]: [pid: 99775|app: 0|req: 2/7] 199.19.213.147 () {72 vars in 1482 bytes} [Wed May 20 19:05:03 2026] POST /compute/v2.1/flavors/d1/os-extra_specs => generated 43 bytes in 44 msecs (HTTP/1.1 200) 9 headers in 358 bytes (1 switches on core 0)
May 20 19:05:03.421152 np0000175419 devstack@n-api.service[99773]: DEBUG nova.api.openstack.wsgi [None req-dc610b2a-52d4-4b47-b378-9eecbe56c576 admin admin] Action: 'create', calling method: >, body: {"flavor": {"OS-FLV-EXT-DATA:ephemeral": 0, "id": "d2", "disk": 10, "vcpus": 1, "os-flavor-access:is_public": true, "swap": 0, "ram": 1024, "name": "ds1G"}} {{(pid=99773) _process_stack /opt/stack/nova/nova/api/openstack/wsgi.py:549}}
May 20 19:05:03.446701 np0000175419 devstack@n-api.service[99773]: INFO nova.api.openstack.requestlog [None req-dc610b2a-52d4-4b47-b378-9eecbe56c576 admin admin] 199.19.213.147 "POST /compute/v2.1/flavors" status: 200 len: 412 microversion: 2.61 time: 0.029303
May 20 19:05:03.447113 np0000175419 devstack@n-api.service[99773]: [pid: 99773|app: 0|req: 2/8] 199.19.213.147 () {72 vars in 1429 bytes} [Wed May 20 19:05:03 2026] POST /compute/v2.1/flavors => generated 412 bytes in 30 msecs (HTTP/1.1 200) 9 headers in 359 bytes (1 switches on core 0)
May 20 19:05:03.467332 np0000175419 devstack@n-api.service[99776]: DEBUG nova.api.openstack.wsgi [None req-57c7fc6a-b4a6-410f-995b-12bc7c31d5c8 admin admin] Action: 'create', calling method: >, body: {"extra_specs": {"hw_rng:allowed": "True"}} {{(pid=99776) _process_stack /opt/stack/nova/nova/api/openstack/wsgi.py:549}}
May 20 19:05:03.492529 np0000175419 devstack@n-api.service[99776]: INFO nova.api.openstack.requestlog [None req-57c7fc6a-b4a6-410f-995b-12bc7c31d5c8 admin admin] 199.19.213.147 "POST /compute/v2.1/flavors/d2/os-extra_specs" status: 200 len: 43 microversion: 2.61 time: 0.029481
May 20 19:05:03.493097 np0000175419 devstack@n-api.service[99776]: [pid: 99776|app: 0|req: 3/9] 199.19.213.147 () {72 vars in 1482 bytes} [Wed May 20 19:05:03 2026] POST /compute/v2.1/flavors/d2/os-extra_specs => generated 43 bytes in 31 msecs (HTTP/1.1 200) 9 headers in 358 bytes (1 switches on core 0)
May 20 19:05:03.652359 np0000175419 devstack@n-api.service[99774]: DEBUG nova.api.openstack.wsgi [None req-94a14055-c732-4aeb-9d74-91c7c79157e6 admin admin] Action: 'create', calling method: >, body: {"flavor": {"OS-FLV-EXT-DATA:ephemeral": 0, "id": "d3", "disk": 10, "vcpus": 2, "os-flavor-access:is_public": true, "swap": 0, "ram": 2048, "name": "ds2G"}} {{(pid=99774) _process_stack /opt/stack/nova/nova/api/openstack/wsgi.py:549}}
May 20 19:05:03.674808 np0000175419 devstack@n-api.service[99774]: INFO nova.api.openstack.requestlog [None req-94a14055-c732-4aeb-9d74-91c7c79157e6 admin admin] 199.19.213.147 "POST /compute/v2.1/flavors" status: 200 len: 412 microversion: 2.61 time: 0.025983
May 20 19:05:03.675529 np0000175419 devstack@n-api.service[99774]: [pid: 99774|app: 0|req: 3/10] 199.19.213.147 () {72 vars in 1429 bytes} [Wed May 20 19:05:03 2026] POST /compute/v2.1/flavors => generated 412 bytes in 27 msecs (HTTP/1.1 200) 9 headers in 359 bytes (1 switches on core 0)
May 20 19:05:03.692521 np0000175419 devstack@n-api.service[99775]: DEBUG nova.api.openstack.wsgi [None req-2b5babad-ddbe-4a15-a054-ba1b1ae5fe42 admin admin] Action: 'create', calling method: >, body: {"extra_specs": {"hw_rng:allowed": "True"}} {{(pid=99775) _process_stack /opt/stack/nova/nova/api/openstack/wsgi.py:549}}
May 20 19:05:03.715590 np0000175419 devstack@n-api.service[99775]: INFO nova.api.openstack.requestlog [None req-2b5babad-ddbe-4a15-a054-ba1b1ae5fe42 admin admin] 199.19.213.147 "POST /compute/v2.1/flavors/d3/os-extra_specs" status: 200 len: 43 microversion: 2.61 time: 0.026156
May 20 19:05:03.716246 np0000175419 devstack@n-api.service[99775]: [pid: 99775|app: 0|req: 3/11] 199.19.213.147 () {72 vars in 1482 bytes} [Wed May 20 19:05:03 2026] POST /compute/v2.1/flavors/d3/os-extra_specs => generated 43 bytes in 27 msecs (HTTP/1.1 200) 9 headers in 358 bytes (1 switches on core 0)
May 20 19:05:03.872604 np0000175419 devstack@n-api.service[99773]: DEBUG nova.api.openstack.wsgi [None req-e37c8a4e-a24d-4706-a889-0f7d5b0a3eb3 admin admin] Action: 'create', calling method: >, body: {"flavor": {"OS-FLV-EXT-DATA:ephemeral": 0, "id": "d4", "disk": 20, "vcpus": 4, "os-flavor-access:is_public": true, "swap": 0, "ram": 4096, "name": "ds4G"}} {{(pid=99773) _process_stack /opt/stack/nova/nova/api/openstack/wsgi.py:549}}
May 20 19:05:03.896069 np0000175419 devstack@n-api.service[99773]: INFO nova.api.openstack.requestlog [None req-e37c8a4e-a24d-4706-a889-0f7d5b0a3eb3 admin admin] 199.19.213.147 "POST /compute/v2.1/flavors" status: 200 len: 412 microversion: 2.61 time: 0.027245
May 20 19:05:03.896419 np0000175419 devstack@n-api.service[99773]: [pid: 99773|app: 0|req: 3/12] 199.19.213.147 () {72 vars in 1429 bytes} [Wed May 20 19:05:03 2026] POST /compute/v2.1/flavors => generated 412 bytes in 28 msecs (HTTP/1.1 200) 9 headers in 359 bytes (1 switches on core 0)
May 20 19:05:03.915968 np0000175419 devstack@n-api.service[99776]: DEBUG nova.api.openstack.wsgi [None req-275799a4-ff18-4dd2-9b97-f0593aeed0e7 admin admin] Action: 'create', calling method: >, body: {"extra_specs": {"hw_rng:allowed": "True"}} {{(pid=99776) _process_stack /opt/stack/nova/nova/api/openstack/wsgi.py:549}}
May 20 19:05:03.939983 np0000175419 devstack@n-api.service[99776]: INFO nova.api.openstack.requestlog [None req-275799a4-ff18-4dd2-9b97-f0593aeed0e7 admin admin] 199.19.213.147 "POST /compute/v2.1/flavors/d4/os-extra_specs" status: 200 len: 43 microversion: 2.61 time: 0.028248
May 20 19:05:03.940450 np0000175419 devstack@n-api.service[99776]: [pid: 99776|app: 0|req: 4/13] 199.19.213.147 () {72 vars in 1482 bytes} [Wed May 20 19:05:03 2026] POST /compute/v2.1/flavors/d4/os-extra_specs => generated 43 bytes in 29 msecs (HTTP/1.1 200) 9 headers in 358 bytes (1 switches on core 0)
May 20 19:05:04.105899 np0000175419 devstack@n-api.service[99774]: DEBUG nova.api.openstack.wsgi [None req-32eb773e-44ab-417d-a20a-d62560ee96ff admin admin] Calling method '>' {{(pid=99774) _process_stack /opt/stack/nova/nova/api/openstack/wsgi.py:551}}
May 20 19:05:04.131730 np0000175419 devstack@n-api.service[99774]: INFO nova.api.openstack.requestlog [None req-32eb773e-44ab-417d-a20a-d62560ee96ff admin admin] 199.19.213.147 "GET /compute/v2.1/flavors/detail?is_public=True" status: 200 len: 2146 microversion: 2.61 time: 0.029212
May 20 19:05:04.132005 np0000175419 devstack@n-api.service[99774]: [pid: 99774|app: 0|req: 4/14] 199.19.213.147 () {68 vars in 1438 bytes} [Wed May 20 19:05:04 2026] GET /compute/v2.1/flavors/detail?is_public=True => generated 2146 bytes in 30 msecs (HTTP/1.1 200) 9 headers in 360 bytes (1 switches on core 0)
May 20 19:05:04.279685 np0000175419 devstack@n-api.service[99775]: DEBUG nova.api.openstack.wsgi [None req-0c721335-0c19-4312-9159-af4f74e14600 admin admin] Action: 'create', calling method: >, body: {"flavor": {"OS-FLV-EXT-DATA:ephemeral": 0, "id": "1", "disk": 1, "vcpus": 1, "os-flavor-access:is_public": true, "swap": 0, "ram": 512, "name": "m1.tiny"}} {{(pid=99775) _process_stack /opt/stack/nova/nova/api/openstack/wsgi.py:549}}
May 20 19:05:04.311635 np0000175419 devstack@n-api.service[99775]: INFO nova.api.openstack.requestlog [None req-0c721335-0c19-4312-9159-af4f74e14600 admin admin] 199.19.213.147 "POST /compute/v2.1/flavors" status: 200 len: 410 microversion: 2.61 time: 0.035468
May 20 19:05:04.311938 np0000175419 devstack@n-api.service[99775]: [pid: 99775|app: 0|req: 4/15] 199.19.213.147 () {72 vars in 1429 bytes} [Wed May 20 19:05:04 2026] POST /compute/v2.1/flavors => generated 410 bytes in 36 msecs (HTTP/1.1 200) 9 headers in 359 bytes (1 switches on core 0)
May 20 19:05:04.330128 np0000175419 devstack@n-api.service[99773]: DEBUG nova.api.openstack.wsgi [None req-43fc5251-e304-41cf-a404-f49f2446c2f8 admin admin] Action: 'create', calling method: >, body: {"extra_specs": {"hw_rng:allowed": "True"}} {{(pid=99773) _process_stack /opt/stack/nova/nova/api/openstack/wsgi.py:549}}
May 20 19:05:04.366466 np0000175419 devstack@n-api.service[99773]: INFO nova.api.openstack.requestlog [None req-43fc5251-e304-41cf-a404-f49f2446c2f8 admin admin] 199.19.213.147 "POST /compute/v2.1/flavors/1/os-extra_specs" status: 200 len: 43 microversion: 2.61 time: 0.040559
May 20 19:05:04.366942 np0000175419 devstack@n-api.service[99773]: [pid: 99773|app: 0|req: 4/16] 199.19.213.147 () {72 vars in 1479 bytes} [Wed May 20 19:05:04 2026] POST /compute/v2.1/flavors/1/os-extra_specs => generated 43 bytes in 42 msecs (HTTP/1.1 200) 9 headers in 358 bytes (1 switches on core 0)
May 20 19:05:04.514739 np0000175419 devstack@n-api.service[99776]: DEBUG nova.api.openstack.wsgi [None req-4e3aa94e-03a4-4b96-a07a-4b5313132386 admin admin] Action: 'create', calling method: >, body: {"flavor": {"OS-FLV-EXT-DATA:ephemeral": 0, "id": "2", "disk": 20, "vcpus": 1, "os-flavor-access:is_public": true, "swap": 0, "ram": 2048, "name": "m1.small"}} {{(pid=99776) _process_stack /opt/stack/nova/nova/api/openstack/wsgi.py:549}}
May 20 19:05:04.547523 np0000175419 devstack@n-api.service[99776]: INFO nova.api.openstack.requestlog [None req-4e3aa94e-03a4-4b96-a07a-4b5313132386 admin admin] 199.19.213.147 "POST /compute/v2.1/flavors" status: 200 len: 413 microversion: 2.61 time: 0.036248
May 20 19:05:04.547908 np0000175419 devstack@n-api.service[99776]: [pid: 99776|app: 0|req: 5/17] 199.19.213.147 () {72 vars in 1429 bytes} [Wed May 20 19:05:04 2026] POST /compute/v2.1/flavors => generated 413 bytes in 37 msecs (HTTP/1.1 200) 9 headers in 359 bytes (1 switches on core 0)
May 20 19:05:04.565287 np0000175419 devstack@n-api.service[99774]: DEBUG nova.api.openstack.wsgi [None req-b6919e00-dd0b-40ed-a333-cab61f29108d admin admin] Action: 'create', calling method: >, body: {"extra_specs": {"hw_rng:allowed": "True"}} {{(pid=99774) _process_stack /opt/stack/nova/nova/api/openstack/wsgi.py:549}}
May 20 19:05:04.595581 np0000175419 devstack@n-api.service[99774]: INFO nova.api.openstack.requestlog [None req-b6919e00-dd0b-40ed-a333-cab61f29108d admin admin] 199.19.213.147 "POST /compute/v2.1/flavors/2/os-extra_specs" status: 200 len: 43 microversion: 2.61 time: 0.034114
May 20 19:05:04.596065 np0000175419 devstack@n-api.service[99774]: [pid: 99774|app: 0|req: 5/18] 199.19.213.147 () {72 vars in 1479 bytes} [Wed May 20 19:05:04 2026] POST /compute/v2.1/flavors/2/os-extra_specs => generated 43 bytes in 35 msecs (HTTP/1.1 200) 9 headers in 358 bytes (1 switches on core 0)
May 20 19:05:04.737285 np0000175419 devstack@n-api.service[99775]: DEBUG nova.api.openstack.wsgi [None req-399fab66-1e5f-4789-9470-d5283c1b0426 admin admin] Action: 'create', calling method: >, body: {"flavor": {"OS-FLV-EXT-DATA:ephemeral": 0, "id": "3", "disk": 40, "vcpus": 2, "os-flavor-access:is_public": true, "swap": 0, "ram": 4096, "name": "m1.medium"}} {{(pid=99775) _process_stack /opt/stack/nova/nova/api/openstack/wsgi.py:549}}
May 20 19:05:04.752862 np0000175419 devstack@n-api.service[99775]: INFO nova.api.openstack.requestlog [None req-399fab66-1e5f-4789-9470-d5283c1b0426 admin admin] 199.19.213.147 "POST /compute/v2.1/flavors" status: 200 len: 414 microversion: 2.61 time: 0.017487
May 20 19:05:04.753147 np0000175419 devstack@n-api.service[99775]: [pid: 99775|app: 0|req: 5/19] 199.19.213.147 () {72 vars in 1429 bytes} [Wed May 20 19:05:04 2026] POST /compute/v2.1/flavors => generated 414 bytes in 18 msecs (HTTP/1.1 200) 9 headers in 359 bytes (1 switches on core 0)
May 20 19:05:04.768448 np0000175419 devstack@n-api.service[99773]: DEBUG nova.api.openstack.wsgi [None req-38bfb3f4-cef8-48ab-8266-8550a760bfab admin admin] Action: 'create', calling method: >, body: {"extra_specs": {"hw_rng:allowed": "True"}} {{(pid=99773) _process_stack /opt/stack/nova/nova/api/openstack/wsgi.py:549}}
May 20 19:05:04.785699 np0000175419 devstack@n-api.service[99773]: INFO nova.api.openstack.requestlog [None req-38bfb3f4-cef8-48ab-8266-8550a760bfab admin admin] 199.19.213.147 "POST /compute/v2.1/flavors/3/os-extra_specs" status: 200 len: 43 microversion: 2.61 time: 0.019183
May 20 19:05:04.786037 np0000175419 devstack@n-api.service[99773]: [pid: 99773|app: 0|req: 5/20] 199.19.213.147 () {72 vars in 1479 bytes} [Wed May 20 19:05:04 2026] POST /compute/v2.1/flavors/3/os-extra_specs => generated 43 bytes in 20 msecs (HTTP/1.1 200) 9 headers in 358 bytes (1 switches on core 0)
May 20 19:05:04.936401 np0000175419 devstack@n-api.service[99776]: DEBUG nova.api.openstack.wsgi [None req-b1ea5307-7790-4922-b2b1-8af6a8d35d89 admin admin] Action: 'create', calling method: >, body: {"flavor": {"OS-FLV-EXT-DATA:ephemeral": 0, "id": "4", "disk": 80, "vcpus": 4, "os-flavor-access:is_public": true, "swap": 0, "ram": 8192, "name": "m1.large"}} {{(pid=99776) _process_stack /opt/stack/nova/nova/api/openstack/wsgi.py:549}}
May 20 19:05:04.960554 np0000175419 devstack@n-api.service[99776]: INFO nova.api.openstack.requestlog [None req-b1ea5307-7790-4922-b2b1-8af6a8d35d89 admin admin] 199.19.213.147 "POST /compute/v2.1/flavors" status: 200 len: 413 microversion: 2.61 time: 0.027890
May 20 19:05:04.960889 np0000175419 devstack@n-api.service[99776]: [pid: 99776|app: 0|req: 6/21] 199.19.213.147 () {72 vars in 1429 bytes} [Wed May 20 19:05:04 2026] POST /compute/v2.1/flavors => generated 413 bytes in 29 msecs (HTTP/1.1 200) 9 headers in 359 bytes (1 switches on core 0)
May 20 19:05:04.981942 np0000175419 devstack@n-api.service[99774]: DEBUG nova.api.openstack.wsgi [None req-5bb36ec2-c11a-48e6-a4f4-27f60137b126 admin admin] Action: 'create', calling method: >, body: {"extra_specs": {"hw_rng:allowed": "True"}} {{(pid=99774) _process_stack /opt/stack/nova/nova/api/openstack/wsgi.py:549}}
May 20 19:05:05.005465 np0000175419 devstack@n-api.service[99774]: INFO nova.api.openstack.requestlog [None req-5bb36ec2-c11a-48e6-a4f4-27f60137b126 admin admin] 199.19.213.147 "POST /compute/v2.1/flavors/4/os-extra_specs" status: 200 len: 43 microversion: 2.61 time: 0.027035
May 20 19:05:05.005465 np0000175419 devstack@n-api.service[99774]: [pid: 99774|app: 0|req: 6/22] 199.19.213.147 () {72 vars in 1479 bytes} [Wed May 20 19:05:04 2026] POST /compute/v2.1/flavors/4/os-extra_specs => generated 43 bytes in 28 msecs (HTTP/1.1 200) 9 headers in 358 bytes (1 switches on core 0)
May 20 19:05:05.165855 np0000175419 devstack@n-api.service[99775]: DEBUG nova.api.openstack.wsgi [None req-7f814c33-ac54-47a3-9bff-05941a7bb816 admin admin] Action: 'create', calling method: >, body: {"flavor": {"OS-FLV-EXT-DATA:ephemeral": 0, "id": "5", "disk": 160, "vcpus": 8, "os-flavor-access:is_public": true, "swap": 0, "ram": 16384, "name": "m1.xlarge"}} {{(pid=99775) _process_stack /opt/stack/nova/nova/api/openstack/wsgi.py:549}}
May 20 19:05:05.196688 np0000175419 devstack@n-api.service[99775]: INFO nova.api.openstack.requestlog [None req-7f814c33-ac54-47a3-9bff-05941a7bb816 admin admin] 199.19.213.147 "POST /compute/v2.1/flavors" status: 200 len: 416 microversion: 2.61 time: 0.034259
May 20 19:05:05.197189 np0000175419 devstack@n-api.service[99775]: [pid: 99775|app: 0|req: 6/23] 199.19.213.147 () {72 vars in 1429 bytes} [Wed May 20 19:05:05 2026] POST /compute/v2.1/flavors => generated 416 bytes in 35 msecs (HTTP/1.1 200) 9 headers in 359 bytes (1 switches on core 0)
May 20 19:05:05.212894 np0000175419 devstack@n-api.service[99773]: DEBUG nova.api.openstack.wsgi [None req-8b0fc93c-d955-4a1e-a6dc-b7c0be4d6423 admin admin] Action: 'create', calling method: >, body: {"extra_specs": {"hw_rng:allowed": "True"}} {{(pid=99773) _process_stack /opt/stack/nova/nova/api/openstack/wsgi.py:549}}
May 20 19:05:05.234624 np0000175419 devstack@n-api.service[99773]: INFO nova.api.openstack.requestlog [None req-8b0fc93c-d955-4a1e-a6dc-b7c0be4d6423 admin admin] 199.19.213.147 "POST /compute/v2.1/flavors/5/os-extra_specs" status: 200 len: 43 microversion: 2.61 time: 0.024147
May 20 19:05:05.235106 np0000175419 devstack@n-api.service[99773]: [pid: 99773|app: 0|req: 6/24] 199.19.213.147 () {72 vars in 1479 bytes} [Wed May 20 19:05:05 2026] POST /compute/v2.1/flavors/5/os-extra_specs => generated 43 bytes in 25 msecs (HTTP/1.1 200) 9 headers in 358 bytes (1 switches on core 0)
May 20 19:05:14.953893 np0000175419 devstack@n-api.service[99776]: DEBUG dbcounter [-] [99776] Writing DB stats nova_api:SELECT=11,nova_api:SAVEPOINT=3,nova_api:INSERT=5,nova_api:RELEASE=3 {{(pid=99776) stat_writer /opt/stack/data/venv/lib/python3.12/site-packages/dbcounter.py:115}}
May 20 19:05:15.001178 np0000175419 devstack@n-api.service[99774]: DEBUG dbcounter [-] [99774] Writing DB stats nova_api:INSERT=4,nova_api:SELECT=9,nova_api:SAVEPOINT=2,nova_api:RELEASE=2 {{(pid=99774) stat_writer /opt/stack/data/venv/lib/python3.12/site-packages/dbcounter.py:115}}
May 20 19:05:15.187891 np0000175419 devstack@n-api.service[99775]: DEBUG dbcounter [-] [99775] Writing DB stats nova_api:SELECT=10,nova_api:SAVEPOINT=2,nova_api:INSERT=5,nova_api:RELEASE=2 {{(pid=99775) stat_writer /opt/stack/data/venv/lib/python3.12/site-packages/dbcounter.py:115}}
May 20 19:05:15.231384 np0000175419 devstack@n-api.service[99773]: DEBUG dbcounter [-] [99773] Writing DB stats nova_api:INSERT=6,nova_api:SELECT=12,nova_api:SAVEPOINT=3,nova_api:RELEASE=3 {{(pid=99773) stat_writer /opt/stack/data/venv/lib/python3.12/site-packages/dbcounter.py:115}}
May 20 19:06:17.411806 np0000175419 devstack@n-api.service[99776]: DEBUG nova.api.openstack.wsgi [None req-a7d0ce69-9f17-4bb6-8080-76769af9890f admin admin] Calling method '>' {{(pid=99776) _process_stack /opt/stack/nova/nova/api/openstack/wsgi.py:551}}
May 20 19:06:17.436212 np0000175419 devstack@n-api.service[99776]: INFO nova.api.openstack.requestlog [None req-a7d0ce69-9f17-4bb6-8080-76769af9890f admin admin] 199.19.213.147 "GET /compute/v2.1/flavors/detail?is_public=True" status: 200 len: 4282 microversion: 2.61 time: 0.029053
May 20 19:06:17.436353 np0000175419 devstack@n-api.service[99776]: [pid: 99776|app: 0|req: 7/25] 199.19.213.147 () {68 vars in 1438 bytes} [Wed May 20 19:06:17 2026] GET /compute/v2.1/flavors/detail?is_public=True => generated 4282 bytes in 30 msecs (HTTP/1.1 200) 9 headers in 360 bytes (1 switches on core 0)
May 20 19:06:17.672691 np0000175419 devstack@n-api.service[99774]: DEBUG nova.api.openstack.wsgi [None req-8542d399-1232-4f3b-9329-fda02876b739 admin admin] Calling method '>' {{(pid=99774) _process_stack /opt/stack/nova/nova/api/openstack/wsgi.py:551}}
May 20 19:06:17.676094 np0000175419 devstack@n-api.service[99774]: INFO nova.api.openstack.wsgi [None req-8542d399-1232-4f3b-9329-fda02876b739 admin admin] HTTP exception thrown: Flavor m1.tiny could not be found.
May 20 19:06:17.676441 np0000175419 devstack@n-api.service[99774]: DEBUG nova.api.openstack.wsgi [None req-8542d399-1232-4f3b-9329-fda02876b739 admin admin] Returning 404 to user: Flavor m1.tiny could not be found. {{(pid=99774) __call__ /opt/stack/nova/nova/api/openstack/wsgi.py:908}}
May 20 19:06:17.676934 np0000175419 devstack@n-api.service[99774]: INFO nova.api.openstack.requestlog [None req-8542d399-1232-4f3b-9329-fda02876b739 admin admin] 199.19.213.147 "GET /compute/v2.1/flavors/m1.tiny" status: 404 len: 80 microversion: 2.61 time: 0.011845
May 20 19:06:17.677305 np0000175419 devstack@n-api.service[99774]: [pid: 99774|app: 0|req: 7/26] 199.19.213.147 () {68 vars in 1399 bytes} [Wed May 20 19:06:17 2026] GET /compute/v2.1/flavors/m1.tiny => generated 80 bytes in 13 msecs (HTTP/1.1 404) 9 headers in 380 bytes (1 switches on core 0)
May 20 19:06:17.692188 np0000175419 devstack@n-api.service[99775]: DEBUG nova.api.openstack.wsgi [None req-4e0edfe1-c3d0-4634-96e5-523b942460d2 admin admin] Calling method '>' {{(pid=99775) _process_stack /opt/stack/nova/nova/api/openstack/wsgi.py:551}}
May 20 19:06:17.714775 np0000175419 devstack@n-api.service[99775]: INFO nova.api.openstack.requestlog [None req-4e0edfe1-c3d0-4634-96e5-523b942460d2 admin admin] 199.19.213.147 "GET /compute/v2.1/flavors/detail?is_public=None" status: 200 len: 4282 microversion: 2.61 time: 0.026009
May 20 19:06:17.715313 np0000175419 devstack@n-api.service[99775]: [pid: 99775|app: 0|req: 7/27] 199.19.213.147 () {68 vars in 1438 bytes} [Wed May 20 19:06:17 2026] GET /compute/v2.1/flavors/detail?is_public=None => generated 4282 bytes in 27 msecs (HTTP/1.1 200) 9 headers in 360 bytes (1 switches on core 0)
