2026-05-29 03:18:42.233 7 INFO placement.requestlog [None req-d6e9371c-459f-4dbb-a695-1bfa2a8d93d1 de2be3dd8a794cd68be4cc795ea93664 9d46b3f694d54891a65c397409a2bdf1 - - 793a67d934fe43d6a61607b367bc6bca 793a67d934fe43d6a61607b367bc6bca] 10.0.0.96 "DELETE /resource_providers/83b08762-7c51-4c22-8313-b238a887d469" status: 404 len: 246 microversion: 1.1 [pid: 7|app: 0|req: 341/677] 10.0.0.96 () {34 vars in 813 bytes} [Fri May 29 03:18:42 2026] DELETE /resource_providers/83b08762-7c51-4c22-8313-b238a887d469 => generated 246 bytes in 22 msecs (HTTP/1.1 404) 6 headers in 231 bytes (1 switches on core 0)
2026-05-29 03:18:43.747 8 INFO placement.requestlog [None req-acd97d41-743e-4a50-810c-0d342df9bfa7 de2be3dd8a794cd68be4cc795ea93664 9d46b3f694d54891a65c397409a2bdf1 - - 793a67d934fe43d6a61607b367bc6bca 793a67d934fe43d6a61607b367bc6bca] 10.0.0.96 "GET /resource_providers/2cd080ed-9eae-4d4f-bc42-7e48dd3ac0cc/aggregates" status: 404 len: 235 microversion: 1.1 [pid: 8|app: 0|req: 337/678] 10.0.0.96 () {32 vars in 813 bytes} [Fri May 29 03:18:43 2026] GET /resource_providers/2cd080ed-9eae-4d4f-bc42-7e48dd3ac0cc/aggregates => generated 235 bytes in 9 msecs (HTTP/1.1 404) 5 headers in 202 bytes (1 switches on core 0)
2026-05-29 03:18:43.748 7 INFO placement.requestlog [None req-12cf747d-49cd-4b87-b34e-68dbca8869fb de2be3dd8a794cd68be4cc795ea93664 9d46b3f694d54891a65c397409a2bdf1 - - 793a67d934fe43d6a61607b367bc6bca 793a67d934fe43d6a61607b367bc6bca] 10.0.0.96 "GET /resource_providers/2cd080ed-9eae-4d4f-bc42-7e48dd3ac0cc/aggregates" status: 404 len: 235 microversion: 1.1 [pid: 7|app: 0|req: 342/679] 10.0.0.96 () {32 vars in 813 bytes} [Fri May 29 03:18:43 2026] GET /resource_providers/2cd080ed-9eae-4d4f-bc42-7e48dd3ac0cc/aggregates => generated 235 bytes in 9 msecs (HTTP/1.1 404) 5 headers in 202 bytes (1 switches on core 0)
2026-05-29 03:18:43.767 7 INFO placement.requestlog [None req-608e35be-ddbe-4052-915a-b45618ee1b88 de2be3dd8a794cd68be4cc795ea93664 9d46b3f694d54891a65c397409a2bdf1 - - 793a67d934fe43d6a61607b367bc6bca 793a67d934fe43d6a61607b367bc6bca] 10.0.0.96 "DELETE /resource_providers/2cd080ed-9eae-4d4f-bc42-7e48dd3ac0cc" status: 404 len: 246 microversion: 1.1
2026-05-29 03:18:43.767 8 INFO placement.requestlog [None req-80f572f9-d1c7-4cf5-ae04-b58faf103df4 de2be3dd8a794cd68be4cc795ea93664 9d46b3f694d54891a65c397409a2bdf1 - - 793a67d934fe43d6a61607b367bc6bca 793a67d934fe43d6a61607b367bc6bca] 10.0.0.96 "DELETE /resource_providers/2cd080ed-9eae-4d4f-bc42-7e48dd3ac0cc" status: 404 len: 246 microversion: 1.1 [pid: 7|app: 0|req: 343/680] 10.0.0.96 () {34 vars in 813 bytes} [Fri May 29 03:18:43 2026] DELETE /resource_providers/2cd080ed-9eae-4d4f-bc42-7e48dd3ac0cc => generated 246 bytes in 10 msecs (HTTP/1.1 404) 6 headers in 231 bytes (1 switches on core 0) [pid: 8|app: 0|req: 338/681] 10.0.0.96 () {34 vars in 813 bytes} [Fri May 29 03:18:43 2026] DELETE /resource_providers/2cd080ed-9eae-4d4f-bc42-7e48dd3ac0cc => generated 246 bytes in 15 msecs (HTTP/1.1 404) 6 headers in 231 bytes (1 switches on core 0)
2026-05-29 03:18:44.222 7 INFO placement.requestlog [None req-50e4639b-5cd2-48bb-a46e-23b7069464d4 de2be3dd8a794cd68be4cc795ea93664 9d46b3f694d54891a65c397409a2bdf1 - - 793a67d934fe43d6a61607b367bc6bca 793a67d934fe43d6a61607b367bc6bca] 10.0.0.96 "GET /resource_providers/40e25117-0e3b-4e2c-b97c-7986068a6db9/aggregates" status: 404 len: 235 microversion: 1.1 [pid: 7|app: 0|req: 344/682] 10.0.0.96 () {32 vars in 813 bytes} [Fri May 29 03:18:44 2026] GET /resource_providers/40e25117-0e3b-4e2c-b97c-7986068a6db9/aggregates => generated 235 bytes in 9 msecs (HTTP/1.1 404) 5 headers in 202 bytes (1 switches on core 0)
2026-05-29 03:18:44.236 8 INFO placement.requestlog [None req-d3f8b24e-f8ba-4226-9c2c-7b757d8098ab de2be3dd8a794cd68be4cc795ea93664 9d46b3f694d54891a65c397409a2bdf1 - - 793a67d934fe43d6a61607b367bc6bca 793a67d934fe43d6a61607b367bc6bca] 10.0.0.96 "DELETE /resource_providers/40e25117-0e3b-4e2c-b97c-7986068a6db9" status: 404 len: 246 microversion: 1.1 [pid: 8|app: 0|req: 339/683] 10.0.0.96 () {34 vars in 813 bytes} [Fri May 29 03:18:44 2026] DELETE /resource_providers/40e25117-0e3b-4e2c-b97c-7986068a6db9 => generated 246 bytes in 9 msecs (HTTP/1.1 404) 6 headers in 231 bytes (1 switches on core 0)
2026-05-29 03:18:44.249 7 INFO placement.requestlog [None req-b2ab5963-1270-41d5-95ef-40ead2ea4843 de2be3dd8a794cd68be4cc795ea93664 9d46b3f694d54891a65c397409a2bdf1 - - 793a67d934fe43d6a61607b367bc6bca 793a67d934fe43d6a61607b367bc6bca] 10.0.0.96 "GET /resource_providers/40e25117-0e3b-4e2c-b97c-7986068a6db9/aggregates" status: 404 len: 235 microversion: 1.1 [pid: 7|app: 0|req: 345/684] 10.0.0.96 () {32 vars in 813 bytes} [Fri May 29 03:18:44 2026] GET /resource_providers/40e25117-0e3b-4e2c-b97c-7986068a6db9/aggregates => generated 235 bytes in 9 msecs (HTTP/1.1 404) 5 headers in 202 bytes (1 switches on core 0)
2026-05-29 03:18:44.264 8 INFO placement.requestlog [None req-cade6a3e-1841-44ac-a9cd-2c982716f07b de2be3dd8a794cd68be4cc795ea93664 9d46b3f694d54891a65c397409a2bdf1 - - 793a67d934fe43d6a61607b367bc6bca 793a67d934fe43d6a61607b367bc6bca] 10.0.0.96 "DELETE /resource_providers/40e25117-0e3b-4e2c-b97c-7986068a6db9" status: 404 len: 246 microversion: 1.1 [pid: 8|app: 0|req: 340/685] 10.0.0.96 () {34 vars in 813 bytes} [Fri May 29 03:18:44 2026] DELETE /resource_providers/40e25117-0e3b-4e2c-b97c-7986068a6db9 => generated 246 bytes in 9 msecs (HTTP/1.1 404) 6 headers in 231 bytes (1 switches on core 0)
2026-05-29 03:18:46.149 8 INFO placement.requestlog [None req-46397bea-bbfd-4527-a74f-4a0e40b275c1 de2be3dd8a794cd68be4cc795ea93664 9d46b3f694d54891a65c397409a2bdf1 - - 793a67d934fe43d6a61607b367bc6bca 793a67d934fe43d6a61607b367bc6bca] 10.0.0.96 "GET /resource_providers/ab51109e-30a8-44f2-aab0-0a8949504005/aggregates" status: 404 len: 235 microversion: 1.1 [pid: 8|app: 0|req: 341/686] 10.0.0.96 () {32 vars in 813 bytes} [Fri May 29 03:18:46 2026] GET /resource_providers/ab51109e-30a8-44f2-aab0-0a8949504005/aggregates => generated 235 bytes in 9 msecs (HTTP/1.1 404) 5 headers in 202 bytes (1 switches on core 0)
2026-05-29 03:18:46.150 7 INFO placement.requestlog [None req-a3033d29-5245-41cd-959e-b4a090951d49 de2be3dd8a794cd68be4cc795ea93664 9d46b3f694d54891a65c397409a2bdf1 - - 793a67d934fe43d6a61607b367bc6bca 793a67d934fe43d6a61607b367bc6bca] 10.0.0.96 "GET /resource_providers/ab51109e-30a8-44f2-aab0-0a8949504005/aggregates" status: 404 len: 235 microversion: 1.1 [pid: 7|app: 0|req: 346/687] 10.0.0.96 () {32 vars in 813 bytes} [Fri May 29 03:18:46 2026] GET /resource_providers/ab51109e-30a8-44f2-aab0-0a8949504005/aggregates => generated 235 bytes in 12 msecs (HTTP/1.1 404) 5 headers in 202 bytes (1 switches on core 0)
2026-05-29 03:18:46.176 8 INFO placement.requestlog [None req-396daf5c-fb4a-4976-9e60-d7a8b1caaf88 de2be3dd8a794cd68be4cc795ea93664 9d46b3f694d54891a65c397409a2bdf1 - - 793a67d934fe43d6a61607b367bc6bca 793a67d934fe43d6a61607b367bc6bca] 10.0.0.96 "DELETE /resource_providers/ab51109e-30a8-44f2-aab0-0a8949504005" status: 404 len: 246 microversion: 1.1 [pid: 8|app: 0|req: 342/688] 10.0.0.96 () {34 vars in 813 bytes} [Fri May 29 03:18:46 2026] DELETE /resource_providers/ab51109e-30a8-44f2-aab0-0a8949504005 => generated 246 bytes in 11 msecs (HTTP/1.1 404) 6 headers in 231 bytes (1 switches on core 0)
2026-05-29 03:18:46.184 7 INFO placement.requestlog [None req-52ab2ecf-603d-4caf-8870-5bf2d65a2117 de2be3dd8a794cd68be4cc795ea93664 9d46b3f694d54891a65c397409a2bdf1 - - 793a67d934fe43d6a61607b367bc6bca 793a67d934fe43d6a61607b367bc6bca] 10.0.0.96 "DELETE /resource_providers/ab51109e-30a8-44f2-aab0-0a8949504005" status: 404 len: 246 microversion: 1.1 [pid: 7|app: 0|req: 347/689] 10.0.0.96 () {34 vars in 813 bytes} [Fri May 29 03:18:46 2026] DELETE /resource_providers/ab51109e-30a8-44f2-aab0-0a8949504005 => generated 246 bytes in 18 msecs (HTTP/1.1 404) 6 headers in 231 bytes (1 switches on core 0)
2026-05-29 03:18:46.197 8 INFO placement.requestlog [None req-61cbe13f-25a3-46d3-a96e-12bd53be2185 de2be3dd8a794cd68be4cc795ea93664 9d46b3f694d54891a65c397409a2bdf1 - - 793a67d934fe43d6a61607b367bc6bca 793a67d934fe43d6a61607b367bc6bca] 10.0.0.96 "GET /resource_providers/0d2ae1cb-70d2-4505-9ed5-18160311b176/aggregates" status: 404 len: 235 microversion: 1.1 [pid: 8|app: 0|req: 343/690] 10.0.0.96 () {32 vars in 813 bytes} [Fri May 29 03:18:46 2026] GET /resource_providers/0d2ae1cb-70d2-4505-9ed5-18160311b176/aggregates => generated 235 bytes in 16 msecs (HTTP/1.1 404) 5 headers in 202 bytes (1 switches on core 0)
2026-05-29 03:18:46.206 7 INFO placement.requestlog [None req-e40ff507-6605-4d4d-b8b5-169d29550f5f de2be3dd8a794cd68be4cc795ea93664 9d46b3f694d54891a65c397409a2bdf1 - - 793a67d934fe43d6a61607b367bc6bca 793a67d934fe43d6a61607b367bc6bca] 10.0.0.96 "GET /resource_providers/0d2ae1cb-70d2-4505-9ed5-18160311b176/aggregates" status: 404 len: 235 microversion: 1.1 [pid: 7|app: 0|req: 348/691] 10.0.0.96 () {32 vars in 813 bytes} [Fri May 29 03:18:46 2026] GET /resource_providers/0d2ae1cb-70d2-4505-9ed5-18160311b176/aggregates => generated 235 bytes in 19 msecs (HTTP/1.1 404) 5 headers in 202 bytes (1 switches on core 0)
2026-05-29 03:18:46.222 8 INFO placement.requestlog [None req-85eef911-4516-4005-93d6-55142a1f1abb de2be3dd8a794cd68be4cc795ea93664 9d46b3f694d54891a65c397409a2bdf1 - - 793a67d934fe43d6a61607b367bc6bca 793a67d934fe43d6a61607b367bc6bca] 10.0.0.96 "DELETE /resource_providers/0d2ae1cb-70d2-4505-9ed5-18160311b176" status: 404 len: 246 microversion: 1.1 [pid: 8|app: 0|req: 344/692] 10.0.0.96 () {34 vars in 813 bytes} [Fri May 29 03:18:46 2026] DELETE /resource_providers/0d2ae1cb-70d2-4505-9ed5-18160311b176 => generated 246 bytes in 18 msecs (HTTP/1.1 404) 6 headers in 231 bytes (1 switches on core 0)
2026-05-29 03:18:46.224 7 INFO placement.requestlog [None req-2b61c3df-3563-4036-8b49-c2431f42053c de2be3dd8a794cd68be4cc795ea93664 9d46b3f694d54891a65c397409a2bdf1 - - 793a67d934fe43d6a61607b367bc6bca 793a67d934fe43d6a61607b367bc6bca] 10.0.0.96 "DELETE /resource_providers/0d2ae1cb-70d2-4505-9ed5-18160311b176" status: 404 len: 246 microversion: 1.1 [pid: 7|app: 0|req: 349/693] 10.0.0.96 () {34 vars in 813 bytes} [Fri May 29 03:18:46 2026] DELETE /resource_providers/0d2ae1cb-70d2-4505-9ed5-18160311b176 => generated 246 bytes in 14 msecs (HTTP/1.1 404) 6 headers in 231 bytes (1 switches on core 0)
2026-05-29 03:18:48.187 7 INFO placement.requestlog [None req-328d925e-08d3-49da-9894-e53b93d55405 - - - - - -] 10.0.0.221 "GET /" status: 200 len: 136 microversion: 1.0
2026-05-29 03:18:48.188 8 INFO placement.requestlog [None req-d70e1d82-1fac-41d3-bb42-6383522a81e8 - - - - - -] 10.0.0.221 "GET /" status: 200 len: 136 microversion: 1.0
2026-05-29 03:18:50.308 7 INFO placement.requestlog [req-692ffdb9-fb9f-41f9-b1d0-503f6d3108a5 req-8f4c1c5f-7354-4091-8c2d-a9afa5a6e441 a7e2279f081d4a82a1f495ad56754dde 9d46b3f694d54891a65c397409a2bdf1 - - 793a67d934fe43d6a61607b367bc6bca 793a67d934fe43d6a61607b367bc6bca] 10.0.0.43 "GET /allocation_candidates?limit=1000&resources=DISK_GB%3A1%2CMEMORY_MB%3A512%2CVCPU%3A1&root_required=%21COMPUTE_STATUS_DISABLED" status: 200 len: 2386 microversion: 1.36 [pid: 7|app: 0|req: 351/696] 10.0.0.43 () {34 vars in 1009 bytes} [Fri May 29 03:18:50 2026] GET /allocation_candidates?limit=1000&resources=DISK_GB%3A1%2CMEMORY_MB%3A512%2CVCPU%3A1&root_required=%21COMPUTE_STATUS_DISABLED => generated 2386 bytes in 45 msecs (HTTP/1.1 200) 8 headers in 297 bytes (1 switches on core 0)
2026-05-29 03:18:50.331 8 INFO placement.requestlog [req-692ffdb9-fb9f-41f9-b1d0-503f6d3108a5 req-3bc62f20-1942-4896-ae52-c93d018b0f6e a7e2279f081d4a82a1f495ad56754dde 9d46b3f694d54891a65c397409a2bdf1 - - 793a67d934fe43d6a61607b367bc6bca 793a67d934fe43d6a61607b367bc6bca] 10.0.0.43 "GET /allocations/59ed3c5b-222f-4484-bb06-f8debc4aa129" status: 200 len: 19 microversion: 1.28 [pid: 8|app: 0|req: 346/697] 10.0.0.43 () {34 vars in 858 bytes} [Fri May 29 03:18:50 2026] GET /allocations/59ed3c5b-222f-4484-bb06-f8debc4aa129 => generated 19 bytes in 11 msecs (HTTP/1.1 200) 8 headers in 295 bytes (1 switches on core 0)
2026-05-29 03:18:50.397 7 INFO placement.requestlog [req-692ffdb9-fb9f-41f9-b1d0-503f6d3108a5 req-84e958f1-6cb8-4d9d-9486-9615c9a22eac a7e2279f081d4a82a1f495ad56754dde 9d46b3f694d54891a65c397409a2bdf1 - - 793a67d934fe43d6a61607b367bc6bca 793a67d934fe43d6a61607b367bc6bca] 10.0.0.43 "PUT /allocations/59ed3c5b-222f-4484-bb06-f8debc4aa129" status: 204 len: 0 microversion: 1.36 [pid: 7|app: 0|req: 352/698] 10.0.0.43 () {38 vars in 911 bytes} [Fri May 29 03:18:50 2026] PUT /allocations/59ed3c5b-222f-4484-bb06-f8debc4aa129 => generated 0 bytes in 59 msecs (HTTP/1.1 204) 5 headers in 199 bytes (1 switches on core 0)
2026-05-29 03:18:51.899 8 INFO placement.requestlog [req-692ffdb9-fb9f-41f9-b1d0-503f6d3108a5 req-a111b139-1b7b-4412-8c93-b8008c8bccc0 a7e2279f081d4a82a1f495ad56754dde 9d46b3f694d54891a65c397409a2bdf1 - - 793a67d934fe43d6a61607b367bc6bca 793a67d934fe43d6a61607b367bc6bca] 199.204.45.4 "GET /allocations/59ed3c5b-222f-4484-bb06-f8debc4aa129" status: 200 len: 257 microversion: 1.28 [pid: 8|app: 0|req: 347/699] 199.204.45.4 () {34 vars in 859 bytes} [Fri May 29 03:18:51 2026] GET /allocations/59ed3c5b-222f-4484-bb06-f8debc4aa129 => generated 257 bytes in 12 msecs (HTTP/1.1 200) 8 headers in 296 bytes (1 switches on core 0)
2026-05-29 03:18:52.943 7 INFO placement.requestlog [req-692ffdb9-fb9f-41f9-b1d0-503f6d3108a5 req-8dfca0af-4d36-4551-bf64-a4129351dcef a7e2279f081d4a82a1f495ad56754dde 9d46b3f694d54891a65c397409a2bdf1 - - 793a67d934fe43d6a61607b367bc6bca 793a67d934fe43d6a61607b367bc6bca] 199.204.45.4 "GET /resource_providers/9b5dc4bc-cb18-4f5b-b838-8319f8d48990/allocations" status: 200 len: 252 microversion: 1.0 [pid: 7|app: 0|req: 353/700] 199.204.45.4 () {32 vars in 853 bytes} [Fri May 29 03:18:52 2026] GET /resource_providers/9b5dc4bc-cb18-4f5b-b838-8319f8d48990/allocations => generated 252 bytes in 12 msecs (HTTP/1.1 200) 6 headers in 224 bytes (1 switches on core 0)
2026-05-29 03:18:52.969 8 INFO placement.requestlog [req-692ffdb9-fb9f-41f9-b1d0-503f6d3108a5 req-8a07a5af-858a-406f-a264-8b7e7bcdde72 a7e2279f081d4a82a1f495ad56754dde 9d46b3f694d54891a65c397409a2bdf1 - - 793a67d934fe43d6a61607b367bc6bca 793a67d934fe43d6a61607b367bc6bca] 199.204.45.4 "GET /allocations/ba9189fb-7f9a-474e-895a-9bb196f20fa7" status: 200 len: 257 microversion: 1.28 [pid: 8|app: 0|req: 348/701] 199.204.45.4 () {34 vars in 859 bytes} [Fri May 29 03:18:52 2026] GET /allocations/ba9189fb-7f9a-474e-895a-9bb196f20fa7 => generated 257 bytes in 22 msecs (HTTP/1.1 200) 8 headers in 296 bytes (1 switches on core 0)
2026-05-29 03:18:53.004 7 INFO placement.requestlog [req-692ffdb9-fb9f-41f9-b1d0-503f6d3108a5 req-a6b9902f-7333-4dc1-ab13-9daa22400d43 a7e2279f081d4a82a1f495ad56754dde 9d46b3f694d54891a65c397409a2bdf1 - - 793a67d934fe43d6a61607b367bc6bca 793a67d934fe43d6a61607b367bc6bca] 199.204.45.4 "GET /allocations/59ed3c5b-222f-4484-bb06-f8debc4aa129" status: 200 len: 257 microversion: 1.28 [pid: 7|app: 0|req: 354/702] 199.204.45.4 () {34 vars in 859 bytes} [Fri May 29 03:18:52 2026] GET /allocations/59ed3c5b-222f-4484-bb06-f8debc4aa129 => generated 257 bytes in 27 msecs (HTTP/1.1 200) 8 headers in 296 bytes (1 switches on core 0)
2026-05-29 03:18:53.406 8 INFO placement.requestlog [req-bab4dfb9-6aef-4d43-845d-31545feb59db req-632b5524-2d9a-4135-9fab-e2b8b5b2a31e a7e2279f081d4a82a1f495ad56754dde 9d46b3f694d54891a65c397409a2bdf1 - - 793a67d934fe43d6a61607b367bc6bca 793a67d934fe43d6a61607b367bc6bca] 10.0.0.43 "GET /allocation_candidates?limit=1000&resources=DISK_GB%3A1%2CMEMORY_MB%3A512%2CVCPU%3A1&root_required=%21COMPUTE_STATUS_DISABLED" status: 200 len: 2387 microversion: 1.36 [pid: 8|app: 0|req: 349/703] 10.0.0.43 () {34 vars in 1009 bytes} [Fri May 29 03:18:53 2026] GET /allocation_candidates?limit=1000&resources=DISK_GB%3A1%2CMEMORY_MB%3A512%2CVCPU%3A1&root_required=%21COMPUTE_STATUS_DISABLED => generated 2387 bytes in 55 msecs (HTTP/1.1 200) 8 headers in 297 bytes (1 switches on core 0)
2026-05-29 03:18:53.442 7 INFO placement.requestlog [req-bab4dfb9-6aef-4d43-845d-31545feb59db req-862d7b6c-6286-4a97-acd6-e8f4a516422b a7e2279f081d4a82a1f495ad56754dde 9d46b3f694d54891a65c397409a2bdf1 - - 793a67d934fe43d6a61607b367bc6bca 793a67d934fe43d6a61607b367bc6bca] 10.0.0.43 "GET /allocations/00d20a8b-ab5a-42d1-8754-6791946f7f02" status: 200 len: 19 microversion: 1.28 [pid: 7|app: 0|req: 355/704] 10.0.0.43 () {34 vars in 858 bytes} [Fri May 29 03:18:53 2026] GET /allocations/00d20a8b-ab5a-42d1-8754-6791946f7f02 => generated 19 bytes in 11 msecs (HTTP/1.1 200) 8 headers in 295 bytes (1 switches on core 0)
2026-05-29 03:18:53.527 8 INFO placement.requestlog [req-bab4dfb9-6aef-4d43-845d-31545feb59db req-4f59a9fa-e6f6-4ed6-84b1-2158ac81cd05 a7e2279f081d4a82a1f495ad56754dde 9d46b3f694d54891a65c397409a2bdf1 - - 793a67d934fe43d6a61607b367bc6bca 793a67d934fe43d6a61607b367bc6bca] 10.0.0.43 "PUT /allocations/00d20a8b-ab5a-42d1-8754-6791946f7f02" status: 204 len: 0 microversion: 1.36 [pid: 8|app: 0|req: 350/705] 10.0.0.43 () {38 vars in 911 bytes} [Fri May 29 03:18:53 2026] PUT /allocations/00d20a8b-ab5a-42d1-8754-6791946f7f02 => generated 0 bytes in 77 msecs (HTTP/1.1 204) 5 headers in 199 bytes (1 switches on core 0)
2026-05-29 03:18:55.015 7 INFO placement.requestlog [req-bab4dfb9-6aef-4d43-845d-31545feb59db req-8fbcc1c7-8656-4a7d-9f40-977ed0ba178d a7e2279f081d4a82a1f495ad56754dde 9d46b3f694d54891a65c397409a2bdf1 - - 793a67d934fe43d6a61607b367bc6bca 793a67d934fe43d6a61607b367bc6bca] 199.204.45.4 "GET /allocations/00d20a8b-ab5a-42d1-8754-6791946f7f02" status: 200 len: 257 microversion: 1.28 [pid: 7|app: 0|req: 356/706] 199.204.45.4 () {34 vars in 859 bytes} [Fri May 29 03:18:54 2026] GET /allocations/00d20a8b-ab5a-42d1-8754-6791946f7f02 => generated 257 bytes in 21 msecs (HTTP/1.1 200) 8 headers in 296 bytes (1 switches on core 0)
2026-05-29 03:18:56.057 8 INFO placement.requestlog [req-bab4dfb9-6aef-4d43-845d-31545feb59db req-ca153785-cd44-47c6-be06-d10ea4d0b671 a7e2279f081d4a82a1f495ad56754dde 9d46b3f694d54891a65c397409a2bdf1 - - 793a67d934fe43d6a61607b367bc6bca 793a67d934fe43d6a61607b367bc6bca] 199.204.45.4 "GET /resource_providers/9b5dc4bc-cb18-4f5b-b838-8319f8d48990/allocations" status: 200 len: 352 microversion: 1.0 [pid: 8|app: 0|req: 351/707] 199.204.45.4 () {32 vars in 853 bytes} [Fri May 29 03:18:56 2026] GET /resource_providers/9b5dc4bc-cb18-4f5b-b838-8319f8d48990/allocations => generated 352 bytes in 16 msecs (HTTP/1.1 200) 6 headers in 224 bytes (1 switches on core 0)
2026-05-29 03:18:56.086 7 INFO placement.requestlog [req-bab4dfb9-6aef-4d43-845d-31545feb59db req-dd35565c-9ace-4bb1-ab03-b2d405686f43 a7e2279f081d4a82a1f495ad56754dde 9d46b3f694d54891a65c397409a2bdf1 - - 793a67d934fe43d6a61607b367bc6bca 793a67d934fe43d6a61607b367bc6bca] 199.204.45.4 "GET /allocations/ba9189fb-7f9a-474e-895a-9bb196f20fa7" status: 200 len: 257 microversion: 1.28 [pid: 7|app: 0|req: 357/708] 199.204.45.4 () {34 vars in 859 bytes} [Fri May 29 03:18:56 2026] GET /allocations/ba9189fb-7f9a-474e-895a-9bb196f20fa7 => generated 257 bytes in 18 msecs (HTTP/1.1 200) 8 headers in 296 bytes (1 switches on core 0)
2026-05-29 03:18:56.105 8 INFO placement.requestlog [req-bab4dfb9-6aef-4d43-845d-31545feb59db req-46dbc8a2-83e2-4e6a-badb-ff3da095377b a7e2279f081d4a82a1f495ad56754dde 9d46b3f694d54891a65c397409a2bdf1 - - 793a67d934fe43d6a61607b367bc6bca 793a67d934fe43d6a61607b367bc6bca] 199.204.45.4 "GET /allocations/59ed3c5b-222f-4484-bb06-f8debc4aa129" status: 200 len: 257 microversion: 1.28 [pid: 8|app: 0|req: 352/709] 199.204.45.4 () {34 vars in 859 bytes} [Fri May 29 03:18:56 2026] GET /allocations/59ed3c5b-222f-4484-bb06-f8debc4aa129 => generated 257 bytes in 13 msecs (HTTP/1.1 200) 8 headers in 296 bytes (1 switches on core 0)
2026-05-29 03:18:56.121 7 INFO placement.requestlog [req-bab4dfb9-6aef-4d43-845d-31545feb59db req-30ca16e4-92b5-4c56-9804-fb0aacf020d1 a7e2279f081d4a82a1f495ad56754dde 9d46b3f694d54891a65c397409a2bdf1 - - 793a67d934fe43d6a61607b367bc6bca 793a67d934fe43d6a61607b367bc6bca] 199.204.45.4 "GET /allocations/00d20a8b-ab5a-42d1-8754-6791946f7f02" status: 200 len: 257 microversion: 1.28 [pid: 7|app: 0|req: 358/710] 199.204.45.4 () {34 vars in 859 bytes} [Fri May 29 03:18:56 2026] GET /allocations/00d20a8b-ab5a-42d1-8754-6791946f7f02 => generated 257 bytes in 12 msecs (HTTP/1.1 200) 8 headers in 296 bytes (1 switches on core 0)
2026-05-29 03:18:58.188 7 INFO placement.requestlog [None req-ed265816-2a17-488e-b42a-31b860dd9577 - - - - - -] 10.0.0.221 "GET /" status: 200 len: 136 microversion: 1.0
2026-05-29 03:18:58.189 8 INFO placement.requestlog [None req-0c576c06-0478-4ef3-be4e-6ee035394896 - - - - - -] 10.0.0.221 "GET /" status: 200 len: 136 microversion: 1.0
2026-05-29 03:19:06.993 7 INFO placement.requestlog [req-eaceeecf-0dd2-4f43-ac0d-c128ab872689 req-160e5a3f-a967-4c11-8019-71e29d1f985e a7e2279f081d4a82a1f495ad56754dde 9d46b3f694d54891a65c397409a2bdf1 - - 793a67d934fe43d6a61607b367bc6bca 793a67d934fe43d6a61607b367bc6bca] 199.204.45.4 "GET /resource_providers/9b5dc4bc-cb18-4f5b-b838-8319f8d48990/allocations" status: 200 len: 352 microversion: 1.0 [pid: 7|app: 0|req: 360/713] 199.204.45.4 () {32 vars in 853 bytes} [Fri May 29 03:19:06 2026] GET /resource_providers/9b5dc4bc-cb18-4f5b-b838-8319f8d48990/allocations => generated 352 bytes in 25 msecs (HTTP/1.1 200) 6 headers in 224 bytes (1 switches on core 0)
2026-05-29 03:19:07.019 8 INFO placement.requestlog [req-eaceeecf-0dd2-4f43-ac0d-c128ab872689 req-2c7b29c4-9de0-45ca-ae05-767143c3f4c1 a7e2279f081d4a82a1f495ad56754dde 9d46b3f694d54891a65c397409a2bdf1 - - 793a67d934fe43d6a61607b367bc6bca 793a67d934fe43d6a61607b367bc6bca] 199.204.45.4 "GET /resource_providers/9b5dc4bc-cb18-4f5b-b838-8319f8d48990/allocations" status: 200 len: 352 microversion: 1.0 [pid: 8|app: 0|req: 354/714] 199.204.45.4 () {32 vars in 853 bytes} [Fri May 29 03:19:07 2026] GET /resource_providers/9b5dc4bc-cb18-4f5b-b838-8319f8d48990/allocations => generated 352 bytes in 18 msecs (HTTP/1.1 200) 6 headers in 224 bytes (1 switches on core 0)
2026-05-29 03:19:07.037 7 INFO placement.requestlog [req-eaceeecf-0dd2-4f43-ac0d-c128ab872689 req-22b0a9f1-48b8-4f11-9106-9a355b616687 a7e2279f081d4a82a1f495ad56754dde 9d46b3f694d54891a65c397409a2bdf1 - - 793a67d934fe43d6a61607b367bc6bca 793a67d934fe43d6a61607b367bc6bca] 199.204.45.4 "GET /allocations/ba9189fb-7f9a-474e-895a-9bb196f20fa7" status: 200 len: 257 microversion: 1.28 [pid: 7|app: 0|req: 361/715] 199.204.45.4 () {34 vars in 859 bytes} [Fri May 29 03:19:07 2026] GET /allocations/ba9189fb-7f9a-474e-895a-9bb196f20fa7 => generated 257 bytes in 13 msecs (HTTP/1.1 200) 8 headers in 296 bytes (1 switches on core 0)
2026-05-29 03:19:07.058 8 INFO placement.requestlog [req-eaceeecf-0dd2-4f43-ac0d-c128ab872689 req-e61c80a0-de92-462d-a650-d5078dc9c793 a7e2279f081d4a82a1f495ad56754dde 9d46b3f694d54891a65c397409a2bdf1 - - 793a67d934fe43d6a61607b367bc6bca 793a67d934fe43d6a61607b367bc6bca] 199.204.45.4 "GET /allocations/59ed3c5b-222f-4484-bb06-f8debc4aa129" status: 200 len: 257 microversion: 1.28 [pid: 8|app: 0|req: 355/716] 199.204.45.4 () {34 vars in 859 bytes} [Fri May 29 03:19:07 2026] GET /allocations/59ed3c5b-222f-4484-bb06-f8debc4aa129 => generated 257 bytes in 18 msecs (HTTP/1.1 200) 8 headers in 296 bytes (1 switches on core 0)
2026-05-29 03:19:07.077 7 INFO placement.requestlog [req-eaceeecf-0dd2-4f43-ac0d-c128ab872689 req-87bb5904-e53f-49cc-9b1b-ee1be97d3c1d a7e2279f081d4a82a1f495ad56754dde 9d46b3f694d54891a65c397409a2bdf1 - - 793a67d934fe43d6a61607b367bc6bca 793a67d934fe43d6a61607b367bc6bca] 199.204.45.4 "GET /allocations/00d20a8b-ab5a-42d1-8754-6791946f7f02" status: 200 len: 257 microversion: 1.28 [pid: 7|app: 0|req: 362/717] 199.204.45.4 () {34 vars in 859 bytes} [Fri May 29 03:19:07 2026] GET /allocations/00d20a8b-ab5a-42d1-8754-6791946f7f02 => generated 257 bytes in 12 msecs (HTTP/1.1 200) 8 headers in 296 bytes (1 switches on core 0)
2026-05-29 03:19:08.187 8 INFO placement.requestlog [None req-1bfe29b5-ceb5-4c58-b676-5d895766e6e4 - - - - - -] 10.0.0.221 "GET /" status: 200 len: 136 microversion: 1.0
2026-05-29 03:19:08.187 7 INFO placement.requestlog [None req-bcebeb77-cc62-4514-b46d-33d66bc73273 - - - - - -] 10.0.0.221 "GET /" status: 200 len: 136 microversion: 1.0
2026-05-29 03:19:08.717 8 INFO placement.requestlog [None req-6e1aeb33-7f2f-4bcc-b869-696107218d2e de2be3dd8a794cd68be4cc795ea93664 9d46b3f694d54891a65c397409a2bdf1 - - 793a67d934fe43d6a61607b367bc6bca 793a67d934fe43d6a61607b367bc6bca] 10.0.0.96 "GET /resource_providers/07e56970-fd1f-4a08-b679-6fef13340abf/aggregates" status: 404 len: 235 microversion: 1.1 [pid: 8|app: 0|req: 357/720] 10.0.0.96 () {32 vars in 813 bytes} [Fri May 29 03:19:08 2026] GET /resource_providers/07e56970-fd1f-4a08-b679-6fef13340abf/aggregates => generated 235 bytes in 10 msecs (HTTP/1.1 404) 5 headers in 202 bytes (1 switches on core 0)
2026-05-29 03:19:08.726 7 INFO placement.requestlog [None req-5392bda3-7596-43f9-b03a-060d0d015b12 de2be3dd8a794cd68be4cc795ea93664 9d46b3f694d54891a65c397409a2bdf1 - - 793a67d934fe43d6a61607b367bc6bca 793a67d934fe43d6a61607b367bc6bca] 10.0.0.96 "GET /resource_providers/07e56970-fd1f-4a08-b679-6fef13340abf/aggregates" status: 404 len: 235 microversion: 1.1 [pid: 7|app: 0|req: 364/721] 10.0.0.96 () {32 vars in 813 bytes} [Fri May 29 03:19:08 2026] GET /resource_providers/07e56970-fd1f-4a08-b679-6fef13340abf/aggregates => generated 235 bytes in 20 msecs (HTTP/1.1 404) 5 headers in 202 bytes (1 switches on core 0)
2026-05-29 03:19:08.728 8 INFO placement.requestlog [None req-8b99f343-c4ef-4931-aede-0ab48bb8da65 de2be3dd8a794cd68be4cc795ea93664 9d46b3f694d54891a65c397409a2bdf1 - - 793a67d934fe43d6a61607b367bc6bca 793a67d934fe43d6a61607b367bc6bca] 10.0.0.96 "DELETE /resource_providers/07e56970-fd1f-4a08-b679-6fef13340abf" status: 404 len: 246 microversion: 1.1 [pid: 8|app: 0|req: 358/722] 10.0.0.96 () {34 vars in 813 bytes} [Fri May 29 03:19:08 2026] DELETE /resource_providers/07e56970-fd1f-4a08-b679-6fef13340abf => generated 246 bytes in 5 msecs (HTTP/1.1 404) 6 headers in 231 bytes (1 switches on core 0)
2026-05-29 03:19:08.744 7 INFO placement.requestlog [None req-1c06d572-18e4-4375-bfcd-386cbc8b3755 de2be3dd8a794cd68be4cc795ea93664 9d46b3f694d54891a65c397409a2bdf1 - - 793a67d934fe43d6a61607b367bc6bca 793a67d934fe43d6a61607b367bc6bca] 10.0.0.96 "DELETE /resource_providers/07e56970-fd1f-4a08-b679-6fef13340abf" status: 404 len: 246 microversion: 1.1 [pid: 7|app: 0|req: 365/723] 10.0.0.96 () {34 vars in 813 bytes} [Fri May 29 03:19:08 2026] DELETE /resource_providers/07e56970-fd1f-4a08-b679-6fef13340abf => generated 246 bytes in 11 msecs (HTTP/1.1 404) 6 headers in 231 bytes (1 switches on core 0)
2026-05-29 03:19:08.889 8 INFO placement.requestlog [None req-f716c057-955e-4f4c-b6f4-e58f6052c61c de2be3dd8a794cd68be4cc795ea93664 9d46b3f694d54891a65c397409a2bdf1 - - 793a67d934fe43d6a61607b367bc6bca 793a67d934fe43d6a61607b367bc6bca] 10.0.0.96 "GET /resource_providers/b4343ede-94da-4d0e-a162-7322d678d696/aggregates" status: 404 len: 235 microversion: 1.1 [pid: 8|app: 0|req: 359/724] 10.0.0.96 () {32 vars in 813 bytes} [Fri May 29 03:19:08 2026] GET /resource_providers/b4343ede-94da-4d0e-a162-7322d678d696/aggregates => generated 235 bytes in 11 msecs (HTTP/1.1 404) 5 headers in 202 bytes (1 switches on core 0)
2026-05-29 03:19:08.890 7 INFO placement.requestlog [None req-b81d3eee-2bf4-467c-8732-d4f90318b674 de2be3dd8a794cd68be4cc795ea93664 9d46b3f694d54891a65c397409a2bdf1 - - 793a67d934fe43d6a61607b367bc6bca 793a67d934fe43d6a61607b367bc6bca] 10.0.0.96 "GET /resource_providers/b4343ede-94da-4d0e-a162-7322d678d696/aggregates" status: 404 len: 235 microversion: 1.1 [pid: 7|app: 0|req: 366/725] 10.0.0.96 () {32 vars in 813 bytes} [Fri May 29 03:19:08 2026] GET /resource_providers/b4343ede-94da-4d0e-a162-7322d678d696/aggregates => generated 235 bytes in 11 msecs (HTTP/1.1 404) 5 headers in 202 bytes (1 switches on core 0)
2026-05-29 03:19:08.916 8 INFO placement.requestlog [None req-adf10955-c122-4693-ba0d-475f8414d3bc de2be3dd8a794cd68be4cc795ea93664 9d46b3f694d54891a65c397409a2bdf1 - - 793a67d934fe43d6a61607b367bc6bca 793a67d934fe43d6a61607b367bc6bca] 10.0.0.96 "DELETE /resource_providers/b4343ede-94da-4d0e-a162-7322d678d696" status: 404 len: 246 microversion: 1.1 [pid: 8|app: 0|req: 360/726] 10.0.0.96 () {34 vars in 813 bytes} [Fri May 29 03:19:08 2026] DELETE /resource_providers/b4343ede-94da-4d0e-a162-7322d678d696 => generated 246 bytes in 10 msecs (HTTP/1.1 404) 6 headers in 231 bytes (1 switches on core 0)
2026-05-29 03:19:08.917 7 INFO placement.requestlog [None req-09fd302e-fd5b-4f14-920d-b8754db9e1ac de2be3dd8a794cd68be4cc795ea93664 9d46b3f694d54891a65c397409a2bdf1 - - 793a67d934fe43d6a61607b367bc6bca 793a67d934fe43d6a61607b367bc6bca] 10.0.0.96 "DELETE /resource_providers/b4343ede-94da-4d0e-a162-7322d678d696" status: 404 len: 246 microversion: 1.1 [pid: 7|app: 0|req: 367/727] 10.0.0.96 () {34 vars in 813 bytes} [Fri May 29 03:19:08 2026] DELETE /resource_providers/b4343ede-94da-4d0e-a162-7322d678d696 => generated 246 bytes in 9 msecs (HTTP/1.1 404) 6 headers in 231 bytes (1 switches on core 0)
2026-05-29 03:19:11.420 8 INFO placement.requestlog [req-cd4d4879-16f0-46a0-9860-e43e85f5af34 req-209ee9b0-7cb0-4f1e-aa81-6cae2c088ace a7e2279f081d4a82a1f495ad56754dde 9d46b3f694d54891a65c397409a2bdf1 - - 793a67d934fe43d6a61607b367bc6bca 793a67d934fe43d6a61607b367bc6bca] 199.204.45.4 "GET /resource_providers/9b5dc4bc-cb18-4f5b-b838-8319f8d48990/allocations" status: 200 len: 352 microversion: 1.0 [pid: 8|app: 0|req: 361/728] 199.204.45.4 () {32 vars in 853 bytes} [Fri May 29 03:19:11 2026] GET /resource_providers/9b5dc4bc-cb18-4f5b-b838-8319f8d48990/allocations => generated 352 bytes in 19 msecs (HTTP/1.1 200) 6 headers in 224 bytes (1 switches on core 0)
2026-05-29 03:19:11.438 7 INFO placement.requestlog [req-cd4d4879-16f0-46a0-9860-e43e85f5af34 req-95678366-069d-418e-be6c-9bf0a4de16f7 a7e2279f081d4a82a1f495ad56754dde 9d46b3f694d54891a65c397409a2bdf1 - - 793a67d934fe43d6a61607b367bc6bca 793a67d934fe43d6a61607b367bc6bca] 199.204.45.4 "GET /allocations/ba9189fb-7f9a-474e-895a-9bb196f20fa7" status: 200 len: 257 microversion: 1.28 [pid: 7|app: 0|req: 368/729] 199.204.45.4 () {34 vars in 859 bytes} [Fri May 29 03:19:11 2026] GET /allocations/ba9189fb-7f9a-474e-895a-9bb196f20fa7 => generated 257 bytes in 12 msecs (HTTP/1.1 200) 8 headers in 296 bytes (1 switches on core 0)
2026-05-29 03:19:11.451 8 INFO placement.requestlog [req-cd4d4879-16f0-46a0-9860-e43e85f5af34 req-a62a290c-9326-4cd6-a05c-634add660500 a7e2279f081d4a82a1f495ad56754dde 9d46b3f694d54891a65c397409a2bdf1 - - 793a67d934fe43d6a61607b367bc6bca 793a67d934fe43d6a61607b367bc6bca] 199.204.45.4 "GET /allocations/59ed3c5b-222f-4484-bb06-f8debc4aa129" status: 200 len: 257 microversion: 1.28 [pid: 8|app: 0|req: 362/730] 199.204.45.4 () {34 vars in 859 bytes} [Fri May 29 03:19:11 2026] GET /allocations/59ed3c5b-222f-4484-bb06-f8debc4aa129 => generated 257 bytes in 9 msecs (HTTP/1.1 200) 8 headers in 296 bytes (1 switches on core 0)
2026-05-29 03:19:11.470 7 INFO placement.requestlog [req-cd4d4879-16f0-46a0-9860-e43e85f5af34 req-b52c4d92-a4f1-44cf-8fd1-bb255ab6a469 a7e2279f081d4a82a1f495ad56754dde 9d46b3f694d54891a65c397409a2bdf1 - - 793a67d934fe43d6a61607b367bc6bca 793a67d934fe43d6a61607b367bc6bca] 199.204.45.4 "GET /allocations/00d20a8b-ab5a-42d1-8754-6791946f7f02" status: 200 len: 257 microversion: 1.28 [pid: 7|app: 0|req: 369/731] 199.204.45.4 () {34 vars in 859 bytes} [Fri May 29 03:19:11 2026] GET /allocations/00d20a8b-ab5a-42d1-8754-6791946f7f02 => generated 257 bytes in 15 msecs (HTTP/1.1 200) 8 headers in 296 bytes (1 switches on core 0)
2026-05-29 03:19:12.307 7 INFO placement.requestlog [None req-977d147c-e312-4c0e-9ae0-c95a52362868 de2be3dd8a794cd68be4cc795ea93664 9d46b3f694d54891a65c397409a2bdf1 - - 793a67d934fe43d6a61607b367bc6bca 793a67d934fe43d6a61607b367bc6bca] 10.0.0.96 "GET /resource_providers/19132bc2-52c6-461f-ac53-b48d0e249bb0/aggregates" status: 404 len: 235 microversion: 1.1 [pid: 7|app: 0|req: 370/732] 10.0.0.96 () {32 vars in 813 bytes} [Fri May 29 03:19:12 2026] GET /resource_providers/19132bc2-52c6-461f-ac53-b48d0e249bb0/aggregates => generated 235 bytes in 8 msecs (HTTP/1.1 404) 5 headers in 202 bytes (1 switches on core 0)
2026-05-29 03:19:12.311 8 INFO placement.requestlog [None req-31e5c9b5-ef00-42dd-8f8f-0c27930be868 de2be3dd8a794cd68be4cc795ea93664 9d46b3f694d54891a65c397409a2bdf1 - - 793a67d934fe43d6a61607b367bc6bca 793a67d934fe43d6a61607b367bc6bca] 10.0.0.96 "GET /resource_providers/19132bc2-52c6-461f-ac53-b48d0e249bb0/aggregates" status: 404 len: 235 microversion: 1.1 [pid: 8|app: 0|req: 363/733] 10.0.0.96 () {32 vars in 813 bytes} [Fri May 29 03:19:12 2026] GET /resource_providers/19132bc2-52c6-461f-ac53-b48d0e249bb0/aggregates => generated 235 bytes in 11 msecs (HTTP/1.1 404) 5 headers in 202 bytes (1 switches on core 0)
2026-05-29 03:19:12.321 7 INFO placement.requestlog [None req-cceb5216-0386-44e9-8e48-39d691b8ede4 de2be3dd8a794cd68be4cc795ea93664 9d46b3f694d54891a65c397409a2bdf1 - - 793a67d934fe43d6a61607b367bc6bca 793a67d934fe43d6a61607b367bc6bca] 10.0.0.96 "DELETE /resource_providers/19132bc2-52c6-461f-ac53-b48d0e249bb0" status: 404 len: 246 microversion: 1.1
2026-05-29 03:19:12.321 8 INFO placement.requestlog [None req-a506bb08-e214-4223-8f53-577f7620ca19 de2be3dd8a794cd68be4cc795ea93664 9d46b3f694d54891a65c397409a2bdf1 - - 793a67d934fe43d6a61607b367bc6bca 793a67d934fe43d6a61607b367bc6bca] 10.0.0.96 "DELETE /resource_providers/19132bc2-52c6-461f-ac53-b48d0e249bb0" status: 404 len: 246 microversion: 1.1 [pid: 7|app: 0|req: 371/734] 10.0.0.96 () {34 vars in 813 bytes} [Fri May 29 03:19:12 2026] DELETE /resource_providers/19132bc2-52c6-461f-ac53-b48d0e249bb0 => generated 246 bytes in 10 msecs (HTTP/1.1 404) 6 headers in 231 bytes (1 switches on core 0) [pid: 8|app: 0|req: 364/735] 10.0.0.96 () {34 vars in 813 bytes} [Fri May 29 03:19:12 2026] DELETE /resource_providers/19132bc2-52c6-461f-ac53-b48d0e249bb0 => generated 246 bytes in 6 msecs (HTTP/1.1 404) 6 headers in 231 bytes (1 switches on core 0)
2026-05-29 03:19:12.518 7 INFO placement.requestlog [req-cd4d4879-16f0-46a0-9860-e43e85f5af34 req-24fc7a21-deae-41c9-a763-606b78fe3789 a7e2279f081d4a82a1f495ad56754dde 9d46b3f694d54891a65c397409a2bdf1 - - 793a67d934fe43d6a61607b367bc6bca 793a67d934fe43d6a61607b367bc6bca] 199.204.45.4 "DELETE /allocations/00d20a8b-ab5a-42d1-8754-6791946f7f02" status: 204 len: 0 microversion: 1.0 [pid: 7|app: 0|req: 372/736] 199.204.45.4 () {34 vars in 837 bytes} [Fri May 29 03:19:12 2026] DELETE /allocations/00d20a8b-ab5a-42d1-8754-6791946f7f02 => generated 0 bytes in 23 msecs (HTTP/1.1 204) 5 headers in 198 bytes (1 switches on core 0)
2026-05-29 03:19:12.596 7 INFO placement.requestlog [None req-40f0bc9a-9d38-49cc-bb44-7ba370dac559 de2be3dd8a794cd68be4cc795ea93664 9d46b3f694d54891a65c397409a2bdf1 - - 793a67d934fe43d6a61607b367bc6bca 793a67d934fe43d6a61607b367bc6bca] 10.0.0.96 "GET /resource_providers/cd78f4f0-2195-466d-b526-311fe289a1e1/aggregates" status: 404 len: 235 microversion: 1.1 [pid: 7|app: 0|req: 373/737] 10.0.0.96 () {32 vars in 813 bytes} [Fri May 29 03:19:12 2026] GET /resource_providers/cd78f4f0-2195-466d-b526-311fe289a1e1/aggregates => generated 235 bytes in 9 msecs (HTTP/1.1 404) 5 headers in 202 bytes (1 switches on core 0)
2026-05-29 03:19:12.597 8 INFO placement.requestlog [None req-fa9d1cae-5acc-44f7-9c60-2b8ce25e3be2 de2be3dd8a794cd68be4cc795ea93664 9d46b3f694d54891a65c397409a2bdf1 - - 793a67d934fe43d6a61607b367bc6bca 793a67d934fe43d6a61607b367bc6bca] 10.0.0.96 "GET /resource_providers/cd78f4f0-2195-466d-b526-311fe289a1e1/aggregates" status: 404 len: 235 microversion: 1.1 [pid: 8|app: 0|req: 365/738] 10.0.0.96 () {32 vars in 813 bytes} [Fri May 29 03:19:12 2026] GET /resource_providers/cd78f4f0-2195-466d-b526-311fe289a1e1/aggregates => generated 235 bytes in 13 msecs (HTTP/1.1 404) 5 headers in 202 bytes (1 switches on core 0)
2026-05-29 03:19:12.606 7 INFO placement.requestlog [None req-11390be0-0f57-4cc6-a52b-e6fc91f1a4ea de2be3dd8a794cd68be4cc795ea93664 9d46b3f694d54891a65c397409a2bdf1 - - 793a67d934fe43d6a61607b367bc6bca 793a67d934fe43d6a61607b367bc6bca] 10.0.0.96 "DELETE /resource_providers/cd78f4f0-2195-466d-b526-311fe289a1e1" status: 404 len: 246 microversion: 1.1 [pid: 7|app: 0|req: 374/739] 10.0.0.96 () {34 vars in 813 bytes} [Fri May 29 03:19:12 2026] DELETE /resource_providers/cd78f4f0-2195-466d-b526-311fe289a1e1 => generated 246 bytes in 5 msecs (HTTP/1.1 404) 6 headers in 231 bytes (1 switches on core 0)
2026-05-29 03:19:12.614 8 INFO placement.requestlog [None req-8b231127-4605-4309-b559-e80902673eeb de2be3dd8a794cd68be4cc795ea93664 9d46b3f694d54891a65c397409a2bdf1 - - 793a67d934fe43d6a61607b367bc6bca 793a67d934fe43d6a61607b367bc6bca] 10.0.0.96 "DELETE /resource_providers/cd78f4f0-2195-466d-b526-311fe289a1e1" status: 404 len: 246 microversion: 1.1 [pid: 8|app: 0|req: 366/740] 10.0.0.96 () {34 vars in 813 bytes} [Fri May 29 03:19:12 2026] DELETE /resource_providers/cd78f4f0-2195-466d-b526-311fe289a1e1 => generated 246 bytes in 8 msecs (HTTP/1.1 404) 6 headers in 231 bytes (1 switches on core 0)
2026-05-29 03:19:14.348 7 INFO placement.requestlog [None req-1f4b9dbb-f231-417b-b731-58c5cb23cb91 de2be3dd8a794cd68be4cc795ea93664 9d46b3f694d54891a65c397409a2bdf1 - - 793a67d934fe43d6a61607b367bc6bca 793a67d934fe43d6a61607b367bc6bca] 10.0.0.96 "GET /resource_providers/23e89568-c2c2-4bde-bb08-5a2b9eb5e29f/aggregates" status: 404 len: 235 microversion: 1.1
2026-05-29 03:19:14.348 8 INFO placement.requestlog [None req-5351f5ad-cc40-4620-98de-0c35e79176b6 de2be3dd8a794cd68be4cc795ea93664 9d46b3f694d54891a65c397409a2bdf1 - - 793a67d934fe43d6a61607b367bc6bca 793a67d934fe43d6a61607b367bc6bca] 10.0.0.96 "GET /resource_providers/23e89568-c2c2-4bde-bb08-5a2b9eb5e29f/aggregates" status: 404 len: 235 microversion: 1.1 [pid: 7|app: 0|req: 375/741] 10.0.0.96 () {32 vars in 813 bytes} [Fri May 29 03:19:14 2026] GET /resource_providers/23e89568-c2c2-4bde-bb08-5a2b9eb5e29f/aggregates => generated 235 bytes in 11 msecs (HTTP/1.1 404) 5 headers in 202 bytes (1 switches on core 0) [pid: 8|app: 0|req: 367/742] 10.0.0.96 () {32 vars in 813 bytes} [Fri May 29 03:19:14 2026] GET /resource_providers/23e89568-c2c2-4bde-bb08-5a2b9eb5e29f/aggregates => generated 235 bytes in 11 msecs (HTTP/1.1 404) 5 headers in 202 bytes (1 switches on core 0)
2026-05-29 03:19:14.370 7 INFO placement.requestlog [None req-f0b11410-a903-4761-bf46-c3652a654bfe de2be3dd8a794cd68be4cc795ea93664 9d46b3f694d54891a65c397409a2bdf1 - - 793a67d934fe43d6a61607b367bc6bca 793a67d934fe43d6a61607b367bc6bca] 10.0.0.96 "DELETE /resource_providers/23e89568-c2c2-4bde-bb08-5a2b9eb5e29f" status: 404 len: 246 microversion: 1.1 [pid: 7|app: 0|req: 376/743] 10.0.0.96 () {34 vars in 813 bytes} [Fri May 29 03:19:14 2026] DELETE /resource_providers/23e89568-c2c2-4bde-bb08-5a2b9eb5e29f => generated 246 bytes in 13 msecs (HTTP/1.1 404) 6 headers in 231 bytes (1 switches on core 0)
2026-05-29 03:19:14.381 8 INFO placement.requestlog [None req-ea9d4b3c-df6c-4bf3-b4d9-d938c9e2919e de2be3dd8a794cd68be4cc795ea93664 9d46b3f694d54891a65c397409a2bdf1 - - 793a67d934fe43d6a61607b367bc6bca 793a67d934fe43d6a61607b367bc6bca] 10.0.0.96 "DELETE /resource_providers/23e89568-c2c2-4bde-bb08-5a2b9eb5e29f" status: 404 len: 246 microversion: 1.1 [pid: 8|app: 0|req: 368/744] 10.0.0.96 () {34 vars in 813 bytes} [Fri May 29 03:19:14 2026] DELETE /resource_providers/23e89568-c2c2-4bde-bb08-5a2b9eb5e29f => generated 246 bytes in 20 msecs (HTTP/1.1 404) 6 headers in 231 bytes (1 switches on core 0)
2026-05-29 03:19:14.393 7 INFO placement.requestlog [None req-0ccb17de-a389-4750-9067-9b461b516486 de2be3dd8a794cd68be4cc795ea93664 9d46b3f694d54891a65c397409a2bdf1 - - 793a67d934fe43d6a61607b367bc6bca 793a67d934fe43d6a61607b367bc6bca] 10.0.0.96 "GET /resource_providers/adc6d526-7f4d-4039-8e66-dd4c5beb36e4/aggregates" status: 404 len: 235 microversion: 1.1 [pid: 7|app: 0|req: 377/745] 10.0.0.96 () {32 vars in 813 bytes} [Fri May 29 03:19:14 2026] GET /resource_providers/adc6d526-7f4d-4039-8e66-dd4c5beb36e4/aggregates => generated 235 bytes in 19 msecs (HTTP/1.1 404) 5 headers in 202 bytes (1 switches on core 0)
2026-05-29 03:19:14.398 8 INFO placement.requestlog [None req-edd1ae9f-26ee-41d0-9ca5-3402b2c5306d de2be3dd8a794cd68be4cc795ea93664 9d46b3f694d54891a65c397409a2bdf1 - - 793a67d934fe43d6a61607b367bc6bca 793a67d934fe43d6a61607b367bc6bca] 10.0.0.96 "GET /resource_providers/adc6d526-7f4d-4039-8e66-dd4c5beb36e4/aggregates" status: 404 len: 235 microversion: 1.1 [pid: 8|app: 0|req: 369/746] 10.0.0.96 () {32 vars in 813 bytes} [Fri May 29 03:19:14 2026] GET /resource_providers/adc6d526-7f4d-4039-8e66-dd4c5beb36e4/aggregates => generated 235 bytes in 8 msecs (HTTP/1.1 404) 5 headers in 202 bytes (1 switches on core 0)
2026-05-29 03:19:14.415 7 INFO placement.requestlog [None req-2b082791-c66f-47c7-a7e9-4ab6e020dfdd de2be3dd8a794cd68be4cc795ea93664 9d46b3f694d54891a65c397409a2bdf1 - - 793a67d934fe43d6a61607b367bc6bca 793a67d934fe43d6a61607b367bc6bca] 10.0.0.96 "DELETE /resource_providers/adc6d526-7f4d-4039-8e66-dd4c5beb36e4" status: 404 len: 246 microversion: 1.1 [pid: 7|app: 0|req: 378/747] 10.0.0.96 () {34 vars in 813 bytes} [Fri May 29 03:19:14 2026] DELETE /resource_providers/adc6d526-7f4d-4039-8e66-dd4c5beb36e4 => generated 246 bytes in 11 msecs (HTTP/1.1 404) 6 headers in 231 bytes (1 switches on core 0)
2026-05-29 03:19:14.422 8 INFO placement.requestlog [None req-a87fca04-030b-4bf2-b1ba-66640d185195 de2be3dd8a794cd68be4cc795ea93664 9d46b3f694d54891a65c397409a2bdf1 - - 793a67d934fe43d6a61607b367bc6bca 793a67d934fe43d6a61607b367bc6bca] 10.0.0.96 "DELETE /resource_providers/adc6d526-7f4d-4039-8e66-dd4c5beb36e4" status: 404 len: 246 microversion: 1.1 [pid: 8|app: 0|req: 370/748] 10.0.0.96 () {34 vars in 813 bytes} [Fri May 29 03:19:14 2026] DELETE /resource_providers/adc6d526-7f4d-4039-8e66-dd4c5beb36e4 => generated 246 bytes in 10 msecs (HTTP/1.1 404) 6 headers in 231 bytes (1 switches on core 0)
2026-05-29 03:19:15.718 7 INFO placement.requestlog [None req-3c7b7134-6330-43cb-aadf-ff4194bb7143 de2be3dd8a794cd68be4cc795ea93664 9d46b3f694d54891a65c397409a2bdf1 - - 793a67d934fe43d6a61607b367bc6bca 793a67d934fe43d6a61607b367bc6bca] 10.0.0.96 "GET /resource_providers/8a5c90a7-85e2-400b-abd2-92e9a53f991c/aggregates" status: 404 len: 235 microversion: 1.1 [pid: 7|app: 0|req: 379/749] 10.0.0.96 () {32 vars in 813 bytes} [Fri May 29 03:19:15 2026] GET /resource_providers/8a5c90a7-85e2-400b-abd2-92e9a53f991c/aggregates => generated 235 bytes in 11 msecs (HTTP/1.1 404) 5 headers in 202 bytes (1 switches on core 0)
2026-05-29 03:19:15.720 8 INFO placement.requestlog [None req-2f1282f1-01ad-48ea-8389-0bdfd9d825f2 de2be3dd8a794cd68be4cc795ea93664 9d46b3f694d54891a65c397409a2bdf1 - - 793a67d934fe43d6a61607b367bc6bca 793a67d934fe43d6a61607b367bc6bca] 10.0.0.96 "GET /resource_providers/8a5c90a7-85e2-400b-abd2-92e9a53f991c/aggregates" status: 404 len: 235 microversion: 1.1 [pid: 8|app: 0|req: 371/750] 10.0.0.96 () {32 vars in 813 bytes} [Fri May 29 03:19:15 2026] GET /resource_providers/8a5c90a7-85e2-400b-abd2-92e9a53f991c/aggregates => generated 235 bytes in 13 msecs (HTTP/1.1 404) 5 headers in 202 bytes (1 switches on core 0)
2026-05-29 03:19:15.729 7 INFO placement.requestlog [None req-d66c5153-2a91-4022-bf86-109ed0f6c0c4 de2be3dd8a794cd68be4cc795ea93664 9d46b3f694d54891a65c397409a2bdf1 - - 793a67d934fe43d6a61607b367bc6bca 793a67d934fe43d6a61607b367bc6bca] 10.0.0.96 "DELETE /resource_providers/8a5c90a7-85e2-400b-abd2-92e9a53f991c" status: 404 len: 246 microversion: 1.1 [pid: 7|app: 0|req: 380/751] 10.0.0.96 () {34 vars in 813 bytes} [Fri May 29 03:19:15 2026] DELETE /resource_providers/8a5c90a7-85e2-400b-abd2-92e9a53f991c => generated 246 bytes in 6 msecs (HTTP/1.1 404) 6 headers in 231 bytes (1 switches on core 0)
2026-05-29 03:19:15.742 8 INFO placement.requestlog [None req-2a1e8ba5-32be-4b6b-b7b8-663717ee2ccb de2be3dd8a794cd68be4cc795ea93664 9d46b3f694d54891a65c397409a2bdf1 - - 793a67d934fe43d6a61607b367bc6bca 793a67d934fe43d6a61607b367bc6bca] 10.0.0.96 "DELETE /resource_providers/8a5c90a7-85e2-400b-abd2-92e9a53f991c" status: 404 len: 246 microversion: 1.1 [pid: 8|app: 0|req: 372/752] 10.0.0.96 () {34 vars in 813 bytes} [Fri May 29 03:19:15 2026] DELETE /resource_providers/8a5c90a7-85e2-400b-abd2-92e9a53f991c => generated 246 bytes in 15 msecs (HTTP/1.1 404) 6 headers in 231 bytes (1 switches on core 0)
2026-05-29 03:19:17.700 8 INFO placement.requestlog [None req-23cf0bc9-7f38-41dc-9389-973e116846d9 de2be3dd8a794cd68be4cc795ea93664 9d46b3f694d54891a65c397409a2bdf1 - - 793a67d934fe43d6a61607b367bc6bca 793a67d934fe43d6a61607b367bc6bca] 10.0.0.96 "GET /resource_providers/093d8cff-f769-4a50-b66c-2b1efc9667ce/aggregates" status: 404 len: 235 microversion: 1.1 [pid: 8|app: 0|req: 373/753] 10.0.0.96 () {32 vars in 813 bytes} [Fri May 29 03:19:17 2026] GET /resource_providers/093d8cff-f769-4a50-b66c-2b1efc9667ce/aggregates => generated 235 bytes in 13 msecs (HTTP/1.1 404) 5 headers in 202 bytes (1 switches on core 0)
2026-05-29 03:19:17.705 7 INFO placement.requestlog [None req-2ff7bfd7-b94a-48f1-a901-f32d86bb3e92 de2be3dd8a794cd68be4cc795ea93664 9d46b3f694d54891a65c397409a2bdf1 - - 793a67d934fe43d6a61607b367bc6bca 793a67d934fe43d6a61607b367bc6bca] 10.0.0.96 "GET /resource_providers/093d8cff-f769-4a50-b66c-2b1efc9667ce/aggregates" status: 404 len: 235 microversion: 1.1 [pid: 7|app: 0|req: 381/754] 10.0.0.96 () {32 vars in 813 bytes} [Fri May 29 03:19:17 2026] GET /resource_providers/093d8cff-f769-4a50-b66c-2b1efc9667ce/aggregates => generated 235 bytes in 19 msecs (HTTP/1.1 404) 5 headers in 202 bytes (1 switches on core 0)
2026-05-29 03:19:17.721 8 INFO placement.requestlog [None req-194cacd8-e7fe-4452-80c1-70aea566c7b2 de2be3dd8a794cd68be4cc795ea93664 9d46b3f694d54891a65c397409a2bdf1 - - 793a67d934fe43d6a61607b367bc6bca 793a67d934fe43d6a61607b367bc6bca] 10.0.0.96 "DELETE /resource_providers/093d8cff-f769-4a50-b66c-2b1efc9667ce" status: 404 len: 246 microversion: 1.1 [pid: 8|app: 0|req: 374/755] 10.0.0.96 () {34 vars in 813 bytes} [Fri May 29 03:19:17 2026] DELETE /resource_providers/093d8cff-f769-4a50-b66c-2b1efc9667ce => generated 246 bytes in 16 msecs (HTTP/1.1 404) 6 headers in 231 bytes (1 switches on core 0)
2026-05-29 03:19:17.730 7 INFO placement.requestlog [None req-021b37a2-d07f-445d-a506-c4da9baccfaf de2be3dd8a794cd68be4cc795ea93664 9d46b3f694d54891a65c397409a2bdf1 - - 793a67d934fe43d6a61607b367bc6bca 793a67d934fe43d6a61607b367bc6bca] 10.0.0.96 "DELETE /resource_providers/093d8cff-f769-4a50-b66c-2b1efc9667ce" status: 404 len: 246 microversion: 1.1 [pid: 7|app: 0|req: 382/756] 10.0.0.96 () {34 vars in 813 bytes} [Fri May 29 03:19:17 2026] DELETE /resource_providers/093d8cff-f769-4a50-b66c-2b1efc9667ce => generated 246 bytes in 20 msecs (HTTP/1.1 404) 6 headers in 231 bytes (1 switches on core 0)
2026-05-29 03:19:17.749 8 INFO placement.requestlog [None req-7f95118a-dc42-4779-ad8e-b652fe15bcef de2be3dd8a794cd68be4cc795ea93664 9d46b3f694d54891a65c397409a2bdf1 - - 793a67d934fe43d6a61607b367bc6bca 793a67d934fe43d6a61607b367bc6bca] 10.0.0.96 "GET /resource_providers/94f6d256-1ee9-4f3e-811b-24a5686b4387/aggregates" status: 404 len: 235 microversion: 1.1 [pid: 8|app: 0|req: 375/757] 10.0.0.96 () {32 vars in 813 bytes} [Fri May 29 03:19:17 2026] GET /resource_providers/94f6d256-1ee9-4f3e-811b-24a5686b4387/aggregates => generated 235 bytes in 10 msecs (HTTP/1.1 404) 5 headers in 202 bytes (1 switches on core 0)
2026-05-29 03:19:17.762 7 INFO placement.requestlog [None req-ba255c72-8bf4-4bb7-bf93-58a10693bd29 de2be3dd8a794cd68be4cc795ea93664 9d46b3f694d54891a65c397409a2bdf1 - - 793a67d934fe43d6a61607b367bc6bca 793a67d934fe43d6a61607b367bc6bca] 10.0.0.96 "GET /resource_providers/94f6d256-1ee9-4f3e-811b-24a5686b4387/aggregates" status: 404 len: 235 microversion: 1.1 [pid: 7|app: 0|req: 383/758] 10.0.0.96 () {32 vars in 813 bytes} [Fri May 29 03:19:17 2026] GET /resource_providers/94f6d256-1ee9-4f3e-811b-24a5686b4387/aggregates => generated 235 bytes in 12 msecs (HTTP/1.1 404) 5 headers in 202 bytes (1 switches on core 0)
2026-05-29 03:19:17.766 8 INFO placement.requestlog [None req-5f73b5f4-0e60-4f71-a7e8-5f5ba84e8fc2 de2be3dd8a794cd68be4cc795ea93664 9d46b3f694d54891a65c397409a2bdf1 - - 793a67d934fe43d6a61607b367bc6bca 793a67d934fe43d6a61607b367bc6bca] 10.0.0.96 "DELETE /resource_providers/94f6d256-1ee9-4f3e-811b-24a5686b4387" status: 404 len: 246 microversion: 1.1 [pid: 8|app: 0|req: 376/759] 10.0.0.96 () {34 vars in 813 bytes} [Fri May 29 03:19:17 2026] DELETE /resource_providers/94f6d256-1ee9-4f3e-811b-24a5686b4387 => generated 246 bytes in 13 msecs (HTTP/1.1 404) 6 headers in 231 bytes (1 switches on core 0)
2026-05-29 03:19:17.775 7 INFO placement.requestlog [None req-ed56df57-5a16-40fd-8138-d63c506d03fa de2be3dd8a794cd68be4cc795ea93664 9d46b3f694d54891a65c397409a2bdf1 - - 793a67d934fe43d6a61607b367bc6bca 793a67d934fe43d6a61607b367bc6bca] 10.0.0.96 "DELETE /resource_providers/94f6d256-1ee9-4f3e-811b-24a5686b4387" status: 404 len: 246 microversion: 1.1 [pid: 7|app: 0|req: 384/760] 10.0.0.96 () {34 vars in 813 bytes} [Fri May 29 03:19:17 2026] DELETE /resource_providers/94f6d256-1ee9-4f3e-811b-24a5686b4387 => generated 246 bytes in 10 msecs (HTTP/1.1 404) 6 headers in 231 bytes (1 switches on core 0)
2026-05-29 03:19:18.187 8 INFO placement.requestlog [None req-c8631f67-ed9d-4c87-aa50-ab25c351be4a - - - - - -] 10.0.0.221 "GET /" status: 200 len: 136 microversion: 1.0
2026-05-29 03:19:18.188 7 INFO placement.requestlog [None req-527e2e0d-d742-4591-8e7e-0e17dc95a3f9 - - - - - -] 10.0.0.221 "GET /" status: 200 len: 136 microversion: 1.0
