Jun 18 13:52:06.389813 np0000182185 devstack@neutron-api.service[103104]: DEBUG neutron.plugins.ml2.drivers.ovn.mech_driver.ovsdb.ovsdb_monitor [None req-c1bc422e-622b-40e5-a1a1-e5f58c414d4e None None] Hash Ring: Node 447e9b2a2ca451bb86f8e6ac8454e98d (host: np0000182185) handling event "update" for row 7c3d0ad5-a792-4033-8cac-d2a9be3a8ca4 (table: Logical_Switch_Port) {{(pid=103104) notify /opt/stack/neutron/neutron/plugins/ml2/drivers/ovn/mech_driver/ovsdb/ovsdb_monitor.py:1015}}
Jun 18 13:52:06.401707 np0000182185 devstack@neutron-api.service[103103]: INFO neutron.db.ovn_revision_numbers_db [None req-737e8a9e-6999-4212-8817-bcf64e2ac707 service neutron] Successfully bumped revision number for resource 9902dc6a-c5c2-417f-a7a2-0b7db1d1cb23 (type: ports) to 1
Jun 18 13:52:06.413815 np0000182185 devstack@neutron-api.service[103104]: DEBUG neutron.db.provisioning_blocks [None req-e1a9ff02-e314-498f-99ff-ee57eb1824d5 None None] Ignored duplicate provisioning block setup for port 9902dc6a-c5c2-417f-a7a2-0b7db1d1cb23 by entity L2. {{(pid=103104) add_provisioning_component /opt/stack/neutron/neutron/db/provisioning_blocks.py:69}}
Jun 18 13:52:06.416870 np0000182185 devstack@neutron-api.service[103103]: DEBUG neutron.plugins.ml2.managers [None req-737e8a9e-6999-4212-8817-bcf64e2ac707 service neutron] Attempting to bind port 9902dc6a-c5c2-417f-a7a2-0b7db1d1cb23 on host np0000182185 for vnic_type normal with profile {{(pid=103103) bind_port /opt/stack/neutron/neutron/plugins/ml2/managers.py:865}}
Jun 18 13:52:06.417133 np0000182185 devstack@neutron-api.service[103103]: DEBUG neutron.plugins.ml2.managers [None req-737e8a9e-6999-4212-8817-bcf64e2ac707 service neutron] Attempting to bind port 9902dc6a-c5c2-417f-a7a2-0b7db1d1cb23 by drivers ovn on host np0000182185 at level 0 using segments [{'id': 'fbf6758d-6e4e-40a5-8c79-fffe5eb45032', 'network_type': 'geneve', 'physical_network': None, 'segmentation_id': 13673, 'network_id': 'e2c73c03-b890-4e46-9aa2-ed58cc484976'}] {{(pid=103103) _bind_port_level /opt/stack/neutron/neutron/plugins/ml2/managers.py:890}}
Jun 18 13:52:06.418625 np0000182185 devstack@neutron-api.service[103103]: DEBUG neutron.plugins.ml2.drivers.ovn.mech_driver.mech_driver [None req-737e8a9e-6999-4212-8817-bcf64e2ac707 service neutron] Attempting to bind port 9902dc6a-c5c2-417f-a7a2-0b7db1d1cb23 on host np0000182185 for network segment with type geneve, segmentation ID 13673, physical network None {{(pid=103103) bind_port /opt/stack/neutron/neutron/plugins/ml2/drivers/ovn/mech_driver/mech_driver.py:1206}}
Jun 18 13:52:06.419159 np0000182185 devstack@neutron-api.service[103103]: DEBUG neutron.plugins.ml2.managers [None req-737e8a9e-6999-4212-8817-bcf64e2ac707 service neutron] Bound port: 9902dc6a-c5c2-417f-a7a2-0b7db1d1cb23, host: np0000182185, vif_type: ovs, vif_details: {"port_filter": true, "connectivity": "l2", "ovs_create_tap": false, "bridge_name": "br-int", "datapath_type": "system"}, binding_levels: [{'bound_driver': 'ovn', 'bound_segment': {'id': 'fbf6758d-6e4e-40a5-8c79-fffe5eb45032', 'network_type': 'geneve', 'physical_network': None, 'segmentation_id': 13673, 'network_id': 'e2c73c03-b890-4e46-9aa2-ed58cc484976'}}] {{(pid=103103) _bind_port_level /opt/stack/neutron/neutron/plugins/ml2/managers.py:1001}}
Jun 18 13:52:06.419332 np0000182185 devstack@neutron-api.service[103103]: DEBUG neutron_lib.callbacks.manager [None req-737e8a9e-6999-4212-8817-bcf64e2ac707 service neutron] Publish callbacks ['neutron.plugins.ml2.plugin.SecurityGroupDbMixin._ensure_default_security_group_handler-3233930', 'neutron.services.ovn_l3.plugin.OVNL3RouterPlugin._port_update-8773267562700', 'neutron.db.l3_db.L3_NAT_dbonly_mixin._prevent_internal_ip_change_for_fip-8773269089804'] for port (9902dc6a-c5c2-417f-a7a2-0b7db1d1cb23), before_update {{(pid=103103) _notify_loop /opt/stack/data/venv/lib/python3.12/site-packages/neutron_lib/callbacks/manager.py:184}}
Jun 18 13:52:06.435117 np0000182185 devstack@neutron-api.service[103104]: DEBUG neutron.plugins.ml2.plugin [None req-e1a9ff02-e314-498f-99ff-ee57eb1824d5 None None] Current status of the port 9902dc6a-c5c2-417f-a7a2-0b7db1d1cb23 is: DOWN; New status is: DOWN {{(pid=103104) _update_individual_port_db_status /opt/stack/neutron/neutron/plugins/ml2/plugin.py:2470}}
Jun 18 13:52:06.436239 np0000182185 devstack@neutron-api.service[103104]: DEBUG ovsdbapp.backend.ovs_idl.transaction [None req-c1bc422e-622b-40e5-a1a1-e5f58c414d4e None None] Running txn n=1 command(idx=0): DbRemoveCommand(_result=None, table=Logical_Switch_Port, record=9902dc6a-c5c2-417f-a7a2-0b7db1d1cb23, column=external_ids, values=('neutron:host_id',), keyvalues={}, if_exists=True) {{(pid=103104) do_commit /opt/stack/data/venv/lib/python3.12/site-packages/ovsdbapp/backend/ovs_idl/transaction.py:89}}
Jun 18 13:52:06.460191 np0000182185 devstack@neutron-api.service[103103]: DEBUG neutron.plugins.ml2.db [None req-737e8a9e-6999-4212-8817-bcf64e2ac707 service neutron] For port 9902dc6a-c5c2-417f-a7a2-0b7db1d1cb23, host np0000182185, cleared binding levels {{(pid=103103) clear_binding_levels /opt/stack/neutron/neutron/plugins/ml2/db.py:87}}
Jun 18 13:52:06.462626 np0000182185 devstack@neutron-api.service[103103]: DEBUG neutron.plugins.ml2.db [None req-737e8a9e-6999-4212-8817-bcf64e2ac707 service neutron] For port 9902dc6a-c5c2-417f-a7a2-0b7db1d1cb23, host np0000182185, set binding levels [PortBindingLevel(driver='ovn',host='np0000182185',level=0,port_id=9902dc6a-c5c2-417f-a7a2-0b7db1d1cb23,segment=NetworkSegment(fbf6758d-6e4e-40a5-8c79-fffe5eb45032),segment_id=fbf6758d-6e4e-40a5-8c79-fffe5eb45032)] {{(pid=103103) set_binding_levels /opt/stack/neutron/neutron/plugins/ml2/db.py:59}}
Jun 18 13:52:06.464243 np0000182185 devstack@neutron-api.service[103103]: DEBUG neutron.plugins.ml2.drivers.ovn.mech_driver.mech_driver [None req-737e8a9e-6999-4212-8817-bcf64e2ac707 service neutron] No provisioning block for port 9902dc6a-c5c2-417f-a7a2-0b7db1d1cb23 since host unchanged {{(pid=103103) _is_port_provisioning_required /opt/stack/neutron/neutron/plugins/ml2/drivers/ovn/mech_driver/mech_driver.py:901}}
Jun 18 13:52:06.471505 np0000182185 devstack@neutron-api.service[103103]: DEBUG neutron_lib.callbacks.manager [None req-737e8a9e-6999-4212-8817-bcf64e2ac707 service neutron] Publish callbacks ['neutron.plugins.ml2.ovo_rpc._ObjectChangeHandler.handle_event-15114409', 'neutron.services.ovn_l3.plugin.OVNL3RouterPlugin._port_update-8773267562700'] for port (9902dc6a-c5c2-417f-a7a2-0b7db1d1cb23), after_update {{(pid=103103) _notify_loop /opt/stack/data/venv/lib/python3.12/site-packages/neutron_lib/callbacks/manager.py:184}}
Jun 18 13:52:06.499005 np0000182185 devstack@neutron-api.service[103103]: DEBUG neutron.api.rpc.handlers.resources_rpc [None req-737e8a9e-6999-4212-8817-bcf64e2ac707 service neutron] Pushing event updated for resources: {'Port': ['ID=9902dc6a-c5c2-417f-a7a2-0b7db1d1cb23,revision_number=3']} {{(pid=103103) push /opt/stack/neutron/neutron/api/rpc/handlers/resources_rpc.py:237}}
Jun 18 13:52:06.525147 np0000182185 devstack@neutron-api.service[103103]: DEBUG neutron.plugins.ml2.drivers.ovn.mech_driver.ovsdb.commands [None req-737e8a9e-6999-4212-8817-bcf64e2ac707 service neutron] Converting tag [] to a tag_request {{(pid=103103) _tag_column_to_tag_request /opt/stack/neutron/neutron/plugins/ml2/drivers/ovn/mech_driver/ovsdb/commands.py:205}}
Jun 18 13:52:06.526395 np0000182185 devstack@neutron-api.service[103103]: DEBUG ovsdbapp.backend.ovs_idl.transaction [None req-245e3171-01b0-476d-a840-218f499519c7 None None] Running txn n=1 command(idx=0): CheckRevisionNumberCommand(_result=None, name=9902dc6a-c5c2-417f-a7a2-0b7db1d1cb23, resource={'id': '9902dc6a-c5c2-417f-a7a2-0b7db1d1cb23', 'name': '', 'network_id': 'e2c73c03-b890-4e46-9aa2-ed58cc484976', 'project_id': '04c77a0c172045eb8f3c70b734c2aa45', 'mac_address': 'fa:16:3e:ba:38:a9', 'admin_state_up': True, 'status': 'DOWN', 'device_id': 'manila-admin-share', 'device_owner': 'manila:share', 'standard_attr_id': 46, 'fixed_ips': [{'subnet_id': '7d582d96-cd12-4bee-a333-9e2288fa6b1f', 'ip_address': '10.2.5.236'}], 'allowed_address_pairs': [], 'extra_dhcp_opts': [], 'security_groups': [], 'description': '', 'binding:vnic_type': 'normal', 'binding:profile': {}, 'binding:host_id': 'np0000182185', 'binding:vif_type': 'ovs', 'binding:vif_details': {'port_filter': True, 'connectivity': 'l2', 'ovs_create_tap': False, 'bridge_name': 'br-int', 'datapath_type': 'system', 'bound_drivers': {'0': 'ovn'}}, 'port_security_enabled': False, 'tags': [], 'created_at': '2026-06-18T13:52:06Z', 'updated_at': '2026-06-18T13:52:06Z', 'revision_number': 3, 'tenant_id': '04c77a0c172045eb8f3c70b734c2aa45', 'network': {'id': 'e2c73c03-b890-4e46-9aa2-ed58cc484976', 'name': 'admin_net', 'tenant_id': '04c77a0c172045eb8f3c70b734c2aa45', 'project_id': '04c77a0c172045eb8f3c70b734c2aa45', 'admin_state_up': True, 'mtu': 1372, 'status': 'ACTIVE', 'subnets': ['7d582d96-cd12-4bee-a333-9e2288fa6b1f'], 'standard_attr_id': 42, 'shared': False, 'availability_zone_hints': [], 'availability_zones': [], 'ipv4_address_scope': None, 'ipv6_address_scope': None, 'router:external': False, 'qinq': False, 'vlan_transparent': False, 'description': '', 'port_security_enabled': True, 'tags': [], 'created_at': '2026-06-18T13:51:59Z', 'updated_at': '2026-06-18T13:52:00Z', 'revision_number': 2, 'provider:network_type': 'geneve', 'provider:physical_network': None, 'provider:segmentation_id': 13673}}, resource_type=ports, if_exists=True) {{(pid=103103) do_commit /opt/stack/data/venv/lib/python3.12/site-packages/ovsdbapp/backend/ovs_idl/transaction.py:89}}
Jun 18 13:52:06.527136 np0000182185 devstack@neutron-api.service[103103]: DEBUG ovsdbapp.backend.ovs_idl.transaction [None req-245e3171-01b0-476d-a840-218f499519c7 None None] Running txn n=1 command(idx=1): SetLSwitchPortCommand(_result=None, lport=9902dc6a-c5c2-417f-a7a2-0b7db1d1cb23, external_ids_update=None, columns={'external_ids': {'neutron:port_name': '', 'neutron:device_id': 'manila-admin-share', 'neutron:project_id': '04c77a0c172045eb8f3c70b734c2aa45', 'neutron:cidrs': '10.2.5.236/24', 'neutron:device_owner': 'manila:share', 'neutron:subnet_pool_addr_scope4': '', 'neutron:subnet_pool_addr_scope6': '', 'neutron:network_name': 'neutron-e2c73c03-b890-4e46-9aa2-ed58cc484976', 'neutron:security_group_ids': '', 'neutron:revision_number': '3', 'neutron:vnic_type': 'normal', 'neutron:port_capabilities': '', 'neutron:mtu': ''}, 'parent_name': [], 'options': {'requested-chassis': 'np0000182185'}, 'enabled': True, 'port_security': [], 'dhcpv4_options': [UUID('65d788a9-99cf-4a50-8514-258b104786d5')], 'dhcpv6_options': [], 'type': '', 'addresses': ['fa:16:3e:ba:38:a9 10.2.5.236', 'unknown'], 'ha_chassis_group': [], 'tag_request': []}, if_exists=False) {{(pid=103103) do_commit /opt/stack/data/venv/lib/python3.12/site-packages/ovsdbapp/backend/ovs_idl/transaction.py:89}}
Jun 18 13:52:06.528749 np0000182185 devstack@neutron-api.service[103103]: DEBUG ovsdbapp.backend.ovs_idl.transaction [None req-245e3171-01b0-476d-a840-218f499519c7 None None] Running txn n=1 command(idx=2): PgDelPortCommand(_result=None, port_group=neutron_pg_drop, lsp=['9902dc6a-c5c2-417f-a7a2-0b7db1d1cb23'], if_exists=False) {{(pid=103103) do_commit /opt/stack/data/venv/lib/python3.12/site-packages/ovsdbapp/backend/ovs_idl/transaction.py:89}}
Jun 18 13:52:06.536462 np0000182185 devstack@neutron-api.service[103104]: DEBUG neutron.plugins.ml2.drivers.ovn.mech_driver.ovsdb.ovsdb_monitor [None req-c1bc422e-622b-40e5-a1a1-e5f58c414d4e None None] Touching Hash Ring node "447e9b2a2ca451bb86f8e6ac8454e98d" from IDL notify handler {{(pid=103104) notify /opt/stack/neutron/neutron/plugins/ml2/drivers/ovn/mech_driver/ovsdb/ovsdb_monitor.py:1007}}
Jun 18 13:52:06.540680 np0000182185 devstack@neutron-api.service[103103]: DEBUG neutron.plugins.ml2.drivers.ovn.mech_driver.ovsdb.ovsdb_monitor [None req-07ef9363-ec80-4399-a640-bddeefc3f0d9 None None] Hash Ring: Node a3bbb7bde0085b9ca006007b56ca0a6b (host: np0000182185) handling event "update" for row 9090109d-b3d5-4157-91aa-d20082e33455 (table: Port_Binding) {{(pid=103103) notify /opt/stack/neutron/neutron/plugins/ml2/drivers/ovn/mech_driver/ovsdb/ovsdb_monitor.py:1015}}
Jun 18 13:52:06.546654 np0000182185 devstack@neutron-api.service[103104]: DEBUG neutron.plugins.ml2.drivers.ovn.mech_driver.ovsdb.ovsdb_monitor [None req-c1bc422e-622b-40e5-a1a1-e5f58c414d4e None None] Hash Ring: Node 447e9b2a2ca451bb86f8e6ac8454e98d (host: np0000182185) handling event "update" for row 7c3d0ad5-a792-4033-8cac-d2a9be3a8ca4 (table: Logical_Switch_Port) {{(pid=103104) notify /opt/stack/neutron/neutron/plugins/ml2/drivers/ovn/mech_driver/ovsdb/ovsdb_monitor.py:1015}}
Jun 18 13:52:06.579296 np0000182185 devstack@neutron-api.service[103103]: INFO neutron.db.ovn_revision_numbers_db [None req-737e8a9e-6999-4212-8817-bcf64e2ac707 service neutron] Successfully bumped revision number for resource 9902dc6a-c5c2-417f-a7a2-0b7db1d1cb23 (type: ports) to 3
Jun 18 13:52:06.598653 np0000182185 devstack@neutron-api.service[103103]: DEBUG neutron.pecan_wsgi.hooks.policy_enforcement [None req-737e8a9e-6999-4212-8817-bcf64e2ac707 service neutron] Attributes excluded by policy engine: ['standard_attr_id'] {{(pid=103103) _exclude_attributes_by_policy /opt/stack/neutron/neutron/pecan_wsgi/hooks/policy_enforcement.py:259}}
Jun 18 13:52:06.599026 np0000182185 devstack@neutron-api.service[103103]: DEBUG neutron_lib.callbacks.manager [None req-737e8a9e-6999-4212-8817-bcf64e2ac707 service neutron] Publish callbacks ['neutron.notifiers.nova.Notifier._send_nova_notification-3694094'] for port (None), before_response {{(pid=103103) _notify_loop /opt/stack/data/venv/lib/python3.12/site-packages/neutron_lib/callbacks/manager.py:184}}
Jun 18 13:52:06.613089 np0000182185 devstack@neutron-api.service[103103]: [pid: 103103|app: 0|req: 26/104] 199.204.45.89 () {68 vars in 1297 bytes} [Thu Jun 18 13:52:06 2026] POST /networking/v2.0/ports => generated 927 bytes in 486 msecs (HTTP/1.1 201) 4 headers in 162 bytes (1 switches on core 0)
Jun 18 13:52:06.948561 np0000182185 devstack@neutron-api.service[103103]: DEBUG neutron.plugins.ml2.drivers.ovn.mech_driver.ovsdb.ovsdb_monitor [None req-07ef9363-ec80-4399-a640-bddeefc3f0d9 None None] Hash Ring: Node a3bbb7bde0085b9ca006007b56ca0a6b (host: np0000182185) handling event "update" for row 9090109d-b3d5-4157-91aa-d20082e33455 (table: Port_Binding) {{(pid=103103) notify /opt/stack/neutron/neutron/plugins/ml2/drivers/ovn/mech_driver/ovsdb/ovsdb_monitor.py:1015}}
Jun 18 13:52:07.003184 np0000182185 devstack@neutron-api.service[103103]: DEBUG neutron.plugins.ml2.drivers.ovn.mech_driver.ovsdb.ovsdb_monitor [None req-07ef9363-ec80-4399-a640-bddeefc3f0d9 None None] Hash Ring: Node a3bbb7bde0085b9ca006007b56ca0a6b (host: np0000182185) handling event "update" for row 9090109d-b3d5-4157-91aa-d20082e33455 (table: Port_Binding) {{(pid=103103) notify /opt/stack/neutron/neutron/plugins/ml2/drivers/ovn/mech_driver/ovsdb/ovsdb_monitor.py:1015}}
Jun 18 13:52:07.008879 np0000182185 devstack@neutron-api.service[103104]: DEBUG neutron.plugins.ml2.drivers.ovn.mech_driver.ovsdb.ovsdb_monitor [None req-c1bc422e-622b-40e5-a1a1-e5f58c414d4e None None] Touching Hash Ring node "447e9b2a2ca451bb86f8e6ac8454e98d" from IDL notify handler {{(pid=103104) notify /opt/stack/neutron/neutron/plugins/ml2/drivers/ovn/mech_driver/ovsdb/ovsdb_monitor.py:1007}}
Jun 18 13:52:07.012792 np0000182185 devstack@neutron-api.service[103104]: DEBUG neutron.plugins.ml2.drivers.ovn.mech_driver.ovsdb.ovsdb_monitor [None req-c1bc422e-622b-40e5-a1a1-e5f58c414d4e None None] Hash Ring: Node 447e9b2a2ca451bb86f8e6ac8454e98d (host: np0000182185) handling event "update" for row 7c3d0ad5-a792-4033-8cac-d2a9be3a8ca4 (table: Logical_Switch_Port) {{(pid=103104) notify /opt/stack/neutron/neutron/plugins/ml2/drivers/ovn/mech_driver/ovsdb/ovsdb_monitor.py:1015}}
Jun 18 13:52:07.014470 np0000182185 devstack@neutron-api.service[103104]: DEBUG ovsdbapp.backend.ovs_idl.event [None req-c1bc422e-622b-40e5-a1a1-e5f58c414d4e None None] Matched UPDATE: LogicalSwitchPortUpdateUpEvent(events=('update',), table='Logical_Switch_Port', conditions=None, old_conditions=None), priority=20 to row=Logical_Switch_Port(uuid=7c3d0ad5-a792-4033-8cac-d2a9be3a8ca4, addresses=['fa:16:3e:ba:38:a9 10.2.5.236', 'unknown'], dhcpv4_options=65d788a9-99cf-4a50-8514-258b104786d5, dhcpv6_options=[], dynamic_addresses=[], enabled=True, external_ids={'neutron:cidrs': '10.2.5.236/24', 'neutron:device_id': 'manila-admin-share', 'neutron:device_owner': 'manila:share', 'neutron:mtu': '', 'neutron:network_name': 'neutron-e2c73c03-b890-4e46-9aa2-ed58cc484976', 'neutron:port_capabilities': '', 'neutron:port_name': '', 'neutron:project_id': '04c77a0c172045eb8f3c70b734c2aa45', 'neutron:revision_number': '3', 'neutron:security_group_ids': '', 'neutron:subnet_pool_addr_scope4': '', 'neutron:subnet_pool_addr_scope6': '', 'neutron:vnic_type': 'normal'}, ha_chassis_group=[], mirror_rules=[], name='9902dc6a-c5c2-417f-a7a2-0b7db1d1cb23', options={'requested-chassis': 'np0000182185'}, parent_name=[], port_security=[], tag=[], tag_request=[], type='', up=True) old=Logical_Switch_Port(uuid=7c3d0ad5-a792-4033-8cac-d2a9be3a8ca4, up=False) {{(pid=103104) matches /opt/stack/data/venv/lib/python3.12/site-packages/ovsdbapp/backend/ovs_idl/event.py:55}}
Jun 18 13:52:07.015971 np0000182185 devstack@neutron-api.service[103104]: INFO neutron.plugins.ml2.drivers.ovn.mech_driver.mech_driver [None req-e1a9ff02-e314-498f-99ff-ee57eb1824d5 None None] OVN reports status up for port: 9902dc6a-c5c2-417f-a7a2-0b7db1d1cb23
Jun 18 13:52:07.020806 np0000182185 devstack@neutron-api.service[103104]: DEBUG neutron.db.provisioning_blocks [None req-e1a9ff02-e314-498f-99ff-ee57eb1824d5 None None] Provisioning for port 9902dc6a-c5c2-417f-a7a2-0b7db1d1cb23 completed by entity L2. {{(pid=103104) provisioning_complete /opt/stack/neutron/neutron/db/provisioning_blocks.py:133}}
Jun 18 13:52:07.028582 np0000182185 devstack@neutron-api.service[103104]: DEBUG neutron.db.provisioning_blocks [None req-e1a9ff02-e314-498f-99ff-ee57eb1824d5 None None] Provisioning complete for port 9902dc6a-c5c2-417f-a7a2-0b7db1d1cb23 triggered by entity L2. {{(pid=103104) provisioning_complete /opt/stack/neutron/neutron/db/provisioning_blocks.py:141}}
Jun 18 13:52:07.028715 np0000182185 devstack@neutron-api.service[103104]: DEBUG neutron_lib.callbacks.manager [None req-e1a9ff02-e314-498f-99ff-ee57eb1824d5 None None] Publish callbacks ['neutron.plugins.ml2.plugin.Ml2Plugin._port_provisioned-984322'] for port (9902dc6a-c5c2-417f-a7a2-0b7db1d1cb23), provisioning_complete {{(pid=103104) _notify_loop /opt/stack/data/venv/lib/python3.12/site-packages/neutron_lib/callbacks/manager.py:184}}
Jun 18 13:52:07.028866 np0000182185 devstack@neutron-api.service[103104]: INFO neutron.plugins.ml2.plugin [None req-e1a9ff02-e314-498f-99ff-ee57eb1824d5 None None] Attempt 1 to provision port 9902dc6a-c5c2-417f-a7a2-0b7db1d1cb23
Jun 18 13:52:07.076818 np0000182185 devstack@neutron-api.service[103104]: DEBUG neutron.plugins.ml2.plugin [None req-e1a9ff02-e314-498f-99ff-ee57eb1824d5 None None] Current status of the port 9902dc6a-c5c2-417f-a7a2-0b7db1d1cb23 is: DOWN; New status is: ACTIVE {{(pid=103104) _update_individual_port_db_status /opt/stack/neutron/neutron/plugins/ml2/plugin.py:2470}}
Jun 18 13:52:07.077636 np0000182185 devstack@neutron-api.service[103104]: DEBUG neutron_lib.callbacks.manager [None req-e1a9ff02-e314-498f-99ff-ee57eb1824d5 None None] Publish callbacks ['neutron.plugins.ml2.plugin.SecurityGroupDbMixin._ensure_default_security_group_handler-237284', 'neutron.services.ovn_l3.plugin.OVNL3RouterPlugin._port_update-8773267587546', 'neutron.db.l3_db.L3_NAT_dbonly_mixin._prevent_internal_ip_change_for_fip-8773269091932'] for port (9902dc6a-c5c2-417f-a7a2-0b7db1d1cb23), before_update {{(pid=103104) _notify_loop /opt/stack/data/venv/lib/python3.12/site-packages/neutron_lib/callbacks/manager.py:184}}
Jun 18 13:52:07.098812 np0000182185 devstack@neutron-api.service[103104]: DEBUG neutron.plugins.ml2.db [None req-e1a9ff02-e314-498f-99ff-ee57eb1824d5 None None] For port 9902dc6a-c5c2-417f-a7a2-0b7db1d1cb23, host np0000182185, got binding levels [PortBindingLevel(driver='ovn',host='np0000182185',level=0,port_id=9902dc6a-c5c2-417f-a7a2-0b7db1d1cb23,segment=NetworkSegment(fbf6758d-6e4e-40a5-8c79-fffe5eb45032),segment_id=fbf6758d-6e4e-40a5-8c79-fffe5eb45032)] {{(pid=103104) get_binding_level_objs /opt/stack/neutron/neutron/plugins/ml2/db.py:74}}
Jun 18 13:52:07.099035 np0000182185 devstack@neutron-api.service[103104]: DEBUG neutron.plugins.ml2.drivers.ovn.mech_driver.mech_driver [None req-e1a9ff02-e314-498f-99ff-ee57eb1824d5 None None] No provisioning block for port 9902dc6a-c5c2-417f-a7a2-0b7db1d1cb23 since it is active {{(pid=103104) _is_port_provisioning_required /opt/stack/neutron/neutron/plugins/ml2/drivers/ovn/mech_driver/mech_driver.py:891}}
Jun 18 13:52:07.156221 np0000182185 devstack@neutron-api.service[103104]: DEBUG neutron.plugins.ml2.drivers.ovn.mech_driver.ovsdb.commands [None req-e1a9ff02-e314-498f-99ff-ee57eb1824d5 None None] Converting tag [] to a tag_request {{(pid=103104) _tag_column_to_tag_request /opt/stack/neutron/neutron/plugins/ml2/drivers/ovn/mech_driver/ovsdb/commands.py:205}}
Jun 18 13:52:07.157574 np0000182185 devstack@neutron-api.service[103104]: DEBUG ovsdbapp.backend.ovs_idl.transaction [None req-c1bc422e-622b-40e5-a1a1-e5f58c414d4e None None] Running txn n=1 command(idx=0): CheckRevisionNumberCommand(_result=None, name=9902dc6a-c5c2-417f-a7a2-0b7db1d1cb23, resource={'id': '9902dc6a-c5c2-417f-a7a2-0b7db1d1cb23', 'name': '', 'network_id': 'e2c73c03-b890-4e46-9aa2-ed58cc484976', 'project_id': '04c77a0c172045eb8f3c70b734c2aa45', 'mac_address': 'fa:16:3e:ba:38:a9', 'admin_state_up': True, 'status': 'ACTIVE', 'device_id': 'manila-admin-share', 'device_owner': 'manila:share', 'standard_attr_id': 46, 'fixed_ips': [{'subnet_id': '7d582d96-cd12-4bee-a333-9e2288fa6b1f', 'ip_address': '10.2.5.236'}], 'allowed_address_pairs': [], 'extra_dhcp_opts': [], 'security_groups': [], 'description': '', 'binding:vnic_type': 'normal', 'binding:profile': {}, 'binding:host_id': 'np0000182185', 'binding:vif_type': 'ovs', 'binding:vif_details': {'port_filter': True, 'connectivity': 'l2', 'ovs_create_tap': False, 'bridge_name': 'br-int', 'datapath_type': 'system', 'bound_drivers': {'0': 'ovn'}}, 'port_security_enabled': False, 'tags': [], 'created_at': '2026-06-18T13:52:06Z', 'updated_at': '2026-06-18T13:52:07Z', 'revision_number': 4, 'tenant_id': '04c77a0c172045eb8f3c70b734c2aa45', 'network': {'id': 'e2c73c03-b890-4e46-9aa2-ed58cc484976', 'name': 'admin_net', 'tenant_id': '04c77a0c172045eb8f3c70b734c2aa45', 'project_id': '04c77a0c172045eb8f3c70b734c2aa45', 'admin_state_up': True, 'mtu': 1372, 'status': 'ACTIVE', 'subnets': ['7d582d96-cd12-4bee-a333-9e2288fa6b1f'], 'standard_attr_id': 42, 'shared': False, 'availability_zone_hints': [], 'availability_zones': [], 'ipv4_address_scope': None, 'ipv6_address_scope': None, 'router:external': False, 'qinq': False, 'vlan_transparent': False, 'description': '', 'port_security_enabled': True, 'tags': [], 'created_at': '2026-06-18T13:51:59Z', 'updated_at': '2026-06-18T13:52:00Z', 'revision_number': 2, 'provider:network_type': 'geneve', 'provider:physical_network': None, 'provider:segmentation_id': 13673}}, resource_type=ports, if_exists=True) {{(pid=103104) do_commit /opt/stack/data/venv/lib/python3.12/site-packages/ovsdbapp/backend/ovs_idl/transaction.py:89}}
Jun 18 13:52:07.158342 np0000182185 devstack@neutron-api.service[103104]: DEBUG ovsdbapp.backend.ovs_idl.transaction [None req-c1bc422e-622b-40e5-a1a1-e5f58c414d4e None None] Running txn n=1 command(idx=1): SetLSwitchPortCommand(_result=None, lport=9902dc6a-c5c2-417f-a7a2-0b7db1d1cb23, external_ids_update=None, columns={'external_ids': {'neutron:port_name': '', 'neutron:device_id': 'manila-admin-share', 'neutron:project_id': '04c77a0c172045eb8f3c70b734c2aa45', 'neutron:cidrs': '10.2.5.236/24', 'neutron:device_owner': 'manila:share', 'neutron:subnet_pool_addr_scope4': '', 'neutron:subnet_pool_addr_scope6': '', 'neutron:network_name': 'neutron-e2c73c03-b890-4e46-9aa2-ed58cc484976', 'neutron:security_group_ids': '', 'neutron:revision_number': '4', 'neutron:vnic_type': 'normal', 'neutron:port_capabilities': '', 'neutron:mtu': ''}, 'parent_name': [], 'options': {'requested-chassis': 'np0000182185'}, 'enabled': True, 'port_security': [], 'dhcpv4_options': [UUID('65d788a9-99cf-4a50-8514-258b104786d5')], 'dhcpv6_options': [], 'type': '', 'addresses': ['fa:16:3e:ba:38:a9 10.2.5.236', 'unknown'], 'ha_chassis_group': [], 'tag_request': []}, if_exists=False) {{(pid=103104) do_commit /opt/stack/data/venv/lib/python3.12/site-packages/ovsdbapp/backend/ovs_idl/transaction.py:89}}
Jun 18 13:52:07.160391 np0000182185 devstack@neutron-api.service[103104]: DEBUG ovsdbapp.backend.ovs_idl.transaction [None req-c1bc422e-622b-40e5-a1a1-e5f58c414d4e None None] Running txn n=1 command(idx=2): PgDelPortCommand(_result=None, port_group=neutron_pg_drop, lsp=['9902dc6a-c5c2-417f-a7a2-0b7db1d1cb23'], if_exists=False) {{(pid=103104) do_commit /opt/stack/data/venv/lib/python3.12/site-packages/ovsdbapp/backend/ovs_idl/transaction.py:89}}
Jun 18 13:52:07.165491 np0000182185 devstack@neutron-api.service[103104]: DEBUG neutron.plugins.ml2.drivers.ovn.mech_driver.ovsdb.ovsdb_monitor [None req-c1bc422e-622b-40e5-a1a1-e5f58c414d4e None None] Touching Hash Ring node "447e9b2a2ca451bb86f8e6ac8454e98d" from IDL notify handler {{(pid=103104) notify /opt/stack/neutron/neutron/plugins/ml2/drivers/ovn/mech_driver/ovsdb/ovsdb_monitor.py:1007}}
Jun 18 13:52:07.169071 np0000182185 devstack@neutron-api.service[103104]: DEBUG neutron.plugins.ml2.drivers.ovn.mech_driver.ovsdb.ovsdb_monitor [None req-c1bc422e-622b-40e5-a1a1-e5f58c414d4e None None] Hash Ring: Node 447e9b2a2ca451bb86f8e6ac8454e98d (host: np0000182185) handling event "update" for row 7c3d0ad5-a792-4033-8cac-d2a9be3a8ca4 (table: Logical_Switch_Port) {{(pid=103104) notify /opt/stack/neutron/neutron/plugins/ml2/drivers/ovn/mech_driver/ovsdb/ovsdb_monitor.py:1015}}
Jun 18 13:52:07.172603 np0000182185 devstack@neutron-api.service[103103]: DEBUG neutron.plugins.ml2.drivers.ovn.mech_driver.ovsdb.ovsdb_monitor [None req-07ef9363-ec80-4399-a640-bddeefc3f0d9 None None] Hash Ring: Node a3bbb7bde0085b9ca006007b56ca0a6b (host: np0000182185) handling event "update" for row 9090109d-b3d5-4157-91aa-d20082e33455 (table: Port_Binding) {{(pid=103103) notify /opt/stack/neutron/neutron/plugins/ml2/drivers/ovn/mech_driver/ovsdb/ovsdb_monitor.py:1015}}
Jun 18 13:52:07.202762 np0000182185 devstack@neutron-api.service[103104]: INFO neutron.db.ovn_revision_numbers_db [None req-e1a9ff02-e314-498f-99ff-ee57eb1824d5 None None] Successfully bumped revision number for resource 9902dc6a-c5c2-417f-a7a2-0b7db1d1cb23 (type: ports) to 4
Jun 18 13:52:07.207151 np0000182185 devstack@neutron-api.service[103104]: DEBUG neutron_lib.callbacks.manager [None req-e1a9ff02-e314-498f-99ff-ee57eb1824d5 None None] Publish callbacks ['neutron.plugins.ml2.ovo_rpc._ObjectChangeHandler.handle_event-2035782', 'neutron.services.ovn_l3.plugin.OVNL3RouterPlugin._port_update-8773267587546'] for port (9902dc6a-c5c2-417f-a7a2-0b7db1d1cb23), after_update {{(pid=103104) _notify_loop /opt/stack/data/venv/lib/python3.12/site-packages/neutron_lib/callbacks/manager.py:184}}
Jun 18 13:52:07.235299 np0000182185 devstack@neutron-api.service[103104]: DEBUG neutron.api.rpc.handlers.resources_rpc [None req-8ab54244-2578-4348-ac05-1177797573ae None None] Pushing event updated for resources: {'Port': ['ID=9902dc6a-c5c2-417f-a7a2-0b7db1d1cb23,revision_number=4']} {{(pid=103104) push /opt/stack/neutron/neutron/api/rpc/handlers/resources_rpc.py:237}}
Jun 18 13:52:07.242687 np0000182185 devstack@neutron-api.service[103104]: DEBUG neutron.api.rpc.callbacks.version_manager [None req-8ab54244-2578-4348-ac05-1177797573ae None None] Tracked resource versions report:
Jun 18 13:52:07.242687 np0000182185 devstack@neutron-api.service[103104]: pushed versions:
Jun 18 13:52:07.242687 np0000182185 devstack@neutron-api.service[103104]: { 'AddressGroup': {'1.2'},
Jun 18 13:52:07.242687 np0000182185 devstack@neutron-api.service[103104]: 'Agent': {'1.1'},
Jun 18 13:52:07.242687 np0000182185 devstack@neutron-api.service[103104]: 'ConntrackHelper': {'1.0'},
Jun 18 13:52:07.242687 np0000182185 devstack@neutron-api.service[103104]: 'LocalIPAssociation': {'1.0'},
Jun 18 13:52:07.242687 np0000182185 devstack@neutron-api.service[103104]: 'Log': {'1.0'},
Jun 18 13:52:07.242687 np0000182185 devstack@neutron-api.service[103104]: 'NDPProxy': {'1.0'},
Jun 18 13:52:07.242687 np0000182185 devstack@neutron-api.service[103104]: 'Network': {'1.3'},
Jun 18 13:52:07.242687 np0000182185 devstack@neutron-api.service[103104]: 'Port': {'1.11'},
Jun 18 13:52:07.242687 np0000182185 devstack@neutron-api.service[103104]: 'PortForwarding': {'1.3'},
Jun 18 13:52:07.242687 np0000182185 devstack@neutron-api.service[103104]: 'QosPolicy': {'1.10'},
Jun 18 13:52:07.242687 np0000182185 devstack@neutron-api.service[103104]: 'SecurityGroup': {'1.6'},
Jun 18 13:52:07.242687 np0000182185 devstack@neutron-api.service[103104]: 'SecurityGroupRule': {'1.3'},
Jun 18 13:52:07.242687 np0000182185 devstack@neutron-api.service[103104]: 'SubPort': {'1.0'},
Jun 18 13:52:07.242687 np0000182185 devstack@neutron-api.service[103104]: 'Subnet': {'1.2'},
Jun 18 13:52:07.242687 np0000182185 devstack@neutron-api.service[103104]: 'Trunk': {'1.1'}}
Jun 18 13:52:07.242687 np0000182185 devstack@neutron-api.service[103104]: consumer versions:
Jun 18 13:52:07.242687 np0000182185 devstack@neutron-api.service[103104]: { OVN Controller Gateway agent@np0000182185: {},
Jun 18 13:52:07.242687 np0000182185 devstack@neutron-api.service[103104]: OVN Neutron agent@np0000182185: {}}
Jun 18 13:52:07.242687 np0000182185 devstack@neutron-api.service[103104]: {{(pid=103104) report /opt/stack/neutron/neutron/api/rpc/callbacks/version_manager.py:183}}
Jun 18 13:52:07.267714 np0000182185 devstack@neutron-api.service[103104]: DEBUG ovsdbapp.backend.ovs_idl.transaction [None req-c1bc422e-622b-40e5-a1a1-e5f58c414d4e None None] Running txn n=1 command(idx=0): DbSetCommand(_result=None, table=Logical_Switch_Port, record=9902dc6a-c5c2-417f-a7a2-0b7db1d1cb23, col_values=(('external_ids', {'neutron:host_id': 'np0000182185'}),), if_exists=True) {{(pid=103104) do_commit /opt/stack/data/venv/lib/python3.12/site-packages/ovsdbapp/backend/ovs_idl/transaction.py:89}}
Jun 18 13:52:07.272700 np0000182185 devstack@neutron-api.service[103104]: DEBUG neutron.plugins.ml2.drivers.ovn.mech_driver.ovsdb.ovsdb_monitor [None req-c1bc422e-622b-40e5-a1a1-e5f58c414d4e None None] Touching Hash Ring node "447e9b2a2ca451bb86f8e6ac8454e98d" from IDL notify handler {{(pid=103104) notify /opt/stack/neutron/neutron/plugins/ml2/drivers/ovn/mech_driver/ovsdb/ovsdb_monitor.py:1007}}
Jun 18 13:52:07.279627 np0000182185 devstack@neutron-api.service[103104]: DEBUG neutron.plugins.ml2.drivers.ovn.mech_driver.ovsdb.ovsdb_monitor [None req-c1bc422e-622b-40e5-a1a1-e5f58c414d4e None None] Hash Ring: Node 447e9b2a2ca451bb86f8e6ac8454e98d (host: np0000182185) handling event "update" for row 7c3d0ad5-a792-4033-8cac-d2a9be3a8ca4 (table: Logical_Switch_Port) {{(pid=103104) notify /opt/stack/neutron/neutron/plugins/ml2/drivers/ovn/mech_driver/ovsdb/ovsdb_monitor.py:1015}}
Jun 18 13:52:07.283369 np0000182185 devstack@neutron-api.service[103103]: DEBUG neutron.plugins.ml2.drivers.ovn.mech_driver.ovsdb.ovsdb_monitor [None req-07ef9363-ec80-4399-a640-bddeefc3f0d9 None None] Hash Ring: Node a3bbb7bde0085b9ca006007b56ca0a6b (host: np0000182185) handling event "update" for row 9090109d-b3d5-4157-91aa-d20082e33455 (table: Port_Binding) {{(pid=103103) notify /opt/stack/neutron/neutron/plugins/ml2/drivers/ovn/mech_driver/ovsdb/ovsdb_monitor.py:1015}}
Jun 18 13:52:07.802693 np0000182185 devstack@neutron-api.service[103105]: DEBUG neutron.pecan_wsgi.hooks.policy_enforcement [None req-410dff47-fbf7-48a9-8e23-3390c4d9419e service neutron] Attributes excluded by policy engine: ['standard_attr_id', 'shared'] {{(pid=103105) _exclude_attributes_by_policy /opt/stack/neutron/neutron/pecan_wsgi/hooks/policy_enforcement.py:259}}
Jun 18 13:52:07.803959 np0000182185 devstack@neutron-api.service[103105]: [pid: 103105|app: 0|req: 26/105] 199.204.45.89 () {64 vars in 1360 bytes} [Thu Jun 18 13:52:07 2026] GET /networking/v2.0/subnets/7d582d96-cd12-4bee-a333-9e2288fa6b1f => generated 625 bytes in 24 msecs (HTTP/1.1 200) 4 headers in 157 bytes (1 switches on core 0)
Jun 18 13:52:08.650436 np0000182185 devstack@neutron-api.service[103104]: DEBUG neutron.pecan_wsgi.hooks.policy_enforcement [None req-c4eed267-82b2-4895-a867-76860caa4c2f service neutron] Attributes excluded by policy engine: ['standard_attr_id'] {{(pid=103104) _exclude_attributes_by_policy /opt/stack/neutron/neutron/pecan_wsgi/hooks/policy_enforcement.py:259}}
Jun 18 13:52:08.651693 np0000182185 devstack@neutron-api.service[103104]: [pid: 103104|app: 0|req: 28/106] 199.204.45.89 () {64 vars in 1362 bytes} [Thu Jun 18 13:52:08 2026] GET /networking/v2.0/ports?device_id=manila-admin-share&binding%3Ahost_id=np0000182185 => generated 932 bytes in 34 msecs (HTTP/1.1 200) 4 headers in 157 bytes (1 switches on core 0)
Jun 18 13:52:09.102228 np0000182185 devstack@neutron-api.service[103106]: DEBUG neutron.pecan_wsgi.hooks.policy_enforcement [None req-8f9ab50c-5d4a-49e2-a895-073a252b9a8c service neutron] Attributes excluded by policy engine: ['standard_attr_id', 'shared'] {{(pid=103106) _exclude_attributes_by_policy /opt/stack/neutron/neutron/pecan_wsgi/hooks/policy_enforcement.py:259}}
Jun 18 13:52:09.103973 np0000182185 devstack@neutron-api.service[103106]: [pid: 103106|app: 0|req: 27/107] 199.204.45.89 () {64 vars in 1360 bytes} [Thu Jun 18 13:52:09 2026] GET /networking/v2.0/subnets/7d582d96-cd12-4bee-a333-9e2288fa6b1f => generated 625 bytes in 28 msecs (HTTP/1.1 200) 4 headers in 157 bytes (1 switches on core 0)
Jun 18 13:52:09.417261 np0000182185 devstack@neutron-api.service[103104]: DEBUG neutron.plugins.ml2.drivers.ovn.mech_driver.ovsdb.ovsdb_monitor [None req-b893653c-7119-446d-b7f2-2a5bfdd48071 None None] ChassisOVNAgentWriteEvent : Matched Chassis_Private, update, None None {{(pid=103104) matches /opt/stack/neutron/neutron/plugins/ml2/drivers/ovn/mech_driver/ovsdb/ovsdb_monitor.py:64}}
Jun 18 13:52:09.419129 np0000182185 devstack@neutron-api.service[103106]: DEBUG neutron.plugins.ml2.drivers.ovn.mech_driver.ovsdb.ovsdb_monitor [None req-7447d411-5f57-4b13-a695-4b1101b27a07 None None] ChassisOVNAgentWriteEvent : Matched Chassis_Private, update, None None {{(pid=103106) matches /opt/stack/neutron/neutron/plugins/ml2/drivers/ovn/mech_driver/ovsdb/ovsdb_monitor.py:64}}
Jun 18 13:52:09.422254 np0000182185 devstack@neutron-api.service[103103]: DEBUG neutron.plugins.ml2.drivers.ovn.mech_driver.ovsdb.ovsdb_monitor [None req-07ef9363-ec80-4399-a640-bddeefc3f0d9 None None] ChassisOVNAgentWriteEvent : Matched Chassis_Private, update, None None {{(pid=103103) matches /opt/stack/neutron/neutron/plugins/ml2/drivers/ovn/mech_driver/ovsdb/ovsdb_monitor.py:64}}
Jun 18 13:52:09.422849 np0000182185 devstack@neutron-api.service[103105]: DEBUG neutron.plugins.ml2.drivers.ovn.mech_driver.ovsdb.ovsdb_monitor [None req-a534d6b1-3575-43c0-8ba7-b3184155f5f5 None None] ChassisOVNAgentWriteEvent : Matched Chassis_Private, update, None None {{(pid=103105) matches /opt/stack/neutron/neutron/plugins/ml2/drivers/ovn/mech_driver/ovsdb/ovsdb_monitor.py:64}}
Jun 18 13:52:09.424274 np0000182185 devstack@neutron-api.service[103106]: DEBUG neutron.plugins.ml2.drivers.ovn.mech_driver.ovsdb.ovsdb_monitor [None req-7447d411-5f57-4b13-a695-4b1101b27a07 None None] Hash Ring: Node 0fdc8835298f5b4f8c79ef6d2de53f88 (host: np0000182185) handling event "update" for row 1b049011-7dbf-44f6-b687-8696c393bd0f (table: Chassis_Private) {{(pid=103106) notify /opt/stack/neutron/neutron/plugins/ml2/drivers/ovn/mech_driver/ovsdb/ovsdb_monitor.py:1015}}
Jun 18 13:52:11.311962 np0000182185 devstack@neutron-api.service[103104]: DEBUG futurist.periodics [-] Submitting periodic callback 'neutron.plugins.ml2.drivers.ovn.mech_driver.ovsdb.maintenance.HashRingHealthCheckPeriodics.touch_hash_ring_node' {{(pid=103104) _process_scheduled /opt/stack/data/venv/lib/python3.12/site-packages/futurist/periodics.py:784}}
Jun 18 13:52:11.312454 np0000182185 devstack@neutron-api.service[103104]: DEBUG neutron.plugins.ml2.drivers.ovn.mech_driver.ovsdb.maintenance [-] Touching Hash Ring node "447e9b2a2ca451bb86f8e6ac8454e98d" from periodic health check thread {{(pid=103104) touch_hash_ring_node /opt/stack/neutron/neutron/plugins/ml2/drivers/ovn/mech_driver/ovsdb/maintenance.py:1419}}
Jun 18 13:52:12.186392 np0000182185 devstack@neutron-api.service[103106]: DEBUG futurist.periodics [-] Submitting periodic callback 'neutron.plugins.ml2.drivers.ovn.mech_driver.ovsdb.maintenance.HashRingHealthCheckPeriodics.touch_hash_ring_node' {{(pid=103106) _process_scheduled /opt/stack/data/venv/lib/python3.12/site-packages/futurist/periodics.py:784}}
Jun 18 13:52:12.189482 np0000182185 devstack@neutron-api.service[103106]: DEBUG neutron.plugins.ml2.drivers.ovn.mech_driver.ovsdb.maintenance [-] Touching Hash Ring node "0fdc8835298f5b4f8c79ef6d2de53f88" from periodic health check thread {{(pid=103106) touch_hash_ring_node /opt/stack/neutron/neutron/plugins/ml2/drivers/ovn/mech_driver/ovsdb/maintenance.py:1419}}
Jun 18 13:52:12.274982 np0000182185 devstack@neutron-api.service[103103]: DEBUG futurist.periodics [-] Submitting periodic callback 'neutron.plugins.ml2.drivers.ovn.mech_driver.ovsdb.maintenance.HashRingHealthCheckPeriodics.touch_hash_ring_node' {{(pid=103103) _process_scheduled /opt/stack/data/venv/lib/python3.12/site-packages/futurist/periodics.py:784}}
Jun 18 13:52:12.275539 np0000182185 devstack@neutron-api.service[103103]: DEBUG neutron.plugins.ml2.drivers.ovn.mech_driver.ovsdb.maintenance [-] Touching Hash Ring node "a3bbb7bde0085b9ca006007b56ca0a6b" from periodic health check thread {{(pid=103103) touch_hash_ring_node /opt/stack/neutron/neutron/plugins/ml2/drivers/ovn/mech_driver/ovsdb/maintenance.py:1419}}
Jun 18 13:52:12.296879 np0000182185 devstack@neutron-api.service[103105]: DEBUG futurist.periodics [-] Submitting periodic callback 'neutron.plugins.ml2.drivers.ovn.mech_driver.ovsdb.maintenance.HashRingHealthCheckPeriodics.touch_hash_ring_node' {{(pid=103105) _process_scheduled /opt/stack/data/venv/lib/python3.12/site-packages/futurist/periodics.py:784}}
Jun 18 13:52:12.297441 np0000182185 devstack@neutron-api.service[103105]: DEBUG neutron.plugins.ml2.drivers.ovn.mech_driver.ovsdb.maintenance [-] Touching Hash Ring node "8b762ae3ca735f619302ed1c35debfaf" from periodic health check thread {{(pid=103105) touch_hash_ring_node /opt/stack/neutron/neutron/plugins/ml2/drivers/ovn/mech_driver/ovsdb/maintenance.py:1419}}
Jun 18 13:52:21.322269 np0000182185 devstack@neutron-api.service[103104]: DEBUG dbcounter [-] [103104] Writing DB stats neutron:UPDATE=18,neutron:SELECT=163,neutron:DELETE=1 {{(pid=103104) stat_writer /opt/stack/data/venv/lib/python3.12/site-packages/dbcounter.py:115}}
Jun 18 13:52:21.901329 np0000182185 devstack@neutron-api.service[103103]: [pid: 103103|app: 0|req: 27/108] 199.204.45.89 () {62 vars in 1052 bytes} [Thu Jun 18 13:52:21 2026] GET /networking => generated 129 bytes in 1 msecs (HTTP/1.1 200) 3 headers in 91 bytes (1 switches on core 0)
Jun 18 13:52:21.986737 np0000182185 devstack@neutron-api.service[103105]: DEBUG neutron.pecan_wsgi.hooks.policy_enforcement [None req-f5db85b3-479c-42a3-8f49-42d1e54e67e1 demo demo] Attributes excluded by policy engine: ['standard_attr_id', 'provider:network_type', 'provider:physical_network', 'provider:segmentation_id'] {{(pid=103105) _exclude_attributes_by_policy /opt/stack/neutron/neutron/pecan_wsgi/hooks/policy_enforcement.py:259}}
Jun 18 13:52:21.988516 np0000182185 devstack@neutron-api.service[103105]: [pid: 103105|app: 0|req: 27/109] 199.204.45.89 () {64 vars in 1341 bytes} [Thu Jun 18 13:52:21 2026] GET /networking/v2.0/networks?router%3Aexternal=True => generated 659 bytes in 50 msecs (HTTP/1.1 200) 4 headers in 157 bytes (1 switches on core 0)
Jun 18 13:52:22.204244 np0000182185 devstack@neutron-api.service[103106]: DEBUG dbcounter [-] [103106] Writing DB stats neutron:UPDATE=12,neutron:SELECT=279,neutron:INSERT=12,neutron:DELETE=2 {{(pid=103106) stat_writer /opt/stack/data/venv/lib/python3.12/site-packages/dbcounter.py:115}}
Jun 18 13:52:22.286829 np0000182185 devstack@neutron-api.service[103103]: DEBUG dbcounter [-] [103103] Writing DB stats neutron:UPDATE=16,neutron:SELECT=183,neutron:INSERT=11,neutron:DELETE=2 {{(pid=103103) stat_writer /opt/stack/data/venv/lib/python3.12/site-packages/dbcounter.py:115}}
Jun 18 13:52:26.312712 np0000182185 devstack@neutron-api.service[103104]: DEBUG futurist.periodics [-] Submitting periodic callback 'neutron.plugins.ml2.drivers.ovn.mech_driver.ovsdb.maintenance.HashRingHealthCheckPeriodics.touch_hash_ring_node' {{(pid=103104) _process_scheduled /opt/stack/data/venv/lib/python3.12/site-packages/futurist/periodics.py:784}}
Jun 18 13:52:26.313321 np0000182185 devstack@neutron-api.service[103104]: DEBUG neutron.plugins.ml2.drivers.ovn.mech_driver.ovsdb.maintenance [-] Touching Hash Ring node "447e9b2a2ca451bb86f8e6ac8454e98d" from periodic health check thread {{(pid=103104) touch_hash_ring_node /opt/stack/neutron/neutron/plugins/ml2/drivers/ovn/mech_driver/ovsdb/maintenance.py:1419}}
Jun 18 13:52:27.072556 np0000182185 devstack@neutron-api.service[103104]: [pid: 103104|app: 0|req: 29/110] 199.204.45.89 () {62 vars in 1052 bytes} [Thu Jun 18 13:52:27 2026] GET /networking => generated 129 bytes in 3 msecs (HTTP/1.1 200) 3 headers in 91 bytes (1 switches on core 0)
Jun 18 13:52:27.153686 np0000182185 devstack@neutron-api.service[103106]: DEBUG neutron.pecan_wsgi.hooks.policy_enforcement [None req-1445025f-cef3-4004-8da2-e764801e259d demo demo] Attributes excluded by policy engine: ['standard_attr_id', 'provider:network_type', 'provider:physical_network', 'provider:segmentation_id'] {{(pid=103106) _exclude_attributes_by_policy /opt/stack/neutron/neutron/pecan_wsgi/hooks/policy_enforcement.py:259}}
Jun 18 13:52:27.155106 np0000182185 devstack@neutron-api.service[103106]: [pid: 103106|app: 0|req: 28/111] 199.204.45.89 () {64 vars in 1341 bytes} [Thu Jun 18 13:52:27 2026] GET /networking/v2.0/networks?router%3Aexternal=True => generated 659 bytes in 47 msecs (HTTP/1.1 200) 4 headers in 157 bytes (1 switches on core 0)
Jun 18 13:52:27.188351 np0000182185 devstack@neutron-api.service[103106]: DEBUG futurist.periodics [-] Submitting periodic callback 'neutron.plugins.ml2.drivers.ovn.mech_driver.ovsdb.maintenance.HashRingHealthCheckPeriodics.touch_hash_ring_node' {{(pid=103106) _process_scheduled /opt/stack/data/venv/lib/python3.12/site-packages/futurist/periodics.py:784}}
Jun 18 13:52:27.188932 np0000182185 devstack@neutron-api.service[103106]: DEBUG neutron.plugins.ml2.drivers.ovn.mech_driver.ovsdb.maintenance [-] Touching Hash Ring node "0fdc8835298f5b4f8c79ef6d2de53f88" from periodic health check thread {{(pid=103106) touch_hash_ring_node /opt/stack/neutron/neutron/plugins/ml2/drivers/ovn/mech_driver/ovsdb/maintenance.py:1419}}
Jun 18 13:52:27.275732 np0000182185 devstack@neutron-api.service[103103]: DEBUG futurist.periodics [-] Submitting periodic callback 'neutron.plugins.ml2.drivers.ovn.mech_driver.ovsdb.maintenance.HashRingHealthCheckPeriodics.touch_hash_ring_node' {{(pid=103103) _process_scheduled /opt/stack/data/venv/lib/python3.12/site-packages/futurist/periodics.py:784}}
Jun 18 13:52:27.276589 np0000182185 devstack@neutron-api.service[103103]: DEBUG neutron.plugins.ml2.drivers.ovn.mech_driver.ovsdb.maintenance [-] Touching Hash Ring node "a3bbb7bde0085b9ca006007b56ca0a6b" from periodic health check thread {{(pid=103103) touch_hash_ring_node /opt/stack/neutron/neutron/plugins/ml2/drivers/ovn/mech_driver/ovsdb/maintenance.py:1419}}
Jun 18 13:52:27.297705 np0000182185 devstack@neutron-api.service[103105]: DEBUG futurist.periodics [-] Submitting periodic callback 'neutron.plugins.ml2.drivers.ovn.mech_driver.ovsdb.maintenance.HashRingHealthCheckPeriodics.touch_hash_ring_node' {{(pid=103105) _process_scheduled /opt/stack/data/venv/lib/python3.12/site-packages/futurist/periodics.py:784}}
Jun 18 13:52:27.298228 np0000182185 devstack@neutron-api.service[103105]: DEBUG neutron.plugins.ml2.drivers.ovn.mech_driver.ovsdb.maintenance [-] Touching Hash Ring node "8b762ae3ca735f619302ed1c35debfaf" from periodic health check thread {{(pid=103105) touch_hash_ring_node /opt/stack/neutron/neutron/plugins/ml2/drivers/ovn/mech_driver/ovsdb/maintenance.py:1419}}
Jun 18 13:52:35.565216 np0000182185 devstack@neutron-api.service[103103]: [pid: 103103|app: 0|req: 28/112] 199.204.45.89 () {62 vars in 1063 bytes} [Thu Jun 18 13:52:35 2026] GET /networking => generated 129 bytes in 2 msecs (HTTP/1.1 200) 3 headers in 91 bytes (1 switches on core 0)
Jun 18 13:52:35.646805 np0000182185 devstack@neutron-api.service[103105]: DEBUG neutron.pecan_wsgi.hooks.policy_enforcement [None req-bb12ce72-4a4c-47ea-96e7-baa8e3e3314e demo demo] Attributes excluded by policy engine: ['standard_attr_id', 'provider:network_type', 'provider:physical_network', 'provider:segmentation_id'] {{(pid=103105) _exclude_attributes_by_policy /opt/stack/neutron/neutron/pecan_wsgi/hooks/policy_enforcement.py:259}}
Jun 18 13:52:35.648350 np0000182185 devstack@neutron-api.service[103105]: [pid: 103105|app: 0|req: 28/113] 199.204.45.89 () {64 vars in 1376 bytes} [Thu Jun 18 13:52:35 2026] GET /networking/v2.0/networks?name=public&router%3Aexternal=True => generated 659 bytes in 48 msecs (HTTP/1.1 200) 4 headers in 157 bytes (1 switches on core 0)
Jun 18 13:52:36.324242 np0000182185 devstack@neutron-api.service[103104]: DEBUG dbcounter [-] [103104] Writing DB stats neutron:UPDATE=1,neutron:SELECT=1 {{(pid=103104) stat_writer /opt/stack/data/venv/lib/python3.12/site-packages/dbcounter.py:115}}
Jun 18 13:52:37.204027 np0000182185 devstack@neutron-api.service[103106]: DEBUG dbcounter [-] [103106] Writing DB stats neutron:SELECT=18,neutron:UPDATE=1 {{(pid=103106) stat_writer /opt/stack/data/venv/lib/python3.12/site-packages/dbcounter.py:115}}
Jun 18 13:52:37.286707 np0000182185 devstack@neutron-api.service[103103]: DEBUG dbcounter [-] [103103] Writing DB stats neutron:UPDATE=1,neutron:SELECT=1 {{(pid=103103) stat_writer /opt/stack/data/venv/lib/python3.12/site-packages/dbcounter.py:115}}
Jun 18 13:52:37.843970 np0000182185 devstack@neutron-api.service[103104]: [pid: 103104|app: 0|req: 30/114] 199.204.45.89 () {64 vars in 1261 bytes} [Thu Jun 18 13:52:37 2026] GET /networking/ => generated 129 bytes in 1 msecs (HTTP/1.1 200) 3 headers in 91 bytes (1 switches on core 0)
Jun 18 13:52:37.999990 np0000182185 devstack@neutron-api.service[103106]: DEBUG neutron.pecan_wsgi.hooks.policy_enforcement [None req-a285ee27-1db6-4b0f-907f-907630007cb4 demo demo] Attributes excluded by policy engine: ['standard_attr_id', 'provider:network_type', 'provider:physical_network', 'provider:segmentation_id'] {{(pid=103106) _exclude_attributes_by_policy /opt/stack/neutron/neutron/pecan_wsgi/hooks/policy_enforcement.py:259}}
Jun 18 13:52:38.001242 np0000182185 devstack@neutron-api.service[103106]: [pid: 103106|app: 0|req: 29/115] 199.204.45.89 () {64 vars in 1410 bytes} [Thu Jun 18 13:52:37 2026] GET /networking/v2.0/networks/526b4de7-a5c8-48ff-a548-7aa01ee6c0eb => generated 656 bytes in 146 msecs (HTTP/1.1 200) 4 headers in 157 bytes (1 switches on core 0)
Jun 18 13:52:38.034268 np0000182185 devstack@neutron-api.service[103103]: [pid: 103103|app: 0|req: 29/116] 199.204.45.89 () {64 vars in 1404 bytes} [Thu Jun 18 13:52:38 2026] GET /networking/v2.0/networks?name=k8s-clusterapi-cluster-magnum-system-kube-lvv3p => generated 15 bytes in 27 msecs (HTTP/1.1 200) 4 headers in 156 bytes (1 switches on core 0)
Jun 18 13:52:38.044147 np0000182185 devstack@neutron-api.service[103105]: DEBUG neutron.api.v2.base [None req-dccb804c-44cf-4371-a587-d5bb2bf80028 demo demo] Request body: {'network': {'admin_state_up': True, 'name': 'k8s-clusterapi-cluster-magnum-system-kube-lvv3p'}} {{(pid=103105) prepare_request_body /opt/stack/neutron/neutron/api/v2/base.py:727}}
Jun 18 13:52:38.061026 np0000182185 devstack@neutron-api.service[103105]: DEBUG neutron.pecan_wsgi.hooks.quota_enforcement [None req-dccb804c-44cf-4371-a587-d5bb2bf80028 demo demo] Made reservation on behalf of d835d2ef19b145b99b72c3329f98ec1d for: {'network': 1} {{(pid=103105) before /opt/stack/neutron/neutron/pecan_wsgi/hooks/quota_enforcement.py:66}}
Jun 18 13:52:38.064688 np0000182185 devstack@neutron-api.service[103105]: DEBUG neutron_lib.callbacks.manager [None req-dccb804c-44cf-4371-a587-d5bb2bf80028 demo demo] Publish callbacks ['neutron.plugins.ml2.plugin.SecurityGroupDbMixin._ensure_default_security_group_handler-962604'] for network (None), before_create {{(pid=103105) _notify_loop /opt/stack/data/venv/lib/python3.12/site-packages/neutron_lib/callbacks/manager.py:184}}
Jun 18 13:52:38.070504 np0000182185 devstack@neutron-api.service[103105]: DEBUG neutron_lib.callbacks.manager [None req-dccb804c-44cf-4371-a587-d5bb2bf80028 demo demo] Publish callbacks [] for security_group (None), before_create {{(pid=103105) _notify_loop /opt/stack/data/venv/lib/python3.12/site-packages/neutron_lib/callbacks/manager.py:184}}
