Jun 14 21:58:56.805418 np0000179991 devstack@neutron-api.service[103418]: [pid: 103418|app: 0|req: 2/2] 199.19.213.80 () {64 vars in 1316 bytes} [Sun Jun 14 21:58:56 2026] GET /networking/v2.0/extensions => generated 15873 bytes in 452 msecs (HTTP/1.1 200) 4 headers in 159 bytes (1 switches on core 0)
Jun 14 21:58:57.234943 np0000179991 devstack@neutron-api.service[103417]: DEBUG neutron.api.v2.base [None req-60dd92c3-78d6-4b92-8851-71aef709d7ac admin admin] Request body: {'subnetpool': {'default_prefixlen': 26, 'shared': True, 'prefixes': ['10.1.0.0/20'], 'is_default': True, 'name': 'shared-default-subnetpool-v4'}} {{(pid=103417) prepare_request_body /opt/stack/neutron/neutron/api/v2/base.py:727}}
Jun 14 21:58:57.445132 np0000179991 devstack@neutron-api.service[103417]: DEBUG neutron.policy [None req-60dd92c3-78d6-4b92-8851-71aef709d7ac admin admin] Loaded default policies from ['neutron'] under neutron.policies entry points {{(pid=103417) register_rules /opt/stack/neutron/neutron/policy.py:65}}
Jun 14 21:58:57.596837 np0000179991 devstack@neutron-api.service[103417]: DEBUG neutron_lib.callbacks.manager [None req-60dd92c3-78d6-4b92-8851-71aef709d7ac admin admin] Publish callbacks ['neutron.objects.securitygroup.RbacNeutronDbObjectMixin.validate_rbac_policy_change-2310584668488', 'neutron.objects.address_group.RbacNeutronDbObjectMixin.validate_rbac_policy_change-2310584793734', 'neutron.objects.network.RbacNeutronDbObjectMixin.validate_rbac_policy_change-2310584921988', 'neutron.objects.qos.policy.RbacNeutronDbObjectMixin.validate_rbac_policy_change-2310584879442', 'neutron.objects.subnetpool.RbacNeutronDbObjectMixin.validate_rbac_policy_change-2310584906473', 'neutron.objects.address_scope.RbacNeutronDbObjectMixin.validate_rbac_policy_change-2310584905818', 'neutron.plugins.ml2.plugin.External_net_db_mixin._process_ext_policy_create-1455801', 'neutron.plugins.ml2.plugin.NeutronDbPluginV2.validate_network_rbac_policy_change-1443373'] for rbac-policy (None), before_create {{(pid=103417) _notify_loop /opt/stack/data/venv/lib/python3.12/site-packages/neutron_lib/callbacks/manager.py:184}}
Jun 14 21:58:57.643518 np0000179991 devstack@neutron-api.service[103417]: DEBUG neutron_lib.callbacks.manager [None req-60dd92c3-78d6-4b92-8851-71aef709d7ac admin admin] Publish callbacks [] for subnetpool (None), before_response {{(pid=103417) _notify_loop /opt/stack/data/venv/lib/python3.12/site-packages/neutron_lib/callbacks/manager.py:184}}
Jun 14 21:58:57.644452 np0000179991 devstack@neutron-api.service[103417]: [pid: 103417|app: 0|req: 1/3] 199.19.213.80 () {68 vars in 1360 bytes} [Sun Jun 14 21:58:57 2026] POST /networking/v2.0/subnetpools => generated 533 bytes in 530 msecs (HTTP/1.1 201) 4 headers in 162 bytes (1 switches on core 0)
Jun 14 21:58:57.993661 np0000179991 devstack@neutron-api.service[103416]: DEBUG neutron.api.v2.base [None req-3370c8d1-317b-4932-96d8-cd9c49be3738 admin admin] Request body: {'subnetpool': {'default_prefixlen': 64, 'shared': True, 'prefixes': ['fdba:c396:59bb::/56'], 'is_default': True, 'name': 'shared-default-subnetpool-v6'}} {{(pid=103416) prepare_request_body /opt/stack/neutron/neutron/api/v2/base.py:727}}
Jun 14 21:58:58.172505 np0000179991 devstack@neutron-api.service[103416]: DEBUG neutron.policy [None req-3370c8d1-317b-4932-96d8-cd9c49be3738 admin admin] Loaded default policies from ['neutron'] under neutron.policies entry points {{(pid=103416) register_rules /opt/stack/neutron/neutron/policy.py:65}}
Jun 14 21:58:58.325021 np0000179991 devstack@neutron-api.service[103416]: DEBUG neutron_lib.callbacks.manager [None req-3370c8d1-317b-4932-96d8-cd9c49be3738 admin admin] Publish callbacks ['neutron.objects.securitygroup.RbacNeutronDbObjectMixin.validate_rbac_policy_change-2310584712577', 'neutron.objects.address_group.RbacNeutronDbObjectMixin.validate_rbac_policy_change-2310584720066', 'neutron.objects.network.RbacNeutronDbObjectMixin.validate_rbac_policy_change-2310584861346', 'neutron.objects.qos.policy.RbacNeutronDbObjectMixin.validate_rbac_policy_change-2310584867965', 'neutron.objects.subnetpool.RbacNeutronDbObjectMixin.validate_rbac_policy_change-2310584881440', 'neutron.objects.address_scope.RbacNeutronDbObjectMixin.validate_rbac_policy_change-2310584882941', 'neutron.plugins.ml2.plugin.External_net_db_mixin._process_ext_policy_create-1461423', 'neutron.plugins.ml2.plugin.NeutronDbPluginV2.validate_network_rbac_policy_change-1086489'] for rbac-policy (None), before_create {{(pid=103416) _notify_loop /opt/stack/data/venv/lib/python3.12/site-packages/neutron_lib/callbacks/manager.py:184}}
Jun 14 21:58:58.373064 np0000179991 devstack@neutron-api.service[103416]: DEBUG neutron_lib.callbacks.manager [None req-3370c8d1-317b-4932-96d8-cd9c49be3738 admin admin] Publish callbacks [] for subnetpool (None), before_response {{(pid=103416) _notify_loop /opt/stack/data/venv/lib/python3.12/site-packages/neutron_lib/callbacks/manager.py:184}}
Jun 14 21:58:58.374200 np0000179991 devstack@neutron-api.service[103416]: [pid: 103416|app: 0|req: 1/4] 199.19.213.80 () {68 vars in 1360 bytes} [Sun Jun 14 21:58:57 2026] POST /networking/v2.0/subnetpools => generated 543 bytes in 500 msecs (HTTP/1.1 201) 4 headers in 162 bytes (1 switches on core 0)
Jun 14 21:58:58.816351 np0000179991 devstack@neutron-api.service[103415]: DEBUG neutron.api.v2.base [None req-b7c4a26f-37f4-491b-9016-7d06cee510e8 admin admin] Request body: {'network': {'name': 'private', 'admin_state_up': True}} {{(pid=103415) prepare_request_body /opt/stack/neutron/neutron/api/v2/base.py:727}}
Jun 14 21:58:58.855476 np0000179991 devstack@neutron-api.service[103415]: DEBUG neutron.pecan_wsgi.hooks.quota_enforcement [None req-b7c4a26f-37f4-491b-9016-7d06cee510e8 admin admin] Made reservation on behalf of ac5107a2a8c047e98c4bd775815b1c8e for: {'network': 1} {{(pid=103415) before /opt/stack/neutron/neutron/pecan_wsgi/hooks/quota_enforcement.py:66}}
Jun 14 21:58:59.036576 np0000179991 devstack@neutron-api.service[103415]: DEBUG neutron.policy [None req-b7c4a26f-37f4-491b-9016-7d06cee510e8 admin admin] Loaded default policies from ['neutron'] under neutron.policies entry points {{(pid=103415) register_rules /opt/stack/neutron/neutron/policy.py:65}}
Jun 14 21:58:59.140882 np0000179991 devstack@neutron-api.service[103415]: DEBUG neutron_lib.callbacks.manager [None req-b7c4a26f-37f4-491b-9016-7d06cee510e8 admin admin] Publish callbacks ['neutron.plugins.ml2.plugin.SecurityGroupDbMixin._ensure_default_security_group_handler-1535241'] for network (None), before_create {{(pid=103415) _notify_loop /opt/stack/data/venv/lib/python3.12/site-packages/neutron_lib/callbacks/manager.py:184}}
Jun 14 21:58:59.160491 np0000179991 devstack@neutron-api.service[103415]: DEBUG neutron_lib.callbacks.manager [None req-b7c4a26f-37f4-491b-9016-7d06cee510e8 admin admin] Publish callbacks [] for security_group (None), before_create {{(pid=103415) _notify_loop /opt/stack/data/venv/lib/python3.12/site-packages/neutron_lib/callbacks/manager.py:184}}
Jun 14 21:58:59.258981 np0000179991 devstack@neutron-api.service[103415]: DEBUG neutron_lib.callbacks.manager [None req-b7c4a26f-37f4-491b-9016-7d06cee510e8 admin admin] Publish callbacks ['neutron.plugins.ml2.drivers.ovn.mech_driver.mech_driver.OVNMechanismDriver._create_security_group_precommit-184781'] for security_group (cd37f512-22ce-4439-8d34-4655b24500e6), precommit_create {{(pid=103415) _notify_loop /opt/stack/data/venv/lib/python3.12/site-packages/neutron_lib/callbacks/manager.py:184}}
Jun 14 21:58:59.259173 np0000179991 devstack@neutron-api.service[103415]: DEBUG neutron.db.ovn_revision_numbers_db [None req-b7c4a26f-37f4-491b-9016-7d06cee510e8 admin admin] create_initial_revision uuid=cd37f512-22ce-4439-8d34-4655b24500e6, type=security_groups, rev=-1 {{(pid=103415) create_initial_revision /opt/stack/neutron/neutron/db/ovn_revision_numbers_db.py:98}}
Jun 14 21:58:59.262212 np0000179991 devstack@neutron-api.service[103415]: DEBUG neutron.db.ovn_revision_numbers_db [None req-b7c4a26f-37f4-491b-9016-7d06cee510e8 admin admin] create_initial_revision uuid=07297457-8f48-4e75-9e16-d089423e7a92, type=security_group_rules, rev=-1 {{(pid=103415) create_initial_revision /opt/stack/neutron/neutron/db/ovn_revision_numbers_db.py:98}}
Jun 14 21:58:59.263298 np0000179991 devstack@neutron-api.service[103415]: DEBUG neutron.db.ovn_revision_numbers_db [None req-b7c4a26f-37f4-491b-9016-7d06cee510e8 admin admin] create_initial_revision uuid=8596f9ea-1bbe-4b12-918f-88456d5a782f, type=security_group_rules, rev=-1 {{(pid=103415) create_initial_revision /opt/stack/neutron/neutron/db/ovn_revision_numbers_db.py:98}}
Jun 14 21:58:59.264502 np0000179991 devstack@neutron-api.service[103415]: DEBUG neutron.db.ovn_revision_numbers_db [None req-b7c4a26f-37f4-491b-9016-7d06cee510e8 admin admin] create_initial_revision uuid=ad728ead-3830-4eb4-9356-5636324c4544, type=security_group_rules, rev=-1 {{(pid=103415) create_initial_revision /opt/stack/neutron/neutron/db/ovn_revision_numbers_db.py:98}}
Jun 14 21:58:59.265897 np0000179991 devstack@neutron-api.service[103415]: DEBUG neutron.db.ovn_revision_numbers_db [None req-b7c4a26f-37f4-491b-9016-7d06cee510e8 admin admin] create_initial_revision uuid=f299547e-9baa-4e0f-b623-012382276dd8, type=security_group_rules, rev=-1 {{(pid=103415) create_initial_revision /opt/stack/neutron/neutron/db/ovn_revision_numbers_db.py:98}}
Jun 14 21:58:59.274254 np0000179991 devstack@neutron-api.service[103415]: DEBUG neutron_lib.callbacks.manager [None req-b7c4a26f-37f4-491b-9016-7d06cee510e8 admin admin] Publish callbacks ['neutron.plugins.ml2.drivers.ovn.mech_driver.mech_driver.OVNMechanismDriver._create_security_group-184823', 'neutron.plugins.ml2.ovo_rpc._ObjectChangeHandler.handle_event-3187138'] for security_group (cd37f512-22ce-4439-8d34-4655b24500e6), after_create {{(pid=103415) _notify_loop /opt/stack/data/venv/lib/python3.12/site-packages/neutron_lib/callbacks/manager.py:184}}
Jun 14 21:58:59.274488 np0000179991 devstack@neutron-api.service[103415]: INFO neutron.plugins.ml2.drivers.ovn.mech_driver.ovsdb.extensions.qos [None req-b7c4a26f-37f4-491b-9016-7d06cee510e8 admin admin] Starting OVNClientQosExtension
Jun 14 21:58:59.274679 np0000179991 devstack@neutron-api.service[103415]: INFO neutron.plugins.ml2.drivers.ovn.mech_driver.ovsdb.extensions.placement [None req-b7c4a26f-37f4-491b-9016-7d06cee510e8 admin admin] Starting OVNClientPlacementExtension
Jun 14 21:58:59.276394 np0000179991 devstack@neutron-api.service[103415]: DEBUG ovsdbapp.backend.ovs_idl.transaction [-] Running txn n=1 command(idx=0): PgAddCommand(_result=None, name=pg_cd37f512_22ce_4439_8d34_4655b24500e6, may_exist=False, columns={'acls': [], 'external_ids': {'neutron:security_group_id': 'cd37f512-22ce-4439-8d34-4655b24500e6'}}) {{(pid=103415) do_commit /opt/stack/data/venv/lib/python3.12/site-packages/ovsdbapp/backend/ovs_idl/transaction.py:89}}
Jun 14 21:58:59.279189 np0000179991 devstack@neutron-api.service[103415]: DEBUG ovsdbapp.backend.ovs_idl.transaction [-] Running txn n=1 command(idx=1): PgAclAddCommand(_result=None, entity=pg_cd37f512_22ce_4439_8d34_4655b24500e6, direction=from-lport, priority=1002, match=inport == @pg_cd37f512_22ce_4439_8d34_4655b24500e6 && ip4, action=allow-related, log=False, may_exist=True, severity=[], name=[], meter=[], external_ids={'neutron:security_group_rule_id': '07297457-8f48-4e75-9e16-d089423e7a92'}) {{(pid=103415) do_commit /opt/stack/data/venv/lib/python3.12/site-packages/ovsdbapp/backend/ovs_idl/transaction.py:89}}
Jun 14 21:58:59.280006 np0000179991 devstack@neutron-api.service[103415]: DEBUG ovsdbapp.backend.ovs_idl.transaction [-] Running txn n=1 command(idx=2): PgAclAddCommand(_result=None, entity=pg_cd37f512_22ce_4439_8d34_4655b24500e6, direction=to-lport, priority=1002, match=outport == @pg_cd37f512_22ce_4439_8d34_4655b24500e6 && ip6 && ip6.src == $pg_cd37f512_22ce_4439_8d34_4655b24500e6_ip6, action=allow-related, log=False, may_exist=True, severity=[], name=[], meter=[], external_ids={'neutron:security_group_rule_id': '8596f9ea-1bbe-4b12-918f-88456d5a782f'}) {{(pid=103415) do_commit /opt/stack/data/venv/lib/python3.12/site-packages/ovsdbapp/backend/ovs_idl/transaction.py:89}}
Jun 14 21:58:59.280750 np0000179991 devstack@neutron-api.service[103415]: DEBUG ovsdbapp.backend.ovs_idl.transaction [-] Running txn n=1 command(idx=3): PgAclAddCommand(_result=None, entity=pg_cd37f512_22ce_4439_8d34_4655b24500e6, direction=from-lport, priority=1002, match=inport == @pg_cd37f512_22ce_4439_8d34_4655b24500e6 && ip6, action=allow-related, log=False, may_exist=True, severity=[], name=[], meter=[], external_ids={'neutron:security_group_rule_id': 'ad728ead-3830-4eb4-9356-5636324c4544'}) {{(pid=103415) do_commit /opt/stack/data/venv/lib/python3.12/site-packages/ovsdbapp/backend/ovs_idl/transaction.py:89}}
Jun 14 21:58:59.281375 np0000179991 devstack@neutron-api.service[103415]: DEBUG ovsdbapp.backend.ovs_idl.transaction [-] Running txn n=1 command(idx=4): PgAclAddCommand(_result=None, entity=pg_cd37f512_22ce_4439_8d34_4655b24500e6, direction=to-lport, priority=1002, match=outport == @pg_cd37f512_22ce_4439_8d34_4655b24500e6 && ip4 && ip4.src == $pg_cd37f512_22ce_4439_8d34_4655b24500e6_ip4, action=allow-related, log=False, may_exist=True, severity=[], name=[], meter=[], external_ids={'neutron:security_group_rule_id': 'f299547e-9baa-4e0f-b623-012382276dd8'}) {{(pid=103415) do_commit /opt/stack/data/venv/lib/python3.12/site-packages/ovsdbapp/backend/ovs_idl/transaction.py:89}}
Jun 14 21:58:59.287338 np0000179991 devstack@neutron-api.service[103415]: DEBUG neutron.plugins.ml2.drivers.ovn.mech_driver.ovsdb.ovsdb_monitor [-] Hash Ring: Node 32fc04ffba05504187c336dfcb8f6811 (host: np0000179991) handling event "create" for row 0bed7fc5-f046-4963-8d0e-67e404186f29 (table: ACL) {{(pid=103415) notify /opt/stack/neutron/neutron/plugins/ml2/drivers/ovn/mech_driver/ovsdb/ovsdb_monitor.py:1015}}
Jun 14 21:58:59.287622 np0000179991 devstack@neutron-api.service[103415]: DEBUG neutron.plugins.ml2.drivers.ovn.mech_driver.ovsdb.ovsdb_monitor [-] Hash Ring: Node 32fc04ffba05504187c336dfcb8f6811 (host: np0000179991) handling event "create" for row 75c9e810-0bc4-4f5c-8e48-8f98290ff21d (table: ACL) {{(pid=103415) notify /opt/stack/neutron/neutron/plugins/ml2/drivers/ovn/mech_driver/ovsdb/ovsdb_monitor.py:1015}}
Jun 14 21:58:59.292191 np0000179991 devstack@neutron-api.service[103416]: DEBUG neutron.plugins.ml2.drivers.ovn.mech_driver.ovsdb.ovsdb_monitor [-] Hash Ring: Node 1ce942cbb50d5d6c9e5f4990681e6daa (host: np0000179991) handling event "create" for row e2ccd7a3-5692-4f06-986c-6dd8eab98fda (table: ACL) {{(pid=103416) notify /opt/stack/neutron/neutron/plugins/ml2/drivers/ovn/mech_driver/ovsdb/ovsdb_monitor.py:1015}}
Jun 14 21:58:59.292563 np0000179991 devstack@neutron-api.service[103417]: DEBUG neutron.plugins.ml2.drivers.ovn.mech_driver.ovsdb.ovsdb_monitor [-] Hash Ring: Node 43e20c40050d5b10a74ba270b9abd6aa (host: np0000179991) handling event "create" for row 46be11a0-5356-4326-9d19-8bb18dc41dab (table: ACL) {{(pid=103417) notify /opt/stack/neutron/neutron/plugins/ml2/drivers/ovn/mech_driver/ovsdb/ovsdb_monitor.py:1015}}
Jun 14 21:58:59.292563 np0000179991 devstack@neutron-api.service[103417]: DEBUG neutron.plugins.ml2.drivers.ovn.mech_driver.ovsdb.ovsdb_monitor [-] Hash Ring: Node 43e20c40050d5b10a74ba270b9abd6aa (host: np0000179991) handling event "create" for row 75c9e810-0bc4-4f5c-8e48-8f98290ff21d (table: ACL) {{(pid=103417) notify /opt/stack/neutron/neutron/plugins/ml2/drivers/ovn/mech_driver/ovsdb/ovsdb_monitor.py:1015}}
Jun 14 21:58:59.295384 np0000179991 devstack@neutron-api.service[103418]: DEBUG neutron.plugins.ml2.drivers.ovn.mech_driver.ovsdb.ovsdb_monitor [-] Hash Ring: Node 0f4f77fc28b85456a55e9ab8bc17a8ef (host: np0000179991) handling event "create" for row 0bed7fc5-f046-4963-8d0e-67e404186f29 (table: ACL) {{(pid=103418) notify /opt/stack/neutron/neutron/plugins/ml2/drivers/ovn/mech_driver/ovsdb/ovsdb_monitor.py:1015}}
Jun 14 21:58:59.295701 np0000179991 devstack@neutron-api.service[103418]: DEBUG neutron.plugins.ml2.drivers.ovn.mech_driver.ovsdb.ovsdb_monitor [-] Hash Ring: Node 0f4f77fc28b85456a55e9ab8bc17a8ef (host: np0000179991) handling event "create" for row 46be11a0-5356-4326-9d19-8bb18dc41dab (table: ACL) {{(pid=103418) notify /opt/stack/neutron/neutron/plugins/ml2/drivers/ovn/mech_driver/ovsdb/ovsdb_monitor.py:1015}}
Jun 14 21:58:59.295931 np0000179991 devstack@neutron-api.service[103418]: DEBUG neutron.plugins.ml2.drivers.ovn.mech_driver.ovsdb.ovsdb_monitor [-] Hash Ring: Node 0f4f77fc28b85456a55e9ab8bc17a8ef (host: np0000179991) handling event "create" for row 75c9e810-0bc4-4f5c-8e48-8f98290ff21d (table: ACL) {{(pid=103418) notify /opt/stack/neutron/neutron/plugins/ml2/drivers/ovn/mech_driver/ovsdb/ovsdb_monitor.py:1015}}
Jun 14 21:58:59.296178 np0000179991 devstack@neutron-api.service[103418]: DEBUG neutron.plugins.ml2.drivers.ovn.mech_driver.ovsdb.ovsdb_monitor [-] Hash Ring: Node 0f4f77fc28b85456a55e9ab8bc17a8ef (host: np0000179991) handling event "create" for row e2ccd7a3-5692-4f06-986c-6dd8eab98fda (table: ACL) {{(pid=103418) notify /opt/stack/neutron/neutron/plugins/ml2/drivers/ovn/mech_driver/ovsdb/ovsdb_monitor.py:1015}}
Jun 14 21:58:59.296461 np0000179991 devstack@neutron-api.service[103418]: DEBUG neutron.plugins.ml2.drivers.ovn.mech_driver.ovsdb.ovsdb_monitor [-] Hash Ring: Node 0f4f77fc28b85456a55e9ab8bc17a8ef (host: np0000179991) handling event "create" for row e7497f3d-8c1e-44a7-b019-49abbb9417e1 (table: Port_Group) {{(pid=103418) notify /opt/stack/neutron/neutron/plugins/ml2/drivers/ovn/mech_driver/ovsdb/ovsdb_monitor.py:1015}}
Jun 14 21:58:59.319692 np0000179991 devstack@neutron-api.service[103415]: INFO neutron.db.ovn_revision_numbers_db [None req-b7c4a26f-37f4-491b-9016-7d06cee510e8 admin admin] Successfully bumped revision number for resource cd37f512-22ce-4439-8d34-4655b24500e6 (type: security_groups) to 1
Jun 14 21:58:59.339432 np0000179991 devstack@neutron-api.service[103415]: INFO neutron.db.ovn_revision_numbers_db [None req-b7c4a26f-37f4-491b-9016-7d06cee510e8 admin admin] Successfully bumped revision number for resource 07297457-8f48-4e75-9e16-d089423e7a92 (type: security_group_rules) to 0
Jun 14 21:58:59.355667 np0000179991 devstack@neutron-api.service[103415]: INFO neutron.db.ovn_revision_numbers_db [None req-b7c4a26f-37f4-491b-9016-7d06cee510e8 admin admin] Successfully bumped revision number for resource 8596f9ea-1bbe-4b12-918f-88456d5a782f (type: security_group_rules) to 0
Jun 14 21:58:59.369536 np0000179991 devstack@neutron-api.service[103415]: INFO neutron.db.ovn_revision_numbers_db [None req-b7c4a26f-37f4-491b-9016-7d06cee510e8 admin admin] Successfully bumped revision number for resource ad728ead-3830-4eb4-9356-5636324c4544 (type: security_group_rules) to 0
Jun 14 21:58:59.384422 np0000179991 devstack@neutron-api.service[103415]: INFO neutron.db.ovn_revision_numbers_db [None req-b7c4a26f-37f4-491b-9016-7d06cee510e8 admin admin] Successfully bumped revision number for resource f299547e-9baa-4e0f-b623-012382276dd8 (type: security_group_rules) to 0
Jun 14 21:58:59.415316 np0000179991 devstack@neutron-api.service[103415]: DEBUG neutron.api.rpc.handlers.resources_rpc [None req-b7c4a26f-37f4-491b-9016-7d06cee510e8 admin admin] Pushing event updated for resources: {'SecurityGroup': ['ID=cd37f512-22ce-4439-8d34-4655b24500e6,revision_number=1']} {{(pid=103415) push /opt/stack/neutron/neutron/api/rpc/handlers/resources_rpc.py:237}}
Jun 14 21:58:59.424569 np0000179991 devstack@neutron-api.service[103415]: DEBUG ovsdbapp.backend.ovs_idl.transaction [-] Running txn n=1 command(idx=0): CheckLivenessCommand(_result=None) {{(pid=103415) do_commit /opt/stack/data/venv/lib/python3.12/site-packages/ovsdbapp/backend/ovs_idl/transaction.py:89}}
Jun 14 21:58:59.429126 np0000179991 devstack@neutron-api.service[103418]: DEBUG neutron.plugins.ml2.drivers.ovn.mech_driver.ovsdb.ovsdb_monitor [-] Hash Ring: Node 0f4f77fc28b85456a55e9ab8bc17a8ef (host: np0000179991) handling event "update" for row 23284346-9274-46ae-a8d0-d88c8c09d7e4 (table: NB_Global) {{(pid=103418) notify /opt/stack/neutron/neutron/plugins/ml2/drivers/ovn/mech_driver/ovsdb/ovsdb_monitor.py:1015}}
Jun 14 21:58:59.430073 np0000179991 devstack@neutron-api.service[103415]: DEBUG neutron.api.rpc.callbacks.version_manager [None req-b7c4a26f-37f4-491b-9016-7d06cee510e8 admin admin] Tracked resource versions report:
Jun 14 21:58:59.430073 np0000179991 devstack@neutron-api.service[103415]: pushed versions:
Jun 14 21:58:59.430073 np0000179991 devstack@neutron-api.service[103415]: { 'AddressGroup': {'1.2'},
Jun 14 21:58:59.430073 np0000179991 devstack@neutron-api.service[103415]: 'Agent': {'1.1'},
Jun 14 21:58:59.430073 np0000179991 devstack@neutron-api.service[103415]: 'ConntrackHelper': {'1.0'},
Jun 14 21:58:59.430073 np0000179991 devstack@neutron-api.service[103415]: 'LocalIPAssociation': {'1.0'},
Jun 14 21:58:59.430073 np0000179991 devstack@neutron-api.service[103415]: 'Log': {'1.0'},
Jun 14 21:58:59.430073 np0000179991 devstack@neutron-api.service[103415]: 'NDPProxy': {'1.0'},
Jun 14 21:58:59.430073 np0000179991 devstack@neutron-api.service[103415]: 'Network': {'1.3'},
Jun 14 21:58:59.430073 np0000179991 devstack@neutron-api.service[103415]: 'Port': {'1.11'},
Jun 14 21:58:59.430073 np0000179991 devstack@neutron-api.service[103415]: 'PortForwarding': {'1.3'},
Jun 14 21:58:59.430073 np0000179991 devstack@neutron-api.service[103415]: 'QosPolicy': {'1.10'},
Jun 14 21:58:59.430073 np0000179991 devstack@neutron-api.service[103415]: 'SecurityGroup': {'1.6'},
Jun 14 21:58:59.430073 np0000179991 devstack@neutron-api.service[103415]: 'SecurityGroupRule': {'1.3'},
Jun 14 21:58:59.430073 np0000179991 devstack@neutron-api.service[103415]: 'SubPort': {'1.0'},
Jun 14 21:58:59.430073 np0000179991 devstack@neutron-api.service[103415]: 'Subnet': {'1.2'},
Jun 14 21:58:59.430073 np0000179991 devstack@neutron-api.service[103415]: 'Trunk': {'1.1'}}
Jun 14 21:58:59.430073 np0000179991 devstack@neutron-api.service[103415]: consumer versions:
Jun 14 21:58:59.430073 np0000179991 devstack@neutron-api.service[103415]: {}
Jun 14 21:58:59.430073 np0000179991 devstack@neutron-api.service[103415]: {{(pid=103415) report /opt/stack/neutron/neutron/api/rpc/callbacks/version_manager.py:183}}
Jun 14 21:58:59.432778 np0000179991 devstack@neutron-api.service[103418]: DEBUG neutron.plugins.ml2.drivers.ovn.mech_driver.ovsdb.ovsdb_monitor [-] Hash Ring: Node 0f4f77fc28b85456a55e9ab8bc17a8ef (host: np0000179991) handling event "update" for row 23284346-9274-46ae-a8d0-d88c8c09d7e4 (table: NB_Global) {{(pid=103418) notify /opt/stack/neutron/neutron/plugins/ml2/drivers/ovn/mech_driver/ovsdb/ovsdb_monitor.py:1015}}
Jun 14 21:58:59.435055 np0000179991 devstack@neutron-api.service[103416]: DEBUG neutron.plugins.ml2.drivers.ovn.mech_driver.ovsdb.ovsdb_monitor [-] ChassisAgentWriteEvent : Matched Chassis_Private, update, None None {{(pid=103416) matches /opt/stack/neutron/neutron/plugins/ml2/drivers/ovn/mech_driver/ovsdb/ovsdb_monitor.py:64}}
Jun 14 21:58:59.436229 np0000179991 devstack@neutron-api.service[103418]: DEBUG neutron.plugins.ml2.drivers.ovn.mech_driver.ovsdb.ovsdb_monitor [-] ChassisAgentWriteEvent : Matched Chassis_Private, update, None None {{(pid=103418) matches /opt/stack/neutron/neutron/plugins/ml2/drivers/ovn/mech_driver/ovsdb/ovsdb_monitor.py:64}}
Jun 14 21:58:59.436406 np0000179991 devstack@neutron-api.service[103417]: DEBUG neutron.plugins.ml2.drivers.ovn.mech_driver.ovsdb.ovsdb_monitor [-] ChassisAgentWriteEvent : Matched Chassis_Private, update, None None {{(pid=103417) matches /opt/stack/neutron/neutron/plugins/ml2/drivers/ovn/mech_driver/ovsdb/ovsdb_monitor.py:64}}
Jun 14 21:58:59.436550 np0000179991 devstack@neutron-api.service[103415]: DEBUG neutron.plugins.ml2.drivers.ovn.mech_driver.ovsdb.ovsdb_monitor [-] ChassisAgentWriteEvent : Matched Chassis_Private, update, None None {{(pid=103415) matches /opt/stack/neutron/neutron/plugins/ml2/drivers/ovn/mech_driver/ovsdb/ovsdb_monitor.py:64}}
Jun 14 21:58:59.437701 np0000179991 devstack@neutron-api.service[103418]: DEBUG neutron.plugins.ml2.drivers.ovn.mech_driver.ovsdb.ovsdb_monitor [-] Hash Ring: Node 0f4f77fc28b85456a55e9ab8bc17a8ef (host: np0000179991) handling event "update" for row 23284346-9274-46ae-a8d0-d88c8c09d7e4 (table: NB_Global) {{(pid=103418) notify /opt/stack/neutron/neutron/plugins/ml2/drivers/ovn/mech_driver/ovsdb/ovsdb_monitor.py:1015}}
Jun 14 21:58:59.439284 np0000179991 devstack@neutron-api.service[103416]: DEBUG neutron.plugins.ml2.drivers.ovn.mech_driver.ovsdb.ovsdb_monitor [-] ChassisOVNAgentWriteEvent : Matched Chassis_Private, update, None None {{(pid=103416) matches /opt/stack/neutron/neutron/plugins/ml2/drivers/ovn/mech_driver/ovsdb/ovsdb_monitor.py:64}}
Jun 14 21:58:59.441004 np0000179991 devstack@neutron-api.service[103415]: DEBUG neutron.plugins.ml2.drivers.ovn.mech_driver.ovsdb.ovsdb_monitor [-] ChassisOVNAgentWriteEvent : Matched Chassis_Private, update, None None {{(pid=103415) matches /opt/stack/neutron/neutron/plugins/ml2/drivers/ovn/mech_driver/ovsdb/ovsdb_monitor.py:64}}
Jun 14 21:58:59.441142 np0000179991 devstack@neutron-api.service[103418]: DEBUG neutron.plugins.ml2.drivers.ovn.mech_driver.ovsdb.ovsdb_monitor [-] Hash Ring: Node 0f4f77fc28b85456a55e9ab8bc17a8ef (host: np0000179991) handling event "update" for row 23284346-9274-46ae-a8d0-d88c8c09d7e4 (table: NB_Global) {{(pid=103418) notify /opt/stack/neutron/neutron/plugins/ml2/drivers/ovn/mech_driver/ovsdb/ovsdb_monitor.py:1015}}
Jun 14 21:58:59.441661 np0000179991 devstack@neutron-api.service[103417]: DEBUG neutron.plugins.ml2.drivers.ovn.mech_driver.ovsdb.ovsdb_monitor [-] ChassisOVNAgentWriteEvent : Matched Chassis_Private, update, None None {{(pid=103417) matches /opt/stack/neutron/neutron/plugins/ml2/drivers/ovn/mech_driver/ovsdb/ovsdb_monitor.py:64}}
Jun 14 21:58:59.443983 np0000179991 devstack@neutron-api.service[103418]: DEBUG neutron.common.ovn.hash_ring_manager [-] Allow caching, nodes 4>=4 {{(pid=103418) _wait_startup_before_caching /opt/stack/neutron/neutron/common/ovn/hash_ring_manager.py:65}}
Jun 14 21:58:59.444164 np0000179991 devstack@neutron-api.service[103418]: DEBUG neutron.plugins.ml2.drivers.ovn.mech_driver.ovsdb.ovsdb_monitor [-] Hash Ring: Node 0f4f77fc28b85456a55e9ab8bc17a8ef (host: np0000179991) handling event "update" for row 8fa04125-1f90-41e3-bf5d-511c4a56b860 (table: Chassis_Private) {{(pid=103418) notify /opt/stack/neutron/neutron/plugins/ml2/drivers/ovn/mech_driver/ovsdb/ovsdb_monitor.py:1015}}
Jun 14 21:58:59.445230 np0000179991 devstack@neutron-api.service[103418]: DEBUG neutron.plugins.ml2.drivers.ovn.mech_driver.ovsdb.ovsdb_monitor [-] ChassisOVNAgentWriteEvent : Matched Chassis_Private, update, None None {{(pid=103418) matches /opt/stack/neutron/neutron/plugins/ml2/drivers/ovn/mech_driver/ovsdb/ovsdb_monitor.py:64}}
Jun 14 21:58:59.445606 np0000179991 devstack@neutron-api.service[103418]: DEBUG neutron.plugins.ml2.drivers.ovn.mech_driver.ovsdb.ovsdb_monitor [-] Hash Ring: Node 0f4f77fc28b85456a55e9ab8bc17a8ef (host: np0000179991) handling event "update" for row 8fa04125-1f90-41e3-bf5d-511c4a56b860 (table: Chassis_Private) {{(pid=103418) notify /opt/stack/neutron/neutron/plugins/ml2/drivers/ovn/mech_driver/ovsdb/ovsdb_monitor.py:1015}}
Jun 14 21:58:59.494965 np0000179991 devstack@neutron-api.service[103415]: DEBUG neutron.plugins.ml2.drivers.helpers [None req-b7c4a26f-37f4-491b-9016-7d06cee510e8 admin admin] geneve segment allocate from pool success with {'geneve_vni': 25408} {{(pid=103415) allocate_partially_specified_segment /opt/stack/neutron/neutron/plugins/ml2/drivers/helpers.py:142}}
Jun 14 21:58:59.507140 np0000179991 devstack@neutron-api.service[103415]: DEBUG neutron_lib.callbacks.manager [None req-b7c4a26f-37f4-491b-9016-7d06cee510e8 admin admin] Publish callbacks ['neutron.services.segments.db._add_segment_host_mapping_for_segment-8761580884572', 'neutron.plugins.ml2.plugin.Ml2Plugin._handle_segment_change-1773969'] for segment (b17f00dc-318b-4b1f-8248-aedf08b64570), precommit_create {{(pid=103415) _notify_loop /opt/stack/data/venv/lib/python3.12/site-packages/neutron_lib/callbacks/manager.py:184}}
Jun 14 21:58:59.507377 np0000179991 devstack@neutron-api.service[103415]: INFO neutron.db.segments_db [None req-b7c4a26f-37f4-491b-9016-7d06cee510e8 admin admin] Added segment b17f00dc-318b-4b1f-8248-aedf08b64570 of type geneve for network 70c05ba3-14ec-47bc-beba-f83e492492b4
Jun 14 21:58:59.558725 np0000179991 devstack@neutron-api.service[103415]: DEBUG neutron_lib.callbacks.manager [None req-b7c4a26f-37f4-491b-9016-7d06cee510e8 admin admin] Publish callbacks ['neutron.services.auto_allocate.db._ensure_external_network_default_value_callback-8761579175086'] for network (70c05ba3-14ec-47bc-beba-f83e492492b4), precommit_create {{(pid=103415) _notify_loop /opt/stack/data/venv/lib/python3.12/site-packages/neutron_lib/callbacks/manager.py:184}}
Jun 14 21:58:59.576091 np0000179991 devstack@neutron-api.service[103415]: DEBUG neutron.plugins.ml2.drivers.ovn.mech_driver.mech_driver [None req-b7c4a26f-37f4-491b-9016-7d06cee510e8 admin admin] Validating network segment with type geneve, segmentation ID 25408, physical network None {{(pid=103415) _validate_network_segments /opt/stack/neutron/neutron/plugins/ml2/drivers/ovn/mech_driver/mech_driver.py:643}}
Jun 14 21:58:59.576736 np0000179991 devstack@neutron-api.service[103415]: DEBUG neutron.db.ovn_revision_numbers_db [None req-b7c4a26f-37f4-491b-9016-7d06cee510e8 admin admin] create_initial_revision uuid=70c05ba3-14ec-47bc-beba-f83e492492b4, type=networks, rev=-1 {{(pid=103415) create_initial_revision /opt/stack/neutron/neutron/db/ovn_revision_numbers_db.py:98}}
Jun 14 21:58:59.596246 np0000179991 devstack@neutron-api.service[103415]: DEBUG neutron_lib.callbacks.manager [None req-b7c4a26f-37f4-491b-9016-7d06cee510e8 admin admin] Publish callbacks ['neutron.plugins.ml2.ovo_rpc._ObjectChangeHandler.handle_event-3187190'] for network (70c05ba3-14ec-47bc-beba-f83e492492b4), after_create {{(pid=103415) _notify_loop /opt/stack/data/venv/lib/python3.12/site-packages/neutron_lib/callbacks/manager.py:184}}
Jun 14 21:58:59.644791 np0000179991 devstack@neutron-api.service[103415]: DEBUG neutron.api.rpc.handlers.resources_rpc [None req-b7c4a26f-37f4-491b-9016-7d06cee510e8 admin admin] Pushing event updated for resources: {'Network': ['ID=70c05ba3-14ec-47bc-beba-f83e492492b4,revision_number=1']} {{(pid=103415) push /opt/stack/neutron/neutron/api/rpc/handlers/resources_rpc.py:237}}
Jun 14 21:58:59.654603 np0000179991 devstack@neutron-api.service[103415]: DEBUG ovsdbapp.backend.ovs_idl.transaction [-] Running txn n=1 command(idx=0): AddNetworkCommand(_result=None, network_uuid=70c05ba3-14ec-47bc-beba-f83e492492b4, may_exist=True, columns={'external_ids': {'neutron:network_name': 'private', 'neutron:mtu': '1372', 'neutron:revision_number': '1', 'neutron:availability_zone_hints': '', 'neutron:provnet-network-type': 'geneve'}, 'other_config': {'mcast_snoop': 'false', 'mcast_flood_unregistered': 'false', 'vlan-passthru': 'false'}}) {{(pid=103415) do_commit /opt/stack/data/venv/lib/python3.12/site-packages/ovsdbapp/backend/ovs_idl/transaction.py:89}}
Jun 14 21:58:59.656896 np0000179991 devstack@neutron-api.service[103415]: DEBUG neutron.common.ovn.utils [-] OVS persist_uuid supported=True {{(pid=103415) ovs_persist_uuid_supported /opt/stack/neutron/neutron/common/ovn/utils.py:1544}}
Jun 14 21:58:59.661751 np0000179991 devstack@neutron-api.service[103418]: DEBUG neutron.plugins.ml2.drivers.ovn.mech_driver.ovsdb.ovsdb_monitor [-] Hash Ring: Node 0f4f77fc28b85456a55e9ab8bc17a8ef (host: np0000179991) handling event "create" for row 70c05ba3-14ec-47bc-beba-f83e492492b4 (table: Logical_Switch) {{(pid=103418) notify /opt/stack/neutron/neutron/plugins/ml2/drivers/ovn/mech_driver/ovsdb/ovsdb_monitor.py:1015}}
Jun 14 21:58:59.668782 np0000179991 devstack@neutron-api.service[103418]: DEBUG neutron.plugins.ml2.drivers.ovn.mech_driver.ovsdb.ovsdb_monitor [-] Hash Ring: Node 0f4f77fc28b85456a55e9ab8bc17a8ef (host: np0000179991) handling event "create" for row 5687ed91-c50a-41c9-b041-9b6a484e1355 (table: Datapath_Binding) {{(pid=103418) notify /opt/stack/neutron/neutron/plugins/ml2/drivers/ovn/mech_driver/ovsdb/ovsdb_monitor.py:1015}}
Jun 14 21:58:59.669505 np0000179991 devstack@neutron-api.service[103416]: DEBUG neutron.plugins.ml2.drivers.ovn.mech_driver.ovsdb.ovsdb_monitor [-] Hash Ring: Node 1ce942cbb50d5d6c9e5f4990681e6daa (host: np0000179991) handling event "create" for row 5687ed91-c50a-41c9-b041-9b6a484e1355 (table: Datapath_Binding) {{(pid=103416) notify /opt/stack/neutron/neutron/plugins/ml2/drivers/ovn/mech_driver/ovsdb/ovsdb_monitor.py:1015}}
Jun 14 21:58:59.695710 np0000179991 devstack@neutron-api.service[103415]: INFO neutron.db.ovn_revision_numbers_db [None req-b7c4a26f-37f4-491b-9016-7d06cee510e8 admin admin] Successfully bumped revision number for resource 70c05ba3-14ec-47bc-beba-f83e492492b4 (type: networks) to 1
Jun 14 21:58:59.762319 np0000179991 devstack@neutron-api.service[103415]: DEBUG neutron_lib.callbacks.manager [None req-b7c4a26f-37f4-491b-9016-7d06cee510e8 admin admin] Publish callbacks ['neutron.plugins.ml2.plugin.SecurityGroupDbMixin._ensure_default_security_group_handler-1535241'] for port (None), before_create {{(pid=103415) _notify_loop /opt/stack/data/venv/lib/python3.12/site-packages/neutron_lib/callbacks/manager.py:184}}
Jun 14 21:59:00.073761 np0000179991 devstack@neutron-api.service[103415]: DEBUG neutron_lib.callbacks.manager [None req-b7c4a26f-37f4-491b-9016-7d06cee510e8 admin admin] Publish callbacks ['neutron.plugins.ml2.drivers.ovn.mech_driver.mech_driver.OVNMechanismDriver._validate_allowed_address_pairs-182849'] for allowed_address_pair (cbfc7a58-8364-4e0c-b53e-0a26aa0905f2), before_create {{(pid=103415) _notify_loop /opt/stack/data/venv/lib/python3.12/site-packages/neutron_lib/callbacks/manager.py:184}}
Jun 14 21:59:00.074426 np0000179991 devstack@neutron-api.service[103415]: DEBUG neutron_lib.callbacks.manager [None req-b7c4a26f-37f4-491b-9016-7d06cee510e8 admin admin] Publish callbacks [] for port (cbfc7a58-8364-4e0c-b53e-0a26aa0905f2), precommit_create {{(pid=103415) _notify_loop /opt/stack/data/venv/lib/python3.12/site-packages/neutron_lib/callbacks/manager.py:184}}
Jun 14 21:59:00.074426 np0000179991 devstack@neutron-api.service[103415]: DEBUG neutron.plugins.ml2.drivers.ovn.mech_driver.mech_driver [None req-b7c4a26f-37f4-491b-9016-7d06cee510e8 admin admin] No provisioning block for port cbfc7a58-8364-4e0c-b53e-0a26aa0905f2 since it does not have a host {{(pid=103415) _is_port_provisioning_required /opt/stack/neutron/neutron/plugins/ml2/drivers/ovn/mech_driver/mech_driver.py:896}}
Jun 14 21:59:00.074509 np0000179991 devstack@neutron-api.service[103415]: DEBUG neutron.db.ovn_revision_numbers_db [None req-b7c4a26f-37f4-491b-9016-7d06cee510e8 admin admin] create_initial_revision uuid=cbfc7a58-8364-4e0c-b53e-0a26aa0905f2, type=ports, rev=-1 {{(pid=103415) create_initial_revision /opt/stack/neutron/neutron/db/ovn_revision_numbers_db.py:98}}
Jun 14 21:59:00.153419 np0000179991 devstack@neutron-api.service[103415]: DEBUG neutron_lib.callbacks.manager [None req-b7c4a26f-37f4-491b-9016-7d06cee510e8 admin admin] Publish callbacks ['neutron.plugins.ml2.ovo_rpc._ObjectChangeHandler.handle_event-3186990'] for port (cbfc7a58-8364-4e0c-b53e-0a26aa0905f2), after_create {{(pid=103415) _notify_loop /opt/stack/data/venv/lib/python3.12/site-packages/neutron_lib/callbacks/manager.py:184}}
Jun 14 21:59:00.219314 np0000179991 devstack@neutron-api.service[103415]: DEBUG neutron.api.rpc.handlers.resources_rpc [None req-b7c4a26f-37f4-491b-9016-7d06cee510e8 admin admin] Pushing event updated for resources: {'Port': ['ID=cbfc7a58-8364-4e0c-b53e-0a26aa0905f2,revision_number=1']} {{(pid=103415) push /opt/stack/neutron/neutron/api/rpc/handlers/resources_rpc.py:237}}
Jun 14 21:59:00.261852 np0000179991 devstack@neutron-api.service[103415]: DEBUG neutron.plugins.ml2.drivers.ovn.mech_driver.ovsdb.commands [None req-b7c4a26f-37f4-491b-9016-7d06cee510e8 admin admin] Converting tag [] to a tag_request {{(pid=103415) _tag_column_to_tag_request /opt/stack/neutron/neutron/plugins/ml2/drivers/ovn/mech_driver/ovsdb/commands.py:205}}
Jun 14 21:59:00.262938 np0000179991 devstack@neutron-api.service[103415]: DEBUG ovsdbapp.backend.ovs_idl.transaction [-] Running txn n=1 command(idx=0): AddLSwitchPortCommand(_result=None, lport=cbfc7a58-8364-4e0c-b53e-0a26aa0905f2, lswitch=neutron-70c05ba3-14ec-47bc-beba-f83e492492b4, may_exist=True, network_uuid=70c05ba3-14ec-47bc-beba-f83e492492b4, columns={'addresses': ['fa:16:3e:3e:22:81'], 'external_ids': {'neutron:port_name': '', 'neutron:device_id': 'ovnmeta-70c05ba3-14ec-47bc-beba-f83e492492b4', 'neutron:project_id': 'ac5107a2a8c047e98c4bd775815b1c8e', 'neutron:cidrs': '', 'neutron:device_owner': 'network:distributed', 'neutron:subnet_pool_addr_scope4': '', 'neutron:subnet_pool_addr_scope6': '', 'neutron:network_name': 'neutron-70c05ba3-14ec-47bc-beba-f83e492492b4', 'neutron:security_group_ids': '', 'neutron:revision_number': '1', 'neutron:vnic_type': 'normal', 'neutron:port_capabilities': '', 'neutron:mtu': '1372'}, 'parent_name': [], 'enabled': True, 'options': {}, 'type': 'localport', 'port_security': [], 'dhcpv4_options': [], 'dhcpv6_options': [], 'tag_request': []}) {{(pid=103415) do_commit /opt/stack/data/venv/lib/python3.12/site-packages/ovsdbapp/backend/ovs_idl/transaction.py:89}}
Jun 14 21:59:00.264340 np0000179991 devstack@neutron-api.service[103415]: DEBUG ovsdbapp.backend.ovs_idl.transaction [-] Running txn n=1 command(idx=1): QoSDelCommand(_result=None, switch=neutron-70c05ba3-14ec-47bc-beba-f83e492492b4, conditions=[('direction', '=', 'to-lport'), ('priority', '=', 2002), ('match', '=', 'outport == "cbfc7a58-8364-4e0c-b53e-0a26aa0905f2"')], if_exists=True) {{(pid=103415) do_commit /opt/stack/data/venv/lib/python3.12/site-packages/ovsdbapp/backend/ovs_idl/transaction.py:89}}
Jun 14 21:59:00.264590 np0000179991 devstack@neutron-api.service[103415]: DEBUG ovsdbapp.backend.ovs_idl.transaction [-] Running txn n=1 command(idx=2): QoSDelCommand(_result=None, switch=neutron-70c05ba3-14ec-47bc-beba-f83e492492b4, conditions=[('direction', '=', 'from-lport'), ('priority', '=', 2002), ('match', '=', 'inport == "cbfc7a58-8364-4e0c-b53e-0a26aa0905f2"')], if_exists=True) {{(pid=103415) do_commit /opt/stack/data/venv/lib/python3.12/site-packages/ovsdbapp/backend/ovs_idl/transaction.py:89}}
Jun 14 21:59:00.269530 np0000179991 devstack@neutron-api.service[103418]: DEBUG neutron.plugins.ml2.drivers.ovn.mech_driver.ovsdb.ovsdb_monitor [-] Hash Ring: Node 0f4f77fc28b85456a55e9ab8bc17a8ef (host: np0000179991) handling event "update" for row 70c05ba3-14ec-47bc-beba-f83e492492b4 (table: Logical_Switch) {{(pid=103418) notify /opt/stack/neutron/neutron/plugins/ml2/drivers/ovn/mech_driver/ovsdb/ovsdb_monitor.py:1015}}
Jun 14 21:59:00.269745 np0000179991 devstack@neutron-api.service[103416]: DEBUG neutron.plugins.ml2.drivers.ovn.mech_driver.ovsdb.ovsdb_monitor [-] Hash Ring: Node 1ce942cbb50d5d6c9e5f4990681e6daa (host: np0000179991) handling event "create" for row f88f382c-9ac4-4425-bd42-a1f46f691e66 (table: Logical_Switch_Port) {{(pid=103416) notify /opt/stack/neutron/neutron/plugins/ml2/drivers/ovn/mech_driver/ovsdb/ovsdb_monitor.py:1015}}
Jun 14 21:59:00.269807 np0000179991 devstack@neutron-api.service[103418]: DEBUG neutron.plugins.ml2.drivers.ovn.mech_driver.ovsdb.ovsdb_monitor [-] Hash Ring: Node 0f4f77fc28b85456a55e9ab8bc17a8ef (host: np0000179991) handling event "create" for row f88f382c-9ac4-4425-bd42-a1f46f691e66 (table: Logical_Switch_Port) {{(pid=103418) notify /opt/stack/neutron/neutron/plugins/ml2/drivers/ovn/mech_driver/ovsdb/ovsdb_monitor.py:1015}}
Jun 14 21:59:00.271963 np0000179991 devstack@neutron-api.service[103416]: DEBUG ovsdbapp.backend.ovs_idl.event [-] Matched CREATE: LogicalSwitchPortCreateEvent(events=('create',), table='Logical_Switch_Port', conditions=[], old_conditions=None), priority=20 to row=Logical_Switch_Port(uuid=f88f382c-9ac4-4425-bd42-a1f46f691e66, addresses=['fa:16:3e:3e:22:81'], dhcpv4_options=[], dhcpv6_options=[], dynamic_addresses=[], enabled=True, external_ids={'neutron:cidrs': '', 'neutron:device_id': 'ovnmeta-70c05ba3-14ec-47bc-beba-f83e492492b4', 'neutron:device_owner': 'network:distributed', 'neutron:mtu': '1372', 'neutron:network_name': 'neutron-70c05ba3-14ec-47bc-beba-f83e492492b4', 'neutron:port_capabilities': '', 'neutron:port_name': '', 'neutron:project_id': 'ac5107a2a8c047e98c4bd775815b1c8e', 'neutron:revision_number': '1', 'neutron:security_group_ids': '', 'neutron:subnet_pool_addr_scope4': '', 'neutron:subnet_pool_addr_scope6': '', 'neutron:vnic_type': 'normal'}, ha_chassis_group=[], mirror_rules=[], name='cbfc7a58-8364-4e0c-b53e-0a26aa0905f2', options={}, parent_name=[], port_security=[], tag=[], tag_request=[], type='localport', up=[]) old= {{(pid=103416) matches /opt/stack/data/venv/lib/python3.12/site-packages/ovsdbapp/backend/ovs_idl/event.py:55}}
Jun 14 21:59:00.272072 np0000179991 devstack@neutron-api.service[103418]: DEBUG ovsdbapp.backend.ovs_idl.event [-] Matched CREATE: LogicalSwitchPortCreateEvent(events=('create',), table='Logical_Switch_Port', conditions=[], old_conditions=None), priority=20 to row=Logical_Switch_Port(uuid=f88f382c-9ac4-4425-bd42-a1f46f691e66, addresses=['fa:16:3e:3e:22:81'], dhcpv4_options=[], dhcpv6_options=[], dynamic_addresses=[], enabled=True, external_ids={'neutron:cidrs': '', 'neutron:device_id': 'ovnmeta-70c05ba3-14ec-47bc-beba-f83e492492b4', 'neutron:device_owner': 'network:distributed', 'neutron:mtu': '1372', 'neutron:network_name': 'neutron-70c05ba3-14ec-47bc-beba-f83e492492b4', 'neutron:port_capabilities': '', 'neutron:port_name': '', 'neutron:project_id': 'ac5107a2a8c047e98c4bd775815b1c8e', 'neutron:revision_number': '1', 'neutron:security_group_ids': '', 'neutron:subnet_pool_addr_scope4': '', 'neutron:subnet_pool_addr_scope6': '', 'neutron:vnic_type': 'normal'}, ha_chassis_group=[], mirror_rules=[], name='cbfc7a58-8364-4e0c-b53e-0a26aa0905f2', options={}, parent_name=[], port_security=[], tag=[], tag_request=[], type='localport', up=[]) old= {{(pid=103418) matches /opt/stack/data/venv/lib/python3.12/site-packages/ovsdbapp/backend/ovs_idl/event.py:55}}
Jun 14 21:59:00.274959 np0000179991 devstack@neutron-api.service[103418]: INFO neutron.plugins.ml2.drivers.ovn.mech_driver.mech_driver [-] OVN reports status down for port: cbfc7a58-8364-4e0c-b53e-0a26aa0905f2
Jun 14 21:59:00.275174 np0000179991 devstack@neutron-api.service[103416]: DEBUG neutron.plugins.ml2.drivers.ovn.mech_driver.ovsdb.ovsdb_monitor [-] Hash Ring: Node 1ce942cbb50d5d6c9e5f4990681e6daa (host: np0000179991) handling event "create" for row c6d6627b-1025-4896-a52c-1669df9fcaee (table: Port_Binding) {{(pid=103416) notify /opt/stack/neutron/neutron/plugins/ml2/drivers/ovn/mech_driver/ovsdb/ovsdb_monitor.py:1015}}
Jun 14 21:59:00.275817 np0000179991 devstack@neutron-api.service[103416]: DEBUG neutron.plugins.ml2.drivers.ovn.mech_driver.ovsdb.ovsdb_monitor [-] Hash Ring: Node 1ce942cbb50d5d6c9e5f4990681e6daa (host: np0000179991) handling event "update" for row f88f382c-9ac4-4425-bd42-a1f46f691e66 (table: Logical_Switch_Port) {{(pid=103416) notify /opt/stack/neutron/neutron/plugins/ml2/drivers/ovn/mech_driver/ovsdb/ovsdb_monitor.py:1015}}
Jun 14 21:59:00.277295 np0000179991 devstack@neutron-api.service[103416]: INFO neutron.plugins.ml2.drivers.ovn.mech_driver.mech_driver [-] OVN reports status down for port: cbfc7a58-8364-4e0c-b53e-0a26aa0905f2
Jun 14 21:59:00.278519 np0000179991 devstack@neutron-api.service[103418]: DEBUG neutron.plugins.ml2.drivers.ovn.mech_driver.ovsdb.ovsdb_monitor [-] Hash Ring: Node 0f4f77fc28b85456a55e9ab8bc17a8ef (host: np0000179991) handling event "update" for row f88f382c-9ac4-4425-bd42-a1f46f691e66 (table: Logical_Switch_Port) {{(pid=103418) notify /opt/stack/neutron/neutron/plugins/ml2/drivers/ovn/mech_driver/ovsdb/ovsdb_monitor.py:1015}}
Jun 14 21:59:00.283619 np0000179991 devstack@neutron-api.service[103418]: DEBUG neutron.plugins.ml2.drivers.ovn.mech_driver.ovsdb.ovsdb_monitor [-] Hash Ring: Node 0f4f77fc28b85456a55e9ab8bc17a8ef (host: np0000179991) handling event "create" for row c6d6627b-1025-4896-a52c-1669df9fcaee (table: Port_Binding) {{(pid=103418) notify /opt/stack/neutron/neutron/plugins/ml2/drivers/ovn/mech_driver/ovsdb/ovsdb_monitor.py:1015}}
Jun 14 21:59:00.327107 np0000179991 devstack@neutron-api.service[103415]: INFO neutron.db.ovn_revision_numbers_db [None req-b7c4a26f-37f4-491b-9016-7d06cee510e8 admin admin] Successfully bumped revision number for resource cbfc7a58-8364-4e0c-b53e-0a26aa0905f2 (type: ports) to 1
Jun 14 21:59:00.341582 np0000179991 devstack@neutron-api.service[103415]: DEBUG neutron.pecan_wsgi.hooks.policy_enforcement [None req-b7c4a26f-37f4-491b-9016-7d06cee510e8 admin admin] Attributes excluded by policy engine: ['standard_attr_id'] {{(pid=103415) _exclude_attributes_by_policy /opt/stack/neutron/neutron/pecan_wsgi/hooks/policy_enforcement.py:256}}
Jun 14 21:59:00.341861 np0000179991 devstack@neutron-api.service[103415]: DEBUG neutron_lib.callbacks.manager [None req-b7c4a26f-37f4-491b-9016-7d06cee510e8 admin admin] Publish callbacks [] for network (None), before_response {{(pid=103415) _notify_loop /opt/stack/data/venv/lib/python3.12/site-packages/neutron_lib/callbacks/manager.py:184}}
Jun 14 21:59:00.347841 np0000179991 devstack@neutron-api.service[103418]: DEBUG neutron.db.provisioning_blocks [None req-487c9f0c-13e4-4144-a684-a6da1a2a24dd None None] Transition to ACTIVE for port object cbfc7a58-8364-4e0c-b53e-0a26aa0905f2 will not be triggered until provisioned by entity L2. {{(pid=103418) add_provisioning_component /opt/stack/neutron/neutron/db/provisioning_blocks.py:74}}
Jun 14 21:59:00.360207 np0000179991 devstack@neutron-api.service[103416]: DEBUG neutron_lib.db.api [None req-e4764a3a-333d-463a-a1db-7e396e2cdf21 None None] Retry wrapper got retriable exception: Failed to create a duplicate ProvisioningBlock: for attribute(s) ['provisioningblocks.PRIMARY'] with value(s) 14-L2 {{(pid=103416) wrapped /opt/stack/data/venv/lib/python3.12/site-packages/neutron_lib/db/api.py:185}}
Jun 14 21:59:00.360744 np0000179991 devstack@neutron-api.service[103416]: DEBUG oslo_db.api [None req-e4764a3a-333d-463a-a1db-7e396e2cdf21 None None] Performing DB retry for function neutron.db.provisioning_blocks.add_provisioning_component {{(pid=103416) wrapper /opt/stack/data/venv/lib/python3.12/site-packages/oslo_db/api.py:155}}
Jun 14 21:59:00.368003 np0000179991 devstack@neutron-api.service[103415]: [pid: 103415|app: 0|req: 1/5] 199.19.213.80 () {68 vars in 1350 bytes} [Sun Jun 14 21:58:58 2026] POST /networking/v2.0/networks => generated 681 bytes in 1670 msecs (HTTP/1.1 201) 4 headers in 162 bytes (1 switches on core 0)
Jun 14 21:59:00.421039 np0000179991 devstack@neutron-api.service[103418]: DEBUG neutron.plugins.ml2.plugin [None req-487c9f0c-13e4-4144-a684-a6da1a2a24dd None None] Current status of the port cbfc7a58-8364-4e0c-b53e-0a26aa0905f2 is: DOWN; New status is: DOWN {{(pid=103418) _update_individual_port_db_status /opt/stack/neutron/neutron/plugins/ml2/plugin.py:2470}}
Jun 14 21:59:00.424042 np0000179991 devstack@neutron-api.service[103418]: DEBUG ovsdbapp.backend.ovs_idl.transaction [-] Running txn n=1 command(idx=0): DbRemoveCommand(_result=None, table=Logical_Switch_Port, record=cbfc7a58-8364-4e0c-b53e-0a26aa0905f2, column=external_ids, values=('neutron:host_id',), keyvalues={}, if_exists=True) {{(pid=103418) do_commit /opt/stack/data/venv/lib/python3.12/site-packages/ovsdbapp/backend/ovs_idl/transaction.py:89}}
Jun 14 21:59:00.865396 np0000179991 devstack@neutron-api.service[103416]: DEBUG neutron.db.provisioning_blocks [None req-e4764a3a-333d-463a-a1db-7e396e2cdf21 None None] Ignored duplicate provisioning block setup for port cbfc7a58-8364-4e0c-b53e-0a26aa0905f2 by entity L2. {{(pid=103416) add_provisioning_component /opt/stack/neutron/neutron/db/provisioning_blocks.py:69}}
Jun 14 21:59:00.901228 np0000179991 devstack@neutron-api.service[103416]: DEBUG neutron.plugins.ml2.plugin [None req-e4764a3a-333d-463a-a1db-7e396e2cdf21 None None] Current status of the port cbfc7a58-8364-4e0c-b53e-0a26aa0905f2 is: DOWN; New status is: DOWN {{(pid=103416) _update_individual_port_db_status /opt/stack/neutron/neutron/plugins/ml2/plugin.py:2470}}
Jun 14 21:59:00.901828 np0000179991 devstack@neutron-api.service[103416]: INFO neutron.plugins.ml2.drivers.ovn.mech_driver.ovsdb.extensions.qos [None req-e4764a3a-333d-463a-a1db-7e396e2cdf21 None None] Starting OVNClientQosExtension
Jun 14 21:59:00.901964 np0000179991 devstack@neutron-api.service[103416]: INFO neutron.plugins.ml2.drivers.ovn.mech_driver.ovsdb.extensions.placement [None req-e4764a3a-333d-463a-a1db-7e396e2cdf21 None None] Starting OVNClientPlacementExtension
Jun 14 21:59:00.903434 np0000179991 devstack@neutron-api.service[103416]: DEBUG ovsdbapp.backend.ovs_idl.transaction [-] Running txn n=1 command(idx=0): DbRemoveCommand(_result=None, table=Logical_Switch_Port, record=cbfc7a58-8364-4e0c-b53e-0a26aa0905f2, column=external_ids, values=('neutron:host_id',), keyvalues={}, if_exists=True) {{(pid=103416) do_commit /opt/stack/data/venv/lib/python3.12/site-packages/ovsdbapp/backend/ovs_idl/transaction.py:89}}
Jun 14 21:59:00.982699 np0000179991 devstack@neutron-api.service[103418]: DEBUG neutron.policy [None req-5883bfec-8a10-47da-b4d0-4400312ca4a4 admin admin] Loaded default policies from ['neutron'] under neutron.policies entry points {{(pid=103418) register_rules /opt/stack/neutron/neutron/policy.py:65}}
