+ COMMAND=start + start + for KEYSTONE_WSGI_SCRIPT in keystone-wsgi-public ++ type -p keystone-wsgi-public + cp -a /var/lib/openstack/bin/keystone-wsgi-public /var/www/cgi-bin/keystone/ + '[' -f /etc/apache2/envvars ']' + source /etc/apache2/envvars ++ unset HOME ++ '[' '' '!=' '' ']' ++ SUFFIX= ++ export APACHE_RUN_USER=www-data ++ APACHE_RUN_USER=www-data ++ export APACHE_RUN_GROUP=www-data ++ APACHE_RUN_GROUP=www-data ++ export APACHE_PID_FILE=/var/run/apache2/apache2.pid ++ APACHE_PID_FILE=/var/run/apache2/apache2.pid ++ export APACHE_RUN_DIR=/var/run/apache2 ++ APACHE_RUN_DIR=/var/run/apache2 ++ export APACHE_LOCK_DIR=/var/lock/apache2 ++ APACHE_LOCK_DIR=/var/lock/apache2 ++ export APACHE_LOG_DIR=/var/log/apache2 ++ APACHE_LOG_DIR=/var/log/apache2 ++ export LANG=C ++ LANG=C ++ export LANG + '[' -f /var/run/apache2/apache2.pid ']' + exec apache2 -DFOREGROUND AH00558: apache2: Could not reliably determine the server's fully qualified domain name, using 10.0.0.240. Set the 'ServerName' directive globally to suppress this message AH00558: apache2: Could not reliably determine the server's fully qualified domain name, using 10.0.0.240. Set the 'ServerName' directive globally to suppress this message
[Tue Jul 07 20:16:46.662597 2026] [mpm_event:notice] [pid 1:tid 139723587037056] AH00489: Apache/2.4.58 (Ubuntu) mod_wsgi/5.0.0 Python/3.12 configured -- resuming normal operations
[Tue Jul 07 20:16:46.662703 2026] [core:notice] [pid 1:tid 139723587037056] AH00094: Command line: 'apache2 -D FOREGROUND'
[Tue Jul 07 20:17:49.745843 2026] [wsgi:error] [pid 10:tid 139722949215936] /var/lib/openstack/lib/python3.12/site-packages/oslo_utils/importutils.py:77: EventletDeprecationWarning:
[Tue Jul 07 20:17:49.745882 2026] [wsgi:error] [pid 10:tid 139722949215936] Eventlet is deprecated. It is currently being maintained in bugfix mode, and
[Tue Jul 07 20:17:49.745884 2026] [wsgi:error] [pid 10:tid 139722949215936] we strongly recommend against using it for new projects.
[Tue Jul 07 20:17:49.745886 2026] [wsgi:error] [pid 10:tid 139722949215936]
[Tue Jul 07 20:17:49.745887 2026] [wsgi:error] [pid 10:tid 139722949215936] If you are already using Eventlet, we recommend migrating to a different
[Tue Jul 07 20:17:49.745888 2026] [wsgi:error] [pid 10:tid 139722949215936] framework. For more detail see
[Tue Jul 07 20:17:49.745889 2026] [wsgi:error] [pid 10:tid 139722949215936] https://eventlet.readthedocs.io/en/latest/asyncio/migration.html
[Tue Jul 07 20:17:49.745890 2026] [wsgi:error] [pid 10:tid 139722949215936]
[Tue Jul 07 20:17:49.745891 2026] [wsgi:error] [pid 10:tid 139722949215936] __import__(import_str)
[Tue Jul 07 20:17:49.752243 2026] [wsgi:error] [pid 12:tid 139722949215936] /var/lib/openstack/lib/python3.12/site-packages/oslo_utils/importutils.py:77: EventletDeprecationWarning:
[Tue Jul 07 20:17:49.752286 2026] [wsgi:error] [pid 12:tid 139722949215936] Eventlet is deprecated. It is currently being maintained in bugfix mode, and
[Tue Jul 07 20:17:49.752288 2026] [wsgi:error] [pid 12:tid 139722949215936] we strongly recommend against using it for new projects.
[Tue Jul 07 20:17:49.752289 2026] [wsgi:error] [pid 12:tid 139722949215936]
[Tue Jul 07 20:17:49.752290 2026] [wsgi:error] [pid 12:tid 139722949215936] If you are already using Eventlet, we recommend migrating to a different
[Tue Jul 07 20:17:49.752292 2026] [wsgi:error] [pid 12:tid 139722949215936] framework. For more detail see
[Tue Jul 07 20:17:49.752293 2026] [wsgi:error] [pid 12:tid 139722949215936] https://eventlet.readthedocs.io/en/latest/asyncio/migration.html
[Tue Jul 07 20:17:49.752294 2026] [wsgi:error] [pid 12:tid 139722949215936]
[Tue Jul 07 20:17:49.752295 2026] [wsgi:error] [pid 12:tid 139722949215936] __import__(import_str) 10.0.0.70 - - [07/Jul/2026:20:17:48 +0000] "GET /v3/ HTTP/1.1" 200 250 10.0.0.70 - - [07/Jul/2026:20:17:48 +0000] "GET /v3/ HTTP/1.1" 200 250
[Tue Jul 07 20:18:02.911097 2026] [wsgi:error] [pid 11:tid 139722949215936] /var/lib/openstack/lib/python3.12/site-packages/oslo_utils/importutils.py:77: EventletDeprecationWarning:
[Tue Jul 07 20:18:02.911140 2026] [wsgi:error] [pid 11:tid 139722949215936] Eventlet is deprecated. It is currently being maintained in bugfix mode, and
[Tue Jul 07 20:18:02.911142 2026] [wsgi:error] [pid 11:tid 139722949215936] we strongly recommend against using it for new projects.
[Tue Jul 07 20:18:02.911144 2026] [wsgi:error] [pid 11:tid 139722949215936]
[Tue Jul 07 20:18:02.911145 2026] [wsgi:error] [pid 11:tid 139722949215936] If you are already using Eventlet, we recommend migrating to a different
[Tue Jul 07 20:18:02.911146 2026] [wsgi:error] [pid 11:tid 139722949215936] framework. For more detail see
[Tue Jul 07 20:18:02.911147 2026] [wsgi:error] [pid 11:tid 139722949215936] https://eventlet.readthedocs.io/en/latest/asyncio/migration.html
[Tue Jul 07 20:18:02.911148 2026] [wsgi:error] [pid 11:tid 139722949215936]
[Tue Jul 07 20:18:02.911149 2026] [wsgi:error] [pid 11:tid 139722949215936] __import__(import_str) 10.0.0.84 - - [07/Jul/2026:20:18:02 +0000] "GET / HTTP/1.1" 300 295
[Tue Jul 07 20:18:08.376449 2026] [wsgi:error] [pid 9:tid 139722949215936] /var/lib/openstack/lib/python3.12/site-packages/oslo_utils/importutils.py:77: EventletDeprecationWarning:
[Tue Jul 07 20:18:08.376510 2026] [wsgi:error] [pid 9:tid 139722949215936] Eventlet is deprecated. It is currently being maintained in bugfix mode, and
[Tue Jul 07 20:18:08.376512 2026] [wsgi:error] [pid 9:tid 139722949215936] we strongly recommend against using it for new projects.
[Tue Jul 07 20:18:08.376513 2026] [wsgi:error] [pid 9:tid 139722949215936]
[Tue Jul 07 20:18:08.376514 2026] [wsgi:error] [pid 9:tid 139722949215936] If you are already using Eventlet, we recommend migrating to a different
[Tue Jul 07 20:18:08.376516 2026] [wsgi:error] [pid 9:tid 139722949215936] framework. For more detail see
[Tue Jul 07 20:18:08.376517 2026] [wsgi:error] [pid 9:tid 139722949215936] https://eventlet.readthedocs.io/en/latest/asyncio/migration.html
[Tue Jul 07 20:18:08.376518 2026] [wsgi:error] [pid 9:tid 139722949215936]
[Tue Jul 07 20:18:08.376519 2026] [wsgi:error] [pid 9:tid 139722949215936] __import__(import_str)
[Tue Jul 07 20:18:13.186665 2026] [wsgi:error] [pid 9:tid 139722949215936] [remote 10.0.0.84:47636] 2026-07-07 20:18:13.183 9 WARNING keystone.identity.core [None req-ee097663-8c1f-4659-8fc5-1b874c3374dc - - - - - -] Invalid domain name (atmosphere) found in config file name: keystone.exception.DomainNotFound: Could not find domain: atmosphere.
[Tue Jul 07 20:18:13.240145 2026] [wsgi:error] [pid 9:tid 139722949215936] [remote 10.0.0.84:47636] 2026-07-07 20:18:13.239 9 WARNING keystone.common.password_hashing [None req-ee097663-8c1f-4659-8fc5-1b874c3374dc - - - - - -] Truncating password to algorithm specific maximum length 72 characters.
[Tue Jul 07 20:18:13.519737 2026] [wsgi:error] [pid 9:tid 139722949215936] [remote 10.0.0.84:47636] 2026-07-07 20:18:13.519 9 WARNING keystone.common.fernet_utils [None req-ee097663-8c1f-4659-8fc5-1b874c3374dc - - - - - -] key_repository is world readable: /etc/keystone/fernet-keys/ 10.0.0.84 - - [07/Jul/2026:20:18:07 +0000] "POST /v3/auth/tokens HTTP/1.1" 201 1359
[Tue Jul 07 20:18:13.911196 2026] [wsgi:error] [pid 10:tid 139722949215936] [remote 10.0.0.84:47636] 2026-07-07 20:18:13.908 10 WARNING keystone.identity.core [None req-50ae4562-0996-4c65-9a10-5cd718dd00b3 - - - - - -] Invalid domain name (atmosphere) found in config file name: keystone.exception.DomainNotFound: Could not find domain: atmosphere. 10.0.0.84 - - [07/Jul/2026:20:18:13 +0000] "POST /v3/domains HTTP/1.1" 201 261 10.0.0.72 - - [07/Jul/2026:20:18:26 +0000] "GET / HTTP/1.1" 300 295
[Tue Jul 07 20:18:26.650726 2026] [wsgi:error] [pid 11:tid 139722949215936] [remote 10.0.0.72:52826] 2026-07-07 20:18:26.650 11 WARNING keystone.common.password_hashing [None req-da01ae0a-b214-4cf3-ad1f-25aed40152fe - - - - - -] Truncating password to algorithm specific maximum length 72 characters.
[Tue Jul 07 20:18:26.924141 2026] [wsgi:error] [pid 11:tid 139722949215936] [remote 10.0.0.72:52826] 2026-07-07 20:18:26.923 11 WARNING keystone.common.fernet_utils [None req-da01ae0a-b214-4cf3-ad1f-25aed40152fe - - - - - -] key_repository is world readable: /etc/keystone/fernet-keys/ 10.0.0.72 - - [07/Jul/2026:20:18:26 +0000] "POST /v3/auth/tokens HTTP/1.1" 201 1359 10.0.0.72 - - [07/Jul/2026:20:18:27 +0000] "GET /v3/roles/admin HTTP/1.1" 404 83
[Tue Jul 07 20:18:27.199608 2026] [wsgi:error] [pid 10:tid 139722949215936] [remote 10.0.0.72:52826] 2026-07-07 20:18:27.199 10 WARNING keystone.common.rbac_enforcer.enforcer [None req-af6edd8e-f3f7-4525-a51e-c7f5544cd978 5e954494b6804efdb86510f4856934d4 9c27993749e344dbbd2837902ca495e2 - - default default] Deprecated policy rules found. Use oslopolicy-policy-generator and oslopolicy-policy-upgrade to detect and resolve deprecated policies in your configuration. 10.0.0.72 - - [07/Jul/2026:20:18:27 +0000] "GET /v3/roles?name=admin HTTP/1.1" 200 389
[Tue Jul 07 20:18:27.769942 2026] [wsgi:error] [pid 12:tid 139722949215936] [remote 10.0.0.72:52826] 2026-07-07 20:18:27.769 12 WARNING keystone.common.rbac_enforcer.enforcer [None req-12d1b3f0-59f8-4870-bd85-dc294bc22b82 5e954494b6804efdb86510f4856934d4 9c27993749e344dbbd2837902ca495e2 - - default default] Deprecated policy rules found. Use oslopolicy-policy-generator and oslopolicy-policy-upgrade to detect and resolve deprecated policies in your configuration. 10.0.0.72 - - [07/Jul/2026:20:18:27 +0000] "GET /v3/users/admin-RegionOne HTTP/1.1" 404 93
[Tue Jul 07 20:18:27.918624 2026] [wsgi:error] [pid 11:tid 139722949215936] [remote 10.0.0.72:52826] 2026-07-07 20:18:27.918 11 WARNING keystone.common.rbac_enforcer.enforcer [None req-3c6ddf92-0ff6-466e-a785-6a90be55f270 5e954494b6804efdb86510f4856934d4 9c27993749e344dbbd2837902ca495e2 - - default default] Deprecated policy rules found. Use oslopolicy-policy-generator and oslopolicy-policy-upgrade to detect and resolve deprecated policies in your configuration. 10.0.0.72 - - [07/Jul/2026:20:18:27 +0000] "GET /v3/users?name=admin-RegionOne HTTP/1.1" 200 422
[Tue Jul 07 20:18:28.145938 2026] [wsgi:error] [pid 9:tid 139722949215936] [remote 10.0.0.72:52826] 2026-07-07 20:18:28.145 9 WARNING keystone.common.rbac_enforcer.enforcer [None req-45a5dc02-33ba-4995-a7c7-5fdbd9ed453a 5e954494b6804efdb86510f4856934d4 9c27993749e344dbbd2837902ca495e2 - - default default] Deprecated policy rules found. Use oslopolicy-policy-generator and oslopolicy-policy-upgrade to detect and resolve deprecated policies in your configuration. 10.0.0.72 - - [07/Jul/2026:20:18:27 +0000] "GET /v3/domains/default HTTP/1.1" 200 224 10.0.0.72 - - [07/Jul/2026:20:18:28 +0000] "PUT /v3/domains/default/users/5e954494b6804efdb86510f4856934d4/roles/28a68fdd80c840c6bd9f2dabca4e8823 HTTP/1.1" 204 - 10.0.0.70 - - [07/Jul/2026:20:18:38 +0000] "GET / HTTP/1.1" 300 280 10.0.0.70 - - [07/Jul/2026:20:18:39 +0000] "GET /v3 HTTP/1.1" 200 265
[Tue Jul 07 20:18:39.730155 2026] [wsgi:error] [pid 9:tid 139722949215936] [remote 10.0.0.70:55252] 2026-07-07 20:18:39.729 9 WARNING keystone.common.password_hashing [None req-d5be5f82-8ba7-4943-91c7-f2af7dbf87de - - - - - -] Truncating password to algorithm specific maximum length 72 characters.
[Tue Jul 07 20:18:40.017421 2026] [wsgi:error] [pid 9:tid 139722949215936] [remote 10.0.0.70:55252] 2026-07-07 20:18:40.017 9 WARNING keystone.common.fernet_utils [None req-d5be5f82-8ba7-4943-91c7-f2af7dbf87de - - - - - -] key_repository is world readable: /etc/keystone/fernet-keys/ 10.0.0.70 - - [07/Jul/2026:20:18:39 +0000] "POST /v3/auth/tokens HTTP/1.1" 201 1359 10.0.0.70 - - [07/Jul/2026:20:18:40 +0000] "GET / HTTP/1.1" 300 280 10.0.0.70 - - [07/Jul/2026:20:18:40 +0000] "GET /v3/domains/atmosphere HTTP/1.1" 404 90 10.0.0.70 - - [07/Jul/2026:20:18:40 +0000] "GET /v3/domains?name=atmosphere HTTP/1.1" 200 368 10.0.0.70 - - [07/Jul/2026:20:18:40 +0000] "GET /v3/domains/24f38a284ce24a33a4711c2972acd4ab HTTP/1.1" 200 246 10.0.0.70 - - [07/Jul/2026:20:18:41 +0000] "GET /v3 HTTP/1.1" 200 265
[Tue Jul 07 20:18:41.130086 2026] [wsgi:error] [pid 12:tid 139722949215936] [remote 10.0.0.70:55252] 2026-07-07 20:18:41.129 12 WARNING keystone.common.password_hashing [None req-c75da5ab-7064-497f-8f6d-9e9b892312cf - - - - - -] Truncating password to algorithm specific maximum length 72 characters.
[Tue Jul 07 20:18:41.415552 2026] [wsgi:error] [pid 12:tid 139722949215936] [remote 10.0.0.70:55252] 2026-07-07 20:18:41.415 12 WARNING keystone.common.fernet_utils [None req-c75da5ab-7064-497f-8f6d-9e9b892312cf - - - - - -] key_repository is world readable: /etc/keystone/fernet-keys/ 10.0.0.70 - - [07/Jul/2026:20:18:41 +0000] "POST /v3/auth/tokens HTTP/1.1" 201 1359 10.0.0.70 - - [07/Jul/2026:20:18:41 +0000] "GET / HTTP/1.1" 300 280 10.0.0.70 - - [07/Jul/2026:20:18:41 +0000] "GET /v3/OS-FEDERATION/identity_providers/atmosphere HTTP/1.1" 404 101 10.0.0.70 - - [07/Jul/2026:20:18:41 +0000] "GET /v3/OS-FEDERATION/identity_providers HTTP/1.1" 200 155 10.0.0.70 - - [07/Jul/2026:20:18:41 +0000] "PUT /v3/OS-FEDERATION/identity_providers/atmosphere HTTP/1.1" 201 340 10.0.0.70 - - [07/Jul/2026:20:18:42 +0000] "GET /v3 HTTP/1.1" 200 265
[Tue Jul 07 20:18:42.246951 2026] [wsgi:error] [pid 9:tid 139722949215936] [remote 10.0.0.70:55252] 2026-07-07 20:18:42.246 9 WARNING keystone.common.password_hashing [None req-19212686-b307-41a9-825e-6dd750b3cefb - - - - - -] Truncating password to algorithm specific maximum length 72 characters.
[Tue Jul 07 20:18:42.530044 2026] [wsgi:error] [pid 9:tid 139722949215936] [remote 10.0.0.70:55252] 2026-07-07 20:18:42.529 9 WARNING keystone.common.fernet_utils [None req-19212686-b307-41a9-825e-6dd750b3cefb - - - - - -] key_repository is world readable: /etc/keystone/fernet-keys/ 10.0.0.70 - - [07/Jul/2026:20:18:42 +0000] "POST /v3/auth/tokens HTTP/1.1" 201 1359 10.0.0.70 - - [07/Jul/2026:20:18:42 +0000] "GET / HTTP/1.1" 300 280 10.0.0.70 - - [07/Jul/2026:20:18:42 +0000] "GET /v3/OS-FEDERATION/mappings/atmosphere-openid HTTP/1.1" 404 98 10.0.0.70 - - [07/Jul/2026:20:18:42 +0000] "GET /v3/OS-FEDERATION/mappings HTTP/1.1" 200 135 10.0.0.70 - - [07/Jul/2026:20:18:42 +0000] "PUT /v3/OS-FEDERATION/mappings/atmosphere-openid HTTP/1.1" 201 356 10.0.0.70 - - [07/Jul/2026:20:18:43 +0000] "GET /v3 HTTP/1.1" 200 265
[Tue Jul 07 20:18:43.391964 2026] [wsgi:error] [pid 12:tid 139722949215936] [remote 10.0.0.70:55252] 2026-07-07 20:18:43.391 12 WARNING keystone.common.password_hashing [None req-1d514d70-6b5f-4707-b431-ab2d1b646796 - - - - - -] Truncating password to algorithm specific maximum length 72 characters.
[Tue Jul 07 20:18:43.690872 2026] [wsgi:error] [pid 12:tid 139722949215936] [remote 10.0.0.70:55252] 2026-07-07 20:18:43.690 12 WARNING keystone.common.fernet_utils [None req-1d514d70-6b5f-4707-b431-ab2d1b646796 - - - - - -] key_repository is world readable: /etc/keystone/fernet-keys/ 10.0.0.70 - - [07/Jul/2026:20:18:43 +0000] "POST /v3/auth/tokens HTTP/1.1" 201 1359 10.0.0.70 - - [07/Jul/2026:20:18:43 +0000] "GET / HTTP/1.1" 300 280 10.0.0.70 - - [07/Jul/2026:20:18:43 +0000] "GET /v3/OS-FEDERATION/identity_providers/atmosphere/protocols/openid?idp_id=atmosphere HTTP/1.1" 404 131 10.0.0.70 - - [07/Jul/2026:20:18:43 +0000] "GET /v3/OS-FEDERATION/identity_providers/atmosphere/protocols HTTP/1.1" 200 167 10.0.0.70 - - [07/Jul/2026:20:18:43 +0000] "PUT /v3/OS-FEDERATION/identity_providers/atmosphere/protocols/openid HTTP/1.1" 201 222 10.0.0.70 - - [07/Jul/2026:20:18:48 +0000] "GET /v3/ HTTP/1.1" 200 250 10.0.0.70 - - [07/Jul/2026:20:18:48 +0000] "GET /v3/ HTTP/1.1" 200 250 10.0.0.70 - - [07/Jul/2026:20:19:48 +0000] "GET /v3/ HTTP/1.1" 200 250 10.0.0.70 - - [07/Jul/2026:20:19:48 +0000] "GET /v3/ HTTP/1.1" 200 250 10.0.0.95 - - [07/Jul/2026:20:20:05 +0000] "GET / HTTP/1.1" 300 295
[Tue Jul 07 20:20:05.974778 2026] [wsgi:error] [pid 9:tid 139722949215936] [remote 10.0.0.95:38602] 2026-07-07 20:20:05.974 9 WARNING keystone.common.password_hashing [None req-2fd15aab-5a67-47a6-b88a-fb65e6fe4d7f - - - - - -] Truncating password to algorithm specific maximum length 72 characters.
[Tue Jul 07 20:20:06.259067 2026] [wsgi:error] [pid 9:tid 139722949215936] [remote 10.0.0.95:38602] 2026-07-07 20:20:06.258 9 WARNING keystone.common.fernet_utils [None req-2fd15aab-5a67-47a6-b88a-fb65e6fe4d7f - - - - - -] key_repository is world readable: /etc/keystone/fernet-keys/ 10.0.0.95 - - [07/Jul/2026:20:20:05 +0000] "POST /v3/auth/tokens HTTP/1.1" 201 1359 10.0.0.95 - - [07/Jul/2026:20:20:06 +0000] "GET /v3/services HTTP/1.1" 200 355 10.0.0.95 - - [07/Jul/2026:20:20:09 +0000] "GET / HTTP/1.1" 300 295
[Tue Jul 07 20:20:09.992523 2026] [wsgi:error] [pid 11:tid 139722949215936] [remote 10.0.0.95:38616] 2026-07-07 20:20:09.992 11 WARNING keystone.common.password_hashing [None req-99c1e2ea-3463-42ce-915d-fe662b0812c9 - - - - - -] Truncating password to algorithm specific maximum length 72 characters.
[Tue Jul 07 20:20:10.273377 2026] [wsgi:error] [pid 11:tid 139722949215936] [remote 10.0.0.95:38616] 2026-07-07 20:20:10.273 11 WARNING keystone.common.fernet_utils [None req-99c1e2ea-3463-42ce-915d-fe662b0812c9 - - - - - -] key_repository is world readable: /etc/keystone/fernet-keys/ 10.0.0.95 - - [07/Jul/2026:20:20:09 +0000] "POST /v3/auth/tokens HTTP/1.1" 201 1359 10.0.0.95 - - [07/Jul/2026:20:20:10 +0000] "GET /v3/services HTTP/1.1" 200 355 10.0.0.95 - - [07/Jul/2026:20:20:14 +0000] "GET / HTTP/1.1" 300 295
[Tue Jul 07 20:20:14.066148 2026] [wsgi:error] [pid 12:tid 139722949215936] [remote 10.0.0.95:39552] 2026-07-07 20:20:14.065 12 WARNING keystone.common.password_hashing [None req-e129be8a-26de-426d-8956-ea164dd8edf1 - - - - - -] Truncating password to algorithm specific maximum length 72 characters.
[Tue Jul 07 20:20:14.347049 2026] [wsgi:error] [pid 12:tid 139722949215936] [remote 10.0.0.95:39552] 2026-07-07 20:20:14.346 12 WARNING keystone.common.fernet_utils [None req-e129be8a-26de-426d-8956-ea164dd8edf1 - - - - - -] key_repository is world readable: /etc/keystone/fernet-keys/ 10.0.0.95 - - [07/Jul/2026:20:20:14 +0000] "POST /v3/auth/tokens HTTP/1.1" 201 1359 10.0.0.95 - - [07/Jul/2026:20:20:14 +0000] "GET /v3/services HTTP/1.1" 200 355 10.0.0.95 - - [07/Jul/2026:20:20:18 +0000] "GET / HTTP/1.1" 300 295
[Tue Jul 07 20:20:18.124325 2026] [wsgi:error] [pid 10:tid 139722949215936] [remote 10.0.0.95:39556] 2026-07-07 20:20:18.123 10 WARNING keystone.common.password_hashing [None req-561f23f5-00c7-47bf-a433-00b445d23c46 - - - - - -] Truncating password to algorithm specific maximum length 72 characters.
[Tue Jul 07 20:20:18.400575 2026] [wsgi:error] [pid 10:tid 139722949215936] [remote 10.0.0.95:39556] 2026-07-07 20:20:18.400 10 WARNING keystone.common.fernet_utils [None req-561f23f5-00c7-47bf-a433-00b445d23c46 - - - - - -] key_repository is world readable: /etc/keystone/fernet-keys/ 10.0.0.95 - - [07/Jul/2026:20:20:18 +0000] "POST /v3/auth/tokens HTTP/1.1" 201 1359 10.0.0.95 - - [07/Jul/2026:20:20:18 +0000] "POST /v3/services HTTP/1.1" 201 296 10.0.0.154 - - [07/Jul/2026:20:20:30 +0000] "GET / HTTP/1.1" 300 295
[Tue Jul 07 20:20:30.355721 2026] [wsgi:error] [pid 9:tid 139722949215936] [remote 10.0.0.154:57130] 2026-07-07 20:20:30.355 9 WARNING keystone.common.password_hashing [None req-cdd32792-0fb9-4b5b-859e-1562cf5961e2 - - - - - -] Truncating password to algorithm specific maximum length 72 characters. 10.0.0.154 - - [07/Jul/2026:20:20:30 +0000] "GET / HTTP/1.1" 300 295
[Tue Jul 07 20:20:30.417152 2026] [wsgi:error] [pid 12:tid 139722949215936] [remote 10.0.0.154:57144] 2026-07-07 20:20:30.416 12 WARNING keystone.common.password_hashing [None req-3034595e-3a99-42a1-abc1-05d1ffa53925 - - - - - -] Truncating password to algorithm specific maximum length 72 characters. 10.0.0.154 - - [07/Jul/2026:20:20:30 +0000] "GET / HTTP/1.1" 300 295
[Tue Jul 07 20:20:30.594536 2026] [wsgi:error] [pid 10:tid 139722949215936] [remote 10.0.0.154:57148] 2026-07-07 20:20:30.594 10 WARNING keystone.common.password_hashing [None req-6215dcd6-f261-49c0-99fb-8e044ea1c7be - - - - - -] Truncating password to algorithm specific maximum length 72 characters.
[Tue Jul 07 20:20:30.650427 2026] [wsgi:error] [pid 9:tid 139722949215936] [remote 10.0.0.154:57130] 2026-07-07 20:20:30.650 9 WARNING keystone.common.fernet_utils [None req-cdd32792-0fb9-4b5b-859e-1562cf5961e2 - - - - - -] key_repository is world readable: /etc/keystone/fernet-keys/ 10.0.0.154 - - [07/Jul/2026:20:20:30 +0000] "POST /v3/auth/tokens HTTP/1.1" 201 1463
[Tue Jul 07 20:20:30.697037 2026] [wsgi:error] [pid 12:tid 139722949215936] [remote 10.0.0.154:57144] 2026-07-07 20:20:30.696 12 WARNING keystone.common.fernet_utils [None req-3034595e-3a99-42a1-abc1-05d1ffa53925 - - - - - -] key_repository is world readable: /etc/keystone/fernet-keys/ 10.0.0.154 - - [07/Jul/2026:20:20:30 +0000] "POST /v3/auth/tokens HTTP/1.1" 201 1463 10.0.0.154 - - [07/Jul/2026:20:20:30 +0000] "GET /v3/services HTTP/1.1" 200 639 10.0.0.154 - - [07/Jul/2026:20:20:30 +0000] "GET /v3/services HTTP/1.1" 200 639
[Tue Jul 07 20:20:30.871045 2026] [wsgi:error] [pid 10:tid 139722949215936] [remote 10.0.0.154:57148] 2026-07-07 20:20:30.870 10 WARNING keystone.common.fernet_utils [None req-6215dcd6-f261-49c0-99fb-8e044ea1c7be - - - - - -] key_repository is world readable: /etc/keystone/fernet-keys/ 10.0.0.154 - - [07/Jul/2026:20:20:30 +0000] "POST /v3/auth/tokens HTTP/1.1" 201 1463 10.0.0.154 - - [07/Jul/2026:20:20:30 +0000] "GET /v3/services HTTP/1.1" 200 639 10.0.0.154 - - [07/Jul/2026:20:20:32 +0000] "GET / HTTP/1.1" 300 295 10.0.0.154 - - [07/Jul/2026:20:20:32 +0000] "GET / HTTP/1.1" 300 295
[Tue Jul 07 20:20:32.403151 2026] [wsgi:error] [pid 9:tid 139722949215936] [remote 10.0.0.154:52496] 2026-07-07 20:20:32.402 9 WARNING keystone.common.password_hashing [None req-c20b33d1-c496-4432-b098-c390fa417e1d - - - - - -] Truncating password to algorithm specific maximum length 72 characters.
[Tue Jul 07 20:20:32.429313 2026] [wsgi:error] [pid 12:tid 139722949215936] [remote 10.0.0.154:52504] 2026-07-07 20:20:32.429 12 WARNING keystone.common.password_hashing [None req-e25f5b63-79f3-44e6-be15-62938a5f3535 - - - - - -] Truncating password to algorithm specific maximum length 72 characters. 10.0.0.154 - - [07/Jul/2026:20:20:32 +0000] "GET / HTTP/1.1" 300 295
[Tue Jul 07 20:20:32.578351 2026] [wsgi:error] [pid 10:tid 139722949215936] [remote 10.0.0.154:52514] 2026-07-07 20:20:32.578 10 WARNING keystone.common.password_hashing [None req-434487a3-9546-4760-a3c4-be0225a25879 - - - - - -] Truncating password to algorithm specific maximum length 72 characters.
[Tue Jul 07 20:20:32.682085 2026] [wsgi:error] [pid 9:tid 139722949215936] [remote 10.0.0.154:52496] 2026-07-07 20:20:32.681 9 WARNING keystone.common.fernet_utils [None req-c20b33d1-c496-4432-b098-c390fa417e1d - - - - - -] key_repository is world readable: /etc/keystone/fernet-keys/ 10.0.0.154 - - [07/Jul/2026:20:20:32 +0000] "POST /v3/auth/tokens HTTP/1.1" 201 1463
[Tue Jul 07 20:20:32.732025 2026] [wsgi:error] [pid 12:tid 139722949215936] [remote 10.0.0.154:52504] 2026-07-07 20:20:32.731 12 WARNING keystone.common.fernet_utils [None req-e25f5b63-79f3-44e6-be15-62938a5f3535 - - - - - -] key_repository is world readable: /etc/keystone/fernet-keys/ 10.0.0.154 - - [07/Jul/2026:20:20:32 +0000] "POST /v3/auth/tokens HTTP/1.1" 201 1463 10.0.0.154 - - [07/Jul/2026:20:20:32 +0000] "GET /v3/endpoints HTTP/1.1" 200 1226 10.0.0.154 - - [07/Jul/2026:20:20:32 +0000] "GET /v3/services/c7981a8bd1304d14a77576239e2c28e1 HTTP/1.1" 200 233 10.0.0.154 - - [07/Jul/2026:20:20:32 +0000] "GET /v3/services/c7981a8bd1304d14a77576239e2c28e1 HTTP/1.1" 200 233
[Tue Jul 07 20:20:32.857289 2026] [wsgi:error] [pid 10:tid 139722949215936] [remote 10.0.0.154:52514] 2026-07-07 20:20:32.857 10 WARNING keystone.common.fernet_utils [None req-434487a3-9546-4760-a3c4-be0225a25879 - - - - - -] key_repository is world readable: /etc/keystone/fernet-keys/ 10.0.0.154 - - [07/Jul/2026:20:20:32 +0000] "GET /v3/endpoints HTTP/1.1" 200 1226 10.0.0.154 - - [07/Jul/2026:20:20:32 +0000] "POST /v3/auth/tokens HTTP/1.1" 201 1463 10.0.0.154 - - [07/Jul/2026:20:20:32 +0000] "GET /v3/services/c7981a8bd1304d14a77576239e2c28e1 HTTP/1.1" 200 233 10.0.0.154 - - [07/Jul/2026:20:20:32 +0000] "GET /v3/services/c7981a8bd1304d14a77576239e2c28e1 HTTP/1.1" 200 233 10.0.0.154 - - [07/Jul/2026:20:20:32 +0000] "GET /v3/services/c7981a8bd1304d14a77576239e2c28e1 HTTP/1.1" 200 233 10.0.0.154 - - [07/Jul/2026:20:20:32 +0000] "GET /v3/services/c7981a8bd1304d14a77576239e2c28e1 HTTP/1.1" 200 233 10.0.0.154 - - [07/Jul/2026:20:20:32 +0000] "GET /v3/endpoints HTTP/1.1" 200 1226 10.0.0.154 - - [07/Jul/2026:20:20:32 +0000] "GET /v3/services/c7981a8bd1304d14a77576239e2c28e1 HTTP/1.1" 200 233 10.0.0.154 - - [07/Jul/2026:20:20:33 +0000] "GET /v3/services/c7981a8bd1304d14a77576239e2c28e1 HTTP/1.1" 200 233 10.0.0.154 - - [07/Jul/2026:20:20:33 +0000] "GET /v3/services/c7981a8bd1304d14a77576239e2c28e1 HTTP/1.1" 200 233 10.0.0.154 - - [07/Jul/2026:20:20:34 +0000] "GET / HTTP/1.1" 300 295
[Tue Jul 07 20:20:34.536389 2026] [wsgi:error] [pid 11:tid 139722949215936] [remote 10.0.0.154:52528] 2026-07-07 20:20:34.536 11 WARNING keystone.common.password_hashing [None req-7b86b180-6ba8-409f-a1c5-341eebdc5439 - - - - - -] Truncating password to algorithm specific maximum length 72 characters. 10.0.0.154 - - [07/Jul/2026:20:20:34 +0000] "GET / HTTP/1.1" 300 295
[Tue Jul 07 20:20:34.593974 2026] [wsgi:error] [pid 10:tid 139722949215936] [remote 10.0.0.154:52542] 2026-07-07 20:20:34.593 10 WARNING keystone.common.password_hashing [None req-a7cbee22-6b94-418a-acb4-0a46a4514b81 - - - - - -] Truncating password to algorithm specific maximum length 72 characters. 10.0.0.154 - - [07/Jul/2026:20:20:34 +0000] "GET / HTTP/1.1" 300 295
[Tue Jul 07 20:20:34.623687 2026] [wsgi:error] [pid 12:tid 139722949215936] [remote 10.0.0.154:52558] 2026-07-07 20:20:34.623 12 WARNING keystone.common.password_hashing [None req-5fc857b9-61a4-413c-97f4-490faadcbe46 - - - - - -] Truncating password to algorithm specific maximum length 72 characters.
[Tue Jul 07 20:20:34.821075 2026] [wsgi:error] [pid 11:tid 139722949215936] [remote 10.0.0.154:52528] 2026-07-07 20:20:34.820 11 WARNING keystone.common.fernet_utils [None req-7b86b180-6ba8-409f-a1c5-341eebdc5439 - - - - - -] key_repository is world readable: /etc/keystone/fernet-keys/ 10.0.0.154 - - [07/Jul/2026:20:20:34 +0000] "POST /v3/auth/tokens HTTP/1.1" 201 1463
[Tue Jul 07 20:20:34.875102 2026] [wsgi:error] [pid 10:tid 139722949215936] [remote 10.0.0.154:52542] 2026-07-07 20:20:34.874 10 WARNING keystone.common.fernet_utils [None req-a7cbee22-6b94-418a-acb4-0a46a4514b81 - - - - - -] key_repository is world readable: /etc/keystone/fernet-keys/ 10.0.0.154 - - [07/Jul/2026:20:20:34 +0000] "POST /v3/auth/tokens HTTP/1.1" 201 1463
[Tue Jul 07 20:20:34.909973 2026] [wsgi:error] [pid 12:tid 139722949215936] [remote 10.0.0.154:52558] 2026-07-07 20:20:34.909 12 WARNING keystone.common.fernet_utils [None req-5fc857b9-61a4-413c-97f4-490faadcbe46 - - - - - -] key_repository is world readable: /etc/keystone/fernet-keys/ 10.0.0.154 - - [07/Jul/2026:20:20:34 +0000] "POST /v3/auth/tokens HTTP/1.1" 201 1463 10.0.0.154 - - [07/Jul/2026:20:20:34 +0000] "GET /v3/services/6c01d392cdc34a7bbff891004e8a821b HTTP/1.1" 200 296 10.0.0.154 - - [07/Jul/2026:20:20:34 +0000] "GET /v3/regions/RegionOne HTTP/1.1" 200 173 10.0.0.154 - - [07/Jul/2026:20:20:34 +0000] "GET /v3/services/6c01d392cdc34a7bbff891004e8a821b HTTP/1.1" 200 296 10.0.0.154 - - [07/Jul/2026:20:20:34 +0000] "POST /v3/endpoints HTTP/1.1" 201 380 10.0.0.154 - - [07/Jul/2026:20:20:34 +0000] "GET /v3/regions/RegionOne HTTP/1.1" 200 173 10.0.0.154 - - [07/Jul/2026:20:20:35 +0000] "GET /v3/services/6c01d392cdc34a7bbff891004e8a821b HTTP/1.1" 200 296 10.0.0.154 - - [07/Jul/2026:20:20:35 +0000] "POST /v3/endpoints HTTP/1.1" 201 369 10.0.0.154 - - [07/Jul/2026:20:20:35 +0000] "GET /v3/regions/RegionOne HTTP/1.1" 200 173 10.0.0.154 - - [07/Jul/2026:20:20:35 +0000] "POST /v3/endpoints HTTP/1.1" 201 383 10.0.0.154 - - [07/Jul/2026:20:20:36 +0000] "GET / HTTP/1.1" 300 295
[Tue Jul 07 20:20:36.574666 2026] [wsgi:error] [pid 12:tid 139722949215936] [remote 10.0.0.154:52562] 2026-07-07 20:20:36.574 12 WARNING keystone.common.password_hashing [None req-4907a708-47c6-4e71-bde9-2216b964e039 - - - - - -] Truncating password to algorithm specific maximum length 72 characters. 10.0.0.154 - - [07/Jul/2026:20:20:36 +0000] "GET / HTTP/1.1" 300 295
[Tue Jul 07 20:20:36.601761 2026] [wsgi:error] [pid 9:tid 139722949215936] [remote 10.0.0.154:52574] 2026-07-07 20:20:36.601 9 WARNING keystone.common.password_hashing [None req-7c1dee7b-755c-4c51-a7d8-429ae7c95014 - - - - - -] Truncating password to algorithm specific maximum length 72 characters. 10.0.0.154 - - [07/Jul/2026:20:20:36 +0000] "GET / HTTP/1.1" 300 295
[Tue Jul 07 20:20:36.806443 2026] [wsgi:error] [pid 10:tid 139722949215936] [remote 10.0.0.154:52582] 2026-07-07 20:20:36.806 10 WARNING keystone.common.password_hashing [None req-ca446a85-2180-4000-8c24-209798d22d48 - - - - - -] Truncating password to algorithm specific maximum length 72 characters.
[Tue Jul 07 20:20:36.846267 2026] [wsgi:error] [pid 12:tid 139722949215936] [remote 10.0.0.154:52562] 2026-07-07 20:20:36.846 12 WARNING keystone.common.fernet_utils [None req-4907a708-47c6-4e71-bde9-2216b964e039 - - - - - -] key_repository is world readable: /etc/keystone/fernet-keys/ 10.0.0.154 - - [07/Jul/2026:20:20:36 +0000] "POST /v3/auth/tokens HTTP/1.1" 201 1990
[Tue Jul 07 20:20:36.880503 2026] [wsgi:error] [pid 9:tid 139722949215936] [remote 10.0.0.154:52574] 2026-07-07 20:20:36.880 9 WARNING keystone.common.fernet_utils [None req-7c1dee7b-755c-4c51-a7d8-429ae7c95014 - - - - - -] key_repository is world readable: /etc/keystone/fernet-keys/ 10.0.0.154 - - [07/Jul/2026:20:20:36 +0000] "POST /v3/auth/tokens HTTP/1.1" 201 1990 10.0.0.154 - - [07/Jul/2026:20:20:36 +0000] "GET /v3/endpoints/133c97f5e8994bc5839ad021afa35dcc HTTP/1.1" 200 380 10.0.0.154 - - [07/Jul/2026:20:20:36 +0000] "GET /v3/services/6c01d392cdc34a7bbff891004e8a821b HTTP/1.1" 200 296 10.0.0.154 - - [07/Jul/2026:20:20:36 +0000] "GET /v3/endpoints/0b6733f37bf0425a9655b98282cd11f3 HTTP/1.1" 200 369 10.0.0.154 - - [07/Jul/2026:20:20:37 +0000] "GET /v3/services/6c01d392cdc34a7bbff891004e8a821b HTTP/1.1" 200 296
[Tue Jul 07 20:20:37.085886 2026] [wsgi:error] [pid 10:tid 139722949215936] [remote 10.0.0.154:52582] 2026-07-07 20:20:37.085 10 WARNING keystone.common.fernet_utils [None req-ca446a85-2180-4000-8c24-209798d22d48 - - - - - -] key_repository is world readable: /etc/keystone/fernet-keys/ 10.0.0.154 - - [07/Jul/2026:20:20:36 +0000] "POST /v3/auth/tokens HTTP/1.1" 201 1990 10.0.0.154 - - [07/Jul/2026:20:20:37 +0000] "GET /v3/endpoints/e9f87bbb4ae74687b1b9a0043ebf9c1d HTTP/1.1" 200 383 10.0.0.154 - - [07/Jul/2026:20:20:37 +0000] "GET /v3/services/6c01d392cdc34a7bbff891004e8a821b HTTP/1.1" 200 296 10.0.0.83 - - [07/Jul/2026:20:20:48 +0000] "GET / HTTP/1.1" 300 295
[Tue Jul 07 20:20:48.450897 2026] [wsgi:error] [pid 10:tid 139722949215936] [remote 10.0.0.83:56032] 2026-07-07 20:20:48.450 10 WARNING keystone.common.password_hashing [None req-f1d9cf8c-7670-4cf6-a79d-01189564ec09 - - - - - -] Truncating password to algorithm specific maximum length 72 characters.
[Tue Jul 07 20:20:48.740214 2026] [wsgi:error] [pid 10:tid 139722949215936] [remote 10.0.0.83:56032] 2026-07-07 20:20:48.740 10 WARNING keystone.common.fernet_utils [None req-f1d9cf8c-7670-4cf6-a79d-01189564ec09 - - - - - -] key_repository is world readable: /etc/keystone/fernet-keys/ 10.0.0.83 - - [07/Jul/2026:20:20:48 +0000] "POST /v3/auth/tokens HTTP/1.1" 201 1990 10.0.0.70 - - [07/Jul/2026:20:20:48 +0000] "GET /v3/ HTTP/1.1" 200 250 10.0.0.70 - - [07/Jul/2026:20:20:48 +0000] "GET /v3/ HTTP/1.1" 200 250 10.0.0.83 - - [07/Jul/2026:20:20:48 +0000] "POST /v3/domains HTTP/1.1" 201 284 10.0.0.83 - - [07/Jul/2026:20:20:50 +0000] "GET / HTTP/1.1" 300 295
[Tue Jul 07 20:20:50.503444 2026] [wsgi:error] [pid 11:tid 139722949215936] [remote 10.0.0.83:56046] 2026-07-07 20:20:50.503 11 WARNING keystone.common.password_hashing [None req-c9a2ca3a-7c52-482c-a40d-f47638589d95 - - - - - -] Truncating password to algorithm specific maximum length 72 characters.
[Tue Jul 07 20:20:50.777953 2026] [wsgi:error] [pid 11:tid 139722949215936] [remote 10.0.0.83:56046] 2026-07-07 20:20:50.777 11 WARNING keystone.common.fernet_utils [None req-c9a2ca3a-7c52-482c-a40d-f47638589d95 - - - - - -] key_repository is world readable: /etc/keystone/fernet-keys/ 10.0.0.83 - - [07/Jul/2026:20:20:50 +0000] "POST /v3/auth/tokens HTTP/1.1" 201 1990
[Tue Jul 07 20:20:50.955578 2026] [wsgi:error] [pid 12:tid 139722949215936] [remote 10.0.0.83:56046] 2026-07-07 20:20:50.940 12 ERROR keystone.server.flask.application [None req-3b48c921-997b-4780-99f0-2d09d7bff9b7 5e954494b6804efdb86510f4856934d4 9c27993749e344dbbd2837902ca495e2 - - default default] Conflict occurred attempting to store project - it is not permitted to have two projects acting as domains with the same name: service.: keystone.exception.Conflict: Conflict occurred attempting to store project - it is not permitted to have two projects acting as domains with the same name: service.
[Tue Jul 07 20:20:50.955681 2026] [wsgi:error] [pid 12:tid 139722949215936] [remote 10.0.0.83:56046] 2026-07-07 20:20:50.940 12 ERROR keystone.server.flask.application
Traceback (most recent call last):
[Tue Jul 07 20:20:50.955704 2026] [wsgi:error] [pid 12:tid 139722949215936] [remote 10.0.0.83:56046] 2026-07-07 20:20:50.940 12 ERROR keystone.server.flask.application
File "/var/lib/openstack/lib/python3.12/site-packages/sqlalchemy/engine/base.py", line 1969, in _exec_single_context
[Tue Jul 07 20:20:50.955721 2026] [wsgi:error] [pid 12:tid 139722949215936] [remote 10.0.0.83:56046] 2026-07-07 20:20:50.940 12 ERROR keystone.server.flask.application self.dialect.do_execute(
[Tue Jul 07 20:20:50.955734 2026] [wsgi:error] [pid 12:tid 139722949215936] [remote 10.0.0.83:56046] 2026-07-07 20:20:50.940 12 ERROR keystone.server.flask.application
File "/var/lib/openstack/lib/python3.12/site-packages/sqlalchemy/engine/default.py", line 952, in do_execute
[Tue Jul 07 20:20:50.955748 2026] [wsgi:error] [pid 12:tid 139722949215936] [remote 10.0.0.83:56046] 2026-07-07 20:20:50.940 12 ERROR keystone.server.flask.application cursor.execute(statement, parameters)
[Tue Jul 07 20:20:50.955760 2026] [wsgi:error] [pid 12:tid 139722949215936] [remote 10.0.0.83:56046] 2026-07-07 20:20:50.940 12 ERROR keystone.server.flask.application
File "/var/lib/openstack/lib/python3.12/site-packages/pymysql/cursors.py", line 159, in execute
[Tue Jul 07 20:20:50.955773 2026] [wsgi:error] [pid 12:tid 139722949215936] [remote 10.0.0.83:56046] 2026-07-07 20:20:50.940 12 ERROR keystone.server.flask.application result = self._query(query)
[Tue Jul 07 20:20:50.955786 2026] [wsgi:error] [pid 12:tid 139722949215936] [remote 10.0.0.83:56046] 2026-07-07 20:20:50.940 12 ERROR keystone.server.flask.application ^^^^^^^^^^^^^^^^^^
[Tue Jul 07 20:20:50.955825 2026] [wsgi:error] [pid 12:tid 139722949215936] [remote 10.0.0.83:56046] 2026-07-07 20:20:50.940 12 ERROR keystone.server.flask.application
File "/var/lib/openstack/lib/python3.12/site-packages/pymysql/cursors.py", line 330, in _query
[Tue Jul 07 20:20:50.955892 2026] [wsgi:error] [pid 12:tid 139722949215936] [remote 10.0.0.83:56046] 2026-07-07 20:20:50.940 12 ERROR keystone.server.flask.application conn.query(q)
[Tue Jul 07 20:20:50.955958 2026] [wsgi:error] [pid 12:tid 139722949215936] [remote 10.0.0.83:56046] 2026-07-07 20:20:50.940 12 ERROR keystone.server.flask.application
File "/var/lib/openstack/lib/python3.12/site-packages/pymysql/connections.py", line 582, in query
[Tue Jul 07 20:20:50.955985 2026] [wsgi:error] [pid 12:tid 139722949215936] [remote 10.0.0.83:56046] 2026-07-07 20:20:50.940 12 ERROR keystone.server.flask.application self._affected_rows = self._read_query_result(unbuffered=unbuffered)
[Tue Jul 07 20:20:50.956008 2026] [wsgi:error] [pid 12:tid 139722949215936] [remote 10.0.0.83:56046] 2026-07-07 20:20:50.940 12 ERROR keystone.server.flask.application ^^^^^^^^^^^^^^^^^^^^^^^^^^^^^^^^^^^^^^^^^^^^^^
[Tue Jul 07 20:20:50.956033 2026] [wsgi:error] [pid 12:tid 139722949215936] [remote 10.0.0.83:56046] 2026-07-07 20:20:50.940 12 ERROR keystone.server.flask.application
File "/var/lib/openstack/lib/python3.12/site-packages/pymysql/connections.py", line 847, in _read_query_result
[Tue Jul 07 20:20:50.956064 2026] [wsgi:error] [pid 12:tid 139722949215936] [remote 10.0.0.83:56046] 2026-07-07 20:20:50.940 12 ERROR keystone.server.flask.application result.read()
[Tue Jul 07 20:20:50.956104 2026] [wsgi:error] [pid 12:tid 139722949215936] [remote 10.0.0.83:56046] 2026-07-07 20:20:50.940 12 ERROR keystone.server.flask.application
File "/var/lib/openstack/lib/python3.12/site-packages/pymysql/connections.py", line 1245, in read
[Tue Jul 07 20:20:50.956149 2026] [wsgi:error] [pid 12:tid 139722949215936] [remote 10.0.0.83:56046] 2026-07-07 20:20:50.940 12 ERROR keystone.server.flask.application first_packet = self.connection._read_packet()
[Tue Jul 07 20:20:50.956187 2026] [wsgi:error] [pid 12:tid 139722949215936] [remote 10.0.0.83:56046] 2026-07-07 20:20:50.940 12 ERROR keystone.server.flask.application ^^^^^^^^^^^^^^^^^^^^^^^^^^^^^^
[Tue Jul 07 20:20:50.956209 2026] [wsgi:error] [pid 12:tid 139722949215936] [remote 10.0.0.83:56046] 2026-07-07 20:20:50.940 12 ERROR keystone.server.flask.application
File "/var/lib/openstack/lib/python3.12/site-packages/pymysql/connections.py", line 803, in _read_packet
[Tue Jul 07 20:20:50.956227 2026] [wsgi:error] [pid 12:tid 139722949215936] [remote 10.0.0.83:56046] 2026-07-07 20:20:50.940 12 ERROR keystone.server.flask.application packet.raise_for_error()
[Tue Jul 07 20:20:50.956256 2026] [wsgi:error] [pid 12:tid 139722949215936] [remote 10.0.0.83:56046] 2026-07-07 20:20:50.940 12 ERROR keystone.server.flask.application
File "/var/lib/openstack/lib/python3.12/site-packages/pymysql/protocol.py", line 219, in raise_for_error
[Tue Jul 07 20:20:50.956271 2026] [wsgi:error] [pid 12:tid 139722949215936] [remote 10.0.0.83:56046] 2026-07-07 20:20:50.940 12 ERROR keystone.server.flask.application err.raise_mysql_exception(self._data)
[Tue Jul 07 20:20:50.956285 2026] [wsgi:error] [pid 12:tid 139722949215936] [remote 10.0.0.83:56046] 2026-07-07 20:20:50.940 12 ERROR keystone.server.flask.application
File "/var/lib/openstack/lib/python3.12/site-packages/pymysql/err.py", line 154, in raise_mysql_exception
[Tue Jul 07 20:20:50.956324 2026] [wsgi:error] [pid 12:tid 139722949215936] [remote 10.0.0.83:56046] 2026-07-07 20:20:50.940 12 ERROR keystone.server.flask.application raise errorclass(errno, errval, sqlstate=sqlstate)
[Tue Jul 07 20:20:50.956347 2026] [wsgi:error] [pid 12:tid 139722949215936] [remote 10.0.0.83:56046] 2026-07-07 20:20:50.940 12 ERROR keystone.server.flask.application pymysql.err.IntegrityError: (1062, "Duplicate entry '<>-service' for key 'project.ixu_project_name_domain_id'")
[Tue Jul 07 20:20:50.956363 2026] [wsgi:error] [pid 12:tid 139722949215936] [remote 10.0.0.83:56046] 2026-07-07 20:20:50.940 12 ERROR keystone.server.flask.application
[Tue Jul 07 20:20:50.956376 2026] [wsgi:error] [pid 12:tid 139722949215936] [remote 10.0.0.83:56046] 2026-07-07 20:20:50.940 12 ERROR keystone.server.flask.application The above exception was the direct cause of the following exception:
[Tue Jul 07 20:20:50.956396 2026] [wsgi:error] [pid 12:tid 139722949215936] [remote 10.0.0.83:56046] 2026-07-07 20:20:50.940 12 ERROR keystone.server.flask.application
[Tue Jul 07 20:20:50.956412 2026] [wsgi:error] [pid 12:tid 139722949215936] [remote 10.0.0.83:56046] 2026-07-07 20:20:50.940 12 ERROR keystone.server.flask.application
Traceback (most recent call last):
[Tue Jul 07 20:20:50.956430 2026] [wsgi:error] [pid 12:tid 139722949215936] [remote 10.0.0.83:56046] 2026-07-07 20:20:50.940 12 ERROR keystone.server.flask.application
File "/var/lib/openstack/lib/python3.12/site-packages/keystone/common/sql/core.py", line 575, in wrapper
[Tue Jul 07 20:20:50.956445 2026] [wsgi:error] [pid 12:tid 139722949215936] [remote 10.0.0.83:56046] 2026-07-07 20:20:50.940 12 ERROR keystone.server.flask.application return method(*args, **kwargs)
[Tue Jul 07 20:20:50.956462 2026] [wsgi:error] [pid 12:tid 139722949215936] [remote 10.0.0.83:56046] 2026-07-07 20:20:50.940 12 ERROR keystone.server.flask.application ^^^^^^^^^^^^^^^^^^^^^^^
[Tue Jul 07 20:20:50.956482 2026] [wsgi:error] [pid 12:tid 139722949215936] [remote 10.0.0.83:56046] 2026-07-07 20:20:50.940 12 ERROR keystone.server.flask.application
File "/var/lib/openstack/lib/python3.12/site-packages/keystone/resource/backends/sql.py", line 278, in create_project
[Tue Jul 07 20:20:50.956515 2026] [wsgi:error] [pid 12:tid 139722949215936] [remote 10.0.0.83:56046] 2026-07-07 20:20:50.940 12 ERROR keystone.server.flask.application with sql.session_for_write() as session:
[Tue Jul 07 20:20:50.956535 2026] [wsgi:error] [pid 12:tid 139722949215936] [remote 10.0.0.83:56046] 2026-07-07 20:20:50.940 12 ERROR keystone.server.flask.application
File "/usr/lib/python3.12/contextlib.py", line 144, in __exit__
[Tue Jul 07 20:20:50.956550 2026] [wsgi:error] [pid 12:tid 139722949215936] [remote 10.0.0.83:56046] 2026-07-07 20:20:50.940 12 ERROR keystone.server.flask.application next(self.gen)
[Tue Jul 07 20:20:50.956568 2026] [wsgi:error] [pid 12:tid 139722949215936] [remote 10.0.0.83:56046] 2026-07-07 20:20:50.940 12 ERROR keystone.server.flask.application
File "/var/lib/openstack/lib/python3.12/site-packages/oslo_db/sqlalchemy/enginefacade.py", line 1175, in _transaction_scope
[Tue Jul 07 20:20:50.956587 2026] [wsgi:error] [pid 12:tid 139722949215936] [remote 10.0.0.83:56046] 2026-07-07 20:20:50.940 12 ERROR keystone.server.flask.application with current._produce_block(
[Tue Jul 07 20:20:50.956601 2026] [wsgi:error] [pid 12:tid 139722949215936] [remote 10.0.0.83:56046] 2026-07-07 20:20:50.940 12 ERROR keystone.server.flask.application
File "/usr/lib/python3.12/contextlib.py", line 144, in __exit__
[Tue Jul 07 20:20:50.956616 2026] [wsgi:error] [pid 12:tid 139722949215936] [remote 10.0.0.83:56046] 2026-07-07 20:20:50.940 12 ERROR keystone.server.flask.application next(self.gen)
[Tue Jul 07 20:20:50.956680 2026] [wsgi:error] [pid 12:tid 139722949215936] [remote 10.0.0.83:56046] 2026-07-07 20:20:50.940 12 ERROR keystone.server.flask.application
File "/var/lib/openstack/lib/python3.12/site-packages/oslo_db/sqlalchemy/enginefacade.py", line 837, in _session
[Tue Jul 07 20:20:50.956720 2026] [wsgi:error] [pid 12:tid 139722949215936] [remote 10.0.0.83:56046] 2026-07-07 20:20:50.940 12 ERROR keystone.server.flask.application with excutils.save_and_reraise_exception():
[Tue Jul 07 20:20:50.956741 2026] [wsgi:error] [pid 12:tid 139722949215936] [remote 10.0.0.83:56046] 2026-07-07 20:20:50.940 12 ERROR keystone.server.flask.application
File "/var/lib/openstack/lib/python3.12/site-packages/oslo_utils/excutils.py", line 266, in __exit__
[Tue Jul 07 20:20:50.956778 2026] [wsgi:error] [pid 12:tid 139722949215936] [remote 10.0.0.83:56046] 2026-07-07 20:20:50.940 12 ERROR keystone.server.flask.application self.force_reraise()
[Tue Jul 07 20:20:50.956810 2026] [wsgi:error] [pid 12:tid 139722949215936] [remote 10.0.0.83:56046] 2026-07-07 20:20:50.940 12 ERROR keystone.server.flask.application
File "/var/lib/openstack/lib/python3.12/site-packages/oslo_utils/excutils.py", line 232, in force_reraise
[Tue Jul 07 20:20:50.956834 2026] [wsgi:error] [pid 12:tid 139722949215936] [remote 10.0.0.83:56046] 2026-07-07 20:20:50.940 12 ERROR keystone.server.flask.application raise self.value
[Tue Jul 07 20:20:50.956861 2026] [wsgi:error] [pid 12:tid 139722949215936] [remote 10.0.0.83:56046] 2026-07-07 20:20:50.940 12 ERROR keystone.server.flask.application
File "/var/lib/openstack/lib/python3.12/site-packages/oslo_db/sqlalchemy/enginefacade.py", line 835, in _session
[Tue Jul 07 20:20:50.956875 2026] [wsgi:error] [pid 12:tid 139722949215936] [remote 10.0.0.83:56046] 2026-07-07 20:20:50.940 12 ERROR keystone.server.flask.application self._end_session_transaction(self.session)
[Tue Jul 07 20:20:50.956890 2026] [wsgi:error] [pid 12:tid 139722949215936] [remote 10.0.0.83:56046] 2026-07-07 20:20:50.940 12 ERROR keystone.server.flask.application
File "/var/lib/openstack/lib/python3.12/site-packages/oslo_db/sqlalchemy/enginefacade.py", line 748, in _end_session_transaction
[Tue Jul 07 20:20:50.956903 2026] [wsgi:error] [pid 12:tid 139722949215936] [remote 10.0.0.83:56046] 2026-07-07 20:20:50.940 12 ERROR keystone.server.flask.application session.commit()
[Tue Jul 07 20:20:50.956988 2026] [wsgi:error] [pid 12:tid 139722949215936] [remote 10.0.0.83:56046] 2026-07-07 20:20:50.940 12 ERROR keystone.server.flask.application
File "/var/lib/openstack/lib/python3.12/site-packages/sqlalchemy/orm/session.py", line 2034, in commit
[Tue Jul 07 20:20:50.957039 2026] [wsgi:error] [pid 12:tid 139722949215936] [remote 10.0.0.83:56046] 2026-07-07 20:20:50.940 12 ERROR keystone.server.flask.application trans.commit(_to_root=True)
[Tue Jul 07 20:20:50.957081 2026] [wsgi:error] [pid 12:tid 139722949215936] [remote 10.0.0.83:56046] 2026-07-07 20:20:50.940 12 ERROR keystone.server.flask.application File "", line 2, in commit
[Tue Jul 07 20:20:50.957118 2026] [wsgi:error] [pid 12:tid 139722949215936] [remote 10.0.0.83:56046] 2026-07-07 20:20:50.940 12 ERROR keystone.server.flask.application
File "/var/lib/openstack/lib/python3.12/site-packages/sqlalchemy/orm/state_changes.py", line 137, in _go
[Tue Jul 07 20:20:50.957161 2026] [wsgi:error] [pid 12:tid 139722949215936] [remote 10.0.0.83:56046] 2026-07-07 20:20:50.940 12 ERROR keystone.server.flask.application ret_value = fn(self, *arg, **kw)
[Tue Jul 07 20:20:50.957203 2026] [wsgi:error] [pid 12:tid 139722949215936] [remote 10.0.0.83:56046] 2026-07-07 20:20:50.940 12 ERROR keystone.server.flask.application ^^^^^^^^^^^^^^^^^^^^
[Tue Jul 07 20:20:50.957239 2026] [wsgi:error] [pid 12:tid 139722949215936] [remote 10.0.0.83:56046] 2026-07-07 20:20:50.940 12 ERROR keystone.server.flask.application
File "/var/lib/openstack/lib/python3.12/site-packages/sqlalchemy/orm/session.py", line 1315, in commit
[Tue Jul 07 20:20:50.957281 2026] [wsgi:error] [pid 12:tid 139722949215936] [remote 10.0.0.83:56046] 2026-07-07 20:20:50.940 12 ERROR keystone.server.flask.application self._prepare_impl()
[Tue Jul 07 20:20:50.957324 2026] [wsgi:error] [pid 12:tid 139722949215936] [remote 10.0.0.83:56046] 2026-07-07 20:20:50.940 12 ERROR keystone.server.flask.application File "", line 2, in _prepare_impl
[Tue Jul 07 20:20:50.957358 2026] [wsgi:error] [pid 12:tid 139722949215936] [remote 10.0.0.83:56046] 2026-07-07 20:20:50.940 12 ERROR keystone.server.flask.application
File "/var/lib/openstack/lib/python3.12/site-packages/sqlalchemy/orm/state_changes.py", line 137, in _go
[Tue Jul 07 20:20:50.957395 2026] [wsgi:error] [pid 12:tid 139722949215936] [remote 10.0.0.83:56046] 2026-07-07 20:20:50.940 12 ERROR keystone.server.flask.application ret_value = fn(self, *arg, **kw)
[Tue Jul 07 20:20:50.957441 2026] [wsgi:error] [pid 12:tid 139722949215936] [remote 10.0.0.83:56046] 2026-07-07 20:20:50.940 12 ERROR keystone.server.flask.application ^^^^^^^^^^^^^^^^^^^^
[Tue Jul 07 20:20:50.957476 2026] [wsgi:error] [pid 12:tid 139722949215936] [remote 10.0.0.83:56046] 2026-07-07 20:20:50.940 12 ERROR keystone.server.flask.application
File "/var/lib/openstack/lib/python3.12/site-packages/sqlalchemy/orm/session.py", line 1290, in _prepare_impl
[Tue Jul 07 20:20:50.957513 2026] [wsgi:error] [pid 12:tid 139722949215936] [remote 10.0.0.83:56046] 2026-07-07 20:20:50.940 12 ERROR keystone.server.flask.application self.session.flush()
[Tue Jul 07 20:20:50.957556 2026] [wsgi:error] [pid 12:tid 139722949215936] [remote 10.0.0.83:56046] 2026-07-07 20:20:50.940 12 ERROR keystone.server.flask.application
File "/var/lib/openstack/lib/python3.12/site-packages/sqlalchemy/orm/session.py", line 4352, in flush
[Tue Jul 07 20:20:50.957592 2026] [wsgi:error] [pid 12:tid 139722949215936] [remote 10.0.0.83:56046] 2026-07-07 20:20:50.940 12 ERROR keystone.server.flask.application self._flush(objects)
[Tue Jul 07 20:20:50.957629 2026] [wsgi:error] [pid 12:tid 139722949215936] [remote 10.0.0.83:56046] 2026-07-07 20:20:50.940 12 ERROR keystone.server.flask.application
File "/var/lib/openstack/lib/python3.12/site-packages/sqlalchemy/orm/session.py", line 4487, in _flush
[Tue Jul 07 20:20:50.957671 2026] [wsgi:error] [pid 12:tid 139722949215936] [remote 10.0.0.83:56046] 2026-07-07 20:20:50.940 12 ERROR keystone.server.flask.application with util.safe_reraise():
[Tue Jul 07 20:20:50.957708 2026] [wsgi:error] [pid 12:tid 139722949215936] [remote 10.0.0.83:56046] 2026-07-07 20:20:50.940 12 ERROR keystone.server.flask.application
File "/var/lib/openstack/lib/python3.12/site-packages/sqlalchemy/util/langhelpers.py", line 122, in __exit__
[Tue Jul 07 20:20:50.957752 2026] [wsgi:error] [pid 12:tid 139722949215936] [remote 10.0.0.83:56046] 2026-07-07 20:20:50.940 12 ERROR keystone.server.flask.application raise exc_value.with_traceback(exc_tb)
[Tue Jul 07 20:20:50.957792 2026] [wsgi:error] [pid 12:tid 139722949215936] [remote 10.0.0.83:56046] 2026-07-07 20:20:50.940 12 ERROR keystone.server.flask.application
File "/var/lib/openstack/lib/python3.12/site-packages/sqlalchemy/orm/session.py", line 4448, in _flush
[Tue Jul 07 20:20:50.957827 2026] [wsgi:error] [pid 12:tid 139722949215936] [remote 10.0.0.83:56046] 2026-07-07 20:20:50.940 12 ERROR keystone.server.flask.application flush_context.execute()
[Tue Jul 07 20:20:50.957868 2026] [wsgi:error] [pid 12:tid 139722949215936] [remote 10.0.0.83:56046] 2026-07-07 20:20:50.940 12 ERROR keystone.server.flask.application
