2026-07-02 10:40:44.747 10 INFO neutron.wsgi [-] 10.0.0.127 "GET / HTTP/1.1" status: 200 len: 247 time: 0.0067554
2026-07-02 10:40:45.062 9 INFO neutron.db.ovn_revision_numbers_db [None req-f338612a-3fe5-466d-a91f-2e8c0fb60bc3 7a0d84665b1f4a1288833aa07236b752 e5697475b2504714a97ee12d834598e3 - - default default] Successfully bumped revision number for resource 362ed36d-af66-432e-86e3-99c0f75eccb7 (type: ports) to 2
2026-07-02 10:40:45.112 9 INFO neutron.db.ovn_revision_numbers_db [None req-f338612a-3fe5-466d-a91f-2e8c0fb60bc3 7a0d84665b1f4a1288833aa07236b752 e5697475b2504714a97ee12d834598e3 - - default default] Successfully bumped revision number for resource 940ec5c7-d8b3-42dd-9229-67288fe09c85 (type: subnets) to 0
2026-07-02 10:40:45.125 9 INFO neutron.wsgi [None req-f338612a-3fe5-466d-a91f-2e8c0fb60bc3 7a0d84665b1f4a1288833aa07236b752 e5697475b2504714a97ee12d834598e3 - - default default] 199.19.213.141,10.0.0.127 "POST /v2.0/subnets HTTP/1.1" status: 201 len: 821 time: 0.8789027
2026-07-02 10:40:59.740 10 INFO neutron.wsgi [-] 10.0.0.127 "GET / HTTP/1.1" status: 200 len: 247 time: 0.0017102
2026-07-02 10:41:14.741 10 INFO neutron.wsgi [-] 10.0.0.127 "GET / HTTP/1.1" status: 200 len: 247 time: 0.0016398
2026-07-02 10:41:29.741 10 INFO neutron.wsgi [-] 10.0.0.127 "GET / HTTP/1.1" status: 200 len: 247 time: 0.0017819
2026-07-02 10:41:29.743 10 INFO neutron.wsgi [-] 10.0.0.127 "GET / HTTP/1.1" status: 200 len: 247 time: 0.0018408
2026-07-02 10:41:44.740 10 INFO neutron.wsgi [-] 10.0.0.127 "GET / HTTP/1.1" status: 200 len: 247 time: 0.0017154
2026-07-02 10:41:44.742 9 INFO neutron.wsgi [-] 10.0.0.127 "GET / HTTP/1.1" status: 200 len: 247 time: 0.0032260
2026-07-02 10:41:59.742 10 INFO neutron.wsgi [-] 10.0.0.127 "GET / HTTP/1.1" status: 200 len: 247 time: 0.0023613
2026-07-02 10:41:59.743 9 INFO neutron.wsgi [-] 10.0.0.127 "GET / HTTP/1.1" status: 200 len: 247 time: 0.0034673
2026-07-02 10:42:14.743 9 INFO neutron.wsgi [-] 10.0.0.127 "GET / HTTP/1.1" status: 200 len: 247 time: 0.0027807
2026-07-02 10:42:14.744 10 INFO neutron.wsgi [-] 10.0.0.127 "GET / HTTP/1.1" status: 200 len: 247 time: 0.0045793
2026-07-02 10:42:29.741 10 INFO neutron.wsgi [-] 10.0.0.127 "GET / HTTP/1.1" status: 200 len: 247 time: 0.0016892
2026-07-02 10:42:29.746 9 INFO neutron.wsgi [-] 10.0.0.127 "GET / HTTP/1.1" status: 200 len: 247 time: 0.0028436
2026-07-02 10:42:44.742 9 INFO neutron.wsgi [-] 10.0.0.127 "GET / HTTP/1.1" status: 200 len: 247 time: 0.0027907
2026-07-02 10:42:44.746 9 INFO neutron.wsgi [-] 10.0.0.127 "GET / HTTP/1.1" status: 200 len: 247 time: 0.0024884
2026-07-02 10:42:59.743 10 INFO neutron.wsgi [-] 10.0.0.127 "GET / HTTP/1.1" status: 200 len: 247 time: 0.0034766
2026-07-02 10:42:59.743 9 INFO neutron.wsgi [-] 10.0.0.127 "GET / HTTP/1.1" status: 200 len: 247 time: 0.0034549
2026-07-02 10:43:14.743 10 INFO neutron.wsgi [-] 10.0.0.127 "GET / HTTP/1.1" status: 200 len: 247 time: 0.0023742
2026-07-02 10:43:14.745 9 INFO neutron.wsgi [-] 10.0.0.127 "GET / HTTP/1.1" status: 200 len: 247 time: 0.0053103
2026-07-02 10:43:29.741 9 INFO neutron.wsgi [-] 10.0.0.127 "GET / HTTP/1.1" status: 200 len: 247 time: 0.0016882
2026-07-02 10:43:29.742 10 INFO neutron.wsgi [-] 10.0.0.127 "GET / HTTP/1.1" status: 200 len: 247 time: 0.0025074
2026-07-02 10:43:44.741 10 INFO neutron.wsgi [-] 10.0.0.127 "GET / HTTP/1.1" status: 200 len: 247 time: 0.0017891
2026-07-02 10:43:44.745 9 INFO neutron.wsgi [-] 10.0.0.127 "GET / HTTP/1.1" status: 200 len: 247 time: 0.0023992
2026-07-02 10:43:59.742 9 INFO neutron.wsgi [-] 10.0.0.127 "GET / HTTP/1.1" status: 200 len: 247 time: 0.0025601
2026-07-02 10:43:59.744 9 INFO neutron.wsgi [-] 10.0.0.127 "GET / HTTP/1.1" status: 200 len: 247 time: 0.0015099
2026-07-02 10:44:14.743 10 INFO neutron.wsgi [-] 10.0.0.127 "GET / HTTP/1.1" status: 200 len: 247 time: 0.0033648
2026-07-02 10:44:14.745 10 INFO neutron.wsgi [-] 10.0.0.127 "GET / HTTP/1.1" status: 200 len: 247 time: 0.0012951
2026-07-02 10:44:29.741 9 INFO neutron.wsgi [-] 10.0.0.127 "GET / HTTP/1.1" status: 200 len: 247 time: 0.0018618
2026-07-02 10:44:29.744 9 INFO neutron.wsgi [-] 10.0.0.127 "GET / HTTP/1.1" status: 200 len: 247 time: 0.0013556
2026-07-02 10:44:44.742 10 INFO neutron.wsgi [-] 10.0.0.127 "GET / HTTP/1.1" status: 200 len: 247 time: 0.0022812
2026-07-02 10:44:44.747 9 INFO neutron.wsgi [-] 10.0.0.127 "GET / HTTP/1.1" status: 200 len: 247 time: 0.0036883
2026-07-02 10:44:59.741 10 INFO neutron.wsgi [-] 10.0.0.127 "GET / HTTP/1.1" status: 200 len: 247 time: 0.0021584
2026-07-02 10:44:59.743 9 INFO neutron.wsgi [-] 10.0.0.127 "GET / HTTP/1.1" status: 200 len: 247 time: 0.0030475
2026-07-02 10:45:14.741 9 INFO neutron.wsgi [-] 10.0.0.127 "GET / HTTP/1.1" status: 200 len: 247 time: 0.0017834
2026-07-02 10:45:14.742 10 INFO neutron.wsgi [-] 10.0.0.127 "GET / HTTP/1.1" status: 200 len: 247 time: 0.0025067
2026-07-02 10:45:17.719 9 INFO neutron.pecan_wsgi.hooks.translation [None req-cf501804-6093-43fe-a574-ee2aba9d518e 7a0d84665b1f4a1288833aa07236b752 e5697475b2504714a97ee12d834598e3 - - default default] GET failed (client error): The resource could not be found.
2026-07-02 10:45:17.721 9 INFO neutron.wsgi [None req-cf501804-6093-43fe-a574-ee2aba9d518e 7a0d84665b1f4a1288833aa07236b752 e5697475b2504714a97ee12d834598e3 - - default default] 199.19.213.141,10.0.0.127 "GET /v2.0/networks/lb-mgmt-net HTTP/1.1" status: 404 len: 295 time: 0.1332722
2026-07-02 10:45:17.741 9 INFO neutron.wsgi [None req-e640f56c-a46e-4aa7-92c3-3c69115f2398 7a0d84665b1f4a1288833aa07236b752 e5697475b2504714a97ee12d834598e3 - - default default] 199.19.213.141,10.0.0.127 "GET /v2.0/networks?name=lb-mgmt-net HTTP/1.1" status: 200 len: 189 time: 0.0151343
2026-07-02 10:45:17.832 9 INFO neutron.db.segments_db [None req-f7f2a581-ae9d-491b-a3e3-4027554d97e8 7a0d84665b1f4a1288833aa07236b752 e5697475b2504714a97ee12d834598e3 - - default default] Added segment 195dac6f-e4ba-4d5d-8bac-695c7b0dfb15 of type geneve for network cf4344a0-f62a-446b-a3ad-284252379463
2026-07-02 10:45:18.045 9 INFO neutron.db.ovn_revision_numbers_db [None req-f7f2a581-ae9d-491b-a3e3-4027554d97e8 7a0d84665b1f4a1288833aa07236b752 e5697475b2504714a97ee12d834598e3 - - default default] Successfully bumped revision number for resource cf4344a0-f62a-446b-a3ad-284252379463 (type: networks) to 1
2026-07-02 10:45:18.210 9 WARNING neutron.scheduler.dhcp_agent_scheduler [None req-f7f2a581-ae9d-491b-a3e3-4027554d97e8 7a0d84665b1f4a1288833aa07236b752 e5697475b2504714a97ee12d834598e3 - - default default] No more DHCP agents
2026-07-02 10:45:18.212 9 WARNING neutron.api.rpc.agentnotifiers.dhcp_rpc_agent_api [None req-f7f2a581-ae9d-491b-a3e3-4027554d97e8 7a0d84665b1f4a1288833aa07236b752 e5697475b2504714a97ee12d834598e3 - - default default] Unable to schedule network cf4344a0-f62a-446b-a3ad-284252379463: no agents available; will retry on subsequent port and subnet creation events.
2026-07-02 10:45:18.296 9 INFO neutron.db.ovn_revision_numbers_db [None req-f7f2a581-ae9d-491b-a3e3-4027554d97e8 7a0d84665b1f4a1288833aa07236b752 e5697475b2504714a97ee12d834598e3 - - default default] Successfully bumped revision number for resource 19de6bac-d9a6-44bd-a362-07e69f4d7a5b (type: ports) to 1
2026-07-02 10:45:18.315 9 INFO neutron.wsgi [None req-f7f2a581-ae9d-491b-a3e3-4027554d97e8 7a0d84665b1f4a1288833aa07236b752 e5697475b2504714a97ee12d834598e3 - - default default] 199.19.213.141,10.0.0.127 "POST /v2.0/networks HTTP/1.1" status: 201 len: 890 time: 0.5694063
2026-07-02 10:45:19.277 9 INFO neutron.pecan_wsgi.hooks.translation [None req-ae5472b0-f0d6-4731-8fdf-e5f7853ad787 7a0d84665b1f4a1288833aa07236b752 e5697475b2504714a97ee12d834598e3 - - default default] GET failed (client error): The resource could not be found.
2026-07-02 10:45:19.278 9 INFO neutron.wsgi [None req-ae5472b0-f0d6-4731-8fdf-e5f7853ad787 7a0d84665b1f4a1288833aa07236b752 e5697475b2504714a97ee12d834598e3 - - default default] 199.19.213.141,10.0.0.127 "GET /v2.0/networks/lb-mgmt-net HTTP/1.1" status: 404 len: 295 time: 0.0566449
2026-07-02 10:45:19.326 9 INFO neutron.wsgi [None req-10ee068d-fe14-46e9-b0eb-ec0eef2607f2 7a0d84665b1f4a1288833aa07236b752 e5697475b2504714a97ee12d834598e3 - - default default] 199.19.213.141,10.0.0.127 "GET /v2.0/networks?name=lb-mgmt-net HTTP/1.1" status: 200 len: 875 time: 0.0439148
2026-07-02 10:45:19.352 9 INFO neutron.pecan_wsgi.hooks.translation [None req-e0d8daab-d511-4ed8-8b9e-476c5a466f1d 7a0d84665b1f4a1288833aa07236b752 e5697475b2504714a97ee12d834598e3 - - default default] GET failed (client error): The resource could not be found.
2026-07-02 10:45:19.353 9 INFO neutron.wsgi [None req-e0d8daab-d511-4ed8-8b9e-476c5a466f1d 7a0d84665b1f4a1288833aa07236b752 e5697475b2504714a97ee12d834598e3 - - default default] 199.19.213.141,10.0.0.127 "GET /v2.0/subnets/lb-mgmt-subnet?network_id=cf4344a0-f62a-446b-a3ad-284252379463 HTTP/1.1" status: 404 len: 296 time: 0.0194354
2026-07-02 10:45:19.378 9 INFO neutron.wsgi [None req-f65c947e-a4e9-4234-a9fe-8a5d472b4cde 7a0d84665b1f4a1288833aa07236b752 e5697475b2504714a97ee12d834598e3 - - default default] 199.19.213.141,10.0.0.127 "GET /v2.0/subnets?name=lb-mgmt-subnet&network_id=cf4344a0-f62a-446b-a3ad-284252379463 HTTP/1.1" status: 200 len: 188 time: 0.0211797
2026-07-02 10:45:19.524 9 WARNING neutron.scheduler.dhcp_agent_scheduler [None req-2f956582-8723-4f3b-8f53-90f928487305 7a0d84665b1f4a1288833aa07236b752 e5697475b2504714a97ee12d834598e3 - - default default] No more DHCP agents
2026-07-02 10:45:19.526 9 WARNING neutron.api.rpc.agentnotifiers.dhcp_rpc_agent_api [None req-2f956582-8723-4f3b-8f53-90f928487305 7a0d84665b1f4a1288833aa07236b752 e5697475b2504714a97ee12d834598e3 - - default default] Unable to schedule network cf4344a0-f62a-446b-a3ad-284252379463: no agents available; will retry on subsequent port and subnet creation events.
2026-07-02 10:45:20.029 9 INFO neutron.db.ovn_revision_numbers_db [None req-2f956582-8723-4f3b-8f53-90f928487305 7a0d84665b1f4a1288833aa07236b752 e5697475b2504714a97ee12d834598e3 - - default default] Successfully bumped revision number for resource 19de6bac-d9a6-44bd-a362-07e69f4d7a5b (type: ports) to 2
2026-07-02 10:45:20.088 9 INFO neutron.db.ovn_revision_numbers_db [None req-2f956582-8723-4f3b-8f53-90f928487305 7a0d84665b1f4a1288833aa07236b752 e5697475b2504714a97ee12d834598e3 - - default default] Successfully bumped revision number for resource 1aca3f3f-7225-4045-b49f-f4f29efbbd9c (type: subnets) to 0
2026-07-02 10:45:20.109 9 INFO neutron.wsgi [None req-2f956582-8723-4f3b-8f53-90f928487305 7a0d84665b1f4a1288833aa07236b752 e5697475b2504714a97ee12d834598e3 - - default default] 199.19.213.141,10.0.0.127 "POST /v2.0/subnets HTTP/1.1" status: 201 len: 807 time: 0.7265098 /var/lib/openstack/lib/python3.10/site-packages/memcache.py:1303: SyntaxWarning: "is" with a literal. Did you mean "=="? if key is '': /var/lib/openstack/lib/python3.10/site-packages/memcache.py:1304: SyntaxWarning: "is" with a literal. Did you mean "=="? if key_extra_len is 0: /var/lib/openstack/lib/python3.10/site-packages/pycadf/identifier.py:71: UserWarning: Invalid uuid: unknown. To ensure interoperability, identifiers should be a valid uuid. warnings.warn(('Invalid uuid: %s. To ensure interoperability, '
2026-07-02 10:45:21.815 10 INFO neutron.api.v2.resource [None req-bd9c0365-8783-41ee-be65-f85594b5f586 7a0d84665b1f4a1288833aa07236b752 e5697475b2504714a97ee12d834598e3 - - default default] show failed (client error): The resource could not be found.
2026-07-02 10:45:21.816 10 INFO neutron.wsgi [None req-bd9c0365-8783-41ee-be65-f85594b5f586 7a0d84665b1f4a1288833aa07236b752 e5697475b2504714a97ee12d834598e3 - - default default] 199.19.213.141,10.0.0.127 "GET /v2.0/security-groups/lb-health-mgr-sec-grp HTTP/1.1" status: 404 len: 313 time: 0.6109185
2026-07-02 10:45:21.864 10 INFO neutron.wsgi [None req-9819137e-c8a6-4478-a2be-b3bb942e854d 7a0d84665b1f4a1288833aa07236b752 e5697475b2504714a97ee12d834598e3 - - default default] 199.19.213.141,10.0.0.127 "GET /v2.0/security-groups?name=lb-health-mgr-sec-grp HTTP/1.1" status: 200 len: 197 time: 0.0440793
2026-07-02 10:45:21.977 10 WARNING oslo_policy.policy [None req-f5a5aa56-2fb4-4cd9-87f5-2a460c6ccf99 7a0d84665b1f4a1288833aa07236b752 e5697475b2504714a97ee12d834598e3 - - default default] Policies ['get_subnets_tags'] reference a rule that is not defined.
2026-07-02 10:45:22.124 10 INFO neutron.plugins.ml2.drivers.ovn.mech_driver.ovsdb.extensions.qos [None req-f5a5aa56-2fb4-4cd9-87f5-2a460c6ccf99 7a0d84665b1f4a1288833aa07236b752 e5697475b2504714a97ee12d834598e3 - - default default] Starting OVNClientQosExtension
2026-07-02 10:45:22.125 10 INFO neutron.plugins.ml2.drivers.ovn.mech_driver.ovsdb.extensions.placement [None req-f5a5aa56-2fb4-4cd9-87f5-2a460c6ccf99 7a0d84665b1f4a1288833aa07236b752 e5697475b2504714a97ee12d834598e3 - - default default] Starting OVNClientPlacementExtension
2026-07-02 10:45:22.156 10 INFO neutron.db.ovn_revision_numbers_db [None req-f5a5aa56-2fb4-4cd9-87f5-2a460c6ccf99 7a0d84665b1f4a1288833aa07236b752 e5697475b2504714a97ee12d834598e3 - - default default] Successfully bumped revision number for resource a515a82e-e655-46b7-bf8c-a16068f73921 (type: security_groups) to 1
2026-07-02 10:45:22.171 10 INFO neutron.db.ovn_revision_numbers_db [None req-f5a5aa56-2fb4-4cd9-87f5-2a460c6ccf99 7a0d84665b1f4a1288833aa07236b752 e5697475b2504714a97ee12d834598e3 - - default default] Successfully bumped revision number for resource 5d80db0e-603e-4051-a8ea-aece5d57bb82 (type: security_group_rules) to 0
2026-07-02 10:45:22.186 10 INFO neutron.db.ovn_revision_numbers_db [None req-f5a5aa56-2fb4-4cd9-87f5-2a460c6ccf99 7a0d84665b1f4a1288833aa07236b752 e5697475b2504714a97ee12d834598e3 - - default default] Successfully bumped revision number for resource b9baadfe-a490-4aa8-98be-081c5d90dc76 (type: security_group_rules) to 0
2026-07-02 10:45:22.211 10 INFO neutron.wsgi [None req-f5a5aa56-2fb4-4cd9-87f5-2a460c6ccf99 7a0d84665b1f4a1288833aa07236b752 e5697475b2504714a97ee12d834598e3 - - default default] 199.19.213.141,10.0.0.127 "POST /v2.0/security-groups HTTP/1.1" status: 201 len: 1733 time: 0.3410587
2026-07-02 10:45:23.371 9 INFO neutron.wsgi [None req-a4a7d5a5-6f96-4e00-85ec-6eb2118e6287 7a0d84665b1f4a1288833aa07236b752 e5697475b2504714a97ee12d834598e3 - - default default] 199.19.213.141,10.0.0.127 "GET /v2.0/security-groups/a515a82e-e655-46b7-bf8c-a16068f73921 HTTP/1.1" status: 200 len: 1728 time: 0.0827315
2026-07-02 10:45:23.415 9 INFO neutron.wsgi [None req-8be211a6-fc04-43f0-b445-71c756beeca6 7a0d84665b1f4a1288833aa07236b752 e5697475b2504714a97ee12d834598e3 - - default default] 199.19.213.141,10.0.0.127 "GET /v2.0/security-groups/a515a82e-e655-46b7-bf8c-a16068f73921 HTTP/1.1" status: 200 len: 1728 time: 0.0375736
2026-07-02 10:45:23.451 9 INFO neutron.wsgi [None req-1a07adda-ef31-4aea-943f-554d421a5284 7a0d84665b1f4a1288833aa07236b752 e5697475b2504714a97ee12d834598e3 - - default default] 199.19.213.141,10.0.0.127 "GET /v2.0/security-groups/a515a82e-e655-46b7-bf8c-a16068f73921 HTTP/1.1" status: 200 len: 1728 time: 0.0276668
2026-07-02 10:45:23.586 9 INFO neutron.db.ovn_revision_numbers_db [None req-e1d6e8f2-4156-495a-8174-524db5ed4f97 7a0d84665b1f4a1288833aa07236b752 e5697475b2504714a97ee12d834598e3 - - default default] Successfully bumped revision number for resource a2538237-b6b8-4e09-80d0-d3d9a7bef087 (type: security_group_rules) to 0
2026-07-02 10:45:23.611 9 INFO neutron.wsgi [None req-e1d6e8f2-4156-495a-8174-524db5ed4f97 7a0d84665b1f4a1288833aa07236b752 e5697475b2504714a97ee12d834598e3 - - default default] 199.19.213.141,10.0.0.127 "POST /v2.0/security-group-rules HTTP/1.1" status: 201 len: 749 time: 0.1542389
2026-07-02 10:45:24.594 9 INFO neutron.wsgi [None req-ce95277e-69fe-4f00-b51a-52e5fa652f4d 7a0d84665b1f4a1288833aa07236b752 e5697475b2504714a97ee12d834598e3 - - default default] 199.19.213.141,10.0.0.127 "GET /v2.0/security-groups/a515a82e-e655-46b7-bf8c-a16068f73921 HTTP/1.1" status: 200 len: 2310 time: 0.0736825
2026-07-02 10:45:24.630 9 INFO neutron.wsgi [None req-652fded6-d398-4454-a456-a98762ab4fd8 7a0d84665b1f4a1288833aa07236b752 e5697475b2504714a97ee12d834598e3 - - default default] 199.19.213.141,10.0.0.127 "GET /v2.0/security-groups/a515a82e-e655-46b7-bf8c-a16068f73921 HTTP/1.1" status: 200 len: 2310 time: 0.0287013
2026-07-02 10:45:24.668 9 INFO neutron.wsgi [None req-b0ac9342-ee35-4ed4-a57f-4d0d7dec94ee 7a0d84665b1f4a1288833aa07236b752 e5697475b2504714a97ee12d834598e3 - - default default] 199.19.213.141,10.0.0.127 "GET /v2.0/security-groups/a515a82e-e655-46b7-bf8c-a16068f73921 HTTP/1.1" status: 200 len: 2310 time: 0.0308268
2026-07-02 10:45:24.799 9 INFO neutron.db.ovn_revision_numbers_db [None req-6b708232-3aab-4b45-8fc7-6058fd022855 7a0d84665b1f4a1288833aa07236b752 e5697475b2504714a97ee12d834598e3 - - default default] Successfully bumped revision number for resource b107bc6b-8bfa-4399-8cc4-dd399a086b1b (type: security_group_rules) to 0
2026-07-02 10:45:24.837 9 INFO neutron.wsgi [None req-6b708232-3aab-4b45-8fc7-6058fd022855 7a0d84665b1f4a1288833aa07236b752 e5697475b2504714a97ee12d834598e3 - - default default] 199.19.213.141,10.0.0.127 "POST /v2.0/security-group-rules HTTP/1.1" status: 201 len: 751 time: 0.1635027
2026-07-02 10:45:25.787 10 INFO neutron.wsgi [None req-4c915670-7ee2-4d2c-b7d7-8cf1836f68b8 7a0d84665b1f4a1288833aa07236b752 e5697475b2504714a97ee12d834598e3 - - default default] 199.19.213.141,10.0.0.127 "GET /v2.0/security-groups/a515a82e-e655-46b7-bf8c-a16068f73921 HTTP/1.1" status: 200 len: 2894 time: 0.0770993
2026-07-02 10:45:25.829 10 INFO neutron.wsgi [None req-d4e3bde4-056b-4455-bd1e-9869706f215e 7a0d84665b1f4a1288833aa07236b752 e5697475b2504714a97ee12d834598e3 - - default default] 199.19.213.141,10.0.0.127 "GET /v2.0/security-groups/a515a82e-e655-46b7-bf8c-a16068f73921 HTTP/1.1" status: 200 len: 2894 time: 0.0348806
2026-07-02 10:45:25.866 10 INFO neutron.wsgi [None req-404519c3-3120-4e2c-9611-dfd5cc8494c9 7a0d84665b1f4a1288833aa07236b752 e5697475b2504714a97ee12d834598e3 - - default default] 199.19.213.141,10.0.0.127 "GET /v2.0/security-groups/a515a82e-e655-46b7-bf8c-a16068f73921 HTTP/1.1" status: 200 len: 2894 time: 0.0305424
2026-07-02 10:45:25.991 10 INFO neutron.db.ovn_revision_numbers_db [None req-ac6a009f-0673-48c8-9751-666e0d6a5197 7a0d84665b1f4a1288833aa07236b752 e5697475b2504714a97ee12d834598e3 - - default default] Successfully bumped revision number for resource bbe11c5b-99fb-4fda-a3e8-413c2264dbf0 (type: security_group_rules) to 0
2026-07-02 10:45:26.018 10 INFO neutron.wsgi [None req-ac6a009f-0673-48c8-9751-666e0d6a5197 7a0d84665b1f4a1288833aa07236b752 e5697475b2504714a97ee12d834598e3 - - default default] 199.19.213.141,10.0.0.127 "POST /v2.0/security-group-rules HTTP/1.1" status: 201 len: 751 time: 0.1444721
2026-07-02 10:45:26.910 10 INFO neutron.wsgi [None req-83cf0beb-54fb-4a7e-a3bd-830e411a281e 7a0d84665b1f4a1288833aa07236b752 e5697475b2504714a97ee12d834598e3 - - default default] 199.19.213.141,10.0.0.127 "GET /v2.0/security-groups/a515a82e-e655-46b7-bf8c-a16068f73921 HTTP/1.1" status: 200 len: 3478 time: 0.0701365
2026-07-02 10:45:26.945 10 INFO neutron.wsgi [None req-7d96e0f8-e615-42f0-8846-c81af69c10f7 7a0d84665b1f4a1288833aa07236b752 e5697475b2504714a97ee12d834598e3 - - default default] 199.19.213.141,10.0.0.127 "GET /v2.0/security-groups/a515a82e-e655-46b7-bf8c-a16068f73921 HTTP/1.1" status: 200 len: 3478 time: 0.0280042
2026-07-02 10:45:26.982 10 INFO neutron.wsgi [None req-27a7d557-fae4-48e3-9323-c76e7f6e847e 7a0d84665b1f4a1288833aa07236b752 e5697475b2504714a97ee12d834598e3 - - default default] 199.19.213.141,10.0.0.127 "GET /v2.0/security-groups/a515a82e-e655-46b7-bf8c-a16068f73921 HTTP/1.1" status: 200 len: 3478 time: 0.0295682
2026-07-02 10:45:27.132 10 INFO neutron.db.ovn_revision_numbers_db [None req-cf774491-beba-45db-bde3-b1c673ad0628 7a0d84665b1f4a1288833aa07236b752 e5697475b2504714a97ee12d834598e3 - - default default] Successfully bumped revision number for resource 19041e60-5695-41c8-ac36-f8a223f7c129 (type: security_group_rules) to 0
2026-07-02 10:45:27.157 10 INFO neutron.wsgi [None req-cf774491-beba-45db-bde3-b1c673ad0628 7a0d84665b1f4a1288833aa07236b752 e5697475b2504714a97ee12d834598e3 - - default default] 199.19.213.141,10.0.0.127 "POST /v2.0/security-group-rules HTTP/1.1" status: 201 len: 751 time: 0.1635823
2026-07-02 10:45:28.077 9 INFO neutron.wsgi [None req-10de4afe-1bf9-4ec9-a190-6a3e5f624285 7a0d84665b1f4a1288833aa07236b752 e5697475b2504714a97ee12d834598e3 - - default default] 199.19.213.141,10.0.0.127 "GET /v2.0/security-groups/a515a82e-e655-46b7-bf8c-a16068f73921 HTTP/1.1" status: 200 len: 4062 time: 0.0891414
2026-07-02 10:45:28.121 9 INFO neutron.wsgi [None req-2f088420-e340-4add-b32f-50e7129452f5 7a0d84665b1f4a1288833aa07236b752 e5697475b2504714a97ee12d834598e3 - - default default] 199.19.213.141,10.0.0.127 "GET /v2.0/security-groups/a515a82e-e655-46b7-bf8c-a16068f73921 HTTP/1.1" status: 200 len: 4062 time: 0.0391304
2026-07-02 10:45:28.159 9 INFO neutron.wsgi [None req-7e1ea042-0ba8-4b18-a467-c2ae48c7372f 7a0d84665b1f4a1288833aa07236b752 e5697475b2504714a97ee12d834598e3 - - default default] 199.19.213.141,10.0.0.127 "GET /v2.0/security-groups/a515a82e-e655-46b7-bf8c-a16068f73921 HTTP/1.1" status: 200 len: 4062 time: 0.0309918
2026-07-02 10:45:28.299 9 INFO neutron.db.ovn_revision_numbers_db [None req-c5558953-6f5c-48d4-a70d-1f1bb0a59e98 7a0d84665b1f4a1288833aa07236b752 e5697475b2504714a97ee12d834598e3 - - default default] Successfully bumped revision number for resource 578cbc0c-7da1-4efb-88aa-7aff21c6a4c4 (type: security_group_rules) to 0
2026-07-02 10:45:28.323 9 INFO neutron.wsgi [None req-c5558953-6f5c-48d4-a70d-1f1bb0a59e98 7a0d84665b1f4a1288833aa07236b752 e5697475b2504714a97ee12d834598e3 - - default default] 199.19.213.141,10.0.0.127 "POST /v2.0/security-group-rules HTTP/1.1" status: 201 len: 751 time: 0.1573253
2026-07-02 10:45:29.663 9 INFO neutron.wsgi [None req-77d540a1-52ad-4dfe-bc4a-1718b37da97a 7a0d84665b1f4a1288833aa07236b752 e5697475b2504714a97ee12d834598e3 - - default default] 199.19.213.141,10.0.0.127 "GET /v2.0/networks/cf4344a0-f62a-446b-a3ad-284252379463 HTTP/1.1" status: 200 len: 910 time: 0.1001816
2026-07-02 10:45:29.694 9 INFO neutron.pecan_wsgi.hooks.translation [None req-a01cf588-c2b3-4968-9b8c-0dd2c88e5664 7a0d84665b1f4a1288833aa07236b752 e5697475b2504714a97ee12d834598e3 - - default default] GET failed (client error): The resource could not be found.
2026-07-02 10:45:29.695 9 INFO neutron.wsgi [None req-a01cf588-c2b3-4968-9b8c-0dd2c88e5664 7a0d84665b1f4a1288833aa07236b752 e5697475b2504714a97ee12d834598e3 - - default default] 199.19.213.141,10.0.0.127 "GET /v2.0/ports/octavia-health-manager-port-instance?network_id=cf4344a0-f62a-446b-a3ad-284252379463 HTTP/1.1" status: 404 len: 314 time: 0.0224655
2026-07-02 10:45:29.729 9 INFO neutron.wsgi [None req-8cf004ae-c726-4bbd-bb5f-872f93c19244 7a0d84665b1f4a1288833aa07236b752 e5697475b2504714a97ee12d834598e3 - - default default] 199.19.213.141,10.0.0.127 "GET /v2.0/ports?name=octavia-health-manager-port-instance&network_id=cf4344a0-f62a-446b-a3ad-284252379463 HTTP/1.1" status: 200 len: 186 time: 0.0301616
2026-07-02 10:45:29.740 10 INFO neutron.wsgi [-] 10.0.0.127 "GET / HTTP/1.1" status: 200 len: 247 time: 0.0014751
2026-07-02 10:45:29.743 10 INFO neutron.wsgi [-] 10.0.0.127 "GET / HTTP/1.1" status: 200 len: 247 time: 0.0021052
2026-07-02 10:45:29.771 9 INFO neutron.wsgi [None req-b27081f4-6faf-49c2-8d5c-7c9830672210 7a0d84665b1f4a1288833aa07236b752 e5697475b2504714a97ee12d834598e3 - - default default] 199.19.213.141,10.0.0.127 "GET /v2.0/security-groups/a515a82e-e655-46b7-bf8c-a16068f73921 HTTP/1.1" status: 200 len: 4646 time: 0.0351250
2026-07-02 10:45:30.077 9 WARNING neutron.scheduler.dhcp_agent_scheduler [None req-8a8510ef-f386-4254-9330-d860ef314ba7 7a0d84665b1f4a1288833aa07236b752 e5697475b2504714a97ee12d834598e3 - - default default] No more DHCP agents
2026-07-02 10:45:30.079 9 WARNING neutron.api.rpc.agentnotifiers.dhcp_rpc_agent_api [None req-8a8510ef-f386-4254-9330-d860ef314ba7 7a0d84665b1f4a1288833aa07236b752 e5697475b2504714a97ee12d834598e3 - - default default] Unable to schedule network cf4344a0-f62a-446b-a3ad-284252379463: no agents available; will retry on subsequent port and subnet creation events.
2026-07-02 10:45:30.254 9 INFO neutron.db.ovn_revision_numbers_db [None req-8a8510ef-f386-4254-9330-d860ef314ba7 7a0d84665b1f4a1288833aa07236b752 e5697475b2504714a97ee12d834598e3 - - default default] Successfully bumped revision number for resource 02e2232f-d109-4ae2-8622-50a6d972c073 (type: ports) to 1
2026-07-02 10:45:30.278 9 INFO neutron.wsgi [None req-8a8510ef-f386-4254-9330-d860ef314ba7 7a0d84665b1f4a1288833aa07236b752 e5697475b2504714a97ee12d834598e3 - - default default] 199.19.213.141,10.0.0.127 "POST /v2.0/ports HTTP/1.1" status: 201 len: 1273 time: 0.4982195
2026-07-02 10:45:31.466 15 INFO neutron.db.ovn_revision_numbers_db [None req-7984f7a1-23d6-4770-ad61-803def9ac27d - - - - - -] Successfully bumped revision number for resource 7ab611bf-5fa1-4e32-a42d-9946d7bcf78a (type: networks) to 2
2026-07-02 10:45:31.466 15 INFO neutron.plugins.ml2.drivers.ovn.mech_driver.ovsdb.maintenance [None req-7984f7a1-23d6-4770-ad61-803def9ac27d - - - - - -] Maintenance task: Synchronization finished (took 0.16 seconds) /var/lib/openstack/lib/python3.10/site-packages/pycadf/identifier.py:71: UserWarning: Invalid uuid: unknown. To ensure interoperability, identifiers should be a valid uuid. warnings.warn(('Invalid uuid: %s. To ensure interoperability, '
2026-07-02 10:45:36.032 9 INFO neutron.pecan_wsgi.hooks.translation [None req-6a34acfb-0e13-4f99-8274-a4606774db0c 7a0d84665b1f4a1288833aa07236b752 e5697475b2504714a97ee12d834598e3 - - default default] GET failed (client error): The resource could not be found.
2026-07-02 10:45:36.033 9 INFO neutron.wsgi [None req-6a34acfb-0e13-4f99-8274-a4606774db0c 7a0d84665b1f4a1288833aa07236b752 e5697475b2504714a97ee12d834598e3 - - default default] 199.19.213.141,10.0.0.127 "GET /v2.0/ports/octavia-health-manager-port-instance HTTP/1.1" status: 404 len: 314 time: 0.0653930
2026-07-02 10:45:36.108 9 INFO neutron.wsgi [None req-dc7a9785-1892-4133-904c-44f6a282f9af 7a0d84665b1f4a1288833aa07236b752 e5697475b2504714a97ee12d834598e3 - - default default] 199.19.213.141,10.0.0.127 "GET /v2.0/ports?name=octavia-health-manager-port-instance HTTP/1.1" status: 200 len: 1271 time: 0.0703065
2026-07-02 10:45:36.541 9 INFO neutron.db.ovn_revision_numbers_db [None req-06dbd4e6-8776-46c5-a4f2-88b45a37d505 7a0d84665b1f4a1288833aa07236b752 e5697475b2504714a97ee12d834598e3 - - default default] Successfully bumped revision number for resource 02e2232f-d109-4ae2-8622-50a6d972c073 (type: ports) to 1
2026-07-02 10:45:36.803 9 INFO neutron.db.ovn_revision_numbers_db [None req-06dbd4e6-8776-46c5-a4f2-88b45a37d505 7a0d84665b1f4a1288833aa07236b752 e5697475b2504714a97ee12d834598e3 - - default default] Successfully bumped revision number for resource 02e2232f-d109-4ae2-8622-50a6d972c073 (type: ports) to 2
2026-07-02 10:45:36.825 9 INFO neutron.wsgi [None req-06dbd4e6-8776-46c5-a4f2-88b45a37d505 7a0d84665b1f4a1288833aa07236b752 e5697475b2504714a97ee12d834598e3 - - default default] 199.19.213.141,10.0.0.127 "PUT /v2.0/ports/02e2232f-d109-4ae2-8622-50a6d972c073 HTTP/1.1" status: 200 len: 1358 time: 0.7085338 /var/lib/openstack/lib/python3.10/site-packages/pycadf/identifier.py:71: UserWarning: Invalid uuid: unknown. To ensure interoperability, identifiers should be a valid uuid. warnings.warn(('Invalid uuid: %s. To ensure interoperability, '
2026-07-02 10:45:38.382 9 INFO neutron.wsgi [None req-f81c459d-c845-4cd3-a3a6-f277c69980a2 7a0d84665b1f4a1288833aa07236b752 e5697475b2504714a97ee12d834598e3 - - default default] 199.19.213.141,10.0.0.127 "GET /v2.0/ports HTTP/1.1" status: 200 len: 3503 time: 0.0934579
2026-07-02 10:45:39.416 9 INFO neutron.api.v2.resource [None req-d813fa8b-cc38-44c3-958b-af2ed723f91e 7a0d84665b1f4a1288833aa07236b752 e5697475b2504714a97ee12d834598e3 - - default default] show failed (client error): The resource could not be found.
2026-07-02 10:45:39.417 9 INFO neutron.wsgi [None req-d813fa8b-cc38-44c3-958b-af2ed723f91e 7a0d84665b1f4a1288833aa07236b752 e5697475b2504714a97ee12d834598e3 - - default default] 199.19.213.141,10.0.0.127 "GET /v2.0/security-groups/lb-mgmt-sec-grp HTTP/1.1" status: 404 len: 307 time: 0.0431817
2026-07-02 10:45:39.445 9 INFO neutron.wsgi [None req-bffbf2c0-f530-4f14-bf41-de1f96ec673e 7a0d84665b1f4a1288833aa07236b752 e5697475b2504714a97ee12d834598e3 - - default default] 199.19.213.141,10.0.0.127 "GET /v2.0/security-groups?name=lb-mgmt-sec-grp HTTP/1.1" status: 200 len: 197 time: 0.0240111
2026-07-02 10:45:39.562 9 INFO neutron.db.ovn_revision_numbers_db [None req-f2742639-51a0-4a9c-8330-7067a4dc24f3 7a0d84665b1f4a1288833aa07236b752 e5697475b2504714a97ee12d834598e3 - - default default] Successfully bumped revision number for resource c60c7128-9cf7-47a3-9b62-da2d84963b4b (type: security_groups) to 1
2026-07-02 10:45:39.577 9 INFO neutron.db.ovn_revision_numbers_db [None req-f2742639-51a0-4a9c-8330-7067a4dc24f3 7a0d84665b1f4a1288833aa07236b752 e5697475b2504714a97ee12d834598e3 - - default default] Successfully bumped revision number for resource b81674e5-8439-416d-b1c3-639dc75d16b4 (type: security_group_rules) to 0
2026-07-02 10:45:39.591 9 INFO neutron.db.ovn_revision_numbers_db [None req-f2742639-51a0-4a9c-8330-7067a4dc24f3 7a0d84665b1f4a1288833aa07236b752 e5697475b2504714a97ee12d834598e3 - - default default] Successfully bumped revision number for resource bf5ecb4e-4e55-4935-a096-a4095c7c4169 (type: security_group_rules) to 0
2026-07-02 10:45:39.609 9 INFO neutron.wsgi [None req-f2742639-51a0-4a9c-8330-7067a4dc24f3 7a0d84665b1f4a1288833aa07236b752 e5697475b2504714a97ee12d834598e3 - - default default] 199.19.213.141,10.0.0.127 "POST /v2.0/security-groups HTTP/1.1" status: 201 len: 1727 time: 0.1576283
2026-07-02 10:45:40.638 10 INFO neutron.wsgi [None req-e88bb1d3-b972-4dd3-b0e3-2503e6966b66 7a0d84665b1f4a1288833aa07236b752 e5697475b2504714a97ee12d834598e3 - - default default] 199.19.213.141,10.0.0.127 "GET /v2.0/security-groups/c60c7128-9cf7-47a3-9b62-da2d84963b4b HTTP/1.1" status: 200 len: 1722 time: 0.0745106
2026-07-02 10:45:40.669 10 INFO neutron.wsgi [None req-17139ab0-55e5-4436-b1ce-bb22bb27d949 7a0d84665b1f4a1288833aa07236b752 e5697475b2504714a97ee12d834598e3 - - default default] 199.19.213.141,10.0.0.127 "GET /v2.0/security-groups/c60c7128-9cf7-47a3-9b62-da2d84963b4b HTTP/1.1" status: 200 len: 1722 time: 0.0247583
2026-07-02 10:45:40.699 10 INFO neutron.wsgi [None req-07c979ed-370c-476c-a58f-85b86fb45760 7a0d84665b1f4a1288833aa07236b752 e5697475b2504714a97ee12d834598e3 - - default default] 199.19.213.141,10.0.0.127 "GET /v2.0/security-groups/c60c7128-9cf7-47a3-9b62-da2d84963b4b HTTP/1.1" status: 200 len: 1722 time: 0.0261273
2026-07-02 10:45:40.825 10 INFO neutron.db.ovn_revision_numbers_db [None req-fbcee2cb-baa9-4b4d-9d69-f32cb7224e0e 7a0d84665b1f4a1288833aa07236b752 e5697475b2504714a97ee12d834598e3 - - default default] Successfully bumped revision number for resource 29fe4db8-a56f-4021-9cc4-daca8e11c972 (type: security_group_rules) to 0
2026-07-02 10:45:40.850 10 INFO neutron.wsgi [None req-fbcee2cb-baa9-4b4d-9d69-f32cb7224e0e 7a0d84665b1f4a1288833aa07236b752 e5697475b2504714a97ee12d834598e3 - - default default] 199.19.213.141,10.0.0.127 "POST /v2.0/security-group-rules HTTP/1.1" status: 201 len: 767 time: 0.1457872
2026-07-02 10:45:41.735 9 INFO neutron.wsgi [None req-8ebd249e-b0c3-43cb-96e4-15df944f3886 7a0d84665b1f4a1288833aa07236b752 e5697475b2504714a97ee12d834598e3 - - default default] 199.19.213.141,10.0.0.127 "GET /v2.0/security-groups/c60c7128-9cf7-47a3-9b62-da2d84963b4b HTTP/1.1" status: 200 len: 2322 time: 0.0708210
2026-07-02 10:45:41.778 9 INFO neutron.wsgi [None req-292d8ef6-140e-427b-ad75-60cb44e712c0 7a0d84665b1f4a1288833aa07236b752 e5697475b2504714a97ee12d834598e3 - - default default] 199.19.213.141,10.0.0.127 "GET /v2.0/security-groups/c60c7128-9cf7-47a3-9b62-da2d84963b4b HTTP/1.1" status: 200 len: 2322 time: 0.0360949
2026-07-02 10:45:41.814 9 INFO neutron.wsgi [None req-6db1b13e-0083-4a8e-b561-ec4ca0205192 7a0d84665b1f4a1288833aa07236b752 e5697475b2504714a97ee12d834598e3 - - default default] 199.19.213.141,10.0.0.127 "GET /v2.0/security-groups/c60c7128-9cf7-47a3-9b62-da2d84963b4b HTTP/1.1" status: 200 len: 2322 time: 0.0287364
2026-07-02 10:45:41.955 9 INFO neutron.db.ovn_revision_numbers_db [None req-511f8d69-09b7-434e-9f16-a284d2ede35e 7a0d84665b1f4a1288833aa07236b752 e5697475b2504714a97ee12d834598e3 - - default default] Successfully bumped revision number for resource 512a5652-6880-47f5-ab56-b90519d5cb4b (type: security_group_rules) to 0
2026-07-02 10:45:41.980 9 INFO neutron.wsgi [None req-511f8d69-09b7-434e-9f16-a284d2ede35e 7a0d84665b1f4a1288833aa07236b752 e5697475b2504714a97ee12d834598e3 - - default default] 199.19.213.141,10.0.0.127 "POST /v2.0/security-group-rules HTTP/1.1" status: 201 len: 771 time: 0.1582334
2026-07-02 10:45:44.748 9 INFO neutron.wsgi [-] 10.0.0.127 "GET / HTTP/1.1" status: 200 len: 247 time: 0.0018294
2026-07-02 10:45:44.751 9 INFO neutron.wsgi [-] 10.0.0.127 "GET / HTTP/1.1" status: 200 len: 247 time: 0.0013435
2026-07-02 10:45:59.741 9 INFO neutron.wsgi [-] 10.0.0.127 "GET / HTTP/1.1" status: 200 len: 247 time: 0.0017397
2026-07-02 10:45:59.744 9 INFO neutron.wsgi [-] 10.0.0.127 "GET / HTTP/1.1" status: 200 len: 247 time: 0.0022881
2026-07-02 10:46:14.741 9 INFO neutron.wsgi [-] 10.0.0.127 "GET / HTTP/1.1" status: 200 len: 247 time: 0.0021975
2026-07-02 10:46:14.741 10 INFO neutron.wsgi [-] 10.0.0.127 "GET / HTTP/1.1" status: 200 len: 247 time: 0.0018108
2026-07-02 10:46:29.741 10 INFO neutron.wsgi [-] 10.0.0.127 "GET / HTTP/1.1" status: 200 len: 247 time: 0.0018666
2026-07-02 10:46:29.742 9 INFO neutron.wsgi [-] 10.0.0.127 "GET / HTTP/1.1" status: 200 len: 247 time: 0.0027165
2026-07-02 10:46:42.368 9 INFO neutron.wsgi [None req-1eb1aeed-76ad-4fbe-8076-6c82d4561b6d 7a0d84665b1f4a1288833aa07236b752 e5697475b2504714a97ee12d834598e3 - - default default] 199.19.213.141,10.0.0.127 "GET /v2.0/quotas/e5697475b2504714a97ee12d834598e3 HTTP/1.1" status: 200 len: 362 time: 0.0153053 /var/lib/openstack/lib/python3.10/site-packages/neutron/extensions/quotasv2.py:139: UserWarning: Neutron quota engine will require "--force" parameter to set a quota limit without checking the resource usage. warnings.warn('Neutron quota engine will require "--force" '
2026-07-02 10:46:42.806 9 INFO neutron.wsgi [None req-98fe4ec4-b320-4ec5-9a3b-a67b6af50faa 7a0d84665b1f4a1288833aa07236b752 e5697475b2504714a97ee12d834598e3 - - default default] 199.19.213.141,10.0.0.127 "PUT /v2.0/quotas/e5697475b2504714a97ee12d834598e3 HTTP/1.1" status: 200 len: 361 time: 0.0321290
2026-07-02 10:46:44.742 9 INFO neutron.wsgi [-] 10.0.0.127 "GET / HTTP/1.1" status: 200 len: 247 time: 0.0026593
2026-07-02 10:46:44.744 9 INFO neutron.wsgi [-] 10.0.0.127 "GET / HTTP/1.1" status: 200 len: 247 time: 0.0014060
2026-07-02 10:46:59.741 10 INFO neutron.wsgi [-] 10.0.0.127 "GET / HTTP/1.1" status: 200 len: 247 time: 0.0016561
2026-07-02 10:46:59.742 9 INFO neutron.wsgi [-] 10.0.0.127 "GET / HTTP/1.1" status: 200 len: 247 time: 0.0026631
2026-07-02 10:47:14.742 10 INFO neutron.wsgi [-] 10.0.0.127 "GET / HTTP/1.1" status: 200 len: 247 time: 0.0028009
2026-07-02 10:47:14.742 9 INFO neutron.wsgi [-] 10.0.0.127 "GET / HTTP/1.1" status: 200 len: 247 time: 0.0026026
2026-07-02 10:47:29.742 9 INFO neutron.wsgi [-] 10.0.0.127 "GET / HTTP/1.1" status: 200 len: 247 time: 0.0018570
2026-07-02 10:47:29.742 10 INFO neutron.wsgi [-] 10.0.0.127 "GET / HTTP/1.1" status: 200 len: 247 time: 0.0024853
2026-07-02 10:47:44.741 9 INFO neutron.wsgi [-] 10.0.0.127 "GET / HTTP/1.1" status: 200 len: 247 time: 0.0021534
2026-07-02 10:47:44.742 10 INFO neutron.wsgi [-] 10.0.0.127 "GET / HTTP/1.1" status: 200 len: 247 time: 0.0030499
2026-07-02 10:47:59.740 9 INFO neutron.wsgi [-] 10.0.0.127 "GET / HTTP/1.1" status: 200 len: 247 time: 0.0013511
2026-07-02 10:47:59.744 10 INFO neutron.wsgi [-] 10.0.0.127 "GET / HTTP/1.1" status: 200 len: 247 time: 0.0048923
2026-07-02 10:48:14.743 9 INFO neutron.wsgi [-] 10.0.0.127 "GET / HTTP/1.1" status: 200 len: 247 time: 0.0020063
2026-07-02 10:48:14.745 9 INFO neutron.wsgi [-] 10.0.0.127 "GET / HTTP/1.1" status: 200 len: 247 time: 0.0013463
2026-07-02 10:48:29.742 9 INFO neutron.wsgi [-] 10.0.0.127 "GET / HTTP/1.1" status: 200 len: 247 time: 0.0026288
2026-07-02 10:48:29.742 10 INFO neutron.wsgi [-] 10.0.0.127 "GET / HTTP/1.1" status: 200 len: 247 time: 0.0029588
2026-07-02 10:48:44.741 10 INFO neutron.wsgi [-] 10.0.0.127 "GET / HTTP/1.1" status: 200 len: 247 time: 0.0021031
2026-07-02 10:48:44.742 10 INFO neutron.wsgi [-] 10.0.0.127 "GET / HTTP/1.1" status: 200 len: 247 time: 0.0012627 /var/lib/openstack/lib/python3.10/site-packages/pycadf/identifier.py:71: UserWarning: Invalid uuid: neutron. To ensure interoperability, identifiers should be a valid uuid. warnings.warn(('Invalid uuid: %s. To ensure interoperability, '
2026-07-02 10:48:52.478 9 INFO neutron.pecan_wsgi.hooks.translation [None req-aa8c7a09-58be-4d10-bb04-e462300755ab 7a0d84665b1f4a1288833aa07236b752 e5697475b2504714a97ee12d834598e3 - - default default] GET failed (client error): The resource could not be found.
2026-07-02 10:48:52.480 9 INFO neutron.wsgi [None req-aa8c7a09-58be-4d10-bb04-e462300755ab 7a0d84665b1f4a1288833aa07236b752 e5697475b2504714a97ee12d834598e3 - - default default] 199.19.213.141 "GET /v2.0/ports/octavia-health-manager-port-instance HTTP/1.1" status: 404 len: 338 time: 0.1316645
2026-07-02 10:48:52.519 9 INFO neutron.wsgi [None req-ce137bdd-3fd0-40c3-b261-a38eb383d5a1 7a0d84665b1f4a1288833aa07236b752 e5697475b2504714a97ee12d834598e3 - - default default] 199.19.213.141 "GET /v2.0/ports?name=octavia-health-manager-port-instance HTTP/1.1" status: 200 len: 1413 time: 0.0341389
2026-07-02 10:48:54.545 9 INFO neutron.pecan_wsgi.hooks.translation [None req-b9219112-34dd-402b-9430-89f0379d67b8 7a0d84665b1f4a1288833aa07236b752 e5697475b2504714a97ee12d834598e3 - - default default] GET failed (client error): The resource could not be found.
2026-07-02 10:48:54.546 9 INFO neutron.wsgi [None req-b9219112-34dd-402b-9430-89f0379d67b8 7a0d84665b1f4a1288833aa07236b752 e5697475b2504714a97ee12d834598e3 - - default default] 199.19.213.141 "GET /v2.0/ports/octavia-health-manager-port-instance HTTP/1.1" status: 404 len: 338 time: 0.1008315
2026-07-02 10:48:54.587 9 INFO neutron.wsgi [None req-0f67279e-549f-4b75-8af8-4b37b845f862 7a0d84665b1f4a1288833aa07236b752 e5697475b2504714a97ee12d834598e3 - - default default] 199.19.213.141 "GET /v2.0/ports?name=octavia-health-manager-port-instance HTTP/1.1" status: 200 len: 1413 time: 0.0357609
2026-07-02 10:48:55.204 10 INFO neutron.plugins.ml2.drivers.ovn.mech_driver.mech_driver [-] OVN reports status up for port: 02e2232f-d109-4ae2-8622-50a6d972c073
2026-07-02 10:48:55.236 10 INFO neutron.plugins.ml2.plugin [None req-ea9a8882-9117-4139-94f2-b1bc3ff8c035 - - - - - -] Attempt 1 to provision port 02e2232f-d109-4ae2-8622-50a6d972c073
2026-07-02 10:48:55.655 10 INFO neutron.db.ovn_revision_numbers_db [None req-ea9a8882-9117-4139-94f2-b1bc3ff8c035 - - - - - -] Successfully bumped revision number for resource 02e2232f-d109-4ae2-8622-50a6d972c073 (type: ports) to 4
2026-07-02 10:48:59.741 10 INFO neutron.wsgi [-] 10.0.0.127 "GET / HTTP/1.1" status: 200 len: 247 time: 0.0019681
2026-07-02 10:48:59.743 10 INFO neutron.wsgi [-] 10.0.0.127 "GET / HTTP/1.1" status: 200 len: 247 time: 0.0013282
2026-07-02 10:49:14.741 10 INFO neutron.wsgi [-] 10.0.0.127 "GET / HTTP/1.1" status: 200 len: 247 time: 0.0017593
2026-07-02 10:49:14.743 9 INFO neutron.wsgi [-] 10.0.0.127 "GET / HTTP/1.1" status: 200 len: 247 time: 0.0029473
2026-07-02 10:49:29.743 9 INFO neutron.wsgi [-] 10.0.0.127 "GET / HTTP/1.1" status: 200 len: 247 time: 0.0027292
2026-07-02 10:49:29.745 10 INFO neutron.wsgi [-] 10.0.0.127 "GET / HTTP/1.1" status: 200 len: 247 time: 0.0061243
2026-07-02 10:49:44.742 10 INFO neutron.wsgi [-] 10.0.0.127 "GET / HTTP/1.1" status: 200 len: 247 time: 0.0024648
2026-07-02 10:49:44.745 10 INFO neutron.wsgi [-] 10.0.0.127 "GET / HTTP/1.1" status: 200 len: 247 time: 0.0020485
2026-07-02 10:49:59.742 10 INFO neutron.wsgi [-] 10.0.0.127 "GET / HTTP/1.1" status: 200 len: 247 time: 0.0030503
2026-07-02 10:49:59.743 9 INFO neutron.wsgi [-] 10.0.0.127 "GET / HTTP/1.1" status: 200 len: 247 time: 0.0035183
2026-07-02 10:50:14.742 9 INFO neutron.wsgi [-] 10.0.0.127 "GET / HTTP/1.1" status: 200 len: 247 time: 0.0017529
2026-07-02 10:50:14.744 9 INFO neutron.wsgi [-] 10.0.0.127 "GET / HTTP/1.1" status: 200 len: 247 time: 0.0013859
2026-07-02 10:50:29.741 10 INFO neutron.wsgi [-] 10.0.0.127 "GET / HTTP/1.1" status: 200 len: 247 time: 0.0016720
2026-07-02 10:50:29.742 9 INFO neutron.wsgi [-] 10.0.0.127 "GET / HTTP/1.1" status: 200 len: 247 time: 0.0028188
2026-07-02 10:50:31.474 15 INFO neutron.db.ovn_revision_numbers_db [None req-7984f7a1-23d6-4770-ad61-803def9ac27d - - - - - -] Successfully bumped revision number for resource cf4344a0-f62a-446b-a3ad-284252379463 (type: networks) to 2
2026-07-02 10:50:31.543 15 INFO neutron.db.ovn_revision_numbers_db [None req-7984f7a1-23d6-4770-ad61-803def9ac27d - - - - - -] Successfully bumped revision number for resource a515a82e-e655-46b7-bf8c-a16068f73921 (type: security_groups) to 6
2026-07-02 10:50:31.590 15 INFO neutron.db.ovn_revision_numbers_db [None req-7984f7a1-23d6-4770-ad61-803def9ac27d - - - - - -] Successfully bumped revision number for resource c60c7128-9cf7-47a3-9b62-da2d84963b4b (type: security_groups) to 3
2026-07-02 10:50:31.590 15 INFO neutron.plugins.ml2.drivers.ovn.mech_driver.ovsdb.maintenance [None req-7984f7a1-23d6-4770-ad61-803def9ac27d - - - - - -] Maintenance task: Synchronization finished (took 0.24 seconds)
2026-07-02 10:50:44.741 9 INFO neutron.wsgi [-] 10.0.0.127 "GET / HTTP/1.1" status: 200 len: 247 time: 0.0020034
2026-07-02 10:50:44.742 10 INFO neutron.wsgi [-] 10.0.0.127 "GET / HTTP/1.1" status: 200 len: 247 time: 0.0028400
2026-07-02 10:50:59.741 9 INFO neutron.wsgi [-] 10.0.0.127 "GET / HTTP/1.1" status: 200 len: 247 time: 0.0020444
2026-07-02 10:50:59.743 10 INFO neutron.wsgi [-] 10.0.0.127 "GET / HTTP/1.1" status: 200 len: 247 time: 0.0038526
2026-07-02 10:51:14.741 10 INFO neutron.wsgi [-] 10.0.0.127 "GET / HTTP/1.1" status: 200 len: 247 time: 0.0017378
2026-07-02 10:51:14.745 10 INFO neutron.wsgi [-] 10.0.0.127 "GET / HTTP/1.1" status: 200 len: 247 time: 0.0025537
2026-07-02 10:51:29.742 10 INFO neutron.wsgi [-] 10.0.0.127 "GET / HTTP/1.1" status: 200 len: 247 time: 0.0027664
2026-07-02 10:51:29.742 9 INFO neutron.wsgi [-] 10.0.0.127 "GET / HTTP/1.1" status: 200 len: 247 time: 0.0034833
2026-07-02 10:51:44.741 10 INFO neutron.wsgi [-] 10.0.0.127 "GET / HTTP/1.1" status: 200 len: 247 time: 0.0014474
2026-07-02 10:51:44.744 9 INFO neutron.wsgi [-] 10.0.0.127 "GET / HTTP/1.1" status: 200 len: 247 time: 0.0039625
2026-07-02 10:51:59.742 10 INFO neutron.wsgi [-] 10.0.0.127 "GET / HTTP/1.1" status: 200 len: 247 time: 0.0028083
2026-07-02 10:51:59.742 9 INFO neutron.wsgi [-] 10.0.0.127 "GET / HTTP/1.1" status: 200 len: 247 time: 0.0029309
2026-07-02 10:52:14.742 9 INFO neutron.wsgi [-] 10.0.0.127 "GET / HTTP/1.1" status: 200 len: 247 time: 0.0025856
2026-07-02 10:52:14.742 10 INFO neutron.wsgi [-] 10.0.0.127 "GET / HTTP/1.1" status: 200 len: 247 time: 0.0028956
2026-07-02 10:52:29.741 10 INFO neutron.wsgi [-] 10.0.0.127 "GET / HTTP/1.1" status: 200 len: 247 time: 0.0014691
2026-07-02 10:52:29.741 9 INFO neutron.wsgi [-] 10.0.0.127 "GET / HTTP/1.1" status: 200 len: 247 time: 0.0014198
2026-07-02 10:52:44.740 10 INFO neutron.wsgi [-] 10.0.0.127 "GET / HTTP/1.1" status: 200 len: 247 time: 0.0014007
2026-07-02 10:52:44.742 10 INFO neutron.wsgi [-] 10.0.0.127 "GET / HTTP/1.1" status: 200 len: 247 time: 0.0009844
2026-07-02 10:52:59.741 9 INFO neutron.wsgi [-] 10.0.0.127 "GET / HTTP/1.1" status: 200 len: 247 time: 0.0024693
2026-07-02 10:52:59.742 10 INFO neutron.wsgi [-] 10.0.0.127 "GET / HTTP/1.1" status: 200 len: 247 time: 0.0032938
2026-07-02 10:53:14.740 9 INFO neutron.wsgi [-] 10.0.0.127 "GET / HTTP/1.1" status: 200 len: 247 time: 0.0016668
2026-07-02 10:53:14.741 10 INFO neutron.wsgi [-] 10.0.0.127 "GET / HTTP/1.1" status: 200 len: 247 time: 0.0020351
2026-07-02 10:53:29.742 9 INFO neutron.wsgi [-] 10.0.0.127 "GET / HTTP/1.1" status: 200 len: 247 time: 0.0033934
2026-07-02 10:53:29.745 9 INFO neutron.wsgi [-] 10.0.0.127 "GET / HTTP/1.1" status: 200 len: 247 time: 0.0013785
2026-07-02 10:53:44.742 9 INFO neutron.wsgi [-] 10.0.0.127 "GET / HTTP/1.1" status: 200 len: 247 time: 0.0024626
2026-07-02 10:53:44.745 9 INFO neutron.wsgi [-] 10.0.0.127 "GET / HTTP/1.1" status: 200 len: 247 time: 0.0017922
2026-07-02 10:53:59.742 9 INFO neutron.wsgi [-] 10.0.0.127 "GET / HTTP/1.1" status: 200 len: 247 time: 0.0033154
2026-07-02 10:53:59.743 10 INFO neutron.wsgi [-] 10.0.0.127 "GET / HTTP/1.1" status: 200 len: 247 time: 0.0029552
2026-07-02 10:54:14.742 10 INFO neutron.wsgi [-] 10.0.0.127 "GET / HTTP/1.1" status: 200 len: 247 time: 0.0024633
2026-07-02 10:54:14.743 9 INFO neutron.wsgi [-] 10.0.0.127 "GET / HTTP/1.1" status: 200 len: 247 time: 0.0024376
2026-07-02 10:54:29.741 10 INFO neutron.wsgi [-] 10.0.0.127 "GET / HTTP/1.1" status: 200 len: 247 time: 0.0024376
2026-07-02 10:54:29.742 9 INFO neutron.wsgi [-] 10.0.0.127 "GET / HTTP/1.1" status: 200 len: 247 time: 0.0025823
2026-07-02 10:54:44.742 10 INFO neutron.wsgi [-] 10.0.0.127 "GET / HTTP/1.1" status: 200 len: 247 time: 0.0029705
2026-07-02 10:54:44.743 9 INFO neutron.wsgi [-] 10.0.0.127 "GET / HTTP/1.1" status: 200 len: 247 time: 0.0039072
2026-07-02 10:54:47.227 9 INFO neutron.api.v2.resource [None req-8820fb62-18cf-4cd5-a903-c726bb0343e3 7a0d84665b1f4a1288833aa07236b752 e5697475b2504714a97ee12d834598e3 - - default default] show failed (client error): The resource could not be found.
2026-07-02 10:54:47.229 9 INFO neutron.wsgi [None req-8820fb62-18cf-4cd5-a903-c726bb0343e3 7a0d84665b1f4a1288833aa07236b752 e5697475b2504714a97ee12d834598e3 - - default default] 199.19.213.141,10.0.0.127 "GET /v2.0/security-groups/manila-service-security-group?project_id=98bc5b0445ff45cf89441821158b4c60 HTTP/1.1" status: 404 len: 321 time: 0.1484025
2026-07-02 10:54:47.377 9 INFO neutron.db.ovn_revision_numbers_db [None req-98b48da6-fea2-4890-8485-0af039b21ccb 7a0d84665b1f4a1288833aa07236b752 e5697475b2504714a97ee12d834598e3 - - default default] Successfully bumped revision number for resource 6bf7da7e-03ec-4247-b5a3-4450454a87da (type: security_groups) to 1
2026-07-02 10:54:47.391 9 INFO neutron.db.ovn_revision_numbers_db [None req-98b48da6-fea2-4890-8485-0af039b21ccb 7a0d84665b1f4a1288833aa07236b752 e5697475b2504714a97ee12d834598e3 - - default default] Successfully bumped revision number for resource 1079522c-f5d8-4fc1-b67d-57532dfeb10d (type: security_group_rules) to 0
2026-07-02 10:54:47.406 9 INFO neutron.db.ovn_revision_numbers_db [None req-98b48da6-fea2-4890-8485-0af039b21ccb 7a0d84665b1f4a1288833aa07236b752 e5697475b2504714a97ee12d834598e3 - - default default] Successfully bumped revision number for resource 7092876d-f02d-4f25-aae3-160039520b7f (type: security_group_rules) to 0
2026-07-02 10:54:47.424 9 INFO neutron.db.ovn_revision_numbers_db [None req-98b48da6-fea2-4890-8485-0af039b21ccb 7a0d84665b1f4a1288833aa07236b752 e5697475b2504714a97ee12d834598e3 - - default default] Successfully bumped revision number for resource 7f56fdb8-2ae1-42c3-9a2c-3c0ab5a7ab5e (type: security_group_rules) to 0
2026-07-02 10:54:47.443 9 INFO neutron.db.ovn_revision_numbers_db [None req-98b48da6-fea2-4890-8485-0af039b21ccb 7a0d84665b1f4a1288833aa07236b752 e5697475b2504714a97ee12d834598e3 - - default default] Successfully bumped revision number for resource a05f888b-9c3c-4b6a-ab71-171c6a28a819 (type: security_group_rules) to 0
2026-07-02 10:54:47.457 9 INFO neutron.wsgi [None req-98b48da6-fea2-4890-8485-0af039b21ccb 7a0d84665b1f4a1288833aa07236b752 e5697475b2504714a97ee12d834598e3 - - default default] 199.19.213.141,10.0.0.127 "GET /v2.0/security-groups?name=manila-service-security-group&project_id=98bc5b0445ff45cf89441821158b4c60 HTTP/1.1" status: 200 len: 197 time: 0.2257619
2026-07-02 10:54:47.656 9 INFO neutron.db.ovn_revision_numbers_db [None req-d08a1f4b-669d-4847-8985-9a46e6530d62 7a0d84665b1f4a1288833aa07236b752 e5697475b2504714a97ee12d834598e3 - - default default] Successfully bumped revision number for resource 244e32e1-7ba6-4b93-8abc-0fdb3899f958 (type: security_groups) to 1
2026-07-02 10:54:47.672 9 INFO neutron.db.ovn_revision_numbers_db [None req-d08a1f4b-669d-4847-8985-9a46e6530d62 7a0d84665b1f4a1288833aa07236b752 e5697475b2504714a97ee12d834598e3 - - default default] Successfully bumped revision number for resource 05530037-2fe9-495b-8290-0e55579b0527 (type: security_group_rules) to 0
2026-07-02 10:54:47.686 9 INFO neutron.db.ovn_revision_numbers_db [None req-d08a1f4b-669d-4847-8985-9a46e6530d62 7a0d84665b1f4a1288833aa07236b752 e5697475b2504714a97ee12d834598e3 - - default default] Successfully bumped revision number for resource a366a23a-3013-488a-b3fe-053d1c0fa369 (type: security_group_rules) to 0
2026-07-02 10:54:47.704 9 INFO neutron.wsgi [None req-d08a1f4b-669d-4847-8985-9a46e6530d62 7a0d84665b1f4a1288833aa07236b752 e5697475b2504714a97ee12d834598e3 - - default default] 199.19.213.141,10.0.0.127 "POST /v2.0/security-groups HTTP/1.1" status: 201 len: 1741 time: 0.1702642
2026-07-02 10:54:48.756 9 INFO neutron.wsgi [None req-790a3069-5603-452c-a5cd-5bcdf1b0f606 7a0d84665b1f4a1288833aa07236b752 e5697475b2504714a97ee12d834598e3 - - default default] 199.19.213.141,10.0.0.127 "GET /v2.0/security-groups/244e32e1-7ba6-4b93-8abc-0fdb3899f958?project_id=98bc5b0445ff45cf89441821158b4c60 HTTP/1.1" status: 200 len: 1736 time: 0.0777848
