2026-07-02 11:16:12.140 9 INFO neutron.services.segments.plugin [-] Segment 80af5605-8242-4b42-bde3-0ca7cc4d88ae resource provider aggregate not found
2026-07-02 11:16:12.147 9 INFO neutron.services.segments.plugin [-] Segment 80af5605-8242-4b42-bde3-0ca7cc4d88ae resource provider aggregate not found
2026-07-02 11:16:12.170 9 INFO neutron.services.segments.plugin [-] Segment 80af5605-8242-4b42-bde3-0ca7cc4d88ae resource provider not found; error: Placement Client Error (4xx): {"errors": [{"status": 404, "title": "Not Found", "detail": "The resource could not be found.\n\n No resource provider with uuid 80af5605-8242-4b42-bde3-0ca7cc4d88ae found for delete ", "request_id": "req-803d37f1-5ff1-4582-9189-af1b972d06ef"}]}
2026-07-02 11:16:12.182 9 INFO neutron.services.segments.plugin [-] Segment 80af5605-8242-4b42-bde3-0ca7cc4d88ae resource provider not found; error: Placement Client Error (4xx): {"errors": [{"status": 404, "title": "Not Found", "detail": "The resource could not be found.\n\n No resource provider with uuid 80af5605-8242-4b42-bde3-0ca7cc4d88ae found for delete ", "request_id": "req-9a3a141d-cb47-414a-87bf-e5469fc0c96b"}]}
2026-07-02 11:16:12.279 10 INFO neutron.wsgi [None req-7266a9fd-07ff-405f-bfb7-dad337452a73 7a0d84665b1f4a1288833aa07236b752 e5697475b2504714a97ee12d834598e3 - - default default] 10.0.0.226 "DELETE /v2.0/security-groups/44f6d9a6-33af-44bb-b4b6-ae01ff7aa2e2 HTTP/1.1" status: 204 len: 168 time: 0.2192295
2026-07-02 11:16:12.439 9 INFO neutron.db.ovn_revision_numbers_db [None req-6d124456-a574-4063-91a3-b272e3800dbd 8ae26f528fde4a36ad97cb39dc3e7c63 1555be13fa0641a6b2ee54548ec29924 - - default default] Successfully bumped revision number for resource 0082efc8-7616-4c2f-89a0-09fb5c3b998a (type: ports) to 2
2026-07-02 11:16:12.539 9 INFO neutron.db.ovn_revision_numbers_db [None req-6d124456-a574-4063-91a3-b272e3800dbd 8ae26f528fde4a36ad97cb39dc3e7c63 1555be13fa0641a6b2ee54548ec29924 - - default default] Successfully bumped revision number for resource 74d2396f-e095-40fe-a22f-2069f3c3fc4f (type: subnets) to 0
2026-07-02 11:16:12.546 10 INFO neutron.wsgi [None req-d52bed41-0388-4f39-990f-a33801495628 7a0d84665b1f4a1288833aa07236b752 e5697475b2504714a97ee12d834598e3 - - default default] 10.0.0.226 "GET /v2.0/security-groups?tenant_id=33eaa0031fad4e618f8536ff1cbf3c1e&name=default HTTP/1.1" status: 200 len: 2996 time: 0.0460067
2026-07-02 11:16:12.582 9 INFO neutron.wsgi [None req-6d124456-a574-4063-91a3-b272e3800dbd 8ae26f528fde4a36ad97cb39dc3e7c63 1555be13fa0641a6b2ee54548ec29924 - - default default] 10.0.0.226 "POST /v2.0/subnets HTTP/1.1" status: 201 len: 801 time: 1.2808151
2026-07-02 11:16:12.665 10 INFO neutron.wsgi [None req-a68046bf-255d-4ebf-83a6-0a8819fa950a 8ae26f528fde4a36ad97cb39dc3e7c63 1555be13fa0641a6b2ee54548ec29924 - - default default] 10.0.0.226 "PUT /v2.0/subnets/74d2396f-e095-40fe-a22f-2069f3c3fc4f/tags HTTP/1.1" status: 200 len: 218 time: 0.0742273
2026-07-02 11:16:12.719 10 INFO neutron.wsgi [None req-33ef4119-f447-4303-8f5e-4edb44e6178a 8ae26f528fde4a36ad97cb39dc3e7c63 1555be13fa0641a6b2ee54548ec29924 - - default default] 10.0.0.226 "GET /v2.0/subnets/74d2396f-e095-40fe-a22f-2069f3c3fc4f/tags HTTP/1.1" status: 200 len: 218 time: 0.0467441
2026-07-02 11:16:12.780 10 INFO neutron.wsgi [None req-258636c0-ce87-4444-bc01-53d991fc61f0 8ae26f528fde4a36ad97cb39dc3e7c63 1555be13fa0641a6b2ee54548ec29924 - - default default] 10.0.0.226 "PUT /v2.0/subnets/74d2396f-e095-40fe-a22f-2069f3c3fc4f/tags/green HTTP/1.1" status: 201 len: 201 time: 0.0473630
2026-07-02 11:16:12.820 10 INFO neutron.wsgi [None req-5ef7c317-abd4-4c5d-a86d-5f584edc7901 7a0d84665b1f4a1288833aa07236b752 e5697475b2504714a97ee12d834598e3 - - default default] 10.0.0.226 "DELETE /v2.0/security-groups/2b6dee55-83e2-4f7f-9a81-fbc617827afc HTTP/1.1" status: 204 len: 168 time: 0.2664571
2026-07-02 11:16:12.829 9 INFO neutron.db.ovn_revision_numbers_db [None req-436d797e-82c1-4c69-8bab-93027c73f85e - - - - - -] Successfully bumped revision number for resource 1709e2d5-166b-46a6-b63b-5f39f92da8de (type: ports) to 1
2026-07-02 11:16:12.834 10 INFO neutron.wsgi [None req-5dd69f0b-6858-4a69-9b65-e7bf2f84da8c 8ae26f528fde4a36ad97cb39dc3e7c63 1555be13fa0641a6b2ee54548ec29924 - - default default] 10.0.0.226 "GET /v2.0/subnets/74d2396f-e095-40fe-a22f-2069f3c3fc4f/tags HTTP/1.1" status: 200 len: 227 time: 0.0481684
2026-07-02 11:16:12.872 10 INFO neutron.wsgi [None req-268fb544-b7af-48f6-be6c-3c5b8f292ae1 8ae26f528fde4a36ad97cb39dc3e7c63 1555be13fa0641a6b2ee54548ec29924 - - default default] 10.0.0.226 "PUT /v2.0/subnets/74d2396f-e095-40fe-a22f-2069f3c3fc4f/tags/red HTTP/1.1" status: 201 len: 201 time: 0.0352314
2026-07-02 11:16:12.880 9 WARNING neutron.scheduler.dhcp_agent_scheduler [None req-a5d12849-d17a-4601-a8be-60f33918f496 7a0d84665b1f4a1288833aa07236b752 e5697475b2504714a97ee12d834598e3 - - default default] No more DHCP agents
2026-07-02 11:16:12.883 9 WARNING neutron.api.rpc.agentnotifiers.dhcp_rpc_agent_api [None req-a5d12849-d17a-4601-a8be-60f33918f496 7a0d84665b1f4a1288833aa07236b752 e5697475b2504714a97ee12d834598e3 - - default default] Unable to schedule network 76908eb0-9201-49b8-b484-14ddbfc38bc5: no agents available; will retry on subsequent port and subnet creation events.
2026-07-02 11:16:12.926 10 INFO neutron.wsgi [None req-7ce16d2a-5e07-4637-ae60-88a8a83d60a6 8ae26f528fde4a36ad97cb39dc3e7c63 1555be13fa0641a6b2ee54548ec29924 - - default default] 10.0.0.226 "GET /v2.0/subnets/74d2396f-e095-40fe-a22f-2069f3c3fc4f/tags HTTP/1.1" status: 200 len: 227 time: 0.0484252
2026-07-02 11:16:12.992 10 INFO neutron.wsgi [None req-81c94294-5777-4d3f-b0d5-52838a44a4f3 8ae26f528fde4a36ad97cb39dc3e7c63 1555be13fa0641a6b2ee54548ec29924 - - default default] 10.0.0.226 "PUT /v2.0/subnets/74d2396f-e095-40fe-a22f-2069f3c3fc4f/tags/black.or.white HTTP/1.1" status: 201 len: 201 time: 0.0618618
2026-07-02 11:16:13.049 10 INFO neutron.wsgi [None req-171be8d0-2364-44d6-ab91-0ce4b35bd005 8ae26f528fde4a36ad97cb39dc3e7c63 1555be13fa0641a6b2ee54548ec29924 - - default default] 10.0.0.226 "GET /v2.0/subnets/74d2396f-e095-40fe-a22f-2069f3c3fc4f/tags HTTP/1.1" status: 200 len: 245 time: 0.0509982
2026-07-02 11:16:13.108 10 INFO neutron.wsgi [None req-47971503-fa34-4195-9a4a-94db1aa64d3c 8ae26f528fde4a36ad97cb39dc3e7c63 1555be13fa0641a6b2ee54548ec29924 - - default default] 10.0.0.226 "PUT /v2.0/subnets/74d2396f-e095-40fe-a22f-2069f3c3fc4f/tags HTTP/1.1" status: 200 len: 230 time: 0.0531013
2026-07-02 11:16:13.168 10 INFO neutron.wsgi [None req-c90b9739-dbe1-48ea-ae5a-c15355c0fa05 8ae26f528fde4a36ad97cb39dc3e7c63 1555be13fa0641a6b2ee54548ec29924 - - default default] 10.0.0.226 "GET /v2.0/subnets/74d2396f-e095-40fe-a22f-2069f3c3fc4f/tags HTTP/1.1" status: 200 len: 230 time: 0.0418694
2026-07-02 11:16:13.224 10 INFO neutron.wsgi [None req-4507eceb-6e34-4fca-9da8-c7f510757651 8ae26f528fde4a36ad97cb39dc3e7c63 1555be13fa0641a6b2ee54548ec29924 - - default default] 10.0.0.226 "GET /v2.0/subnets/74d2396f-e095-40fe-a22f-2069f3c3fc4f/tags/red HTTP/1.1" status: 204 len: 168 time: 0.0475085
2026-07-02 11:16:13.267 10 INFO neutron.api.v2.resource [None req-5dbbf844-a8a9-41a8-bd4d-50329c458bc1 8ae26f528fde4a36ad97cb39dc3e7c63 1555be13fa0641a6b2ee54548ec29924 - - default default] show failed (client error): The resource could not be found.
2026-07-02 11:16:13.269 10 INFO neutron.wsgi [None req-5dbbf844-a8a9-41a8-bd4d-50329c458bc1 8ae26f528fde4a36ad97cb39dc3e7c63 1555be13fa0641a6b2ee54548ec29924 - - default default] 10.0.0.226 "GET /v2.0/subnets/74d2396f-e095-40fe-a22f-2069f3c3fc4f/tags/green HTTP/1.1" status: 404 len: 299 time: 0.0397549
2026-07-02 11:16:13.324 10 INFO neutron.wsgi [None req-1c9c90ed-accb-4d65-a7b0-508d40659627 8ae26f528fde4a36ad97cb39dc3e7c63 1555be13fa0641a6b2ee54548ec29924 - - default default] 10.0.0.226 "DELETE /v2.0/subnets/74d2396f-e095-40fe-a22f-2069f3c3fc4f/tags/red HTTP/1.1" status: 204 len: 168 time: 0.0451086
2026-07-02 11:16:13.368 10 INFO neutron.wsgi [None req-3eb1928e-bf1d-4d65-a371-1e20442f9b9e 8ae26f528fde4a36ad97cb39dc3e7c63 1555be13fa0641a6b2ee54548ec29924 - - default default] 10.0.0.226 "GET /v2.0/subnets/74d2396f-e095-40fe-a22f-2069f3c3fc4f/tags HTTP/1.1" status: 200 len: 223 time: 0.0378585
2026-07-02 11:16:13.426 10 INFO neutron.api.v2.resource [None req-eac8b6e3-72d7-484d-92d3-2eaba4bbb1ff 8ae26f528fde4a36ad97cb39dc3e7c63 1555be13fa0641a6b2ee54548ec29924 - - default default] delete failed (client error): The resource could not be found.
2026-07-02 11:16:13.427 10 INFO neutron.wsgi [None req-eac8b6e3-72d7-484d-92d3-2eaba4bbb1ff 8ae26f528fde4a36ad97cb39dc3e7c63 1555be13fa0641a6b2ee54548ec29924 - - default default] 10.0.0.226 "DELETE /v2.0/subnets/74d2396f-e095-40fe-a22f-2069f3c3fc4f/tags/green HTTP/1.1" status: 404 len: 299 time: 0.0506976
2026-07-02 11:16:13.429 9 INFO neutron.db.ovn_revision_numbers_db [None req-a5d12849-d17a-4601-a8be-60f33918f496 7a0d84665b1f4a1288833aa07236b752 e5697475b2504714a97ee12d834598e3 - - default default] Successfully bumped revision number for resource a68d7e9e-4f30-458a-9383-fcd0c9984d7f (type: ports) to 1
2026-07-02 11:16:13.449 9 INFO neutron.db.ovn_revision_numbers_db [None req-436d797e-82c1-4c69-8bab-93027c73f85e - - - - - -] Successfully bumped revision number for resource 1709e2d5-166b-46a6-b63b-5f39f92da8de (type: router_ports) to 3
2026-07-02 11:16:13.500 10 INFO neutron.wsgi [None req-f35d3b63-7e2b-4f0b-a6bf-3a24e9c918f8 8ae26f528fde4a36ad97cb39dc3e7c63 1555be13fa0641a6b2ee54548ec29924 - - default default] 10.0.0.226 "DELETE /v2.0/subnets/74d2396f-e095-40fe-a22f-2069f3c3fc4f/tags HTTP/1.1" status: 204 len: 168 time: 0.0688348
2026-07-02 11:16:13.555 10 INFO neutron.wsgi [None req-c3cdb666-3037-498c-b311-6d56ff283731 8ae26f528fde4a36ad97cb39dc3e7c63 1555be13fa0641a6b2ee54548ec29924 - - default default] 10.0.0.226 "GET /v2.0/subnets/74d2396f-e095-40fe-a22f-2069f3c3fc4f/tags HTTP/1.1" status: 200 len: 205 time: 0.0490425
2026-07-02 11:16:13.737 9 INFO neutron.db.ovn_revision_numbers_db [None req-436d797e-82c1-4c69-8bab-93027c73f85e - - - - - -] Successfully bumped revision number for resource 1709e2d5-166b-46a6-b63b-5f39f92da8de (type: ports) to 2
2026-07-02 11:16:13.820 10 INFO neutron.wsgi [None req-96dbee52-0c53-4697-82cb-8f1b0529f905 8ae26f528fde4a36ad97cb39dc3e7c63 1555be13fa0641a6b2ee54548ec29924 - - default default] 10.0.0.226 "DELETE /v2.0/subnets/74d2396f-e095-40fe-a22f-2069f3c3fc4f HTTP/1.1" status: 204 len: 168 time: 0.2441463
2026-07-02 11:16:14.103 9 INFO neutron.db.ovn_revision_numbers_db [None req-a5d12849-d17a-4601-a8be-60f33918f496 7a0d84665b1f4a1288833aa07236b752 e5697475b2504714a97ee12d834598e3 - - default default] Successfully bumped revision number for resource a68d7e9e-4f30-458a-9383-fcd0c9984d7f (type: router_ports) to 1
2026-07-02 11:16:14.174 9 INFO neutron.db.ovn_revision_numbers_db [None req-436d797e-82c1-4c69-8bab-93027c73f85e - - - - - -] Successfully bumped revision number for resource 1709e2d5-166b-46a6-b63b-5f39f92da8de (type: ports) to 4
2026-07-02 11:16:14.324 10 INFO neutron.services.segments.plugin [-] Segment a6c25645-7ddf-49d5-a717-ff338157b760 resource provider aggregate not found
2026-07-02 11:16:14.330 10 INFO neutron.services.segments.plugin [-] Segment a6c25645-7ddf-49d5-a717-ff338157b760 resource provider aggregate not found
2026-07-02 11:16:14.347 10 INFO neutron.services.segments.plugin [-] Segment a6c25645-7ddf-49d5-a717-ff338157b760 resource provider not found; error: Placement Client Error (4xx): {"errors": [{"status": 404, "title": "Not Found", "detail": "The resource could not be found.\n\n No resource provider with uuid a6c25645-7ddf-49d5-a717-ff338157b760 found for delete ", "request_id": "req-b9d908e6-0574-4b7e-a04b-cccb2c6dedc5"}]}
2026-07-02 11:16:14.348 10 INFO neutron.services.segments.plugin [-] Segment a6c25645-7ddf-49d5-a717-ff338157b760 resource provider not found; error: Placement Client Error (4xx): {"errors": [{"status": 404, "title": "Not Found", "detail": "The resource could not be found.\n\n No resource provider with uuid a6c25645-7ddf-49d5-a717-ff338157b760 found for delete ", "request_id": "req-abebc5af-2013-4cd7-8ac5-e169da6804b9"}]}
2026-07-02 11:16:14.381 10 INFO neutron.wsgi [None req-a04566ec-00d7-4b4a-a832-b24e92a26578 8ae26f528fde4a36ad97cb39dc3e7c63 1555be13fa0641a6b2ee54548ec29924 - - default default] 10.0.0.226 "DELETE /v2.0/networks/1ee16fbb-993c-4c3e-90de-3ee685cd751d HTTP/1.1" status: 204 len: 168 time: 0.5575333
2026-07-02 11:16:14.435 9 INFO neutron.db.ovn_revision_numbers_db [None req-a5d12849-d17a-4601-a8be-60f33918f496 7a0d84665b1f4a1288833aa07236b752 e5697475b2504714a97ee12d834598e3 - - default default] Successfully bumped revision number for resource a68d7e9e-4f30-458a-9383-fcd0c9984d7f (type: ports) to 1
2026-07-02 11:16:14.504 9 INFO neutron.db.ovn_revision_numbers_db [None req-436d797e-82c1-4c69-8bab-93027c73f85e - - - - - -] Successfully bumped revision number for resource 1709e2d5-166b-46a6-b63b-5f39f92da8de (type: router_ports) to 4
2026-07-02 11:16:14.551 9 WARNING neutron.scheduler.dhcp_agent_scheduler [None req-a5d12849-d17a-4601-a8be-60f33918f496 7a0d84665b1f4a1288833aa07236b752 e5697475b2504714a97ee12d834598e3 - - default default] No more DHCP agents
2026-07-02 11:16:14.553 9 WARNING neutron.api.rpc.agentnotifiers.dhcp_rpc_agent_api [None req-a5d12849-d17a-4601-a8be-60f33918f496 7a0d84665b1f4a1288833aa07236b752 e5697475b2504714a97ee12d834598e3 - - default default] Unable to schedule network 76908eb0-9201-49b8-b484-14ddbfc38bc5: no agents available; will retry on subsequent port and subnet creation events.
2026-07-02 11:16:14.743 10 INFO neutron.wsgi [-] 10.0.0.127 "GET / HTTP/1.1" status: 200 len: 247 time: 0.0020120
2026-07-02 11:16:14.746 10 INFO neutron.wsgi [-] 10.0.0.127 "GET / HTTP/1.1" status: 200 len: 247 time: 0.0019584
2026-07-02 11:16:15.017 9 INFO neutron.db.ovn_revision_numbers_db [None req-a5d12849-d17a-4601-a8be-60f33918f496 7a0d84665b1f4a1288833aa07236b752 e5697475b2504714a97ee12d834598e3 - - default default] Successfully bumped revision number for resource a68d7e9e-4f30-458a-9383-fcd0c9984d7f (type: router_ports) to 1
2026-07-02 11:16:15.019 9 INFO neutron.wsgi [None req-a5d12849-d17a-4601-a8be-60f33918f496 7a0d84665b1f4a1288833aa07236b752 e5697475b2504714a97ee12d834598e3 - - default default] 10.0.0.226 "PUT /v2.0/routers/ed656215-8680-411e-9e21-d15b780d354d/add_router_interface HTTP/1.1" status: 200 len: 503 time: 2.9675980
2026-07-02 11:16:15.036 10 INFO neutron.plugins.ml2.drivers.ovn.mech_driver.mech_driver [None req-ea9a8882-9117-4139-94f2-b1bc3ff8c035 - - - - - -] OVN reports status up for port: a68d7e9e-4f30-458a-9383-fcd0c9984d7f
2026-07-02 11:16:15.054 10 INFO neutron.plugins.ml2.plugin [None req-ea9a8882-9117-4139-94f2-b1bc3ff8c035 - - - - - -] Attempt 1 to provision port a68d7e9e-4f30-458a-9383-fcd0c9984d7f
2026-07-02 11:16:15.413 10 INFO neutron.db.ovn_revision_numbers_db [None req-ea9a8882-9117-4139-94f2-b1bc3ff8c035 - - - - - -] Successfully bumped revision number for resource a68d7e9e-4f30-458a-9383-fcd0c9984d7f (type: ports) to 2
2026-07-02 11:16:15.508 10 INFO neutron.db.ovn_revision_numbers_db [None req-ea9a8882-9117-4139-94f2-b1bc3ff8c035 - - - - - -] Successfully bumped revision number for resource a68d7e9e-4f30-458a-9383-fcd0c9984d7f (type: router_ports) to 2
2026-07-02 11:16:15.773 9 INFO neutron.db.ovn_revision_numbers_db [None req-b06467a4-01a9-469c-8f00-04f2e8cd085f 7a0d84665b1f4a1288833aa07236b752 e5697475b2504714a97ee12d834598e3 - - default default] Successfully bumped revision number for resource d75bb4d8-9330-4f2b-9575-5828180ecb47 (type: security_groups) to 1
2026-07-02 11:16:15.791 9 INFO neutron.db.ovn_revision_numbers_db [None req-b06467a4-01a9-469c-8f00-04f2e8cd085f 7a0d84665b1f4a1288833aa07236b752 e5697475b2504714a97ee12d834598e3 - - default default] Successfully bumped revision number for resource 3266add8-9613-4e4d-9b35-ec6283281b1c (type: security_group_rules) to 0
2026-07-02 11:16:15.808 9 INFO neutron.db.ovn_revision_numbers_db [None req-b06467a4-01a9-469c-8f00-04f2e8cd085f 7a0d84665b1f4a1288833aa07236b752 e5697475b2504714a97ee12d834598e3 - - default default] Successfully bumped revision number for resource 42741e83-f523-4842-90d7-50ff7b5783c3 (type: security_group_rules) to 0
2026-07-02 11:16:15.817 10 INFO neutron.db.ovn_revision_numbers_db [None req-51150d51-5b97-4db2-9b28-ed80f492b141 7a0d84665b1f4a1288833aa07236b752 e5697475b2504714a97ee12d834598e3 - - default default] Successfully bumped revision number for resource 0e26b13d-bd36-4a38-9e3e-e36f332e0081 (type: security_groups) to 1
2026-07-02 11:16:15.828 9 INFO neutron.db.ovn_revision_numbers_db [None req-b06467a4-01a9-469c-8f00-04f2e8cd085f 7a0d84665b1f4a1288833aa07236b752 e5697475b2504714a97ee12d834598e3 - - default default] Successfully bumped revision number for resource d1d2525b-2b3e-4d8f-8c3f-c625df34f5b7 (type: security_group_rules) to 0
2026-07-02 11:16:15.841 10 INFO neutron.db.ovn_revision_numbers_db [None req-51150d51-5b97-4db2-9b28-ed80f492b141 7a0d84665b1f4a1288833aa07236b752 e5697475b2504714a97ee12d834598e3 - - default default] Successfully bumped revision number for resource 2cd9e0ed-2e0c-4ad4-899b-2ea20f100cff (type: security_group_rules) to 0
2026-07-02 11:16:15.844 9 INFO neutron.db.ovn_revision_numbers_db [None req-b06467a4-01a9-469c-8f00-04f2e8cd085f 7a0d84665b1f4a1288833aa07236b752 e5697475b2504714a97ee12d834598e3 - - default default] Successfully bumped revision number for resource f9a2bea6-629d-47cd-b89d-003359a347bc (type: security_group_rules) to 0
2026-07-02 11:16:15.854 10 INFO neutron.db.ovn_revision_numbers_db [None req-51150d51-5b97-4db2-9b28-ed80f492b141 7a0d84665b1f4a1288833aa07236b752 e5697475b2504714a97ee12d834598e3 - - default default] Successfully bumped revision number for resource 31577775-3add-456b-8baf-8c22d8002105 (type: security_group_rules) to 0
2026-07-02 11:16:15.869 9 INFO neutron.wsgi [None req-b06467a4-01a9-469c-8f00-04f2e8cd085f 7a0d84665b1f4a1288833aa07236b752 e5697475b2504714a97ee12d834598e3 - - default default] 10.0.0.226 "GET /v2.0/security-groups?tenant_id=e191c3a263824d39992e173b6eb0b727&name=default HTTP/1.1" status: 200 len: 2996 time: 0.4338155
2026-07-02 11:16:15.871 10 INFO neutron.db.ovn_revision_numbers_db [None req-51150d51-5b97-4db2-9b28-ed80f492b141 7a0d84665b1f4a1288833aa07236b752 e5697475b2504714a97ee12d834598e3 - - default default] Successfully bumped revision number for resource 83e22a26-e39c-4411-8836-b1027182978c (type: security_group_rules) to 0
2026-07-02 11:16:15.891 10 INFO neutron.db.ovn_revision_numbers_db [None req-51150d51-5b97-4db2-9b28-ed80f492b141 7a0d84665b1f4a1288833aa07236b752 e5697475b2504714a97ee12d834598e3 - - default default] Successfully bumped revision number for resource 8b014a59-9dbe-4b5a-9721-695855ade3ac (type: security_group_rules) to 0
2026-07-02 11:16:15.915 10 INFO neutron.wsgi [None req-51150d51-5b97-4db2-9b28-ed80f492b141 7a0d84665b1f4a1288833aa07236b752 e5697475b2504714a97ee12d834598e3 - - default default] 10.0.0.226 "GET /v2.0/security-groups?tenant_id=9978951f9c644001bccea88460ee805e&name=default HTTP/1.1" status: 200 len: 2996 time: 0.7514272
2026-07-02 11:16:16.100 9 INFO neutron.wsgi [None req-84ef6fbe-1ad6-43fe-a028-a46110898f89 7a0d84665b1f4a1288833aa07236b752 e5697475b2504714a97ee12d834598e3 - - default default] 10.0.0.226 "DELETE /v2.0/security-groups/d75bb4d8-9330-4f2b-9575-5828180ecb47 HTTP/1.1" status: 204 len: 168 time: 0.2253096
2026-07-02 11:16:16.167 10 INFO neutron.wsgi [None req-7efe5c5f-fdfb-4313-8102-38cb2cd7bab7 7a0d84665b1f4a1288833aa07236b752 e5697475b2504714a97ee12d834598e3 - - default default] 10.0.0.226 "DELETE /v2.0/security-groups/0e26b13d-bd36-4a38-9e3e-e36f332e0081 HTTP/1.1" status: 204 len: 168 time: 0.2470720
2026-07-02 11:16:16.327 10 INFO neutron.db.ovn_revision_numbers_db [None req-3bbafec1-b5ba-4175-9c17-01cd1b507f2e 7a0d84665b1f4a1288833aa07236b752 e5697475b2504714a97ee12d834598e3 - - default default] Successfully bumped revision number for resource 32f8870d-5c29-44e0-b14a-1f1dd39d6a22 (type: security_groups) to 1
2026-07-02 11:16:16.344 10 INFO neutron.db.ovn_revision_numbers_db [None req-3bbafec1-b5ba-4175-9c17-01cd1b507f2e 7a0d84665b1f4a1288833aa07236b752 e5697475b2504714a97ee12d834598e3 - - default default] Successfully bumped revision number for resource 16cb6c5d-1121-402a-90aa-3fffb3ba0aae (type: security_group_rules) to 0
2026-07-02 11:16:16.373 10 INFO neutron.db.ovn_revision_numbers_db [None req-3bbafec1-b5ba-4175-9c17-01cd1b507f2e 7a0d84665b1f4a1288833aa07236b752 e5697475b2504714a97ee12d834598e3 - - default default] Successfully bumped revision number for resource 192e2397-0e70-4d82-9354-b4e9ed362e90 (type: security_group_rules) to 0
2026-07-02 11:16:16.402 9 INFO neutron.db.ovn_revision_numbers_db [None req-81896d0c-1284-4549-b6c3-3472fe3c1f7c 7a0d84665b1f4a1288833aa07236b752 e5697475b2504714a97ee12d834598e3 - - default default] Successfully bumped revision number for resource 063a6c89-78ee-44b6-9b83-a86a03229ac3 (type: security_groups) to 1
2026-07-02 11:16:16.413 10 INFO neutron.db.ovn_revision_numbers_db [None req-3bbafec1-b5ba-4175-9c17-01cd1b507f2e 7a0d84665b1f4a1288833aa07236b752 e5697475b2504714a97ee12d834598e3 - - default default] Successfully bumped revision number for resource 3b173161-4356-4ed1-9cc4-4786eeb9e396 (type: security_group_rules) to 0
2026-07-02 11:16:16.418 9 INFO neutron.db.ovn_revision_numbers_db [None req-81896d0c-1284-4549-b6c3-3472fe3c1f7c 7a0d84665b1f4a1288833aa07236b752 e5697475b2504714a97ee12d834598e3 - - default default] Successfully bumped revision number for resource 22870515-8f32-4d3c-a178-03588b9f650d (type: security_group_rules) to 0
2026-07-02 11:16:16.436 10 INFO neutron.db.ovn_revision_numbers_db [None req-3bbafec1-b5ba-4175-9c17-01cd1b507f2e 7a0d84665b1f4a1288833aa07236b752 e5697475b2504714a97ee12d834598e3 - - default default] Successfully bumped revision number for resource d82d0980-8f4e-4dca-822a-f5dadec00b46 (type: security_group_rules) to 0
2026-07-02 11:16:16.451 9 INFO neutron.db.ovn_revision_numbers_db [None req-81896d0c-1284-4549-b6c3-3472fe3c1f7c 7a0d84665b1f4a1288833aa07236b752 e5697475b2504714a97ee12d834598e3 - - default default] Successfully bumped revision number for resource 2b885941-890d-40ac-9617-0ee7355f1d8b (type: security_group_rules) to 0
2026-07-02 11:16:16.453 10 INFO neutron.wsgi [None req-21be49c2-2991-450b-b648-279204ffce27 7a0d84665b1f4a1288833aa07236b752 e5697475b2504714a97ee12d834598e3 - - default default] 10.0.0.226 "GET /v2.0/security-groups?tenant_id=1555be13fa0641a6b2ee54548ec29924&name=default HTTP/1.1" status: 200 len: 2996 time: 0.0883553
2026-07-02 11:16:16.496 9 INFO neutron.db.ovn_revision_numbers_db [None req-81896d0c-1284-4549-b6c3-3472fe3c1f7c 7a0d84665b1f4a1288833aa07236b752 e5697475b2504714a97ee12d834598e3 - - default default] Successfully bumped revision number for resource 7e8116f5-a8cc-4b07-ae4e-3c2af7735b92 (type: security_group_rules) to 0
2026-07-02 11:16:16.509 10 INFO neutron.db.segments_db [None req-3bbafec1-b5ba-4175-9c17-01cd1b507f2e 7a0d84665b1f4a1288833aa07236b752 e5697475b2504714a97ee12d834598e3 - - default default] Added segment be1b86ab-9cdd-41ab-a8da-33ca86431e96 of type geneve for network dc5b03d6-650d-4146-863f-bdc4e3796712
2026-07-02 11:16:16.511 9 INFO neutron.db.ovn_revision_numbers_db [None req-81896d0c-1284-4549-b6c3-3472fe3c1f7c 7a0d84665b1f4a1288833aa07236b752 e5697475b2504714a97ee12d834598e3 - - default default] Successfully bumped revision number for resource 9c808de1-5880-4783-9bd7-902cb48dabf6 (type: security_group_rules) to 0
2026-07-02 11:16:16.538 9 INFO neutron.wsgi [None req-81896d0c-1284-4549-b6c3-3472fe3c1f7c 7a0d84665b1f4a1288833aa07236b752 e5697475b2504714a97ee12d834598e3 - - default default] 10.0.0.226 "GET /v2.0/security-groups?tenant_id=5f5d06e86caa4cecb8293236a813ac32&name=default HTTP/1.1" status: 200 len: 2996 time: 0.2705717
2026-07-02 11:16:16.679 10 INFO neutron.db.ovn_revision_numbers_db [None req-3bbafec1-b5ba-4175-9c17-01cd1b507f2e 7a0d84665b1f4a1288833aa07236b752 e5697475b2504714a97ee12d834598e3 - - default default] Successfully bumped revision number for resource dc5b03d6-650d-4146-863f-bdc4e3796712 (type: networks) to 1
2026-07-02 11:16:16.828 10 INFO neutron.wsgi [None req-df114aef-299c-49fc-bf0d-55b492a40749 7a0d84665b1f4a1288833aa07236b752 e5697475b2504714a97ee12d834598e3 - - default default] 10.0.0.226 "DELETE /v2.0/security-groups/3fe2b34e-fc5f-4cda-a926-1e086ce29261 HTTP/1.1" status: 204 len: 168 time: 0.3693597
2026-07-02 11:16:16.841 9 INFO neutron.wsgi [None req-23dcbff9-3d0c-4918-ad14-fc35a1b8d8ae 7a0d84665b1f4a1288833aa07236b752 e5697475b2504714a97ee12d834598e3 - - default default] 10.0.0.226 "DELETE /v2.0/security-groups/063a6c89-78ee-44b6-9b83-a86a03229ac3 HTTP/1.1" status: 204 len: 168 time: 0.2985404
2026-07-02 11:16:16.871 10 WARNING neutron.scheduler.dhcp_agent_scheduler [None req-3bbafec1-b5ba-4175-9c17-01cd1b507f2e 7a0d84665b1f4a1288833aa07236b752 e5697475b2504714a97ee12d834598e3 - - default default] No more DHCP agents
2026-07-02 11:16:16.874 10 WARNING neutron.api.rpc.agentnotifiers.dhcp_rpc_agent_api [None req-3bbafec1-b5ba-4175-9c17-01cd1b507f2e 7a0d84665b1f4a1288833aa07236b752 e5697475b2504714a97ee12d834598e3 - - default default] Unable to schedule network dc5b03d6-650d-4146-863f-bdc4e3796712: no agents available; will retry on subsequent port and subnet creation events.
2026-07-02 11:16:17.029 10 INFO neutron.db.ovn_revision_numbers_db [None req-3bbafec1-b5ba-4175-9c17-01cd1b507f2e 7a0d84665b1f4a1288833aa07236b752 e5697475b2504714a97ee12d834598e3 - - default default] Successfully bumped revision number for resource 1e50c4bf-f2c0-481e-a312-347d3912a445 (type: ports) to 1
2026-07-02 11:16:17.055 10 INFO neutron.wsgi [None req-3bbafec1-b5ba-4175-9c17-01cd1b507f2e 7a0d84665b1f4a1288833aa07236b752 e5697475b2504714a97ee12d834598e3 - - default default] 10.0.0.226 "POST /v2.0/networks HTTP/1.1" status: 201 len: 942 time: 0.8731868
2026-07-02 11:16:17.269 10 WARNING neutron.scheduler.dhcp_agent_scheduler [None req-0795a473-c628-4690-961b-11af3bbcb2ad 7a0d84665b1f4a1288833aa07236b752 e5697475b2504714a97ee12d834598e3 - - default default] No more DHCP agents
2026-07-02 11:16:17.273 10 WARNING neutron.api.rpc.agentnotifiers.dhcp_rpc_agent_api [None req-0795a473-c628-4690-961b-11af3bbcb2ad 7a0d84665b1f4a1288833aa07236b752 e5697475b2504714a97ee12d834598e3 - - default default] Unable to schedule network dc5b03d6-650d-4146-863f-bdc4e3796712: no agents available; will retry on subsequent port and subnet creation events.
2026-07-02 11:16:17.892 10 INFO neutron.db.ovn_revision_numbers_db [None req-0795a473-c628-4690-961b-11af3bbcb2ad 7a0d84665b1f4a1288833aa07236b752 e5697475b2504714a97ee12d834598e3 - - default default] Successfully bumped revision number for resource 1e50c4bf-f2c0-481e-a312-347d3912a445 (type: ports) to 2
2026-07-02 11:16:17.927 10 INFO neutron.db.ovn_revision_numbers_db [None req-0795a473-c628-4690-961b-11af3bbcb2ad 7a0d84665b1f4a1288833aa07236b752 e5697475b2504714a97ee12d834598e3 - - default default] Successfully bumped revision number for resource bb1a6a7e-caf6-4027-9735-b8d8d00494e1 (type: subnets) to 0
2026-07-02 11:16:17.945 10 INFO neutron.wsgi [None req-0795a473-c628-4690-961b-11af3bbcb2ad 7a0d84665b1f4a1288833aa07236b752 e5697475b2504714a97ee12d834598e3 - - default default] 10.0.0.226 "POST /v2.0/subnets HTTP/1.1" status: 201 len: 862 time: 0.8789742
2026-07-02 11:16:18.480 10 WARNING neutron.scheduler.dhcp_agent_scheduler [None req-f2e6ef67-d40f-4c9c-b2b8-90f53dca6aa3 7a0d84665b1f4a1288833aa07236b752 e5697475b2504714a97ee12d834598e3 - - default default] No more DHCP agents
2026-07-02 11:16:18.482 10 WARNING neutron.api.rpc.agentnotifiers.dhcp_rpc_agent_api [None req-f2e6ef67-d40f-4c9c-b2b8-90f53dca6aa3 7a0d84665b1f4a1288833aa07236b752 e5697475b2504714a97ee12d834598e3 - - default default] Unable to schedule network 7ab611bf-5fa1-4e32-a42d-9946d7bcf78a: no agents available; will retry on subsequent port and subnet creation events.
2026-07-02 11:16:18.680 10 INFO neutron.db.ovn_revision_numbers_db [None req-f2e6ef67-d40f-4c9c-b2b8-90f53dca6aa3 7a0d84665b1f4a1288833aa07236b752 e5697475b2504714a97ee12d834598e3 - - default default] Successfully bumped revision number for resource 45b3ae7a-da17-4aab-8fd6-814e0b9ccdea (type: ports) to 1
2026-07-02 11:16:19.345 9 INFO neutron.plugins.ml2.drivers.ovn.mech_driver.mech_driver [None req-f0f4474f-9443-442f-977a-be7ca271417b - - - - - -] OVN reports status up for port: 45b3ae7a-da17-4aab-8fd6-814e0b9ccdea
2026-07-02 11:16:19.356 9 INFO neutron.plugins.ml2.plugin [None req-f0f4474f-9443-442f-977a-be7ca271417b - - - - - -] Attempt 1 to provision port 45b3ae7a-da17-4aab-8fd6-814e0b9ccdea
2026-07-02 11:16:19.359 9 INFO neutron.plugins.ml2.drivers.ovn.mech_driver.ovsdb.ovsdb_monitor [None req-436d797e-82c1-4c69-8bab-93027c73f85e - - - - - -] Router 554d6ba9-aa5c-4fa0-abb2-8b2c1ce0e82c is bound to host instance
2026-07-02 11:16:19.390 10 INFO neutron.db.ovn_revision_numbers_db [None req-f2e6ef67-d40f-4c9c-b2b8-90f53dca6aa3 7a0d84665b1f4a1288833aa07236b752 e5697475b2504714a97ee12d834598e3 - - default default] Successfully bumped revision number for resource 45b3ae7a-da17-4aab-8fd6-814e0b9ccdea (type: router_ports) to 1
2026-07-02 11:16:19.463 10 INFO neutron.db.ovn_revision_numbers_db [None req-f2e6ef67-d40f-4c9c-b2b8-90f53dca6aa3 7a0d84665b1f4a1288833aa07236b752 e5697475b2504714a97ee12d834598e3 - - default default] Successfully bumped revision number for resource 554d6ba9-aa5c-4fa0-abb2-8b2c1ce0e82c (type: routers) to 2
2026-07-02 11:16:19.480 10 INFO neutron.wsgi [None req-f2e6ef67-d40f-4c9c-b2b8-90f53dca6aa3 7a0d84665b1f4a1288833aa07236b752 e5697475b2504714a97ee12d834598e3 - - default default] 10.0.0.226 "POST /v2.0/routers HTTP/1.1" status: 201 len: 873 time: 1.5304525
2026-07-02 11:16:19.939 9 INFO neutron.db.ovn_revision_numbers_db [None req-436d797e-82c1-4c69-8bab-93027c73f85e - - - - - -] Successfully bumped revision number for resource 45b3ae7a-da17-4aab-8fd6-814e0b9ccdea (type: ports) to 1
2026-07-02 11:16:20.052 10 WARNING neutron.scheduler.dhcp_agent_scheduler [None req-c98e5334-04c9-4541-bdde-cbf84f670f4b 7a0d84665b1f4a1288833aa07236b752 e5697475b2504714a97ee12d834598e3 - - default default] No more DHCP agents
2026-07-02 11:16:20.059 10 WARNING neutron.api.rpc.agentnotifiers.dhcp_rpc_agent_api [None req-c98e5334-04c9-4541-bdde-cbf84f670f4b 7a0d84665b1f4a1288833aa07236b752 e5697475b2504714a97ee12d834598e3 - - default default] Unable to schedule network dc5b03d6-650d-4146-863f-bdc4e3796712: no agents available; will retry on subsequent port and subnet creation events.
2026-07-02 11:16:20.257 10 INFO neutron.db.ovn_revision_numbers_db [None req-c98e5334-04c9-4541-bdde-cbf84f670f4b 7a0d84665b1f4a1288833aa07236b752 e5697475b2504714a97ee12d834598e3 - - default default] Successfully bumped revision number for resource dd4a1c9d-6a6d-4abf-bc4f-15540075fb18 (type: ports) to 1
2026-07-02 11:16:20.482 9 INFO neutron.db.ovn_revision_numbers_db [None req-436d797e-82c1-4c69-8bab-93027c73f85e - - - - - -] Successfully bumped revision number for resource 45b3ae7a-da17-4aab-8fd6-814e0b9ccdea (type: router_ports) to 3
2026-07-02 11:16:20.691 9 INFO neutron.db.ovn_revision_numbers_db [None req-436d797e-82c1-4c69-8bab-93027c73f85e - - - - - -] Successfully bumped revision number for resource 45b3ae7a-da17-4aab-8fd6-814e0b9ccdea (type: ports) to 2
2026-07-02 11:16:20.954 9 INFO neutron.db.ovn_revision_numbers_db [None req-436d797e-82c1-4c69-8bab-93027c73f85e - - - - - -] Successfully bumped revision number for resource 45b3ae7a-da17-4aab-8fd6-814e0b9ccdea (type: ports) to 4
2026-07-02 11:16:20.989 10 INFO neutron.db.ovn_revision_numbers_db [None req-5936cd72-8cf2-48f1-a786-203afc67c14c 7a0d84665b1f4a1288833aa07236b752 e5697475b2504714a97ee12d834598e3 - - default default] Successfully bumped revision number for resource e6b7969f-8449-4161-af7f-c46caad74e20 (type: security_groups) to 1
2026-07-02 11:16:21.018 10 INFO neutron.db.ovn_revision_numbers_db [None req-5936cd72-8cf2-48f1-a786-203afc67c14c 7a0d84665b1f4a1288833aa07236b752 e5697475b2504714a97ee12d834598e3 - - default default] Successfully bumped revision number for resource 4481d6b2-6453-4cd6-8a03-6abb9254ef4a (type: security_group_rules) to 0
2026-07-02 11:16:21.031 10 INFO neutron.db.ovn_revision_numbers_db [None req-c98e5334-04c9-4541-bdde-cbf84f670f4b 7a0d84665b1f4a1288833aa07236b752 e5697475b2504714a97ee12d834598e3 - - default default] Successfully bumped revision number for resource dd4a1c9d-6a6d-4abf-bc4f-15540075fb18 (type: router_ports) to 1
2026-07-02 11:16:21.063 10 INFO neutron.db.ovn_revision_numbers_db [None req-5936cd72-8cf2-48f1-a786-203afc67c14c 7a0d84665b1f4a1288833aa07236b752 e5697475b2504714a97ee12d834598e3 - - default default] Successfully bumped revision number for resource 7fdca8c0-94f0-4747-a289-031498c09236 (type: security_group_rules) to 0
2026-07-02 11:16:21.091 10 INFO neutron.db.ovn_revision_numbers_db [None req-5936cd72-8cf2-48f1-a786-203afc67c14c 7a0d84665b1f4a1288833aa07236b752 e5697475b2504714a97ee12d834598e3 - - default default] Successfully bumped revision number for resource a45bab4c-fb80-447e-a1bc-c445c9b2240c (type: security_group_rules) to 0
2026-07-02 11:16:21.110 10 INFO neutron.db.ovn_revision_numbers_db [None req-5936cd72-8cf2-48f1-a786-203afc67c14c 7a0d84665b1f4a1288833aa07236b752 e5697475b2504714a97ee12d834598e3 - - default default] Successfully bumped revision number for resource e1e9cc82-3802-4060-b6bb-748bc0138874 (type: security_group_rules) to 0
2026-07-02 11:16:21.144 10 INFO neutron.wsgi [None req-5936cd72-8cf2-48f1-a786-203afc67c14c 7a0d84665b1f4a1288833aa07236b752 e5697475b2504714a97ee12d834598e3 - - default default] 10.0.0.226 "GET /v2.0/security-groups?tenant_id=efc0ac7a94de477b8611b1a0a4a0b9ef&name=default HTTP/1.1" status: 200 len: 2996 time: 0.5493667
2026-07-02 11:16:21.203 9 INFO neutron.db.ovn_revision_numbers_db [None req-436d797e-82c1-4c69-8bab-93027c73f85e - - - - - -] Successfully bumped revision number for resource 45b3ae7a-da17-4aab-8fd6-814e0b9ccdea (type: router_ports) to 4
2026-07-02 11:16:21.214 10 WARNING neutron.plugins.ml2.drivers.ovn.mech_driver.ovsdb.ovn_client [None req-ea9a8882-9117-4139-94f2-b1bc3ff8c035 - - - - - -] No hosting information found for port a68d7e9e-4f30-458a-9383-fcd0c9984d7f: RuntimeError: No hosting information found for port a68d7e9e-4f30-458a-9383-fcd0c9984d7f
2026-07-02 11:16:21.214 10 INFO neutron.plugins.ml2.drivers.ovn.mech_driver.mech_driver [None req-ea9a8882-9117-4139-94f2-b1bc3ff8c035 - - - - - -] OVN reports status up for port: dd4a1c9d-6a6d-4abf-bc4f-15540075fb18
2026-07-02 11:16:21.235 10 INFO neutron.plugins.ml2.plugin [None req-ea9a8882-9117-4139-94f2-b1bc3ff8c035 - - - - - -] Attempt 1 to provision port dd4a1c9d-6a6d-4abf-bc4f-15540075fb18
2026-07-02 11:16:21.285 10 INFO neutron.db.ovn_revision_numbers_db [None req-c98e5334-04c9-4541-bdde-cbf84f670f4b 7a0d84665b1f4a1288833aa07236b752 e5697475b2504714a97ee12d834598e3 - - default default] Successfully bumped revision number for resource dd4a1c9d-6a6d-4abf-bc4f-15540075fb18 (type: ports) to 1
2026-07-02 11:16:21.413 10 WARNING neutron.scheduler.dhcp_agent_scheduler [None req-c98e5334-04c9-4541-bdde-cbf84f670f4b 7a0d84665b1f4a1288833aa07236b752 e5697475b2504714a97ee12d834598e3 - - default default] No more DHCP agents
2026-07-02 11:16:21.415 10 WARNING neutron.api.rpc.agentnotifiers.dhcp_rpc_agent_api [None req-c98e5334-04c9-4541-bdde-cbf84f670f4b 7a0d84665b1f4a1288833aa07236b752 e5697475b2504714a97ee12d834598e3 - - default default] Unable to schedule network dc5b03d6-650d-4146-863f-bdc4e3796712: no agents available; will retry on subsequent port and subnet creation events.
2026-07-02 11:16:21.595 10 INFO neutron.wsgi [None req-6b32f0dc-5e6a-4615-a5b0-1911accc1749 7a0d84665b1f4a1288833aa07236b752 e5697475b2504714a97ee12d834598e3 - - default default] 10.0.0.226 "DELETE /v2.0/security-groups/e6b7969f-8449-4161-af7f-c46caad74e20 HTTP/1.1" status: 204 len: 168 time: 0.4450045
2026-07-02 11:16:21.694 10 INFO neutron.db.ovn_revision_numbers_db [None req-ea9a8882-9117-4139-94f2-b1bc3ff8c035 - - - - - -] Successfully bumped revision number for resource dd4a1c9d-6a6d-4abf-bc4f-15540075fb18 (type: ports) to 2
2026-07-02 11:16:21.836 10 INFO neutron.db.ovn_revision_numbers_db [None req-ea9a8882-9117-4139-94f2-b1bc3ff8c035 - - - - - -] Successfully bumped revision number for resource dd4a1c9d-6a6d-4abf-bc4f-15540075fb18 (type: router_ports) to 2
2026-07-02 11:16:22.141 10 INFO neutron.db.ovn_revision_numbers_db [None req-c98e5334-04c9-4541-bdde-cbf84f670f4b 7a0d84665b1f4a1288833aa07236b752 e5697475b2504714a97ee12d834598e3 - - default default] Successfully bumped revision number for resource dd4a1c9d-6a6d-4abf-bc4f-15540075fb18 (type: router_ports) to 2
2026-07-02 11:16:22.144 10 INFO neutron.wsgi [None req-c98e5334-04c9-4541-bdde-cbf84f670f4b 7a0d84665b1f4a1288833aa07236b752 e5697475b2504714a97ee12d834598e3 - - default default] 10.0.0.226 "PUT /v2.0/routers/554d6ba9-aa5c-4fa0-abb2-8b2c1ce0e82c/add_router_interface HTTP/1.1" status: 200 len: 503 time: 2.6553934
2026-07-02 11:16:22.831 10 WARNING neutron_lib.context [None req-46dbb7b5-8a8d-4825-ae88-177f7fc0482e 3dd14277d97d4d49b7c6fd13d6beaa37 b917657dbd5b41f5aa29182540960ff2 - - default default] Method 'is_advsvc' is deprecated since 2023.2 release (neutron-lib 3.8.0) and will be removed once support for the old RBAC API policies will be removed from Neutron. Please use method 'is_service_role' instead.
2026-07-02 11:16:22.949 10 INFO neutron.db.ovn_revision_numbers_db [None req-46dbb7b5-8a8d-4825-ae88-177f7fc0482e 3dd14277d97d4d49b7c6fd13d6beaa37 b917657dbd5b41f5aa29182540960ff2 - - default default] Successfully bumped revision number for resource 777a0352-214e-4888-8365-4d8550fcb0a8 (type: security_groups) to 1
2026-07-02 11:16:22.967 10 INFO neutron.db.ovn_revision_numbers_db [None req-46dbb7b5-8a8d-4825-ae88-177f7fc0482e 3dd14277d97d4d49b7c6fd13d6beaa37 b917657dbd5b41f5aa29182540960ff2 - - default default] Successfully bumped revision number for resource 9e76a9b1-83f0-4ee2-aec9-6828a724eb50 (type: security_group_rules) to 0
2026-07-02 11:16:22.991 10 INFO neutron.db.ovn_revision_numbers_db [None req-46dbb7b5-8a8d-4825-ae88-177f7fc0482e 3dd14277d97d4d49b7c6fd13d6beaa37 b917657dbd5b41f5aa29182540960ff2 - - default default] Successfully bumped revision number for resource d5b3b45c-6d52-4f9d-95a0-ff5a7eb8d079 (type: security_group_rules) to 0
2026-07-02 11:16:23.024 10 INFO neutron.wsgi [None req-46dbb7b5-8a8d-4825-ae88-177f7fc0482e 3dd14277d97d4d49b7c6fd13d6beaa37 b917657dbd5b41f5aa29182540960ff2 - - default default] 10.0.0.226 "POST /v2.0/security-groups HTTP/1.1" status: 201 len: 1809 time: 0.1983166
2026-07-02 11:16:23.041 9 WARNING neutron_lib.context [None req-ff4b4d9c-ad21-43eb-89ac-5953589602f3 3dd14277d97d4d49b7c6fd13d6beaa37 b917657dbd5b41f5aa29182540960ff2 - - default default] Method 'is_advsvc' is deprecated since 2023.2 release (neutron-lib 3.8.0) and will be removed once support for the old RBAC API policies will be removed from Neutron. Please use method 'is_service_role' instead.
2026-07-02 11:16:23.203 9 INFO neutron.db.ovn_revision_numbers_db [None req-ff4b4d9c-ad21-43eb-89ac-5953589602f3 3dd14277d97d4d49b7c6fd13d6beaa37 b917657dbd5b41f5aa29182540960ff2 - - default default] Successfully bumped revision number for resource cafda18c-4a7b-4c0c-8c9c-3f080fff1619 (type: security_group_rules) to 0
2026-07-02 11:16:23.228 9 INFO neutron.wsgi [None req-ff4b4d9c-ad21-43eb-89ac-5953589602f3 3dd14277d97d4d49b7c6fd13d6beaa37 b917657dbd5b41f5aa29182540960ff2 - - default default] 10.0.0.226 "POST /v2.0/security-group-rules HTTP/1.1" status: 201 len: 764 time: 0.1950083
2026-07-02 11:16:23.241 9 WARNING neutron_lib.context [None req-905c650a-cc3c-44a7-8912-716b61f7607d 3dd14277d97d4d49b7c6fd13d6beaa37 b917657dbd5b41f5aa29182540960ff2 - - default default] Method 'is_advsvc' is deprecated since 2023.2 release (neutron-lib 3.8.0) and will be removed once support for the old RBAC API policies will be removed from Neutron. Please use method 'is_service_role' instead.
2026-07-02 11:16:23.367 9 INFO neutron.db.ovn_revision_numbers_db [None req-905c650a-cc3c-44a7-8912-716b61f7607d 3dd14277d97d4d49b7c6fd13d6beaa37 b917657dbd5b41f5aa29182540960ff2 - - default default] Successfully bumped revision number for resource e0247ca7-d0bb-45f3-9ff4-50b11d2ef8fa (type: security_group_rules) to 0
2026-07-02 11:16:23.394 9 INFO neutron.wsgi [None req-905c650a-cc3c-44a7-8912-716b61f7607d 3dd14277d97d4d49b7c6fd13d6beaa37 b917657dbd5b41f5aa29182540960ff2 - - default default] 10.0.0.226 "POST /v2.0/security-group-rules HTTP/1.1" status: 201 len: 763 time: 0.1576378
2026-07-02 11:16:23.404 9 WARNING neutron_lib.context [None req-562fbf5a-e7e1-411a-89dc-e287197c1e53 3dd14277d97d4d49b7c6fd13d6beaa37 b917657dbd5b41f5aa29182540960ff2 - - default default] Method 'is_advsvc' is deprecated since 2023.2 release (neutron-lib 3.8.0) and will be removed once support for the old RBAC API policies will be removed from Neutron. Please use method 'is_service_role' instead.
2026-07-02 11:16:23.542 9 INFO neutron.db.ovn_revision_numbers_db [None req-562fbf5a-e7e1-411a-89dc-e287197c1e53 3dd14277d97d4d49b7c6fd13d6beaa37 b917657dbd5b41f5aa29182540960ff2 - - default default] Successfully bumped revision number for resource 956a3500-80d2-4b36-aecf-c9dfbeb138d8 (type: security_group_rules) to 0
2026-07-02 11:16:23.569 9 INFO neutron.wsgi [None req-562fbf5a-e7e1-411a-89dc-e287197c1e53 3dd14277d97d4d49b7c6fd13d6beaa37 b917657dbd5b41f5aa29182540960ff2 - - default default] 10.0.0.226 "POST /v2.0/security-group-rules HTTP/1.1" status: 201 len: 769 time: 0.1698017
2026-07-02 11:16:23.578 9 WARNING neutron_lib.context [None req-fff7e1cf-f36c-405a-a482-8c13551c0807 3dd14277d97d4d49b7c6fd13d6beaa37 b917657dbd5b41f5aa29182540960ff2 - - default default] Method 'is_advsvc' is deprecated since 2023.2 release (neutron-lib 3.8.0) and will be removed once support for the old RBAC API policies will be removed from Neutron. Please use method 'is_service_role' instead.
2026-07-02 11:16:23.629 10 WARNING neutron_lib.context [None req-795a05aa-1df4-47ef-b47a-a7fb788c44d3 49bbfea4ad2f461489106c0b8b913bd7 98ec112854d4458798efd6c8b4ee493b - - default default] Method 'is_advsvc' is deprecated since 2023.2 release (neutron-lib 3.8.0) and will be removed once support for the old RBAC API policies will be removed from Neutron. Please use method 'is_service_role' instead.
2026-07-02 11:16:23.706 9 INFO neutron.db.ovn_revision_numbers_db [None req-fff7e1cf-f36c-405a-a482-8c13551c0807 3dd14277d97d4d49b7c6fd13d6beaa37 b917657dbd5b41f5aa29182540960ff2 - - default default] Successfully bumped revision number for resource be549683-cd7f-47a3-8df8-6f7ec85b7719 (type: security_group_rules) to 0
2026-07-02 11:16:23.732 9 INFO neutron.wsgi [None req-fff7e1cf-f36c-405a-a482-8c13551c0807 3dd14277d97d4d49b7c6fd13d6beaa37 b917657dbd5b41f5aa29182540960ff2 - - default default] 10.0.0.226 "POST /v2.0/security-group-rules HTTP/1.1" status: 201 len: 768 time: 0.1579375
2026-07-02 11:16:23.742 9 WARNING neutron_lib.context [None req-e4384161-490d-4bbe-8a88-5cc8f0620e0d 3dd14277d97d4d49b7c6fd13d6beaa37 b917657dbd5b41f5aa29182540960ff2 - - default default] Method 'is_advsvc' is deprecated since 2023.2 release (neutron-lib 3.8.0) and will be removed once support for the old RBAC API policies will be removed from Neutron. Please use method 'is_service_role' instead.
2026-07-02 11:16:23.775 9 INFO neutron.db.securitygroups_db [None req-e4384161-490d-4bbe-8a88-5cc8f0620e0d 3dd14277d97d4d49b7c6fd13d6beaa37 b917657dbd5b41f5aa29182540960ff2 - - default default] Project b917657dbd5b41f5aa29182540960ff2 added a security group rule with legacy IPv6 ICMP protocol name icmp, ipv6-icmp should be used instead. It was automatically converted.
2026-07-02 11:16:23.804 10 INFO neutron.db.ovn_revision_numbers_db [None req-795a05aa-1df4-47ef-b47a-a7fb788c44d3 49bbfea4ad2f461489106c0b8b913bd7 98ec112854d4458798efd6c8b4ee493b - - default default] Successfully bumped revision number for resource fcd0372e-0868-407c-86d9-b894a70c43cf (type: security_groups) to 1
2026-07-02 11:16:23.810 10 INFO neutron.db.ovn_revision_numbers_db [None req-4bfa96ff-4775-4d5a-bef7-4e9fdfce6c9e 7a0d84665b1f4a1288833aa07236b752 e5697475b2504714a97ee12d834598e3 - - default default] Successfully bumped revision number for resource 3b37234c-30c7-4a1a-9c53-06f707ecfdb7 (type: security_groups) to 1
2026-07-02 11:16:23.826 10 INFO neutron.db.ovn_revision_numbers_db [None req-4bfa96ff-4775-4d5a-bef7-4e9fdfce6c9e 7a0d84665b1f4a1288833aa07236b752 e5697475b2504714a97ee12d834598e3 - - default default] Successfully bumped revision number for resource 5b24fb75-0662-40d0-96c1-937e7749d100 (type: security_group_rules) to 0
2026-07-02 11:16:23.836 10 INFO neutron.db.ovn_revision_numbers_db [None req-795a05aa-1df4-47ef-b47a-a7fb788c44d3 49bbfea4ad2f461489106c0b8b913bd7 98ec112854d4458798efd6c8b4ee493b - - default default] Successfully bumped revision number for resource 2a600c3d-8617-446b-b1ab-fd3a7a4203ba (type: security_group_rules) to 0
2026-07-02 11:16:23.847 10 INFO neutron.db.ovn_revision_numbers_db [None req-4bfa96ff-4775-4d5a-bef7-4e9fdfce6c9e 7a0d84665b1f4a1288833aa07236b752 e5697475b2504714a97ee12d834598e3 - - default default] Successfully bumped revision number for resource 6467c260-e107-495c-afb2-688f136c63b9 (type: security_group_rules) to 0
2026-07-02 11:16:23.859 10 INFO neutron.db.ovn_revision_numbers_db [None req-795a05aa-1df4-47ef-b47a-a7fb788c44d3 49bbfea4ad2f461489106c0b8b913bd7 98ec112854d4458798efd6c8b4ee493b - - default default] Successfully bumped revision number for resource 91adc11c-4c3f-4f8c-ba07-09771a24e7c4 (type: security_group_rules) to 0
2026-07-02 11:16:23.866 10 INFO neutron.db.ovn_revision_numbers_db [None req-4bfa96ff-4775-4d5a-bef7-4e9fdfce6c9e 7a0d84665b1f4a1288833aa07236b752 e5697475b2504714a97ee12d834598e3 - - default default] Successfully bumped revision number for resource 8531c5e3-19b9-4c92-8187-7c40cdef2315 (type: security_group_rules) to 0
2026-07-02 11:16:23.880 10 INFO neutron.db.ovn_revision_numbers_db [None req-795a05aa-1df4-47ef-b47a-a7fb788c44d3 49bbfea4ad2f461489106c0b8b913bd7 98ec112854d4458798efd6c8b4ee493b - - default default] Successfully bumped revision number for resource da83027c-b545-4309-b015-7115d6803a13 (type: security_group_rules) to 0
2026-07-02 11:16:23.892 10 INFO neutron.db.ovn_revision_numbers_db [None req-4bfa96ff-4775-4d5a-bef7-4e9fdfce6c9e 7a0d84665b1f4a1288833aa07236b752 e5697475b2504714a97ee12d834598e3 - - default default] Successfully bumped revision number for resource c1f819ff-6a71-4270-ab0a-89e6d38dc3d6 (type: security_group_rules) to 0
2026-07-02 11:16:23.908 10 INFO neutron.db.ovn_revision_numbers_db [None req-795a05aa-1df4-47ef-b47a-a7fb788c44d3 49bbfea4ad2f461489106c0b8b913bd7 98ec112854d4458798efd6c8b4ee493b - - default default] Successfully bumped revision number for resource fa475624-3235-43e8-a503-90ba156f3d11 (type: security_group_rules) to 0
2026-07-02 11:16:23.914 9 INFO neutron.db.ovn_revision_numbers_db [None req-e4384161-490d-4bbe-8a88-5cc8f0620e0d 3dd14277d97d4d49b7c6fd13d6beaa37 b917657dbd5b41f5aa29182540960ff2 - - default default] Successfully bumped revision number for resource f82fec8e-3593-4f6d-85bf-1f4791a49b13 (type: security_group_rules) to 0
2026-07-02 11:16:23.956 10 INFO neutron.db.segments_db [None req-4bfa96ff-4775-4d5a-bef7-4e9fdfce6c9e 7a0d84665b1f4a1288833aa07236b752 e5697475b2504714a97ee12d834598e3 - - default default] Added segment e081c059-4461-4e5f-9591-2fa71e00e17d of type geneve for network cfbefdd0-4684-4ff6-ba49-e5f2a3c5bfd9
2026-07-02 11:16:23.976 9 INFO neutron.wsgi [None req-e4384161-490d-4bbe-8a88-5cc8f0620e0d 3dd14277d97d4d49b7c6fd13d6beaa37 b917657dbd5b41f5aa29182540960ff2 - - default default] 10.0.0.226 "POST /v2.0/security-group-rules HTTP/1.1" status: 201 len: 774 time: 0.2394559
2026-07-02 11:16:23.982 10 INFO neutron.db.segments_db [None req-795a05aa-1df4-47ef-b47a-a7fb788c44d3 49bbfea4ad2f461489106c0b8b913bd7 98ec112854d4458798efd6c8b4ee493b - - default default] Added segment 896229b9-39ca-47be-a2a8-c5eb527e97b8 of type geneve for network 01de1f01-f403-457d-85a7-d2721f75e140
2026-07-02 11:16:23.987 9 WARNING neutron_lib.context [None req-dfd405fe-84bd-4f3f-b2d1-a85759d5a8c4 3dd14277d97d4d49b7c6fd13d6beaa37 b917657dbd5b41f5aa29182540960ff2 - - default default] Method 'is_advsvc' is deprecated since 2023.2 release (neutron-lib 3.8.0) and will be removed once support for the old RBAC API policies will be removed from Neutron. Please use method 'is_service_role' instead.
2026-07-02 11:16:24.005 9 INFO neutron.db.securitygroups_db [None req-dfd405fe-84bd-4f3f-b2d1-a85759d5a8c4 3dd14277d97d4d49b7c6fd13d6beaa37 b917657dbd5b41f5aa29182540960ff2 - - default default] Project b917657dbd5b41f5aa29182540960ff2 added a security group rule with legacy IPv6 ICMP protocol name icmp, ipv6-icmp should be used instead. It was automatically converted.
2026-07-02 11:16:24.176 9 INFO neutron.db.ovn_revision_numbers_db [None req-dfd405fe-84bd-4f3f-b2d1-a85759d5a8c4 3dd14277d97d4d49b7c6fd13d6beaa37 b917657dbd5b41f5aa29182540960ff2 - - default default] Successfully bumped revision number for resource 247ff86a-ecf8-49a5-8f04-fc39f7e4427a (type: security_group_rules) to 0
2026-07-02 11:16:24.228 9 INFO neutron.wsgi [None req-dfd405fe-84bd-4f3f-b2d1-a85759d5a8c4 3dd14277d97d4d49b7c6fd13d6beaa37 b917657dbd5b41f5aa29182540960ff2 - - default default] 10.0.0.226 "POST /v2.0/security-group-rules HTTP/1.1" status: 201 len: 773 time: 0.2459974
2026-07-02 11:16:24.238 10 INFO neutron.db.ovn_revision_numbers_db [None req-4bfa96ff-4775-4d5a-bef7-4e9fdfce6c9e 7a0d84665b1f4a1288833aa07236b752 e5697475b2504714a97ee12d834598e3 - - default default] Successfully bumped revision number for resource cfbefdd0-4684-4ff6-ba49-e5f2a3c5bfd9 (type: networks) to 1
