2026-07-02 11:13:54.036 10 INFO neutron.wsgi [req-80f14a85-d1e3-4b89-a84c-f8d208a17f6e req-62d7705c-2303-4688-9d23-47d3db22fcc3 48f2b366423347f684cb31bcdb9b5554 f709880f83dd4b1b92134d835577d57e - - default default] 10.0.0.213 "GET /v2.0/security-groups?id=a059d73d-9f55-4454-ad83-20a46538bf3e&fields=id&fields=name HTTP/1.1" status: 200 len: 312 time: 0.0571005
2026-07-02 11:13:54.060 10 WARNING neutron.scheduler.dhcp_agent_scheduler [None req-82148343-79f5-4bf8-88d2-6a6fc6e4b905 7a0d84665b1f4a1288833aa07236b752 e5697475b2504714a97ee12d834598e3 - - default default] No more DHCP agents
2026-07-02 11:13:54.070 10 WARNING neutron.api.rpc.agentnotifiers.dhcp_rpc_agent_api [None req-82148343-79f5-4bf8-88d2-6a6fc6e4b905 7a0d84665b1f4a1288833aa07236b752 e5697475b2504714a97ee12d834598e3 - - default default] Unable to schedule network db1fed52-f333-4fe4-b69d-fc142825cdce: no agents available; will retry on subsequent port and subnet creation events.
2026-07-02 11:13:54.198 9 INFO neutron.db.ovn_revision_numbers_db [None req-436d797e-82c1-4c69-8bab-93027c73f85e - - - - - -] Successfully bumped revision number for resource 16861883-74a5-4ea3-9c4f-78fba5911c19 (type: router_ports) to 3
2026-07-02 11:13:54.247 10 INFO neutron.wsgi [req-96cbc296-3f1c-492f-af88-f71781e0c90d req-db58c4ec-8044-4b8c-861a-828bb6748c49 48f2b366423347f684cb31bcdb9b5554 f709880f83dd4b1b92134d835577d57e - - default default] 199.19.213.141 "GET /v2.0/ports?device_id=b384ca44-ba6a-4522-ae3f-797bf19c234d HTTP/1.1" status: 200 len: 1170 time: 0.0464408
2026-07-02 11:13:54.336 10 INFO neutron.db.ovn_revision_numbers_db [None req-82148343-79f5-4bf8-88d2-6a6fc6e4b905 7a0d84665b1f4a1288833aa07236b752 e5697475b2504714a97ee12d834598e3 - - default default] Successfully bumped revision number for resource a1dfe4db-0d4c-4c65-b90c-290ad59ec8e7 (type: ports) to 1
2026-07-02 11:13:54.381 9 INFO neutron.wsgi [req-64977ffb-7759-42d3-aff2-b0c5e6316615 req-cfc00b61-8483-4761-89cb-906b2ff7e2ee 655ed8133bbc4808bd6925256eff155d 327352dd24384438817128dde7ef9cdd - - default default] 10.0.0.213 "GET /v2.0/security-groups?name=tempest-securitygroup--2086768568&fields=id&tenant_id=327352dd24384438817128dde7ef9cdd HTTP/1.1" status: 200 len: 267 time: 0.0529990
2026-07-02 11:13:54.452 9 INFO neutron.db.ovn_revision_numbers_db [None req-436d797e-82c1-4c69-8bab-93027c73f85e - - - - - -] Successfully bumped revision number for resource 16861883-74a5-4ea3-9c4f-78fba5911c19 (type: ports) to 2
2026-07-02 11:13:54.491 9 INFO neutron.wsgi [req-64977ffb-7759-42d3-aff2-b0c5e6316615 req-881d31be-03ae-4e27-b941-281e5a8440e3 655ed8133bbc4808bd6925256eff155d 327352dd24384438817128dde7ef9cdd - - default default] 10.0.0.213 "GET /v2.0/networks?id=54791ce3-d272-4778-9f7e-72678d303915 HTTP/1.1" status: 200 len: 874 time: 0.1017966
2026-07-02 11:13:54.520 9 INFO neutron.wsgi [req-64977ffb-7759-42d3-aff2-b0c5e6316615 req-6f10a509-0750-4b7f-9e88-a53006face0e 655ed8133bbc4808bd6925256eff155d 327352dd24384438817128dde7ef9cdd - - default default] 10.0.0.213 "GET /v2.0/quotas/327352dd24384438817128dde7ef9cdd HTTP/1.1" status: 200 len: 386 time: 0.0163000
2026-07-02 11:13:54.635 9 INFO neutron.wsgi [req-64977ffb-7759-42d3-aff2-b0c5e6316615 req-2aac60c7-e426-45ec-adac-abdc53af9b18 655ed8133bbc4808bd6925256eff155d 327352dd24384438817128dde7ef9cdd - - default default] 10.0.0.213 "GET /v2.0/ports?tenant_id=327352dd24384438817128dde7ef9cdd&fields=id HTTP/1.1" status: 200 len: 302 time: 0.1076164
2026-07-02 11:13:54.751 9 INFO neutron.wsgi [req-64977ffb-7759-42d3-aff2-b0c5e6316615 req-3a0ee3e6-84a6-4406-822d-bbb400a1aadd 5e007a168c114cf0992cd5247cb77e21 98bc5b0445ff45cf89441821158b4c60 - - 3dee5ac9e49443bea5daf9f44cd7a7ec 3dee5ac9e49443bea5daf9f44cd7a7ec] 10.0.0.213 "GET /v2.0/networks/54791ce3-d272-4778-9f7e-72678d303915?fields=segments HTTP/1.1" status: 200 len: 212 time: 0.1000342
2026-07-02 11:13:54.827 9 INFO neutron.db.ovn_revision_numbers_db [None req-436d797e-82c1-4c69-8bab-93027c73f85e - - - - - -] Successfully bumped revision number for resource 16861883-74a5-4ea3-9c4f-78fba5911c19 (type: ports) to 4
2026-07-02 11:13:54.836 9 INFO neutron.wsgi [req-64977ffb-7759-42d3-aff2-b0c5e6316615 req-ceab73f4-7b9c-4c18-8e38-50423af18bb4 5e007a168c114cf0992cd5247cb77e21 98bc5b0445ff45cf89441821158b4c60 - - 3dee5ac9e49443bea5daf9f44cd7a7ec 3dee5ac9e49443bea5daf9f44cd7a7ec] 10.0.0.213 "GET /v2.0/networks/54791ce3-d272-4778-9f7e-72678d303915?fields=provider%3Aphysical_network&fields=provider%3Anetwork_type HTTP/1.1" status: 200 len: 277 time: 0.0736830
2026-07-02 11:13:54.899 10 INFO neutron.db.l3_db [req-96cbc296-3f1c-492f-af88-f71781e0c90d req-e070394f-5798-46fb-b23e-8436d4e8594c 48f2b366423347f684cb31bcdb9b5554 f709880f83dd4b1b92134d835577d57e - - default default] Floating IP 29b252cf-7f7d-4fec-9989-801e543decb0 disassociated. External IP: 10.96.250.208, port: a40d275a-ca29-419c-bd0d-bb12e8b9f874.
2026-07-02 11:13:55.002 10 INFO neutron.wsgi [req-d2a748a2-8c6d-4666-a099-bc780734e3cb req-73f18d8f-7bc2-4c4c-ba6d-bdf53954ee83 655ed8133bbc4808bd6925256eff155d 327352dd24384438817128dde7ef9cdd - - default default] 10.0.0.213 "GET /v2.0/ports?device_id=d2e73a4a-2f1f-47f3-a4e1-8604a564371a HTTP/1.1" status: 200 len: 210 time: 0.0372133
2026-07-02 11:13:55.087 9 INFO neutron.db.ovn_revision_numbers_db [None req-436d797e-82c1-4c69-8bab-93027c73f85e - - - - - -] Successfully bumped revision number for resource 16861883-74a5-4ea3-9c4f-78fba5911c19 (type: router_ports) to 4
2026-07-02 11:13:55.172 9 INFO neutron.wsgi [req-1b57ed00-71c1-4bec-8efe-c859e0a67385 req-f3e70dca-e69c-42ba-8477-266782337b51 48f2b366423347f684cb31bcdb9b5554 f709880f83dd4b1b92134d835577d57e - - default default] 10.0.0.213 "GET /v2.0/ports?device_id=b384ca44-ba6a-4522-ae3f-797bf19c234d HTTP/1.1" status: 200 len: 210 time: 0.0376637
2026-07-02 11:13:55.198 10 INFO neutron.wsgi [req-96cbc296-3f1c-492f-af88-f71781e0c90d req-e070394f-5798-46fb-b23e-8436d4e8594c 48f2b366423347f684cb31bcdb9b5554 f709880f83dd4b1b92134d835577d57e - - default default] 199.19.213.141 "DELETE /v2.0/ports/a40d275a-ca29-419c-bd0d-bb12e8b9f874 HTTP/1.1" status: 204 len: 173 time: 0.9433055
2026-07-02 11:13:55.217 10 INFO neutron.db.ovn_revision_numbers_db [None req-82148343-79f5-4bf8-88d2-6a6fc6e4b905 7a0d84665b1f4a1288833aa07236b752 e5697475b2504714a97ee12d834598e3 - - default default] Successfully bumped revision number for resource a1dfe4db-0d4c-4c65-b90c-290ad59ec8e7 (type: router_ports) to 1
2026-07-02 11:13:55.238 10 INFO neutron.notifiers.nova [-] Nova event matching ['req-1fe18cb7-8592-4120-b6b2-d7197dc09184'] response: {'server_uuid': 'b384ca44-ba6a-4522-ae3f-797bf19c234d', 'name': 'network-vif-deleted', 'tag': 'a40d275a-ca29-419c-bd0d-bb12e8b9f874', 'status': 'completed', 'code': 200}
2026-07-02 11:13:55.353 10 INFO neutron.wsgi [req-9aa3b039-75d0-49f4-a8e6-c1570819a959 req-1e8c7afc-9c8e-4e84-a591-a0485b3400c8 5e007a168c114cf0992cd5247cb77e21 98bc5b0445ff45cf89441821158b4c60 - - 3dee5ac9e49443bea5daf9f44cd7a7ec 3dee5ac9e49443bea5daf9f44cd7a7ec] 199.19.213.141 "GET /v2.0/ports?device_id=b384ca44-ba6a-4522-ae3f-797bf19c234d&fields=binding%3Ahost_id&fields=binding%3Avif_type HTTP/1.1" status: 200 len: 210 time: 0.0240827
2026-07-02 11:13:55.431 10 INFO neutron.wsgi [req-9aa3b039-75d0-49f4-a8e6-c1570819a959 req-ba8760a5-7a7f-4269-8f47-0a97431b2e45 5e007a168c114cf0992cd5247cb77e21 98bc5b0445ff45cf89441821158b4c60 - - 3dee5ac9e49443bea5daf9f44cd7a7ec 3dee5ac9e49443bea5daf9f44cd7a7ec] 199.19.213.141 "GET /v2.0/ports?tenant_id=f709880f83dd4b1b92134d835577d57e&device_id=b384ca44-ba6a-4522-ae3f-797bf19c234d HTTP/1.1" status: 200 len: 210 time: 0.0257554
2026-07-02 11:13:55.435 10 INFO neutron.db.ovn_revision_numbers_db [None req-82148343-79f5-4bf8-88d2-6a6fc6e4b905 7a0d84665b1f4a1288833aa07236b752 e5697475b2504714a97ee12d834598e3 - - default default] Successfully bumped revision number for resource a1dfe4db-0d4c-4c65-b90c-290ad59ec8e7 (type: ports) to 1
2026-07-02 11:13:55.543 10 WARNING neutron.scheduler.dhcp_agent_scheduler [None req-82148343-79f5-4bf8-88d2-6a6fc6e4b905 7a0d84665b1f4a1288833aa07236b752 e5697475b2504714a97ee12d834598e3 - - default default] No more DHCP agents
2026-07-02 11:13:55.544 10 WARNING neutron.api.rpc.agentnotifiers.dhcp_rpc_agent_api [None req-82148343-79f5-4bf8-88d2-6a6fc6e4b905 7a0d84665b1f4a1288833aa07236b752 e5697475b2504714a97ee12d834598e3 - - default default] Unable to schedule network db1fed52-f333-4fe4-b69d-fc142825cdce: no agents available; will retry on subsequent port and subnet creation events.
2026-07-02 11:13:55.549 10 INFO neutron.wsgi [req-9aa3b039-75d0-49f4-a8e6-c1570819a959 req-583e2623-b899-4ea4-8bc3-35a8c1e183f5 5e007a168c114cf0992cd5247cb77e21 98bc5b0445ff45cf89441821158b4c60 - - 3dee5ac9e49443bea5daf9f44cd7a7ec 3dee5ac9e49443bea5daf9f44cd7a7ec] 199.19.213.141 "GET /v2.0/networks?tenant_id=f709880f83dd4b1b92134d835577d57e&shared=False HTTP/1.1" status: 200 len: 982 time: 0.0942080
2026-07-02 11:13:55.633 9 INFO neutron.plugins.ml2.drivers.ovn.mech_driver.mech_driver [None req-f0f4474f-9443-442f-977a-be7ca271417b - - - - - -] OVN reports status up for port: a1dfe4db-0d4c-4c65-b90c-290ad59ec8e7
2026-07-02 11:13:55.647 9 INFO neutron.plugins.ml2.plugin [None req-f0f4474f-9443-442f-977a-be7ca271417b - - - - - -] Attempt 1 to provision port a1dfe4db-0d4c-4c65-b90c-290ad59ec8e7
2026-07-02 11:13:55.650 10 INFO neutron.wsgi [req-9aa3b039-75d0-49f4-a8e6-c1570819a959 req-5c0840d7-ddd8-4912-bc3b-6c1f8393135f 5e007a168c114cf0992cd5247cb77e21 98bc5b0445ff45cf89441821158b4c60 - - 3dee5ac9e49443bea5daf9f44cd7a7ec 3dee5ac9e49443bea5daf9f44cd7a7ec] 199.19.213.141 "GET /v2.0/networks?shared=True HTTP/1.1" status: 200 len: 952 time: 0.0877156
2026-07-02 11:13:55.848 10 INFO neutron.wsgi [req-64977ffb-7759-42d3-aff2-b0c5e6316615 req-bc1448f2-8e14-47da-9543-c6aa90250d6a 655ed8133bbc4808bd6925256eff155d 327352dd24384438817128dde7ef9cdd - - default default] 199.19.213.141 "GET /v2.0/networks?id=54791ce3-d272-4778-9f7e-72678d303915 HTTP/1.1" status: 200 len: 874 time: 0.0912912
2026-07-02 11:13:55.917 10 INFO neutron.wsgi [req-64977ffb-7759-42d3-aff2-b0c5e6316615 req-552a8f49-2505-4006-a702-bfc211f10986 655ed8133bbc4808bd6925256eff155d 327352dd24384438817128dde7ef9cdd - - default default] 199.19.213.141 "GET /v2.0/security-groups?fields=id&fields=name&tenant_id=327352dd24384438817128dde7ef9cdd HTTP/1.1" status: 200 len: 380 time: 0.0539849
2026-07-02 11:13:55.957 10 WARNING neutron_lib.context [req-64977ffb-7759-42d3-aff2-b0c5e6316615 req-f7c29f14-ab04-4056-8228-a6e135c3f861 655ed8133bbc4808bd6925256eff155d 327352dd24384438817128dde7ef9cdd - - default default] Method 'is_advsvc' is deprecated since 2023.2 release (neutron-lib 3.8.0) and will be removed once support for the old RBAC API policies will be removed from Neutron. Please use method 'is_service_role' instead.
2026-07-02 11:13:56.007 9 INFO neutron.db.ovn_revision_numbers_db [None req-f0f4474f-9443-442f-977a-be7ca271417b - - - - - -] Successfully bumped revision number for resource a1dfe4db-0d4c-4c65-b90c-290ad59ec8e7 (type: ports) to 2 /var/lib/openstack/lib/python3.10/site-packages/pycadf/identifier.py:71: UserWarning: Invalid uuid: neutron. To ensure interoperability, identifiers should be a valid uuid. warnings.warn(('Invalid uuid: %s. To ensure interoperability, '
2026-07-02 11:13:56.294 9 INFO neutron.wsgi [req-6ef4819b-665a-415e-9bf7-f21cbafefa31 req-877364b6-cac2-4ec4-b31c-bd03c33c06e8 655ed8133bbc4808bd6925256eff155d 327352dd24384438817128dde7ef9cdd - - default default] 10.0.0.213 "GET /v2.0/ports?device_id=d2e73a4a-2f1f-47f3-a4e1-8604a564371a HTTP/1.1" status: 200 len: 210 time: 0.0367355
2026-07-02 11:13:56.327 9 INFO neutron.db.ovn_revision_numbers_db [None req-f0f4474f-9443-442f-977a-be7ca271417b - - - - - -] Successfully bumped revision number for resource a1dfe4db-0d4c-4c65-b90c-290ad59ec8e7 (type: router_ports) to 2
2026-07-02 11:13:56.430 9 INFO neutron.db.ovn_revision_numbers_db [None req-22551d12-c1f5-4d57-96ea-e962df891bf5 7a0d84665b1f4a1288833aa07236b752 e5697475b2504714a97ee12d834598e3 - - default default] Successfully bumped revision number for resource 8416fb39-001e-44cb-99a4-6f006f9d385e (type: security_groups) to 1
2026-07-02 11:13:56.446 9 INFO neutron.db.ovn_revision_numbers_db [None req-22551d12-c1f5-4d57-96ea-e962df891bf5 7a0d84665b1f4a1288833aa07236b752 e5697475b2504714a97ee12d834598e3 - - default default] Successfully bumped revision number for resource 2d9e2399-80ae-4eb4-9a88-0ac7525832fa (type: security_group_rules) to 0
2026-07-02 11:13:56.448 10 WARNING neutron.scheduler.dhcp_agent_scheduler [req-64977ffb-7759-42d3-aff2-b0c5e6316615 req-f7c29f14-ab04-4056-8228-a6e135c3f861 655ed8133bbc4808bd6925256eff155d 327352dd24384438817128dde7ef9cdd - - default default] No more DHCP agents
2026-07-02 11:13:56.454 10 WARNING neutron.api.rpc.agentnotifiers.dhcp_rpc_agent_api [req-64977ffb-7759-42d3-aff2-b0c5e6316615 req-f7c29f14-ab04-4056-8228-a6e135c3f861 655ed8133bbc4808bd6925256eff155d 327352dd24384438817128dde7ef9cdd - - default default] Unable to schedule network 54791ce3-d272-4778-9f7e-72678d303915: no agents available; will retry on subsequent port and subnet creation events.
2026-07-02 11:13:56.463 9 INFO neutron.db.ovn_revision_numbers_db [None req-22551d12-c1f5-4d57-96ea-e962df891bf5 7a0d84665b1f4a1288833aa07236b752 e5697475b2504714a97ee12d834598e3 - - default default] Successfully bumped revision number for resource 330da3b7-a71b-4842-8335-3a0b5818f9d3 (type: security_group_rules) to 0
2026-07-02 11:13:56.487 9 INFO neutron.db.ovn_revision_numbers_db [None req-22551d12-c1f5-4d57-96ea-e962df891bf5 7a0d84665b1f4a1288833aa07236b752 e5697475b2504714a97ee12d834598e3 - - default default] Successfully bumped revision number for resource bb13688b-6409-4664-ae10-5721c77c3992 (type: security_group_rules) to 0
2026-07-02 11:13:56.495 10 INFO neutron.wsgi [None req-82148343-79f5-4bf8-88d2-6a6fc6e4b905 7a0d84665b1f4a1288833aa07236b752 e5697475b2504714a97ee12d834598e3 - - default default] 10.0.0.226 "PUT /v2.0/routers/372d84cd-6429-4b18-879a-56ad46fe3358/add_router_interface HTTP/1.1" status: 200 len: 503 time: 3.0293589
2026-07-02 11:13:56.505 9 INFO neutron.db.ovn_revision_numbers_db [None req-22551d12-c1f5-4d57-96ea-e962df891bf5 7a0d84665b1f4a1288833aa07236b752 e5697475b2504714a97ee12d834598e3 - - default default] Successfully bumped revision number for resource c4378ef5-b2ea-4a2d-91de-6c0b1f35a316 (type: security_group_rules) to 0
2026-07-02 11:13:56.531 9 INFO neutron.wsgi [None req-22551d12-c1f5-4d57-96ea-e962df891bf5 7a0d84665b1f4a1288833aa07236b752 e5697475b2504714a97ee12d834598e3 - - default default] 10.0.0.226 "GET /v2.0/security-groups?tenant_id=30bbac2839ee4993a433ed4770b5b23f&name=default HTTP/1.1" status: 200 len: 2996 time: 0.7014368
2026-07-02 11:13:56.552 10 INFO neutron.wsgi [None req-25915f37-7e40-4a6e-bfeb-2b395039bb61 48f2b366423347f684cb31bcdb9b5554 f709880f83dd4b1b92134d835577d57e - - default default] 10.0.0.226 "DELETE /v2.0/security-groups/a059d73d-9f55-4454-ad83-20a46538bf3e HTTP/1.1" status: 204 len: 168 time: 0.2626483 /var/lib/openstack/lib/python3.10/site-packages/pycadf/identifier.py:71: UserWarning: Invalid uuid: neutron. To ensure interoperability, identifiers should be a valid uuid. warnings.warn(('Invalid uuid: %s. To ensure interoperability, '
2026-07-02 11:13:56.573 10 INFO neutron.api.v2.resource [None req-6ba60525-bda6-4b7e-91c1-d417666feb6a 48f2b366423347f684cb31bcdb9b5554 f709880f83dd4b1b92134d835577d57e - - default default] show failed (client error): The resource could not be found.
2026-07-02 11:13:56.574 10 INFO neutron.wsgi [None req-6ba60525-bda6-4b7e-91c1-d417666feb6a 48f2b366423347f684cb31bcdb9b5554 f709880f83dd4b1b92134d835577d57e - - default default] 10.0.0.226 "GET /v2.0/security-groups/a059d73d-9f55-4454-ad83-20a46538bf3e HTTP/1.1" status: 404 len: 347 time: 0.0175791
2026-07-02 11:13:56.703 10 INFO neutron.db.ovn_revision_numbers_db [req-64977ffb-7759-42d3-aff2-b0c5e6316615 req-f7c29f14-ab04-4056-8228-a6e135c3f861 655ed8133bbc4808bd6925256eff155d 327352dd24384438817128dde7ef9cdd - - default default] Successfully bumped revision number for resource bf1050cc-c14c-4917-b19b-04e62fb3dc53 (type: ports) to 1
2026-07-02 11:13:56.741 9 INFO neutron.wsgi [None req-4d33ae43-59b5-482c-86a1-5330481414f3 7a0d84665b1f4a1288833aa07236b752 e5697475b2504714a97ee12d834598e3 - - default default] 10.0.0.226 "DELETE /v2.0/security-groups/8416fb39-001e-44cb-99a4-6f006f9d385e HTTP/1.1" status: 204 len: 168 time: 0.2007301
2026-07-02 11:13:56.742 10 INFO neutron.wsgi [req-64977ffb-7759-42d3-aff2-b0c5e6316615 req-f7c29f14-ab04-4056-8228-a6e135c3f861 655ed8133bbc4808bd6925256eff155d 327352dd24384438817128dde7ef9cdd - - default default] 199.19.213.141 "POST /v2.0/ports HTTP/1.1" status: 201 len: 1162 time: 0.7918069
2026-07-02 11:13:56.860 10 WARNING neutron.plugins.ml2.drivers.ovn.mech_driver.ovsdb.ovn_client [None req-ea9a8882-9117-4139-94f2-b1bc3ff8c035 - - - - - -] No hosting information found for port cdc8d0dc-2445-4762-8819-b0c298913066: RuntimeError: No hosting information found for port cdc8d0dc-2445-4762-8819-b0c298913066
2026-07-02 11:13:56.860 10 INFO neutron.plugins.ml2.drivers.ovn.mech_driver.mech_driver [None req-ea9a8882-9117-4139-94f2-b1bc3ff8c035 - - - - - -] OVN reports status down for port: a40d275a-ca29-419c-bd0d-bb12e8b9f874
2026-07-02 11:13:56.973 9 INFO neutron.db.ovn_revision_numbers_db [None req-1e7cb6c5-0117-4b57-bcad-5de935b05ce2 7a0d84665b1f4a1288833aa07236b752 e5697475b2504714a97ee12d834598e3 - - default default] Successfully bumped revision number for resource b7b7f8ba-81de-4fff-ac42-01931291540e (type: security_groups) to 1
2026-07-02 11:13:56.986 9 INFO neutron.db.ovn_revision_numbers_db [None req-1e7cb6c5-0117-4b57-bcad-5de935b05ce2 7a0d84665b1f4a1288833aa07236b752 e5697475b2504714a97ee12d834598e3 - - default default] Successfully bumped revision number for resource 14631d49-dfa4-4075-8f94-15db46d2f6d6 (type: security_group_rules) to 0
2026-07-02 11:13:57.009 9 INFO neutron.db.ovn_revision_numbers_db [None req-1e7cb6c5-0117-4b57-bcad-5de935b05ce2 7a0d84665b1f4a1288833aa07236b752 e5697475b2504714a97ee12d834598e3 - - default default] Successfully bumped revision number for resource 582ddcf7-f1cb-45b0-a604-22bd88e31d2b (type: security_group_rules) to 0
2026-07-02 11:13:57.027 9 INFO neutron.db.ovn_revision_numbers_db [None req-1e7cb6c5-0117-4b57-bcad-5de935b05ce2 7a0d84665b1f4a1288833aa07236b752 e5697475b2504714a97ee12d834598e3 - - default default] Successfully bumped revision number for resource 61e799b0-45c0-4aff-ac2e-2a0421ed9c5c (type: security_group_rules) to 0
2026-07-02 11:13:57.046 9 INFO neutron.db.ovn_revision_numbers_db [None req-1e7cb6c5-0117-4b57-bcad-5de935b05ce2 7a0d84665b1f4a1288833aa07236b752 e5697475b2504714a97ee12d834598e3 - - default default] Successfully bumped revision number for resource 65309c21-b0a8-4925-9dd2-a93dc7135dea (type: security_group_rules) to 0
2026-07-02 11:13:57.074 9 INFO neutron.wsgi [None req-1e7cb6c5-0117-4b57-bcad-5de935b05ce2 7a0d84665b1f4a1288833aa07236b752 e5697475b2504714a97ee12d834598e3 - - default default] 10.0.0.226 "GET /v2.0/security-groups?tenant_id=e798babcb37f4ad19d83aced4dbf8b45&name=default HTTP/1.1" status: 200 len: 2996 time: 0.2245128
2026-07-02 11:13:57.096 10 INFO neutron.wsgi [None req-7a2ebf7f-c0e4-4ff0-b7ee-eea68a23a5f9 48f2b366423347f684cb31bcdb9b5554 f709880f83dd4b1b92134d835577d57e - - default default] 10.0.0.226 "DELETE /v2.0/floatingips/29b252cf-7f7d-4fec-9989-801e543decb0 HTTP/1.1" status: 204 len: 168 time: 0.5160036
2026-07-02 11:13:57.402 9 INFO neutron.wsgi [None req-7f407bc1-6b0c-4d47-b479-16b86ba73497 7a0d84665b1f4a1288833aa07236b752 e5697475b2504714a97ee12d834598e3 - - default default] 10.0.0.226 "DELETE /v2.0/security-groups/b7b7f8ba-81de-4fff-ac42-01931291540e HTTP/1.1" status: 204 len: 168 time: 0.3236392
2026-07-02 11:13:57.421 9 INFO neutron.wsgi [req-b94a409b-c2ae-4249-ad5e-35d081063b4e req-1a1d56d6-ebc7-49f0-bfd6-afa0ab707777 655ed8133bbc4808bd6925256eff155d 327352dd24384438817128dde7ef9cdd - - default default] 10.0.0.213 "GET /v2.0/ports?device_id=d2e73a4a-2f1f-47f3-a4e1-8604a564371a HTTP/1.1" status: 200 len: 1172 time: 0.0552423
2026-07-02 11:13:57.475 9 INFO neutron.wsgi [req-b94a409b-c2ae-4249-ad5e-35d081063b4e req-92b1e28e-118e-4b3d-9262-adaca99b587d 655ed8133bbc4808bd6925256eff155d 327352dd24384438817128dde7ef9cdd - - default default] 10.0.0.213 "GET /v2.0/security-groups?id=e2785461-3720-4d6d-be88-81703b32adf1&fields=id&fields=name HTTP/1.1" status: 200 len: 313 time: 0.0404100 /var/lib/openstack/lib/python3.10/site-packages/pycadf/identifier.py:71: UserWarning: Invalid uuid: neutron. To ensure interoperability, identifiers should be a valid uuid. warnings.warn(('Invalid uuid: %s. To ensure interoperability, '
2026-07-02 11:13:57.604 10 INFO neutron.db.ovn_revision_numbers_db [req-64977ffb-7759-42d3-aff2-b0c5e6316615 req-b78011c4-dcc2-4ab5-919f-dfb70c901318 5e007a168c114cf0992cd5247cb77e21 98bc5b0445ff45cf89441821158b4c60 - - 3dee5ac9e49443bea5daf9f44cd7a7ec 3dee5ac9e49443bea5daf9f44cd7a7ec] Successfully bumped revision number for resource bf1050cc-c14c-4917-b19b-04e62fb3dc53 (type: ports) to 2
2026-07-02 11:13:57.619 10 INFO neutron.wsgi [req-4f182af4-b59b-4abc-88f7-5f3522d00a77 req-18018ebd-2586-4155-90a3-0667f473729b 55530d98a8964c8a90364ec3cd069e57 fafd69f872d943178a5988a854f6519a - - default default] 10.0.0.213 "GET /v2.0/networks?id=db1fed52-f333-4fe4-b69d-fc142825cdce HTTP/1.1" status: 200 len: 877 time: 0.1041121
2026-07-02 11:13:57.645 10 INFO neutron.wsgi [req-4f182af4-b59b-4abc-88f7-5f3522d00a77 req-cbafe838-9270-4edc-91b5-f010e3785ce3 55530d98a8964c8a90364ec3cd069e57 fafd69f872d943178a5988a854f6519a - - default default] 10.0.0.213 "GET /v2.0/quotas/fafd69f872d943178a5988a854f6519a HTTP/1.1" status: 200 len: 386 time: 0.0145655
2026-07-02 11:13:57.804 10 INFO neutron.wsgi [req-4f182af4-b59b-4abc-88f7-5f3522d00a77 req-c5abc0c0-4ae0-4e59-9cfa-830e408c5206 55530d98a8964c8a90364ec3cd069e57 fafd69f872d943178a5988a854f6519a - - default default] 10.0.0.213 "GET /v2.0/ports?tenant_id=fafd69f872d943178a5988a854f6519a&fields=id HTTP/1.1" status: 200 len: 302 time: 0.1499128 /var/lib/openstack/lib/python3.10/site-packages/pycadf/identifier.py:71: UserWarning: Invalid uuid: neutron. To ensure interoperability, identifiers should be a valid uuid. warnings.warn(('Invalid uuid: %s. To ensure interoperability, '
2026-07-02 11:13:57.887 10 INFO neutron.wsgi [req-4f182af4-b59b-4abc-88f7-5f3522d00a77 req-c2adab6d-13fc-4a5c-b018-af77121f0175 5e007a168c114cf0992cd5247cb77e21 98bc5b0445ff45cf89441821158b4c60 - - 3dee5ac9e49443bea5daf9f44cd7a7ec 3dee5ac9e49443bea5daf9f44cd7a7ec] 10.0.0.213 "GET /v2.0/networks/db1fed52-f333-4fe4-b69d-fc142825cdce?fields=segments HTTP/1.1" status: 200 len: 212 time: 0.0697591
2026-07-02 11:13:57.895 10 INFO neutron.db.ovn_revision_numbers_db [req-64977ffb-7759-42d3-aff2-b0c5e6316615 req-b78011c4-dcc2-4ab5-919f-dfb70c901318 5e007a168c114cf0992cd5247cb77e21 98bc5b0445ff45cf89441821158b4c60 - - 3dee5ac9e49443bea5daf9f44cd7a7ec 3dee5ac9e49443bea5daf9f44cd7a7ec] Successfully bumped revision number for resource bf1050cc-c14c-4917-b19b-04e62fb3dc53 (type: ports) to 2
2026-07-02 11:13:57.931 10 INFO neutron.wsgi [req-64977ffb-7759-42d3-aff2-b0c5e6316615 req-b78011c4-dcc2-4ab5-919f-dfb70c901318 5e007a168c114cf0992cd5247cb77e21 98bc5b0445ff45cf89441821158b4c60 - - 3dee5ac9e49443bea5daf9f44cd7a7ec 3dee5ac9e49443bea5daf9f44cd7a7ec] 199.19.213.141 "PUT /v2.0/ports/bf1050cc-c14c-4917-b19b-04e62fb3dc53 HTTP/1.1" status: 200 len: 1380 time: 1.1801066
2026-07-02 11:13:57.964 10 INFO neutron.wsgi [req-4f182af4-b59b-4abc-88f7-5f3522d00a77 req-fb6c449b-c2cf-4b47-afc5-063f8c889dd1 5e007a168c114cf0992cd5247cb77e21 98bc5b0445ff45cf89441821158b4c60 - - 3dee5ac9e49443bea5daf9f44cd7a7ec 3dee5ac9e49443bea5daf9f44cd7a7ec] 10.0.0.213 "GET /v2.0/networks/db1fed52-f333-4fe4-b69d-fc142825cdce?fields=provider%3Aphysical_network&fields=provider%3Anetwork_type HTTP/1.1" status: 200 len: 277 time: 0.0684435
2026-07-02 11:13:57.988 10 INFO neutron.notifiers.nova [-] Nova event matching ['req-25692ad7-0051-41bd-b406-f9c809579852'] response: {'name': 'network-changed', 'server_uuid': 'd2e73a4a-2f1f-47f3-a4e1-8604a564371a', 'tag': 'bf1050cc-c14c-4917-b19b-04e62fb3dc53', 'status': 'completed', 'code': 200}
2026-07-02 11:13:58.041 10 INFO neutron.wsgi [req-64977ffb-7759-42d3-aff2-b0c5e6316615 req-a476a1ab-8722-4a67-b5f0-93d4a82d05b4 5e007a168c114cf0992cd5247cb77e21 98bc5b0445ff45cf89441821158b4c60 - - 3dee5ac9e49443bea5daf9f44cd7a7ec 3dee5ac9e49443bea5daf9f44cd7a7ec] 199.19.213.141 "GET /v2.0/ports?tenant_id=327352dd24384438817128dde7ef9cdd&device_id=d2e73a4a-2f1f-47f3-a4e1-8604a564371a HTTP/1.1" status: 200 len: 1411 time: 0.0669742
2026-07-02 11:13:58.087 10 INFO neutron.wsgi [req-64977ffb-7759-42d3-aff2-b0c5e6316615 req-330ff0c6-19a7-40e8-a184-2238d74fb3a5 5e007a168c114cf0992cd5247cb77e21 98bc5b0445ff45cf89441821158b4c60 - - 3dee5ac9e49443bea5daf9f44cd7a7ec 3dee5ac9e49443bea5daf9f44cd7a7ec] 199.19.213.141 "GET /v2.0/floatingips?fixed_ip_address=10.100.0.11&port_id=bf1050cc-c14c-4917-b19b-04e62fb3dc53 HTTP/1.1" status: 200 len: 217 time: 0.0408745
2026-07-02 11:13:58.133 9 INFO neutron.wsgi [req-0d9fa6ee-53ff-446d-80ea-0bb4bc358b91 req-3890334e-cc02-46ad-b811-a701322d386e 55530d98a8964c8a90364ec3cd069e57 fafd69f872d943178a5988a854f6519a - - default default] 10.0.0.213 "GET /v2.0/ports?device_id=ed09bb5e-ed6f-4916-ad45-6221ade7fb36 HTTP/1.1" status: 200 len: 210 time: 0.0246012
2026-07-02 11:13:58.137 10 INFO neutron.wsgi [req-64977ffb-7759-42d3-aff2-b0c5e6316615 req-a896fd62-d8f0-4089-a3a8-2a0172d51adc 5e007a168c114cf0992cd5247cb77e21 98bc5b0445ff45cf89441821158b4c60 - - 3dee5ac9e49443bea5daf9f44cd7a7ec 3dee5ac9e49443bea5daf9f44cd7a7ec] 199.19.213.141 "GET /v2.0/subnets?id=efd8ab96-874f-4fc4-83ae-80e9d602ab49 HTTP/1.1" status: 200 len: 868 time: 0.0443220
2026-07-02 11:13:58.165 10 INFO neutron.wsgi [req-64977ffb-7759-42d3-aff2-b0c5e6316615 req-dbc176bd-8d4b-4b8f-ad9e-24a7365fbac8 5e007a168c114cf0992cd5247cb77e21 98bc5b0445ff45cf89441821158b4c60 - - 3dee5ac9e49443bea5daf9f44cd7a7ec 3dee5ac9e49443bea5daf9f44cd7a7ec] 199.19.213.141 "GET /v2.0/ports?network_id=54791ce3-d272-4778-9f7e-72678d303915&device_owner=network%3Adhcp HTTP/1.1" status: 200 len: 210 time: 0.0215058
2026-07-02 11:13:58.246 10 INFO neutron.wsgi [req-64977ffb-7759-42d3-aff2-b0c5e6316615 req-6b799aec-23ed-4926-8a90-c3745c583a75 5e007a168c114cf0992cd5247cb77e21 98bc5b0445ff45cf89441821158b4c60 - - 3dee5ac9e49443bea5daf9f44cd7a7ec 3dee5ac9e49443bea5daf9f44cd7a7ec] 199.19.213.141 "GET /v2.0/networks/54791ce3-d272-4778-9f7e-72678d303915?fields=segments HTTP/1.1" status: 200 len: 212 time: 0.0744116
2026-07-02 11:13:58.307 10 INFO neutron.wsgi [req-64977ffb-7759-42d3-aff2-b0c5e6316615 req-a8fcd298-baad-466c-b81a-0af9dd166d79 5e007a168c114cf0992cd5247cb77e21 98bc5b0445ff45cf89441821158b4c60 - - 3dee5ac9e49443bea5daf9f44cd7a7ec 3dee5ac9e49443bea5daf9f44cd7a7ec] 199.19.213.141 "GET /v2.0/networks/54791ce3-d272-4778-9f7e-72678d303915?fields=provider%3Aphysical_network&fields=provider%3Anetwork_type HTTP/1.1" status: 200 len: 277 time: 0.0557175
2026-07-02 11:13:58.403 10 INFO neutron.wsgi [req-408bd927-503c-454f-bca9-c638ca6227f2 req-9b2830f6-854f-419c-9a66-51ee34ba7e20 5e007a168c114cf0992cd5247cb77e21 98bc5b0445ff45cf89441821158b4c60 - - 3dee5ac9e49443bea5daf9f44cd7a7ec 3dee5ac9e49443bea5daf9f44cd7a7ec] 199.19.213.141 "GET /v2.0/ports?tenant_id=327352dd24384438817128dde7ef9cdd&device_id=d2e73a4a-2f1f-47f3-a4e1-8604a564371a HTTP/1.1" status: 200 len: 1411 time: 0.0480249
2026-07-02 11:13:58.479 10 INFO neutron.wsgi [req-408bd927-503c-454f-bca9-c638ca6227f2 req-32acad0d-9c76-4fb7-89c7-67984c3ccae2 5e007a168c114cf0992cd5247cb77e21 98bc5b0445ff45cf89441821158b4c60 - - 3dee5ac9e49443bea5daf9f44cd7a7ec 3dee5ac9e49443bea5daf9f44cd7a7ec] 199.19.213.141 "GET /v2.0/networks?id=54791ce3-d272-4778-9f7e-72678d303915 HTTP/1.1" status: 200 len: 973 time: 0.0711095
2026-07-02 11:13:58.523 10 INFO neutron.plugins.ml2.drivers.ovn.mech_driver.mech_driver [None req-ea9a8882-9117-4139-94f2-b1bc3ff8c035 - - - - - -] OVN reports status up for port: bf1050cc-c14c-4917-b19b-04e62fb3dc53
2026-07-02 11:13:58.528 10 INFO neutron.wsgi [req-408bd927-503c-454f-bca9-c638ca6227f2 req-f6d9b76d-ba30-43b8-bb99-896c0d5ca661 5e007a168c114cf0992cd5247cb77e21 98bc5b0445ff45cf89441821158b4c60 - - 3dee5ac9e49443bea5daf9f44cd7a7ec 3dee5ac9e49443bea5daf9f44cd7a7ec] 199.19.213.141 "GET /v2.0/floatingips?fixed_ip_address=10.100.0.11&port_id=bf1050cc-c14c-4917-b19b-04e62fb3dc53 HTTP/1.1" status: 200 len: 217 time: 0.0412431
2026-07-02 11:13:58.546 10 INFO neutron.plugins.ml2.plugin [None req-ea9a8882-9117-4139-94f2-b1bc3ff8c035 - - - - - -] Attempt 1 to provision port bf1050cc-c14c-4917-b19b-04e62fb3dc53
2026-07-02 11:13:58.607 9 INFO neutron.wsgi [None req-1e8b6d57-6b3e-48f3-a61a-547dff766197 7a0d84665b1f4a1288833aa07236b752 e5697475b2504714a97ee12d834598e3 - - default default] 10.0.0.226 "PUT /v2.0/routers/df2a022a-6790-480c-98fa-55961c7d8bd0/remove_router_interface HTTP/1.1" status: 200 len: 503 time: 1.4311490
2026-07-02 11:13:58.617 10 INFO neutron.wsgi [req-408bd927-503c-454f-bca9-c638ca6227f2 req-40fb303f-cea5-4b7e-a17f-3de8c8d0b3d3 5e007a168c114cf0992cd5247cb77e21 98bc5b0445ff45cf89441821158b4c60 - - 3dee5ac9e49443bea5daf9f44cd7a7ec 3dee5ac9e49443bea5daf9f44cd7a7ec] 199.19.213.141 "GET /v2.0/subnets?id=efd8ab96-874f-4fc4-83ae-80e9d602ab49 HTTP/1.1" status: 200 len: 868 time: 0.0784843
2026-07-02 11:13:58.664 10 INFO neutron.wsgi [req-408bd927-503c-454f-bca9-c638ca6227f2 req-39ee75b0-c949-4a81-8a8e-849a19947229 5e007a168c114cf0992cd5247cb77e21 98bc5b0445ff45cf89441821158b4c60 - - 3dee5ac9e49443bea5daf9f44cd7a7ec 3dee5ac9e49443bea5daf9f44cd7a7ec] 199.19.213.141 "GET /v2.0/ports?network_id=54791ce3-d272-4778-9f7e-72678d303915&device_owner=network%3Adhcp HTTP/1.1" status: 200 len: 210 time: 0.0368097
2026-07-02 11:13:58.756 10 INFO neutron.wsgi [req-3d1e92f6-82ea-4a9e-ab71-172c08c63a33 req-6acf7685-712b-4660-80c4-cefebbbb789d 655ed8133bbc4808bd6925256eff155d 327352dd24384438817128dde7ef9cdd - - default default] 10.0.0.213 "GET /v2.0/ports?device_id=d2e73a4a-2f1f-47f3-a4e1-8604a564371a HTTP/1.1" status: 200 len: 1172 time: 0.1824982
2026-07-02 11:13:58.815 10 INFO neutron.wsgi [req-408bd927-503c-454f-bca9-c638ca6227f2 req-92ee0665-0770-42f4-a4d0-8a175125547c 5e007a168c114cf0992cd5247cb77e21 98bc5b0445ff45cf89441821158b4c60 - - 3dee5ac9e49443bea5daf9f44cd7a7ec 3dee5ac9e49443bea5daf9f44cd7a7ec] 199.19.213.141 "GET /v2.0/networks/54791ce3-d272-4778-9f7e-72678d303915?fields=segments HTTP/1.1" status: 200 len: 212 time: 0.1381681
2026-07-02 11:13:58.855 10 INFO neutron.wsgi [req-3d1e92f6-82ea-4a9e-ab71-172c08c63a33 req-1a996a3c-0a16-41be-ac02-be4ae8a5887a 655ed8133bbc4808bd6925256eff155d 327352dd24384438817128dde7ef9cdd - - default default] 10.0.0.213 "GET /v2.0/security-groups?id=e2785461-3720-4d6d-be88-81703b32adf1&fields=id&fields=name HTTP/1.1" status: 200 len: 313 time: 0.0757401
2026-07-02 11:13:58.965 10 INFO neutron.wsgi [req-408bd927-503c-454f-bca9-c638ca6227f2 req-f37b9ba0-eb3d-45f5-83b8-afad29725e2a 5e007a168c114cf0992cd5247cb77e21 98bc5b0445ff45cf89441821158b4c60 - - 3dee5ac9e49443bea5daf9f44cd7a7ec 3dee5ac9e49443bea5daf9f44cd7a7ec] 199.19.213.141 "GET /v2.0/networks/54791ce3-d272-4778-9f7e-72678d303915?fields=provider%3Aphysical_network&fields=provider%3Anetwork_type HTTP/1.1" status: 200 len: 277 time: 0.1359680 /var/lib/openstack/lib/python3.10/site-packages/pycadf/identifier.py:71: UserWarning: Invalid uuid: neutron. To ensure interoperability, identifiers should be a valid uuid. warnings.warn(('Invalid uuid: %s. To ensure interoperability, '
2026-07-02 11:13:59.230 10 INFO neutron.db.ovn_revision_numbers_db [None req-ea9a8882-9117-4139-94f2-b1bc3ff8c035 - - - - - -] Successfully bumped revision number for resource bf1050cc-c14c-4917-b19b-04e62fb3dc53 (type: ports) to 4
2026-07-02 11:13:59.246 9 INFO neutron.wsgi [req-01927b3a-a859-44a6-9b63-bb2672c3aaac req-f3819d4b-132a-497d-ac4d-48bf37eb43f1 55530d98a8964c8a90364ec3cd069e57 fafd69f872d943178a5988a854f6519a - - default default] 10.0.0.213 "GET /v2.0/ports?device_id=ed09bb5e-ed6f-4916-ad45-6221ade7fb36 HTTP/1.1" status: 200 len: 210 time: 0.0223856
2026-07-02 11:13:59.312 10 INFO neutron.wsgi [req-4f182af4-b59b-4abc-88f7-5f3522d00a77 req-d867eef7-655a-435f-9f88-55c93c7c3e39 55530d98a8964c8a90364ec3cd069e57 fafd69f872d943178a5988a854f6519a - - default default] 199.19.213.141 "GET /v2.0/networks?id=db1fed52-f333-4fe4-b69d-fc142825cdce HTTP/1.1" status: 200 len: 877 time: 0.1553364 /var/lib/openstack/lib/python3.10/site-packages/pycadf/identifier.py:71: UserWarning: Invalid uuid: neutron. To ensure interoperability, identifiers should be a valid uuid. warnings.warn(('Invalid uuid: %s. To ensure interoperability, '
2026-07-02 11:13:59.333 10 WARNING neutron_lib.context [req-4f182af4-b59b-4abc-88f7-5f3522d00a77 req-cd275fa8-081f-412d-8749-f5dcc98b4755 55530d98a8964c8a90364ec3cd069e57 fafd69f872d943178a5988a854f6519a - - default default] Method 'is_advsvc' is deprecated since 2023.2 release (neutron-lib 3.8.0) and will be removed once support for the old RBAC API policies will be removed from Neutron. Please use method 'is_service_role' instead.
2026-07-02 11:13:59.742 9 INFO neutron.wsgi [-] 10.0.0.127 "GET / HTTP/1.1" status: 200 len: 247 time: 0.0025759
2026-07-02 11:13:59.744 9 INFO neutron.wsgi [-] 10.0.0.127 "GET / HTTP/1.1" status: 200 len: 247 time: 0.0014749
2026-07-02 11:14:00.049 10 INFO neutron.notifiers.nova [-] Nova event matching ['req-1f216bcf-c488-4a95-bab3-a4b16652f08c'] response: {'server_uuid': 'd2e73a4a-2f1f-47f3-a4e1-8604a564371a', 'name': 'network-vif-plugged', 'status': 'completed', 'tag': 'bf1050cc-c14c-4917-b19b-04e62fb3dc53', 'code': 200}
2026-07-02 11:14:00.049 10 INFO neutron.notifiers.nova [-] Nova event matching ['req-1f216bcf-c488-4a95-bab3-a4b16652f08c'] response: {'server_uuid': 'd2e73a4a-2f1f-47f3-a4e1-8604a564371a', 'name': 'network-vif-plugged', 'status': 'completed', 'tag': 'bf1050cc-c14c-4917-b19b-04e62fb3dc53', 'code': 200}
2026-07-02 11:14:00.120 10 INFO neutron.wsgi [req-1a6be3b1-7195-4951-8c5e-b6ab7749a7e7 req-ce62e9ad-509d-42ef-a156-6fa6c74e8b9c 655ed8133bbc4808bd6925256eff155d 327352dd24384438817128dde7ef9cdd - - default default] 10.0.0.213 "GET /v2.0/ports?device_id=d2e73a4a-2f1f-47f3-a4e1-8604a564371a HTTP/1.1" status: 200 len: 1174 time: 0.1122224 /var/lib/openstack/lib/python3.10/site-packages/pycadf/identifier.py:71: UserWarning: Invalid uuid: neutron. To ensure interoperability, identifiers should be a valid uuid. warnings.warn(('Invalid uuid: %s. To ensure interoperability, '
2026-07-02 11:14:00.142 10 WARNING neutron.scheduler.dhcp_agent_scheduler [req-4f182af4-b59b-4abc-88f7-5f3522d00a77 req-cd275fa8-081f-412d-8749-f5dcc98b4755 55530d98a8964c8a90364ec3cd069e57 fafd69f872d943178a5988a854f6519a - - default default] No more DHCP agents
2026-07-02 11:14:00.172 10 WARNING neutron.api.rpc.agentnotifiers.dhcp_rpc_agent_api [req-4f182af4-b59b-4abc-88f7-5f3522d00a77 req-cd275fa8-081f-412d-8749-f5dcc98b4755 55530d98a8964c8a90364ec3cd069e57 fafd69f872d943178a5988a854f6519a - - default default] Unable to schedule network db1fed52-f333-4fe4-b69d-fc142825cdce: no agents available; will retry on subsequent port and subnet creation events.
2026-07-02 11:14:00.223 10 INFO neutron.wsgi [None req-93f5412b-b4a9-4924-91da-e94ba8d88c14 7a0d84665b1f4a1288833aa07236b752 e5697475b2504714a97ee12d834598e3 - - default default] 10.0.0.188 "GET /v2.0/networks HTTP/1.1" status: 200 len: 4642 time: 0.5315912
2026-07-02 11:14:00.283 10 INFO neutron.wsgi [req-1a6be3b1-7195-4951-8c5e-b6ab7749a7e7 req-4f8091a3-b732-4016-8c2a-6cfebedfe807 655ed8133bbc4808bd6925256eff155d 327352dd24384438817128dde7ef9cdd - - default default] 10.0.0.213 "GET /v2.0/security-groups?id=e2785461-3720-4d6d-be88-81703b32adf1&fields=id&fields=name HTTP/1.1" status: 200 len: 313 time: 0.1538002
2026-07-02 11:14:00.320 10 INFO neutron.wsgi [None req-577169de-854e-48fa-a930-596215ce90b7 7a0d84665b1f4a1288833aa07236b752 e5697475b2504714a97ee12d834598e3 - - default default] 10.0.0.188 "GET /v2.0/subnets HTTP/1.1" status: 200 len: 3417 time: 0.0910285
2026-07-02 11:14:00.348 10 INFO neutron.wsgi [None req-77ac9b69-c73c-424f-9716-e92df73473fc 7a0d84665b1f4a1288833aa07236b752 e5697475b2504714a97ee12d834598e3 - - default default] 10.0.0.188 "GET /v2.0/agents HTTP/1.1" status: 200 len: 997 time: 0.0269079
2026-07-02 11:14:00.352 10 INFO neutron.wsgi [None req-7ccd8e13-7363-4c54-9f12-0dff8b2d51b8 7a0d84665b1f4a1288833aa07236b752 e5697475b2504714a97ee12d834598e3 - - default default] 10.0.0.226 "DELETE /v2.0/routers/df2a022a-6790-480c-98fa-55961c7d8bd0 HTTP/1.1" status: 204 len: 168 time: 1.7342634
2026-07-02 11:14:00.372 10 INFO neutron.wsgi [None req-44b0b8fd-6455-4e1e-a3d1-ef63e406750e 7a0d84665b1f4a1288833aa07236b752 e5697475b2504714a97ee12d834598e3 - - default default] 10.0.0.188 "GET /v2.0/network-ip-availabilities HTTP/1.1" status: 200 len: 2732 time: 0.0191169
2026-07-02 11:14:00.426 10 INFO neutron.wsgi [None req-e94cea4c-e8aa-428a-b40c-ce982b6b4dbc 7a0d84665b1f4a1288833aa07236b752 e5697475b2504714a97ee12d834598e3 - - default default] 10.0.0.188 "GET /v2.0/subnets HTTP/1.1" status: 200 len: 3417 time: 0.0517235
2026-07-02 11:14:00.440 10 INFO neutron.wsgi [None req-aa89f52e-a98d-49ed-a31b-8e12bf62ba8a 7a0d84665b1f4a1288833aa07236b752 e5697475b2504714a97ee12d834598e3 - - default default] 10.0.0.188 "GET /v2.0/subnetpools HTTP/1.1" status: 200 len: 193 time: 0.0117214
2026-07-02 11:14:00.466 9 INFO neutron.wsgi [req-631e9ab9-5854-4574-8442-fd274b3a8bef req-ab1eb25a-19d9-4857-9c0d-d55fd998ec1d 55530d98a8964c8a90364ec3cd069e57 fafd69f872d943178a5988a854f6519a - - default default] 10.0.0.213 "GET /v2.0/ports?device_id=ed09bb5e-ed6f-4916-ad45-6221ade7fb36 HTTP/1.1" status: 200 len: 1156 time: 0.1451044
2026-07-02 11:14:00.469 10 INFO neutron.wsgi [None req-f897e7ea-7e41-46ba-9d88-e1dedaade18c 7a0d84665b1f4a1288833aa07236b752 e5697475b2504714a97ee12d834598e3 - - default default] 10.0.0.188 "GET /v2.0/floatingips HTTP/1.1" status: 200 len: 730 time: 0.0269256
2026-07-02 11:14:00.534 9 INFO neutron.wsgi [req-631e9ab9-5854-4574-8442-fd274b3a8bef req-d518b35f-7c12-498c-94ee-f2718fbf021f 55530d98a8964c8a90364ec3cd069e57 fafd69f872d943178a5988a854f6519a - - default default] 10.0.0.213 "GET /v2.0/security-groups?id=8bcce25f-4027-4f9f-aa31-a8d36b8e6e18&fields=id&fields=name HTTP/1.1" status: 200 len: 286 time: 0.0612841
2026-07-02 11:14:00.564 10 INFO neutron.wsgi [None req-4c6b86d7-50ea-4f28-a481-ff995f65bf16 7a0d84665b1f4a1288833aa07236b752 e5697475b2504714a97ee12d834598e3 - - default default] 10.0.0.188 "GET /v2.0/ports HTTP/1.1" status: 200 len: 16107 time: 0.0903552
2026-07-02 11:14:00.578 10 INFO neutron.db.ovn_revision_numbers_db [req-4f182af4-b59b-4abc-88f7-5f3522d00a77 req-cd275fa8-081f-412d-8749-f5dcc98b4755 55530d98a8964c8a90364ec3cd069e57 fafd69f872d943178a5988a854f6519a - - default default] Successfully bumped revision number for resource 0671e325-0d6a-453e-b0a4-c9d6c998b1c3 (type: ports) to 1
2026-07-02 11:14:00.619 9 INFO neutron.wsgi [None req-dc2e2e70-24c9-419d-8d0e-e3b205875cc1 7a0d84665b1f4a1288833aa07236b752 e5697475b2504714a97ee12d834598e3 - - default default] 10.0.0.226 "DELETE /v2.0/subnets/192eba1b-db55-4124-97de-392703aa503d HTTP/1.1" status: 204 len: 168 time: 0.2545676
2026-07-02 11:14:00.641 10 INFO neutron.wsgi [req-4f182af4-b59b-4abc-88f7-5f3522d00a77 req-cd275fa8-081f-412d-8749-f5dcc98b4755 55530d98a8964c8a90364ec3cd069e57 fafd69f872d943178a5988a854f6519a - - default default] 199.19.213.141 "POST /v2.0/ports HTTP/1.1" status: 201 len: 1158 time: 1.3148026
2026-07-02 11:14:00.700 10 INFO neutron.wsgi [None req-46b1f31a-e404-4990-bfce-86b5a19668e2 7a0d84665b1f4a1288833aa07236b752 e5697475b2504714a97ee12d834598e3 - - default default] 10.0.0.188 "GET /v2.0/routers HTTP/1.1" status: 200 len: 1538 time: 0.1268692
2026-07-02 11:14:00.722 10 INFO neutron.wsgi [None req-e0b8f764-d3f8-403e-a4bc-2a73c9277b8e 7a0d84665b1f4a1288833aa07236b752 e5697475b2504714a97ee12d834598e3 - - default default] 10.0.0.188 "GET /v2.0/agents?binary=ovn-controller HTTP/1.1" status: 200 len: 591 time: 0.0187204
2026-07-02 11:14:00.808 10 INFO neutron.wsgi [None req-0092ae73-b9bb-4c8a-a9cb-7227c7b229b0 7a0d84665b1f4a1288833aa07236b752 e5697475b2504714a97ee12d834598e3 - - default default] 10.0.0.188 "GET /v2.0/security-groups HTTP/1.1" status: 200 len: 27872 time: 0.0850608
2026-07-02 11:14:00.993 9 INFO neutron.services.segments.plugin [-] Segment ad78fcf5-a4ce-413c-b3ee-9b383436c2e2 resource provider aggregate not found
2026-07-02 11:14:00.999 9 INFO neutron.services.segments.plugin [-] Segment ad78fcf5-a4ce-413c-b3ee-9b383436c2e2 resource provider aggregate not found
2026-07-02 11:14:01.017 9 INFO neutron.services.segments.plugin [-] Segment ad78fcf5-a4ce-413c-b3ee-9b383436c2e2 resource provider not found; error: Placement Client Error (4xx): {"errors": [{"status": 404, "title": "Not Found", "detail": "The resource could not be found.\n\n No resource provider with uuid ad78fcf5-a4ce-413c-b3ee-9b383436c2e2 found for delete ", "request_id": "req-3110f42d-425f-4947-96ea-3d254963eefc"}]}
2026-07-02 11:14:01.027 9 INFO neutron.services.segments.plugin [-] Segment ad78fcf5-a4ce-413c-b3ee-9b383436c2e2 resource provider not found; error: Placement Client Error (4xx): {"errors": [{"status": 404, "title": "Not Found", "detail": "The resource could not be found.\n\n No resource provider with uuid ad78fcf5-a4ce-413c-b3ee-9b383436c2e2 found for delete ", "request_id": "req-d0b7cb93-d17e-4bcd-b764-6173f779675c"}]}
2026-07-02 11:14:01.051 9 INFO neutron.wsgi [None req-4df3acac-b0b1-452c-90af-44df0000abc2 7a0d84665b1f4a1288833aa07236b752 e5697475b2504714a97ee12d834598e3 - - default default] 10.0.0.226 "DELETE /v2.0/networks/65422fef-8c2e-4adb-b9a9-37a392ef931b HTTP/1.1" status: 204 len: 168 time: 0.4258769
2026-07-02 11:14:01.116 9 WARNING neutron.plugins.ml2.drivers.ovn.mech_driver.ovsdb.ovn_client [None req-f0f4474f-9443-442f-977a-be7ca271417b - - - - - -] No hosting information found for port a1dfe4db-0d4c-4c65-b90c-290ad59ec8e7: RuntimeError: No hosting information found for port a1dfe4db-0d4c-4c65-b90c-290ad59ec8e7
2026-07-02 11:14:01.170 10 INFO neutron.db.ovn_revision_numbers_db [req-4f182af4-b59b-4abc-88f7-5f3522d00a77 req-b44c68b6-7e60-4650-a35e-786c2c349e66 5e007a168c114cf0992cd5247cb77e21 98bc5b0445ff45cf89441821158b4c60 - - 3dee5ac9e49443bea5daf9f44cd7a7ec 3dee5ac9e49443bea5daf9f44cd7a7ec] Successfully bumped revision number for resource 0671e325-0d6a-453e-b0a4-c9d6c998b1c3 (type: ports) to 2
2026-07-02 11:14:01.286 9 INFO neutron.wsgi [None req-eaa95476-f5ea-4f43-9e0a-0400e262efa1 7a0d84665b1f4a1288833aa07236b752 e5697475b2504714a97ee12d834598e3 - - default default] 10.0.0.226 "GET /v2.0/security-groups?tenant_id=f709880f83dd4b1b92134d835577d57e&name=default HTTP/1.1" status: 200 len: 2992 time: 0.0380352 /var/lib/openstack/lib/python3.10/site-packages/pycadf/identifier.py:71: UserWarning: Invalid uuid: neutron. To ensure interoperability, identifiers should be a valid uuid. warnings.warn(('Invalid uuid: %s. To ensure interoperability, '
2026-07-02 11:14:01.419 10 INFO neutron.wsgi [req-82abba4a-56a3-422b-b200-c3ae9e6d9def req-1e96542e-dc04-4bcc-9fcb-4d7e6339d1bc 655ed8133bbc4808bd6925256eff155d 327352dd24384438817128dde7ef9cdd - - default default] 10.0.0.213 "GET /v2.0/ports?device_id=d2e73a4a-2f1f-47f3-a4e1-8604a564371a HTTP/1.1" status: 200 len: 1174 time: 0.0612881
2026-07-02 11:14:01.422 10 INFO neutron.db.ovn_revision_numbers_db [req-4f182af4-b59b-4abc-88f7-5f3522d00a77 req-b44c68b6-7e60-4650-a35e-786c2c349e66 5e007a168c114cf0992cd5247cb77e21 98bc5b0445ff45cf89441821158b4c60 - - 3dee5ac9e49443bea5daf9f44cd7a7ec 3dee5ac9e49443bea5daf9f44cd7a7ec] Successfully bumped revision number for resource 0671e325-0d6a-453e-b0a4-c9d6c998b1c3 (type: ports) to 2
2026-07-02 11:14:01.446 10 INFO neutron.wsgi [req-4f182af4-b59b-4abc-88f7-5f3522d00a77 req-b44c68b6-7e60-4650-a35e-786c2c349e66 5e007a168c114cf0992cd5247cb77e21 98bc5b0445ff45cf89441821158b4c60 - - 3dee5ac9e49443bea5daf9f44cd7a7ec 3dee5ac9e49443bea5daf9f44cd7a7ec] 199.19.213.141 "PUT /v2.0/ports/0671e325-0d6a-453e-b0a4-c9d6c998b1c3 HTTP/1.1" status: 200 len: 1376 time: 0.7976158
2026-07-02 11:14:01.468 10 INFO neutron.wsgi [req-82abba4a-56a3-422b-b200-c3ae9e6d9def req-c1b3f7ad-e76e-46d1-b072-83cbfd902351 655ed8133bbc4808bd6925256eff155d 327352dd24384438817128dde7ef9cdd - - default default] 10.0.0.213 "GET /v2.0/security-groups?id=e2785461-3720-4d6d-be88-81703b32adf1&fields=id&fields=name HTTP/1.1" status: 200 len: 313 time: 0.0413671
2026-07-02 11:14:01.510 9 INFO neutron.wsgi [None req-349521ef-3ad4-4c0d-94da-4165ae730b36 7a0d84665b1f4a1288833aa07236b752 e5697475b2504714a97ee12d834598e3 - - default default] 10.0.0.226 "DELETE /v2.0/security-groups/575b8bb2-c065-4b60-bca2-20aef5d8f396 HTTP/1.1" status: 204 len: 168 time: 0.2197320
2026-07-02 11:14:01.520 10 INFO neutron.wsgi [req-4f182af4-b59b-4abc-88f7-5f3522d00a77 req-3d1779fd-0414-4dcd-a6c2-5d39c379083a 5e007a168c114cf0992cd5247cb77e21 98bc5b0445ff45cf89441821158b4c60 - - 3dee5ac9e49443bea5daf9f44cd7a7ec 3dee5ac9e49443bea5daf9f44cd7a7ec] 199.19.213.141 "GET /v2.0/ports?tenant_id=fafd69f872d943178a5988a854f6519a&device_id=ed09bb5e-ed6f-4916-ad45-6221ade7fb36 HTTP/1.1" status: 200 len: 1407 time: 0.0417480
2026-07-02 11:14:01.556 10 INFO neutron.wsgi [req-4f182af4-b59b-4abc-88f7-5f3522d00a77 req-59301772-0465-4d7c-8b24-90a960a28ab4 5e007a168c114cf0992cd5247cb77e21 98bc5b0445ff45cf89441821158b4c60 - - 3dee5ac9e49443bea5daf9f44cd7a7ec 3dee5ac9e49443bea5daf9f44cd7a7ec] 199.19.213.141 "GET /v2.0/floatingips?fixed_ip_address=10.100.0.6&port_id=0671e325-0d6a-453e-b0a4-c9d6c998b1c3 HTTP/1.1" status: 200 len: 217 time: 0.0275040
2026-07-02 11:14:01.603 10 INFO neutron.wsgi [req-4f182af4-b59b-4abc-88f7-5f3522d00a77 req-e70e6173-a3bd-4d4f-9d3d-53912a34db4e 5e007a168c114cf0992cd5247cb77e21 98bc5b0445ff45cf89441821158b4c60 - - 3dee5ac9e49443bea5daf9f44cd7a7ec 3dee5ac9e49443bea5daf9f44cd7a7ec] 199.19.213.141 "GET /v2.0/subnets?id=3c4c746a-637a-428f-8578-7d599ac77534 HTTP/1.1" status: 200 len: 871 time: 0.0417600
2026-07-02 11:14:01.633 10 INFO neutron.wsgi [req-4f182af4-b59b-4abc-88f7-5f3522d00a77 req-615fadfc-b08d-4ec5-b518-5452ddf88d93 5e007a168c114cf0992cd5247cb77e21 98bc5b0445ff45cf89441821158b4c60 - - 3dee5ac9e49443bea5daf9f44cd7a7ec 3dee5ac9e49443bea5daf9f44cd7a7ec] 199.19.213.141 "GET /v2.0/ports?network_id=db1fed52-f333-4fe4-b69d-fc142825cdce&device_owner=network%3Adhcp HTTP/1.1" status: 200 len: 210 time: 0.0253167
2026-07-02 11:14:01.636 9 INFO neutron.wsgi [req-875e7fe1-f6c5-4acf-9f6c-e37328641e6d req-6def5297-84d3-4233-8ec8-a765dea06054 655ed8133bbc4808bd6925256eff155d 327352dd24384438817128dde7ef9cdd - - default default] 10.0.0.213 "GET /v2.0/ports?device_id=d2e73a4a-2f1f-47f3-a4e1-8604a564371a HTTP/1.1" status: 200 len: 1174 time: 0.1040604
2026-07-02 11:14:01.681 10 INFO neutron.wsgi [req-bc9fa7f7-2fa3-4f52-bb33-3a309f07bf98 req-3b8deaea-f184-4080-ad1c-107f94846919 55530d98a8964c8a90364ec3cd069e57 fafd69f872d943178a5988a854f6519a - - default default] 10.0.0.213 "GET /v2.0/ports?device_id=ed09bb5e-ed6f-4916-ad45-6221ade7fb36 HTTP/1.1" status: 200 len: 1168 time: 0.0639560
2026-07-02 11:14:01.713 10 INFO neutron.wsgi [req-4f182af4-b59b-4abc-88f7-5f3522d00a77 req-06b0867e-114d-4264-83cf-f2435abe3ea3 5e007a168c114cf0992cd5247cb77e21 98bc5b0445ff45cf89441821158b4c60 - - 3dee5ac9e49443bea5daf9f44cd7a7ec 3dee5ac9e49443bea5daf9f44cd7a7ec] 199.19.213.141 "GET /v2.0/networks/db1fed52-f333-4fe4-b69d-fc142825cdce?fields=segments HTTP/1.1" status: 200 len: 212 time: 0.0721955
2026-07-02 11:14:01.748 10 INFO neutron.wsgi [req-bc9fa7f7-2fa3-4f52-bb33-3a309f07bf98 req-3b688396-b17e-47f2-a793-54742b5b0578 55530d98a8964c8a90364ec3cd069e57 fafd69f872d943178a5988a854f6519a - - default default] 10.0.0.213 "GET /v2.0/security-groups?id=8bcce25f-4027-4f9f-aa31-a8d36b8e6e18&fields=id&fields=name HTTP/1.1" status: 200 len: 286 time: 0.0542870
2026-07-02 11:14:01.788 10 INFO neutron.wsgi [req-4f182af4-b59b-4abc-88f7-5f3522d00a77 req-0f32efec-4707-4ff1-9b2e-ea7a50e271e1 5e007a168c114cf0992cd5247cb77e21 98bc5b0445ff45cf89441821158b4c60 - - 3dee5ac9e49443bea5daf9f44cd7a7ec 3dee5ac9e49443bea5daf9f44cd7a7ec] 199.19.213.141 "GET /v2.0/networks/db1fed52-f333-4fe4-b69d-fc142825cdce?fields=provider%3Aphysical_network&fields=provider%3Anetwork_type HTTP/1.1" status: 200 len: 277 time: 0.0702298
2026-07-02 11:14:02.090 9 INFO neutron.plugins.ml2.drivers.ovn.mech_driver.mech_driver [None req-f0f4474f-9443-442f-977a-be7ca271417b - - - - - -] OVN reports status up for port: 0671e325-0d6a-453e-b0a4-c9d6c998b1c3
2026-07-02 11:14:02.095 10 INFO neutron.notifiers.nova [-] Nova event matching ['req-1cdef6b6-740e-46dd-8eac-6c9487fb0cff'] response: {'name': 'network-changed', 'server_uuid': 'ed09bb5e-ed6f-4916-ad45-6221ade7fb36', 'tag': '0671e325-0d6a-453e-b0a4-c9d6c998b1c3', 'status': 'completed', 'code': 200}
2026-07-02 11:14:02.105 10 INFO neutron.db.ovn_revision_numbers_db [None req-c42b310b-dabe-4ffa-9a74-d51fc9e57f84 7a0d84665b1f4a1288833aa07236b752 e5697475b2504714a97ee12d834598e3 - - default default] Successfully bumped revision number for resource 3b280889-e105-4dd4-9132-ab09c9e51c9a (type: security_groups) to 1
2026-07-02 11:14:02.115 9 INFO neutron.plugins.ml2.plugin [None req-f0f4474f-9443-442f-977a-be7ca271417b - - - - - -] Attempt 1 to provision port 0671e325-0d6a-453e-b0a4-c9d6c998b1c3
2026-07-02 11:14:02.131 10 INFO neutron.db.ovn_revision_numbers_db [None req-c42b310b-dabe-4ffa-9a74-d51fc9e57f84 7a0d84665b1f4a1288833aa07236b752 e5697475b2504714a97ee12d834598e3 - - default default] Successfully bumped revision number for resource 584beba0-41e0-4d26-a8c5-0bd420d447e4 (type: security_group_rules) to 0
