2026-07-02 11:13:34.109 10 INFO neutron.wsgi [req-09d2fd68-782f-4af3-86df-d96246f6d039 req-29451c24-5cb8-49dd-bf86-cc33c82c5a0e 5e007a168c114cf0992cd5247cb77e21 98bc5b0445ff45cf89441821158b4c60 - - 3dee5ac9e49443bea5daf9f44cd7a7ec 3dee5ac9e49443bea5daf9f44cd7a7ec] 199.19.213.141 "GET /v2.0/networks/65422fef-8c2e-4adb-b9a9-37a392ef931b?fields=provider%3Aphysical_network&fields=provider%3Anetwork_type HTTP/1.1" status: 200 len: 277 time: 0.3548019
2026-07-02 11:13:34.115 9 INFO neutron.wsgi [req-81280ff3-fd0f-4315-af53-0d7ad9d9efe5 req-91b400e0-bce6-4fd8-b538-56bc9776d92c 5e007a168c114cf0992cd5247cb77e21 98bc5b0445ff45cf89441821158b4c60 - - 3dee5ac9e49443bea5daf9f44cd7a7ec 3dee5ac9e49443bea5daf9f44cd7a7ec] 199.19.213.141 "GET /v2.0/ports?network_id=56adb840-3eb8-43b1-b5bd-e0dd7e1e46fa&device_owner=network%3Adhcp HTTP/1.1" status: 200 len: 210 time: 0.0249188
2026-07-02 11:13:34.117 10 INFO neutron.db.ovn_revision_numbers_db [None req-2b07107e-35c3-4e94-a030-f41b024f2dfe 0db3b8fd2fed4327b052b764fedce706 6825ece772f74988bb2d02ffd0024478 - - default default] Successfully bumped revision number for resource 45358d17-63e4-4360-a74c-6a312fbaec05 (type: floatingips) to 1
2026-07-02 11:13:34.198 9 INFO neutron.wsgi [req-81280ff3-fd0f-4315-af53-0d7ad9d9efe5 req-cab0639e-e928-4b99-a571-e90c6ea18613 5e007a168c114cf0992cd5247cb77e21 98bc5b0445ff45cf89441821158b4c60 - - 3dee5ac9e49443bea5daf9f44cd7a7ec 3dee5ac9e49443bea5daf9f44cd7a7ec] 199.19.213.141 "GET /v2.0/networks/56adb840-3eb8-43b1-b5bd-e0dd7e1e46fa?fields=segments HTTP/1.1" status: 200 len: 212 time: 0.0723314
2026-07-02 11:13:34.241 10 INFO neutron.db.ovn_revision_numbers_db [None req-2b07107e-35c3-4e94-a030-f41b024f2dfe 0db3b8fd2fed4327b052b764fedce706 6825ece772f74988bb2d02ffd0024478 - - default default] Successfully bumped revision number for resource 45358d17-63e4-4360-a74c-6a312fbaec05 (type: floatingips) to 2
2026-07-02 11:13:34.275 10 INFO neutron.wsgi [None req-2b07107e-35c3-4e94-a030-f41b024f2dfe 0db3b8fd2fed4327b052b764fedce706 6825ece772f74988bb2d02ffd0024478 - - default default] 10.0.0.226 "PUT /v2.0/floatingips/45358d17-63e4-4360-a74c-6a312fbaec05 HTTP/1.1" status: 200 len: 1049 time: 1.2915850
2026-07-02 11:13:34.281 9 INFO neutron.wsgi [req-81280ff3-fd0f-4315-af53-0d7ad9d9efe5 req-e0547405-519a-4363-ac3a-893dafbbc2a0 5e007a168c114cf0992cd5247cb77e21 98bc5b0445ff45cf89441821158b4c60 - - 3dee5ac9e49443bea5daf9f44cd7a7ec 3dee5ac9e49443bea5daf9f44cd7a7ec] 199.19.213.141 "GET /v2.0/networks/56adb840-3eb8-43b1-b5bd-e0dd7e1e46fa?fields=provider%3Aphysical_network&fields=provider%3Anetwork_type HTTP/1.1" status: 200 len: 277 time: 0.0740521
2026-07-02 11:13:34.371 9 INFO neutron.wsgi [req-ba408001-af56-4e7e-b443-dfd51ee512c5 req-23d659a8-82c7-4a44-a193-43e693361ff3 0db3b8fd2fed4327b052b764fedce706 6825ece772f74988bb2d02ffd0024478 - - default default] 10.0.0.213 "GET /v2.0/ports?device_id=65ae7c51-9e59-4f68-91a8-20b2d026cd81 HTTP/1.1" status: 200 len: 1170 time: 0.0437226
2026-07-02 11:13:34.425 9 INFO neutron.wsgi [req-ba408001-af56-4e7e-b443-dfd51ee512c5 req-c01a0161-45ab-4c0b-a617-694494f22889 0db3b8fd2fed4327b052b764fedce706 6825ece772f74988bb2d02ffd0024478 - - default default] 10.0.0.213 "GET /v2.0/security-groups?id=054cf4db-6053-47bb-abb2-3bc293f2c073&fields=id&fields=name HTTP/1.1" status: 200 len: 312 time: 0.0450392
2026-07-02 11:13:34.618 9 WARNING neutron_lib.context [req-4d73734e-5a66-48dc-8ff9-45c0e2e5a360 req-d42b1ed3-c7bc-4db3-af3c-e0a15450f346 64af0d5ac51343b8a67e78d1c3da6c0d 1d6bb5c947e3424c85be8d8f6d6335a8 - - default default] Method 'is_advsvc' is deprecated since 2023.2 release (neutron-lib 3.8.0) and will be removed once support for the old RBAC API policies will be removed from Neutron. Please use method 'is_service_role' instead.
2026-07-02 11:13:34.697 10 INFO neutron.wsgi [req-82010f0c-411d-46ca-b727-8f50a8f792f0 req-df6ccd33-4bb7-494e-9d78-018a1eb835a3 84d2f90b40f64aa2bd934b31ec6f6b77 d0d2bae845e34cdf8ede6818a8f346d2 - - default default] 10.0.0.213 "GET /v2.0/ports?device_id=7aa9f932-6336-40cb-af90-a24f4065a15d HTTP/1.1" status: 200 len: 1168 time: 0.0434086
2026-07-02 11:13:34.758 10 INFO neutron.wsgi [req-82010f0c-411d-46ca-b727-8f50a8f792f0 req-e94c25fc-b903-414c-903b-2073d486acf3 84d2f90b40f64aa2bd934b31ec6f6b77 d0d2bae845e34cdf8ede6818a8f346d2 - - default default] 10.0.0.213 "GET /v2.0/security-groups?id=c2498a49-0e96-4f7d-8abf-0b12a0dec539&fields=id&fields=name HTTP/1.1" status: 200 len: 313 time: 0.0516458
2026-07-02 11:13:34.774 9 INFO neutron.db.ovn_revision_numbers_db [req-4d73734e-5a66-48dc-8ff9-45c0e2e5a360 req-d42b1ed3-c7bc-4db3-af3c-e0a15450f346 64af0d5ac51343b8a67e78d1c3da6c0d 1d6bb5c947e3424c85be8d8f6d6335a8 - - default default] Successfully bumped revision number for resource 026dd3e1-7c47-43c0-93f1-5d52eaad74d6 (type: security_groups) to 1
2026-07-02 11:13:34.799 9 INFO neutron.db.ovn_revision_numbers_db [req-4d73734e-5a66-48dc-8ff9-45c0e2e5a360 req-d42b1ed3-c7bc-4db3-af3c-e0a15450f346 64af0d5ac51343b8a67e78d1c3da6c0d 1d6bb5c947e3424c85be8d8f6d6335a8 - - default default] Successfully bumped revision number for resource 25cc2aef-e476-4986-ae31-1bea9349077b (type: security_group_rules) to 0
2026-07-02 11:13:34.832 9 INFO neutron.db.ovn_revision_numbers_db [req-4d73734e-5a66-48dc-8ff9-45c0e2e5a360 req-d42b1ed3-c7bc-4db3-af3c-e0a15450f346 64af0d5ac51343b8a67e78d1c3da6c0d 1d6bb5c947e3424c85be8d8f6d6335a8 - - default default] Successfully bumped revision number for resource 94d4d51a-37d7-40d3-a54a-f22a8d6696cb (type: security_group_rules) to 0
2026-07-02 11:13:34.856 9 INFO neutron.wsgi [req-4d73734e-5a66-48dc-8ff9-45c0e2e5a360 req-d42b1ed3-c7bc-4db3-af3c-e0a15450f346 64af0d5ac51343b8a67e78d1c3da6c0d 1d6bb5c947e3424c85be8d8f6d6335a8 - - default default] 10.0.0.213 "POST /v2.0/security-groups HTTP/1.1" status: 201 len: 1822 time: 0.2436874
2026-07-02 11:13:34.885 9 WARNING neutron_lib.context [req-c90ad10c-766b-41ed-aa82-c052d7b54170 req-7d1da92f-3eb7-4870-af59-01bb9687ea14 64af0d5ac51343b8a67e78d1c3da6c0d 1d6bb5c947e3424c85be8d8f6d6335a8 - - default default] Method 'is_advsvc' is deprecated since 2023.2 release (neutron-lib 3.8.0) and will be removed once support for the old RBAC API policies will be removed from Neutron. Please use method 'is_service_role' instead.
2026-07-02 11:13:35.046 10 INFO neutron.wsgi [req-e397a5fa-64ba-4f85-80d8-884209abb9d9 req-287205a7-7c63-4e67-a7d4-19646a88c047 0db3b8fd2fed4327b052b764fedce706 6825ece772f74988bb2d02ffd0024478 - - default default] 10.0.0.213 "GET /v2.0/ports?device_id=65ae7c51-9e59-4f68-91a8-20b2d026cd81 HTTP/1.1" status: 200 len: 1170 time: 0.0584269
2026-07-02 11:13:35.062 9 INFO neutron.plugins.ml2.drivers.ovn.mech_driver.mech_driver [None req-f0f4474f-9443-442f-977a-be7ca271417b - - - - - -] OVN reports status down for port: efe6f2e9-ba36-4908-8f55-d902469362e6
2026-07-02 11:13:35.085 9 INFO neutron.db.ovn_revision_numbers_db [req-c90ad10c-766b-41ed-aa82-c052d7b54170 req-7d1da92f-3eb7-4870-af59-01bb9687ea14 64af0d5ac51343b8a67e78d1c3da6c0d 1d6bb5c947e3424c85be8d8f6d6335a8 - - default default] Successfully bumped revision number for resource 2efee665-7cec-4468-a9d1-40d8deb0a390 (type: security_groups) to 1
2026-07-02 11:13:35.103 9 INFO neutron.db.ovn_revision_numbers_db [req-c90ad10c-766b-41ed-aa82-c052d7b54170 req-7d1da92f-3eb7-4870-af59-01bb9687ea14 64af0d5ac51343b8a67e78d1c3da6c0d 1d6bb5c947e3424c85be8d8f6d6335a8 - - default default] Successfully bumped revision number for resource a04b85be-9608-4a26-9f46-1321e628d13d (type: security_group_rules) to 0
2026-07-02 11:13:35.113 10 INFO neutron.wsgi [req-e397a5fa-64ba-4f85-80d8-884209abb9d9 req-9eedaed7-8624-4360-af81-878f7b9b9150 0db3b8fd2fed4327b052b764fedce706 6825ece772f74988bb2d02ffd0024478 - - default default] 10.0.0.213 "GET /v2.0/security-groups?id=054cf4db-6053-47bb-abb2-3bc293f2c073&fields=id&fields=name HTTP/1.1" status: 200 len: 312 time: 0.0566075
2026-07-02 11:13:35.130 9 INFO neutron.db.ovn_revision_numbers_db [req-c90ad10c-766b-41ed-aa82-c052d7b54170 req-7d1da92f-3eb7-4870-af59-01bb9687ea14 64af0d5ac51343b8a67e78d1c3da6c0d 1d6bb5c947e3424c85be8d8f6d6335a8 - - default default] Successfully bumped revision number for resource d37c7da7-7c9a-4962-8015-8677c67ba8a5 (type: security_group_rules) to 0
2026-07-02 11:13:35.155 9 INFO neutron.wsgi [req-c90ad10c-766b-41ed-aa82-c052d7b54170 req-7d1da92f-3eb7-4870-af59-01bb9687ea14 64af0d5ac51343b8a67e78d1c3da6c0d 1d6bb5c947e3424c85be8d8f6d6335a8 - - default default] 10.0.0.213 "POST /v2.0/security-groups HTTP/1.1" status: 201 len: 1822 time: 0.2748582
2026-07-02 11:13:35.169 10 INFO neutron.notifiers.nova [-] Nova event matching ['req-08147983-ed36-4dfd-a6dc-985d0b2de49f'] response: {'name': 'network-changed', 'server_uuid': '65ae7c51-9e59-4f68-91a8-20b2d026cd81', 'tag': 'efe6f2e9-ba36-4908-8f55-d902469362e6', 'status': 'completed', 'code': 200}
2026-07-02 11:13:35.206 9 WARNING neutron_lib.context [req-db44553b-491a-43a2-bd49-ff2b042ccdcc req-136bd834-418c-4211-9388-d8fb03f84142 64af0d5ac51343b8a67e78d1c3da6c0d 1d6bb5c947e3424c85be8d8f6d6335a8 - - default default] Method 'is_advsvc' is deprecated since 2023.2 release (neutron-lib 3.8.0) and will be removed once support for the old RBAC API policies will be removed from Neutron. Please use method 'is_service_role' instead.
2026-07-02 11:13:35.249 9 INFO neutron.wsgi [req-13dd8665-6f15-4ebd-90df-3b9faf9d343c req-c68fed72-fb7b-425d-a012-e52f7bcb9d80 5e007a168c114cf0992cd5247cb77e21 98bc5b0445ff45cf89441821158b4c60 - - 3dee5ac9e49443bea5daf9f44cd7a7ec 3dee5ac9e49443bea5daf9f44cd7a7ec] 199.19.213.141 "GET /v2.0/ports?tenant_id=6825ece772f74988bb2d02ffd0024478&device_id=65ae7c51-9e59-4f68-91a8-20b2d026cd81 HTTP/1.1" status: 200 len: 1407 time: 0.0558140
2026-07-02 11:13:35.306 9 INFO neutron.notifiers.nova [-] Nova event matching ['req-cfcea4be-7fe1-430e-96f4-4b616c306661'] response: {'name': 'network-changed', 'server_uuid': '7aa9f932-6336-40cb-af90-a24f4065a15d', 'tag': '32376026-574d-4734-b21b-595e1067a37f', 'status': 'completed', 'code': 200}
2026-07-02 11:13:35.307 9 INFO neutron.notifiers.nova [-] Nova event matching ['req-cfcea4be-7fe1-430e-96f4-4b616c306661'] response: {'server_uuid': '65ae7c51-9e59-4f68-91a8-20b2d026cd81', 'name': 'network-vif-unplugged', 'status': 'completed', 'tag': 'efe6f2e9-ba36-4908-8f55-d902469362e6', 'code': 200}
2026-07-02 11:13:35.362 9 INFO neutron.wsgi [req-13dd8665-6f15-4ebd-90df-3b9faf9d343c req-d01fb232-90d8-4eb0-949b-6bfdc1eb2b1b 5e007a168c114cf0992cd5247cb77e21 98bc5b0445ff45cf89441821158b4c60 - - 3dee5ac9e49443bea5daf9f44cd7a7ec 3dee5ac9e49443bea5daf9f44cd7a7ec] 199.19.213.141 "GET /v2.0/networks?id=b9eace4c-8a84-4a40-b514-316b9d639d4b HTTP/1.1" status: 200 len: 968 time: 0.0952978
2026-07-02 11:13:35.415 10 INFO neutron.wsgi [req-8e759085-e1c8-48b1-98e3-ab800c10a261 req-b8bf3165-8d5f-4176-bc51-84295691cb8e 0db3b8fd2fed4327b052b764fedce706 6825ece772f74988bb2d02ffd0024478 - - default default] 199.19.213.141 "GET /v2.0/ports?device_id=65ae7c51-9e59-4f68-91a8-20b2d026cd81 HTTP/1.1" status: 200 len: 1168 time: 0.0631757
2026-07-02 11:13:35.434 10 INFO neutron.wsgi [req-ae395c30-d892-4691-aa05-ccba3f1d6c61 req-3ad3c9db-2338-4c74-ae4a-3ecb73d7dcdf 5e007a168c114cf0992cd5247cb77e21 98bc5b0445ff45cf89441821158b4c60 - - 3dee5ac9e49443bea5daf9f44cd7a7ec 3dee5ac9e49443bea5daf9f44cd7a7ec] 199.19.213.141 "GET /v2.0/ports?tenant_id=d0d2bae845e34cdf8ede6818a8f346d2&device_id=7aa9f932-6336-40cb-af90-a24f4065a15d HTTP/1.1" status: 200 len: 1407 time: 0.0942364
2026-07-02 11:13:35.463 9 INFO neutron.wsgi [req-13dd8665-6f15-4ebd-90df-3b9faf9d343c req-2cdb9726-59f8-42d5-ab69-8511b3f79dd5 5e007a168c114cf0992cd5247cb77e21 98bc5b0445ff45cf89441821158b4c60 - - 3dee5ac9e49443bea5daf9f44cd7a7ec 3dee5ac9e49443bea5daf9f44cd7a7ec] 199.19.213.141 "GET /v2.0/floatingips?fixed_ip_address=10.100.0.5&port_id=efe6f2e9-ba36-4908-8f55-d902469362e6 HTTP/1.1" status: 200 len: 1057 time: 0.0961514
2026-07-02 11:13:35.480 9 INFO neutron.db.ovn_revision_numbers_db [req-db44553b-491a-43a2-bd49-ff2b042ccdcc req-136bd834-418c-4211-9388-d8fb03f84142 64af0d5ac51343b8a67e78d1c3da6c0d 1d6bb5c947e3424c85be8d8f6d6335a8 - - default default] Successfully bumped revision number for resource 833fa9d3-d674-4fa0-9aea-f79327d9c2c6 (type: security_groups) to 1
2026-07-02 11:13:35.517 9 INFO neutron.db.ovn_revision_numbers_db [req-db44553b-491a-43a2-bd49-ff2b042ccdcc req-136bd834-418c-4211-9388-d8fb03f84142 64af0d5ac51343b8a67e78d1c3da6c0d 1d6bb5c947e3424c85be8d8f6d6335a8 - - default default] Successfully bumped revision number for resource 25ed9a21-d2c3-41b3-aa9d-1213843cc6ae (type: security_group_rules) to 0
2026-07-02 11:13:35.522 9 INFO neutron.wsgi [req-13dd8665-6f15-4ebd-90df-3b9faf9d343c req-ddc4cd52-50c8-4e36-bf7c-900d6d7bbe37 5e007a168c114cf0992cd5247cb77e21 98bc5b0445ff45cf89441821158b4c60 - - 3dee5ac9e49443bea5daf9f44cd7a7ec 3dee5ac9e49443bea5daf9f44cd7a7ec] 199.19.213.141 "GET /v2.0/subnets?id=b5c5b3d7-5548-4676-be42-f6f9705b0273 HTTP/1.1" status: 200 len: 863 time: 0.0508070
2026-07-02 11:13:35.538 10 INFO neutron.wsgi [req-ae395c30-d892-4691-aa05-ccba3f1d6c61 req-ca97a2b5-cc51-43b3-a6ea-a07c37c1f5eb 5e007a168c114cf0992cd5247cb77e21 98bc5b0445ff45cf89441821158b4c60 - - 3dee5ac9e49443bea5daf9f44cd7a7ec 3dee5ac9e49443bea5daf9f44cd7a7ec] 199.19.213.141 "GET /v2.0/networks?id=56adb840-3eb8-43b1-b5bd-e0dd7e1e46fa HTTP/1.1" status: 200 len: 976 time: 0.0969977
2026-07-02 11:13:35.557 9 INFO neutron.wsgi [req-13dd8665-6f15-4ebd-90df-3b9faf9d343c req-2277d9d1-9818-47e7-8d03-05ff19c98cf5 5e007a168c114cf0992cd5247cb77e21 98bc5b0445ff45cf89441821158b4c60 - - 3dee5ac9e49443bea5daf9f44cd7a7ec 3dee5ac9e49443bea5daf9f44cd7a7ec] 199.19.213.141 "GET /v2.0/ports?network_id=b9eace4c-8a84-4a40-b514-316b9d639d4b&device_owner=network%3Adhcp HTTP/1.1" status: 200 len: 210 time: 0.0283194
2026-07-02 11:13:35.558 9 INFO neutron.db.ovn_revision_numbers_db [req-db44553b-491a-43a2-bd49-ff2b042ccdcc req-136bd834-418c-4211-9388-d8fb03f84142 64af0d5ac51343b8a67e78d1c3da6c0d 1d6bb5c947e3424c85be8d8f6d6335a8 - - default default] Successfully bumped revision number for resource 47363d16-79cb-40d4-a678-785a4080c846 (type: security_group_rules) to 0
2026-07-02 11:13:35.578 10 INFO neutron.wsgi [req-ae395c30-d892-4691-aa05-ccba3f1d6c61 req-0ba2aef0-da2d-491d-8e7d-ad67d255e7c8 5e007a168c114cf0992cd5247cb77e21 98bc5b0445ff45cf89441821158b4c60 - - 3dee5ac9e49443bea5daf9f44cd7a7ec 3dee5ac9e49443bea5daf9f44cd7a7ec] 199.19.213.141 "GET /v2.0/floatingips?fixed_ip_address=10.100.0.9&port_id=32376026-574d-4734-b21b-595e1067a37f HTTP/1.1" status: 200 len: 217 time: 0.0296905
2026-07-02 11:13:35.585 9 INFO neutron.db.ovn_revision_numbers_db [None req-f0f4474f-9443-442f-977a-be7ca271417b - - - - - -] Successfully bumped revision number for resource efe6f2e9-ba36-4908-8f55-d902469362e6 (type: ports) to 5
2026-07-02 11:13:35.588 9 INFO neutron.wsgi [req-db44553b-491a-43a2-bd49-ff2b042ccdcc req-136bd834-418c-4211-9388-d8fb03f84142 64af0d5ac51343b8a67e78d1c3da6c0d 1d6bb5c947e3424c85be8d8f6d6335a8 - - default default] 10.0.0.213 "POST /v2.0/security-groups HTTP/1.1" status: 201 len: 1822 time: 0.3930793
2026-07-02 11:13:35.652 10 INFO neutron.wsgi [req-ae395c30-d892-4691-aa05-ccba3f1d6c61 req-938a71ec-1a02-4969-b8d0-14d75e2d27e4 5e007a168c114cf0992cd5247cb77e21 98bc5b0445ff45cf89441821158b4c60 - - 3dee5ac9e49443bea5daf9f44cd7a7ec 3dee5ac9e49443bea5daf9f44cd7a7ec] 199.19.213.141 "GET /v2.0/subnets?id=8aa1348d-48e2-4dea-871b-5d924b3a80e4 HTTP/1.1" status: 200 len: 873 time: 0.0654964
2026-07-02 11:13:35.656 9 INFO neutron.wsgi [req-13dd8665-6f15-4ebd-90df-3b9faf9d343c req-dfa8f857-aa83-4cec-95e5-321a67dc57e1 5e007a168c114cf0992cd5247cb77e21 98bc5b0445ff45cf89441821158b4c60 - - 3dee5ac9e49443bea5daf9f44cd7a7ec 3dee5ac9e49443bea5daf9f44cd7a7ec] 199.19.213.141 "GET /v2.0/networks/b9eace4c-8a84-4a40-b514-316b9d639d4b?fields=segments HTTP/1.1" status: 200 len: 212 time: 0.0859461 /var/lib/openstack/lib/python3.10/site-packages/pycadf/identifier.py:71: UserWarning: Invalid uuid: neutron. To ensure interoperability, identifiers should be a valid uuid. warnings.warn(('Invalid uuid: %s. To ensure interoperability, '
2026-07-02 11:13:35.696 10 INFO neutron.wsgi [req-ae395c30-d892-4691-aa05-ccba3f1d6c61 req-bf976a50-7882-482e-8285-a9f2880aaf44 5e007a168c114cf0992cd5247cb77e21 98bc5b0445ff45cf89441821158b4c60 - - 3dee5ac9e49443bea5daf9f44cd7a7ec 3dee5ac9e49443bea5daf9f44cd7a7ec] 199.19.213.141 "GET /v2.0/ports?network_id=56adb840-3eb8-43b1-b5bd-e0dd7e1e46fa&device_owner=network%3Adhcp HTTP/1.1" status: 200 len: 210 time: 0.0325787
2026-07-02 11:13:35.734 10 INFO neutron.wsgi [req-7adf514d-746f-4e53-acfc-14ffebecb372 req-c754f804-d88d-43ce-a9d5-145de8abba81 64af0d5ac51343b8a67e78d1c3da6c0d 1d6bb5c947e3424c85be8d8f6d6335a8 - - default default] 10.0.0.213 "GET /v2.0/security-groups?tenant_id=1d6bb5c947e3424c85be8d8f6d6335a8 HTTP/1.1" status: 200 len: 7798 time: 0.1140695
2026-07-02 11:13:35.748 9 INFO neutron.wsgi [req-13dd8665-6f15-4ebd-90df-3b9faf9d343c req-d82e8cc0-af24-4b62-9fc0-3b7d9a4e8c88 5e007a168c114cf0992cd5247cb77e21 98bc5b0445ff45cf89441821158b4c60 - - 3dee5ac9e49443bea5daf9f44cd7a7ec 3dee5ac9e49443bea5daf9f44cd7a7ec] 199.19.213.141 "GET /v2.0/networks/b9eace4c-8a84-4a40-b514-316b9d639d4b?fields=provider%3Aphysical_network&fields=provider%3Anetwork_type HTTP/1.1" status: 200 len: 277 time: 0.0858362
2026-07-02 11:13:35.844 10 INFO neutron.wsgi [req-7adf514d-746f-4e53-acfc-14ffebecb372 req-5b05bb2a-6d38-42e1-b87c-91201fe9f88f 64af0d5ac51343b8a67e78d1c3da6c0d 1d6bb5c947e3424c85be8d8f6d6335a8 - - default default] 10.0.0.213 "GET /v2.0/security-groups/4826724e-b2d0-4a52-b79f-308afbc79eec HTTP/1.1" status: 200 len: 2998 time: 0.1001606
2026-07-02 11:13:35.852 10 INFO neutron.wsgi [req-ae395c30-d892-4691-aa05-ccba3f1d6c61 req-f81017e1-a812-4fa2-bcf9-06d755e9ed6b 5e007a168c114cf0992cd5247cb77e21 98bc5b0445ff45cf89441821158b4c60 - - 3dee5ac9e49443bea5daf9f44cd7a7ec 3dee5ac9e49443bea5daf9f44cd7a7ec] 199.19.213.141 "GET /v2.0/networks/56adb840-3eb8-43b1-b5bd-e0dd7e1e46fa?fields=segments HTTP/1.1" status: 200 len: 212 time: 0.1434596
2026-07-02 11:13:35.931 10 INFO neutron.wsgi [req-7adf514d-746f-4e53-acfc-14ffebecb372 req-50677d47-d69b-4c99-acd7-25a54ca44a25 64af0d5ac51343b8a67e78d1c3da6c0d 1d6bb5c947e3424c85be8d8f6d6335a8 - - default default] 10.0.0.213 "GET /v2.0/security-groups/4826724e-b2d0-4a52-b79f-308afbc79eec HTTP/1.1" status: 200 len: 2998 time: 0.0683427
2026-07-02 11:13:35.962 10 INFO neutron.wsgi [req-ae395c30-d892-4691-aa05-ccba3f1d6c61 req-c3bd9839-1a45-4d26-99d4-a5f831f03192 5e007a168c114cf0992cd5247cb77e21 98bc5b0445ff45cf89441821158b4c60 - - 3dee5ac9e49443bea5daf9f44cd7a7ec 3dee5ac9e49443bea5daf9f44cd7a7ec] 199.19.213.141 "GET /v2.0/networks/56adb840-3eb8-43b1-b5bd-e0dd7e1e46fa?fields=provider%3Aphysical_network&fields=provider%3Anetwork_type HTTP/1.1" status: 200 len: 277 time: 0.0980456
2026-07-02 11:13:35.974 9 INFO neutron.wsgi [req-4937c44c-11ee-4e65-b528-e4bdb84fecb2 req-1a2ac8fd-8ec9-40e8-b27a-f40f673578b3 84d2f90b40f64aa2bd934b31ec6f6b77 d0d2bae845e34cdf8ede6818a8f346d2 - - default default] 10.0.0.213 "GET /v2.0/ports?device_id=7aa9f932-6336-40cb-af90-a24f4065a15d HTTP/1.1" status: 200 len: 1168 time: 0.1260636
2026-07-02 11:13:35.997 10 INFO neutron.db.l3_db [req-8e759085-e1c8-48b1-98e3-ab800c10a261 req-f16d9392-5c6f-4f81-92c3-5522c75b9f4b 0db3b8fd2fed4327b052b764fedce706 6825ece772f74988bb2d02ffd0024478 - - default default] Floating IP 45358d17-63e4-4360-a74c-6a312fbaec05 disassociated. External IP: 10.96.250.201, port: efe6f2e9-ba36-4908-8f55-d902469362e6.
2026-07-02 11:13:36.019 10 INFO neutron.wsgi [req-43d85fa2-0129-4b92-a651-1d85def54d0a req-07b1d8d0-0e13-42a8-a0ae-3ed41e8e429b 64af0d5ac51343b8a67e78d1c3da6c0d 1d6bb5c947e3424c85be8d8f6d6335a8 - - default default] 10.0.0.213 "GET /v2.0/security-groups/026dd3e1-7c47-43c0-93f1-5d52eaad74d6 HTTP/1.1" status: 200 len: 1817 time: 0.0612779
2026-07-02 11:13:36.064 9 INFO neutron.wsgi [req-4937c44c-11ee-4e65-b528-e4bdb84fecb2 req-88d8dff0-3c85-4013-a430-20627f777121 84d2f90b40f64aa2bd934b31ec6f6b77 d0d2bae845e34cdf8ede6818a8f346d2 - - default default] 10.0.0.213 "GET /v2.0/security-groups?id=c2498a49-0e96-4f7d-8abf-0b12a0dec539&fields=id&fields=name HTTP/1.1" status: 200 len: 313 time: 0.0837469 /var/lib/openstack/lib/python3.10/site-packages/pycadf/identifier.py:71: UserWarning: Invalid uuid: neutron. To ensure interoperability, identifiers should be a valid uuid. warnings.warn(('Invalid uuid: %s. To ensure interoperability, '
2026-07-02 11:13:36.255 10 INFO neutron.wsgi [req-43d85fa2-0129-4b92-a651-1d85def54d0a req-cfa6101a-24eb-409c-9b08-bc7f5aa1130d 64af0d5ac51343b8a67e78d1c3da6c0d 1d6bb5c947e3424c85be8d8f6d6335a8 - - default default] 10.0.0.213 "DELETE /v2.0/security-groups/026dd3e1-7c47-43c0-93f1-5d52eaad74d6 HTTP/1.1" status: 204 len: 173 time: 0.2273951
2026-07-02 11:13:36.274 10 INFO neutron.wsgi [req-8e759085-e1c8-48b1-98e3-ab800c10a261 req-f16d9392-5c6f-4f81-92c3-5522c75b9f4b 0db3b8fd2fed4327b052b764fedce706 6825ece772f74988bb2d02ffd0024478 - - default default] 199.19.213.141 "DELETE /v2.0/ports/efe6f2e9-ba36-4908-8f55-d902469362e6 HTTP/1.1" status: 204 len: 173 time: 0.8540573
2026-07-02 11:13:36.290 10 INFO neutron.api.v2.resource [req-c0427438-e7cb-4952-8466-cd1a086c3552 req-7c018b19-5620-400b-ac29-78f8549af756 64af0d5ac51343b8a67e78d1c3da6c0d 1d6bb5c947e3424c85be8d8f6d6335a8 - - default default] show failed (client error): The resource could not be found.
2026-07-02 11:13:36.291 10 INFO neutron.wsgi [req-c0427438-e7cb-4952-8466-cd1a086c3552 req-7c018b19-5620-400b-ac29-78f8549af756 64af0d5ac51343b8a67e78d1c3da6c0d 1d6bb5c947e3424c85be8d8f6d6335a8 - - default default] 10.0.0.213 "GET /v2.0/security-groups/026dd3e1-7c47-43c0-93f1-5d52eaad74d6 HTTP/1.1" status: 404 len: 352 time: 0.0170372
2026-07-02 11:13:36.298 9 INFO neutron.wsgi [req-2fdd9aa8-b479-4ed8-bcce-7c91f4ee5586 req-7e077f52-ecc0-4db2-8a6d-c518be6f4f60 0db3b8fd2fed4327b052b764fedce706 6825ece772f74988bb2d02ffd0024478 - - default default] 10.0.0.213 "GET /v2.0/ports?device_id=65ae7c51-9e59-4f68-91a8-20b2d026cd81 HTTP/1.1" status: 200 len: 1168 time: 0.1181283
2026-07-02 11:13:36.339 9 INFO neutron.wsgi [req-2fdd9aa8-b479-4ed8-bcce-7c91f4ee5586 req-3474cc99-2992-4b22-9aca-744472c1e2f7 0db3b8fd2fed4327b052b764fedce706 6825ece772f74988bb2d02ffd0024478 - - default default] 10.0.0.213 "GET /v2.0/security-groups?id=054cf4db-6053-47bb-abb2-3bc293f2c073&fields=id&fields=name HTTP/1.1" status: 200 len: 312 time: 0.0348582
2026-07-02 11:13:36.346 10 INFO neutron.wsgi [req-d1a3e2f9-f1bf-4f5f-ac02-f0fdfc12e1d8 req-1a8fac16-d681-40bc-8c0a-b82489d42824 64af0d5ac51343b8a67e78d1c3da6c0d 1d6bb5c947e3424c85be8d8f6d6335a8 - - default default] 10.0.0.213 "GET /v2.0/security-groups/2efee665-7cec-4468-a9d1-40d8deb0a390 HTTP/1.1" status: 200 len: 1817 time: 0.0369747
2026-07-02 11:13:36.463 10 INFO neutron.wsgi [req-d1a3e2f9-f1bf-4f5f-ac02-f0fdfc12e1d8 req-5f0f3a56-31dd-49a6-8a3a-baf0ae5c7e25 64af0d5ac51343b8a67e78d1c3da6c0d 1d6bb5c947e3424c85be8d8f6d6335a8 - - default default] 10.0.0.213 "DELETE /v2.0/security-groups/2efee665-7cec-4468-a9d1-40d8deb0a390 HTTP/1.1" status: 204 len: 173 time: 0.1117680
2026-07-02 11:13:36.498 9 INFO neutron.api.v2.resource [req-4e4277c6-fbb7-413f-b5c0-c33dc6c58b54 req-055b7ee2-b352-4204-9011-6c7e577df2a9 64af0d5ac51343b8a67e78d1c3da6c0d 1d6bb5c947e3424c85be8d8f6d6335a8 - - default default] show failed (client error): The resource could not be found.
2026-07-02 11:13:36.500 9 INFO neutron.wsgi [req-4e4277c6-fbb7-413f-b5c0-c33dc6c58b54 req-055b7ee2-b352-4204-9011-6c7e577df2a9 64af0d5ac51343b8a67e78d1c3da6c0d 1d6bb5c947e3424c85be8d8f6d6335a8 - - default default] 10.0.0.213 "GET /v2.0/security-groups/2efee665-7cec-4468-a9d1-40d8deb0a390 HTTP/1.1" status: 404 len: 352 time: 0.0156956
2026-07-02 11:13:36.556 10 INFO neutron.wsgi [req-01120f51-d76e-4da6-8560-275946eb55d8 req-e991a784-c6de-4e37-81eb-cd67956cf01a 64af0d5ac51343b8a67e78d1c3da6c0d 1d6bb5c947e3424c85be8d8f6d6335a8 - - default default] 10.0.0.213 "GET /v2.0/security-groups/833fa9d3-d674-4fa0-9aea-f79327d9c2c6 HTTP/1.1" status: 200 len: 1817 time: 0.0320780
2026-07-02 11:13:36.694 10 INFO neutron.wsgi [req-01120f51-d76e-4da6-8560-275946eb55d8 req-e8671eb2-d286-45fe-b6fa-22c64df42de9 64af0d5ac51343b8a67e78d1c3da6c0d 1d6bb5c947e3424c85be8d8f6d6335a8 - - default default] 10.0.0.213 "DELETE /v2.0/security-groups/833fa9d3-d674-4fa0-9aea-f79327d9c2c6 HTTP/1.1" status: 204 len: 173 time: 0.1302617
2026-07-02 11:13:36.728 9 INFO neutron.api.v2.resource [req-b41dc9c2-56e9-4662-af5d-86cc4cb17838 req-d4851f93-b758-4fb8-8318-50666a7d262b 64af0d5ac51343b8a67e78d1c3da6c0d 1d6bb5c947e3424c85be8d8f6d6335a8 - - default default] show failed (client error): The resource could not be found.
2026-07-02 11:13:36.730 9 INFO neutron.wsgi [req-b41dc9c2-56e9-4662-af5d-86cc4cb17838 req-d4851f93-b758-4fb8-8318-50666a7d262b 64af0d5ac51343b8a67e78d1c3da6c0d 1d6bb5c947e3424c85be8d8f6d6335a8 - - default default] 10.0.0.213 "GET /v2.0/security-groups/833fa9d3-d674-4fa0-9aea-f79327d9c2c6 HTTP/1.1" status: 404 len: 352 time: 0.0156894
2026-07-02 11:13:36.794 10 INFO neutron.wsgi [req-83787c22-e882-48b7-8b98-b634dcd1f423 req-e86e72c1-b231-46e4-b7c5-fb20d62dbcc5 64af0d5ac51343b8a67e78d1c3da6c0d 1d6bb5c947e3424c85be8d8f6d6335a8 - - default default] 10.0.0.213 "GET /v2.0/security-groups?tenant_id=1d6bb5c947e3424c85be8d8f6d6335a8 HTTP/1.1" status: 200 len: 3001 time: 0.0399189
2026-07-02 11:13:36.839 10 INFO neutron.wsgi [req-83787c22-e882-48b7-8b98-b634dcd1f423 req-63010e7c-902b-4e40-93a8-d67f544c515f 64af0d5ac51343b8a67e78d1c3da6c0d 1d6bb5c947e3424c85be8d8f6d6335a8 - - default default] 10.0.0.213 "GET /v2.0/security-groups/4826724e-b2d0-4a52-b79f-308afbc79eec HTTP/1.1" status: 200 len: 2998 time: 0.0374253
2026-07-02 11:13:36.884 10 INFO neutron.wsgi [req-83787c22-e882-48b7-8b98-b634dcd1f423 req-9bd83d81-33e6-4e88-8fa3-2a1d95a662ec 64af0d5ac51343b8a67e78d1c3da6c0d 1d6bb5c947e3424c85be8d8f6d6335a8 - - default default] 10.0.0.213 "GET /v2.0/security-groups/4826724e-b2d0-4a52-b79f-308afbc79eec HTTP/1.1" status: 200 len: 2998 time: 0.0389667
2026-07-02 11:13:36.928 9 INFO neutron.api.v2.resource [req-216a34c7-cdd1-493e-9e33-ad04c7268384 req-20f30f9b-cdf0-4d79-9786-a1c05a66e05f 64af0d5ac51343b8a67e78d1c3da6c0d 1d6bb5c947e3424c85be8d8f6d6335a8 - - default default] show failed (client error): The resource could not be found.
2026-07-02 11:13:36.930 9 INFO neutron.wsgi [req-216a34c7-cdd1-493e-9e33-ad04c7268384 req-20f30f9b-cdf0-4d79-9786-a1c05a66e05f 64af0d5ac51343b8a67e78d1c3da6c0d 1d6bb5c947e3424c85be8d8f6d6335a8 - - default default] 10.0.0.213 "GET /v2.0/security-groups/833fa9d3-d674-4fa0-9aea-f79327d9c2c6 HTTP/1.1" status: 404 len: 352 time: 0.0177913
2026-07-02 11:13:36.969 10 WARNING neutron.plugins.ml2.drivers.ovn.mech_driver.ovsdb.ovn_client [None req-ea9a8882-9117-4139-94f2-b1bc3ff8c035 - - - - - -] No hosting information found for port 68bd9e3a-a89b-4d94-b8f7-7e8af394502b: RuntimeError: No hosting information found for port 68bd9e3a-a89b-4d94-b8f7-7e8af394502b
2026-07-02 11:13:36.969 10 INFO neutron.plugins.ml2.drivers.ovn.mech_driver.mech_driver [None req-ea9a8882-9117-4139-94f2-b1bc3ff8c035 - - - - - -] OVN reports status up for port: 32376026-574d-4734-b21b-595e1067a37f
2026-07-02 11:13:36.972 10 INFO neutron.api.v2.resource [req-376bef58-e784-46ac-a7ec-c356430e75bd req-a79f73d0-7419-4648-8353-5c89058a23b4 64af0d5ac51343b8a67e78d1c3da6c0d 1d6bb5c947e3424c85be8d8f6d6335a8 - - default default] show failed (client error): The resource could not be found.
2026-07-02 11:13:36.973 10 INFO neutron.wsgi [req-376bef58-e784-46ac-a7ec-c356430e75bd req-a79f73d0-7419-4648-8353-5c89058a23b4 64af0d5ac51343b8a67e78d1c3da6c0d 1d6bb5c947e3424c85be8d8f6d6335a8 - - default default] 10.0.0.213 "GET /v2.0/security-groups/2efee665-7cec-4468-a9d1-40d8deb0a390 HTTP/1.1" status: 404 len: 352 time: 0.0226774
2026-07-02 11:13:36.983 10 INFO neutron.plugins.ml2.plugin [None req-ea9a8882-9117-4139-94f2-b1bc3ff8c035 - - - - - -] Attempt 1 to provision port 32376026-574d-4734-b21b-595e1067a37f
2026-07-02 11:13:37.012 9 INFO neutron.api.v2.resource [req-c0045324-e56c-4235-9e2c-71a42fb4c9d2 req-bf80e30b-f80a-49ae-82b0-190647c52280 64af0d5ac51343b8a67e78d1c3da6c0d 1d6bb5c947e3424c85be8d8f6d6335a8 - - default default] show failed (client error): The resource could not be found.
2026-07-02 11:13:37.014 9 INFO neutron.wsgi [req-c0045324-e56c-4235-9e2c-71a42fb4c9d2 req-bf80e30b-f80a-49ae-82b0-190647c52280 64af0d5ac51343b8a67e78d1c3da6c0d 1d6bb5c947e3424c85be8d8f6d6335a8 - - default default] 10.0.0.213 "GET /v2.0/security-groups/026dd3e1-7c47-43c0-93f1-5d52eaad74d6 HTTP/1.1" status: 404 len: 352 time: 0.0163736
2026-07-02 11:13:37.215 10 INFO neutron.notifiers.nova [-] Nova event matching ['req-88aff463-edb4-4e1f-bd9e-ff1a1da002ef'] response: {'server_uuid': '65ae7c51-9e59-4f68-91a8-20b2d026cd81', 'name': 'network-vif-deleted', 'tag': 'efe6f2e9-ba36-4908-8f55-d902469362e6', 'status': 'completed', 'code': 200}
2026-07-02 11:13:37.216 10 INFO neutron.notifiers.nova [-] Nova event matching ['req-88aff463-edb4-4e1f-bd9e-ff1a1da002ef'] response: {'server_uuid': '7aa9f932-6336-40cb-af90-a24f4065a15d', 'name': 'network-vif-plugged', 'status': 'completed', 'tag': '32376026-574d-4734-b21b-595e1067a37f', 'code': 200}
2026-07-02 11:13:37.276 10 INFO neutron.wsgi [req-d2d874d7-2bdd-46c8-86a4-cb730eefcb31 req-6e7125ba-dd89-4f9a-9f1c-a4cd4ca1bee7 84d2f90b40f64aa2bd934b31ec6f6b77 d0d2bae845e34cdf8ede6818a8f346d2 - - default default] 10.0.0.213 "GET /v2.0/ports?device_id=7aa9f932-6336-40cb-af90-a24f4065a15d HTTP/1.1" status: 200 len: 1170 time: 0.1366525
2026-07-02 11:13:37.348 10 INFO neutron.wsgi [req-d2d874d7-2bdd-46c8-86a4-cb730eefcb31 req-d8d37fc6-d68e-464d-b539-374ce1371f38 84d2f90b40f64aa2bd934b31ec6f6b77 d0d2bae845e34cdf8ede6818a8f346d2 - - default default] 10.0.0.213 "GET /v2.0/security-groups?id=c2498a49-0e96-4f7d-8abf-0b12a0dec539&fields=id&fields=name HTTP/1.1" status: 200 len: 313 time: 0.0651941
2026-07-02 11:13:37.351 9 INFO neutron.notifiers.nova [-] Nova event matching ['req-41a63587-c11f-491c-a97a-29f87310b0c7'] response: {'server_uuid': '65ae7c51-9e59-4f68-91a8-20b2d026cd81', 'name': 'network-vif-plugged', 'status': 'completed', 'tag': 'efe6f2e9-ba36-4908-8f55-d902469362e6', 'code': 200}
2026-07-02 11:13:37.423 10 INFO neutron.db.ovn_revision_numbers_db [None req-ea9a8882-9117-4139-94f2-b1bc3ff8c035 - - - - - -] Successfully bumped revision number for resource 32376026-574d-4734-b21b-595e1067a37f (type: ports) to 4
2026-07-02 11:13:37.645 10 INFO neutron.wsgi [None req-461f4811-f878-426d-ac1c-2a71576bbfb8 0db3b8fd2fed4327b052b764fedce706 6825ece772f74988bb2d02ffd0024478 - - default default] 10.0.0.226 "DELETE /v2.0/security-groups/054cf4db-6053-47bb-abb2-3bc293f2c073 HTTP/1.1" status: 204 len: 168 time: 0.1783013 /var/lib/openstack/lib/python3.10/site-packages/pycadf/identifier.py:71: UserWarning: Invalid uuid: neutron. To ensure interoperability, identifiers should be a valid uuid. warnings.warn(('Invalid uuid: %s. To ensure interoperability, '
2026-07-02 11:13:37.662 10 INFO neutron.api.v2.resource [None req-602feed5-8119-4aa0-bc6e-524e4fede3dd 0db3b8fd2fed4327b052b764fedce706 6825ece772f74988bb2d02ffd0024478 - - default default] show failed (client error): The resource could not be found.
2026-07-02 11:13:37.663 10 INFO neutron.wsgi [None req-602feed5-8119-4aa0-bc6e-524e4fede3dd 0db3b8fd2fed4327b052b764fedce706 6825ece772f74988bb2d02ffd0024478 - - default default] 10.0.0.226 "GET /v2.0/security-groups/054cf4db-6053-47bb-abb2-3bc293f2c073 HTTP/1.1" status: 404 len: 347 time: 0.0115459
2026-07-02 11:13:38.064 10 INFO neutron.wsgi [None req-27a012df-88ea-4c59-aa6a-6205dbaec523 0db3b8fd2fed4327b052b764fedce706 6825ece772f74988bb2d02ffd0024478 - - default default] 10.0.0.226 "DELETE /v2.0/floatingips/45358d17-63e4-4360-a74c-6a312fbaec05 HTTP/1.1" status: 204 len: 168 time: 0.3975236
2026-07-02 11:13:38.511 9 INFO neutron.wsgi [req-640cbb58-ee86-46fb-9d9e-2e8894425e15 req-079c9a75-7ab9-4c11-8e6b-18f66d05924e 84d2f90b40f64aa2bd934b31ec6f6b77 d0d2bae845e34cdf8ede6818a8f346d2 - - default default] 10.0.0.213 "GET /v2.0/ports?device_id=7aa9f932-6336-40cb-af90-a24f4065a15d HTTP/1.1" status: 200 len: 1170 time: 0.0696733
2026-07-02 11:13:38.601 9 INFO neutron.wsgi [req-640cbb58-ee86-46fb-9d9e-2e8894425e15 req-809ec09c-1107-496d-ba2b-4708613f5afe 84d2f90b40f64aa2bd934b31ec6f6b77 d0d2bae845e34cdf8ede6818a8f346d2 - - default default] 10.0.0.213 "GET /v2.0/security-groups?id=c2498a49-0e96-4f7d-8abf-0b12a0dec539&fields=id&fields=name HTTP/1.1" status: 200 len: 313 time: 0.0820093
2026-07-02 11:13:38.702 10 INFO neutron.wsgi [req-11588fbe-dca2-4829-a23c-e8c3bc8a3a7f req-dd4fcb82-0b8a-4b68-83cd-e79b2721085a 84d2f90b40f64aa2bd934b31ec6f6b77 d0d2bae845e34cdf8ede6818a8f346d2 - - default default] 10.0.0.213 "GET /v2.0/ports?device_id=7aa9f932-6336-40cb-af90-a24f4065a15d HTTP/1.1" status: 200 len: 1170 time: 0.0366774
2026-07-02 11:13:39.032 9 INFO neutron.wsgi [None req-329676cb-f8d9-4c13-b408-b3c8cf3c25e3 7a0d84665b1f4a1288833aa07236b752 e5697475b2504714a97ee12d834598e3 - - default default] 10.0.0.226 "PUT /v2.0/routers/3bd37026-a6cd-428b-aaaf-075ca3cfafd9/remove_router_interface HTTP/1.1" status: 200 len: 503 time: 2.0095298 /var/lib/openstack/lib/python3.10/site-packages/pycadf/identifier.py:71: UserWarning: Invalid uuid: neutron. To ensure interoperability, identifiers should be a valid uuid. warnings.warn(('Invalid uuid: %s. To ensure interoperability, '
2026-07-02 11:13:39.271 10 INFO neutron.db.l3_db [None req-2a1672d3-0ddc-465f-94a7-a6a0b30b4739 84d2f90b40f64aa2bd934b31ec6f6b77 d0d2bae845e34cdf8ede6818a8f346d2 - - default default] Floating IP 8d291450-cc85-4e5d-bd3f-c551797e2f77 associated. External IP: 10.96.250.214, port: 32376026-574d-4734-b21b-595e1067a37f.
2026-07-02 11:13:39.298 10 INFO neutron.notifiers.nova [-] Nova event matching ['req-3b2e0efb-f173-4622-aa5b-8ef28f56aaab'] response: {'server_uuid': '7aa9f932-6336-40cb-af90-a24f4065a15d', 'name': 'network-vif-plugged', 'status': 'completed', 'tag': '32376026-574d-4734-b21b-595e1067a37f', 'code': 200}
2026-07-02 11:13:39.491 10 INFO neutron.db.ovn_revision_numbers_db [None req-2a1672d3-0ddc-465f-94a7-a6a0b30b4739 84d2f90b40f64aa2bd934b31ec6f6b77 d0d2bae845e34cdf8ede6818a8f346d2 - - default default] Successfully bumped revision number for resource 8d291450-cc85-4e5d-bd3f-c551797e2f77 (type: floatingips) to 1
2026-07-02 11:13:39.612 10 INFO neutron.db.ovn_revision_numbers_db [None req-2a1672d3-0ddc-465f-94a7-a6a0b30b4739 84d2f90b40f64aa2bd934b31ec6f6b77 d0d2bae845e34cdf8ede6818a8f346d2 - - default default] Successfully bumped revision number for resource 8d291450-cc85-4e5d-bd3f-c551797e2f77 (type: floatingips) to 2
2026-07-02 11:13:39.642 10 INFO neutron.wsgi [None req-2a1672d3-0ddc-465f-94a7-a6a0b30b4739 84d2f90b40f64aa2bd934b31ec6f6b77 d0d2bae845e34cdf8ede6818a8f346d2 - - default default] 10.0.0.226 "PUT /v2.0/floatingips/8d291450-cc85-4e5d-bd3f-c551797e2f77 HTTP/1.1" status: 200 len: 1049 time: 0.9288862
2026-07-02 11:13:39.731 10 INFO neutron.wsgi [req-b9d1b249-60e7-4949-997b-79fbaad60248 req-1c6fe141-5a2c-49b8-9498-dacab472ac36 84d2f90b40f64aa2bd934b31ec6f6b77 d0d2bae845e34cdf8ede6818a8f346d2 - - default default] 10.0.0.213 "GET /v2.0/ports?device_id=7aa9f932-6336-40cb-af90-a24f4065a15d HTTP/1.1" status: 200 len: 1170 time: 0.0430083
2026-07-02 11:13:39.778 10 INFO neutron.wsgi [req-b9d1b249-60e7-4949-997b-79fbaad60248 req-6c92d14a-057b-4804-aa39-d2249c6d4274 84d2f90b40f64aa2bd934b31ec6f6b77 d0d2bae845e34cdf8ede6818a8f346d2 - - default default] 10.0.0.213 "GET /v2.0/security-groups?id=c2498a49-0e96-4f7d-8abf-0b12a0dec539&fields=id&fields=name HTTP/1.1" status: 200 len: 313 time: 0.0390198 /var/lib/openstack/lib/python3.10/site-packages/pycadf/identifier.py:71: UserWarning: Invalid uuid: neutron. To ensure interoperability, identifiers should be a valid uuid. warnings.warn(('Invalid uuid: %s. To ensure interoperability, '
2026-07-02 11:13:40.180 10 INFO neutron.plugins.ml2.drivers.ovn.mech_driver.mech_driver [None req-ea9a8882-9117-4139-94f2-b1bc3ff8c035 - - - - - -] OVN reports status down for port: 32376026-574d-4734-b21b-595e1067a37f
2026-07-02 11:13:40.206 9 INFO neutron.wsgi [req-bac7e613-5024-4344-a5bb-8e583e9c4f8f req-ef40150d-d79d-4847-bd61-35cf2111fa99 84d2f90b40f64aa2bd934b31ec6f6b77 d0d2bae845e34cdf8ede6818a8f346d2 - - default default] 10.0.0.213 "GET /v2.0/ports?device_id=7aa9f932-6336-40cb-af90-a24f4065a15d HTTP/1.1" status: 200 len: 1170 time: 0.0872450
2026-07-02 11:13:40.297 9 INFO neutron.wsgi [req-bac7e613-5024-4344-a5bb-8e583e9c4f8f req-d384122e-42a4-4aaa-80a1-63a14918221a 84d2f90b40f64aa2bd934b31ec6f6b77 d0d2bae845e34cdf8ede6818a8f346d2 - - default default] 10.0.0.213 "GET /v2.0/security-groups?id=c2498a49-0e96-4f7d-8abf-0b12a0dec539&fields=id&fields=name HTTP/1.1" status: 200 len: 313 time: 0.0811217
2026-07-02 11:13:40.306 9 INFO neutron.wsgi [None req-98856632-bd53-437b-b51a-be007d7fd01e 7a0d84665b1f4a1288833aa07236b752 e5697475b2504714a97ee12d834598e3 - - default default] 10.0.0.226 "PUT /v2.0/routers/7bc8f6f9-f3ca-431d-824a-b5306868c80f/remove_router_interface HTTP/1.1" status: 200 len: 503 time: 2.2364502 /var/lib/openstack/lib/python3.10/site-packages/pycadf/identifier.py:71: UserWarning: Invalid uuid: neutron. To ensure interoperability, identifiers should be a valid uuid. warnings.warn(('Invalid uuid: %s. To ensure interoperability, '
2026-07-02 11:13:40.515 10 INFO neutron.wsgi [req-4e785292-d302-42ed-b8c5-1532adefffe9 req-e5750e75-44a1-4a7e-98c0-e23e9203b322 84d2f90b40f64aa2bd934b31ec6f6b77 d0d2bae845e34cdf8ede6818a8f346d2 - - default default] 199.19.213.141 "GET /v2.0/ports?device_id=7aa9f932-6336-40cb-af90-a24f4065a15d HTTP/1.1" status: 200 len: 1168 time: 0.0458400
2026-07-02 11:13:40.579 10 INFO neutron.db.ovn_revision_numbers_db [None req-ea9a8882-9117-4139-94f2-b1bc3ff8c035 - - - - - -] Successfully bumped revision number for resource 32376026-574d-4734-b21b-595e1067a37f (type: ports) to 5
2026-07-02 11:13:40.704 9 INFO neutron.wsgi [None req-d406f7b6-e121-4ef1-87f6-aedc13be21f2 7a0d84665b1f4a1288833aa07236b752 e5697475b2504714a97ee12d834598e3 - - default default] 10.0.0.226 "DELETE /v2.0/routers/3bd37026-a6cd-428b-aaaf-075ca3cfafd9 HTTP/1.1" status: 204 len: 168 time: 1.6516185 /var/lib/openstack/lib/python3.10/site-packages/pycadf/identifier.py:71: UserWarning: Invalid uuid: neutron. To ensure interoperability, identifiers should be a valid uuid. warnings.warn(('Invalid uuid: %s. To ensure interoperability, '
2026-07-02 11:13:40.907 10 INFO neutron.db.l3_db [req-4e785292-d302-42ed-b8c5-1532adefffe9 req-f1fe72d9-a705-4126-8616-2dc2a134c231 84d2f90b40f64aa2bd934b31ec6f6b77 d0d2bae845e34cdf8ede6818a8f346d2 - - default default] Floating IP 8d291450-cc85-4e5d-bd3f-c551797e2f77 disassociated. External IP: 10.96.250.214, port: 32376026-574d-4734-b21b-595e1067a37f.
2026-07-02 11:13:40.991 10 INFO neutron.wsgi [None req-96bddf65-4370-4f53-88c8-73a3f9bff848 7a0d84665b1f4a1288833aa07236b752 e5697475b2504714a97ee12d834598e3 - - default default] 10.0.0.226 "DELETE /v2.0/subnets/7a3cc1d5-a015-4f62-9c62-cc313f2229a4 HTTP/1.1" status: 204 len: 168 time: 0.2812216 /var/lib/openstack/lib/python3.10/site-packages/pycadf/identifier.py:71: UserWarning: Invalid uuid: neutron. To ensure interoperability, identifiers should be a valid uuid. warnings.warn(('Invalid uuid: %s. To ensure interoperability, '
2026-07-02 11:13:41.109 10 INFO neutron.wsgi [req-4e785292-d302-42ed-b8c5-1532adefffe9 req-f1fe72d9-a705-4126-8616-2dc2a134c231 84d2f90b40f64aa2bd934b31ec6f6b77 d0d2bae845e34cdf8ede6818a8f346d2 - - default default] 199.19.213.141 "DELETE /v2.0/ports/32376026-574d-4734-b21b-595e1067a37f HTTP/1.1" status: 204 len: 173 time: 0.5864911
2026-07-02 11:13:41.365 10 INFO neutron.notifiers.nova [-] Nova event matching ['req-cb70ad53-c5ff-4bf9-88e7-e2f0249586bc'] response: {'name': 'network-changed', 'server_uuid': '7aa9f932-6336-40cb-af90-a24f4065a15d', 'tag': '32376026-574d-4734-b21b-595e1067a37f', 'status': 'completed', 'code': 200}
2026-07-02 11:13:41.366 10 INFO neutron.notifiers.nova [-] Nova event matching ['req-cb70ad53-c5ff-4bf9-88e7-e2f0249586bc'] response: {'server_uuid': '7aa9f932-6336-40cb-af90-a24f4065a15d', 'name': 'network-vif-unplugged', 'status': 'completed', 'tag': '32376026-574d-4734-b21b-595e1067a37f', 'code': 200}
2026-07-02 11:13:41.366 10 INFO neutron.notifiers.nova [-] Nova event matching ['req-cb70ad53-c5ff-4bf9-88e7-e2f0249586bc'] response: {'server_uuid': '7aa9f932-6336-40cb-af90-a24f4065a15d', 'name': 'network-vif-plugged', 'status': 'completed', 'tag': '32376026-574d-4734-b21b-595e1067a37f', 'code': 200}
2026-07-02 11:13:41.366 10 INFO neutron.notifiers.nova [-] Nova event matching ['req-cb70ad53-c5ff-4bf9-88e7-e2f0249586bc'] response: {'server_uuid': '7aa9f932-6336-40cb-af90-a24f4065a15d', 'name': 'network-vif-deleted', 'tag': '32376026-574d-4734-b21b-595e1067a37f', 'status': 'completed', 'code': 200}
2026-07-02 11:13:41.406 10 INFO neutron.wsgi [req-eb6b3f35-f7c5-4b90-8509-e4f7d1cc0169 req-829a4aae-d249-42af-915c-4aa1ce04107c 5e007a168c114cf0992cd5247cb77e21 98bc5b0445ff45cf89441821158b4c60 - - 3dee5ac9e49443bea5daf9f44cd7a7ec 3dee5ac9e49443bea5daf9f44cd7a7ec] 199.19.213.141 "GET /v2.0/ports?tenant_id=d0d2bae845e34cdf8ede6818a8f346d2&device_id=7aa9f932-6336-40cb-af90-a24f4065a15d HTTP/1.1" status: 200 len: 210 time: 0.0209937
2026-07-02 11:13:41.429 9 INFO neutron.wsgi [req-1124a8b8-0a0c-4247-8d4b-08ea74191c8e req-0e63b097-2a77-4efd-8b39-477e8bb0172c 84d2f90b40f64aa2bd934b31ec6f6b77 d0d2bae845e34cdf8ede6818a8f346d2 - - default default] 10.0.0.213 "GET /v2.0/ports?device_id=7aa9f932-6336-40cb-af90-a24f4065a15d HTTP/1.1" status: 200 len: 210 time: 0.0360899
2026-07-02 11:13:41.531 10 INFO neutron.wsgi [req-eb6b3f35-f7c5-4b90-8509-e4f7d1cc0169 req-15cd4b96-2877-4d40-bc0e-e58857a98a9d 5e007a168c114cf0992cd5247cb77e21 98bc5b0445ff45cf89441821158b4c60 - - 3dee5ac9e49443bea5daf9f44cd7a7ec 3dee5ac9e49443bea5daf9f44cd7a7ec] 199.19.213.141 "GET /v2.0/networks?tenant_id=d0d2bae845e34cdf8ede6818a8f346d2&shared=False HTTP/1.1" status: 200 len: 976 time: 0.1182477
2026-07-02 11:13:41.640 10 INFO neutron.wsgi [req-eb6b3f35-f7c5-4b90-8509-e4f7d1cc0169 req-e8260369-9af8-4dc1-995b-cd6aa4bceb82 5e007a168c114cf0992cd5247cb77e21 98bc5b0445ff45cf89441821158b4c60 - - 3dee5ac9e49443bea5daf9f44cd7a7ec 3dee5ac9e49443bea5daf9f44cd7a7ec] 199.19.213.141 "GET /v2.0/networks?shared=True HTTP/1.1" status: 200 len: 952 time: 0.1026764
2026-07-02 11:13:41.815 9 INFO neutron.wsgi [None req-62c9742c-4fba-47cb-8bc0-86b5ea992dec 7a0d84665b1f4a1288833aa07236b752 e5697475b2504714a97ee12d834598e3 - - default default] 10.0.0.226 "DELETE /v2.0/routers/7bc8f6f9-f3ca-431d-824a-b5306868c80f HTTP/1.1" status: 204 len: 168 time: 1.4960208
2026-07-02 11:13:41.818 9 INFO neutron.services.segments.plugin [-] Segment 6f258470-5b89-4c0d-be00-0c23dc647f64 resource provider aggregate not found
2026-07-02 11:13:41.825 9 INFO neutron.services.segments.plugin [-] Segment 6f258470-5b89-4c0d-be00-0c23dc647f64 resource provider aggregate not found
2026-07-02 11:13:41.841 9 INFO neutron.services.segments.plugin [-] Segment 6f258470-5b89-4c0d-be00-0c23dc647f64 resource provider not found; error: Placement Client Error (4xx): {"errors": [{"status": 404, "title": "Not Found", "detail": "The resource could not be found.\n\n No resource provider with uuid 6f258470-5b89-4c0d-be00-0c23dc647f64 found for delete ", "request_id": "req-54d261ee-e4ba-4954-a1b7-dd0b3a4093ed"}]}
2026-07-02 11:13:41.842 9 INFO neutron.services.segments.plugin [-] Segment 6f258470-5b89-4c0d-be00-0c23dc647f64 resource provider not found; error: Placement Client Error (4xx): {"errors": [{"status": 404, "title": "Not Found", "detail": "The resource could not be found.\n\n No resource provider with uuid 6f258470-5b89-4c0d-be00-0c23dc647f64 found for delete ", "request_id": "req-13d70947-6923-438b-b907-cc158c2bab7c"}]}
2026-07-02 11:13:41.864 9 INFO neutron.wsgi [None req-01a1ad0d-e84c-4f83-984b-5c9317f621ec 7a0d84665b1f4a1288833aa07236b752 e5697475b2504714a97ee12d834598e3 - - default default] 10.0.0.226 "DELETE /v2.0/networks/ab1b8a30-0575-457a-a73c-2784a54de6ea HTTP/1.1" status: 204 len: 168 time: 0.8653319
2026-07-02 11:13:42.022 10 INFO neutron.wsgi [None req-994b8ae6-842b-4b53-a059-ee9db2745517 7a0d84665b1f4a1288833aa07236b752 e5697475b2504714a97ee12d834598e3 - - default default] 10.0.0.226 "DELETE /v2.0/subnets/b5c5b3d7-5548-4676-be42-f6f9705b0273 HTTP/1.1" status: 204 len: 168 time: 0.1981857
2026-07-02 11:13:42.063 9 INFO neutron.wsgi [None req-6580f0b7-4fff-4293-924f-4404190c69fe 7a0d84665b1f4a1288833aa07236b752 e5697475b2504714a97ee12d834598e3 - - default default] 10.0.0.226 "GET /v2.0/security-groups?tenant_id=1d6bb5c947e3424c85be8d8f6d6335a8&name=default HTTP/1.1" status: 200 len: 2996 time: 0.0473654
2026-07-02 11:13:42.285 9 INFO neutron.wsgi [None req-6832da2f-476d-4b27-9d68-1b175bdc831b 7a0d84665b1f4a1288833aa07236b752 e5697475b2504714a97ee12d834598e3 - - default default] 10.0.0.226 "DELETE /v2.0/security-groups/4826724e-b2d0-4a52-b79f-308afbc79eec HTTP/1.1" status: 204 len: 168 time: 0.2047391
2026-07-02 11:13:42.458 10 INFO neutron.wsgi [None req-31d94f72-f776-4d56-8698-d4fcef8cb69a 7a0d84665b1f4a1288833aa07236b752 e5697475b2504714a97ee12d834598e3 - - default default] 10.0.0.226 "DELETE /v2.0/networks/b9eace4c-8a84-4a40-b514-316b9d639d4b HTTP/1.1" status: 204 len: 168 time: 0.4299264
2026-07-02 11:13:42.679 9 INFO neutron.wsgi [None req-416322cd-ce5a-4856-91de-d3e55155fc2f 7a0d84665b1f4a1288833aa07236b752 e5697475b2504714a97ee12d834598e3 - - default default] 10.0.0.226 "GET /v2.0/security-groups?tenant_id=6825ece772f74988bb2d02ffd0024478&name=default HTTP/1.1" status: 200 len: 2992 time: 0.0382769
2026-07-02 11:13:42.693 9 INFO neutron.wsgi [None req-8936cf3a-98de-4d55-9d05-b65afdb0f5d3 84d2f90b40f64aa2bd934b31ec6f6b77 d0d2bae845e34cdf8ede6818a8f346d2 - - default default] 10.0.0.226 "DELETE /v2.0/security-groups/c2498a49-0e96-4f7d-8abf-0b12a0dec539 HTTP/1.1" status: 204 len: 168 time: 0.1778147
2026-07-02 11:13:42.708 9 INFO neutron.api.v2.resource [None req-e43c37fd-4088-4036-9955-2046a101e717 84d2f90b40f64aa2bd934b31ec6f6b77 d0d2bae845e34cdf8ede6818a8f346d2 - - default default] show failed (client error): The resource could not be found.
2026-07-02 11:13:42.709 9 INFO neutron.wsgi [None req-e43c37fd-4088-4036-9955-2046a101e717 84d2f90b40f64aa2bd934b31ec6f6b77 d0d2bae845e34cdf8ede6818a8f346d2 - - default default] 10.0.0.226 "GET /v2.0/security-groups/c2498a49-0e96-4f7d-8abf-0b12a0dec539 HTTP/1.1" status: 404 len: 347 time: 0.0120702
2026-07-02 11:13:42.896 10 INFO neutron.wsgi [None req-0b7efc19-031a-4c15-9834-20b5009251c4 7a0d84665b1f4a1288833aa07236b752 e5697475b2504714a97ee12d834598e3 - - default default] 10.0.0.226 "DELETE /v2.0/security-groups/e4699795-7e7c-462c-8c81-e534b4aed547 HTTP/1.1" status: 204 len: 168 time: 0.2122419
2026-07-02 11:13:42.929 10 INFO neutron.services.segments.plugin [-] Segment 8aefb533-d401-43ae-8415-fd8dfeb80461 resource provider aggregate not found
2026-07-02 11:13:42.943 10 INFO neutron.services.segments.plugin [-] Segment 8aefb533-d401-43ae-8415-fd8dfeb80461 resource provider aggregate not found
2026-07-02 11:13:42.951 10 INFO neutron.services.segments.plugin [-] Segment 8aefb533-d401-43ae-8415-fd8dfeb80461 resource provider not found; error: Placement Client Error (4xx): {"errors": [{"status": 404, "title": "Not Found", "detail": "The resource could not be found.\n\n No resource provider with uuid 8aefb533-d401-43ae-8415-fd8dfeb80461 found for delete ", "request_id": "req-c3d936ea-e57a-4e40-8687-16f13884ed6d"}]}
2026-07-02 11:13:42.968 10 INFO neutron.services.segments.plugin [-] Segment 8aefb533-d401-43ae-8415-fd8dfeb80461 resource provider not found; error: Placement Client Error (4xx): {"errors": [{"status": 404, "title": "Not Found", "detail": "The resource could not be found.\n\n No resource provider with uuid 8aefb533-d401-43ae-8415-fd8dfeb80461 found for delete ", "request_id": "req-f6873d3f-0bf7-468a-bfee-a2e59609e1ca"}]}
2026-07-02 11:13:43.122 9 INFO neutron.wsgi [None req-2ef8e86d-37a2-47fd-8541-5438313e4588 84d2f90b40f64aa2bd934b31ec6f6b77 d0d2bae845e34cdf8ede6818a8f346d2 - - default default] 10.0.0.226 "DELETE /v2.0/floatingips/8d291450-cc85-4e5d-bd3f-c551797e2f77 HTTP/1.1" status: 204 len: 168 time: 0.4076345
2026-07-02 11:13:43.404 10 INFO neutron.wsgi [req-9655de9b-8f03-45c8-895d-fcc0727b968e req-573d0cff-06a8-4ea9-841e-7dca94c7a465 5e007a168c114cf0992cd5247cb77e21 98bc5b0445ff45cf89441821158b4c60 - - 3dee5ac9e49443bea5daf9f44cd7a7ec 3dee5ac9e49443bea5daf9f44cd7a7ec] 10.0.0.170 "GET /v2.0/ports?device_id=b384ca44-ba6a-4522-ae3f-797bf19c234d HTTP/1.1" status: 200 len: 1409 time: 0.2292857
2026-07-02 11:13:43.461 10 INFO neutron.wsgi [req-9655de9b-8f03-45c8-895d-fcc0727b968e req-cff7d051-a284-4eea-a327-ed1da13b89b7 5e007a168c114cf0992cd5247cb77e21 98bc5b0445ff45cf89441821158b4c60 - - 3dee5ac9e49443bea5daf9f44cd7a7ec 3dee5ac9e49443bea5daf9f44cd7a7ec] 10.0.0.170 "GET /v2.0/security-groups?id=a059d73d-9f55-4454-ad83-20a46538bf3e&fields=id&fields=name HTTP/1.1" status: 200 len: 312 time: 0.0472035
2026-07-02 11:13:44.254 9 INFO neutron.wsgi [None req-93815f0f-0297-458d-acfb-cf7144deef42 7a0d84665b1f4a1288833aa07236b752 e5697475b2504714a97ee12d834598e3 - - default default] 10.0.0.226 "PUT /v2.0/routers/9c4d6a07-a6d1-436e-a834-ab4af8a6e7e5/remove_router_interface HTTP/1.1" status: 200 len: 503 time: 1.1286449 /var/lib/openstack/lib/python3.10/site-packages/pycadf/identifier.py:71: UserWarning: Invalid uuid: neutron. To ensure interoperability, identifiers should be a valid uuid. warnings.warn(('Invalid uuid: %s. To ensure interoperability, '
