2026-07-02 11:18:24.630 10 INFO neutron.wsgi [req-f0c28b7f-b648-497b-877c-405d37edad9e req-2a7cb235-9d16-4cce-87e5-549917d894ce 5e007a168c114cf0992cd5247cb77e21 98bc5b0445ff45cf89441821158b4c60 - - 3dee5ac9e49443bea5daf9f44cd7a7ec 3dee5ac9e49443bea5daf9f44cd7a7ec] 199.19.213.141 "GET /v2.0/networks/cf4344a0-f62a-446b-a3ad-284252379463?fields=provider%3Aphysical_network&fields=provider%3Anetwork_type HTTP/1.1" status: 200 len: 277 time: 0.0823879
2026-07-02 11:18:24.633 9 INFO neutron.wsgi [None req-e5f510a0-414f-457d-94e5-dc2383e1a329 11bd9774d0c34d289d6debc34c2c5325 78a0e648cae04782846f0833207d6438 - - default default] 10.0.0.226 "POST /v2.0/networks HTTP/1.1" status: 201 len: 831 time: 0.6755884
2026-07-02 11:18:24.642 9 WARNING neutron_lib.context [None req-7de223a6-908d-40cc-865d-da1086c818a0 11bd9774d0c34d289d6debc34c2c5325 78a0e648cae04782846f0833207d6438 - - default default] Method 'is_advsvc' is deprecated since 2023.2 release (neutron-lib 3.8.0) and will be removed once support for the old RBAC API policies will be removed from Neutron. Please use method 'is_service_role' instead.
2026-07-02 11:18:24.678 10 INFO neutron.wsgi [req-f0c28b7f-b648-497b-877c-405d37edad9e req-efe54948-f70d-4568-a27f-83be23dc28da 5e007a168c114cf0992cd5247cb77e21 98bc5b0445ff45cf89441821158b4c60 - - 3dee5ac9e49443bea5daf9f44cd7a7ec 3dee5ac9e49443bea5daf9f44cd7a7ec] 199.19.213.141 "GET /v2.0/floatingips?fixed_ip_address=10.1.1.21&port_id=adfa82bb-1a7f-456b-9e52-b5d095d862c1 HTTP/1.1" status: 200 len: 217 time: 0.0382888
2026-07-02 11:18:24.731 10 INFO neutron.wsgi [req-f0c28b7f-b648-497b-877c-405d37edad9e req-86ce3908-f8d7-4043-9e15-1af6723327b6 5e007a168c114cf0992cd5247cb77e21 98bc5b0445ff45cf89441821158b4c60 - - 3dee5ac9e49443bea5daf9f44cd7a7ec 3dee5ac9e49443bea5daf9f44cd7a7ec] 199.19.213.141 "GET /v2.0/subnets?id=b7b3d8b0-c0e1-4e81-823c-a661c93e6d12 HTTP/1.1" status: 200 len: 853 time: 0.0452282
2026-07-02 11:18:24.758 10 INFO neutron.wsgi [req-f0c28b7f-b648-497b-877c-405d37edad9e req-f31381bd-c8b9-426f-b5cd-4ceb71acbbad 5e007a168c114cf0992cd5247cb77e21 98bc5b0445ff45cf89441821158b4c60 - - 3dee5ac9e49443bea5daf9f44cd7a7ec 3dee5ac9e49443bea5daf9f44cd7a7ec] 199.19.213.141 "GET /v2.0/ports?network_id=01de1f01-f403-457d-85a7-d2721f75e140&device_owner=network%3Adhcp HTTP/1.1" status: 200 len: 210 time: 0.0218060
2026-07-02 11:18:24.837 10 INFO neutron.wsgi [req-f0c28b7f-b648-497b-877c-405d37edad9e req-07ff27f2-92ec-42c4-8b79-4a3f4fa651ef 5e007a168c114cf0992cd5247cb77e21 98bc5b0445ff45cf89441821158b4c60 - - 3dee5ac9e49443bea5daf9f44cd7a7ec 3dee5ac9e49443bea5daf9f44cd7a7ec] 199.19.213.141 "GET /v2.0/networks/01de1f01-f403-457d-85a7-d2721f75e140?fields=segments HTTP/1.1" status: 200 len: 212 time: 0.0722716
2026-07-02 11:18:24.917 10 INFO neutron.wsgi [req-f0c28b7f-b648-497b-877c-405d37edad9e req-10e060ee-b442-4a90-91fe-ffcdb8f2e1c9 5e007a168c114cf0992cd5247cb77e21 98bc5b0445ff45cf89441821158b4c60 - - 3dee5ac9e49443bea5daf9f44cd7a7ec 3dee5ac9e49443bea5daf9f44cd7a7ec] 199.19.213.141 "GET /v2.0/networks/01de1f01-f403-457d-85a7-d2721f75e140?fields=provider%3Aphysical_network&fields=provider%3Anetwork_type HTTP/1.1" status: 200 len: 277 time: 0.0736337
2026-07-02 11:18:24.934 9 WARNING neutron.scheduler.dhcp_agent_scheduler [None req-7de223a6-908d-40cc-865d-da1086c818a0 11bd9774d0c34d289d6debc34c2c5325 78a0e648cae04782846f0833207d6438 - - default default] No more DHCP agents
2026-07-02 11:18:24.938 9 WARNING neutron.api.rpc.agentnotifiers.dhcp_rpc_agent_api [None req-7de223a6-908d-40cc-865d-da1086c818a0 11bd9774d0c34d289d6debc34c2c5325 78a0e648cae04782846f0833207d6438 - - default default] Unable to schedule network 3efe0915-c1d4-4272-8f90-87acaab94004: no agents available; will retry on subsequent port and subnet creation events.
2026-07-02 11:18:25.027 10 INFO neutron.wsgi [req-7e5e50ff-7072-4920-921c-4de6d8b9aec7 req-4498a072-7b30-4361-96f3-1e0cd5dc2ae0 5e007a168c114cf0992cd5247cb77e21 98bc5b0445ff45cf89441821158b4c60 - - 3dee5ac9e49443bea5daf9f44cd7a7ec 3dee5ac9e49443bea5daf9f44cd7a7ec] 199.19.213.141 "GET /v2.0/ports?tenant_id=e5697475b2504714a97ee12d834598e3&device_id=aba589ac-246a-4a3f-b0d3-cd05dc9f9131 HTTP/1.1" status: 200 len: 2653 time: 0.0613124
2026-07-02 11:18:25.046 10 INFO neutron.plugins.ml2.drivers.ovn.mech_driver.mech_driver [None req-ea9a8882-9117-4139-94f2-b1bc3ff8c035 - - - - - -] OVN reports status up for port: adfa82bb-1a7f-456b-9e52-b5d095d862c1
2026-07-02 11:18:25.063 9 INFO neutron.db.ovn_revision_numbers_db [None req-7de223a6-908d-40cc-865d-da1086c818a0 11bd9774d0c34d289d6debc34c2c5325 78a0e648cae04782846f0833207d6438 - - default default] Successfully bumped revision number for resource ccb6bdd7-e97a-466b-9160-1e876414ec4b (type: ports) to 1
2026-07-02 11:18:25.089 10 INFO neutron.plugins.ml2.plugin [None req-ea9a8882-9117-4139-94f2-b1bc3ff8c035 - - - - - -] Attempt 1 to provision port adfa82bb-1a7f-456b-9e52-b5d095d862c1
2026-07-02 11:18:25.091 9 INFO neutron.wsgi [None req-7de223a6-908d-40cc-865d-da1086c818a0 11bd9774d0c34d289d6debc34c2c5325 78a0e648cae04782846f0833207d6438 - - default default] 10.0.0.226 "POST /v2.0/ports HTTP/1.1" status: 201 len: 942 time: 0.4536912 /var/lib/openstack/lib/python3.10/site-packages/pycadf/identifier.py:71: UserWarning: Invalid uuid: neutron. To ensure interoperability, identifiers should be a valid uuid. warnings.warn(('Invalid uuid: %s. To ensure interoperability, '
2026-07-02 11:18:25.104 9 WARNING neutron_lib.context [None req-c41e237e-49f5-4a76-85e7-a3d547dc76e2 11bd9774d0c34d289d6debc34c2c5325 78a0e648cae04782846f0833207d6438 - - default default] Method 'is_advsvc' is deprecated since 2023.2 release (neutron-lib 3.8.0) and will be removed once support for the old RBAC API policies will be removed from Neutron. Please use method 'is_service_role' instead.
2026-07-02 11:18:25.195 10 INFO neutron.wsgi [req-7e5e50ff-7072-4920-921c-4de6d8b9aec7 req-42d72a26-a18d-4a8c-a76c-fd546b562b25 5e007a168c114cf0992cd5247cb77e21 98bc5b0445ff45cf89441821158b4c60 - - 3dee5ac9e49443bea5daf9f44cd7a7ec 3dee5ac9e49443bea5daf9f44cd7a7ec] 199.19.213.141 "GET /v2.0/networks?id=01de1f01-f403-457d-85a7-d2721f75e140 HTTP/1.1" status: 200 len: 1004 time: 0.1564109
2026-07-02 11:18:25.232 9 INFO neutron.db.segments_db [None req-c41e237e-49f5-4a76-85e7-a3d547dc76e2 11bd9774d0c34d289d6debc34c2c5325 78a0e648cae04782846f0833207d6438 - - default default] Added segment 68700fe4-1757-4c51-9dcf-b438c6e34607 of type geneve for network 61762e10-0d89-4d59-80fa-689c7e2cd922
2026-07-02 11:18:25.238 10 INFO neutron.wsgi [req-7e5e50ff-7072-4920-921c-4de6d8b9aec7 req-3f76a9dc-6551-4cb3-a682-891c7a27060d 5e007a168c114cf0992cd5247cb77e21 98bc5b0445ff45cf89441821158b4c60 - - 3dee5ac9e49443bea5daf9f44cd7a7ec 3dee5ac9e49443bea5daf9f44cd7a7ec] 199.19.213.141 "GET /v2.0/floatingips?fixed_ip_address=10.1.1.21&port_id=adfa82bb-1a7f-456b-9e52-b5d095d862c1 HTTP/1.1" status: 200 len: 217 time: 0.0358038
2026-07-02 11:18:25.263 9 INFO neutron.wsgi [req-f0c28b7f-b648-497b-877c-405d37edad9e req-3f6c1c05-d4a9-48f1-ad59-abbfffe0bfe1 7a0d84665b1f4a1288833aa07236b752 e5697475b2504714a97ee12d834598e3 - - default default] 10.0.0.213 "GET /v2.0/ports/adfa82bb-1a7f-456b-9e52-b5d095d862c1 HTTP/1.1" status: 200 len: 1452 time: 0.0564640
2026-07-02 11:18:25.291 10 INFO neutron.wsgi [req-7e5e50ff-7072-4920-921c-4de6d8b9aec7 req-e22af08e-966c-4d9e-97e3-29f7eb886957 5e007a168c114cf0992cd5247cb77e21 98bc5b0445ff45cf89441821158b4c60 - - 3dee5ac9e49443bea5daf9f44cd7a7ec 3dee5ac9e49443bea5daf9f44cd7a7ec] 199.19.213.141 "GET /v2.0/subnets?id=b7b3d8b0-c0e1-4e81-823c-a661c93e6d12 HTTP/1.1" status: 200 len: 853 time: 0.0464916
2026-07-02 11:18:25.335 10 INFO neutron.wsgi [req-7e5e50ff-7072-4920-921c-4de6d8b9aec7 req-cdfd5c1c-778b-471e-9018-32e479c02871 5e007a168c114cf0992cd5247cb77e21 98bc5b0445ff45cf89441821158b4c60 - - 3dee5ac9e49443bea5daf9f44cd7a7ec 3dee5ac9e49443bea5daf9f44cd7a7ec] 199.19.213.141 "GET /v2.0/ports?network_id=01de1f01-f403-457d-85a7-d2721f75e140&device_owner=network%3Adhcp HTTP/1.1" status: 200 len: 210 time: 0.0334153
2026-07-02 11:18:25.432 10 INFO neutron.wsgi [req-7e5e50ff-7072-4920-921c-4de6d8b9aec7 req-ea8ce35c-f82a-42fe-a911-862f8295413a 5e007a168c114cf0992cd5247cb77e21 98bc5b0445ff45cf89441821158b4c60 - - 3dee5ac9e49443bea5daf9f44cd7a7ec 3dee5ac9e49443bea5daf9f44cd7a7ec] 199.19.213.141 "GET /v2.0/networks/01de1f01-f403-457d-85a7-d2721f75e140?fields=segments HTTP/1.1" status: 200 len: 212 time: 0.0900071
2026-07-02 11:18:25.472 9 INFO neutron.db.ovn_revision_numbers_db [None req-c41e237e-49f5-4a76-85e7-a3d547dc76e2 11bd9774d0c34d289d6debc34c2c5325 78a0e648cae04782846f0833207d6438 - - default default] Successfully bumped revision number for resource 61762e10-0d89-4d59-80fa-689c7e2cd922 (type: networks) to 1
2026-07-02 11:18:25.536 10 INFO neutron.wsgi [req-7e5e50ff-7072-4920-921c-4de6d8b9aec7 req-5b0d4020-31cf-4803-a36e-7406b892d387 5e007a168c114cf0992cd5247cb77e21 98bc5b0445ff45cf89441821158b4c60 - - 3dee5ac9e49443bea5daf9f44cd7a7ec 3dee5ac9e49443bea5daf9f44cd7a7ec] 199.19.213.141 "GET /v2.0/networks/01de1f01-f403-457d-85a7-d2721f75e140?fields=provider%3Aphysical_network&fields=provider%3Anetwork_type HTTP/1.1" status: 200 len: 277 time: 0.0986786
2026-07-02 11:18:25.584 10 INFO neutron.db.ovn_revision_numbers_db [None req-ea9a8882-9117-4139-94f2-b1bc3ff8c035 - - - - - -] Successfully bumped revision number for resource adfa82bb-1a7f-456b-9e52-b5d095d862c1 (type: ports) to 4
2026-07-02 11:18:25.778 9 WARNING neutron.scheduler.dhcp_agent_scheduler [None req-c41e237e-49f5-4a76-85e7-a3d547dc76e2 11bd9774d0c34d289d6debc34c2c5325 78a0e648cae04782846f0833207d6438 - - default default] No more DHCP agents
2026-07-02 11:18:25.784 9 WARNING neutron.api.rpc.agentnotifiers.dhcp_rpc_agent_api [None req-c41e237e-49f5-4a76-85e7-a3d547dc76e2 11bd9774d0c34d289d6debc34c2c5325 78a0e648cae04782846f0833207d6438 - - default default] Unable to schedule network 61762e10-0d89-4d59-80fa-689c7e2cd922: no agents available; will retry on subsequent port and subnet creation events.
2026-07-02 11:18:25.922 9 INFO neutron.db.ovn_revision_numbers_db [None req-c82fc588-d5f1-4318-82e7-64943ef5013b 7a0d84665b1f4a1288833aa07236b752 e5697475b2504714a97ee12d834598e3 - - default default] Successfully bumped revision number for resource adfa82bb-1a7f-456b-9e52-b5d095d862c1 (type: ports) to 5
2026-07-02 11:18:25.930 9 INFO neutron.db.ovn_revision_numbers_db [None req-c41e237e-49f5-4a76-85e7-a3d547dc76e2 11bd9774d0c34d289d6debc34c2c5325 78a0e648cae04782846f0833207d6438 - - default default] Successfully bumped revision number for resource 783bf2f5-39ef-4aa7-8080-7bafa85740a1 (type: ports) to 1
2026-07-02 11:18:25.939 9 INFO neutron.wsgi [None req-c82fc588-d5f1-4318-82e7-64943ef5013b 7a0d84665b1f4a1288833aa07236b752 e5697475b2504714a97ee12d834598e3 - - default default] 199.19.213.141 "PUT /v2.0/ports/adfa82bb-1a7f-456b-9e52-b5d095d862c1 HTTP/1.1" status: 200 len: 1487 time: 0.6589699 /var/lib/openstack/lib/python3.10/site-packages/pycadf/identifier.py:71: UserWarning: Invalid uuid: neutron. To ensure interoperability, identifiers should be a valid uuid. warnings.warn(('Invalid uuid: %s. To ensure interoperability, '
2026-07-02 11:18:25.968 9 INFO neutron.api.v2.resource [None req-29633428-f84b-41b1-a973-51e111af83cf 7a0d84665b1f4a1288833aa07236b752 e5697475b2504714a97ee12d834598e3 - - default default] show failed (client error): The resource could not be found.
2026-07-02 11:18:25.969 9 INFO neutron.wsgi [None req-29633428-f84b-41b1-a973-51e111af83cf 7a0d84665b1f4a1288833aa07236b752 e5697475b2504714a97ee12d834598e3 - - default default] 199.19.213.141 "GET /v2.0/security-groups/lb-38b81be4-861c-4935-890f-0dea22151a40 HTTP/1.1" status: 404 len: 355 time: 0.0218744
2026-07-02 11:18:25.985 9 INFO neutron.wsgi [None req-c41e237e-49f5-4a76-85e7-a3d547dc76e2 11bd9774d0c34d289d6debc34c2c5325 78a0e648cae04782846f0833207d6438 - - default default] 10.0.0.226 "POST /v2.0/networks HTTP/1.1" status: 201 len: 831 time: 0.8881459 /var/lib/openstack/lib/python3.10/site-packages/pycadf/identifier.py:71: UserWarning: Invalid uuid: neutron. To ensure interoperability, identifiers should be a valid uuid. warnings.warn(('Invalid uuid: %s. To ensure interoperability, '
2026-07-02 11:18:25.999 10 WARNING neutron_lib.context [None req-d24c25ee-a53a-4e5d-bd27-1920f5ed047d 11bd9774d0c34d289d6debc34c2c5325 78a0e648cae04782846f0833207d6438 - - default default] Method 'is_advsvc' is deprecated since 2023.2 release (neutron-lib 3.8.0) and will be removed once support for the old RBAC API policies will be removed from Neutron. Please use method 'is_service_role' instead.
2026-07-02 11:18:26.019 9 INFO neutron.wsgi [None req-75307dc9-d616-424f-8afc-6834f5ff901c 7a0d84665b1f4a1288833aa07236b752 e5697475b2504714a97ee12d834598e3 - - default default] 199.19.213.141 "GET /v2.0/security-groups?name=lb-38b81be4-861c-4935-890f-0dea22151a40 HTTP/1.1" status: 200 len: 1775 time: 0.0453501
2026-07-02 11:18:26.122 9 INFO neutron.notifiers.nova [-] Nova event matching ['req-42a3363a-841e-40a2-b7fb-6f0559b0f28f'] response: {'name': 'network-changed', 'server_uuid': 'aba589ac-246a-4a3f-b0d3-cd05dc9f9131', 'tag': 'adfa82bb-1a7f-456b-9e52-b5d095d862c1', 'status': 'completed', 'code': 200}
2026-07-02 11:18:26.204 10 INFO neutron.wsgi [req-3895d85a-0bcf-4ec2-884d-727809fb373f req-97cc46cf-658b-48ea-829d-d440efb73f17 5e007a168c114cf0992cd5247cb77e21 98bc5b0445ff45cf89441821158b4c60 - - 3dee5ac9e49443bea5daf9f44cd7a7ec 3dee5ac9e49443bea5daf9f44cd7a7ec] 199.19.213.141 "GET /v2.0/ports?tenant_id=e5697475b2504714a97ee12d834598e3&device_id=aba589ac-246a-4a3f-b0d3-cd05dc9f9131 HTTP/1.1" status: 200 len: 2716 time: 0.0586660
2026-07-02 11:18:26.304 10 INFO neutron.notifiers.nova [-] Nova event matching ['req-53eb1d06-1d5f-4f31-af6f-513f04312fbd'] response: {'server_uuid': 'aba589ac-246a-4a3f-b0d3-cd05dc9f9131', 'name': 'network-vif-plugged', 'status': 'completed', 'tag': 'adfa82bb-1a7f-456b-9e52-b5d095d862c1', 'code': 200}
2026-07-02 11:18:26.304 10 INFO neutron.notifiers.nova [-] Nova event matching ['req-53eb1d06-1d5f-4f31-af6f-513f04312fbd'] response: {'server_uuid': 'aba589ac-246a-4a3f-b0d3-cd05dc9f9131', 'name': 'network-vif-plugged', 'status': 'completed', 'tag': 'adfa82bb-1a7f-456b-9e52-b5d095d862c1', 'code': 200}
2026-07-02 11:18:26.311 10 INFO neutron.wsgi [req-3895d85a-0bcf-4ec2-884d-727809fb373f req-ba3641a4-409e-463d-9350-28fb524a3382 5e007a168c114cf0992cd5247cb77e21 98bc5b0445ff45cf89441821158b4c60 - - 3dee5ac9e49443bea5daf9f44cd7a7ec 3dee5ac9e49443bea5daf9f44cd7a7ec] 199.19.213.141 "GET /v2.0/networks?id=01de1f01-f403-457d-85a7-d2721f75e140 HTTP/1.1" status: 200 len: 1004 time: 0.1014946
2026-07-02 11:18:26.345 10 INFO neutron.wsgi [req-3895d85a-0bcf-4ec2-884d-727809fb373f req-3b5e346a-cee9-4f5d-9993-9e190a6814fa 5e007a168c114cf0992cd5247cb77e21 98bc5b0445ff45cf89441821158b4c60 - - 3dee5ac9e49443bea5daf9f44cd7a7ec 3dee5ac9e49443bea5daf9f44cd7a7ec] 199.19.213.141 "GET /v2.0/floatingips?fixed_ip_address=10.1.1.21&port_id=adfa82bb-1a7f-456b-9e52-b5d095d862c1 HTTP/1.1" status: 200 len: 217 time: 0.0284219 /var/lib/openstack/lib/python3.10/site-packages/pycadf/identifier.py:71: UserWarning: Invalid uuid: neutron. To ensure interoperability, identifiers should be a valid uuid. warnings.warn(('Invalid uuid: %s. To ensure interoperability, '
2026-07-02 11:18:26.407 10 INFO neutron.wsgi [req-3895d85a-0bcf-4ec2-884d-727809fb373f req-68bf1176-c620-4ba4-a88d-47eaf6211022 5e007a168c114cf0992cd5247cb77e21 98bc5b0445ff45cf89441821158b4c60 - - 3dee5ac9e49443bea5daf9f44cd7a7ec 3dee5ac9e49443bea5daf9f44cd7a7ec] 199.19.213.141 "GET /v2.0/subnets?id=b7b3d8b0-c0e1-4e81-823c-a661c93e6d12 HTTP/1.1" status: 200 len: 853 time: 0.0560529
2026-07-02 11:18:26.414 10 WARNING neutron.scheduler.dhcp_agent_scheduler [None req-d24c25ee-a53a-4e5d-bd27-1920f5ed047d 11bd9774d0c34d289d6debc34c2c5325 78a0e648cae04782846f0833207d6438 - - default default] No more DHCP agents
2026-07-02 11:18:26.418 10 WARNING neutron.api.rpc.agentnotifiers.dhcp_rpc_agent_api [None req-d24c25ee-a53a-4e5d-bd27-1920f5ed047d 11bd9774d0c34d289d6debc34c2c5325 78a0e648cae04782846f0833207d6438 - - default default] Unable to schedule network 61762e10-0d89-4d59-80fa-689c7e2cd922: no agents available; will retry on subsequent port and subnet creation events. /var/lib/openstack/lib/python3.10/site-packages/pycadf/identifier.py:71: UserWarning: Invalid uuid: neutron. To ensure interoperability, identifiers should be a valid uuid. warnings.warn(('Invalid uuid: %s. To ensure interoperability, '
2026-07-02 11:18:26.428 9 INFO neutron.db.ovn_revision_numbers_db [None req-4202625a-f7c4-4d77-9b0d-02890fff7a1d 7a0d84665b1f4a1288833aa07236b752 e5697475b2504714a97ee12d834598e3 - - default default] Successfully bumped revision number for resource adfa82bb-1a7f-456b-9e52-b5d095d862c1 (type: ports) to 6
2026-07-02 11:18:26.445 9 INFO neutron.wsgi [None req-4202625a-f7c4-4d77-9b0d-02890fff7a1d 7a0d84665b1f4a1288833aa07236b752 e5697475b2504714a97ee12d834598e3 - - default default] 199.19.213.141 "PUT /v2.0/ports/adfa82bb-1a7f-456b-9e52-b5d095d862c1 HTTP/1.1" status: 200 len: 1487 time: 0.4181359
2026-07-02 11:18:26.451 10 INFO neutron.wsgi [req-3895d85a-0bcf-4ec2-884d-727809fb373f req-b7b107fe-f5e4-4011-a255-631684b72825 5e007a168c114cf0992cd5247cb77e21 98bc5b0445ff45cf89441821158b4c60 - - 3dee5ac9e49443bea5daf9f44cd7a7ec 3dee5ac9e49443bea5daf9f44cd7a7ec] 199.19.213.141 "GET /v2.0/ports?network_id=01de1f01-f403-457d-85a7-d2721f75e140&device_owner=network%3Adhcp HTTP/1.1" status: 200 len: 210 time: 0.0345144
2026-07-02 11:18:26.541 10 INFO neutron.wsgi [req-3895d85a-0bcf-4ec2-884d-727809fb373f req-4a0d6b4e-e498-499c-aeff-c340bb2e39d7 5e007a168c114cf0992cd5247cb77e21 98bc5b0445ff45cf89441821158b4c60 - - 3dee5ac9e49443bea5daf9f44cd7a7ec 3dee5ac9e49443bea5daf9f44cd7a7ec] 199.19.213.141 "GET /v2.0/networks/01de1f01-f403-457d-85a7-d2721f75e140?fields=segments HTTP/1.1" status: 200 len: 212 time: 0.0753725
2026-07-02 11:18:26.567 10 INFO neutron.db.ovn_revision_numbers_db [None req-d24c25ee-a53a-4e5d-bd27-1920f5ed047d 11bd9774d0c34d289d6debc34c2c5325 78a0e648cae04782846f0833207d6438 - - default default] Successfully bumped revision number for resource 96706f49-abc4-4dd0-a569-eebc37af3d9b (type: ports) to 1
2026-07-02 11:18:26.632 10 INFO neutron.wsgi [req-3895d85a-0bcf-4ec2-884d-727809fb373f req-9c78c2ee-0218-4647-8f8f-634e956c1f15 5e007a168c114cf0992cd5247cb77e21 98bc5b0445ff45cf89441821158b4c60 - - 3dee5ac9e49443bea5daf9f44cd7a7ec 3dee5ac9e49443bea5daf9f44cd7a7ec] 199.19.213.141 "GET /v2.0/networks/01de1f01-f403-457d-85a7-d2721f75e140?fields=provider%3Aphysical_network&fields=provider%3Anetwork_type HTTP/1.1" status: 200 len: 277 time: 0.0830371
2026-07-02 11:18:26.635 10 INFO neutron.wsgi [None req-d24c25ee-a53a-4e5d-bd27-1920f5ed047d 11bd9774d0c34d289d6debc34c2c5325 78a0e648cae04782846f0833207d6438 - - default default] 10.0.0.226 "POST /v2.0/ports HTTP/1.1" status: 201 len: 942 time: 0.6440308
2026-07-02 11:18:26.648 10 WARNING neutron_lib.context [None req-e11e63f9-a3aa-4f30-8078-311d46e9ec22 11bd9774d0c34d289d6debc34c2c5325 78a0e648cae04782846f0833207d6438 - - default default] Method 'is_advsvc' is deprecated since 2023.2 release (neutron-lib 3.8.0) and will be removed once support for the old RBAC API policies will be removed from Neutron. Please use method 'is_service_role' instead.
2026-07-02 11:18:26.784 10 INFO neutron.db.segments_db [None req-e11e63f9-a3aa-4f30-8078-311d46e9ec22 11bd9774d0c34d289d6debc34c2c5325 78a0e648cae04782846f0833207d6438 - - default default] Added segment fbec002b-a3a3-484e-ba08-5d5f94ef3d9d of type geneve for network 1f29209c-af00-4dff-a49b-2b2e586c132d
2026-07-02 11:18:26.978 10 INFO neutron.db.ovn_revision_numbers_db [None req-e11e63f9-a3aa-4f30-8078-311d46e9ec22 11bd9774d0c34d289d6debc34c2c5325 78a0e648cae04782846f0833207d6438 - - default default] Successfully bumped revision number for resource 1f29209c-af00-4dff-a49b-2b2e586c132d (type: networks) to 1 /var/lib/openstack/lib/python3.10/site-packages/pycadf/identifier.py:71: UserWarning: Invalid uuid: neutron. To ensure interoperability, identifiers should be a valid uuid. warnings.warn(('Invalid uuid: %s. To ensure interoperability, '
2026-07-02 11:18:26.995 9 INFO neutron.wsgi [None req-6ecd09ee-004a-4342-beaa-b178d424bcde 7a0d84665b1f4a1288833aa07236b752 e5697475b2504714a97ee12d834598e3 - - default default] 199.19.213.141 "GET /v2.0/extensions/security-group HTTP/1.1" status: 200 len: 369 time: 0.0106621
2026-07-02 11:18:27.010 9 INFO neutron.wsgi [None req-3c208d5d-9029-456f-b634-ad8793e499a7 7a0d84665b1f4a1288833aa07236b752 e5697475b2504714a97ee12d834598e3 - - default default] 199.19.213.141 "GET /v2.0/extensions/dns-integration HTTP/1.1" status: 200 len: 371 time: 0.0059268
2026-07-02 11:18:27.022 9 INFO neutron.wsgi [None req-1fb7958c-1ba9-4366-91d3-95109fe67d4b 7a0d84665b1f4a1288833aa07236b752 e5697475b2504714a97ee12d834598e3 - - default default] 199.19.213.141 "GET /v2.0/extensions/qos HTTP/1.1" status: 200 len: 365 time: 0.0052593
2026-07-02 11:18:27.034 9 INFO neutron.wsgi [None req-0626c615-c93b-40fa-b7ff-66c2ecd535a1 7a0d84665b1f4a1288833aa07236b752 e5697475b2504714a97ee12d834598e3 - - default default] 199.19.213.141 "GET /v2.0/extensions/allowed-address-pairs HTTP/1.1" status: 200 len: 383 time: 0.0086703
2026-07-02 11:18:27.089 9 INFO neutron.wsgi [None req-b75ef2ea-9575-4f0a-a1cc-fa9fb8547ad4 7a0d84665b1f4a1288833aa07236b752 e5697475b2504714a97ee12d834598e3 - - default default] 199.19.213.141 "GET /v2.0/subnets/b7b3d8b0-c0e1-4e81-823c-a661c93e6d12 HTTP/1.1" status: 200 len: 850 time: 0.0469658
2026-07-02 11:18:27.135 9 INFO neutron.wsgi [None req-f8ca04c1-ef09-4bed-b859-ed1bdd4e461e 7a0d84665b1f4a1288833aa07236b752 e5697475b2504714a97ee12d834598e3 - - default default] 199.19.213.141 "GET /v2.0/ports/e7fff5aa-b758-42d5-ab95-ed5e5d908a11 HTTP/1.1" status: 200 len: 1332 time: 0.0366662
2026-07-02 11:18:27.179 9 INFO neutron.wsgi [None req-fdc7312a-b130-4803-bf52-bd262daa901f 7a0d84665b1f4a1288833aa07236b752 e5697475b2504714a97ee12d834598e3 - - default default] 199.19.213.141 "GET /v2.0/ports/adfa82bb-1a7f-456b-9e52-b5d095d862c1 HTTP/1.1" status: 200 len: 1515 time: 0.0382681
2026-07-02 11:18:27.218 10 WARNING neutron.scheduler.dhcp_agent_scheduler [None req-e11e63f9-a3aa-4f30-8078-311d46e9ec22 11bd9774d0c34d289d6debc34c2c5325 78a0e648cae04782846f0833207d6438 - - default default] No more DHCP agents
2026-07-02 11:18:27.220 10 WARNING neutron.api.rpc.agentnotifiers.dhcp_rpc_agent_api [None req-e11e63f9-a3aa-4f30-8078-311d46e9ec22 11bd9774d0c34d289d6debc34c2c5325 78a0e648cae04782846f0833207d6438 - - default default] Unable to schedule network 1f29209c-af00-4dff-a49b-2b2e586c132d: no agents available; will retry on subsequent port and subnet creation events.
2026-07-02 11:18:27.236 9 INFO neutron.wsgi [None req-f1618077-ad27-4cdd-a5fc-413044e9499a 7a0d84665b1f4a1288833aa07236b752 e5697475b2504714a97ee12d834598e3 - - default default] 199.19.213.141 "GET /v2.0/subnets/b7b3d8b0-c0e1-4e81-823c-a661c93e6d12 HTTP/1.1" status: 200 len: 850 time: 0.0473540
2026-07-02 11:18:27.314 10 INFO neutron.db.ovn_revision_numbers_db [None req-e11e63f9-a3aa-4f30-8078-311d46e9ec22 11bd9774d0c34d289d6debc34c2c5325 78a0e648cae04782846f0833207d6438 - - default default] Successfully bumped revision number for resource 191e7e97-dfc5-4f9c-8deb-8c80d3029760 (type: ports) to 1
2026-07-02 11:18:27.329 9 INFO neutron.wsgi [None req-36072062-ec41-4311-b84e-75b6362dff0a 7a0d84665b1f4a1288833aa07236b752 e5697475b2504714a97ee12d834598e3 - - default default] 199.19.213.141 "GET /v2.0/networks/01de1f01-f403-457d-85a7-d2721f75e140 HTTP/1.1" status: 200 len: 1001 time: 0.0849812
2026-07-02 11:18:27.344 10 INFO neutron.wsgi [None req-e11e63f9-a3aa-4f30-8078-311d46e9ec22 11bd9774d0c34d289d6debc34c2c5325 78a0e648cae04782846f0833207d6438 - - default default] 10.0.0.226 "POST /v2.0/networks HTTP/1.1" status: 201 len: 831 time: 0.7019839
2026-07-02 11:18:27.360 10 WARNING neutron_lib.context [None req-86235a8f-33a9-4d7a-9833-499c2076a94f 11bd9774d0c34d289d6debc34c2c5325 78a0e648cae04782846f0833207d6438 - - default default] Method 'is_advsvc' is deprecated since 2023.2 release (neutron-lib 3.8.0) and will be removed once support for the old RBAC API policies will be removed from Neutron. Please use method 'is_service_role' instead.
2026-07-02 11:18:27.372 9 INFO neutron.wsgi [None req-6cf24325-39a7-416a-aea0-d528dc33626e 7a0d84665b1f4a1288833aa07236b752 e5697475b2504714a97ee12d834598e3 - - default default] 199.19.213.141 "GET /v2.0/ports/e7fff5aa-b758-42d5-ab95-ed5e5d908a11 HTTP/1.1" status: 200 len: 1332 time: 0.0362935
2026-07-02 11:18:27.415 9 INFO neutron.wsgi [None req-5bf8db35-bbef-4d9b-9be0-6efece3b075e 7a0d84665b1f4a1288833aa07236b752 e5697475b2504714a97ee12d834598e3 - - default default] 199.19.213.141 "GET /v2.0/subnets/b7b3d8b0-c0e1-4e81-823c-a661c93e6d12 HTTP/1.1" status: 200 len: 850 time: 0.0352726
2026-07-02 11:18:27.634 10 WARNING neutron.scheduler.dhcp_agent_scheduler [None req-86235a8f-33a9-4d7a-9833-499c2076a94f 11bd9774d0c34d289d6debc34c2c5325 78a0e648cae04782846f0833207d6438 - - default default] No more DHCP agents
2026-07-02 11:18:27.637 10 WARNING neutron.api.rpc.agentnotifiers.dhcp_rpc_agent_api [None req-86235a8f-33a9-4d7a-9833-499c2076a94f 11bd9774d0c34d289d6debc34c2c5325 78a0e648cae04782846f0833207d6438 - - default default] Unable to schedule network 1f29209c-af00-4dff-a49b-2b2e586c132d: no agents available; will retry on subsequent port and subnet creation events.
2026-07-02 11:18:27.739 10 INFO neutron.db.ovn_revision_numbers_db [None req-86235a8f-33a9-4d7a-9833-499c2076a94f 11bd9774d0c34d289d6debc34c2c5325 78a0e648cae04782846f0833207d6438 - - default default] Successfully bumped revision number for resource 4c95fad9-f849-4786-8273-88a47cc53aba (type: ports) to 1
2026-07-02 11:18:27.777 10 INFO neutron.wsgi [None req-86235a8f-33a9-4d7a-9833-499c2076a94f 11bd9774d0c34d289d6debc34c2c5325 78a0e648cae04782846f0833207d6438 - - default default] 10.0.0.226 "POST /v2.0/ports HTTP/1.1" status: 201 len: 942 time: 0.4257326 /var/lib/openstack/lib/python3.10/site-packages/pycadf/identifier.py:71: UserWarning: Invalid uuid: neutron. To ensure interoperability, identifiers should be a valid uuid. warnings.warn(('Invalid uuid: %s. To ensure interoperability, '
2026-07-02 11:18:27.797 10 WARNING neutron_lib.context [None req-e4a37ce2-67bc-4d42-906c-38345cdc0077 11bd9774d0c34d289d6debc34c2c5325 78a0e648cae04782846f0833207d6438 - - default default] Method 'is_advsvc' is deprecated since 2023.2 release (neutron-lib 3.8.0) and will be removed once support for the old RBAC API policies will be removed from Neutron. Please use method 'is_service_role' instead.
2026-07-02 11:18:27.878 10 INFO neutron.db.segments_db [None req-e4a37ce2-67bc-4d42-906c-38345cdc0077 11bd9774d0c34d289d6debc34c2c5325 78a0e648cae04782846f0833207d6438 - - default default] Added segment c2d728bc-1b5c-4269-9f80-bee40790a2f1 of type geneve for network c10f9a6d-9787-44e0-af01-483849510077
2026-07-02 11:18:28.063 10 INFO neutron.db.ovn_revision_numbers_db [None req-e4a37ce2-67bc-4d42-906c-38345cdc0077 11bd9774d0c34d289d6debc34c2c5325 78a0e648cae04782846f0833207d6438 - - default default] Successfully bumped revision number for resource c10f9a6d-9787-44e0-af01-483849510077 (type: networks) to 1
2026-07-02 11:18:28.174 9 INFO neutron.notifiers.nova [-] Nova event matching ['req-f9d988ee-390d-4c0d-8701-48b26528e583'] response: {'name': 'network-changed', 'server_uuid': 'aba589ac-246a-4a3f-b0d3-cd05dc9f9131', 'tag': 'adfa82bb-1a7f-456b-9e52-b5d095d862c1', 'status': 'completed', 'code': 200}
2026-07-02 11:18:28.249 10 INFO neutron.wsgi [req-bd73eea0-a64d-480a-be71-178ba6290758 req-9a572293-fc3f-4be2-87fa-0fad10ec0486 5e007a168c114cf0992cd5247cb77e21 98bc5b0445ff45cf89441821158b4c60 - - 3dee5ac9e49443bea5daf9f44cd7a7ec 3dee5ac9e49443bea5daf9f44cd7a7ec] 199.19.213.141 "GET /v2.0/ports?tenant_id=e5697475b2504714a97ee12d834598e3&device_id=aba589ac-246a-4a3f-b0d3-cd05dc9f9131 HTTP/1.1" status: 200 len: 2716 time: 0.0573585
2026-07-02 11:18:28.309 10 WARNING neutron.scheduler.dhcp_agent_scheduler [None req-e4a37ce2-67bc-4d42-906c-38345cdc0077 11bd9774d0c34d289d6debc34c2c5325 78a0e648cae04782846f0833207d6438 - - default default] No more DHCP agents
2026-07-02 11:18:28.314 10 WARNING neutron.api.rpc.agentnotifiers.dhcp_rpc_agent_api [None req-e4a37ce2-67bc-4d42-906c-38345cdc0077 11bd9774d0c34d289d6debc34c2c5325 78a0e648cae04782846f0833207d6438 - - default default] Unable to schedule network c10f9a6d-9787-44e0-af01-483849510077: no agents available; will retry on subsequent port and subnet creation events.
2026-07-02 11:18:28.346 10 INFO neutron.wsgi [req-bd73eea0-a64d-480a-be71-178ba6290758 req-79eea0fc-d8fd-4eeb-ac99-73a756fb020a 5e007a168c114cf0992cd5247cb77e21 98bc5b0445ff45cf89441821158b4c60 - - 3dee5ac9e49443bea5daf9f44cd7a7ec 3dee5ac9e49443bea5daf9f44cd7a7ec] 199.19.213.141 "GET /v2.0/networks?id=01de1f01-f403-457d-85a7-d2721f75e140 HTTP/1.1" status: 200 len: 1004 time: 0.0900671
2026-07-02 11:18:28.378 10 INFO neutron.wsgi [req-bd73eea0-a64d-480a-be71-178ba6290758 req-0089dfc2-8c92-494a-8f24-5ada60dbf08e 5e007a168c114cf0992cd5247cb77e21 98bc5b0445ff45cf89441821158b4c60 - - 3dee5ac9e49443bea5daf9f44cd7a7ec 3dee5ac9e49443bea5daf9f44cd7a7ec] 199.19.213.141 "GET /v2.0/floatingips?fixed_ip_address=10.1.1.21&port_id=adfa82bb-1a7f-456b-9e52-b5d095d862c1 HTTP/1.1" status: 200 len: 217 time: 0.0226085
2026-07-02 11:18:28.438 10 INFO neutron.wsgi [req-bd73eea0-a64d-480a-be71-178ba6290758 req-41de82c9-1bf3-4470-92c0-02cc60fc75e4 5e007a168c114cf0992cd5247cb77e21 98bc5b0445ff45cf89441821158b4c60 - - 3dee5ac9e49443bea5daf9f44cd7a7ec 3dee5ac9e49443bea5daf9f44cd7a7ec] 199.19.213.141 "GET /v2.0/subnets?id=b7b3d8b0-c0e1-4e81-823c-a661c93e6d12 HTTP/1.1" status: 200 len: 853 time: 0.0513229
2026-07-02 11:18:28.453 10 INFO neutron.db.ovn_revision_numbers_db [None req-e4a37ce2-67bc-4d42-906c-38345cdc0077 11bd9774d0c34d289d6debc34c2c5325 78a0e648cae04782846f0833207d6438 - - default default] Successfully bumped revision number for resource f1c7f8f6-9f69-406a-ac89-d91c6be97cf3 (type: ports) to 1
2026-07-02 11:18:28.463 10 INFO neutron.wsgi [req-bd73eea0-a64d-480a-be71-178ba6290758 req-2f57cd8f-dbb7-4d3e-8ffc-678faa6b22d1 5e007a168c114cf0992cd5247cb77e21 98bc5b0445ff45cf89441821158b4c60 - - 3dee5ac9e49443bea5daf9f44cd7a7ec 3dee5ac9e49443bea5daf9f44cd7a7ec] 199.19.213.141 "GET /v2.0/ports?network_id=01de1f01-f403-457d-85a7-d2721f75e140&device_owner=network%3Adhcp HTTP/1.1" status: 200 len: 210 time: 0.0176258
2026-07-02 11:18:28.488 10 INFO neutron.wsgi [None req-e4a37ce2-67bc-4d42-906c-38345cdc0077 11bd9774d0c34d289d6debc34c2c5325 78a0e648cae04782846f0833207d6438 - - default default] 10.0.0.226 "POST /v2.0/networks HTTP/1.1" status: 201 len: 830 time: 0.7007625
2026-07-02 11:18:28.499 9 WARNING neutron_lib.context [None req-5f69e783-42b6-4e36-9962-f1acec4fe23c 11bd9774d0c34d289d6debc34c2c5325 78a0e648cae04782846f0833207d6438 - - default default] Method 'is_advsvc' is deprecated since 2023.2 release (neutron-lib 3.8.0) and will be removed once support for the old RBAC API policies will be removed from Neutron. Please use method 'is_service_role' instead.
2026-07-02 11:18:28.534 10 INFO neutron.wsgi [req-bd73eea0-a64d-480a-be71-178ba6290758 req-f5447c5c-080d-4f5d-8808-18fe0cb8daf4 5e007a168c114cf0992cd5247cb77e21 98bc5b0445ff45cf89441821158b4c60 - - 3dee5ac9e49443bea5daf9f44cd7a7ec 3dee5ac9e49443bea5daf9f44cd7a7ec] 199.19.213.141 "GET /v2.0/networks/01de1f01-f403-457d-85a7-d2721f75e140?fields=segments HTTP/1.1" status: 200 len: 212 time: 0.0646107
2026-07-02 11:18:28.606 10 INFO neutron.wsgi [req-bd73eea0-a64d-480a-be71-178ba6290758 req-6c6cbe2a-edac-4867-9c1a-266769034d6e 5e007a168c114cf0992cd5247cb77e21 98bc5b0445ff45cf89441821158b4c60 - - 3dee5ac9e49443bea5daf9f44cd7a7ec 3dee5ac9e49443bea5daf9f44cd7a7ec] 199.19.213.141 "GET /v2.0/networks/01de1f01-f403-457d-85a7-d2721f75e140?fields=provider%3Aphysical_network&fields=provider%3Anetwork_type HTTP/1.1" status: 200 len: 277 time: 0.0659876
2026-07-02 11:18:28.774 9 WARNING neutron.scheduler.dhcp_agent_scheduler [None req-5f69e783-42b6-4e36-9962-f1acec4fe23c 11bd9774d0c34d289d6debc34c2c5325 78a0e648cae04782846f0833207d6438 - - default default] No more DHCP agents
2026-07-02 11:18:28.777 9 WARNING neutron.api.rpc.agentnotifiers.dhcp_rpc_agent_api [None req-5f69e783-42b6-4e36-9962-f1acec4fe23c 11bd9774d0c34d289d6debc34c2c5325 78a0e648cae04782846f0833207d6438 - - default default] Unable to schedule network c10f9a6d-9787-44e0-af01-483849510077: no agents available; will retry on subsequent port and subnet creation events.
2026-07-02 11:18:28.889 9 INFO neutron.db.ovn_revision_numbers_db [None req-5f69e783-42b6-4e36-9962-f1acec4fe23c 11bd9774d0c34d289d6debc34c2c5325 78a0e648cae04782846f0833207d6438 - - default default] Successfully bumped revision number for resource 940d9a4e-8971-49d0-88e0-769e646cbb78 (type: ports) to 1
2026-07-02 11:18:28.919 9 INFO neutron.wsgi [None req-5f69e783-42b6-4e36-9962-f1acec4fe23c 11bd9774d0c34d289d6debc34c2c5325 78a0e648cae04782846f0833207d6438 - - default default] 10.0.0.226 "POST /v2.0/ports HTTP/1.1" status: 201 len: 942 time: 0.4263394
2026-07-02 11:18:28.986 10 INFO neutron.wsgi [None req-df470fdb-2aea-4009-aec2-2f90ab10522a 11bd9774d0c34d289d6debc34c2c5325 78a0e648cae04782846f0833207d6438 - - default default] 10.0.0.226 "PUT /v2.0/ports/1c6a6f3a-e049-400a-b984-1e7a310dde37/tags HTTP/1.1" status: 200 len: 210 time: 0.0609672
2026-07-02 11:18:29.081 10 INFO neutron.wsgi [None req-45c7bb48-787a-4569-84bb-961d9717a639 11bd9774d0c34d289d6debc34c2c5325 78a0e648cae04782846f0833207d6438 - - default default] 10.0.0.226 "PUT /v2.0/ports/ccb6bdd7-e97a-466b-9160-1e876414ec4b/tags HTTP/1.1" status: 200 len: 218 time: 0.0897801
2026-07-02 11:18:29.155 10 INFO neutron.wsgi [None req-fe8d2c09-af7b-42b9-a2a6-b6b5d03504cb 11bd9774d0c34d289d6debc34c2c5325 78a0e648cae04782846f0833207d6438 - - default default] 10.0.0.226 "PUT /v2.0/ports/96706f49-abc4-4dd0-a569-eebc37af3d9b/tags HTTP/1.1" status: 200 len: 227 time: 0.0674272
2026-07-02 11:18:29.507 10 INFO neutron.wsgi [None req-7823504f-75a8-4d5f-b060-3d4d9f6a1c35 11bd9774d0c34d289d6debc34c2c5325 78a0e648cae04782846f0833207d6438 - - default default] 10.0.0.226 "PUT /v2.0/ports/4c95fad9-f849-4786-8273-88a47cc53aba/tags HTTP/1.1" status: 200 len: 212 time: 0.3479645
2026-07-02 11:18:29.725 10 INFO neutron.wsgi [None req-37f3f6b4-b066-4ab9-bd40-e567eb780c06 11bd9774d0c34d289d6debc34c2c5325 78a0e648cae04782846f0833207d6438 - - default default] 10.0.0.226 "GET /v2.0/ports?tags=red HTTP/1.1" status: 200 len: 2448 time: 0.2133474
2026-07-02 11:18:29.741 9 INFO neutron.wsgi [-] 10.0.0.127 "GET / HTTP/1.1" status: 200 len: 247 time: 0.0018122
2026-07-02 11:18:29.744 9 INFO neutron.wsgi [-] 10.0.0.127 "GET / HTTP/1.1" status: 200 len: 247 time: 0.0016022
2026-07-02 11:18:29.810 10 INFO neutron.wsgi [None req-89a1fe12-09f8-4a94-ac46-4d9a962c5a36 11bd9774d0c34d289d6debc34c2c5325 78a0e648cae04782846f0833207d6438 - - default default] 10.0.0.226 "GET /v2.0/ports?tags=red%2Cblue HTTP/1.1" status: 200 len: 1708 time: 0.0800653
2026-07-02 11:18:29.884 10 INFO neutron.wsgi [None req-3636795b-665d-4f19-b621-0231e3671b49 11bd9774d0c34d289d6debc34c2c5325 78a0e648cae04782846f0833207d6438 - - default default] 10.0.0.226 "GET /v2.0/ports?tags-any=blue HTTP/1.1" status: 200 len: 1708 time: 0.0690451
2026-07-02 11:18:29.945 10 INFO neutron.wsgi [None req-dabadbce-d53b-4fad-a42c-5ea172c2aa7f 11bd9774d0c34d289d6debc34c2c5325 78a0e648cae04782846f0833207d6438 - - default default] 10.0.0.226 "GET /v2.0/ports?tags-any=red%2Cblue HTTP/1.1" status: 200 len: 2448 time: 0.0536315
2026-07-02 11:18:30.142 10 INFO neutron.wsgi [None req-09ff1ce2-64b2-46cc-8592-69442071cd89 11bd9774d0c34d289d6debc34c2c5325 78a0e648cae04782846f0833207d6438 - - default default] 10.0.0.226 "GET /v2.0/ports?not-tags=red HTTP/1.1" status: 200 len: 5463 time: 0.1903546
2026-07-02 11:18:30.238 10 INFO neutron.wsgi [None req-50852ff4-3e99-48fd-b4c6-b3e004b68453 11bd9774d0c34d289d6debc34c2c5325 78a0e648cae04782846f0833207d6438 - - default default] 10.0.0.226 "GET /v2.0/ports?not-tags=red%2Cblue HTTP/1.1" status: 200 len: 6203 time: 0.0899868
2026-07-02 11:18:30.326 10 INFO neutron.wsgi [None req-8276b16a-99f4-4d70-b4a5-64e1f2af39fd 11bd9774d0c34d289d6debc34c2c5325 78a0e648cae04782846f0833207d6438 - - default default] 10.0.0.226 "GET /v2.0/ports?not-tags-any=blue HTTP/1.1" status: 200 len: 6203 time: 0.0827045
2026-07-02 11:18:30.396 10 INFO neutron.wsgi [None req-2fbfae58-cd66-43a1-a7fb-b9908c56306c 11bd9774d0c34d289d6debc34c2c5325 78a0e648cae04782846f0833207d6438 - - default default] 10.0.0.226 "GET /v2.0/ports?not-tags-any=red%2Cblue HTTP/1.1" status: 200 len: 5463 time: 0.0651572
2026-07-02 11:18:30.670 10 INFO neutron.wsgi [None req-0d08476d-251e-4ba6-82bf-0764835addae 11bd9774d0c34d289d6debc34c2c5325 78a0e648cae04782846f0833207d6438 - - default default] 10.0.0.226 "DELETE /v2.0/ports/1c6a6f3a-e049-400a-b984-1e7a310dde37 HTTP/1.1" status: 204 len: 168 time: 0.2659607
2026-07-02 11:18:30.917 10 INFO neutron.wsgi [None req-321579ee-8047-485e-8814-d3fabfd0de8d 11bd9774d0c34d289d6debc34c2c5325 78a0e648cae04782846f0833207d6438 - - default default] 10.0.0.226 "DELETE /v2.0/ports/ccb6bdd7-e97a-466b-9160-1e876414ec4b HTTP/1.1" status: 204 len: 168 time: 0.2421091
2026-07-02 11:18:31.246 10 INFO neutron.wsgi [None req-ff58374e-6dbf-49e0-a9c7-e217f85e5cdd 11bd9774d0c34d289d6debc34c2c5325 78a0e648cae04782846f0833207d6438 - - default default] 10.0.0.226 "DELETE /v2.0/ports/96706f49-abc4-4dd0-a569-eebc37af3d9b HTTP/1.1" status: 204 len: 168 time: 0.3254604 /var/lib/openstack/lib/python3.10/site-packages/pycadf/identifier.py:71: UserWarning: Invalid uuid: neutron. To ensure interoperability, identifiers should be a valid uuid. warnings.warn(('Invalid uuid: %s. To ensure interoperability, '
2026-07-02 11:18:31.860 9 INFO neutron.wsgi [None req-e66cfbe3-122e-4a74-8e83-6cb72a48e747 11bd9774d0c34d289d6debc34c2c5325 78a0e648cae04782846f0833207d6438 - - default default] 10.0.0.226 "DELETE /v2.0/ports/4c95fad9-f849-4786-8273-88a47cc53aba HTTP/1.1" status: 204 len: 168 time: 0.6097786
2026-07-02 11:18:32.168 9 INFO neutron.wsgi [None req-ede14822-3ac3-4577-bf40-3487fc30a2a6 11bd9774d0c34d289d6debc34c2c5325 78a0e648cae04782846f0833207d6438 - - default default] 10.0.0.226 "DELETE /v2.0/ports/940d9a4e-8971-49d0-88e0-769e646cbb78 HTTP/1.1" status: 204 len: 168 time: 0.3025820
2026-07-02 11:18:32.675 9 INFO neutron.wsgi [None req-dfa1fa30-cbc6-49ca-9598-333c71d28b1e 11bd9774d0c34d289d6debc34c2c5325 78a0e648cae04782846f0833207d6438 - - default default] 10.0.0.226 "DELETE /v2.0/networks/6f59ff25-0a81-4674-bd50-b75d7c79070e HTTP/1.1" status: 204 len: 168 time: 0.5012176
2026-07-02 11:18:32.737 9 INFO neutron.services.segments.plugin [-] Segment 86e008ef-b29a-42d4-9659-3215d5653af8 resource provider aggregate not found
2026-07-02 11:18:32.757 9 INFO neutron.services.segments.plugin [-] Segment 86e008ef-b29a-42d4-9659-3215d5653af8 resource provider not found; error: Placement Client Error (4xx): {"errors": [{"status": 404, "title": "Not Found", "detail": "The resource could not be found.\n\n No resource provider with uuid 86e008ef-b29a-42d4-9659-3215d5653af8 found for delete ", "request_id": "req-ec41e03b-2aa8-46d3-afc0-fa6f349e4a69"}]}
2026-07-02 11:18:32.760 9 INFO neutron.services.segments.plugin [-] Segment 86e008ef-b29a-42d4-9659-3215d5653af8 resource provider aggregate not found
2026-07-02 11:18:32.779 9 INFO neutron.services.segments.plugin [-] Segment 86e008ef-b29a-42d4-9659-3215d5653af8 resource provider not found; error: Placement Client Error (4xx): {"errors": [{"status": 404, "title": "Not Found", "detail": "The resource could not be found.\n\n No resource provider with uuid 86e008ef-b29a-42d4-9659-3215d5653af8 found for delete ", "request_id": "req-365366b9-e93d-4cd8-a571-b1befc73ecb5"}]}
2026-07-02 11:18:33.076 10 INFO neutron.services.segments.plugin [-] Segment 4a91801e-c5fa-4d04-9bdd-3e3446fe7ad6 resource provider aggregate not found
2026-07-02 11:18:33.082 10 INFO neutron.services.segments.plugin [-] Segment 4a91801e-c5fa-4d04-9bdd-3e3446fe7ad6 resource provider aggregate not found
2026-07-02 11:18:33.098 10 INFO neutron.services.segments.plugin [-] Segment 4a91801e-c5fa-4d04-9bdd-3e3446fe7ad6 resource provider not found; error: Placement Client Error (4xx): {"errors": [{"status": 404, "title": "Not Found", "detail": "The resource could not be found.\n\n No resource provider with uuid 4a91801e-c5fa-4d04-9bdd-3e3446fe7ad6 found for delete ", "request_id": "req-639247a2-89bd-43b8-aefb-6cc2112a849c"}]}
2026-07-02 11:18:33.099 10 INFO neutron.services.segments.plugin [-] Segment 4a91801e-c5fa-4d04-9bdd-3e3446fe7ad6 resource provider not found; error: Placement Client Error (4xx): {"errors": [{"status": 404, "title": "Not Found", "detail": "The resource could not be found.\n\n No resource provider with uuid 4a91801e-c5fa-4d04-9bdd-3e3446fe7ad6 found for delete ", "request_id": "req-7baebeea-83d8-4557-ac0c-58fc5db11421"}]}
2026-07-02 11:18:33.146 10 INFO neutron.wsgi [None req-e726a73a-be4b-431c-97fa-350b2d8bcc99 11bd9774d0c34d289d6debc34c2c5325 78a0e648cae04782846f0833207d6438 - - default default] 10.0.0.226 "DELETE /v2.0/networks/3efe0915-c1d4-4272-8f90-87acaab94004 HTTP/1.1" status: 204 len: 168 time: 0.4647133
2026-07-02 11:18:33.675 9 INFO neutron.wsgi [None req-6056e239-8920-45ca-b43b-0827a745999c 11bd9774d0c34d289d6debc34c2c5325 78a0e648cae04782846f0833207d6438 - - default default] 10.0.0.226 "DELETE /v2.0/networks/61762e10-0d89-4d59-80fa-689c7e2cd922 HTTP/1.1" status: 204 len: 168 time: 0.5232725
2026-07-02 11:18:34.178 10 INFO neutron.wsgi [None req-37ddf3f5-6e8c-4915-ade1-bbe07ff60d72 11bd9774d0c34d289d6debc34c2c5325 78a0e648cae04782846f0833207d6438 - - default default] 10.0.0.226 "DELETE /v2.0/networks/1f29209c-af00-4dff-a49b-2b2e586c132d HTTP/1.1" status: 204 len: 168 time: 0.4975069
2026-07-02 11:18:34.606 9 INFO neutron.wsgi [None req-540d547b-da44-4aa2-8ba7-91f58fe15f68 11bd9774d0c34d289d6debc34c2c5325 78a0e648cae04782846f0833207d6438 - - default default] 10.0.0.226 "DELETE /v2.0/networks/c10f9a6d-9787-44e0-af01-483849510077 HTTP/1.1" status: 204 len: 168 time: 0.4214265
2026-07-02 11:18:34.776 9 INFO neutron.services.segments.plugin [-] Segment 68700fe4-1757-4c51-9dcf-b438c6e34607 resource provider aggregate not found
2026-07-02 11:18:34.800 9 INFO neutron.services.segments.plugin [-] Segment 68700fe4-1757-4c51-9dcf-b438c6e34607 resource provider aggregate not found
2026-07-02 11:18:34.806 9 INFO neutron.services.segments.plugin [-] Segment 68700fe4-1757-4c51-9dcf-b438c6e34607 resource provider not found; error: Placement Client Error (4xx): {"errors": [{"status": 404, "title": "Not Found", "detail": "The resource could not be found.\n\n No resource provider with uuid 68700fe4-1757-4c51-9dcf-b438c6e34607 found for delete ", "request_id": "req-968d4805-a826-445e-9ca3-4e6aaa10a8f1"}]}
2026-07-02 11:18:34.818 9 INFO neutron.services.segments.plugin [-] Segment 68700fe4-1757-4c51-9dcf-b438c6e34607 resource provider not found; error: Placement Client Error (4xx): {"errors": [{"status": 404, "title": "Not Found", "detail": "The resource could not be found.\n\n No resource provider with uuid 68700fe4-1757-4c51-9dcf-b438c6e34607 found for delete ", "request_id": "req-39250a17-985e-4a2d-a0fe-6066419b0160"}]}
2026-07-02 11:18:34.826 9 INFO neutron.services.segments.plugin [-] Segment c2d728bc-1b5c-4269-9f80-bee40790a2f1 resource provider aggregate not found
2026-07-02 11:18:34.838 9 INFO neutron.services.segments.plugin [-] Segment c2d728bc-1b5c-4269-9f80-bee40790a2f1 resource provider aggregate not found
2026-07-02 11:18:34.844 9 INFO neutron.services.segments.plugin [-] Segment c2d728bc-1b5c-4269-9f80-bee40790a2f1 resource provider not found; error: Placement Client Error (4xx): {"errors": [{"status": 404, "title": "Not Found", "detail": "The resource could not be found.\n\n No resource provider with uuid c2d728bc-1b5c-4269-9f80-bee40790a2f1 found for delete ", "request_id": "req-44e2b612-09fd-49af-9fb2-fbd7ea350f2d"}]}
2026-07-02 11:18:34.855 9 INFO neutron.services.segments.plugin [-] Segment c2d728bc-1b5c-4269-9f80-bee40790a2f1 resource provider not found; error: Placement Client Error (4xx): {"errors": [{"status": 404, "title": "Not Found", "detail": "The resource could not be found.\n\n No resource provider with uuid c2d728bc-1b5c-4269-9f80-bee40790a2f1 found for delete ", "request_id": "req-38ae13c6-57b0-4b1f-9eb8-c6f4caf7edf5"}]}
2026-07-02 11:18:35.127 10 INFO neutron.services.segments.plugin [-] Segment fbec002b-a3a3-484e-ba08-5d5f94ef3d9d resource provider aggregate not found
2026-07-02 11:18:35.133 10 INFO neutron.services.segments.plugin [-] Segment fbec002b-a3a3-484e-ba08-5d5f94ef3d9d resource provider aggregate not found
2026-07-02 11:18:35.145 10 INFO neutron.services.segments.plugin [-] Segment fbec002b-a3a3-484e-ba08-5d5f94ef3d9d resource provider not found; error: Placement Client Error (4xx): {"errors": [{"status": 404, "title": "Not Found", "detail": "The resource could not be found.\n\n No resource provider with uuid fbec002b-a3a3-484e-ba08-5d5f94ef3d9d found for delete ", "request_id": "req-c10ffb01-91c6-4fcb-97c8-86250812f197"}]}
2026-07-02 11:18:35.150 10 INFO neutron.services.segments.plugin [-] Segment fbec002b-a3a3-484e-ba08-5d5f94ef3d9d resource provider not found; error: Placement Client Error (4xx): {"errors": [{"status": 404, "title": "Not Found", "detail": "The resource could not be found.\n\n No resource provider with uuid fbec002b-a3a3-484e-ba08-5d5f94ef3d9d found for delete ", "request_id": "req-53e5fd0d-964a-4c6a-b604-3ab28c15deca"}]}
2026-07-02 11:18:35.858 10 WARNING neutron_lib.context [None req-c5dc1955-89cb-4e81-83a8-68d43ba37848 49bbfea4ad2f461489106c0b8b913bd7 98ec112854d4458798efd6c8b4ee493b - - default default] Method 'is_advsvc' is deprecated since 2023.2 release (neutron-lib 3.8.0) and will be removed once support for the old RBAC API policies will be removed from Neutron. Please use method 'is_service_role' instead.
2026-07-02 11:18:36.093 10 INFO neutron.db.ovn_revision_numbers_db [None req-3484f3f7-ab69-41d7-9284-c30ffda03414 7a0d84665b1f4a1288833aa07236b752 e5697475b2504714a97ee12d834598e3 - - default default] Successfully bumped revision number for resource f522746d-74af-4e2c-9b5d-879d50605f0c (type: security_groups) to 1
2026-07-02 11:18:36.127 10 INFO neutron.db.ovn_revision_numbers_db [None req-3484f3f7-ab69-41d7-9284-c30ffda03414 7a0d84665b1f4a1288833aa07236b752 e5697475b2504714a97ee12d834598e3 - - default default] Successfully bumped revision number for resource 54ba79b1-0941-4bd5-be4c-e093be48e80a (type: security_group_rules) to 0
2026-07-02 11:18:36.165 10 INFO neutron.db.ovn_revision_numbers_db [None req-3484f3f7-ab69-41d7-9284-c30ffda03414 7a0d84665b1f4a1288833aa07236b752 e5697475b2504714a97ee12d834598e3 - - default default] Successfully bumped revision number for resource 9b7c996b-4e57-4955-9963-0399ade1da7b (type: security_group_rules) to 0
2026-07-02 11:18:36.194 10 INFO neutron.db.ovn_revision_numbers_db [None req-3484f3f7-ab69-41d7-9284-c30ffda03414 7a0d84665b1f4a1288833aa07236b752 e5697475b2504714a97ee12d834598e3 - - default default] Successfully bumped revision number for resource b2ac4548-95e9-4f59-a591-2c0e50669cce (type: security_group_rules) to 0
2026-07-02 11:18:36.212 10 WARNING neutron.scheduler.dhcp_agent_scheduler [None req-c5dc1955-89cb-4e81-83a8-68d43ba37848 49bbfea4ad2f461489106c0b8b913bd7 98ec112854d4458798efd6c8b4ee493b - - default default] No more DHCP agents
2026-07-02 11:18:36.215 10 WARNING neutron.api.rpc.agentnotifiers.dhcp_rpc_agent_api [None req-c5dc1955-89cb-4e81-83a8-68d43ba37848 49bbfea4ad2f461489106c0b8b913bd7 98ec112854d4458798efd6c8b4ee493b - - default default] Unable to schedule network 7ab611bf-5fa1-4e32-a42d-9946d7bcf78a: no agents available; will retry on subsequent port and subnet creation events.
2026-07-02 11:18:36.218 10 INFO neutron.db.ovn_revision_numbers_db [None req-3484f3f7-ab69-41d7-9284-c30ffda03414 7a0d84665b1f4a1288833aa07236b752 e5697475b2504714a97ee12d834598e3 - - default default] Successfully bumped revision number for resource c9828f45-fa40-4693-bc41-f9a42853e416 (type: security_group_rules) to 0
2026-07-02 11:18:36.271 10 INFO neutron.wsgi [None req-3484f3f7-ab69-41d7-9284-c30ffda03414 7a0d84665b1f4a1288833aa07236b752 e5697475b2504714a97ee12d834598e3 - - default default] 10.0.0.226 "GET /v2.0/security-groups?tenant_id=a652481bccca4cf1a4b05899300a1f39&name=default HTTP/1.1" status: 200 len: 3000 time: 0.5661163
2026-07-02 11:18:36.516 9 INFO neutron.wsgi [None req-465d4f51-24e0-43b6-bfd5-8f17e26dc861 7a0d84665b1f4a1288833aa07236b752 e5697475b2504714a97ee12d834598e3 - - default default] 10.0.0.226 "DELETE /v2.0/security-groups/f522746d-74af-4e2c-9b5d-879d50605f0c HTTP/1.1" status: 204 len: 168 time: 0.2382355
2026-07-02 11:18:36.663 9 INFO neutron.wsgi [None req-a3183c6d-23ec-4be2-ab06-e1ea308eb74b 7a0d84665b1f4a1288833aa07236b752 e5697475b2504714a97ee12d834598e3 - - default default] 10.0.0.226 "GET /v2.0/security-groups?tenant_id=78a0e648cae04782846f0833207d6438&name=default HTTP/1.1" status: 200 len: 3000 time: 0.0358157
2026-07-02 11:18:36.797 10 INFO neutron.db.l3_db [None req-c5dc1955-89cb-4e81-83a8-68d43ba37848 49bbfea4ad2f461489106c0b8b913bd7 98ec112854d4458798efd6c8b4ee493b - - default default] Floating IP 8a7758a1-e264-4f7e-8a27-19576c8db05d associated. External IP: 10.96.250.209, port: e7fff5aa-b758-42d5-ab95-ed5e5d908a11.
2026-07-02 11:18:36.891 9 INFO neutron.wsgi [None req-50cb0565-afcf-4dad-b3be-2c3b2e4deb71 7a0d84665b1f4a1288833aa07236b752 e5697475b2504714a97ee12d834598e3 - - default default] 10.0.0.226 "DELETE /v2.0/security-groups/7b60742b-c840-4a74-9e84-c48efdc9565a HTTP/1.1" status: 204 len: 168 time: 0.2225547
