2026-07-02 11:18:10.431 9 WARNING neutron.scheduler.dhcp_agent_scheduler [None req-388490e5-9075-48a8-bd34-6253d933d96f 33378d7fb4c94ff9a97fe9c0ee8c53c9 a26e03c51d424c3084853b3a24621067 - - default default] No more DHCP agents
2026-07-02 11:18:10.433 9 WARNING neutron.api.rpc.agentnotifiers.dhcp_rpc_agent_api [None req-388490e5-9075-48a8-bd34-6253d933d96f 33378d7fb4c94ff9a97fe9c0ee8c53c9 a26e03c51d424c3084853b3a24621067 - - default default] Unable to schedule network 6352fb68-cb13-458f-b27c-49db58b909f5: no agents available; will retry on subsequent port and subnet creation events.
2026-07-02 11:18:11.009 9 INFO neutron.db.ovn_revision_numbers_db [None req-388490e5-9075-48a8-bd34-6253d933d96f 33378d7fb4c94ff9a97fe9c0ee8c53c9 a26e03c51d424c3084853b3a24621067 - - default default] Successfully bumped revision number for resource 19eca256-17d3-4b02-9d3a-82befd5f10cb (type: ports) to 2
2026-07-02 11:18:11.055 9 INFO neutron.db.ovn_revision_numbers_db [None req-388490e5-9075-48a8-bd34-6253d933d96f 33378d7fb4c94ff9a97fe9c0ee8c53c9 a26e03c51d424c3084853b3a24621067 - - default default] Successfully bumped revision number for resource aea8173c-1672-4424-a3a0-a1100644f026 (type: subnets) to 0
2026-07-02 11:18:11.074 9 INFO neutron.wsgi [None req-388490e5-9075-48a8-bd34-6253d933d96f 33378d7fb4c94ff9a97fe9c0ee8c53c9 a26e03c51d424c3084853b3a24621067 - - default default] 10.0.0.226 "POST /v2.0/subnets HTTP/1.1" status: 201 len: 822 time: 0.8161938
2026-07-02 11:18:11.652 9 INFO neutron.wsgi [None req-bb175720-7a19-4512-a783-01d94200bb74 33378d7fb4c94ff9a97fe9c0ee8c53c9 a26e03c51d424c3084853b3a24621067 - - default default] 10.0.0.226 "POST /v2.0/rbac-policies HTTP/1.1" status: 201 len: 523 time: 0.5722876
2026-07-02 11:18:12.315 9 INFO neutron.wsgi [None req-61a108b3-49d7-4af4-ad2f-eea42751c76f 7981335a594b4968970a52698f1235cd a5cbd7493df345bb8fb3d9b533658f14 - - default default] 10.0.0.226 "GET /v2.0/networks/6352fb68-cb13-458f-b27c-49db58b909f5 HTTP/1.1" status: 200 len: 848 time: 0.2580783
2026-07-02 11:18:12.582 10 INFO neutron.wsgi [None req-1aee663c-149e-4221-81c1-6d58c5dede43 11435cbf8b0f4a5587484baf37d4a686 748048860d9946c7851f67feb761541d - - default default] 10.0.0.226 "POST /v2.0/qos/policies HTTP/1.1" status: 201 len: 558 time: 0.1240525
2026-07-02 11:18:12.617 10 INFO neutron.wsgi [None req-2fa85221-bb7c-48a9-872b-83f632fb1577 11435cbf8b0f4a5587484baf37d4a686 748048860d9946c7851f67feb761541d - - default default] 10.0.0.226 "PUT /v2.0/policies/f137416d-1cc9-4926-ac10-a2d1bfcaaf34/tags HTTP/1.1" status: 200 len: 218 time: 0.0297749
2026-07-02 11:18:12.649 9 INFO neutron.wsgi [None req-d6f526d8-9002-486d-a1e9-faa545960037 11435cbf8b0f4a5587484baf37d4a686 748048860d9946c7851f67feb761541d - - default default] 10.0.0.226 "GET /v2.0/policies/f137416d-1cc9-4926-ac10-a2d1bfcaaf34/tags HTTP/1.1" status: 200 len: 218 time: 0.0253963
2026-07-02 11:18:12.685 9 INFO neutron.wsgi [None req-2b4fad67-bdb9-4b71-8d0b-048de2efbad1 11435cbf8b0f4a5587484baf37d4a686 748048860d9946c7851f67feb761541d - - default default] 10.0.0.226 "PUT /v2.0/policies/f137416d-1cc9-4926-ac10-a2d1bfcaaf34/tags/green HTTP/1.1" status: 201 len: 201 time: 0.0299575
2026-07-02 11:18:12.713 9 INFO neutron.wsgi [None req-65a9c7b5-f143-41fc-bd81-ff83205da57a 11435cbf8b0f4a5587484baf37d4a686 748048860d9946c7851f67feb761541d - - default default] 10.0.0.226 "GET /v2.0/policies/f137416d-1cc9-4926-ac10-a2d1bfcaaf34/tags HTTP/1.1" status: 200 len: 227 time: 0.0231981
2026-07-02 11:18:12.739 9 INFO neutron.wsgi [None req-947a92e2-1169-4d3f-8566-120dd54d6837 11435cbf8b0f4a5587484baf37d4a686 748048860d9946c7851f67feb761541d - - default default] 10.0.0.226 "PUT /v2.0/policies/f137416d-1cc9-4926-ac10-a2d1bfcaaf34/tags/red HTTP/1.1" status: 201 len: 201 time: 0.0198469
2026-07-02 11:18:12.766 9 INFO neutron.pecan_wsgi.hooks.translation [None req-b934b0ee-b6eb-4c21-ad9d-24fa858f19b8 0e268678ea444a1599ce89bca1ab756b 1a1bf9046ae94b0ebc327adb6dfeac6e - - default default] GET failed (client error): The resource could not be found.
2026-07-02 11:18:12.768 9 INFO neutron.wsgi [None req-b934b0ee-b6eb-4c21-ad9d-24fa858f19b8 0e268678ea444a1599ce89bca1ab756b 1a1bf9046ae94b0ebc327adb6dfeac6e - - default default] 10.0.0.226 "GET /v2.0/networks/6352fb68-cb13-458f-b27c-49db58b909f5 HTTP/1.1" status: 404 len: 339 time: 0.0673769
2026-07-02 11:18:12.771 9 INFO neutron.wsgi [None req-f6c5f6c5-fa24-4533-9475-a3c870801e9d 11435cbf8b0f4a5587484baf37d4a686 748048860d9946c7851f67feb761541d - - default default] 10.0.0.226 "GET /v2.0/policies/f137416d-1cc9-4926-ac10-a2d1bfcaaf34/tags HTTP/1.1" status: 200 len: 227 time: 0.0288599
2026-07-02 11:18:12.827 9 INFO neutron.wsgi [None req-6d9db0f6-f82c-453c-8bb3-0d5837b40dcb 11435cbf8b0f4a5587484baf37d4a686 748048860d9946c7851f67feb761541d - - default default] 10.0.0.226 "PUT /v2.0/policies/f137416d-1cc9-4926-ac10-a2d1bfcaaf34/tags/black.or.white HTTP/1.1" status: 201 len: 201 time: 0.0473850
2026-07-02 11:18:12.849 9 INFO neutron.wsgi [None req-61ec7834-e798-4c8b-b3b7-9160c5b872a4 11435cbf8b0f4a5587484baf37d4a686 748048860d9946c7851f67feb761541d - - default default] 10.0.0.226 "GET /v2.0/policies/f137416d-1cc9-4926-ac10-a2d1bfcaaf34/tags HTTP/1.1" status: 200 len: 245 time: 0.0160980
2026-07-02 11:18:12.901 10 INFO neutron.wsgi [None req-a47235a9-0d61-40f7-84d3-28072c8f428e 11435cbf8b0f4a5587484baf37d4a686 748048860d9946c7851f67feb761541d - - default default] 10.0.0.226 "PUT /v2.0/policies/f137416d-1cc9-4926-ac10-a2d1bfcaaf34/tags HTTP/1.1" status: 200 len: 230 time: 0.0459640
2026-07-02 11:18:12.937 9 INFO neutron.wsgi [None req-9ac40a02-ce5b-4105-a337-a163cacc1a76 11435cbf8b0f4a5587484baf37d4a686 748048860d9946c7851f67feb761541d - - default default] 10.0.0.226 "GET /v2.0/policies/f137416d-1cc9-4926-ac10-a2d1bfcaaf34/tags HTTP/1.1" status: 200 len: 230 time: 0.0300262
2026-07-02 11:18:12.972 9 INFO neutron.wsgi [None req-2f10749e-aa0f-4fef-a3dc-0a21382718c1 11435cbf8b0f4a5587484baf37d4a686 748048860d9946c7851f67feb761541d - - default default] 10.0.0.226 "GET /v2.0/policies/f137416d-1cc9-4926-ac10-a2d1bfcaaf34/tags/red HTTP/1.1" status: 204 len: 168 time: 0.0306127
2026-07-02 11:18:12.997 9 INFO neutron.api.v2.resource [None req-23ce675e-7939-4578-aa28-6d337e42e425 11435cbf8b0f4a5587484baf37d4a686 748048860d9946c7851f67feb761541d - - default default] show failed (client error): The resource could not be found.
2026-07-02 11:18:12.999 9 INFO neutron.wsgi [None req-23ce675e-7939-4578-aa28-6d337e42e425 11435cbf8b0f4a5587484baf37d4a686 748048860d9946c7851f67feb761541d - - default default] 10.0.0.226 "GET /v2.0/policies/f137416d-1cc9-4926-ac10-a2d1bfcaaf34/tags/green HTTP/1.1" status: 404 len: 299 time: 0.0210245
2026-07-02 11:18:13.157 10 INFO neutron.wsgi [None req-c448880c-6a2d-40a7-9140-1d44d85742cc 11435cbf8b0f4a5587484baf37d4a686 748048860d9946c7851f67feb761541d - - default default] 10.0.0.226 "DELETE /v2.0/policies/f137416d-1cc9-4926-ac10-a2d1bfcaaf34/tags/red HTTP/1.1" status: 204 len: 168 time: 0.1525779
2026-07-02 11:18:13.204 10 INFO neutron.wsgi [None req-7b6ed07d-bee0-40d5-a5a4-9c3ccdb10664 11435cbf8b0f4a5587484baf37d4a686 748048860d9946c7851f67feb761541d - - default default] 10.0.0.226 "GET /v2.0/policies/f137416d-1cc9-4926-ac10-a2d1bfcaaf34/tags HTTP/1.1" status: 200 len: 223 time: 0.0412085
2026-07-02 11:18:13.248 9 INFO neutron.api.v2.resource [None req-0f33d06d-a79a-41ce-bbcf-454d157726f0 11435cbf8b0f4a5587484baf37d4a686 748048860d9946c7851f67feb761541d - - default default] delete failed (client error): The resource could not be found.
2026-07-02 11:18:13.250 9 INFO neutron.wsgi [None req-0f33d06d-a79a-41ce-bbcf-454d157726f0 11435cbf8b0f4a5587484baf37d4a686 748048860d9946c7851f67feb761541d - - default default] 10.0.0.226 "DELETE /v2.0/policies/f137416d-1cc9-4926-ac10-a2d1bfcaaf34/tags/green HTTP/1.1" status: 404 len: 299 time: 0.0408478
2026-07-02 11:18:13.298 9 INFO neutron.wsgi [None req-359f88e7-f383-4f40-b2be-526cd340a43d 11435cbf8b0f4a5587484baf37d4a686 748048860d9946c7851f67feb761541d - - default default] 10.0.0.226 "DELETE /v2.0/policies/f137416d-1cc9-4926-ac10-a2d1bfcaaf34/tags HTTP/1.1" status: 204 len: 168 time: 0.0422750
2026-07-02 11:18:13.327 10 INFO neutron.wsgi [None req-17cc7f66-8e24-4db7-b456-53521f3f871f 11435cbf8b0f4a5587484baf37d4a686 748048860d9946c7851f67feb761541d - - default default] 10.0.0.226 "GET /v2.0/policies/f137416d-1cc9-4926-ac10-a2d1bfcaaf34/tags HTTP/1.1" status: 200 len: 205 time: 0.0249553
2026-07-02 11:18:13.422 9 INFO neutron.wsgi [None req-dcb3a5b4-7c8e-4ac7-89d5-58eaea4b5cbc 11435cbf8b0f4a5587484baf37d4a686 748048860d9946c7851f67feb761541d - - default default] 10.0.0.226 "DELETE /v2.0/qos/policies/f137416d-1cc9-4926-ac10-a2d1bfcaaf34 HTTP/1.1" status: 204 len: 168 time: 0.0868616
2026-07-02 11:18:13.532 10 INFO neutron.services.segments.plugin [-] Segment 013f2450-bc80-4b2f-890c-fb1fd60ff0a1 resource provider aggregate not found
2026-07-02 11:18:13.537 10 INFO neutron.services.segments.plugin [-] Segment 013f2450-bc80-4b2f-890c-fb1fd60ff0a1 resource provider aggregate not found
2026-07-02 11:18:13.559 10 INFO neutron.services.segments.plugin [-] Segment 013f2450-bc80-4b2f-890c-fb1fd60ff0a1 resource provider not found; error: Placement Client Error (4xx): {"errors": [{"status": 404, "title": "Not Found", "detail": "The resource could not be found.\n\n No resource provider with uuid 013f2450-bc80-4b2f-890c-fb1fd60ff0a1 found for delete ", "request_id": "req-80abb911-9be5-4fc4-b176-65a3095da417"}]}
2026-07-02 11:18:13.563 10 INFO neutron.services.segments.plugin [-] Segment 013f2450-bc80-4b2f-890c-fb1fd60ff0a1 resource provider not found; error: Placement Client Error (4xx): {"errors": [{"status": 404, "title": "Not Found", "detail": "The resource could not be found.\n\n No resource provider with uuid 013f2450-bc80-4b2f-890c-fb1fd60ff0a1 found for delete ", "request_id": "req-da2f2758-e5b0-4512-a7cd-27972d1d0412"}]}
2026-07-02 11:18:13.580 10 INFO neutron.wsgi [None req-ee211aba-cad3-495a-ac7b-3da43edf4f89 33378d7fb4c94ff9a97fe9c0ee8c53c9 a26e03c51d424c3084853b3a24621067 - - default default] 10.0.0.226 "DELETE /v2.0/networks/6352fb68-cb13-458f-b27c-49db58b909f5 HTTP/1.1" status: 204 len: 168 time: 0.8053257
2026-07-02 11:18:13.601 9 INFO neutron.pecan_wsgi.hooks.translation [None req-41612825-a28c-48ea-98b2-8eb1f5b2580a 33378d7fb4c94ff9a97fe9c0ee8c53c9 a26e03c51d424c3084853b3a24621067 - - default default] DELETE failed (client error): The resource could not be found.
2026-07-02 11:18:13.603 9 INFO neutron.wsgi [None req-41612825-a28c-48ea-98b2-8eb1f5b2580a 33378d7fb4c94ff9a97fe9c0ee8c53c9 a26e03c51d424c3084853b3a24621067 - - default default] 10.0.0.226 "DELETE /v2.0/subnets/848154c0-12cd-4b01-8030-4bfd88bf9038 HTTP/1.1" status: 404 len: 337 time: 0.0165832
2026-07-02 11:18:13.623 9 INFO neutron.pecan_wsgi.hooks.translation [None req-b0f57941-42e4-4f49-944c-8c927d7686a7 33378d7fb4c94ff9a97fe9c0ee8c53c9 a26e03c51d424c3084853b3a24621067 - - default default] DELETE failed (client error): The resource could not be found.
2026-07-02 11:18:13.626 9 INFO neutron.wsgi [None req-b0f57941-42e4-4f49-944c-8c927d7686a7 33378d7fb4c94ff9a97fe9c0ee8c53c9 a26e03c51d424c3084853b3a24621067 - - default default] 10.0.0.226 "DELETE /v2.0/subnets/9f9d30e8-3515-4911-9fc3-98efb745dd08 HTTP/1.1" status: 404 len: 337 time: 0.0175824
2026-07-02 11:18:13.648 9 INFO neutron.pecan_wsgi.hooks.translation [None req-dea6f62b-5b7c-4f1b-bd52-16e5a965f9ec 33378d7fb4c94ff9a97fe9c0ee8c53c9 a26e03c51d424c3084853b3a24621067 - - default default] DELETE failed (client error): The resource could not be found.
2026-07-02 11:18:13.650 9 INFO neutron.wsgi [None req-dea6f62b-5b7c-4f1b-bd52-16e5a965f9ec 33378d7fb4c94ff9a97fe9c0ee8c53c9 a26e03c51d424c3084853b3a24621067 - - default default] 10.0.0.226 "DELETE /v2.0/subnets/aea8173c-1672-4424-a3a0-a1100644f026 HTTP/1.1" status: 404 len: 337 time: 0.0199332
2026-07-02 11:18:14.555 9 INFO neutron.db.ovn_revision_numbers_db [None req-6e2313ee-157b-462d-bbd6-1fed13277a7e 7a0d84665b1f4a1288833aa07236b752 e5697475b2504714a97ee12d834598e3 - - default default] Successfully bumped revision number for resource 708c0e91-37ba-4318-92ee-867b5550cb7a (type: security_groups) to 1
2026-07-02 11:18:14.613 9 INFO neutron.db.ovn_revision_numbers_db [None req-6e2313ee-157b-462d-bbd6-1fed13277a7e 7a0d84665b1f4a1288833aa07236b752 e5697475b2504714a97ee12d834598e3 - - default default] Successfully bumped revision number for resource 04136102-87a9-468b-81cf-7e1c363b6ba3 (type: security_group_rules) to 0
2026-07-02 11:18:14.648 9 INFO neutron.db.ovn_revision_numbers_db [None req-6e2313ee-157b-462d-bbd6-1fed13277a7e 7a0d84665b1f4a1288833aa07236b752 e5697475b2504714a97ee12d834598e3 - - default default] Successfully bumped revision number for resource 84abbbf5-9c02-4fc5-a49d-2bab2d2b6573 (type: security_group_rules) to 0
2026-07-02 11:18:14.686 9 INFO neutron.db.ovn_revision_numbers_db [None req-6e2313ee-157b-462d-bbd6-1fed13277a7e 7a0d84665b1f4a1288833aa07236b752 e5697475b2504714a97ee12d834598e3 - - default default] Successfully bumped revision number for resource cb40b0ce-3da0-4980-bf8d-8d80c5abf916 (type: security_group_rules) to 0
2026-07-02 11:18:14.707 9 INFO neutron.db.ovn_revision_numbers_db [None req-6e2313ee-157b-462d-bbd6-1fed13277a7e 7a0d84665b1f4a1288833aa07236b752 e5697475b2504714a97ee12d834598e3 - - default default] Successfully bumped revision number for resource e6051ea7-8501-4eb7-b104-aeb2a254f24b (type: security_group_rules) to 0
2026-07-02 11:18:14.740 9 INFO neutron.wsgi [None req-6e2313ee-157b-462d-bbd6-1fed13277a7e 7a0d84665b1f4a1288833aa07236b752 e5697475b2504714a97ee12d834598e3 - - default default] 10.0.0.226 "GET /v2.0/security-groups?tenant_id=3aff0bc0046b47e5bd07260c7f16fbbc&name=default HTTP/1.1" status: 200 len: 3000 time: 0.5168378
2026-07-02 11:18:14.743 10 INFO neutron.wsgi [-] 10.0.0.127 "GET / HTTP/1.1" status: 200 len: 247 time: 0.0028064
2026-07-02 11:18:14.751 10 INFO neutron.wsgi [-] 10.0.0.127 "GET / HTTP/1.1" status: 200 len: 247 time: 0.0016935
2026-07-02 11:18:15.018 9 INFO neutron.wsgi [None req-0542c78d-6fa8-45b9-9f91-6f18c03c12e1 7a0d84665b1f4a1288833aa07236b752 e5697475b2504714a97ee12d834598e3 - - default default] 10.0.0.226 "DELETE /v2.0/security-groups/708c0e91-37ba-4318-92ee-867b5550cb7a HTTP/1.1" status: 204 len: 168 time: 0.2716002
2026-07-02 11:18:15.020 10 INFO neutron.wsgi [None req-ef557846-6d54-4d6c-98a1-cdc8e8129cba 7a0d84665b1f4a1288833aa07236b752 e5697475b2504714a97ee12d834598e3 - - default default] 10.0.0.226 "GET /v2.0/security-groups?tenant_id=a26e03c51d424c3084853b3a24621067&name=default HTTP/1.1" status: 200 len: 3000 time: 0.1654749
2026-07-02 11:18:15.338 9 INFO neutron.db.ovn_revision_numbers_db [None req-c2bae972-aacb-4f71-976b-a19ebd987d45 7a0d84665b1f4a1288833aa07236b752 e5697475b2504714a97ee12d834598e3 - - default default] Successfully bumped revision number for resource 4c391913-7f94-4561-a54c-08b360fb4b8b (type: security_groups) to 1
2026-07-02 11:18:15.363 9 INFO neutron.db.ovn_revision_numbers_db [None req-c2bae972-aacb-4f71-976b-a19ebd987d45 7a0d84665b1f4a1288833aa07236b752 e5697475b2504714a97ee12d834598e3 - - default default] Successfully bumped revision number for resource 4588a3ac-5627-40eb-a666-2836f1a7ed77 (type: security_group_rules) to 0
2026-07-02 11:18:15.385 9 INFO neutron.db.ovn_revision_numbers_db [None req-c2bae972-aacb-4f71-976b-a19ebd987d45 7a0d84665b1f4a1288833aa07236b752 e5697475b2504714a97ee12d834598e3 - - default default] Successfully bumped revision number for resource c61c3dc0-7b60-476f-9354-186c28f6bc90 (type: security_group_rules) to 0
2026-07-02 11:18:15.396 10 INFO neutron.wsgi [None req-2b6999f6-8505-4189-b1e7-a12f667e34d0 7a0d84665b1f4a1288833aa07236b752 e5697475b2504714a97ee12d834598e3 - - default default] 10.0.0.226 "DELETE /v2.0/security-groups/6baa448f-e51c-4c6d-8508-1dac5f70ca4c HTTP/1.1" status: 204 len: 168 time: 0.3710599
2026-07-02 11:18:15.407 9 INFO neutron.db.ovn_revision_numbers_db [None req-c2bae972-aacb-4f71-976b-a19ebd987d45 7a0d84665b1f4a1288833aa07236b752 e5697475b2504714a97ee12d834598e3 - - default default] Successfully bumped revision number for resource e210ca41-321e-4d6a-9514-f05e2cddf349 (type: security_group_rules) to 0
2026-07-02 11:18:15.429 9 INFO neutron.db.ovn_revision_numbers_db [None req-c2bae972-aacb-4f71-976b-a19ebd987d45 7a0d84665b1f4a1288833aa07236b752 e5697475b2504714a97ee12d834598e3 - - default default] Successfully bumped revision number for resource e9c2b93d-c445-43b6-84b7-a768960e9d59 (type: security_group_rules) to 0
2026-07-02 11:18:15.460 9 INFO neutron.wsgi [None req-c2bae972-aacb-4f71-976b-a19ebd987d45 7a0d84665b1f4a1288833aa07236b752 e5697475b2504714a97ee12d834598e3 - - default default] 10.0.0.226 "GET /v2.0/security-groups?tenant_id=748048860d9946c7851f67feb761541d&name=default HTTP/1.1" status: 200 len: 3000 time: 0.3043880
2026-07-02 11:18:15.810 10 INFO neutron.db.ovn_revision_numbers_db [None req-3383ef27-d749-496f-85e4-0156bc5dcb3b 7a0d84665b1f4a1288833aa07236b752 e5697475b2504714a97ee12d834598e3 - - default default] Successfully bumped revision number for resource 79c00026-2698-4440-bb2c-8335f6156735 (type: security_groups) to 1
2026-07-02 11:18:15.816 10 INFO neutron.wsgi [None req-1c6b256d-76f9-4616-b710-3ad1603a8f32 7a0d84665b1f4a1288833aa07236b752 e5697475b2504714a97ee12d834598e3 - - default default] 10.0.0.226 "DELETE /v2.0/security-groups/4c391913-7f94-4561-a54c-08b360fb4b8b HTTP/1.1" status: 204 len: 168 time: 0.3485804
2026-07-02 11:18:15.830 10 INFO neutron.db.ovn_revision_numbers_db [None req-3383ef27-d749-496f-85e4-0156bc5dcb3b 7a0d84665b1f4a1288833aa07236b752 e5697475b2504714a97ee12d834598e3 - - default default] Successfully bumped revision number for resource 328cd922-2131-4f2f-b3da-b825859cb173 (type: security_group_rules) to 0
2026-07-02 11:18:15.850 10 INFO neutron.db.ovn_revision_numbers_db [None req-3383ef27-d749-496f-85e4-0156bc5dcb3b 7a0d84665b1f4a1288833aa07236b752 e5697475b2504714a97ee12d834598e3 - - default default] Successfully bumped revision number for resource 7a57ae0a-be40-4fef-bb01-a03b42d31b20 (type: security_group_rules) to 0
2026-07-02 11:18:15.867 10 INFO neutron.db.ovn_revision_numbers_db [None req-3383ef27-d749-496f-85e4-0156bc5dcb3b 7a0d84665b1f4a1288833aa07236b752 e5697475b2504714a97ee12d834598e3 - - default default] Successfully bumped revision number for resource ae4951be-acf9-45dc-abde-d24454d96528 (type: security_group_rules) to 0
2026-07-02 11:18:15.888 10 INFO neutron.db.ovn_revision_numbers_db [None req-3383ef27-d749-496f-85e4-0156bc5dcb3b 7a0d84665b1f4a1288833aa07236b752 e5697475b2504714a97ee12d834598e3 - - default default] Successfully bumped revision number for resource ca3053af-94fa-455a-a71f-aa636d840a96 (type: security_group_rules) to 0
2026-07-02 11:18:15.918 10 INFO neutron.wsgi [None req-3383ef27-d749-496f-85e4-0156bc5dcb3b 7a0d84665b1f4a1288833aa07236b752 e5697475b2504714a97ee12d834598e3 - - default default] 10.0.0.226 "GET /v2.0/security-groups?tenant_id=1a1bf9046ae94b0ebc327adb6dfeac6e&name=default HTTP/1.1" status: 200 len: 3000 time: 0.2872865
2026-07-02 11:18:16.183 10 INFO neutron.wsgi [None req-c80c1434-b29b-4eba-bbbd-3073f5ff645c 7a0d84665b1f4a1288833aa07236b752 e5697475b2504714a97ee12d834598e3 - - default default] 10.0.0.226 "DELETE /v2.0/security-groups/79c00026-2698-4440-bb2c-8335f6156735 HTTP/1.1" status: 204 len: 168 time: 0.2597024
2026-07-02 11:18:16.558 10 INFO neutron.db.ovn_revision_numbers_db [None req-342f839c-ef08-4665-b293-7ebfc531a263 7a0d84665b1f4a1288833aa07236b752 e5697475b2504714a97ee12d834598e3 - - default default] Successfully bumped revision number for resource 3c9b0bcd-78b2-4e73-b16a-9e2b9380052e (type: security_groups) to 1
2026-07-02 11:18:16.570 10 INFO neutron.db.ovn_revision_numbers_db [None req-342f839c-ef08-4665-b293-7ebfc531a263 7a0d84665b1f4a1288833aa07236b752 e5697475b2504714a97ee12d834598e3 - - default default] Successfully bumped revision number for resource 15bfc2f2-68c2-482e-8f79-98f151c6b34b (type: security_group_rules) to 0
2026-07-02 11:18:16.584 10 INFO neutron.db.ovn_revision_numbers_db [None req-342f839c-ef08-4665-b293-7ebfc531a263 7a0d84665b1f4a1288833aa07236b752 e5697475b2504714a97ee12d834598e3 - - default default] Successfully bumped revision number for resource 1808870a-7893-43c9-a506-d0ac77e936be (type: security_group_rules) to 0
2026-07-02 11:18:16.599 10 INFO neutron.db.ovn_revision_numbers_db [None req-342f839c-ef08-4665-b293-7ebfc531a263 7a0d84665b1f4a1288833aa07236b752 e5697475b2504714a97ee12d834598e3 - - default default] Successfully bumped revision number for resource 4e3bf384-0a97-45d0-b4c9-01dd8ea90a38 (type: security_group_rules) to 0
2026-07-02 11:18:16.612 10 INFO neutron.db.ovn_revision_numbers_db [None req-342f839c-ef08-4665-b293-7ebfc531a263 7a0d84665b1f4a1288833aa07236b752 e5697475b2504714a97ee12d834598e3 - - default default] Successfully bumped revision number for resource aab212cf-1b11-4392-bbb7-07c314fe8fe9 (type: security_group_rules) to 0
2026-07-02 11:18:16.641 10 INFO neutron.wsgi [None req-342f839c-ef08-4665-b293-7ebfc531a263 7a0d84665b1f4a1288833aa07236b752 e5697475b2504714a97ee12d834598e3 - - default default] 10.0.0.226 "GET /v2.0/security-groups?tenant_id=a5cbd7493df345bb8fb3d9b533658f14&name=default HTTP/1.1" status: 200 len: 3000 time: 0.2462840
2026-07-02 11:18:16.892 10 INFO neutron.wsgi [None req-132204a2-7d03-4a26-87cd-4a04485b5d27 7a0d84665b1f4a1288833aa07236b752 e5697475b2504714a97ee12d834598e3 - - default default] 10.0.0.226 "DELETE /v2.0/security-groups/3c9b0bcd-78b2-4e73-b16a-9e2b9380052e HTTP/1.1" status: 204 len: 168 time: 0.2461653
2026-07-02 11:18:20.105 10 WARNING neutron_lib.context [None req-7ac7e3fc-d0df-4657-aaf7-38a14f5e8124 992fca1a48d840e3b9b747100290c3eb d87d247e042a45668b36e351f188af25 - - default default] Method 'is_advsvc' is deprecated since 2023.2 release (neutron-lib 3.8.0) and will be removed once support for the old RBAC API policies will be removed from Neutron. Please use method 'is_service_role' instead.
2026-07-02 11:18:20.290 10 INFO neutron.wsgi [None req-7ac7e3fc-d0df-4657-aaf7-38a14f5e8124 992fca1a48d840e3b9b747100290c3eb d87d247e042a45668b36e351f188af25 - - default default] 10.0.0.226 "POST /v2.0/subnetpools HTTP/1.1" status: 201 len: 715 time: 0.3868775
2026-07-02 11:18:20.345 10 INFO neutron.wsgi [None req-f36cb69e-7e30-416a-a072-9fc04553f31d 992fca1a48d840e3b9b747100290c3eb d87d247e042a45668b36e351f188af25 - - default default] 10.0.0.226 "PUT /v2.0/subnetpools/d55a4b94-9577-422c-a2ec-f35cd4d48b79/tags HTTP/1.1" status: 200 len: 218 time: 0.0497849
2026-07-02 11:18:20.381 10 INFO neutron.wsgi [None req-779b403a-02ac-421a-b1c0-89c8fb1af80b 992fca1a48d840e3b9b747100290c3eb d87d247e042a45668b36e351f188af25 - - default default] 10.0.0.226 "GET /v2.0/subnetpools/d55a4b94-9577-422c-a2ec-f35cd4d48b79/tags HTTP/1.1" status: 200 len: 218 time: 0.0298834
2026-07-02 11:18:20.421 10 INFO neutron.wsgi [None req-8f9c05a8-012e-4851-9b04-1736a153400e 992fca1a48d840e3b9b747100290c3eb d87d247e042a45668b36e351f188af25 - - default default] 10.0.0.226 "PUT /v2.0/subnetpools/d55a4b94-9577-422c-a2ec-f35cd4d48b79/tags/green HTTP/1.1" status: 201 len: 201 time: 0.0352931
2026-07-02 11:18:20.447 10 INFO neutron.wsgi [None req-b4685981-eaf9-481b-b2e5-ebe25539ec20 992fca1a48d840e3b9b747100290c3eb d87d247e042a45668b36e351f188af25 - - default default] 10.0.0.226 "GET /v2.0/subnetpools/d55a4b94-9577-422c-a2ec-f35cd4d48b79/tags HTTP/1.1" status: 200 len: 227 time: 0.0213747
2026-07-02 11:18:20.477 10 INFO neutron.wsgi [None req-de02185b-085b-4cef-a2e1-53869d373854 992fca1a48d840e3b9b747100290c3eb d87d247e042a45668b36e351f188af25 - - default default] 10.0.0.226 "PUT /v2.0/subnetpools/d55a4b94-9577-422c-a2ec-f35cd4d48b79/tags/red HTTP/1.1" status: 201 len: 201 time: 0.0249524
2026-07-02 11:18:20.505 10 INFO neutron.wsgi [None req-6da41013-dad5-44a0-9b22-b8a060ae157c 992fca1a48d840e3b9b747100290c3eb d87d247e042a45668b36e351f188af25 - - default default] 10.0.0.226 "GET /v2.0/subnetpools/d55a4b94-9577-422c-a2ec-f35cd4d48b79/tags HTTP/1.1" status: 200 len: 227 time: 0.0222359
2026-07-02 11:18:20.551 10 INFO neutron.wsgi [None req-cd44f7c1-fc70-432a-b557-747a466d1511 992fca1a48d840e3b9b747100290c3eb d87d247e042a45668b36e351f188af25 - - default default] 10.0.0.226 "PUT /v2.0/subnetpools/d55a4b94-9577-422c-a2ec-f35cd4d48b79/tags/black.or.white HTTP/1.1" status: 201 len: 201 time: 0.0408552
2026-07-02 11:18:20.608 10 INFO neutron.wsgi [None req-680bc729-5316-4805-be32-c3207636d223 992fca1a48d840e3b9b747100290c3eb d87d247e042a45668b36e351f188af25 - - default default] 10.0.0.226 "GET /v2.0/subnetpools/d55a4b94-9577-422c-a2ec-f35cd4d48b79/tags HTTP/1.1" status: 200 len: 245 time: 0.0517876
2026-07-02 11:18:20.672 10 INFO neutron.wsgi [None req-d594db63-2a89-4e79-8d7c-38f17116142d 992fca1a48d840e3b9b747100290c3eb d87d247e042a45668b36e351f188af25 - - default default] 10.0.0.226 "PUT /v2.0/subnetpools/d55a4b94-9577-422c-a2ec-f35cd4d48b79/tags HTTP/1.1" status: 200 len: 230 time: 0.0583413
2026-07-02 11:18:20.715 9 INFO neutron.wsgi [None req-2bba3799-a653-42b9-9a8f-5d498f25f14c 992fca1a48d840e3b9b747100290c3eb d87d247e042a45668b36e351f188af25 - - default default] 10.0.0.226 "GET /v2.0/subnetpools/d55a4b94-9577-422c-a2ec-f35cd4d48b79/tags HTTP/1.1" status: 200 len: 230 time: 0.0374777
2026-07-02 11:18:20.746 9 INFO neutron.wsgi [None req-a8702987-25cf-4022-8bcf-971be14c8ae4 992fca1a48d840e3b9b747100290c3eb d87d247e042a45668b36e351f188af25 - - default default] 10.0.0.226 "GET /v2.0/subnetpools/d55a4b94-9577-422c-a2ec-f35cd4d48b79/tags/red HTTP/1.1" status: 204 len: 168 time: 0.0250196
2026-07-02 11:18:20.778 9 INFO neutron.api.v2.resource [None req-5320ef5e-2fe8-44e6-ad9f-f1c27f63876f 992fca1a48d840e3b9b747100290c3eb d87d247e042a45668b36e351f188af25 - - default default] show failed (client error): The resource could not be found.
2026-07-02 11:18:20.780 9 INFO neutron.wsgi [None req-5320ef5e-2fe8-44e6-ad9f-f1c27f63876f 992fca1a48d840e3b9b747100290c3eb d87d247e042a45668b36e351f188af25 - - default default] 10.0.0.226 "GET /v2.0/subnetpools/d55a4b94-9577-422c-a2ec-f35cd4d48b79/tags/green HTTP/1.1" status: 404 len: 299 time: 0.0276845
2026-07-02 11:18:20.823 9 INFO neutron.wsgi [None req-7d9836a2-e42a-44b2-9e2f-6e8aefad7c74 992fca1a48d840e3b9b747100290c3eb d87d247e042a45668b36e351f188af25 - - default default] 10.0.0.226 "DELETE /v2.0/subnetpools/d55a4b94-9577-422c-a2ec-f35cd4d48b79/tags/red HTTP/1.1" status: 204 len: 168 time: 0.0379412
2026-07-02 11:18:20.853 9 INFO neutron.wsgi [None req-81f993a2-036c-4885-9f12-f5014aac5721 992fca1a48d840e3b9b747100290c3eb d87d247e042a45668b36e351f188af25 - - default default] 10.0.0.226 "GET /v2.0/subnetpools/d55a4b94-9577-422c-a2ec-f35cd4d48b79/tags HTTP/1.1" status: 200 len: 223 time: 0.0233457
2026-07-02 11:18:20.882 9 INFO neutron.api.v2.resource [None req-6df9d8b2-0eaf-44f0-b52c-3f9a8b0c6b5c 992fca1a48d840e3b9b747100290c3eb d87d247e042a45668b36e351f188af25 - - default default] delete failed (client error): The resource could not be found.
2026-07-02 11:18:20.883 9 INFO neutron.wsgi [None req-6df9d8b2-0eaf-44f0-b52c-3f9a8b0c6b5c 992fca1a48d840e3b9b747100290c3eb d87d247e042a45668b36e351f188af25 - - default default] 10.0.0.226 "DELETE /v2.0/subnetpools/d55a4b94-9577-422c-a2ec-f35cd4d48b79/tags/green HTTP/1.1" status: 404 len: 299 time: 0.0259240
2026-07-02 11:18:20.930 9 INFO neutron.wsgi [None req-5305939d-4f3e-43b9-b8f6-b1b300224f26 992fca1a48d840e3b9b747100290c3eb d87d247e042a45668b36e351f188af25 - - default default] 10.0.0.226 "DELETE /v2.0/subnetpools/d55a4b94-9577-422c-a2ec-f35cd4d48b79/tags HTTP/1.1" status: 204 len: 168 time: 0.0417848
2026-07-02 11:18:20.955 9 INFO neutron.wsgi [None req-5dc1e526-31c9-4994-bd3b-1018300a4f19 992fca1a48d840e3b9b747100290c3eb d87d247e042a45668b36e351f188af25 - - default default] 10.0.0.226 "GET /v2.0/subnetpools/d55a4b94-9577-422c-a2ec-f35cd4d48b79/tags HTTP/1.1" status: 200 len: 205 time: 0.0206780
2026-07-02 11:18:20.986 9 INFO neutron.wsgi [None req-94b75996-686d-4192-aa09-8f5a2ed708f4 7a0d84665b1f4a1288833aa07236b752 e5697475b2504714a97ee12d834598e3 - - default default] 199.19.213.141 "GET /v2.0/extensions/security-group HTTP/1.1" status: 200 len: 369 time: 0.0070801
2026-07-02 11:18:21.001 9 INFO neutron.wsgi [None req-892f6228-1524-4ee6-aa2c-18441f57eb41 7a0d84665b1f4a1288833aa07236b752 e5697475b2504714a97ee12d834598e3 - - default default] 199.19.213.141 "GET /v2.0/extensions/dns-integration HTTP/1.1" status: 200 len: 371 time: 0.0056691
2026-07-02 11:18:21.017 9 INFO neutron.wsgi [None req-b85526cb-b8c8-43a1-ad25-0050b070de74 7a0d84665b1f4a1288833aa07236b752 e5697475b2504714a97ee12d834598e3 - - default default] 199.19.213.141 "GET /v2.0/extensions/qos HTTP/1.1" status: 200 len: 365 time: 0.0061595
2026-07-02 11:18:21.035 9 INFO neutron.wsgi [None req-dd9766d2-c402-492c-ba90-5e4e53b7c0f4 7a0d84665b1f4a1288833aa07236b752 e5697475b2504714a97ee12d834598e3 - - default default] 199.19.213.141 "GET /v2.0/extensions/allowed-address-pairs HTTP/1.1" status: 200 len: 383 time: 0.0083780
2026-07-02 11:18:21.101 9 INFO neutron.wsgi [None req-4984058b-53d1-40cc-886e-c65429fecbf4 7a0d84665b1f4a1288833aa07236b752 e5697475b2504714a97ee12d834598e3 - - default default] 199.19.213.141 "GET /v2.0/subnets/b7b3d8b0-c0e1-4e81-823c-a661c93e6d12 HTTP/1.1" status: 200 len: 850 time: 0.0548847
2026-07-02 11:18:21.105 9 INFO neutron.wsgi [None req-451f14ce-6338-4718-a19c-d2343a87af05 992fca1a48d840e3b9b747100290c3eb d87d247e042a45668b36e351f188af25 - - default default] 10.0.0.226 "DELETE /v2.0/subnetpools/d55a4b94-9577-422c-a2ec-f35cd4d48b79 HTTP/1.1" status: 204 len: 168 time: 0.1345701
2026-07-02 11:18:21.157 9 INFO neutron.wsgi [None req-73f01a7e-a13c-44f9-9993-2458da2bc0d2 7a0d84665b1f4a1288833aa07236b752 e5697475b2504714a97ee12d834598e3 - - default default] 199.19.213.141 "GET /v2.0/ports?device_id=aba589ac-246a-4a3f-b0d3-cd05dc9f9131 HTTP/1.1" status: 200 len: 1409 time: 0.0436850
2026-07-02 11:18:21.535 9 WARNING neutron.scheduler.dhcp_agent_scheduler [None req-00982244-6301-4192-8b89-06d9a2c25316 7a0d84665b1f4a1288833aa07236b752 e5697475b2504714a97ee12d834598e3 - - default default] No more DHCP agents
2026-07-02 11:18:21.543 9 WARNING neutron.api.rpc.agentnotifiers.dhcp_rpc_agent_api [None req-00982244-6301-4192-8b89-06d9a2c25316 7a0d84665b1f4a1288833aa07236b752 e5697475b2504714a97ee12d834598e3 - - default default] Unable to schedule network 01de1f01-f403-457d-85a7-d2721f75e140: no agents available; will retry on subsequent port and subnet creation events.
2026-07-02 11:18:21.751 9 INFO neutron.db.ovn_revision_numbers_db [None req-00982244-6301-4192-8b89-06d9a2c25316 7a0d84665b1f4a1288833aa07236b752 e5697475b2504714a97ee12d834598e3 - - default default] Successfully bumped revision number for resource adfa82bb-1a7f-456b-9e52-b5d095d862c1 (type: ports) to 1
2026-07-02 11:18:21.779 9 INFO neutron.wsgi [None req-00982244-6301-4192-8b89-06d9a2c25316 7a0d84665b1f4a1288833aa07236b752 e5697475b2504714a97ee12d834598e3 - - default default] 199.19.213.141 "POST /v2.0/ports HTTP/1.1" status: 201 len: 1298 time: 0.6119082
2026-07-02 11:18:21.963 10 WARNING neutron_lib.context [None req-a10842c3-84e6-4643-b220-f586a4e5c3be 11bd9774d0c34d289d6debc34c2c5325 78a0e648cae04782846f0833207d6438 - - default default] Method 'is_advsvc' is deprecated since 2023.2 release (neutron-lib 3.8.0) and will be removed once support for the old RBAC API policies will be removed from Neutron. Please use method 'is_service_role' instead. /var/lib/openstack/lib/python3.10/site-packages/pycadf/identifier.py:71: UserWarning: Invalid uuid: neutron. To ensure interoperability, identifiers should be a valid uuid. warnings.warn(('Invalid uuid: %s. To ensure interoperability, '
2026-07-02 11:18:22.121 9 INFO neutron.wsgi [req-f0c28b7f-b648-497b-877c-405d37edad9e req-420cd7a3-d2d6-4bd2-866e-315cae15ff1f 7a0d84665b1f4a1288833aa07236b752 e5697475b2504714a97ee12d834598e3 - - default default] 10.0.0.213 "GET /v2.0/ports/adfa82bb-1a7f-456b-9e52-b5d095d862c1 HTTP/1.1" status: 200 len: 1293 time: 0.2710478
2026-07-02 11:18:22.147 9 INFO neutron.wsgi [req-f0c28b7f-b648-497b-877c-405d37edad9e req-a2fb8a20-3f57-46cd-8c92-3e2e7d4eee90 7a0d84665b1f4a1288833aa07236b752 e5697475b2504714a97ee12d834598e3 - - default default] 10.0.0.213 "GET /v2.0/extensions HTTP/1.1" status: 200 len: 16980 time: 0.0153925
2026-07-02 11:18:22.179 10 INFO neutron.db.ovn_revision_numbers_db [None req-31ae9db3-5c00-4459-a563-627719ee5fce 7a0d84665b1f4a1288833aa07236b752 e5697475b2504714a97ee12d834598e3 - - default default] Successfully bumped revision number for resource 5ea1f9a0-0779-4c61-a81b-efe1dbd6aed0 (type: security_groups) to 1
2026-07-02 11:18:22.190 10 INFO neutron.db.ovn_revision_numbers_db [None req-a10842c3-84e6-4643-b220-f586a4e5c3be 11bd9774d0c34d289d6debc34c2c5325 78a0e648cae04782846f0833207d6438 - - default default] Successfully bumped revision number for resource 7b60742b-c840-4a74-9e84-c48efdc9565a (type: security_groups) to 1
2026-07-02 11:18:22.200 10 INFO neutron.db.ovn_revision_numbers_db [None req-31ae9db3-5c00-4459-a563-627719ee5fce 7a0d84665b1f4a1288833aa07236b752 e5697475b2504714a97ee12d834598e3 - - default default] Successfully bumped revision number for resource 12058a46-116c-41e7-a97e-b3f70e16a30e (type: security_group_rules) to 0
2026-07-02 11:18:22.207 10 INFO neutron.db.ovn_revision_numbers_db [None req-a10842c3-84e6-4643-b220-f586a4e5c3be 11bd9774d0c34d289d6debc34c2c5325 78a0e648cae04782846f0833207d6438 - - default default] Successfully bumped revision number for resource 1dff8465-c824-4f85-a169-29a659e98e29 (type: security_group_rules) to 0
2026-07-02 11:18:22.220 10 INFO neutron.db.ovn_revision_numbers_db [None req-31ae9db3-5c00-4459-a563-627719ee5fce 7a0d84665b1f4a1288833aa07236b752 e5697475b2504714a97ee12d834598e3 - - default default] Successfully bumped revision number for resource 2dd05d6b-ff78-4c9f-b439-e9f2e99f8ec8 (type: security_group_rules) to 0
2026-07-02 11:18:22.228 10 INFO neutron.db.ovn_revision_numbers_db [None req-a10842c3-84e6-4643-b220-f586a4e5c3be 11bd9774d0c34d289d6debc34c2c5325 78a0e648cae04782846f0833207d6438 - - default default] Successfully bumped revision number for resource 2ac07bfd-430a-425c-88d8-3a6083b2ce61 (type: security_group_rules) to 0
2026-07-02 11:18:22.242 10 INFO neutron.db.ovn_revision_numbers_db [None req-31ae9db3-5c00-4459-a563-627719ee5fce 7a0d84665b1f4a1288833aa07236b752 e5697475b2504714a97ee12d834598e3 - - default default] Successfully bumped revision number for resource d5812317-8466-46c0-924f-decc02b86fb9 (type: security_group_rules) to 0
2026-07-02 11:18:22.251 10 INFO neutron.db.ovn_revision_numbers_db [None req-a10842c3-84e6-4643-b220-f586a4e5c3be 11bd9774d0c34d289d6debc34c2c5325 78a0e648cae04782846f0833207d6438 - - default default] Successfully bumped revision number for resource 5b293bda-df78-43ba-bf13-c93df120181e (type: security_group_rules) to 0
2026-07-02 11:18:22.259 10 INFO neutron.db.ovn_revision_numbers_db [None req-31ae9db3-5c00-4459-a563-627719ee5fce 7a0d84665b1f4a1288833aa07236b752 e5697475b2504714a97ee12d834598e3 - - default default] Successfully bumped revision number for resource ee69220b-a3ae-441d-b860-d59d06c3d7a3 (type: security_group_rules) to 0
2026-07-02 11:18:22.273 10 INFO neutron.db.ovn_revision_numbers_db [None req-a10842c3-84e6-4643-b220-f586a4e5c3be 11bd9774d0c34d289d6debc34c2c5325 78a0e648cae04782846f0833207d6438 - - default default] Successfully bumped revision number for resource 7d5c277c-5e4e-49f9-8277-62cbc50de86a (type: security_group_rules) to 0
2026-07-02 11:18:22.294 10 INFO neutron.wsgi [None req-31ae9db3-5c00-4459-a563-627719ee5fce 7a0d84665b1f4a1288833aa07236b752 e5697475b2504714a97ee12d834598e3 - - default default] 10.0.0.226 "GET /v2.0/security-groups?tenant_id=439d4dd2987f408e9dddece3628343e0&name=default HTTP/1.1" status: 200 len: 3000 time: 0.4243557
2026-07-02 11:18:22.341 10 INFO neutron.db.segments_db [None req-a10842c3-84e6-4643-b220-f586a4e5c3be 11bd9774d0c34d289d6debc34c2c5325 78a0e648cae04782846f0833207d6438 - - default default] Added segment 86e008ef-b29a-42d4-9659-3215d5653af8 of type geneve for network 6f59ff25-0a81-4674-bd50-b75d7c79070e
2026-07-02 11:18:22.351 10 INFO neutron.wsgi [req-f0c28b7f-b648-497b-877c-405d37edad9e req-b0d7780f-b96a-4761-8b44-0bdcf45611d6 5e007a168c114cf0992cd5247cb77e21 98bc5b0445ff45cf89441821158b4c60 - - 3dee5ac9e49443bea5daf9f44cd7a7ec 3dee5ac9e49443bea5daf9f44cd7a7ec] 199.19.213.141 "GET /v2.0/ports/adfa82bb-1a7f-456b-9e52-b5d095d862c1?fields=binding%3Avnic_type&fields=binding%3Aprofile&fields=network_id&fields=resource_request&fields=numa_affinity_policy&fields=device_profile HTTP/1.1" status: 200 len: 335 time: 0.1175358
2026-07-02 11:18:22.473 10 INFO neutron.wsgi [req-f0c28b7f-b648-497b-877c-405d37edad9e req-0295c4fb-2463-4d87-8367-1ac2e8709d01 5e007a168c114cf0992cd5247cb77e21 98bc5b0445ff45cf89441821158b4c60 - - 3dee5ac9e49443bea5daf9f44cd7a7ec 3dee5ac9e49443bea5daf9f44cd7a7ec] 199.19.213.141 "GET /v2.0/networks/01de1f01-f403-457d-85a7-d2721f75e140?fields=segments HTTP/1.1" status: 200 len: 212 time: 0.1078138
2026-07-02 11:18:22.579 9 INFO neutron.wsgi [None req-e65f08db-3d92-4698-8076-e511e02cbc42 7a0d84665b1f4a1288833aa07236b752 e5697475b2504714a97ee12d834598e3 - - default default] 10.0.0.226 "DELETE /v2.0/security-groups/5ea1f9a0-0779-4c61-a81b-efe1dbd6aed0 HTTP/1.1" status: 204 len: 168 time: 0.2783492
2026-07-02 11:18:22.594 10 INFO neutron.db.ovn_revision_numbers_db [None req-a10842c3-84e6-4643-b220-f586a4e5c3be 11bd9774d0c34d289d6debc34c2c5325 78a0e648cae04782846f0833207d6438 - - default default] Successfully bumped revision number for resource 6f59ff25-0a81-4674-bd50-b75d7c79070e (type: networks) to 1
2026-07-02 11:18:22.645 10 INFO neutron.wsgi [req-f0c28b7f-b648-497b-877c-405d37edad9e req-f0801a9b-572c-4c6b-a55e-f07e1505f87c 5e007a168c114cf0992cd5247cb77e21 98bc5b0445ff45cf89441821158b4c60 - - 3dee5ac9e49443bea5daf9f44cd7a7ec 3dee5ac9e49443bea5daf9f44cd7a7ec] 199.19.213.141 "GET /v2.0/networks/01de1f01-f403-457d-85a7-d2721f75e140?fields=provider%3Aphysical_network&fields=provider%3Anetwork_type HTTP/1.1" status: 200 len: 277 time: 0.1620004
2026-07-02 11:18:22.746 10 INFO neutron.wsgi [req-f0c28b7f-b648-497b-877c-405d37edad9e req-dee56ac3-63ab-4394-bbac-40c103cdd978 5e007a168c114cf0992cd5247cb77e21 98bc5b0445ff45cf89441821158b4c60 - - 3dee5ac9e49443bea5daf9f44cd7a7ec 3dee5ac9e49443bea5daf9f44cd7a7ec] 199.19.213.141 "GET /v2.0/ports/adfa82bb-1a7f-456b-9e52-b5d095d862c1 HTTP/1.1" status: 200 len: 1293 time: 0.0718813
2026-07-02 11:18:22.832 9 INFO neutron.db.ovn_revision_numbers_db [None req-9384b6ef-6a48-4b9d-b9b5-05bcb44f7d53 7a0d84665b1f4a1288833aa07236b752 e5697475b2504714a97ee12d834598e3 - - default default] Successfully bumped revision number for resource 41643e2e-e88f-4930-84e5-ff85b20ede27 (type: security_groups) to 1
2026-07-02 11:18:22.848 9 INFO neutron.db.ovn_revision_numbers_db [None req-9384b6ef-6a48-4b9d-b9b5-05bcb44f7d53 7a0d84665b1f4a1288833aa07236b752 e5697475b2504714a97ee12d834598e3 - - default default] Successfully bumped revision number for resource 315493f2-6a4d-4780-ab8a-6e5e0d6a4eef (type: security_group_rules) to 0
2026-07-02 11:18:22.871 10 INFO neutron.wsgi [req-f0c28b7f-b648-497b-877c-405d37edad9e req-0f8e4409-b24f-4f91-bdcb-4acd1c6c5f30 7a0d84665b1f4a1288833aa07236b752 e5697475b2504714a97ee12d834598e3 - - default default] 199.19.213.141 "GET /v2.0/networks?id=01de1f01-f403-457d-85a7-d2721f75e140 HTTP/1.1" status: 200 len: 1004 time: 0.1163921
2026-07-02 11:18:22.877 9 INFO neutron.db.ovn_revision_numbers_db [None req-9384b6ef-6a48-4b9d-b9b5-05bcb44f7d53 7a0d84665b1f4a1288833aa07236b752 e5697475b2504714a97ee12d834598e3 - - default default] Successfully bumped revision number for resource 5276d2a9-a77d-4fea-aeea-37a48c9748a6 (type: security_group_rules) to 0
2026-07-02 11:18:22.901 9 INFO neutron.db.ovn_revision_numbers_db [None req-9384b6ef-6a48-4b9d-b9b5-05bcb44f7d53 7a0d84665b1f4a1288833aa07236b752 e5697475b2504714a97ee12d834598e3 - - default default] Successfully bumped revision number for resource a530a8ed-4d83-4f39-a7ac-997f8ad72b36 (type: security_group_rules) to 0
2026-07-02 11:18:22.925 9 INFO neutron.db.ovn_revision_numbers_db [None req-9384b6ef-6a48-4b9d-b9b5-05bcb44f7d53 7a0d84665b1f4a1288833aa07236b752 e5697475b2504714a97ee12d834598e3 - - default default] Successfully bumped revision number for resource ab670d38-d142-4232-a4f7-e889787d2725 (type: security_group_rules) to 0
2026-07-02 11:18:22.966 9 INFO neutron.wsgi [None req-9384b6ef-6a48-4b9d-b9b5-05bcb44f7d53 7a0d84665b1f4a1288833aa07236b752 e5697475b2504714a97ee12d834598e3 - - default default] 10.0.0.226 "GET /v2.0/security-groups?tenant_id=d87d247e042a45668b36e351f188af25&name=default HTTP/1.1" status: 200 len: 3000 time: 0.2745628
2026-07-02 11:18:23.210 10 WARNING neutron.scheduler.dhcp_agent_scheduler [None req-a10842c3-84e6-4643-b220-f586a4e5c3be 11bd9774d0c34d289d6debc34c2c5325 78a0e648cae04782846f0833207d6438 - - default default] No more DHCP agents
2026-07-02 11:18:23.221 10 WARNING neutron.api.rpc.agentnotifiers.dhcp_rpc_agent_api [None req-a10842c3-84e6-4643-b220-f586a4e5c3be 11bd9774d0c34d289d6debc34c2c5325 78a0e648cae04782846f0833207d6438 - - default default] Unable to schedule network 6f59ff25-0a81-4674-bd50-b75d7c79070e: no agents available; will retry on subsequent port and subnet creation events.
2026-07-02 11:18:23.293 9 INFO neutron.wsgi [None req-edce3878-44a1-401e-b5f7-66ef5150ca53 7a0d84665b1f4a1288833aa07236b752 e5697475b2504714a97ee12d834598e3 - - default default] 10.0.0.226 "DELETE /v2.0/security-groups/41643e2e-e88f-4930-84e5-ff85b20ede27 HTTP/1.1" status: 204 len: 168 time: 0.3213785
2026-07-02 11:18:23.389 10 INFO neutron.db.ovn_revision_numbers_db [None req-a10842c3-84e6-4643-b220-f586a4e5c3be 11bd9774d0c34d289d6debc34c2c5325 78a0e648cae04782846f0833207d6438 - - default default] Successfully bumped revision number for resource ee98a42a-ef81-44c2-834a-b3f6d072eb88 (type: ports) to 1
2026-07-02 11:18:23.444 10 INFO neutron.wsgi [None req-a10842c3-84e6-4643-b220-f586a4e5c3be 11bd9774d0c34d289d6debc34c2c5325 78a0e648cae04782846f0833207d6438 - - default default] 10.0.0.226 "POST /v2.0/networks HTTP/1.1" status: 201 len: 830 time: 1.6486506
2026-07-02 11:18:23.455 9 WARNING neutron_lib.context [None req-092f7394-499c-41ee-a6ab-76f5ce667785 11bd9774d0c34d289d6debc34c2c5325 78a0e648cae04782846f0833207d6438 - - default default] Method 'is_advsvc' is deprecated since 2023.2 release (neutron-lib 3.8.0) and will be removed once support for the old RBAC API policies will be removed from Neutron. Please use method 'is_service_role' instead.
2026-07-02 11:18:23.750 9 WARNING neutron.scheduler.dhcp_agent_scheduler [None req-092f7394-499c-41ee-a6ab-76f5ce667785 11bd9774d0c34d289d6debc34c2c5325 78a0e648cae04782846f0833207d6438 - - default default] No more DHCP agents
2026-07-02 11:18:23.754 9 WARNING neutron.api.rpc.agentnotifiers.dhcp_rpc_agent_api [None req-092f7394-499c-41ee-a6ab-76f5ce667785 11bd9774d0c34d289d6debc34c2c5325 78a0e648cae04782846f0833207d6438 - - default default] Unable to schedule network 6f59ff25-0a81-4674-bd50-b75d7c79070e: no agents available; will retry on subsequent port and subnet creation events.
2026-07-02 11:18:23.769 10 INFO neutron.db.ovn_revision_numbers_db [req-f0c28b7f-b648-497b-877c-405d37edad9e req-92c72739-f76f-4fc6-99fc-d64978507a6b 5e007a168c114cf0992cd5247cb77e21 98bc5b0445ff45cf89441821158b4c60 - - 3dee5ac9e49443bea5daf9f44cd7a7ec 3dee5ac9e49443bea5daf9f44cd7a7ec] Successfully bumped revision number for resource adfa82bb-1a7f-456b-9e52-b5d095d862c1 (type: ports) to 2
2026-07-02 11:18:23.913 9 INFO neutron.db.ovn_revision_numbers_db [None req-092f7394-499c-41ee-a6ab-76f5ce667785 11bd9774d0c34d289d6debc34c2c5325 78a0e648cae04782846f0833207d6438 - - default default] Successfully bumped revision number for resource 1c6a6f3a-e049-400a-b984-1e7a310dde37 (type: ports) to 1
2026-07-02 11:18:23.953 9 INFO neutron.wsgi [None req-092f7394-499c-41ee-a6ab-76f5ce667785 11bd9774d0c34d289d6debc34c2c5325 78a0e648cae04782846f0833207d6438 - - default default] 10.0.0.226 "POST /v2.0/ports HTTP/1.1" status: 201 len: 942 time: 0.5029888 /var/lib/openstack/lib/python3.10/site-packages/pycadf/identifier.py:71: UserWarning: Invalid uuid: neutron. To ensure interoperability, identifiers should be a valid uuid. warnings.warn(('Invalid uuid: %s. To ensure interoperability, '
2026-07-02 11:18:23.963 9 WARNING neutron_lib.context [None req-e5f510a0-414f-457d-94e5-dc2383e1a329 11bd9774d0c34d289d6debc34c2c5325 78a0e648cae04782846f0833207d6438 - - default default] Method 'is_advsvc' is deprecated since 2023.2 release (neutron-lib 3.8.0) and will be removed once support for the old RBAC API policies will be removed from Neutron. Please use method 'is_service_role' instead.
2026-07-02 11:18:24.041 10 INFO neutron.db.ovn_revision_numbers_db [req-f0c28b7f-b648-497b-877c-405d37edad9e req-92c72739-f76f-4fc6-99fc-d64978507a6b 5e007a168c114cf0992cd5247cb77e21 98bc5b0445ff45cf89441821158b4c60 - - 3dee5ac9e49443bea5daf9f44cd7a7ec 3dee5ac9e49443bea5daf9f44cd7a7ec] Successfully bumped revision number for resource adfa82bb-1a7f-456b-9e52-b5d095d862c1 (type: ports) to 2
2026-07-02 11:18:24.066 10 INFO neutron.wsgi [req-f0c28b7f-b648-497b-877c-405d37edad9e req-92c72739-f76f-4fc6-99fc-d64978507a6b 5e007a168c114cf0992cd5247cb77e21 98bc5b0445ff45cf89441821158b4c60 - - 3dee5ac9e49443bea5daf9f44cd7a7ec 3dee5ac9e49443bea5daf9f44cd7a7ec] 199.19.213.141 "PUT /v2.0/ports/adfa82bb-1a7f-456b-9e52-b5d095d862c1 HTTP/1.1" status: 200 len: 1424 time: 0.8732727
2026-07-02 11:18:24.066 9 INFO neutron.db.segments_db [None req-e5f510a0-414f-457d-94e5-dc2383e1a329 11bd9774d0c34d289d6debc34c2c5325 78a0e648cae04782846f0833207d6438 - - default default] Added segment 4a91801e-c5fa-4d04-9bdd-3e3446fe7ad6 of type geneve for network 3efe0915-c1d4-4272-8f90-87acaab94004
2026-07-02 11:18:24.115 10 INFO neutron.notifiers.nova [-] Nova event matching ['req-b976bf2d-dea3-488f-b885-b492a4ffac1c'] response: {'name': 'network-changed', 'server_uuid': 'aba589ac-246a-4a3f-b0d3-cd05dc9f9131', 'tag': 'adfa82bb-1a7f-456b-9e52-b5d095d862c1', 'status': 'completed', 'code': 200}
2026-07-02 11:18:24.266 9 INFO neutron.db.ovn_revision_numbers_db [None req-e5f510a0-414f-457d-94e5-dc2383e1a329 11bd9774d0c34d289d6debc34c2c5325 78a0e648cae04782846f0833207d6438 - - default default] Successfully bumped revision number for resource 3efe0915-c1d4-4272-8f90-87acaab94004 (type: networks) to 1 /var/lib/openstack/lib/python3.10/site-packages/pycadf/identifier.py:71: UserWarning: Invalid uuid: neutron. To ensure interoperability, identifiers should be a valid uuid. warnings.warn(('Invalid uuid: %s. To ensure interoperability, '
2026-07-02 11:18:24.347 10 INFO neutron.wsgi [req-f0c28b7f-b648-497b-877c-405d37edad9e req-d5b57db6-07dc-447e-9cc8-155996952c44 5e007a168c114cf0992cd5247cb77e21 98bc5b0445ff45cf89441821158b4c60 - - 3dee5ac9e49443bea5daf9f44cd7a7ec 3dee5ac9e49443bea5daf9f44cd7a7ec] 199.19.213.141 "GET /v2.0/ports?tenant_id=e5697475b2504714a97ee12d834598e3&device_id=aba589ac-246a-4a3f-b0d3-cd05dc9f9131 HTTP/1.1" status: 200 len: 2653 time: 0.2151108
2026-07-02 11:18:24.381 10 INFO neutron.wsgi [req-f0c28b7f-b648-497b-877c-405d37edad9e req-6fb6bb68-cf3f-4790-b3e0-3da1038b721b 5e007a168c114cf0992cd5247cb77e21 98bc5b0445ff45cf89441821158b4c60 - - 3dee5ac9e49443bea5daf9f44cd7a7ec 3dee5ac9e49443bea5daf9f44cd7a7ec] 199.19.213.141 "GET /v2.0/floatingips?fixed_ip_address=172.24.3.9&port_id=83857f3e-68e9-480d-8b37-1e09b3743acf HTTP/1.1" status: 200 len: 217 time: 0.0293291
2026-07-02 11:18:24.428 10 INFO neutron.wsgi [req-f0c28b7f-b648-497b-877c-405d37edad9e req-bdffe9ea-ce92-40af-b3ba-b036be89195a 5e007a168c114cf0992cd5247cb77e21 98bc5b0445ff45cf89441821158b4c60 - - 3dee5ac9e49443bea5daf9f44cd7a7ec 3dee5ac9e49443bea5daf9f44cd7a7ec] 199.19.213.141 "GET /v2.0/subnets?id=1aca3f3f-7225-4045-b49f-f4f29efbbd9c HTTP/1.1" status: 200 len: 829 time: 0.0403092
2026-07-02 11:18:24.464 10 INFO neutron.wsgi [req-f0c28b7f-b648-497b-877c-405d37edad9e req-7ea52a45-05aa-4c47-871b-22bb1d472268 5e007a168c114cf0992cd5247cb77e21 98bc5b0445ff45cf89441821158b4c60 - - 3dee5ac9e49443bea5daf9f44cd7a7ec 3dee5ac9e49443bea5daf9f44cd7a7ec] 199.19.213.141 "GET /v2.0/ports?network_id=cf4344a0-f62a-446b-a3ad-284252379463&device_owner=network%3Adhcp HTTP/1.1" status: 200 len: 210 time: 0.0276790
2026-07-02 11:18:24.494 9 WARNING neutron.scheduler.dhcp_agent_scheduler [None req-e5f510a0-414f-457d-94e5-dc2383e1a329 11bd9774d0c34d289d6debc34c2c5325 78a0e648cae04782846f0833207d6438 - - default default] No more DHCP agents
2026-07-02 11:18:24.499 9 WARNING neutron.api.rpc.agentnotifiers.dhcp_rpc_agent_api [None req-e5f510a0-414f-457d-94e5-dc2383e1a329 11bd9774d0c34d289d6debc34c2c5325 78a0e648cae04782846f0833207d6438 - - default default] Unable to schedule network 3efe0915-c1d4-4272-8f90-87acaab94004: no agents available; will retry on subsequent port and subnet creation events.
2026-07-02 11:18:24.542 10 INFO neutron.wsgi [req-f0c28b7f-b648-497b-877c-405d37edad9e req-522673c1-6756-4e68-8350-0302ce2e41f5 5e007a168c114cf0992cd5247cb77e21 98bc5b0445ff45cf89441821158b4c60 - - 3dee5ac9e49443bea5daf9f44cd7a7ec 3dee5ac9e49443bea5daf9f44cd7a7ec] 199.19.213.141 "GET /v2.0/networks/cf4344a0-f62a-446b-a3ad-284252379463?fields=segments HTTP/1.1" status: 200 len: 212 time: 0.0706351
2026-07-02 11:18:24.604 9 INFO neutron.db.ovn_revision_numbers_db [None req-e5f510a0-414f-457d-94e5-dc2383e1a329 11bd9774d0c34d289d6debc34c2c5325 78a0e648cae04782846f0833207d6438 - - default default] Successfully bumped revision number for resource c66007e5-153c-42fd-91a5-248f0a46304a (type: ports) to 1
