2026-07-02 11:15:00.659 9 INFO neutron.db.ovn_revision_numbers_db [None req-d65d514a-a346-4357-bab7-b0128c1a21cd 6d2eb6be602e48ab8da10e73c8497caf cfa4948697804dc79cdf5b2e13b1cc50 - - default default] Successfully bumped revision number for resource 3734999e-5387-4f77-8e54-dd2358b24fc4 (type: subnets) to 0
2026-07-02 11:15:00.677 9 INFO neutron.wsgi [None req-d65d514a-a346-4357-bab7-b0128c1a21cd 6d2eb6be602e48ab8da10e73c8497caf cfa4948697804dc79cdf5b2e13b1cc50 - - default default] 10.0.0.226 "POST /v2.0/subnets HTTP/1.1" status: 201 len: 801 time: 1.1378458
2026-07-02 11:15:00.686 9 WARNING neutron_lib.context [None req-0cb9471a-6747-4a79-abb4-ecdadab92839 6d2eb6be602e48ab8da10e73c8497caf cfa4948697804dc79cdf5b2e13b1cc50 - - default default] Method 'is_advsvc' is deprecated since 2023.2 release (neutron-lib 3.8.0) and will be removed once support for the old RBAC API policies will be removed from Neutron. Please use method 'is_service_role' instead.
2026-07-02 11:15:00.713 9 INFO neutron.wsgi [None req-8b73ff20-a50a-4f7f-a565-3bdac09d6390 7a0d84665b1f4a1288833aa07236b752 e5697475b2504714a97ee12d834598e3 - - default default] 10.0.0.226 "DELETE /v2.0/security-groups/c2f11581-ac9d-470a-83ef-41e3b14a1267 HTTP/1.1" status: 204 len: 168 time: 0.3276310
2026-07-02 11:15:00.747 10 WARNING neutron.scheduler.dhcp_agent_scheduler [None req-8d56456b-3c69-4f97-929d-4eb3c3de4638 f8428ff80b75468093aff90f36758b25 bab9b134d3f1450e86e50570cd3602ba - - default default] No more DHCP agents
2026-07-02 11:15:00.752 10 WARNING neutron.api.rpc.agentnotifiers.dhcp_rpc_agent_api [None req-8d56456b-3c69-4f97-929d-4eb3c3de4638 f8428ff80b75468093aff90f36758b25 bab9b134d3f1450e86e50570cd3602ba - - default default] Unable to schedule network 0e08fab6-7906-4d11-80a6-ba312bba777d: no agents available; will retry on subsequent port and subnet creation events.
2026-07-02 11:15:00.944 10 INFO neutron.db.ovn_revision_numbers_db [None req-8d56456b-3c69-4f97-929d-4eb3c3de4638 f8428ff80b75468093aff90f36758b25 bab9b134d3f1450e86e50570cd3602ba - - default default] Successfully bumped revision number for resource 5f3d424a-80d3-4a0f-bded-b349c2dd2df4 (type: ports) to 1
2026-07-02 11:15:00.982 10 INFO neutron.wsgi [None req-8d56456b-3c69-4f97-929d-4eb3c3de4638 f8428ff80b75468093aff90f36758b25 bab9b134d3f1450e86e50570cd3602ba - - default default] 10.0.0.226 "POST /v2.0/ports HTTP/1.1" status: 201 len: 978 time: 0.6592309 /var/lib/openstack/lib/python3.10/site-packages/pycadf/identifier.py:71: UserWarning: Invalid uuid: neutron. To ensure interoperability, identifiers should be a valid uuid. warnings.warn(('Invalid uuid: %s. To ensure interoperability, '
2026-07-02 11:15:00.996 10 WARNING neutron_lib.context [None req-7833db5d-22a1-4f8e-ba55-d5bf0f6d5ed5 f8428ff80b75468093aff90f36758b25 bab9b134d3f1450e86e50570cd3602ba - - default default] Method 'is_advsvc' is deprecated since 2023.2 release (neutron-lib 3.8.0) and will be removed once support for the old RBAC API policies will be removed from Neutron. Please use method 'is_service_role' instead.
2026-07-02 11:15:01.087 9 WARNING neutron.scheduler.dhcp_agent_scheduler [None req-0cb9471a-6747-4a79-abb4-ecdadab92839 6d2eb6be602e48ab8da10e73c8497caf cfa4948697804dc79cdf5b2e13b1cc50 - - default default] No more DHCP agents
2026-07-02 11:15:01.089 9 WARNING neutron.api.rpc.agentnotifiers.dhcp_rpc_agent_api [None req-0cb9471a-6747-4a79-abb4-ecdadab92839 6d2eb6be602e48ab8da10e73c8497caf cfa4948697804dc79cdf5b2e13b1cc50 - - default default] Unable to schedule network 3c41e5dc-5f30-41c2-bd35-29f889018b4f: no agents available; will retry on subsequent port and subnet creation events.
2026-07-02 11:15:01.108 10 INFO neutron.db.segments_db [None req-7833db5d-22a1-4f8e-ba55-d5bf0f6d5ed5 f8428ff80b75468093aff90f36758b25 bab9b134d3f1450e86e50570cd3602ba - - default default] Added segment 6e3cc90a-0dab-4fa8-825c-43aaf6a82021 of type geneve for network 73015c8c-78c3-4d1e-bd0d-391017e46156
2026-07-02 11:15:01.161 10 INFO neutron.db.ovn_revision_numbers_db [None req-6465527d-fe64-4f8d-a152-3108de936c59 7fefe16124034ff4b9a7ecb471105688 bb82efd6a02642a18ca4344ea6747a8d - - default default] Successfully bumped revision number for resource b5c9e454-1506-4d4a-9252-946b0df0d7a2 (type: ports) to 2
2026-07-02 11:15:01.223 10 INFO neutron.db.ovn_revision_numbers_db [None req-6465527d-fe64-4f8d-a152-3108de936c59 7fefe16124034ff4b9a7ecb471105688 bb82efd6a02642a18ca4344ea6747a8d - - default default] Successfully bumped revision number for resource 7205c4a8-c065-4ffc-894d-134c15bfde16 (type: subnets) to 0
2026-07-02 11:15:01.272 10 INFO neutron.wsgi [None req-6465527d-fe64-4f8d-a152-3108de936c59 7fefe16124034ff4b9a7ecb471105688 bb82efd6a02642a18ca4344ea6747a8d - - default default] 10.0.0.226 "POST /v2.0/subnets HTTP/1.1" status: 201 len: 801 time: 1.6850572 /var/lib/openstack/lib/python3.10/site-packages/pycadf/identifier.py:71: UserWarning: Invalid uuid: neutron. To ensure interoperability, identifiers should be a valid uuid. warnings.warn(('Invalid uuid: %s. To ensure interoperability, '
2026-07-02 11:15:01.285 9 WARNING neutron_lib.context [None req-4b2f0456-0b58-4057-8a45-d6287a35875d 7fefe16124034ff4b9a7ecb471105688 bb82efd6a02642a18ca4344ea6747a8d - - default default] Method 'is_advsvc' is deprecated since 2023.2 release (neutron-lib 3.8.0) and will be removed once support for the old RBAC API policies will be removed from Neutron. Please use method 'is_service_role' instead.
2026-07-02 11:15:01.303 9 INFO neutron.db.ovn_revision_numbers_db [None req-0cb9471a-6747-4a79-abb4-ecdadab92839 6d2eb6be602e48ab8da10e73c8497caf cfa4948697804dc79cdf5b2e13b1cc50 - - default default] Successfully bumped revision number for resource 6c447a05-e4b9-46ad-9d07-de3d9ad5b116 (type: ports) to 1
2026-07-02 11:15:01.316 10 INFO neutron.db.ovn_revision_numbers_db [None req-7833db5d-22a1-4f8e-ba55-d5bf0f6d5ed5 f8428ff80b75468093aff90f36758b25 bab9b134d3f1450e86e50570cd3602ba - - default default] Successfully bumped revision number for resource 73015c8c-78c3-4d1e-bd0d-391017e46156 (type: networks) to 1
2026-07-02 11:15:01.344 9 INFO neutron.wsgi [None req-0cb9471a-6747-4a79-abb4-ecdadab92839 6d2eb6be602e48ab8da10e73c8497caf cfa4948697804dc79cdf5b2e13b1cc50 - - default default] 10.0.0.226 "POST /v2.0/ports HTTP/1.1" status: 201 len: 1149 time: 0.6618655
2026-07-02 11:15:01.388 9 INFO neutron.db.segments_db [None req-4b2f0456-0b58-4057-8a45-d6287a35875d 7fefe16124034ff4b9a7ecb471105688 bb82efd6a02642a18ca4344ea6747a8d - - default default] Added segment 17d89b79-eefd-496f-be9a-eb22c8ab7bab of type geneve for network a343802c-a78d-4330-8c44-f9872a36d83f
2026-07-02 11:15:01.498 10 WARNING neutron.scheduler.dhcp_agent_scheduler [None req-7833db5d-22a1-4f8e-ba55-d5bf0f6d5ed5 f8428ff80b75468093aff90f36758b25 bab9b134d3f1450e86e50570cd3602ba - - default default] No more DHCP agents
2026-07-02 11:15:01.501 10 WARNING neutron.api.rpc.agentnotifiers.dhcp_rpc_agent_api [None req-7833db5d-22a1-4f8e-ba55-d5bf0f6d5ed5 f8428ff80b75468093aff90f36758b25 bab9b134d3f1450e86e50570cd3602ba - - default default] Unable to schedule network 73015c8c-78c3-4d1e-bd0d-391017e46156: no agents available; will retry on subsequent port and subnet creation events.
2026-07-02 11:15:01.587 9 INFO neutron.db.ovn_revision_numbers_db [None req-4b2f0456-0b58-4057-8a45-d6287a35875d 7fefe16124034ff4b9a7ecb471105688 bb82efd6a02642a18ca4344ea6747a8d - - default default] Successfully bumped revision number for resource a343802c-a78d-4330-8c44-f9872a36d83f (type: networks) to 1
2026-07-02 11:15:01.592 10 INFO neutron.db.ovn_revision_numbers_db [None req-7833db5d-22a1-4f8e-ba55-d5bf0f6d5ed5 f8428ff80b75468093aff90f36758b25 bab9b134d3f1450e86e50570cd3602ba - - default default] Successfully bumped revision number for resource 491f4d4b-391f-439c-a74c-ef3fb9457c2f (type: ports) to 1
2026-07-02 11:15:01.620 10 INFO neutron.wsgi [None req-7833db5d-22a1-4f8e-ba55-d5bf0f6d5ed5 f8428ff80b75468093aff90f36758b25 bab9b134d3f1450e86e50570cd3602ba - - default default] 10.0.0.226 "POST /v2.0/networks HTTP/1.1" status: 201 len: 834 time: 0.6312945
2026-07-02 11:15:01.631 10 WARNING neutron_lib.context [None req-c66ce6fc-6775-41c5-a0ef-236e5b44b9fc f8428ff80b75468093aff90f36758b25 bab9b134d3f1450e86e50570cd3602ba - - default default] Method 'is_advsvc' is deprecated since 2023.2 release (neutron-lib 3.8.0) and will be removed once support for the old RBAC API policies will be removed from Neutron. Please use method 'is_service_role' instead.
2026-07-02 11:15:01.908 9 WARNING neutron.scheduler.dhcp_agent_scheduler [None req-4b2f0456-0b58-4057-8a45-d6287a35875d 7fefe16124034ff4b9a7ecb471105688 bb82efd6a02642a18ca4344ea6747a8d - - default default] No more DHCP agents
2026-07-02 11:15:01.919 9 WARNING neutron.api.rpc.agentnotifiers.dhcp_rpc_agent_api [None req-4b2f0456-0b58-4057-8a45-d6287a35875d 7fefe16124034ff4b9a7ecb471105688 bb82efd6a02642a18ca4344ea6747a8d - - default default] Unable to schedule network a343802c-a78d-4330-8c44-f9872a36d83f: no agents available; will retry on subsequent port and subnet creation events.
2026-07-02 11:15:01.937 10 WARNING neutron.scheduler.dhcp_agent_scheduler [None req-c66ce6fc-6775-41c5-a0ef-236e5b44b9fc f8428ff80b75468093aff90f36758b25 bab9b134d3f1450e86e50570cd3602ba - - default default] No more DHCP agents
2026-07-02 11:15:01.939 10 WARNING neutron.api.rpc.agentnotifiers.dhcp_rpc_agent_api [None req-c66ce6fc-6775-41c5-a0ef-236e5b44b9fc f8428ff80b75468093aff90f36758b25 bab9b134d3f1450e86e50570cd3602ba - - default default] Unable to schedule network 73015c8c-78c3-4d1e-bd0d-391017e46156: no agents available; will retry on subsequent port and subnet creation events.
2026-07-02 11:15:01.970 9 INFO neutron.wsgi [None req-e7479786-766a-4e39-bf95-bc8030079317 6d2eb6be602e48ab8da10e73c8497caf cfa4948697804dc79cdf5b2e13b1cc50 - - default default] 10.0.0.226 "DELETE /v2.0/ports/6c447a05-e4b9-46ad-9d07-de3d9ad5b116 HTTP/1.1" status: 204 len: 168 time: 0.6228421
2026-07-02 11:15:01.984 10 INFO neutron.db.ovn_revision_numbers_db [None req-c66ce6fc-6775-41c5-a0ef-236e5b44b9fc f8428ff80b75468093aff90f36758b25 bab9b134d3f1450e86e50570cd3602ba - - default default] Successfully bumped revision number for resource 40b51e05-efbf-455f-ad0a-7ff802554047 (type: subnets) to 0
2026-07-02 11:15:01.998 10 INFO neutron.pecan_wsgi.hooks.translation [None req-33c37e91-2b05-435b-9838-af8e371f691a 6d2eb6be602e48ab8da10e73c8497caf cfa4948697804dc79cdf5b2e13b1cc50 - - default default] DELETE failed (client error): The resource could not be found.
2026-07-02 11:15:02.001 10 INFO neutron.wsgi [None req-33c37e91-2b05-435b-9838-af8e371f691a 6d2eb6be602e48ab8da10e73c8497caf cfa4948697804dc79cdf5b2e13b1cc50 - - default default] 10.0.0.226 "DELETE /v2.0/ports/6c447a05-e4b9-46ad-9d07-de3d9ad5b116 HTTP/1.1" status: 404 len: 333 time: 0.0249400
2026-07-02 11:15:02.033 10 INFO neutron.wsgi [None req-c66ce6fc-6775-41c5-a0ef-236e5b44b9fc f8428ff80b75468093aff90f36758b25 bab9b134d3f1450e86e50570cd3602ba - - default default] 10.0.0.226 "POST /v2.0/subnets HTTP/1.1" status: 201 len: 821 time: 0.4079213
2026-07-02 11:15:02.034 10 INFO neutron.pecan_wsgi.hooks.translation [None req-77d39300-623b-4ed1-a394-3c58842b9396 6d2eb6be602e48ab8da10e73c8497caf cfa4948697804dc79cdf5b2e13b1cc50 - - default default] GET failed (client error): The resource could not be found.
2026-07-02 11:15:02.035 10 INFO neutron.wsgi [None req-77d39300-623b-4ed1-a394-3c58842b9396 6d2eb6be602e48ab8da10e73c8497caf cfa4948697804dc79cdf5b2e13b1cc50 - - default default] 10.0.0.226 "GET /v2.0/ports/6c447a05-e4b9-46ad-9d07-de3d9ad5b116 HTTP/1.1" status: 404 len: 333 time: 0.0271986
2026-07-02 11:15:02.037 9 INFO neutron.db.ovn_revision_numbers_db [None req-4b2f0456-0b58-4057-8a45-d6287a35875d 7fefe16124034ff4b9a7ecb471105688 bb82efd6a02642a18ca4344ea6747a8d - - default default] Successfully bumped revision number for resource 1df6f967-e075-4e29-9560-8865d60537a1 (type: ports) to 1
2026-07-02 11:15:02.047 10 WARNING neutron_lib.context [None req-b456a39c-35a6-41d5-963c-3a2a4a153395 f8428ff80b75468093aff90f36758b25 bab9b134d3f1450e86e50570cd3602ba - - default default] Method 'is_advsvc' is deprecated since 2023.2 release (neutron-lib 3.8.0) and will be removed once support for the old RBAC API policies will be removed from Neutron. Please use method 'is_service_role' instead.
2026-07-02 11:15:02.109 9 INFO neutron.wsgi [None req-4b2f0456-0b58-4057-8a45-d6287a35875d 7fefe16124034ff4b9a7ecb471105688 bb82efd6a02642a18ca4344ea6747a8d - - default default] 10.0.0.226 "POST /v2.0/networks HTTP/1.1" status: 201 len: 831 time: 0.8300636
2026-07-02 11:15:02.122 9 WARNING neutron_lib.context [None req-77fd80e1-95ce-4b3f-b2fe-1c50792cb3ea 7fefe16124034ff4b9a7ecb471105688 bb82efd6a02642a18ca4344ea6747a8d - - default default] Method 'is_advsvc' is deprecated since 2023.2 release (neutron-lib 3.8.0) and will be removed once support for the old RBAC API policies will be removed from Neutron. Please use method 'is_service_role' instead.
2026-07-02 11:15:02.397 9 INFO neutron.wsgi [None req-cb3e2061-94b9-4d59-a3b7-c1d4af6af517 6d2eb6be602e48ab8da10e73c8497caf cfa4948697804dc79cdf5b2e13b1cc50 - - default default] 10.0.0.226 "DELETE /v2.0/subnets/3734999e-5387-4f77-8e54-dd2358b24fc4 HTTP/1.1" status: 204 len: 168 time: 0.3545194
2026-07-02 11:15:02.461 10 WARNING neutron.scheduler.dhcp_agent_scheduler [None req-b456a39c-35a6-41d5-963c-3a2a4a153395 f8428ff80b75468093aff90f36758b25 bab9b134d3f1450e86e50570cd3602ba - - default default] No more DHCP agents
2026-07-02 11:15:02.463 10 WARNING neutron.api.rpc.agentnotifiers.dhcp_rpc_agent_api [None req-b456a39c-35a6-41d5-963c-3a2a4a153395 f8428ff80b75468093aff90f36758b25 bab9b134d3f1450e86e50570cd3602ba - - default default] Unable to schedule network 73015c8c-78c3-4d1e-bd0d-391017e46156: no agents available; will retry on subsequent port and subnet creation events.
2026-07-02 11:15:02.522 9 WARNING neutron.scheduler.dhcp_agent_scheduler [None req-77fd80e1-95ce-4b3f-b2fe-1c50792cb3ea 7fefe16124034ff4b9a7ecb471105688 bb82efd6a02642a18ca4344ea6747a8d - - default default] No more DHCP agents
2026-07-02 11:15:02.526 9 WARNING neutron.api.rpc.agentnotifiers.dhcp_rpc_agent_api [None req-77fd80e1-95ce-4b3f-b2fe-1c50792cb3ea 7fefe16124034ff4b9a7ecb471105688 bb82efd6a02642a18ca4344ea6747a8d - - default default] Unable to schedule network a343802c-a78d-4330-8c44-f9872a36d83f: no agents available; will retry on subsequent port and subnet creation events.
2026-07-02 11:15:02.586 10 INFO neutron.db.ovn_revision_numbers_db [None req-b456a39c-35a6-41d5-963c-3a2a4a153395 f8428ff80b75468093aff90f36758b25 bab9b134d3f1450e86e50570cd3602ba - - default default] Successfully bumped revision number for resource 70052dbe-c10f-4758-9aa1-5c7fdffc55e5 (type: ports) to 1
2026-07-02 11:15:02.610 10 INFO neutron.wsgi [None req-b456a39c-35a6-41d5-963c-3a2a4a153395 f8428ff80b75468093aff90f36758b25 bab9b134d3f1450e86e50570cd3602ba - - default default] 10.0.0.226 "POST /v2.0/ports HTTP/1.1" status: 201 len: 1164 time: 0.5699639 /var/lib/openstack/lib/python3.10/site-packages/pycadf/identifier.py:71: UserWarning: Invalid uuid: neutron. To ensure interoperability, identifiers should be a valid uuid. warnings.warn(('Invalid uuid: %s. To ensure interoperability, '
2026-07-02 11:15:02.924 9 INFO neutron.services.segments.plugin [-] Segment cb84c110-be71-430e-abfd-190893f96a8f resource provider aggregate not found
2026-07-02 11:15:02.929 9 INFO neutron.services.segments.plugin [-] Segment cb84c110-be71-430e-abfd-190893f96a8f resource provider aggregate not found
2026-07-02 11:15:02.941 10 WARNING neutron_lib.context [None req-f058b013-bb3d-4162-bf9e-6c5215d22db5 440f18845a9a45d6a43fe529c585fc6c b3d2a4fc5e524708a8f0e756c30eead0 - - default default] Method 'is_advsvc' is deprecated since 2023.2 release (neutron-lib 3.8.0) and will be removed once support for the old RBAC API policies will be removed from Neutron. Please use method 'is_service_role' instead.
2026-07-02 11:15:02.941 10 WARNING neutron_lib.context [None req-f058b013-bb3d-4162-bf9e-6c5215d22db5 440f18845a9a45d6a43fe529c585fc6c b3d2a4fc5e524708a8f0e756c30eead0 - - default default] Method 'is_advsvc' is deprecated since 2023.2 release (neutron-lib 3.8.0) and will be removed once support for the old RBAC API policies will be removed from Neutron. Please use method 'is_service_role' instead.
2026-07-02 11:15:02.960 9 INFO neutron.services.segments.plugin [-] Segment cb84c110-be71-430e-abfd-190893f96a8f resource provider not found; error: Placement Client Error (4xx): {"errors": [{"status": 404, "title": "Not Found", "detail": "The resource could not be found.\n\n No resource provider with uuid cb84c110-be71-430e-abfd-190893f96a8f found for delete ", "request_id": "req-568d89ac-6d83-4e55-94d4-de72ce7db62e"}]}
2026-07-02 11:15:02.961 10 INFO neutron.wsgi [None req-ac90be6d-4c74-4771-ba9c-e30014a9e89d f8428ff80b75468093aff90f36758b25 bab9b134d3f1450e86e50570cd3602ba - - default default] 10.0.0.226 "DELETE /v2.0/ports/70052dbe-c10f-4758-9aa1-5c7fdffc55e5 HTTP/1.1" status: 204 len: 168 time: 0.3444180
2026-07-02 11:15:02.966 9 INFO neutron.services.segments.plugin [-] Segment cb84c110-be71-430e-abfd-190893f96a8f resource provider not found; error: Placement Client Error (4xx): {"errors": [{"status": 404, "title": "Not Found", "detail": "The resource could not be found.\n\n No resource provider with uuid cb84c110-be71-430e-abfd-190893f96a8f found for delete ", "request_id": "req-0a5730fd-62cc-47c8-9eb1-963d9d57e228"}]}
2026-07-02 11:15:02.988 10 INFO neutron.pecan_wsgi.hooks.translation [None req-7b585b5f-835b-4c5f-b310-83e2d80e7229 f8428ff80b75468093aff90f36758b25 bab9b134d3f1450e86e50570cd3602ba - - default default] DELETE failed (client error): The resource could not be found.
2026-07-02 11:15:02.990 10 INFO neutron.wsgi [None req-7b585b5f-835b-4c5f-b310-83e2d80e7229 f8428ff80b75468093aff90f36758b25 bab9b134d3f1450e86e50570cd3602ba - - default default] 10.0.0.226 "DELETE /v2.0/ports/70052dbe-c10f-4758-9aa1-5c7fdffc55e5 HTTP/1.1" status: 404 len: 333 time: 0.0251424
2026-07-02 11:15:03.012 9 INFO neutron.wsgi [None req-3fdaf769-800d-46da-9d2a-a075ac9851a5 6d2eb6be602e48ab8da10e73c8497caf cfa4948697804dc79cdf5b2e13b1cc50 - - default default] 10.0.0.226 "DELETE /v2.0/networks/3c41e5dc-5f30-41c2-bd35-29f889018b4f HTTP/1.1" status: 204 len: 168 time: 0.6103194
2026-07-02 11:15:03.025 10 WARNING neutron_lib.context [None req-8168c6e3-0126-4c80-a788-1acd7c47512b 6d2eb6be602e48ab8da10e73c8497caf cfa4948697804dc79cdf5b2e13b1cc50 - - default default] Method 'is_advsvc' is deprecated since 2023.2 release (neutron-lib 3.8.0) and will be removed once support for the old RBAC API policies will be removed from Neutron. Please use method 'is_service_role' instead.
2026-07-02 11:15:03.027 10 INFO neutron.pecan_wsgi.hooks.translation [None req-57bbf174-eb37-443c-8ce3-7b91c89f596f f8428ff80b75468093aff90f36758b25 bab9b134d3f1450e86e50570cd3602ba - - default default] GET failed (client error): The resource could not be found.
2026-07-02 11:15:03.028 10 INFO neutron.wsgi [None req-57bbf174-eb37-443c-8ce3-7b91c89f596f f8428ff80b75468093aff90f36758b25 bab9b134d3f1450e86e50570cd3602ba - - default default] 10.0.0.226 "GET /v2.0/ports/70052dbe-c10f-4758-9aa1-5c7fdffc55e5 HTTP/1.1" status: 404 len: 333 time: 0.0293446
2026-07-02 11:15:03.177 10 INFO neutron.db.segments_db [None req-8168c6e3-0126-4c80-a788-1acd7c47512b 6d2eb6be602e48ab8da10e73c8497caf cfa4948697804dc79cdf5b2e13b1cc50 - - default default] Added segment 7e2ec883-3400-4cce-b0f0-07e237f12905 of type geneve for network 9a67ed77-dd75-4832-a6ae-6fddcff4defe
2026-07-02 11:15:03.248 9 INFO neutron.db.ovn_revision_numbers_db [None req-77fd80e1-95ce-4b3f-b2fe-1c50792cb3ea 7fefe16124034ff4b9a7ecb471105688 bb82efd6a02642a18ca4344ea6747a8d - - default default] Successfully bumped revision number for resource 1df6f967-e075-4e29-9560-8865d60537a1 (type: ports) to 2
2026-07-02 11:15:03.264 10 INFO neutron.db.ovn_revision_numbers_db [None req-f058b013-bb3d-4162-bf9e-6c5215d22db5 440f18845a9a45d6a43fe529c585fc6c b3d2a4fc5e524708a8f0e756c30eead0 - - default default] Successfully bumped revision number for resource 52fec166-e48a-4aa2-bf60-5f902fd11ccc (type: security_groups) to 1
2026-07-02 11:15:03.290 9 INFO neutron.db.ovn_revision_numbers_db [None req-77fd80e1-95ce-4b3f-b2fe-1c50792cb3ea 7fefe16124034ff4b9a7ecb471105688 bb82efd6a02642a18ca4344ea6747a8d - - default default] Successfully bumped revision number for resource 90ffb5ed-0770-439a-bf6f-f1d1291ba557 (type: subnets) to 0
2026-07-02 11:15:03.304 10 INFO neutron.db.ovn_revision_numbers_db [None req-f058b013-bb3d-4162-bf9e-6c5215d22db5 440f18845a9a45d6a43fe529c585fc6c b3d2a4fc5e524708a8f0e756c30eead0 - - default default] Successfully bumped revision number for resource 30fdced8-315a-43e9-9d42-b41fdd3c2399 (type: security_group_rules) to 0
2026-07-02 11:15:03.312 9 INFO neutron.wsgi [None req-77fd80e1-95ce-4b3f-b2fe-1c50792cb3ea 7fefe16124034ff4b9a7ecb471105688 bb82efd6a02642a18ca4344ea6747a8d - - default default] 10.0.0.226 "POST /v2.0/subnets HTTP/1.1" status: 201 len: 804 time: 1.1961389
2026-07-02 11:15:03.328 9 WARNING neutron_lib.context [None req-1db1a973-01c6-4145-9e4c-ebefbdcb14c9 7fefe16124034ff4b9a7ecb471105688 bb82efd6a02642a18ca4344ea6747a8d - - default default] Method 'is_advsvc' is deprecated since 2023.2 release (neutron-lib 3.8.0) and will be removed once support for the old RBAC API policies will be removed from Neutron. Please use method 'is_service_role' instead.
2026-07-02 11:15:03.371 10 INFO neutron.db.ovn_revision_numbers_db [None req-f058b013-bb3d-4162-bf9e-6c5215d22db5 440f18845a9a45d6a43fe529c585fc6c b3d2a4fc5e524708a8f0e756c30eead0 - - default default] Successfully bumped revision number for resource 5572a5f3-005d-4010-bb23-a847270286d7 (type: security_group_rules) to 0
2026-07-02 11:15:03.405 10 INFO neutron.db.ovn_revision_numbers_db [None req-f058b013-bb3d-4162-bf9e-6c5215d22db5 440f18845a9a45d6a43fe529c585fc6c b3d2a4fc5e524708a8f0e756c30eead0 - - default default] Successfully bumped revision number for resource d198c970-c591-49b1-b7ba-ebd95148c49e (type: security_group_rules) to 0
2026-07-02 11:15:03.419 10 INFO neutron.wsgi [None req-d3c3c93d-cdff-4932-a92a-8c97123b8e05 f8428ff80b75468093aff90f36758b25 bab9b134d3f1450e86e50570cd3602ba - - default default] 10.0.0.226 "DELETE /v2.0/subnets/40b51e05-efbf-455f-ad0a-7ff802554047 HTTP/1.1" status: 204 len: 168 time: 0.3825681
2026-07-02 11:15:03.433 10 INFO neutron.db.ovn_revision_numbers_db [None req-8168c6e3-0126-4c80-a788-1acd7c47512b 6d2eb6be602e48ab8da10e73c8497caf cfa4948697804dc79cdf5b2e13b1cc50 - - default default] Successfully bumped revision number for resource 9a67ed77-dd75-4832-a6ae-6fddcff4defe (type: networks) to 1
2026-07-02 11:15:03.435 10 INFO neutron.db.ovn_revision_numbers_db [None req-f058b013-bb3d-4162-bf9e-6c5215d22db5 440f18845a9a45d6a43fe529c585fc6c b3d2a4fc5e524708a8f0e756c30eead0 - - default default] Successfully bumped revision number for resource dca02769-2dbe-4f5e-ad8e-95f3d93dd3b9 (type: security_group_rules) to 0
2026-07-02 11:15:03.453 9 INFO neutron.db.segments_db [None req-1db1a973-01c6-4145-9e4c-ebefbdcb14c9 7fefe16124034ff4b9a7ecb471105688 bb82efd6a02642a18ca4344ea6747a8d - - default default] Added segment e5f48233-ed25-44b4-b11e-0c8074cf68ae of type geneve for network 8cae3c68-09e1-48a7-b716-6cb96d7ac256
2026-07-02 11:15:03.536 10 INFO neutron.db.segments_db [None req-f058b013-bb3d-4162-bf9e-6c5215d22db5 440f18845a9a45d6a43fe529c585fc6c b3d2a4fc5e524708a8f0e756c30eead0 - - default default] Added segment f4bd0161-2da8-4fe1-b2d6-7fe27d3a8aa5 of type geneve for network 89542bda-a958-401f-b9f2-fcc8e3f703c6
2026-07-02 11:15:03.662 9 INFO neutron.db.ovn_revision_numbers_db [None req-1db1a973-01c6-4145-9e4c-ebefbdcb14c9 7fefe16124034ff4b9a7ecb471105688 bb82efd6a02642a18ca4344ea6747a8d - - default default] Successfully bumped revision number for resource 8cae3c68-09e1-48a7-b716-6cb96d7ac256 (type: networks) to 1
2026-07-02 11:15:03.664 10 WARNING neutron.scheduler.dhcp_agent_scheduler [None req-8168c6e3-0126-4c80-a788-1acd7c47512b 6d2eb6be602e48ab8da10e73c8497caf cfa4948697804dc79cdf5b2e13b1cc50 - - default default] No more DHCP agents
2026-07-02 11:15:03.666 10 WARNING neutron.api.rpc.agentnotifiers.dhcp_rpc_agent_api [None req-8168c6e3-0126-4c80-a788-1acd7c47512b 6d2eb6be602e48ab8da10e73c8497caf cfa4948697804dc79cdf5b2e13b1cc50 - - default default] Unable to schedule network 9a67ed77-dd75-4832-a6ae-6fddcff4defe: no agents available; will retry on subsequent port and subnet creation events.
2026-07-02 11:15:03.698 10 INFO neutron.db.segments_db [None req-f058b013-bb3d-4162-bf9e-6c5215d22db5 440f18845a9a45d6a43fe529c585fc6c b3d2a4fc5e524708a8f0e756c30eead0 - - default default] Added segment 943838ac-d951-45ae-a446-c43f23f26637 of type geneve for network 2831a0d4-ae84-4d1b-b2b5-8bc0efec7e1b
2026-07-02 11:15:03.806 10 INFO neutron.db.ovn_revision_numbers_db [None req-8168c6e3-0126-4c80-a788-1acd7c47512b 6d2eb6be602e48ab8da10e73c8497caf cfa4948697804dc79cdf5b2e13b1cc50 - - default default] Successfully bumped revision number for resource 13c82beb-16eb-4720-8eba-409bba96c5ae (type: ports) to 1
2026-07-02 11:15:03.902 9 WARNING neutron.scheduler.dhcp_agent_scheduler [None req-1db1a973-01c6-4145-9e4c-ebefbdcb14c9 7fefe16124034ff4b9a7ecb471105688 bb82efd6a02642a18ca4344ea6747a8d - - default default] No more DHCP agents
2026-07-02 11:15:03.910 9 WARNING neutron.api.rpc.agentnotifiers.dhcp_rpc_agent_api [None req-1db1a973-01c6-4145-9e4c-ebefbdcb14c9 7fefe16124034ff4b9a7ecb471105688 bb82efd6a02642a18ca4344ea6747a8d - - default default] Unable to schedule network 8cae3c68-09e1-48a7-b716-6cb96d7ac256: no agents available; will retry on subsequent port and subnet creation events.
2026-07-02 11:15:04.006 9 INFO neutron.wsgi [None req-25738312-320c-4eba-934e-7e205072c468 f8428ff80b75468093aff90f36758b25 bab9b134d3f1450e86e50570cd3602ba - - default default] 10.0.0.226 "DELETE /v2.0/networks/73015c8c-78c3-4d1e-bd0d-391017e46156 HTTP/1.1" status: 204 len: 168 time: 0.5764694
2026-07-02 11:15:04.039 9 WARNING neutron_lib.context [None req-6e99d416-5856-439b-848c-c9caa554e20c f8428ff80b75468093aff90f36758b25 bab9b134d3f1450e86e50570cd3602ba - - default default] Method 'is_advsvc' is deprecated since 2023.2 release (neutron-lib 3.8.0) and will be removed once support for the old RBAC API policies will be removed from Neutron. Please use method 'is_service_role' instead.
2026-07-02 11:15:04.057 9 INFO neutron.db.ovn_revision_numbers_db [None req-1db1a973-01c6-4145-9e4c-ebefbdcb14c9 7fefe16124034ff4b9a7ecb471105688 bb82efd6a02642a18ca4344ea6747a8d - - default default] Successfully bumped revision number for resource b4953159-5bf4-4593-94a0-495c559d4ff0 (type: ports) to 1
2026-07-02 11:15:04.086 9 INFO neutron.wsgi [None req-1db1a973-01c6-4145-9e4c-ebefbdcb14c9 7fefe16124034ff4b9a7ecb471105688 bb82efd6a02642a18ca4344ea6747a8d - - default default] 10.0.0.226 "POST /v2.0/networks HTTP/1.1" status: 201 len: 830 time: 0.7647207
2026-07-02 11:15:04.111 9 WARNING neutron_lib.context [None req-38fa1292-5bf2-4461-b237-55fd949beef7 7fefe16124034ff4b9a7ecb471105688 bb82efd6a02642a18ca4344ea6747a8d - - default default] Method 'is_advsvc' is deprecated since 2023.2 release (neutron-lib 3.8.0) and will be removed once support for the old RBAC API policies will be removed from Neutron. Please use method 'is_service_role' instead.
2026-07-02 11:15:04.141 10 INFO neutron.wsgi [None req-8168c6e3-0126-4c80-a788-1acd7c47512b 6d2eb6be602e48ab8da10e73c8497caf cfa4948697804dc79cdf5b2e13b1cc50 - - default default] 10.0.0.226 "POST /v2.0/networks HTTP/1.1" status: 201 len: 831 time: 1.1211631
2026-07-02 11:15:04.156 10 WARNING neutron_lib.context [None req-b38b40bd-62df-410e-9b50-9da8440f7c3e 6d2eb6be602e48ab8da10e73c8497caf cfa4948697804dc79cdf5b2e13b1cc50 - - default default] Method 'is_advsvc' is deprecated since 2023.2 release (neutron-lib 3.8.0) and will be removed once support for the old RBAC API policies will be removed from Neutron. Please use method 'is_service_role' instead.
2026-07-02 11:15:04.172 10 INFO neutron.db.ovn_revision_numbers_db [None req-f058b013-bb3d-4162-bf9e-6c5215d22db5 440f18845a9a45d6a43fe529c585fc6c b3d2a4fc5e524708a8f0e756c30eead0 - - default default] Successfully bumped revision number for resource 89542bda-a958-401f-b9f2-fcc8e3f703c6 (type: networks) to 1
2026-07-02 11:15:04.361 9 INFO neutron.db.segments_db [None req-6e99d416-5856-439b-848c-c9caa554e20c f8428ff80b75468093aff90f36758b25 bab9b134d3f1450e86e50570cd3602ba - - default default] Added segment 7f0363c5-6db6-48bf-9740-3b67c7d0e4c6 of type geneve for network 4539fc28-66ae-4814-a224-c2a447d2d60f
2026-07-02 11:15:04.402 10 WARNING neutron.scheduler.dhcp_agent_scheduler [None req-f058b013-bb3d-4162-bf9e-6c5215d22db5 440f18845a9a45d6a43fe529c585fc6c b3d2a4fc5e524708a8f0e756c30eead0 - - default default] No more DHCP agents
2026-07-02 11:15:04.408 10 WARNING neutron.api.rpc.agentnotifiers.dhcp_rpc_agent_api [None req-f058b013-bb3d-4162-bf9e-6c5215d22db5 440f18845a9a45d6a43fe529c585fc6c b3d2a4fc5e524708a8f0e756c30eead0 - - default default] Unable to schedule network 89542bda-a958-401f-b9f2-fcc8e3f703c6: no agents available; will retry on subsequent port and subnet creation events.
2026-07-02 11:15:04.491 10 WARNING neutron.scheduler.dhcp_agent_scheduler [None req-b38b40bd-62df-410e-9b50-9da8440f7c3e 6d2eb6be602e48ab8da10e73c8497caf cfa4948697804dc79cdf5b2e13b1cc50 - - default default] No more DHCP agents
2026-07-02 11:15:04.499 10 WARNING neutron.api.rpc.agentnotifiers.dhcp_rpc_agent_api [None req-b38b40bd-62df-410e-9b50-9da8440f7c3e 6d2eb6be602e48ab8da10e73c8497caf cfa4948697804dc79cdf5b2e13b1cc50 - - default default] Unable to schedule network 9a67ed77-dd75-4832-a6ae-6fddcff4defe: no agents available; will retry on subsequent port and subnet creation events.
2026-07-02 11:15:04.539 10 INFO neutron.db.ovn_revision_numbers_db [None req-f058b013-bb3d-4162-bf9e-6c5215d22db5 440f18845a9a45d6a43fe529c585fc6c b3d2a4fc5e524708a8f0e756c30eead0 - - default default] Successfully bumped revision number for resource 65684353-5a5a-43d9-8c6d-7d374e295eae (type: ports) to 1
2026-07-02 11:15:04.607 9 INFO neutron.db.ovn_revision_numbers_db [None req-6e99d416-5856-439b-848c-c9caa554e20c f8428ff80b75468093aff90f36758b25 bab9b134d3f1450e86e50570cd3602ba - - default default] Successfully bumped revision number for resource 4539fc28-66ae-4814-a224-c2a447d2d60f (type: networks) to 1
2026-07-02 11:15:04.637 10 INFO neutron.db.ovn_revision_numbers_db [None req-f058b013-bb3d-4162-bf9e-6c5215d22db5 440f18845a9a45d6a43fe529c585fc6c b3d2a4fc5e524708a8f0e756c30eead0 - - default default] Successfully bumped revision number for resource 2831a0d4-ae84-4d1b-b2b5-8bc0efec7e1b (type: networks) to 1
2026-07-02 11:15:04.748 9 WARNING neutron.scheduler.dhcp_agent_scheduler [None req-38fa1292-5bf2-4461-b237-55fd949beef7 7fefe16124034ff4b9a7ecb471105688 bb82efd6a02642a18ca4344ea6747a8d - - default default] No more DHCP agents
2026-07-02 11:15:04.763 9 WARNING neutron.api.rpc.agentnotifiers.dhcp_rpc_agent_api [None req-38fa1292-5bf2-4461-b237-55fd949beef7 7fefe16124034ff4b9a7ecb471105688 bb82efd6a02642a18ca4344ea6747a8d - - default default] Unable to schedule network 8cae3c68-09e1-48a7-b716-6cb96d7ac256: no agents available; will retry on subsequent port and subnet creation events.
2026-07-02 11:15:04.863 10 WARNING neutron.scheduler.dhcp_agent_scheduler [None req-f058b013-bb3d-4162-bf9e-6c5215d22db5 440f18845a9a45d6a43fe529c585fc6c b3d2a4fc5e524708a8f0e756c30eead0 - - default default] No more DHCP agents
2026-07-02 11:15:04.868 10 WARNING neutron.api.rpc.agentnotifiers.dhcp_rpc_agent_api [None req-f058b013-bb3d-4162-bf9e-6c5215d22db5 440f18845a9a45d6a43fe529c585fc6c b3d2a4fc5e524708a8f0e756c30eead0 - - default default] Unable to schedule network 2831a0d4-ae84-4d1b-b2b5-8bc0efec7e1b: no agents available; will retry on subsequent port and subnet creation events.
2026-07-02 11:15:04.878 9 WARNING neutron.scheduler.dhcp_agent_scheduler [None req-6e99d416-5856-439b-848c-c9caa554e20c f8428ff80b75468093aff90f36758b25 bab9b134d3f1450e86e50570cd3602ba - - default default] No more DHCP agents
2026-07-02 11:15:04.883 9 WARNING neutron.api.rpc.agentnotifiers.dhcp_rpc_agent_api [None req-6e99d416-5856-439b-848c-c9caa554e20c f8428ff80b75468093aff90f36758b25 bab9b134d3f1450e86e50570cd3602ba - - default default] Unable to schedule network 4539fc28-66ae-4814-a224-c2a447d2d60f: no agents available; will retry on subsequent port and subnet creation events.
2026-07-02 11:15:04.997 9 INFO neutron.services.segments.plugin [-] Segment 6e3cc90a-0dab-4fa8-825c-43aaf6a82021 resource provider aggregate not found
2026-07-02 11:15:05.003 9 INFO neutron.services.segments.plugin [-] Segment 6e3cc90a-0dab-4fa8-825c-43aaf6a82021 resource provider aggregate not found
2026-07-02 11:15:05.026 10 INFO neutron.db.ovn_revision_numbers_db [None req-f058b013-bb3d-4162-bf9e-6c5215d22db5 440f18845a9a45d6a43fe529c585fc6c b3d2a4fc5e524708a8f0e756c30eead0 - - default default] Successfully bumped revision number for resource eded53c0-7949-43ca-8503-fa09057ba18d (type: ports) to 1
2026-07-02 11:15:05.039 9 INFO neutron.services.segments.plugin [-] Segment 6e3cc90a-0dab-4fa8-825c-43aaf6a82021 resource provider not found; error: Placement Client Error (4xx): {"errors": [{"status": 404, "title": "Not Found", "detail": "The resource could not be found.\n\n No resource provider with uuid 6e3cc90a-0dab-4fa8-825c-43aaf6a82021 found for delete ", "request_id": "req-884239d6-a602-4769-9294-052cd865d1b5"}]}
2026-07-02 11:15:05.040 9 INFO neutron.services.segments.plugin [-] Segment 6e3cc90a-0dab-4fa8-825c-43aaf6a82021 resource provider not found; error: Placement Client Error (4xx): {"errors": [{"status": 404, "title": "Not Found", "detail": "The resource could not be found.\n\n No resource provider with uuid 6e3cc90a-0dab-4fa8-825c-43aaf6a82021 found for delete ", "request_id": "req-71b6dd06-0ac2-4df6-9f0c-1c8744a911f5"}]}
2026-07-02 11:15:05.061 10 INFO neutron.wsgi [None req-f058b013-bb3d-4162-bf9e-6c5215d22db5 440f18845a9a45d6a43fe529c585fc6c b3d2a4fc5e524708a8f0e756c30eead0 - - default default] 10.0.0.226 "POST /v2.0/networks HTTP/1.1" status: 201 len: 1445 time: 2.3551264
2026-07-02 11:15:05.120 9 INFO neutron.db.ovn_revision_numbers_db [None req-6e99d416-5856-439b-848c-c9caa554e20c f8428ff80b75468093aff90f36758b25 bab9b134d3f1450e86e50570cd3602ba - - default default] Successfully bumped revision number for resource 5d37b4d9-0999-43e5-9663-121ae9d8026a (type: ports) to 1
2026-07-02 11:15:05.210 9 INFO neutron.wsgi [None req-6e99d416-5856-439b-848c-c9caa554e20c f8428ff80b75468093aff90f36758b25 bab9b134d3f1450e86e50570cd3602ba - - default default] 10.0.0.226 "POST /v2.0/networks HTTP/1.1" status: 201 len: 834 time: 1.1803641
2026-07-02 11:15:05.220 10 WARNING neutron_lib.context [None req-fe36d21d-1816-4d85-90c3-954416a1a187 f8428ff80b75468093aff90f36758b25 bab9b134d3f1450e86e50570cd3602ba - - default default] Method 'is_advsvc' is deprecated since 2023.2 release (neutron-lib 3.8.0) and will be removed once support for the old RBAC API policies will be removed from Neutron. Please use method 'is_service_role' instead.
2026-07-02 11:15:05.225 10 INFO neutron.db.ovn_revision_numbers_db [None req-b38b40bd-62df-410e-9b50-9da8440f7c3e 6d2eb6be602e48ab8da10e73c8497caf cfa4948697804dc79cdf5b2e13b1cc50 - - default default] Successfully bumped revision number for resource 13c82beb-16eb-4720-8eba-409bba96c5ae (type: ports) to 2
2026-07-02 11:15:05.251 9 INFO neutron.wsgi [None req-48e4b951-6e69-4082-b0e6-3a1d3f630320 440f18845a9a45d6a43fe529c585fc6c b3d2a4fc5e524708a8f0e756c30eead0 - - default default] 10.0.0.226 "GET /v2.0/networks HTTP/1.1" status: 200 len: 2051 time: 0.1767330
2026-07-02 11:15:05.285 10 INFO neutron.db.ovn_revision_numbers_db [None req-b38b40bd-62df-410e-9b50-9da8440f7c3e 6d2eb6be602e48ab8da10e73c8497caf cfa4948697804dc79cdf5b2e13b1cc50 - - default default] Successfully bumped revision number for resource 0e64c1bb-5cbd-4f34-9689-16c869962c7f (type: subnets) to 0
2026-07-02 11:15:05.303 10 INFO neutron.wsgi [None req-b38b40bd-62df-410e-9b50-9da8440f7c3e 6d2eb6be602e48ab8da10e73c8497caf cfa4948697804dc79cdf5b2e13b1cc50 - - default default] 10.0.0.226 "POST /v2.0/subnets HTTP/1.1" status: 201 len: 801 time: 1.1515350
2026-07-02 11:15:05.317 9 WARNING neutron_lib.context [None req-b65f1228-faba-4f4a-a3e1-2235d655a28e 6d2eb6be602e48ab8da10e73c8497caf cfa4948697804dc79cdf5b2e13b1cc50 - - default default] Method 'is_advsvc' is deprecated since 2023.2 release (neutron-lib 3.8.0) and will be removed once support for the old RBAC API policies will be removed from Neutron. Please use method 'is_service_role' instead.
2026-07-02 11:15:05.486 10 WARNING neutron.scheduler.dhcp_agent_scheduler [None req-fe36d21d-1816-4d85-90c3-954416a1a187 f8428ff80b75468093aff90f36758b25 bab9b134d3f1450e86e50570cd3602ba - - default default] No more DHCP agents
2026-07-02 11:15:05.491 10 WARNING neutron.api.rpc.agentnotifiers.dhcp_rpc_agent_api [None req-fe36d21d-1816-4d85-90c3-954416a1a187 f8428ff80b75468093aff90f36758b25 bab9b134d3f1450e86e50570cd3602ba - - default default] Unable to schedule network 4539fc28-66ae-4814-a224-c2a447d2d60f: no agents available; will retry on subsequent port and subnet creation events.
2026-07-02 11:15:05.529 10 INFO neutron.db.ovn_revision_numbers_db [None req-fe36d21d-1816-4d85-90c3-954416a1a187 f8428ff80b75468093aff90f36758b25 bab9b134d3f1450e86e50570cd3602ba - - default default] Successfully bumped revision number for resource 31f72b9a-5e8d-4628-97b0-7b38a6ae839c (type: subnets) to 0
2026-07-02 11:15:05.547 10 INFO neutron.wsgi [None req-fe36d21d-1816-4d85-90c3-954416a1a187 f8428ff80b75468093aff90f36758b25 bab9b134d3f1450e86e50570cd3602ba - - default default] 10.0.0.226 "POST /v2.0/subnets HTTP/1.1" status: 201 len: 821 time: 0.3321633
2026-07-02 11:15:05.558 10 WARNING neutron_lib.context [None req-536610d5-8b5f-4126-834b-9045b5990999 f8428ff80b75468093aff90f36758b25 bab9b134d3f1450e86e50570cd3602ba - - default default] Method 'is_advsvc' is deprecated since 2023.2 release (neutron-lib 3.8.0) and will be removed once support for the old RBAC API policies will be removed from Neutron. Please use method 'is_service_role' instead.
2026-07-02 11:15:05.846 9 INFO neutron.db.ovn_revision_numbers_db [None req-38fa1292-5bf2-4461-b237-55fd949beef7 7fefe16124034ff4b9a7ecb471105688 bb82efd6a02642a18ca4344ea6747a8d - - default default] Successfully bumped revision number for resource b4953159-5bf4-4593-94a0-495c559d4ff0 (type: ports) to 2
2026-07-02 11:15:05.919 9 INFO neutron.db.ovn_revision_numbers_db [None req-38fa1292-5bf2-4461-b237-55fd949beef7 7fefe16124034ff4b9a7ecb471105688 bb82efd6a02642a18ca4344ea6747a8d - - default default] Successfully bumped revision number for resource 23053f30-89b7-4804-b336-e3a8f064ead6 (type: subnets) to 0
2026-07-02 11:15:05.926 9 WARNING neutron.scheduler.dhcp_agent_scheduler [None req-b65f1228-faba-4f4a-a3e1-2235d655a28e 6d2eb6be602e48ab8da10e73c8497caf cfa4948697804dc79cdf5b2e13b1cc50 - - default default] No more DHCP agents
2026-07-02 11:15:05.932 9 WARNING neutron.api.rpc.agentnotifiers.dhcp_rpc_agent_api [None req-b65f1228-faba-4f4a-a3e1-2235d655a28e 6d2eb6be602e48ab8da10e73c8497caf cfa4948697804dc79cdf5b2e13b1cc50 - - default default] Unable to schedule network 9a67ed77-dd75-4832-a6ae-6fddcff4defe: no agents available; will retry on subsequent port and subnet creation events.
2026-07-02 11:15:05.935 10 WARNING neutron.scheduler.dhcp_agent_scheduler [None req-536610d5-8b5f-4126-834b-9045b5990999 f8428ff80b75468093aff90f36758b25 bab9b134d3f1450e86e50570cd3602ba - - default default] No more DHCP agents
2026-07-02 11:15:05.939 10 WARNING neutron.api.rpc.agentnotifiers.dhcp_rpc_agent_api [None req-536610d5-8b5f-4126-834b-9045b5990999 f8428ff80b75468093aff90f36758b25 bab9b134d3f1450e86e50570cd3602ba - - default default] Unable to schedule network 4539fc28-66ae-4814-a224-c2a447d2d60f: no agents available; will retry on subsequent port and subnet creation events.
2026-07-02 11:15:05.963 9 INFO neutron.wsgi [None req-38fa1292-5bf2-4461-b237-55fd949beef7 7fefe16124034ff4b9a7ecb471105688 bb82efd6a02642a18ca4344ea6747a8d - - default default] 10.0.0.226 "POST /v2.0/subnets HTTP/1.1" status: 201 len: 804 time: 1.8593459
2026-07-02 11:15:05.977 10 WARNING neutron_lib.context [None req-4cd10772-a721-4759-aa34-6d1d80c93fd9 7fefe16124034ff4b9a7ecb471105688 bb82efd6a02642a18ca4344ea6747a8d - - default default] Method 'is_advsvc' is deprecated since 2023.2 release (neutron-lib 3.8.0) and will be removed once support for the old RBAC API policies will be removed from Neutron. Please use method 'is_service_role' instead.
2026-07-02 11:15:06.026 9 INFO neutron.wsgi [None req-ec6f7552-a606-43a2-b35d-e2c88620a238 440f18845a9a45d6a43fe529c585fc6c b3d2a4fc5e524708a8f0e756c30eead0 - - default default] 10.0.0.226 "DELETE /v2.0/networks/89542bda-a958-401f-b9f2-fcc8e3f703c6 HTTP/1.1" status: 204 len: 168 time: 0.7638879
2026-07-02 11:15:06.173 10 INFO neutron.db.ovn_revision_numbers_db [None req-536610d5-8b5f-4126-834b-9045b5990999 f8428ff80b75468093aff90f36758b25 bab9b134d3f1450e86e50570cd3602ba - - default default] Successfully bumped revision number for resource 58349572-2642-4182-b544-2bbf90371f39 (type: ports) to 1
2026-07-02 11:15:06.175 10 INFO neutron.db.segments_db [None req-4cd10772-a721-4759-aa34-6d1d80c93fd9 7fefe16124034ff4b9a7ecb471105688 bb82efd6a02642a18ca4344ea6747a8d - - default default] Added segment ca845c5e-d399-447e-9d73-4f825c5d1d47 of type geneve for network 6655b0ec-9c1d-4f35-890b-937366c45c6e
2026-07-02 11:15:06.222 10 INFO neutron.wsgi [None req-536610d5-8b5f-4126-834b-9045b5990999 f8428ff80b75468093aff90f36758b25 bab9b134d3f1450e86e50570cd3602ba - - default default] 10.0.0.226 "POST /v2.0/ports HTTP/1.1" status: 201 len: 1126 time: 0.6698852
2026-07-02 11:15:06.223 9 INFO neutron.db.ovn_revision_numbers_db [None req-b65f1228-faba-4f4a-a3e1-2235d655a28e 6d2eb6be602e48ab8da10e73c8497caf cfa4948697804dc79cdf5b2e13b1cc50 - - default default] Successfully bumped revision number for resource 47f815f8-3525-4b7b-85f5-50de95d25dfa (type: ports) to 1
2026-07-02 11:15:06.259 9 INFO neutron.wsgi [None req-b65f1228-faba-4f4a-a3e1-2235d655a28e 6d2eb6be602e48ab8da10e73c8497caf cfa4948697804dc79cdf5b2e13b1cc50 - - default default] 10.0.0.226 "POST /v2.0/ports HTTP/1.1" status: 201 len: 1111 time: 0.9488740
2026-07-02 11:15:06.413 10 INFO neutron.db.ovn_revision_numbers_db [None req-4cd10772-a721-4759-aa34-6d1d80c93fd9 7fefe16124034ff4b9a7ecb471105688 bb82efd6a02642a18ca4344ea6747a8d - - default default] Successfully bumped revision number for resource 6655b0ec-9c1d-4f35-890b-937366c45c6e (type: networks) to 1
2026-07-02 11:15:06.668 10 INFO neutron.services.segments.plugin [-] Segment 943838ac-d951-45ae-a446-c43f23f26637 resource provider aggregate not found
2026-07-02 11:15:06.674 10 INFO neutron.services.segments.plugin [-] Segment 943838ac-d951-45ae-a446-c43f23f26637 resource provider aggregate not found
2026-07-02 11:15:06.681 9 INFO neutron.wsgi [None req-ee6f3713-4fcb-419d-a18e-f282f3321961 f8428ff80b75468093aff90f36758b25 bab9b134d3f1450e86e50570cd3602ba - - default default] 10.0.0.226 "DELETE /v2.0/ports/58349572-2642-4182-b544-2bbf90371f39 HTTP/1.1" status: 204 len: 168 time: 0.4527664
2026-07-02 11:15:06.696 10 INFO neutron.services.segments.plugin [-] Segment 943838ac-d951-45ae-a446-c43f23f26637 resource provider not found; error: Placement Client Error (4xx): {"errors": [{"status": 404, "title": "Not Found", "detail": "The resource could not be found.\n\n No resource provider with uuid 943838ac-d951-45ae-a446-c43f23f26637 found for delete ", "request_id": "req-80b23535-f9bc-4263-b5f5-416a0a3ce892"}]}
2026-07-02 11:15:06.697 10 INFO neutron.services.segments.plugin [-] Segment 943838ac-d951-45ae-a446-c43f23f26637 resource provider not found; error: Placement Client Error (4xx): {"errors": [{"status": 404, "title": "Not Found", "detail": "The resource could not be found.\n\n No resource provider with uuid 943838ac-d951-45ae-a446-c43f23f26637 found for delete ", "request_id": "req-7f5860ae-3bd3-4e3d-b3a3-5e7b11ec5106"}]}
2026-07-02 11:15:06.713 10 INFO neutron.pecan_wsgi.hooks.translation [None req-62928dc3-dc99-4541-929f-88e950390afe f8428ff80b75468093aff90f36758b25 bab9b134d3f1450e86e50570cd3602ba - - default default] GET failed (client error): The resource could not be found.
2026-07-02 11:15:06.715 10 INFO neutron.wsgi [None req-62928dc3-dc99-4541-929f-88e950390afe f8428ff80b75468093aff90f36758b25 bab9b134d3f1450e86e50570cd3602ba - - default default] 10.0.0.226 "GET /v2.0/ports/58349572-2642-4182-b544-2bbf90371f39 HTTP/1.1" status: 404 len: 333 time: 0.0300870
2026-07-02 11:15:06.761 10 INFO neutron.wsgi [None req-cd74c15a-1964-4284-a844-4c37f284621b 440f18845a9a45d6a43fe529c585fc6c b3d2a4fc5e524708a8f0e756c30eead0 - - default default] 10.0.0.226 "DELETE /v2.0/networks/2831a0d4-ae84-4d1b-b2b5-8bc0efec7e1b HTTP/1.1" status: 204 len: 168 time: 0.7274303
2026-07-02 11:15:06.780 10 WARNING neutron.scheduler.dhcp_agent_scheduler [None req-4cd10772-a721-4759-aa34-6d1d80c93fd9 7fefe16124034ff4b9a7ecb471105688 bb82efd6a02642a18ca4344ea6747a8d - - default default] No more DHCP agents
2026-07-02 11:15:06.782 10 WARNING neutron.api.rpc.agentnotifiers.dhcp_rpc_agent_api [None req-4cd10772-a721-4759-aa34-6d1d80c93fd9 7fefe16124034ff4b9a7ecb471105688 bb82efd6a02642a18ca4344ea6747a8d - - default default] Unable to schedule network 6655b0ec-9c1d-4f35-890b-937366c45c6e: no agents available; will retry on subsequent port and subnet creation events.
2026-07-02 11:15:06.787 9 INFO neutron.wsgi [None req-0f157205-2b16-4a6e-872b-a8186cd7ed4b 6d2eb6be602e48ab8da10e73c8497caf cfa4948697804dc79cdf5b2e13b1cc50 - - default default] 10.0.0.226 "DELETE /v2.0/ports/47f815f8-3525-4b7b-85f5-50de95d25dfa HTTP/1.1" status: 204 len: 168 time: 0.5224926
2026-07-02 11:15:06.810 10 INFO neutron.pecan_wsgi.hooks.translation [None req-f3b98921-41c6-4e47-9ff6-35ed06d586ad 6d2eb6be602e48ab8da10e73c8497caf cfa4948697804dc79cdf5b2e13b1cc50 - - default default] GET failed (client error): The resource could not be found.
2026-07-02 11:15:06.812 10 INFO neutron.wsgi [None req-f3b98921-41c6-4e47-9ff6-35ed06d586ad 6d2eb6be602e48ab8da10e73c8497caf cfa4948697804dc79cdf5b2e13b1cc50 - - default default] 10.0.0.226 "GET /v2.0/ports/47f815f8-3525-4b7b-85f5-50de95d25dfa HTTP/1.1" status: 404 len: 333 time: 0.0196226
2026-07-02 11:15:06.899 10 INFO neutron.db.ovn_revision_numbers_db [None req-4cd10772-a721-4759-aa34-6d1d80c93fd9 7fefe16124034ff4b9a7ecb471105688 bb82efd6a02642a18ca4344ea6747a8d - - default default] Successfully bumped revision number for resource 921f66eb-2483-49cd-a7e8-0f90fe9d1a6a (type: ports) to 1
2026-07-02 11:15:06.900 9 INFO neutron.wsgi [None req-6676a189-1d5c-4629-9397-dcc017b4e96c 440f18845a9a45d6a43fe529c585fc6c b3d2a4fc5e524708a8f0e756c30eead0 - - default default] 10.0.0.226 "GET /v2.0/networks HTTP/1.1" status: 200 len: 845 time: 0.1279624
2026-07-02 11:15:06.924 9 WARNING neutron_lib.context [None req-20679645-d2f9-457c-a25e-c3863cc4008d 440f18845a9a45d6a43fe529c585fc6c b3d2a4fc5e524708a8f0e756c30eead0 - - default default] Method 'is_advsvc' is deprecated since 2023.2 release (neutron-lib 3.8.0) and will be removed once support for the old RBAC API policies will be removed from Neutron. Please use method 'is_service_role' instead.
2026-07-02 11:15:06.931 10 INFO neutron.wsgi [None req-4cd10772-a721-4759-aa34-6d1d80c93fd9 7fefe16124034ff4b9a7ecb471105688 bb82efd6a02642a18ca4344ea6747a8d - - default default] 10.0.0.226 "POST /v2.0/networks HTTP/1.1" status: 201 len: 830 time: 0.9602168
2026-07-02 11:15:06.940 10 WARNING neutron_lib.context [None req-bc4c7c3b-728d-438f-9a72-78cabc2294d4 7fefe16124034ff4b9a7ecb471105688 bb82efd6a02642a18ca4344ea6747a8d - - default default] Method 'is_advsvc' is deprecated since 2023.2 release (neutron-lib 3.8.0) and will be removed once support for the old RBAC API policies will be removed from Neutron. Please use method 'is_service_role' instead.
2026-07-02 11:15:07.068 9 INFO neutron.services.segments.plugin [-] Segment f4bd0161-2da8-4fe1-b2d6-7fe27d3a8aa5 resource provider aggregate not found
2026-07-02 11:15:07.079 9 INFO neutron.services.segments.plugin [-] Segment f4bd0161-2da8-4fe1-b2d6-7fe27d3a8aa5 resource provider aggregate not found
2026-07-02 11:15:07.085 9 INFO neutron.services.segments.plugin [-] Segment f4bd0161-2da8-4fe1-b2d6-7fe27d3a8aa5 resource provider not found; error: Placement Client Error (4xx): {"errors": [{"status": 404, "title": "Not Found", "detail": "The resource could not be found.\n\n No resource provider with uuid f4bd0161-2da8-4fe1-b2d6-7fe27d3a8aa5 found for delete ", "request_id": "req-42169c80-4d13-4c73-b8e2-ea9f70b25812"}]}
2026-07-02 11:15:07.099 9 INFO neutron.db.segments_db [None req-20679645-d2f9-457c-a25e-c3863cc4008d 440f18845a9a45d6a43fe529c585fc6c b3d2a4fc5e524708a8f0e756c30eead0 - - default default] Added segment ec849e2a-2d1b-49f9-9bb6-dcb16fddb20a of type geneve for network d19abf78-5749-4502-b176-8dbf0f13105e
2026-07-02 11:15:07.110 9 INFO neutron.services.segments.plugin [-] Segment f4bd0161-2da8-4fe1-b2d6-7fe27d3a8aa5 resource provider not found; error: Placement Client Error (4xx): {"errors": [{"status": 404, "title": "Not Found", "detail": "The resource could not be found.\n\n No resource provider with uuid f4bd0161-2da8-4fe1-b2d6-7fe27d3a8aa5 found for delete ", "request_id": "req-1e3881d2-0177-4f5a-859f-f73750534a23"}]}
2026-07-02 11:15:07.123 9 INFO neutron.wsgi [None req-a16962fc-c84f-4488-a4d6-f265de980551 f8428ff80b75468093aff90f36758b25 bab9b134d3f1450e86e50570cd3602ba - - default default] 10.0.0.226 "DELETE /v2.0/subnets/31f72b9a-5e8d-4628-97b0-7b38a6ae839c HTTP/1.1" status: 204 len: 168 time: 0.4005051
