2026-07-02 11:15:14.555 9 INFO neutron.db.ovn_revision_numbers_db [None req-80708ae0-2117-4a11-baef-8cc749eba584 5c74275d89a24eceae75b3346e97384e aac5581e08964df6a16c657160772f11 - - default default] Successfully bumped revision number for resource aab0b518-fb8d-4656-b368-6fca64c4e9b5 (type: security_group_rules) to 0
2026-07-02 11:15:14.586 9 INFO neutron.db.ovn_revision_numbers_db [None req-80708ae0-2117-4a11-baef-8cc749eba584 5c74275d89a24eceae75b3346e97384e aac5581e08964df6a16c657160772f11 - - default default] Successfully bumped revision number for resource efd8c2d7-cc26-43dc-b09b-df0020b00a3e (type: security_group_rules) to 0
2026-07-02 11:15:14.623 10 INFO neutron.wsgi [None req-c46094f7-84d1-4808-90e6-b94137e2bb33 440f18845a9a45d6a43fe529c585fc6c b3d2a4fc5e524708a8f0e756c30eead0 - - default default] 10.0.0.226 "DELETE /v2.0/subnets/c01bf3a7-07ac-4424-bb9c-fc31e8e86e90 HTTP/1.1" status: 204 len: 168 time: 0.2043159
2026-07-02 11:15:14.650 9 INFO neutron.db.segments_db [None req-80708ae0-2117-4a11-baef-8cc749eba584 5c74275d89a24eceae75b3346e97384e aac5581e08964df6a16c657160772f11 - - default default] Added segment cac3135c-81ce-4a03-9fb6-885b77e3e1d5 of type geneve for network 97d58e63-1bf2-479a-9c9d-2cb3e0e547f9
2026-07-02 11:15:14.670 10 INFO neutron.wsgi [None req-74cb5187-e7aa-4fcf-9905-16d49e2506ec 440f18845a9a45d6a43fe529c585fc6c b3d2a4fc5e524708a8f0e756c30eead0 - - default default] 10.0.0.226 "GET /v2.0/subnets HTTP/1.1" status: 200 len: 820 time: 0.0415795
2026-07-02 11:15:14.742 10 INFO neutron.wsgi [-] 10.0.0.127 "GET / HTTP/1.1" status: 200 len: 247 time: 0.0028248
2026-07-02 11:15:14.744 10 INFO neutron.wsgi [-] 10.0.0.127 "GET / HTTP/1.1" status: 200 len: 247 time: 0.0013871
2026-07-02 11:15:14.915 9 INFO neutron.db.ovn_revision_numbers_db [None req-80708ae0-2117-4a11-baef-8cc749eba584 5c74275d89a24eceae75b3346e97384e aac5581e08964df6a16c657160772f11 - - default default] Successfully bumped revision number for resource 97d58e63-1bf2-479a-9c9d-2cb3e0e547f9 (type: networks) to 1
2026-07-02 11:15:15.003 10 WARNING neutron_lib.context [None req-e71e7e8b-3f5e-45ce-aff8-9041d652605c 1d8e37a7f7c249bfb1fc2e77d2cb32c5 39b5f45c71484059bea013e773657915 - - default default] Method 'is_advsvc' is deprecated since 2023.2 release (neutron-lib 3.8.0) and will be removed once support for the old RBAC API policies will be removed from Neutron. Please use method 'is_service_role' instead.
2026-07-02 11:15:15.162 9 INFO neutron.wsgi [None req-df0d5bcd-f5fa-4120-a587-77f40ef10db4 7fefe16124034ff4b9a7ecb471105688 bb82efd6a02642a18ca4344ea6747a8d - - default default] 10.0.0.226 "DELETE /v2.0/networks/8cae3c68-09e1-48a7-b716-6cb96d7ac256 HTTP/1.1" status: 204 len: 168 time: 0.6949792
2026-07-02 11:15:15.198 10 INFO neutron.db.ovn_revision_numbers_db [None req-e71e7e8b-3f5e-45ce-aff8-9041d652605c 1d8e37a7f7c249bfb1fc2e77d2cb32c5 39b5f45c71484059bea013e773657915 - - default default] Successfully bumped revision number for resource caada276-5704-4d1f-bf0b-ebbe87960cc3 (type: security_groups) to 1
2026-07-02 11:15:15.234 10 INFO neutron.db.ovn_revision_numbers_db [None req-e71e7e8b-3f5e-45ce-aff8-9041d652605c 1d8e37a7f7c249bfb1fc2e77d2cb32c5 39b5f45c71484059bea013e773657915 - - default default] Successfully bumped revision number for resource 24fb9cca-71d3-4d27-b279-527b31af80e5 (type: security_group_rules) to 0
2026-07-02 11:15:15.262 10 INFO neutron.db.ovn_revision_numbers_db [None req-e71e7e8b-3f5e-45ce-aff8-9041d652605c 1d8e37a7f7c249bfb1fc2e77d2cb32c5 39b5f45c71484059bea013e773657915 - - default default] Successfully bumped revision number for resource 61569a45-bcc0-41a1-9c48-2639588aa2f9 (type: security_group_rules) to 0
2026-07-02 11:15:15.282 10 INFO neutron.db.ovn_revision_numbers_db [None req-e71e7e8b-3f5e-45ce-aff8-9041d652605c 1d8e37a7f7c249bfb1fc2e77d2cb32c5 39b5f45c71484059bea013e773657915 - - default default] Successfully bumped revision number for resource 7e5edd17-e60d-4644-a4b8-ae7a0955d776 (type: security_group_rules) to 0
2026-07-02 11:15:15.286 9 INFO neutron.services.segments.plugin [-] Segment e5f48233-ed25-44b4-b11e-0c8074cf68ae resource provider aggregate not found
2026-07-02 11:15:15.299 9 INFO neutron.services.segments.plugin [-] Segment e5f48233-ed25-44b4-b11e-0c8074cf68ae resource provider aggregate not found
2026-07-02 11:15:15.309 10 INFO neutron.db.ovn_revision_numbers_db [None req-e71e7e8b-3f5e-45ce-aff8-9041d652605c 1d8e37a7f7c249bfb1fc2e77d2cb32c5 39b5f45c71484059bea013e773657915 - - default default] Successfully bumped revision number for resource bfd6e6e1-7cf2-4fa3-88a2-6bb57223dce9 (type: security_group_rules) to 0
2026-07-02 11:15:15.319 9 INFO neutron.services.segments.plugin [-] Segment e5f48233-ed25-44b4-b11e-0c8074cf68ae resource provider not found; error: Placement Client Error (4xx): {"errors": [{"status": 404, "title": "Not Found", "detail": "The resource could not be found.\n\n No resource provider with uuid e5f48233-ed25-44b4-b11e-0c8074cf68ae found for delete ", "request_id": "req-65da4666-29ab-47e3-9083-1cd165234e9e"}]}
2026-07-02 11:15:15.323 9 INFO neutron.services.segments.plugin [-] Segment e5f48233-ed25-44b4-b11e-0c8074cf68ae resource provider not found; error: Placement Client Error (4xx): {"errors": [{"status": 404, "title": "Not Found", "detail": "The resource could not be found.\n\n No resource provider with uuid e5f48233-ed25-44b4-b11e-0c8074cf68ae found for delete ", "request_id": "req-d1ea0dc9-9eeb-46a5-a130-a143a67946c3"}]}
2026-07-02 11:15:15.329 9 WARNING neutron.scheduler.dhcp_agent_scheduler [None req-80708ae0-2117-4a11-baef-8cc749eba584 5c74275d89a24eceae75b3346e97384e aac5581e08964df6a16c657160772f11 - - default default] No more DHCP agents
2026-07-02 11:15:15.338 9 WARNING neutron.api.rpc.agentnotifiers.dhcp_rpc_agent_api [None req-80708ae0-2117-4a11-baef-8cc749eba584 5c74275d89a24eceae75b3346e97384e aac5581e08964df6a16c657160772f11 - - default default] Unable to schedule network 97d58e63-1bf2-479a-9c9d-2cb3e0e547f9: no agents available; will retry on subsequent port and subnet creation events.
2026-07-02 11:15:15.464 9 INFO neutron.wsgi [None req-93e08884-9119-45ac-8ab2-77861856e956 440f18845a9a45d6a43fe529c585fc6c b3d2a4fc5e524708a8f0e756c30eead0 - - default default] 10.0.0.226 "DELETE /v2.0/networks/4edf110b-df64-4773-96b1-d68aefb08afd HTTP/1.1" status: 204 len: 168 time: 0.7886186
2026-07-02 11:15:15.470 9 INFO neutron.db.ovn_revision_numbers_db [None req-80708ae0-2117-4a11-baef-8cc749eba584 5c74275d89a24eceae75b3346e97384e aac5581e08964df6a16c657160772f11 - - default default] Successfully bumped revision number for resource de4263e5-01b2-4498-907b-71f66867972f (type: ports) to 1
2026-07-02 11:15:15.486 10 INFO neutron.db.ovn_revision_numbers_db [None req-e71e7e8b-3f5e-45ce-aff8-9041d652605c 1d8e37a7f7c249bfb1fc2e77d2cb32c5 39b5f45c71484059bea013e773657915 - - default default] Successfully bumped revision number for resource bf910e5e-a41f-44a9-9778-c17d58b2b0bb (type: security_groups) to 1
2026-07-02 11:15:15.506 10 INFO neutron.db.ovn_revision_numbers_db [None req-e71e7e8b-3f5e-45ce-aff8-9041d652605c 1d8e37a7f7c249bfb1fc2e77d2cb32c5 39b5f45c71484059bea013e773657915 - - default default] Successfully bumped revision number for resource 529f7644-89d1-4d9f-819c-ecf8d945ed55 (type: security_group_rules) to 0
2026-07-02 11:15:15.526 9 INFO neutron.wsgi [None req-80708ae0-2117-4a11-baef-8cc749eba584 5c74275d89a24eceae75b3346e97384e aac5581e08964df6a16c657160772f11 - - default default] 10.0.0.226 "POST /v2.0/networks HTTP/1.1" status: 201 len: 828 time: 1.4125955
2026-07-02 11:15:15.534 10 INFO neutron.db.ovn_revision_numbers_db [None req-e71e7e8b-3f5e-45ce-aff8-9041d652605c 1d8e37a7f7c249bfb1fc2e77d2cb32c5 39b5f45c71484059bea013e773657915 - - default default] Successfully bumped revision number for resource ad530e14-c390-4045-8700-a6c9e0b2b2ff (type: security_group_rules) to 0
2026-07-02 11:15:15.534 9 WARNING neutron_lib.context [None req-ce165d2a-2440-4dd5-874a-d30c6d77608e 5c74275d89a24eceae75b3346e97384e aac5581e08964df6a16c657160772f11 - - default default] Method 'is_advsvc' is deprecated since 2023.2 release (neutron-lib 3.8.0) and will be removed once support for the old RBAC API policies will be removed from Neutron. Please use method 'is_service_role' instead.
2026-07-02 11:15:15.573 10 INFO neutron.wsgi [None req-e71e7e8b-3f5e-45ce-aff8-9041d652605c 1d8e37a7f7c249bfb1fc2e77d2cb32c5 39b5f45c71484059bea013e773657915 - - default default] 10.0.0.226 "POST /v2.0/security-groups HTTP/1.1" status: 201 len: 1759 time: 0.7038462
2026-07-02 11:15:15.630 10 INFO neutron.wsgi [None req-10e4ad4f-d707-4fcc-9876-6840849011f1 1d8e37a7f7c249bfb1fc2e77d2cb32c5 39b5f45c71484059bea013e773657915 - - default default] 10.0.0.226 "GET /v2.0/security-groups HTTP/1.1" status: 200 len: 4537 time: 0.0522735
2026-07-02 11:15:15.639 9 INFO neutron.db.segments_db [None req-ce165d2a-2440-4dd5-874a-d30c6d77608e 5c74275d89a24eceae75b3346e97384e aac5581e08964df6a16c657160772f11 - - default default] Added segment 2ec36f79-0f8d-4d66-8fab-d1de0acab666 of type geneve for network c16bf9ca-b2f5-4831-850b-8f25495a3fb7
2026-07-02 11:15:15.712 10 INFO neutron.wsgi [None req-358b0641-4e25-4866-8f21-194fa87b61e9 7fefe16124034ff4b9a7ecb471105688 bb82efd6a02642a18ca4344ea6747a8d - - default default] 10.0.0.226 "DELETE /v2.0/networks/6655b0ec-9c1d-4f35-890b-937366c45c6e HTTP/1.1" status: 204 len: 168 time: 0.5395920
2026-07-02 11:15:15.898 9 INFO neutron.db.ovn_revision_numbers_db [None req-cea2b8d4-d22c-4fcb-9e49-87eb90eced4d 1d8e37a7f7c249bfb1fc2e77d2cb32c5 39b5f45c71484059bea013e773657915 - - default default] Successfully bumped revision number for resource bf910e5e-a41f-44a9-9778-c17d58b2b0bb (type: security_groups) to 2
2026-07-02 11:15:15.903 9 INFO neutron.wsgi [None req-cea2b8d4-d22c-4fcb-9e49-87eb90eced4d 1d8e37a7f7c249bfb1fc2e77d2cb32c5 39b5f45c71484059bea013e773657915 - - default default] 10.0.0.226 "PUT /v2.0/security-groups/bf910e5e-a41f-44a9-9778-c17d58b2b0bb HTTP/1.1" status: 200 len: 1795 time: 0.2679234
2026-07-02 11:15:15.905 10 INFO neutron.services.segments.plugin [-] Segment 17d89b79-eefd-496f-be9a-eb22c8ab7bab resource provider aggregate not found
2026-07-02 11:15:15.911 10 INFO neutron.services.segments.plugin [-] Segment 17d89b79-eefd-496f-be9a-eb22c8ab7bab resource provider aggregate not found
2026-07-02 11:15:15.930 10 INFO neutron.services.segments.plugin [-] Segment 17d89b79-eefd-496f-be9a-eb22c8ab7bab resource provider not found; error: Placement Client Error (4xx): {"errors": [{"status": 404, "title": "Not Found", "detail": "The resource could not be found.\n\n No resource provider with uuid 17d89b79-eefd-496f-be9a-eb22c8ab7bab found for delete ", "request_id": "req-4a2f2efe-fa2c-42c6-bd09-6c16da0b6e8c"}]}
2026-07-02 11:15:15.936 10 INFO neutron.services.segments.plugin [-] Segment 17d89b79-eefd-496f-be9a-eb22c8ab7bab resource provider not found; error: Placement Client Error (4xx): {"errors": [{"status": 404, "title": "Not Found", "detail": "The resource could not be found.\n\n No resource provider with uuid 17d89b79-eefd-496f-be9a-eb22c8ab7bab found for delete ", "request_id": "req-2e96db5e-a5ce-443b-bcb2-02c9f0dae9d8"}]}
2026-07-02 11:15:15.947 10 INFO neutron.services.segments.plugin [-] Segment ca845c5e-d399-447e-9d73-4f825c5d1d47 resource provider aggregate not found
2026-07-02 11:15:15.956 10 INFO neutron.services.segments.plugin [-] Segment ca845c5e-d399-447e-9d73-4f825c5d1d47 resource provider aggregate not found
2026-07-02 11:15:15.965 10 INFO neutron.services.segments.plugin [-] Segment ca845c5e-d399-447e-9d73-4f825c5d1d47 resource provider not found; error: Placement Client Error (4xx): {"errors": [{"status": 404, "title": "Not Found", "detail": "The resource could not be found.\n\n No resource provider with uuid ca845c5e-d399-447e-9d73-4f825c5d1d47 found for delete ", "request_id": "req-89ce8b3e-bd36-4ad5-9261-0b05c4e6dfcc"}]}
2026-07-02 11:15:15.974 10 INFO neutron.services.segments.plugin [-] Segment ca845c5e-d399-447e-9d73-4f825c5d1d47 resource provider not found; error: Placement Client Error (4xx): {"errors": [{"status": 404, "title": "Not Found", "detail": "The resource could not be found.\n\n No resource provider with uuid ca845c5e-d399-447e-9d73-4f825c5d1d47 found for delete ", "request_id": "req-0c76fc6e-9436-4b7b-bab5-2f2d68c525ee"}]}
2026-07-02 11:15:16.313 9 INFO neutron.db.ovn_revision_numbers_db [None req-ce165d2a-2440-4dd5-874a-d30c6d77608e 5c74275d89a24eceae75b3346e97384e aac5581e08964df6a16c657160772f11 - - default default] Successfully bumped revision number for resource c16bf9ca-b2f5-4831-850b-8f25495a3fb7 (type: networks) to 1
2026-07-02 11:15:16.334 9 INFO neutron.wsgi [None req-279ffb54-fbe1-41c0-8d0a-f70909a124aa 1d8e37a7f7c249bfb1fc2e77d2cb32c5 39b5f45c71484059bea013e773657915 - - default default] 10.0.0.226 "GET /v2.0/security-groups/bf910e5e-a41f-44a9-9778-c17d58b2b0bb HTTP/1.1" status: 200 len: 1795 time: 0.4228005
2026-07-02 11:15:16.494 10 INFO neutron.wsgi [None req-fd33ad92-5a23-4847-bf30-a059482660d1 1d8e37a7f7c249bfb1fc2e77d2cb32c5 39b5f45c71484059bea013e773657915 - - default default] 10.0.0.226 "DELETE /v2.0/security-groups/bf910e5e-a41f-44a9-9778-c17d58b2b0bb HTTP/1.1" status: 204 len: 168 time: 0.1551244
2026-07-02 11:15:16.557 10 INFO neutron.wsgi [None req-7e907285-be68-4006-874d-b15846866be4 1d8e37a7f7c249bfb1fc2e77d2cb32c5 39b5f45c71484059bea013e773657915 - - default default] 10.0.0.226 "GET /v2.0/security-groups HTTP/1.1" status: 200 len: 2996 time: 0.0574658
2026-07-02 11:15:16.584 10 INFO neutron.api.v2.resource [None req-5454c62c-c057-456a-856c-2ed42a880890 1d8e37a7f7c249bfb1fc2e77d2cb32c5 39b5f45c71484059bea013e773657915 - - default default] delete failed (client error): The resource could not be found.
2026-07-02 11:15:16.585 10 INFO neutron.wsgi [None req-5454c62c-c057-456a-856c-2ed42a880890 1d8e37a7f7c249bfb1fc2e77d2cb32c5 39b5f45c71484059bea013e773657915 - - default default] 10.0.0.226 "DELETE /v2.0/security-groups/bf910e5e-a41f-44a9-9778-c17d58b2b0bb HTTP/1.1" status: 404 len: 347 time: 0.0223136
2026-07-02 11:15:16.597 9 INFO neutron.wsgi [None req-2d8a1f7e-377d-4861-83be-f769f5efd20d 440f18845a9a45d6a43fe529c585fc6c b3d2a4fc5e524708a8f0e756c30eead0 - - default default] 10.0.0.226 "DELETE /v2.0/networks/c263415f-1872-4e4d-9faf-5d2ae3fdcb1e HTTP/1.1" status: 204 len: 168 time: 1.1273921
2026-07-02 11:15:16.604 10 WARNING neutron_lib.context [None req-51e4df44-b141-4498-bca3-613e5f3f1933 1d8e37a7f7c249bfb1fc2e77d2cb32c5 39b5f45c71484059bea013e773657915 - - default default] Method 'is_advsvc' is deprecated since 2023.2 release (neutron-lib 3.8.0) and will be removed once support for the old RBAC API policies will be removed from Neutron. Please use method 'is_service_role' instead.
2026-07-02 11:15:16.673 9 WARNING neutron.scheduler.dhcp_agent_scheduler [None req-ce165d2a-2440-4dd5-874a-d30c6d77608e 5c74275d89a24eceae75b3346e97384e aac5581e08964df6a16c657160772f11 - - default default] No more DHCP agents
2026-07-02 11:15:16.680 9 WARNING neutron.api.rpc.agentnotifiers.dhcp_rpc_agent_api [None req-ce165d2a-2440-4dd5-874a-d30c6d77608e 5c74275d89a24eceae75b3346e97384e aac5581e08964df6a16c657160772f11 - - default default] Unable to schedule network c16bf9ca-b2f5-4831-850b-8f25495a3fb7: no agents available; will retry on subsequent port and subnet creation events.
2026-07-02 11:15:16.788 9 INFO neutron.db.ovn_revision_numbers_db [None req-ce165d2a-2440-4dd5-874a-d30c6d77608e 5c74275d89a24eceae75b3346e97384e aac5581e08964df6a16c657160772f11 - - default default] Successfully bumped revision number for resource 5e7c31de-dc2f-4e76-9338-3696694cc65b (type: ports) to 1
2026-07-02 11:15:16.806 9 INFO neutron.wsgi [None req-c9860b1c-2ef7-4f5d-b519-3ea5e24ae011 7fefe16124034ff4b9a7ecb471105688 bb82efd6a02642a18ca4344ea6747a8d - - default default] 10.0.0.226 "DELETE /v2.0/networks/4a82d0cd-f340-46d8-a23d-37ea59511181 HTTP/1.1" status: 204 len: 168 time: 1.0869231
2026-07-02 11:15:16.822 9 INFO neutron.wsgi [None req-ce165d2a-2440-4dd5-874a-d30c6d77608e 5c74275d89a24eceae75b3346e97384e aac5581e08964df6a16c657160772f11 - - default default] 10.0.0.226 "POST /v2.0/networks HTTP/1.1" status: 201 len: 827 time: 1.2917395
2026-07-02 11:15:16.834 9 WARNING neutron_lib.context [None req-3cc87447-1c20-48dd-b197-b55ea5d93444 5c74275d89a24eceae75b3346e97384e aac5581e08964df6a16c657160772f11 - - default default] Method 'is_advsvc' is deprecated since 2023.2 release (neutron-lib 3.8.0) and will be removed once support for the old RBAC API policies will be removed from Neutron. Please use method 'is_service_role' instead.
2026-07-02 11:15:16.851 10 INFO neutron.db.ovn_revision_numbers_db [None req-51e4df44-b141-4498-bca3-613e5f3f1933 1d8e37a7f7c249bfb1fc2e77d2cb32c5 39b5f45c71484059bea013e773657915 - - default default] Successfully bumped revision number for resource bad3d5db-a5f0-47b8-835b-3c9a2e4eef8d (type: security_groups) to 1
2026-07-02 11:15:16.875 10 INFO neutron.db.ovn_revision_numbers_db [None req-51e4df44-b141-4498-bca3-613e5f3f1933 1d8e37a7f7c249bfb1fc2e77d2cb32c5 39b5f45c71484059bea013e773657915 - - default default] Successfully bumped revision number for resource 1c8f0837-c9e1-4bb7-8d5e-d7af5559dcec (type: security_group_rules) to 0
2026-07-02 11:15:16.897 10 INFO neutron.db.ovn_revision_numbers_db [None req-51e4df44-b141-4498-bca3-613e5f3f1933 1d8e37a7f7c249bfb1fc2e77d2cb32c5 39b5f45c71484059bea013e773657915 - - default default] Successfully bumped revision number for resource 1f10a909-cff7-482f-a44c-cd5f077fbe20 (type: security_group_rules) to 0
2026-07-02 11:15:16.934 10 INFO neutron.wsgi [None req-51e4df44-b141-4498-bca3-613e5f3f1933 1d8e37a7f7c249bfb1fc2e77d2cb32c5 39b5f45c71484059bea013e773657915 - - default default] 10.0.0.226 "POST /v2.0/security-groups HTTP/1.1" status: 201 len: 1761 time: 0.3400159
2026-07-02 11:15:16.948 10 WARNING neutron_lib.context [None req-1fbef195-eec3-4aa7-b1ad-c0b3924521c6 1d8e37a7f7c249bfb1fc2e77d2cb32c5 39b5f45c71484059bea013e773657915 - - default default] Method 'is_advsvc' is deprecated since 2023.2 release (neutron-lib 3.8.0) and will be removed once support for the old RBAC API policies will be removed from Neutron. Please use method 'is_service_role' instead.
2026-07-02 11:15:17.156 9 WARNING neutron.scheduler.dhcp_agent_scheduler [None req-3cc87447-1c20-48dd-b197-b55ea5d93444 5c74275d89a24eceae75b3346e97384e aac5581e08964df6a16c657160772f11 - - default default] No more DHCP agents
2026-07-02 11:15:17.161 9 WARNING neutron.api.rpc.agentnotifiers.dhcp_rpc_agent_api [None req-3cc87447-1c20-48dd-b197-b55ea5d93444 5c74275d89a24eceae75b3346e97384e aac5581e08964df6a16c657160772f11 - - default default] Unable to schedule network 97d58e63-1bf2-479a-9c9d-2cb3e0e547f9: no agents available; will retry on subsequent port and subnet creation events.
2026-07-02 11:15:17.174 10 INFO neutron.wsgi [None req-c3737502-0565-4a17-897a-76b8f84f04be 440f18845a9a45d6a43fe529c585fc6c b3d2a4fc5e524708a8f0e756c30eead0 - - default default] 10.0.0.226 "DELETE /v2.0/networks/b3db233d-ab4f-4285-bab9-4ff80d247f02 HTTP/1.1" status: 204 len: 168 time: 0.5632389
2026-07-02 11:15:17.184 10 INFO neutron.db.ovn_revision_numbers_db [None req-1fbef195-eec3-4aa7-b1ad-c0b3924521c6 1d8e37a7f7c249bfb1fc2e77d2cb32c5 39b5f45c71484059bea013e773657915 - - default default] Successfully bumped revision number for resource 64b3bb24-fd40-4ff6-aa20-92cbe8b61e2e (type: security_group_rules) to 0
2026-07-02 11:15:17.207 10 INFO neutron.wsgi [None req-1fbef195-eec3-4aa7-b1ad-c0b3924521c6 1d8e37a7f7c249bfb1fc2e77d2cb32c5 39b5f45c71484059bea013e773657915 - - default default] 10.0.0.226 "POST /v2.0/security-group-rules HTTP/1.1" status: 201 len: 768 time: 0.2642577
2026-07-02 11:15:17.232 10 INFO neutron.wsgi [None req-170f37ba-4ab3-4297-8d6e-c1dcb54cdea1 1d8e37a7f7c249bfb1fc2e77d2cb32c5 39b5f45c71484059bea013e773657915 - - default default] 10.0.0.226 "GET /v2.0/security-group-rules/64b3bb24-fd40-4ff6-aa20-92cbe8b61e2e HTTP/1.1" status: 200 len: 763 time: 0.0187504
2026-07-02 11:15:17.311 10 INFO neutron.wsgi [None req-ca020370-4b76-47a3-b56f-66bab4c0cddb 1d8e37a7f7c249bfb1fc2e77d2cb32c5 39b5f45c71484059bea013e773657915 - - default default] 10.0.0.226 "GET /v2.0/security-group-rules HTTP/1.1" status: 200 len: 4113 time: 0.0618773
2026-07-02 11:15:17.359 9 INFO neutron.services.segments.plugin [-] Segment ad40b8e8-bdc9-408d-a4a7-ede7024c59c9 resource provider aggregate not found
2026-07-02 11:15:17.367 9 INFO neutron.services.segments.plugin [-] Segment ad40b8e8-bdc9-408d-a4a7-ede7024c59c9 resource provider aggregate not found
2026-07-02 11:15:17.388 9 INFO neutron.services.segments.plugin [-] Segment ad40b8e8-bdc9-408d-a4a7-ede7024c59c9 resource provider not found; error: Placement Client Error (4xx): {"errors": [{"status": 404, "title": "Not Found", "detail": "The resource could not be found.\n\n No resource provider with uuid ad40b8e8-bdc9-408d-a4a7-ede7024c59c9 found for delete ", "request_id": "req-872d3400-5c7f-4e1a-a656-0e441a3c1a21"}]}
2026-07-02 11:15:17.395 9 INFO neutron.services.segments.plugin [-] Segment ad40b8e8-bdc9-408d-a4a7-ede7024c59c9 resource provider not found; error: Placement Client Error (4xx): {"errors": [{"status": 404, "title": "Not Found", "detail": "The resource could not be found.\n\n No resource provider with uuid ad40b8e8-bdc9-408d-a4a7-ede7024c59c9 found for delete ", "request_id": "req-8c1cb02b-d813-411b-84ba-27c3ab70f872"}]}
2026-07-02 11:15:17.428 9 INFO neutron.services.segments.plugin [-] Segment ca6cf2a9-bef9-4cc6-9578-52b7082e6298 resource provider aggregate not found
2026-07-02 11:15:17.445 9 INFO neutron.services.segments.plugin [-] Segment ca6cf2a9-bef9-4cc6-9578-52b7082e6298 resource provider aggregate not found
2026-07-02 11:15:17.481 9 INFO neutron.services.segments.plugin [-] Segment ca6cf2a9-bef9-4cc6-9578-52b7082e6298 resource provider not found; error: Placement Client Error (4xx): {"errors": [{"status": 404, "title": "Not Found", "detail": "The resource could not be found.\n\n No resource provider with uuid ca6cf2a9-bef9-4cc6-9578-52b7082e6298 found for delete ", "request_id": "req-2aaf8215-c046-455c-8f9b-582609b24fe7"}]}
2026-07-02 11:15:17.492 9 INFO neutron.services.segments.plugin [-] Segment ca6cf2a9-bef9-4cc6-9578-52b7082e6298 resource provider not found; error: Placement Client Error (4xx): {"errors": [{"status": 404, "title": "Not Found", "detail": "The resource could not be found.\n\n No resource provider with uuid ca6cf2a9-bef9-4cc6-9578-52b7082e6298 found for delete ", "request_id": "req-d85717c4-cd01-4495-aec8-36098e3468b3"}]}
2026-07-02 11:15:17.499 10 INFO neutron.wsgi [None req-5c23246f-6c66-42bd-8bab-834494077cdf 1d8e37a7f7c249bfb1fc2e77d2cb32c5 39b5f45c71484059bea013e773657915 - - default default] 10.0.0.226 "DELETE /v2.0/security-group-rules/64b3bb24-fd40-4ff6-aa20-92cbe8b61e2e HTTP/1.1" status: 204 len: 168 time: 0.1824067
2026-07-02 11:15:17.519 9 INFO neutron.services.segments.plugin [-] Segment e5b0801b-c1dd-4176-8f7c-c16c7eac14c5 resource provider aggregate not found
2026-07-02 11:15:17.528 9 INFO neutron.services.segments.plugin [-] Segment e5b0801b-c1dd-4176-8f7c-c16c7eac14c5 resource provider aggregate not found
2026-07-02 11:15:17.568 9 INFO neutron.services.segments.plugin [-] Segment e5b0801b-c1dd-4176-8f7c-c16c7eac14c5 resource provider not found; error: Placement Client Error (4xx): {"errors": [{"status": 404, "title": "Not Found", "detail": "The resource could not be found.\n\n No resource provider with uuid e5b0801b-c1dd-4176-8f7c-c16c7eac14c5 found for delete ", "request_id": "req-9bb8f69b-44cf-4b78-89d5-dd0475babbd9"}]}
2026-07-02 11:15:17.569 9 INFO neutron.services.segments.plugin [-] Segment e5b0801b-c1dd-4176-8f7c-c16c7eac14c5 resource provider not found; error: Placement Client Error (4xx): {"errors": [{"status": 404, "title": "Not Found", "detail": "The resource could not be found.\n\n No resource provider with uuid e5b0801b-c1dd-4176-8f7c-c16c7eac14c5 found for delete ", "request_id": "req-79f65e2a-ec19-4a65-9447-36bd53176903"}]}
2026-07-02 11:15:17.642 10 INFO neutron.wsgi [None req-68e50fbc-d3e0-4a50-b895-32a8f78d3e07 1d8e37a7f7c249bfb1fc2e77d2cb32c5 39b5f45c71484059bea013e773657915 - - default default] 10.0.0.226 "GET /v2.0/security-group-rules HTTP/1.1" status: 200 len: 3567 time: 0.1330540
2026-07-02 11:15:17.652 10 WARNING neutron_lib.context [None req-706ce539-1cdb-49e2-bf55-9ec8a6fe55f4 1d8e37a7f7c249bfb1fc2e77d2cb32c5 39b5f45c71484059bea013e773657915 - - default default] Method 'is_advsvc' is deprecated since 2023.2 release (neutron-lib 3.8.0) and will be removed once support for the old RBAC API policies will be removed from Neutron. Please use method 'is_service_role' instead.
2026-07-02 11:15:17.810 10 INFO neutron.db.ovn_revision_numbers_db [None req-706ce539-1cdb-49e2-bf55-9ec8a6fe55f4 1d8e37a7f7c249bfb1fc2e77d2cb32c5 39b5f45c71484059bea013e773657915 - - default default] Successfully bumped revision number for resource 4698d357-113b-47a1-849f-7e632d05243c (type: security_group_rules) to 0
2026-07-02 11:15:17.842 10 INFO neutron.wsgi [None req-706ce539-1cdb-49e2-bf55-9ec8a6fe55f4 1d8e37a7f7c249bfb1fc2e77d2cb32c5 39b5f45c71484059bea013e773657915 - - default default] 10.0.0.226 "POST /v2.0/security-group-rules HTTP/1.1" status: 201 len: 768 time: 0.1953726
2026-07-02 11:15:17.871 10 INFO neutron.wsgi [None req-921789fe-bf50-423a-8ddd-2c357fc8f855 1d8e37a7f7c249bfb1fc2e77d2cb32c5 39b5f45c71484059bea013e773657915 - - default default] 10.0.0.226 "GET /v2.0/security-group-rules/4698d357-113b-47a1-849f-7e632d05243c HTTP/1.1" status: 200 len: 763 time: 0.0220516
2026-07-02 11:15:17.918 10 INFO neutron.wsgi [None req-37e2d9ad-5091-46d4-a370-7f40302a657b 1d8e37a7f7c249bfb1fc2e77d2cb32c5 39b5f45c71484059bea013e773657915 - - default default] 10.0.0.226 "GET /v2.0/security-group-rules HTTP/1.1" status: 200 len: 4113 time: 0.0412178
2026-07-02 11:15:17.979 9 INFO neutron.wsgi [None req-5fab6079-3fe1-40ff-a1ba-cc447f180207 440f18845a9a45d6a43fe529c585fc6c b3d2a4fc5e524708a8f0e756c30eead0 - - default default] 10.0.0.226 "DELETE /v2.0/networks/d19abf78-5749-4502-b176-8dbf0f13105e HTTP/1.1" status: 204 len: 168 time: 0.7992156
2026-07-02 11:15:18.003 10 INFO neutron.services.segments.plugin [-] Segment e8c59ace-36b1-4c92-a3ef-c33f5d4f969d resource provider aggregate not found
2026-07-02 11:15:18.013 10 INFO neutron.services.segments.plugin [-] Segment e8c59ace-36b1-4c92-a3ef-c33f5d4f969d resource provider aggregate not found
2026-07-02 11:15:18.045 10 INFO neutron.services.segments.plugin [-] Segment e8c59ace-36b1-4c92-a3ef-c33f5d4f969d resource provider not found; error: Placement Client Error (4xx): {"errors": [{"status": 404, "title": "Not Found", "detail": "The resource could not be found.\n\n No resource provider with uuid e8c59ace-36b1-4c92-a3ef-c33f5d4f969d found for delete ", "request_id": "req-cec66a63-b6b2-4ed7-92ba-b55a22348250"}]}
2026-07-02 11:15:18.048 10 INFO neutron.services.segments.plugin [-] Segment e8c59ace-36b1-4c92-a3ef-c33f5d4f969d resource provider not found; error: Placement Client Error (4xx): {"errors": [{"status": 404, "title": "Not Found", "detail": "The resource could not be found.\n\n No resource provider with uuid e8c59ace-36b1-4c92-a3ef-c33f5d4f969d found for delete ", "request_id": "req-21e5b68f-1dc2-4b43-adef-febabfc105dc"}]}
2026-07-02 11:15:18.142 9 INFO neutron.db.ovn_revision_numbers_db [None req-3cc87447-1c20-48dd-b197-b55ea5d93444 5c74275d89a24eceae75b3346e97384e aac5581e08964df6a16c657160772f11 - - default default] Successfully bumped revision number for resource de4263e5-01b2-4498-907b-71f66867972f (type: ports) to 2
2026-07-02 11:15:18.154 10 INFO neutron.wsgi [None req-e345b6ef-2e7e-4e7a-a90d-9f71142cd21d 1d8e37a7f7c249bfb1fc2e77d2cb32c5 39b5f45c71484059bea013e773657915 - - default default] 10.0.0.226 "DELETE /v2.0/security-group-rules/4698d357-113b-47a1-849f-7e632d05243c HTTP/1.1" status: 204 len: 168 time: 0.2283814
2026-07-02 11:15:18.178 9 INFO neutron.db.ovn_revision_numbers_db [None req-3cc87447-1c20-48dd-b197-b55ea5d93444 5c74275d89a24eceae75b3346e97384e aac5581e08964df6a16c657160772f11 - - default default] Successfully bumped revision number for resource 88971359-d8ff-4921-9a6f-9e69dd15343b (type: subnets) to 0
2026-07-02 11:15:18.183 10 INFO neutron.db.ovn_revision_numbers_db [None req-f9cfacef-b4b6-4e49-92a1-411c2a50319a 7a0d84665b1f4a1288833aa07236b752 e5697475b2504714a97ee12d834598e3 - - default default] Successfully bumped revision number for resource 42b8f968-89b5-4756-be63-b25f1cff2350 (type: security_groups) to 1
2026-07-02 11:15:18.196 9 INFO neutron.wsgi [None req-3cc87447-1c20-48dd-b197-b55ea5d93444 5c74275d89a24eceae75b3346e97384e aac5581e08964df6a16c657160772f11 - - default default] 10.0.0.226 "POST /v2.0/subnets HTTP/1.1" status: 201 len: 801 time: 1.3690636
2026-07-02 11:15:18.200 10 INFO neutron.wsgi [None req-7fa0fcc5-3851-4067-9bab-9ab9de4c8441 1d8e37a7f7c249bfb1fc2e77d2cb32c5 39b5f45c71484059bea013e773657915 - - default default] 10.0.0.226 "GET /v2.0/security-group-rules HTTP/1.1" status: 200 len: 3567 time: 0.0406015
2026-07-02 11:15:18.213 9 WARNING neutron_lib.context [None req-0faee105-6cf3-4464-8864-8aed153265aa 5c74275d89a24eceae75b3346e97384e aac5581e08964df6a16c657160772f11 - - default default] Method 'is_advsvc' is deprecated since 2023.2 release (neutron-lib 3.8.0) and will be removed once support for the old RBAC API policies will be removed from Neutron. Please use method 'is_service_role' instead.
2026-07-02 11:15:18.214 10 WARNING neutron_lib.context [None req-3968075a-8786-467a-9adc-0bc9368cfd74 1d8e37a7f7c249bfb1fc2e77d2cb32c5 39b5f45c71484059bea013e773657915 - - default default] Method 'is_advsvc' is deprecated since 2023.2 release (neutron-lib 3.8.0) and will be removed once support for the old RBAC API policies will be removed from Neutron. Please use method 'is_service_role' instead.
2026-07-02 11:15:18.226 10 INFO neutron.db.ovn_revision_numbers_db [None req-f9cfacef-b4b6-4e49-92a1-411c2a50319a 7a0d84665b1f4a1288833aa07236b752 e5697475b2504714a97ee12d834598e3 - - default default] Successfully bumped revision number for resource 02bf1c34-08e4-484f-a39a-345ae603a41e (type: security_group_rules) to 0
2026-07-02 11:15:18.235 10 INFO neutron.db.securitygroups_db [None req-3968075a-8786-467a-9adc-0bc9368cfd74 1d8e37a7f7c249bfb1fc2e77d2cb32c5 39b5f45c71484059bea013e773657915 - - default default] Project 39b5f45c71484059bea013e773657915 added a security group rule with legacy IPv6 ICMP protocol name icmp, ipv6-icmp should be used instead. It was automatically converted.
2026-07-02 11:15:18.241 10 INFO neutron.db.ovn_revision_numbers_db [None req-f9cfacef-b4b6-4e49-92a1-411c2a50319a 7a0d84665b1f4a1288833aa07236b752 e5697475b2504714a97ee12d834598e3 - - default default] Successfully bumped revision number for resource 12e5aae6-924c-4bcc-aa89-705257da3fae (type: security_group_rules) to 0
2026-07-02 11:15:18.259 10 INFO neutron.db.ovn_revision_numbers_db [None req-f9cfacef-b4b6-4e49-92a1-411c2a50319a 7a0d84665b1f4a1288833aa07236b752 e5697475b2504714a97ee12d834598e3 - - default default] Successfully bumped revision number for resource 9f9ba7ab-deb9-4e3d-9ba0-139b3dbf83a4 (type: security_group_rules) to 0
2026-07-02 11:15:18.275 10 INFO neutron.db.ovn_revision_numbers_db [None req-f9cfacef-b4b6-4e49-92a1-411c2a50319a 7a0d84665b1f4a1288833aa07236b752 e5697475b2504714a97ee12d834598e3 - - default default] Successfully bumped revision number for resource d1913b7b-c728-462f-9d5a-d35f87e52678 (type: security_group_rules) to 0
2026-07-02 11:15:18.308 10 INFO neutron.wsgi [None req-f9cfacef-b4b6-4e49-92a1-411c2a50319a 7a0d84665b1f4a1288833aa07236b752 e5697475b2504714a97ee12d834598e3 - - default default] 10.0.0.226 "GET /v2.0/security-groups?tenant_id=c8ac6364fb2d4d7dbc4a9bbff6308a7a&name=default HTTP/1.1" status: 200 len: 2996 time: 0.5759790
2026-07-02 11:15:18.403 10 INFO neutron.db.ovn_revision_numbers_db [None req-3968075a-8786-467a-9adc-0bc9368cfd74 1d8e37a7f7c249bfb1fc2e77d2cb32c5 39b5f45c71484059bea013e773657915 - - default default] Successfully bumped revision number for resource e4836551-87dc-4d8e-9905-96e8fac8e35a (type: security_group_rules) to 0
2026-07-02 11:15:18.440 10 INFO neutron.wsgi [None req-3968075a-8786-467a-9adc-0bc9368cfd74 1d8e37a7f7c249bfb1fc2e77d2cb32c5 39b5f45c71484059bea013e773657915 - - default default] 10.0.0.226 "POST /v2.0/security-group-rules HTTP/1.1" status: 201 len: 774 time: 0.2324934
2026-07-02 11:15:18.482 9 INFO neutron.wsgi [None req-9556a8a6-79d2-41d5-bcad-e6740f95ef4d 1d8e37a7f7c249bfb1fc2e77d2cb32c5 39b5f45c71484059bea013e773657915 - - default default] 10.0.0.226 "GET /v2.0/security-group-rules/e4836551-87dc-4d8e-9905-96e8fac8e35a HTTP/1.1" status: 200 len: 769 time: 0.0372396
2026-07-02 11:15:18.500 9 WARNING neutron.scheduler.dhcp_agent_scheduler [None req-0faee105-6cf3-4464-8864-8aed153265aa 5c74275d89a24eceae75b3346e97384e aac5581e08964df6a16c657160772f11 - - default default] No more DHCP agents
2026-07-02 11:15:18.504 9 WARNING neutron.api.rpc.agentnotifiers.dhcp_rpc_agent_api [None req-0faee105-6cf3-4464-8864-8aed153265aa 5c74275d89a24eceae75b3346e97384e aac5581e08964df6a16c657160772f11 - - default default] Unable to schedule network c16bf9ca-b2f5-4831-850b-8f25495a3fb7: no agents available; will retry on subsequent port and subnet creation events.
2026-07-02 11:15:18.543 10 INFO neutron.wsgi [None req-c1c18d05-0a5f-46c7-bf70-d3f82707ac08 1d8e37a7f7c249bfb1fc2e77d2cb32c5 39b5f45c71484059bea013e773657915 - - default default] 10.0.0.226 "GET /v2.0/security-group-rules HTTP/1.1" status: 200 len: 4119 time: 0.0529897
2026-07-02 11:15:18.599 10 INFO neutron.wsgi [None req-1cc7afd4-60b0-43c8-adbf-988ee74c42a4 7a0d84665b1f4a1288833aa07236b752 e5697475b2504714a97ee12d834598e3 - - default default] 10.0.0.226 "DELETE /v2.0/security-groups/42b8f968-89b5-4756-be63-b25f1cff2350 HTTP/1.1" status: 204 len: 168 time: 0.2788851
2026-07-02 11:15:18.709 10 INFO neutron.wsgi [None req-eeebe07f-2bbc-4eee-94e1-75a79bc25db6 1d8e37a7f7c249bfb1fc2e77d2cb32c5 39b5f45c71484059bea013e773657915 - - default default] 10.0.0.226 "DELETE /v2.0/security-group-rules/e4836551-87dc-4d8e-9905-96e8fac8e35a HTTP/1.1" status: 204 len: 168 time: 0.1583188
2026-07-02 11:15:18.767 10 INFO neutron.wsgi [None req-da84e9ff-3ae8-4f74-a028-7c69fc9f2a18 7a0d84665b1f4a1288833aa07236b752 e5697475b2504714a97ee12d834598e3 - - default default] 10.0.0.226 "GET /v2.0/security-groups?tenant_id=b3d2a4fc5e524708a8f0e756c30eead0&name=default HTTP/1.1" status: 200 len: 2996 time: 0.2371452
2026-07-02 11:15:18.826 9 INFO neutron.wsgi [None req-6d375e5a-96c0-43e4-ab1e-a4ee7bc0a221 1d8e37a7f7c249bfb1fc2e77d2cb32c5 39b5f45c71484059bea013e773657915 - - default default] 10.0.0.226 "GET /v2.0/security-group-rules HTTP/1.1" status: 200 len: 3567 time: 0.0966566
2026-07-02 11:15:18.949 10 INFO neutron.db.ovn_revision_numbers_db [None req-89f34d9e-fe04-4962-9585-836de9285f06 7a0d84665b1f4a1288833aa07236b752 e5697475b2504714a97ee12d834598e3 - - default default] Successfully bumped revision number for resource aebc0a14-7f8d-4871-9898-4c04fe05fb4d (type: security_groups) to 1
2026-07-02 11:15:18.972 10 INFO neutron.db.ovn_revision_numbers_db [None req-89f34d9e-fe04-4962-9585-836de9285f06 7a0d84665b1f4a1288833aa07236b752 e5697475b2504714a97ee12d834598e3 - - default default] Successfully bumped revision number for resource 00831147-b4c6-4dac-94a3-f7abc773bbac (type: security_group_rules) to 0
2026-07-02 11:15:18.990 10 INFO neutron.db.ovn_revision_numbers_db [None req-89f34d9e-fe04-4962-9585-836de9285f06 7a0d84665b1f4a1288833aa07236b752 e5697475b2504714a97ee12d834598e3 - - default default] Successfully bumped revision number for resource 48660bbb-f16d-41c7-89b3-249ed5c683b0 (type: security_group_rules) to 0
2026-07-02 11:15:19.011 10 INFO neutron.wsgi [None req-7eeed86d-6e73-4d96-a313-246b972d853f 1d8e37a7f7c249bfb1fc2e77d2cb32c5 39b5f45c71484059bea013e773657915 - - default default] 10.0.0.226 "DELETE /v2.0/security-groups/bad3d5db-a5f0-47b8-835b-3c9a2e4eef8d HTTP/1.1" status: 204 len: 168 time: 0.1759603
2026-07-02 11:15:19.016 10 INFO neutron.db.ovn_revision_numbers_db [None req-89f34d9e-fe04-4962-9585-836de9285f06 7a0d84665b1f4a1288833aa07236b752 e5697475b2504714a97ee12d834598e3 - - default default] Successfully bumped revision number for resource 894bf120-76fb-4c97-acd4-0f3556a26356 (type: security_group_rules) to 0
2026-07-02 11:15:19.037 10 INFO neutron.db.ovn_revision_numbers_db [None req-89f34d9e-fe04-4962-9585-836de9285f06 7a0d84665b1f4a1288833aa07236b752 e5697475b2504714a97ee12d834598e3 - - default default] Successfully bumped revision number for resource d6f6673f-89f5-4723-a4e2-56dd47631d4b (type: security_group_rules) to 0
2026-07-02 11:15:19.067 10 INFO neutron.wsgi [None req-89f34d9e-fe04-4962-9585-836de9285f06 7a0d84665b1f4a1288833aa07236b752 e5697475b2504714a97ee12d834598e3 - - default default] 10.0.0.226 "GET /v2.0/security-groups?tenant_id=46ab8cd67d854424a490e20c70ddb1f0&name=default HTTP/1.1" status: 200 len: 2996 time: 0.3137341
2026-07-02 11:15:19.080 10 INFO neutron.wsgi [None req-b5cca06f-1f13-4227-a763-3b12030a8eaa 7a0d84665b1f4a1288833aa07236b752 e5697475b2504714a97ee12d834598e3 - - default default] 10.0.0.226 "DELETE /v2.0/security-groups/52fec166-e48a-4aa2-bf60-5f902fd11ccc HTTP/1.1" status: 204 len: 168 time: 0.3080189
2026-07-02 11:15:19.100 9 INFO neutron.wsgi [None req-d5c12c8d-69ec-4b04-a635-27e384bb3018 1d8e37a7f7c249bfb1fc2e77d2cb32c5 39b5f45c71484059bea013e773657915 - - default default] 10.0.0.226 "GET /v2.0/security-groups HTTP/1.1" status: 200 len: 2996 time: 0.0814042
2026-07-02 11:15:19.156 10 INFO neutron.wsgi [None req-6b35da67-6826-4b90-ae32-153f971bcc83 1d8e37a7f7c249bfb1fc2e77d2cb32c5 39b5f45c71484059bea013e773657915 - - default default] 10.0.0.226 "GET /v2.0/security-groups HTTP/1.1" status: 200 len: 2996 time: 0.0497768
2026-07-02 11:15:19.240 9 INFO neutron.db.ovn_revision_numbers_db [None req-0faee105-6cf3-4464-8864-8aed153265aa 5c74275d89a24eceae75b3346e97384e aac5581e08964df6a16c657160772f11 - - default default] Successfully bumped revision number for resource 5e7c31de-dc2f-4e76-9338-3696694cc65b (type: ports) to 2
2026-07-02 11:15:19.284 9 INFO neutron.db.ovn_revision_numbers_db [None req-0faee105-6cf3-4464-8864-8aed153265aa 5c74275d89a24eceae75b3346e97384e aac5581e08964df6a16c657160772f11 - - default default] Successfully bumped revision number for resource da4e3979-a8d2-4263-8895-2b03771b6699 (type: subnets) to 0
2026-07-02 11:15:19.298 10 INFO neutron.wsgi [None req-9310517f-1d74-4b74-954b-64c73f37c75f 7a0d84665b1f4a1288833aa07236b752 e5697475b2504714a97ee12d834598e3 - - default default] 10.0.0.226 "DELETE /v2.0/security-groups/aebc0a14-7f8d-4871-9898-4c04fe05fb4d HTTP/1.1" status: 204 len: 168 time: 0.2276478
2026-07-02 11:15:19.299 9 INFO neutron.wsgi [None req-0faee105-6cf3-4464-8864-8aed153265aa 5c74275d89a24eceae75b3346e97384e aac5581e08964df6a16c657160772f11 - - default default] 10.0.0.226 "POST /v2.0/subnets HTTP/1.1" status: 201 len: 801 time: 1.0921500
2026-07-02 11:15:19.309 9 WARNING neutron_lib.context [None req-ba8e1f28-c615-46f8-8406-047fde22b7c0 5c74275d89a24eceae75b3346e97384e aac5581e08964df6a16c657160772f11 - - default default] Method 'is_advsvc' is deprecated since 2023.2 release (neutron-lib 3.8.0) and will be removed once support for the old RBAC API policies will be removed from Neutron. Please use method 'is_service_role' instead.
2026-07-02 11:15:19.481 9 INFO neutron.db.ovn_revision_numbers_db [None req-ba8e1f28-c615-46f8-8406-047fde22b7c0 5c74275d89a24eceae75b3346e97384e aac5581e08964df6a16c657160772f11 - - default default] Successfully bumped revision number for resource 30b4ad04-ff20-4e2d-a3e1-d6df61c3a213 (type: routers) to 1
2026-07-02 11:15:19.504 9 INFO neutron.wsgi [None req-ba8e1f28-c615-46f8-8406-047fde22b7c0 5c74275d89a24eceae75b3346e97384e aac5581e08964df6a16c657160772f11 - - default default] 10.0.0.226 "POST /v2.0/routers HTTP/1.1" status: 201 len: 686 time: 0.2002907
2026-07-02 11:15:19.530 9 INFO neutron.wsgi [None req-4ae2bfff-f4b9-4ad3-9a8e-07a28285b63d 7a0d84665b1f4a1288833aa07236b752 e5697475b2504714a97ee12d834598e3 - - default default] 10.0.0.226 "GET /v2.0/security-groups?tenant_id=bb82efd6a02642a18ca4344ea6747a8d&name=default HTTP/1.1" status: 200 len: 2996 time: 0.0440722
2026-07-02 11:15:19.610 9 INFO neutron.services.segments.plugin [-] Segment ec849e2a-2d1b-49f9-9bb6-dcb16fddb20a resource provider aggregate not found
2026-07-02 11:15:19.618 9 INFO neutron.services.segments.plugin [-] Segment ec849e2a-2d1b-49f9-9bb6-dcb16fddb20a resource provider aggregate not found
2026-07-02 11:15:19.633 9 INFO neutron.services.segments.plugin [-] Segment ec849e2a-2d1b-49f9-9bb6-dcb16fddb20a resource provider not found; error: Placement Client Error (4xx): {"errors": [{"status": 404, "title": "Not Found", "detail": "The resource could not be found.\n\n No resource provider with uuid ec849e2a-2d1b-49f9-9bb6-dcb16fddb20a found for delete ", "request_id": "req-a41e09c0-c4c0-4931-9c41-e6cad3ed9440"}]}
2026-07-02 11:15:19.636 9 INFO neutron.services.segments.plugin [-] Segment ec849e2a-2d1b-49f9-9bb6-dcb16fddb20a resource provider not found; error: Placement Client Error (4xx): {"errors": [{"status": 404, "title": "Not Found", "detail": "The resource could not be found.\n\n No resource provider with uuid ec849e2a-2d1b-49f9-9bb6-dcb16fddb20a found for delete ", "request_id": "req-a43d22d9-49ad-466f-a3fe-a45d8f9a9d57"}]}
2026-07-02 11:15:19.778 9 INFO neutron.wsgi [None req-9c402305-1218-47aa-a794-4b28d1e45b59 7a0d84665b1f4a1288833aa07236b752 e5697475b2504714a97ee12d834598e3 - - default default] 10.0.0.226 "DELETE /v2.0/security-groups/ae43a4db-f7ab-481a-8d14-5cf2bba06aa2 HTTP/1.1" status: 204 len: 168 time: 0.2433746
2026-07-02 11:15:19.841 9 INFO neutron.wsgi [None req-d2f3744f-a23e-45f6-beb6-8460f0523b2e 7a0d84665b1f4a1288833aa07236b752 e5697475b2504714a97ee12d834598e3 - - default default] 10.0.0.226 "GET /v2.0/security-groups?tenant_id=39b5f45c71484059bea013e773657915&name=default HTTP/1.1" status: 200 len: 2996 time: 0.1531336
2026-07-02 11:15:19.967 10 WARNING neutron.scheduler.dhcp_agent_scheduler [None req-b8841a33-a181-495c-920e-c5607410ec3a 5c74275d89a24eceae75b3346e97384e aac5581e08964df6a16c657160772f11 - - default default] No more DHCP agents
2026-07-02 11:15:19.969 10 WARNING neutron.api.rpc.agentnotifiers.dhcp_rpc_agent_api [None req-b8841a33-a181-495c-920e-c5607410ec3a 5c74275d89a24eceae75b3346e97384e aac5581e08964df6a16c657160772f11 - - default default] Unable to schedule network 97d58e63-1bf2-479a-9c9d-2cb3e0e547f9: no agents available; will retry on subsequent port and subnet creation events.
2026-07-02 11:15:20.077 9 INFO neutron.wsgi [None req-539c2f97-ce46-41bf-89a7-365487e9b1a1 7a0d84665b1f4a1288833aa07236b752 e5697475b2504714a97ee12d834598e3 - - default default] 10.0.0.226 "DELETE /v2.0/security-groups/caada276-5704-4d1f-bf0b-ebbe87960cc3 HTTP/1.1" status: 204 len: 168 time: 0.2290184
2026-07-02 11:15:20.185 10 INFO neutron.db.ovn_revision_numbers_db [None req-b8841a33-a181-495c-920e-c5607410ec3a 5c74275d89a24eceae75b3346e97384e aac5581e08964df6a16c657160772f11 - - default default] Successfully bumped revision number for resource a4128ab2-a697-4025-86ba-4c4332afbf49 (type: ports) to 1
2026-07-02 11:15:20.547 10 INFO neutron.plugins.ml2.drivers.ovn.mech_driver.mech_driver [None req-ea9a8882-9117-4139-94f2-b1bc3ff8c035 - - - - - -] OVN reports status up for port: a4128ab2-a697-4025-86ba-4c4332afbf49
2026-07-02 11:15:20.557 10 INFO neutron.plugins.ml2.plugin [None req-ea9a8882-9117-4139-94f2-b1bc3ff8c035 - - - - - -] Attempt 1 to provision port a4128ab2-a697-4025-86ba-4c4332afbf49
2026-07-02 11:15:20.573 10 INFO neutron.db.ovn_revision_numbers_db [None req-b8841a33-a181-495c-920e-c5607410ec3a 5c74275d89a24eceae75b3346e97384e aac5581e08964df6a16c657160772f11 - - default default] Successfully bumped revision number for resource a4128ab2-a697-4025-86ba-4c4332afbf49 (type: router_ports) to 1
2026-07-02 11:15:20.771 10 INFO neutron.db.ovn_revision_numbers_db [None req-b8841a33-a181-495c-920e-c5607410ec3a 5c74275d89a24eceae75b3346e97384e aac5581e08964df6a16c657160772f11 - - default default] Successfully bumped revision number for resource a4128ab2-a697-4025-86ba-4c4332afbf49 (type: ports) to 1
2026-07-02 11:15:20.868 10 WARNING neutron.scheduler.dhcp_agent_scheduler [None req-b8841a33-a181-495c-920e-c5607410ec3a 5c74275d89a24eceae75b3346e97384e aac5581e08964df6a16c657160772f11 - - default default] No more DHCP agents
2026-07-02 11:15:20.870 10 WARNING neutron.api.rpc.agentnotifiers.dhcp_rpc_agent_api [None req-b8841a33-a181-495c-920e-c5607410ec3a 5c74275d89a24eceae75b3346e97384e aac5581e08964df6a16c657160772f11 - - default default] Unable to schedule network 97d58e63-1bf2-479a-9c9d-2cb3e0e547f9: no agents available; will retry on subsequent port and subnet creation events.
2026-07-02 11:15:20.928 10 INFO neutron.db.ovn_revision_numbers_db [None req-ea9a8882-9117-4139-94f2-b1bc3ff8c035 - - - - - -] Successfully bumped revision number for resource a4128ab2-a697-4025-86ba-4c4332afbf49 (type: ports) to 2
2026-07-02 11:15:21.327 10 INFO neutron.db.ovn_revision_numbers_db [None req-ea9a8882-9117-4139-94f2-b1bc3ff8c035 - - - - - -] Successfully bumped revision number for resource a4128ab2-a697-4025-86ba-4c4332afbf49 (type: router_ports) to 2
2026-07-02 11:15:21.342 10 INFO neutron.db.ovn_revision_numbers_db [None req-b8841a33-a181-495c-920e-c5607410ec3a 5c74275d89a24eceae75b3346e97384e aac5581e08964df6a16c657160772f11 - - default default] Successfully bumped revision number for resource a4128ab2-a697-4025-86ba-4c4332afbf49 (type: router_ports) to 2
2026-07-02 11:15:21.344 10 INFO neutron.wsgi [None req-b8841a33-a181-495c-920e-c5607410ec3a 5c74275d89a24eceae75b3346e97384e aac5581e08964df6a16c657160772f11 - - default default] 10.0.0.226 "PUT /v2.0/routers/30b4ad04-ff20-4e2d-a3e1-d6df61c3a213/add_router_interface HTTP/1.1" status: 200 len: 503 time: 1.8341205
2026-07-02 11:15:21.365 9 WARNING neutron_lib.context [None req-24010acc-4637-4452-beb2-62d6b63bea92 8c56f82c100f4fe49afd0dc0648c2ca6 87cd73c706e64faf840108e21d56091e - - default default] Method 'is_advsvc' is deprecated since 2023.2 release (neutron-lib 3.8.0) and will be removed once support for the old RBAC API policies will be removed from Neutron. Please use method 'is_service_role' instead.
2026-07-02 11:15:21.366 9 WARNING neutron_lib.context [None req-24010acc-4637-4452-beb2-62d6b63bea92 8c56f82c100f4fe49afd0dc0648c2ca6 87cd73c706e64faf840108e21d56091e - - default default] Method 'is_advsvc' is deprecated since 2023.2 release (neutron-lib 3.8.0) and will be removed once support for the old RBAC API policies will be removed from Neutron. Please use method 'is_service_role' instead.
2026-07-02 11:15:21.482 10 INFO neutron.wsgi [None req-e8377a21-d49e-4617-86d4-50d58ea1176d 5c74275d89a24eceae75b3346e97384e aac5581e08964df6a16c657160772f11 - - default default] 10.0.0.226 "GET /v2.0/ports/a4128ab2-a697-4025-86ba-4c4332afbf49 HTTP/1.1" status: 200 len: 1137 time: 0.1320581
2026-07-02 11:15:21.535 9 INFO neutron.db.ovn_revision_numbers_db [None req-24010acc-4637-4452-beb2-62d6b63bea92 8c56f82c100f4fe49afd0dc0648c2ca6 87cd73c706e64faf840108e21d56091e - - default default] Successfully bumped revision number for resource 3c72ce42-1fa5-4ad5-ad63-eea93d62111b (type: security_groups) to 1
2026-07-02 11:15:21.550 9 INFO neutron.db.ovn_revision_numbers_db [None req-24010acc-4637-4452-beb2-62d6b63bea92 8c56f82c100f4fe49afd0dc0648c2ca6 87cd73c706e64faf840108e21d56091e - - default default] Successfully bumped revision number for resource 0f85e194-12ed-4575-a991-6c70db348a18 (type: security_group_rules) to 0
2026-07-02 11:15:21.565 9 INFO neutron.db.ovn_revision_numbers_db [None req-24010acc-4637-4452-beb2-62d6b63bea92 8c56f82c100f4fe49afd0dc0648c2ca6 87cd73c706e64faf840108e21d56091e - - default default] Successfully bumped revision number for resource 1ded7d02-66e6-4fa8-8ba7-d0206805d174 (type: security_group_rules) to 0
2026-07-02 11:15:21.582 9 INFO neutron.db.ovn_revision_numbers_db [None req-24010acc-4637-4452-beb2-62d6b63bea92 8c56f82c100f4fe49afd0dc0648c2ca6 87cd73c706e64faf840108e21d56091e - - default default] Successfully bumped revision number for resource 6cf0148c-9f10-4f89-b123-3540f098c91f (type: security_group_rules) to 0
2026-07-02 11:15:21.599 9 INFO neutron.db.ovn_revision_numbers_db [None req-24010acc-4637-4452-beb2-62d6b63bea92 8c56f82c100f4fe49afd0dc0648c2ca6 87cd73c706e64faf840108e21d56091e - - default default] Successfully bumped revision number for resource 7aff1a83-74d5-4851-b279-5c483288fe80 (type: security_group_rules) to 0
2026-07-02 11:15:21.667 9 INFO neutron.db.segments_db [None req-24010acc-4637-4452-beb2-62d6b63bea92 8c56f82c100f4fe49afd0dc0648c2ca6 87cd73c706e64faf840108e21d56091e - - default default] Added segment 0112e008-85c2-4007-bdd1-cf71ec5d150e of type geneve for network 86cad592-07a0-48a5-807e-4a58a4dda0ce
2026-07-02 11:15:21.792 9 INFO neutron.db.segments_db [None req-24010acc-4637-4452-beb2-62d6b63bea92 8c56f82c100f4fe49afd0dc0648c2ca6 87cd73c706e64faf840108e21d56091e - - default default] Added segment 1bda1544-f16d-40c3-8a49-26f5aa3ce034 of type geneve for network 930779d5-3c2e-4ab9-ba81-4a598d937277
2026-07-02 11:15:21.962 9 INFO neutron.db.ovn_revision_numbers_db [None req-24010acc-4637-4452-beb2-62d6b63bea92 8c56f82c100f4fe49afd0dc0648c2ca6 87cd73c706e64faf840108e21d56091e - - default default] Successfully bumped revision number for resource 86cad592-07a0-48a5-807e-4a58a4dda0ce (type: networks) to 1
2026-07-02 11:15:21.995 10 WARNING neutron.scheduler.dhcp_agent_scheduler [None req-9d40956b-08b3-4f9b-b5f9-9573855aacb4 5c74275d89a24eceae75b3346e97384e aac5581e08964df6a16c657160772f11 - - default default] No more DHCP agents
