2026-07-02 11:14:36.588 10 INFO neutron.db.ovn_revision_numbers_db [None req-8b252ae0-3381-4387-8943-50f08e4b27ee 7a0d84665b1f4a1288833aa07236b752 e5697475b2504714a97ee12d834598e3 - - default default] Successfully bumped revision number for resource 08001e35-b5e6-40b6-8fca-e1b5f0ba1fa9 (type: security_group_rules) to 0
2026-07-02 11:14:36.604 10 INFO neutron.db.ovn_revision_numbers_db [None req-8b252ae0-3381-4387-8943-50f08e4b27ee 7a0d84665b1f4a1288833aa07236b752 e5697475b2504714a97ee12d834598e3 - - default default] Successfully bumped revision number for resource 1f1b75f1-50f2-464b-ab4d-6c7514d6ec2b (type: security_group_rules) to 0
2026-07-02 11:14:36.631 10 INFO neutron.db.ovn_revision_numbers_db [None req-8b252ae0-3381-4387-8943-50f08e4b27ee 7a0d84665b1f4a1288833aa07236b752 e5697475b2504714a97ee12d834598e3 - - default default] Successfully bumped revision number for resource a17d009f-7422-4dd2-ae06-efa855079be6 (type: security_group_rules) to 0
2026-07-02 11:14:36.663 10 INFO neutron.db.ovn_revision_numbers_db [None req-8b252ae0-3381-4387-8943-50f08e4b27ee 7a0d84665b1f4a1288833aa07236b752 e5697475b2504714a97ee12d834598e3 - - default default] Successfully bumped revision number for resource e36a5ad3-42c1-4b96-b8ab-0230af96fd06 (type: security_group_rules) to 0
2026-07-02 11:14:36.706 10 INFO neutron.wsgi [None req-8b252ae0-3381-4387-8943-50f08e4b27ee 7a0d84665b1f4a1288833aa07236b752 e5697475b2504714a97ee12d834598e3 - - default default] 10.0.0.226 "GET /v2.0/security-groups?tenant_id=13f3de9db03644e99af350c6ee3a1c98&name=default HTTP/1.1" status: 200 len: 2996 time: 0.4352262
2026-07-02 11:14:37.089 10 INFO neutron.wsgi [None req-3771c2cd-4b0c-49de-beae-610124eb4c2b 7a0d84665b1f4a1288833aa07236b752 e5697475b2504714a97ee12d834598e3 - - default default] 10.0.0.226 "DELETE /v2.0/security-groups/921468ff-043d-4d80-9414-280dd880f59f HTTP/1.1" status: 204 len: 168 time: 0.3782675
2026-07-02 11:14:37.148 10 INFO neutron.wsgi [None req-0c7354a0-1f43-49ef-b6b4-7f8f1a3e4ba0 7a0d84665b1f4a1288833aa07236b752 e5697475b2504714a97ee12d834598e3 - - default default] 10.0.0.226 "DELETE /v2.0/routers/8e23343a-7d94-49b7-9a0d-584da919d4e1 HTTP/1.1" status: 204 len: 168 time: 1.0133300
2026-07-02 11:14:37.394 9 INFO neutron.db.ovn_revision_numbers_db [None req-bf701b14-1088-4378-b576-f466a18dd105 7a0d84665b1f4a1288833aa07236b752 e5697475b2504714a97ee12d834598e3 - - default default] Successfully bumped revision number for resource 6f2bf0d3-2985-4923-bd7b-337209aef2a7 (type: security_groups) to 1
2026-07-02 11:14:37.411 9 INFO neutron.db.ovn_revision_numbers_db [None req-bf701b14-1088-4378-b576-f466a18dd105 7a0d84665b1f4a1288833aa07236b752 e5697475b2504714a97ee12d834598e3 - - default default] Successfully bumped revision number for resource 0724393c-7a9e-46d7-8ad6-ae0bd099f9db (type: security_group_rules) to 0
2026-07-02 11:14:37.423 10 INFO neutron.wsgi [None req-560a97de-b193-4469-bbaf-9e5627944378 7a0d84665b1f4a1288833aa07236b752 e5697475b2504714a97ee12d834598e3 - - default default] 10.0.0.226 "DELETE /v2.0/subnets/efd8ab96-874f-4fc4-83ae-80e9d602ab49 HTTP/1.1" status: 204 len: 168 time: 0.2689869
2026-07-02 11:14:37.432 9 INFO neutron.db.ovn_revision_numbers_db [None req-bf701b14-1088-4378-b576-f466a18dd105 7a0d84665b1f4a1288833aa07236b752 e5697475b2504714a97ee12d834598e3 - - default default] Successfully bumped revision number for resource 18efc9db-6bcc-4528-bb97-3fc77c03209c (type: security_group_rules) to 0
2026-07-02 11:14:37.453 9 INFO neutron.db.ovn_revision_numbers_db [None req-bf701b14-1088-4378-b576-f466a18dd105 7a0d84665b1f4a1288833aa07236b752 e5697475b2504714a97ee12d834598e3 - - default default] Successfully bumped revision number for resource 1dac51a6-86d6-442b-b159-a21a87dd8c20 (type: security_group_rules) to 0
2026-07-02 11:14:37.474 9 INFO neutron.db.ovn_revision_numbers_db [None req-bf701b14-1088-4378-b576-f466a18dd105 7a0d84665b1f4a1288833aa07236b752 e5697475b2504714a97ee12d834598e3 - - default default] Successfully bumped revision number for resource fd2f3323-f1a6-4aff-8fc7-f67b3f64c61c (type: security_group_rules) to 0
2026-07-02 11:14:37.507 9 INFO neutron.wsgi [None req-bf701b14-1088-4378-b576-f466a18dd105 7a0d84665b1f4a1288833aa07236b752 e5697475b2504714a97ee12d834598e3 - - default default] 10.0.0.226 "GET /v2.0/security-groups?tenant_id=8cfb857d316c4bb7ab8406f799d7151e&name=default HTTP/1.1" status: 200 len: 2996 time: 0.2757118
2026-07-02 11:14:37.819 9 WARNING neutron_lib.context [None req-4f49db28-11a2-40bc-862d-bf371a271ec0 e49a1976f7bc4dddae090d7693a971f2 883d50faa6d84a6abaac6685462cad0f - - default default] Method 'is_advsvc' is deprecated since 2023.2 release (neutron-lib 3.8.0) and will be removed once support for the old RBAC API policies will be removed from Neutron. Please use method 'is_service_role' instead.
2026-07-02 11:14:37.899 10 INFO neutron.wsgi [None req-6519b2ee-d828-47d5-81f1-e224c3615275 7a0d84665b1f4a1288833aa07236b752 e5697475b2504714a97ee12d834598e3 - - default default] 10.0.0.226 "DELETE /v2.0/security-groups/6f2bf0d3-2985-4923-bd7b-337209aef2a7 HTTP/1.1" status: 204 len: 168 time: 0.3823507
2026-07-02 11:14:37.975 10 INFO neutron.services.segments.plugin [-] Segment 310d7ad4-073e-4be3-84ef-ba0a536c3f12 resource provider aggregate not found
2026-07-02 11:14:37.998 9 INFO neutron.db.ovn_revision_numbers_db [None req-4f49db28-11a2-40bc-862d-bf371a271ec0 e49a1976f7bc4dddae090d7693a971f2 883d50faa6d84a6abaac6685462cad0f - - default default] Successfully bumped revision number for resource c45ee003-ec76-4d96-bf43-ab549dd9137f (type: security_groups) to 1
2026-07-02 11:14:38.002 10 INFO neutron.services.segments.plugin [-] Segment 310d7ad4-073e-4be3-84ef-ba0a536c3f12 resource provider aggregate not found
2026-07-02 11:14:38.016 10 INFO neutron.services.segments.plugin [-] Segment 310d7ad4-073e-4be3-84ef-ba0a536c3f12 resource provider not found; error: Placement Client Error (4xx): {"errors": [{"status": 404, "title": "Not Found", "detail": "The resource could not be found.\n\n No resource provider with uuid 310d7ad4-073e-4be3-84ef-ba0a536c3f12 found for delete ", "request_id": "req-f21b5611-2719-4d58-8966-035d7c8cc1f3"}]}
2026-07-02 11:14:38.020 9 INFO neutron.db.ovn_revision_numbers_db [None req-4f49db28-11a2-40bc-862d-bf371a271ec0 e49a1976f7bc4dddae090d7693a971f2 883d50faa6d84a6abaac6685462cad0f - - default default] Successfully bumped revision number for resource 0e1621e0-c6c0-4716-af9f-53f11c1afebb (type: security_group_rules) to 0
2026-07-02 11:14:38.028 10 INFO neutron.services.segments.plugin [-] Segment 310d7ad4-073e-4be3-84ef-ba0a536c3f12 resource provider not found; error: Placement Client Error (4xx): {"errors": [{"status": 404, "title": "Not Found", "detail": "The resource could not be found.\n\n No resource provider with uuid 310d7ad4-073e-4be3-84ef-ba0a536c3f12 found for delete ", "request_id": "req-cbdb8d83-f259-4baf-b55f-aef0d98d2a72"}]}
2026-07-02 11:14:38.051 9 INFO neutron.db.ovn_revision_numbers_db [None req-4f49db28-11a2-40bc-862d-bf371a271ec0 e49a1976f7bc4dddae090d7693a971f2 883d50faa6d84a6abaac6685462cad0f - - default default] Successfully bumped revision number for resource 2ee12a53-23d1-4983-bd2f-422140aa01d6 (type: security_group_rules) to 0
2026-07-02 11:14:38.055 10 INFO neutron.wsgi [None req-195b3b06-0c4d-4c51-9b3b-ed0a00b44f2b 7a0d84665b1f4a1288833aa07236b752 e5697475b2504714a97ee12d834598e3 - - default default] 10.0.0.226 "DELETE /v2.0/networks/54791ce3-d272-4778-9f7e-72678d303915 HTTP/1.1" status: 204 len: 168 time: 0.6276643
2026-07-02 11:14:38.076 9 INFO neutron.db.ovn_revision_numbers_db [None req-4f49db28-11a2-40bc-862d-bf371a271ec0 e49a1976f7bc4dddae090d7693a971f2 883d50faa6d84a6abaac6685462cad0f - - default default] Successfully bumped revision number for resource 6d6496dd-771f-449c-aff4-35da1f42327f (type: security_group_rules) to 0
2026-07-02 11:14:38.093 9 INFO neutron.db.ovn_revision_numbers_db [None req-4f49db28-11a2-40bc-862d-bf371a271ec0 e49a1976f7bc4dddae090d7693a971f2 883d50faa6d84a6abaac6685462cad0f - - default default] Successfully bumped revision number for resource e321be12-9bb1-4229-8774-53b10609dbe8 (type: security_group_rules) to 0
2026-07-02 11:14:38.166 9 INFO neutron.db.segments_db [None req-4f49db28-11a2-40bc-862d-bf371a271ec0 e49a1976f7bc4dddae090d7693a971f2 883d50faa6d84a6abaac6685462cad0f - - default default] Added segment 2772ce4a-b9cb-4f22-aefe-2ced8e07aa91 of type geneve for network b1b11da6-dcbd-42fc-8cd5-958eac32837c
2026-07-02 11:14:38.386 9 INFO neutron.db.ovn_revision_numbers_db [None req-4f49db28-11a2-40bc-862d-bf371a271ec0 e49a1976f7bc4dddae090d7693a971f2 883d50faa6d84a6abaac6685462cad0f - - default default] Successfully bumped revision number for resource b1b11da6-dcbd-42fc-8cd5-958eac32837c (type: networks) to 1
2026-07-02 11:14:38.407 10 INFO neutron.wsgi [None req-e2dc05b5-c16c-4a8d-8bb0-b24872ee29ce 7a0d84665b1f4a1288833aa07236b752 e5697475b2504714a97ee12d834598e3 - - default default] 10.0.0.226 "GET /v2.0/security-groups?tenant_id=327352dd24384438817128dde7ef9cdd&name=default HTTP/1.1" status: 200 len: 2996 time: 0.0448458
2026-07-02 11:14:38.631 9 WARNING neutron.scheduler.dhcp_agent_scheduler [None req-4f49db28-11a2-40bc-862d-bf371a271ec0 e49a1976f7bc4dddae090d7693a971f2 883d50faa6d84a6abaac6685462cad0f - - default default] No more DHCP agents
2026-07-02 11:14:38.636 9 WARNING neutron.api.rpc.agentnotifiers.dhcp_rpc_agent_api [None req-4f49db28-11a2-40bc-862d-bf371a271ec0 e49a1976f7bc4dddae090d7693a971f2 883d50faa6d84a6abaac6685462cad0f - - default default] Unable to schedule network b1b11da6-dcbd-42fc-8cd5-958eac32837c: no agents available; will retry on subsequent port and subnet creation events.
2026-07-02 11:14:38.650 10 INFO neutron.wsgi [None req-cd03c31c-9fa0-49a4-a9ce-367085561400 7a0d84665b1f4a1288833aa07236b752 e5697475b2504714a97ee12d834598e3 - - default default] 10.0.0.226 "DELETE /v2.0/security-groups/901e575b-865b-4ad2-b743-9cb5190a1deb HTTP/1.1" status: 204 len: 168 time: 0.2379434
2026-07-02 11:14:38.741 9 INFO neutron.db.ovn_revision_numbers_db [None req-4f49db28-11a2-40bc-862d-bf371a271ec0 e49a1976f7bc4dddae090d7693a971f2 883d50faa6d84a6abaac6685462cad0f - - default default] Successfully bumped revision number for resource 7f701900-6a7b-4880-af0d-7ee60f43a999 (type: ports) to 1
2026-07-02 11:14:38.768 9 INFO neutron.wsgi [None req-4f49db28-11a2-40bc-862d-bf371a271ec0 e49a1976f7bc4dddae090d7693a971f2 883d50faa6d84a6abaac6685462cad0f - - default default] 10.0.0.226 "POST /v2.0/networks HTTP/1.1" status: 201 len: 848 time: 1.1656497
2026-07-02 11:14:38.779 9 WARNING neutron_lib.context [None req-113965fd-023b-4889-9317-6ce804800e14 e49a1976f7bc4dddae090d7693a971f2 883d50faa6d84a6abaac6685462cad0f - - default default] Method 'is_advsvc' is deprecated since 2023.2 release (neutron-lib 3.8.0) and will be removed once support for the old RBAC API policies will be removed from Neutron. Please use method 'is_service_role' instead.
2026-07-02 11:14:39.056 9 WARNING neutron.scheduler.dhcp_agent_scheduler [None req-113965fd-023b-4889-9317-6ce804800e14 e49a1976f7bc4dddae090d7693a971f2 883d50faa6d84a6abaac6685462cad0f - - default default] No more DHCP agents
2026-07-02 11:14:39.058 9 WARNING neutron.api.rpc.agentnotifiers.dhcp_rpc_agent_api [None req-113965fd-023b-4889-9317-6ce804800e14 e49a1976f7bc4dddae090d7693a971f2 883d50faa6d84a6abaac6685462cad0f - - default default] Unable to schedule network b1b11da6-dcbd-42fc-8cd5-958eac32837c: no agents available; will retry on subsequent port and subnet creation events.
2026-07-02 11:14:39.105 9 INFO neutron.db.ovn_revision_numbers_db [None req-113965fd-023b-4889-9317-6ce804800e14 e49a1976f7bc4dddae090d7693a971f2 883d50faa6d84a6abaac6685462cad0f - - default default] Successfully bumped revision number for resource 9e294a3f-18ae-4e9d-aeb1-67903477ba03 (type: subnets) to 0
2026-07-02 11:14:39.125 9 INFO neutron.wsgi [None req-113965fd-023b-4889-9317-6ce804800e14 e49a1976f7bc4dddae090d7693a971f2 883d50faa6d84a6abaac6685462cad0f - - default default] 10.0.0.226 "POST /v2.0/subnets HTTP/1.1" status: 201 len: 802 time: 0.3522949
2026-07-02 11:14:39.140 9 WARNING neutron_lib.context [None req-90801e71-85ed-4c0f-b667-049af3626eba e49a1976f7bc4dddae090d7693a971f2 883d50faa6d84a6abaac6685462cad0f - - default default] Method 'is_advsvc' is deprecated since 2023.2 release (neutron-lib 3.8.0) and will be removed once support for the old RBAC API policies will be removed from Neutron. Please use method 'is_service_role' instead.
2026-07-02 11:14:39.772 9 WARNING neutron.scheduler.dhcp_agent_scheduler [None req-90801e71-85ed-4c0f-b667-049af3626eba e49a1976f7bc4dddae090d7693a971f2 883d50faa6d84a6abaac6685462cad0f - - default default] No more DHCP agents
2026-07-02 11:14:39.775 9 WARNING neutron.api.rpc.agentnotifiers.dhcp_rpc_agent_api [None req-90801e71-85ed-4c0f-b667-049af3626eba e49a1976f7bc4dddae090d7693a971f2 883d50faa6d84a6abaac6685462cad0f - - default default] Unable to schedule network 7ab611bf-5fa1-4e32-a42d-9946d7bcf78a: no agents available; will retry on subsequent port and subnet creation events.
2026-07-02 11:14:39.957 9 INFO neutron.db.ovn_revision_numbers_db [None req-90801e71-85ed-4c0f-b667-049af3626eba e49a1976f7bc4dddae090d7693a971f2 883d50faa6d84a6abaac6685462cad0f - - default default] Successfully bumped revision number for resource a2080e26-5612-4df1-ab74-3dd760c6550e (type: ports) to 1
2026-07-02 11:14:40.820 10 INFO neutron.plugins.ml2.drivers.ovn.mech_driver.mech_driver [None req-ea9a8882-9117-4139-94f2-b1bc3ff8c035 - - - - - -] OVN reports status up for port: a2080e26-5612-4df1-ab74-3dd760c6550e
2026-07-02 11:14:40.836 10 INFO neutron.plugins.ml2.plugin [None req-ea9a8882-9117-4139-94f2-b1bc3ff8c035 - - - - - -] Attempt 1 to provision port a2080e26-5612-4df1-ab74-3dd760c6550e
2026-07-02 11:14:40.852 10 INFO neutron.db.ovn_revision_numbers_db [None req-b86e8113-f4de-45f0-98db-7e083363e654 7a0d84665b1f4a1288833aa07236b752 e5697475b2504714a97ee12d834598e3 - - default default] Successfully bumped revision number for resource a96630fc-72a0-4e1e-8a1f-be0090a11258 (type: security_groups) to 1
2026-07-02 11:14:40.853 9 INFO neutron.db.ovn_revision_numbers_db [None req-90801e71-85ed-4c0f-b667-049af3626eba e49a1976f7bc4dddae090d7693a971f2 883d50faa6d84a6abaac6685462cad0f - - default default] Successfully bumped revision number for resource a2080e26-5612-4df1-ab74-3dd760c6550e (type: router_ports) to 1
2026-07-02 11:14:40.875 10 INFO neutron.db.ovn_revision_numbers_db [None req-b86e8113-f4de-45f0-98db-7e083363e654 7a0d84665b1f4a1288833aa07236b752 e5697475b2504714a97ee12d834598e3 - - default default] Successfully bumped revision number for resource 07b44261-63cd-4336-b8b6-1a469992fa3d (type: security_group_rules) to 0
2026-07-02 11:14:40.898 10 INFO neutron.db.ovn_revision_numbers_db [None req-b86e8113-f4de-45f0-98db-7e083363e654 7a0d84665b1f4a1288833aa07236b752 e5697475b2504714a97ee12d834598e3 - - default default] Successfully bumped revision number for resource 1d3f098c-8590-4165-a5c8-a4fbffd675d6 (type: security_group_rules) to 0
2026-07-02 11:14:40.920 10 INFO neutron.db.ovn_revision_numbers_db [None req-b86e8113-f4de-45f0-98db-7e083363e654 7a0d84665b1f4a1288833aa07236b752 e5697475b2504714a97ee12d834598e3 - - default default] Successfully bumped revision number for resource 7c34574f-7b39-4318-ba5e-badbc01a292f (type: security_group_rules) to 0
2026-07-02 11:14:40.932 10 INFO neutron.db.ovn_revision_numbers_db [None req-b86e8113-f4de-45f0-98db-7e083363e654 7a0d84665b1f4a1288833aa07236b752 e5697475b2504714a97ee12d834598e3 - - default default] Successfully bumped revision number for resource b7f0623e-69f4-4bcb-b888-00356d8a8d1c (type: security_group_rules) to 0
2026-07-02 11:14:40.939 9 INFO neutron.db.ovn_revision_numbers_db [None req-90801e71-85ed-4c0f-b667-049af3626eba e49a1976f7bc4dddae090d7693a971f2 883d50faa6d84a6abaac6685462cad0f - - default default] Successfully bumped revision number for resource 93187669-9382-4080-9ef0-04578e954d0a (type: routers) to 2
2026-07-02 11:14:40.955 9 INFO neutron.wsgi [None req-90801e71-85ed-4c0f-b667-049af3626eba e49a1976f7bc4dddae090d7693a971f2 883d50faa6d84a6abaac6685462cad0f - - default default] 10.0.0.226 "POST /v2.0/routers HTTP/1.1" status: 201 len: 875 time: 1.8206494
2026-07-02 11:14:40.956 10 INFO neutron.wsgi [None req-b86e8113-f4de-45f0-98db-7e083363e654 7a0d84665b1f4a1288833aa07236b752 e5697475b2504714a97ee12d834598e3 - - default default] 10.0.0.226 "GET /v2.0/security-groups?tenant_id=4ca799c6c8dd481683b3e7e787ebc032&name=default HTTP/1.1" status: 200 len: 2996 time: 0.4047160
2026-07-02 11:14:41.208 9 INFO neutron.wsgi [None req-0d2dc899-28a8-4ff8-9001-c6434265f696 7a0d84665b1f4a1288833aa07236b752 e5697475b2504714a97ee12d834598e3 - - default default] 10.0.0.226 "DELETE /v2.0/security-groups/a96630fc-72a0-4e1e-8a1f-be0090a11258 HTTP/1.1" status: 204 len: 168 time: 0.2415907
2026-07-02 11:14:41.977 10 WARNING neutron.scheduler.dhcp_agent_scheduler [None req-572ef95b-223f-4538-8b0b-bcbcaccc13ab e49a1976f7bc4dddae090d7693a971f2 883d50faa6d84a6abaac6685462cad0f - - default default] No more DHCP agents
2026-07-02 11:14:41.978 10 WARNING neutron.api.rpc.agentnotifiers.dhcp_rpc_agent_api [None req-572ef95b-223f-4538-8b0b-bcbcaccc13ab e49a1976f7bc4dddae090d7693a971f2 883d50faa6d84a6abaac6685462cad0f - - default default] Unable to schedule network b1b11da6-dcbd-42fc-8cd5-958eac32837c: no agents available; will retry on subsequent port and subnet creation events.
2026-07-02 11:14:42.200 10 INFO neutron.db.ovn_revision_numbers_db [None req-572ef95b-223f-4538-8b0b-bcbcaccc13ab e49a1976f7bc4dddae090d7693a971f2 883d50faa6d84a6abaac6685462cad0f - - default default] Successfully bumped revision number for resource 5e2bc05e-0255-4347-acae-f9904e6b9415 (type: ports) to 1
2026-07-02 11:14:42.718 9 INFO neutron.plugins.ml2.drivers.ovn.mech_driver.mech_driver [None req-f0f4474f-9443-442f-977a-be7ca271417b - - - - - -] OVN reports status up for port: 5e2bc05e-0255-4347-acae-f9904e6b9415
2026-07-02 11:14:42.722 9 INFO neutron.db.ovn_revision_numbers_db [None req-7b996552-5009-46e7-91a4-8ccc2eb148f3 7a0d84665b1f4a1288833aa07236b752 e5697475b2504714a97ee12d834598e3 - - default default] Successfully bumped revision number for resource f11651f2-08c2-4fe7-b224-abafd80e73b3 (type: security_groups) to 1
2026-07-02 11:14:42.731 9 INFO neutron.plugins.ml2.plugin [None req-f0f4474f-9443-442f-977a-be7ca271417b - - - - - -] Attempt 1 to provision port 5e2bc05e-0255-4347-acae-f9904e6b9415
2026-07-02 11:14:42.744 10 INFO neutron.db.ovn_revision_numbers_db [None req-572ef95b-223f-4538-8b0b-bcbcaccc13ab e49a1976f7bc4dddae090d7693a971f2 883d50faa6d84a6abaac6685462cad0f - - default default] Successfully bumped revision number for resource 5e2bc05e-0255-4347-acae-f9904e6b9415 (type: router_ports) to 1
2026-07-02 11:14:42.747 9 INFO neutron.db.ovn_revision_numbers_db [None req-7b996552-5009-46e7-91a4-8ccc2eb148f3 7a0d84665b1f4a1288833aa07236b752 e5697475b2504714a97ee12d834598e3 - - default default] Successfully bumped revision number for resource 3b0f020d-f0dd-45d7-818c-20d80bdc331a (type: security_group_rules) to 0
2026-07-02 11:14:42.774 9 INFO neutron.db.ovn_revision_numbers_db [None req-7b996552-5009-46e7-91a4-8ccc2eb148f3 7a0d84665b1f4a1288833aa07236b752 e5697475b2504714a97ee12d834598e3 - - default default] Successfully bumped revision number for resource 6868f524-bb06-4bc3-a9ec-da6fc1bb2b04 (type: security_group_rules) to 0
2026-07-02 11:14:42.789 9 INFO neutron.db.ovn_revision_numbers_db [None req-7b996552-5009-46e7-91a4-8ccc2eb148f3 7a0d84665b1f4a1288833aa07236b752 e5697475b2504714a97ee12d834598e3 - - default default] Successfully bumped revision number for resource d0e033a8-2064-4cc0-ab22-7e6d2c7456d4 (type: security_group_rules) to 0
2026-07-02 11:14:42.809 9 INFO neutron.db.ovn_revision_numbers_db [None req-7b996552-5009-46e7-91a4-8ccc2eb148f3 7a0d84665b1f4a1288833aa07236b752 e5697475b2504714a97ee12d834598e3 - - default default] Successfully bumped revision number for resource f268786e-934f-4ae7-954d-01aa73fd1801 (type: security_group_rules) to 0
2026-07-02 11:14:42.837 9 INFO neutron.wsgi [None req-7b996552-5009-46e7-91a4-8ccc2eb148f3 7a0d84665b1f4a1288833aa07236b752 e5697475b2504714a97ee12d834598e3 - - default default] 10.0.0.226 "GET /v2.0/security-groups?tenant_id=bafe6db59b56426ebdd7a7565a6e6647&name=default HTTP/1.1" status: 200 len: 2996 time: 0.4545357
2026-07-02 11:14:42.975 10 INFO neutron.db.ovn_revision_numbers_db [None req-572ef95b-223f-4538-8b0b-bcbcaccc13ab e49a1976f7bc4dddae090d7693a971f2 883d50faa6d84a6abaac6685462cad0f - - default default] Successfully bumped revision number for resource 5e2bc05e-0255-4347-acae-f9904e6b9415 (type: ports) to 1
2026-07-02 11:14:43.083 9 INFO neutron.db.ovn_revision_numbers_db [None req-f0f4474f-9443-442f-977a-be7ca271417b - - - - - -] Successfully bumped revision number for resource 5e2bc05e-0255-4347-acae-f9904e6b9415 (type: ports) to 2
2026-07-02 11:14:43.101 10 WARNING neutron.scheduler.dhcp_agent_scheduler [None req-572ef95b-223f-4538-8b0b-bcbcaccc13ab e49a1976f7bc4dddae090d7693a971f2 883d50faa6d84a6abaac6685462cad0f - - default default] No more DHCP agents
2026-07-02 11:14:43.103 10 WARNING neutron.api.rpc.agentnotifiers.dhcp_rpc_agent_api [None req-572ef95b-223f-4538-8b0b-bcbcaccc13ab e49a1976f7bc4dddae090d7693a971f2 883d50faa6d84a6abaac6685462cad0f - - default default] Unable to schedule network b1b11da6-dcbd-42fc-8cd5-958eac32837c: no agents available; will retry on subsequent port and subnet creation events.
2026-07-02 11:14:43.172 9 INFO neutron.db.ovn_revision_numbers_db [None req-f0f4474f-9443-442f-977a-be7ca271417b - - - - - -] Successfully bumped revision number for resource 5e2bc05e-0255-4347-acae-f9904e6b9415 (type: router_ports) to 2
2026-07-02 11:14:43.221 10 INFO neutron.wsgi [None req-f1bd0250-d154-4ca3-b726-3dbdf70de6a5 7a0d84665b1f4a1288833aa07236b752 e5697475b2504714a97ee12d834598e3 - - default default] 10.0.0.226 "DELETE /v2.0/security-groups/f11651f2-08c2-4fe7-b224-abafd80e73b3 HTTP/1.1" status: 204 len: 168 time: 0.3764286
2026-07-02 11:14:43.425 10 INFO neutron.db.ovn_revision_numbers_db [None req-572ef95b-223f-4538-8b0b-bcbcaccc13ab e49a1976f7bc4dddae090d7693a971f2 883d50faa6d84a6abaac6685462cad0f - - default default] Successfully bumped revision number for resource 5e2bc05e-0255-4347-acae-f9904e6b9415 (type: router_ports) to 2
2026-07-02 11:14:43.428 10 INFO neutron.wsgi [None req-572ef95b-223f-4538-8b0b-bcbcaccc13ab e49a1976f7bc4dddae090d7693a971f2 883d50faa6d84a6abaac6685462cad0f - - default default] 10.0.0.226 "PUT /v2.0/routers/93187669-9382-4080-9ef0-04578e954d0a/add_router_interface HTTP/1.1" status: 200 len: 503 time: 2.4658661
2026-07-02 11:14:43.438 10 WARNING neutron_lib.context [None req-74d17cc8-9fb5-4da7-8076-a57af3137ebc e49a1976f7bc4dddae090d7693a971f2 883d50faa6d84a6abaac6685462cad0f - - default default] Method 'is_advsvc' is deprecated since 2023.2 release (neutron-lib 3.8.0) and will be removed once support for the old RBAC API policies will be removed from Neutron. Please use method 'is_service_role' instead.
2026-07-02 11:14:43.555 9 INFO neutron.db.ovn_revision_numbers_db [None req-c1850544-29d2-49f8-b98d-1d267e304a7d 7a0d84665b1f4a1288833aa07236b752 e5697475b2504714a97ee12d834598e3 - - default default] Successfully bumped revision number for resource 16cd1b6a-d55a-4e8c-afe3-d6354cb0f752 (type: security_groups) to 1
2026-07-02 11:14:43.573 9 INFO neutron.db.ovn_revision_numbers_db [None req-c1850544-29d2-49f8-b98d-1d267e304a7d 7a0d84665b1f4a1288833aa07236b752 e5697475b2504714a97ee12d834598e3 - - default default] Successfully bumped revision number for resource 20517de5-62ed-4c89-9bd2-bb2e7a93424c (type: security_group_rules) to 0
2026-07-02 11:14:43.587 9 INFO neutron.db.ovn_revision_numbers_db [None req-c1850544-29d2-49f8-b98d-1d267e304a7d 7a0d84665b1f4a1288833aa07236b752 e5697475b2504714a97ee12d834598e3 - - default default] Successfully bumped revision number for resource 252c3290-ba27-4c40-b637-97bdac752ced (type: security_group_rules) to 0
2026-07-02 11:14:43.604 9 INFO neutron.db.ovn_revision_numbers_db [None req-c1850544-29d2-49f8-b98d-1d267e304a7d 7a0d84665b1f4a1288833aa07236b752 e5697475b2504714a97ee12d834598e3 - - default default] Successfully bumped revision number for resource a3f1ebbf-41fb-4f8b-b508-24b7fcd92508 (type: security_group_rules) to 0
2026-07-02 11:14:43.623 9 INFO neutron.db.ovn_revision_numbers_db [None req-c1850544-29d2-49f8-b98d-1d267e304a7d 7a0d84665b1f4a1288833aa07236b752 e5697475b2504714a97ee12d834598e3 - - default default] Successfully bumped revision number for resource b7931f7a-e22a-4b1a-9ddb-50fc59ec2813 (type: security_group_rules) to 0
2026-07-02 11:14:43.648 9 INFO neutron.wsgi [None req-c1850544-29d2-49f8-b98d-1d267e304a7d 7a0d84665b1f4a1288833aa07236b752 e5697475b2504714a97ee12d834598e3 - - default default] 10.0.0.226 "GET /v2.0/security-groups?tenant_id=6bd225e6fbd749c9b828d73beef302c4&name=default HTTP/1.1" status: 200 len: 2996 time: 0.2141328
2026-07-02 11:14:43.817 10 WARNING neutron.scheduler.dhcp_agent_scheduler [None req-74d17cc8-9fb5-4da7-8076-a57af3137ebc e49a1976f7bc4dddae090d7693a971f2 883d50faa6d84a6abaac6685462cad0f - - default default] No more DHCP agents
2026-07-02 11:14:43.820 10 WARNING neutron.api.rpc.agentnotifiers.dhcp_rpc_agent_api [None req-74d17cc8-9fb5-4da7-8076-a57af3137ebc e49a1976f7bc4dddae090d7693a971f2 883d50faa6d84a6abaac6685462cad0f - - default default] Unable to schedule network b1b11da6-dcbd-42fc-8cd5-958eac32837c: no agents available; will retry on subsequent port and subnet creation events.
2026-07-02 11:14:43.870 9 INFO neutron.wsgi [None req-dde62395-4c27-4eea-9c7c-45902358b13e 7a0d84665b1f4a1288833aa07236b752 e5697475b2504714a97ee12d834598e3 - - default default] 10.0.0.226 "DELETE /v2.0/security-groups/16cd1b6a-d55a-4e8c-afe3-d6354cb0f752 HTTP/1.1" status: 204 len: 168 time: 0.2172999
2026-07-02 11:14:44.010 10 INFO neutron.db.ovn_revision_numbers_db [None req-74d17cc8-9fb5-4da7-8076-a57af3137ebc e49a1976f7bc4dddae090d7693a971f2 883d50faa6d84a6abaac6685462cad0f - - default default] Successfully bumped revision number for resource 56116d6b-824e-41d0-b468-05e914896e00 (type: ports) to 1
2026-07-02 11:14:44.039 10 INFO neutron.wsgi [None req-74d17cc8-9fb5-4da7-8076-a57af3137ebc e49a1976f7bc4dddae090d7693a971f2 883d50faa6d84a6abaac6685462cad0f - - default default] 10.0.0.226 "POST /v2.0/ports HTTP/1.1" status: 201 len: 1158 time: 0.6061125 /var/lib/openstack/lib/python3.10/site-packages/pycadf/identifier.py:71: UserWarning: Invalid uuid: neutron. To ensure interoperability, identifiers should be a valid uuid. warnings.warn(('Invalid uuid: %s. To ensure interoperability, '
2026-07-02 11:14:44.049 10 WARNING neutron_lib.context [None req-628ccfa1-60f2-4d3c-85f4-aca5252f6226 e49a1976f7bc4dddae090d7693a971f2 883d50faa6d84a6abaac6685462cad0f - - default default] Method 'is_advsvc' is deprecated since 2023.2 release (neutron-lib 3.8.0) and will be removed once support for the old RBAC API policies will be removed from Neutron. Please use method 'is_service_role' instead.
2026-07-02 11:14:44.398 10 WARNING neutron.scheduler.dhcp_agent_scheduler [None req-628ccfa1-60f2-4d3c-85f4-aca5252f6226 e49a1976f7bc4dddae090d7693a971f2 883d50faa6d84a6abaac6685462cad0f - - default default] No more DHCP agents
2026-07-02 11:14:44.402 10 WARNING neutron.api.rpc.agentnotifiers.dhcp_rpc_agent_api [None req-628ccfa1-60f2-4d3c-85f4-aca5252f6226 e49a1976f7bc4dddae090d7693a971f2 883d50faa6d84a6abaac6685462cad0f - - default default] Unable to schedule network b1b11da6-dcbd-42fc-8cd5-958eac32837c: no agents available; will retry on subsequent port and subnet creation events.
2026-07-02 11:14:44.587 10 INFO neutron.db.ovn_revision_numbers_db [None req-628ccfa1-60f2-4d3c-85f4-aca5252f6226 e49a1976f7bc4dddae090d7693a971f2 883d50faa6d84a6abaac6685462cad0f - - default default] Successfully bumped revision number for resource 2bbb9b09-2b0e-4a8e-9592-51b4bce7ebf4 (type: ports) to 1
2026-07-02 11:14:44.624 10 INFO neutron.wsgi [None req-628ccfa1-60f2-4d3c-85f4-aca5252f6226 e49a1976f7bc4dddae090d7693a971f2 883d50faa6d84a6abaac6685462cad0f - - default default] 10.0.0.226 "POST /v2.0/ports HTTP/1.1" status: 201 len: 1154 time: 0.5801532
2026-07-02 11:14:44.637 9 WARNING neutron_lib.context [None req-24018bde-9720-4be2-a9e3-9852a27845fe e49a1976f7bc4dddae090d7693a971f2 883d50faa6d84a6abaac6685462cad0f - - default default] Method 'is_advsvc' is deprecated since 2023.2 release (neutron-lib 3.8.0) and will be removed once support for the old RBAC API policies will be removed from Neutron. Please use method 'is_service_role' instead.
2026-07-02 11:14:44.741 9 INFO neutron.wsgi [-] 10.0.0.127 "GET / HTTP/1.1" status: 200 len: 247 time: 0.0016217
2026-07-02 11:14:44.743 9 INFO neutron.wsgi [-] 10.0.0.127 "GET / HTTP/1.1" status: 200 len: 247 time: 0.0013113
2026-07-02 11:14:44.918 9 WARNING neutron.scheduler.dhcp_agent_scheduler [None req-24018bde-9720-4be2-a9e3-9852a27845fe e49a1976f7bc4dddae090d7693a971f2 883d50faa6d84a6abaac6685462cad0f - - default default] No more DHCP agents
2026-07-02 11:14:44.922 9 WARNING neutron.api.rpc.agentnotifiers.dhcp_rpc_agent_api [None req-24018bde-9720-4be2-a9e3-9852a27845fe e49a1976f7bc4dddae090d7693a971f2 883d50faa6d84a6abaac6685462cad0f - - default default] Unable to schedule network 7ab611bf-5fa1-4e32-a42d-9946d7bcf78a: no agents available; will retry on subsequent port and subnet creation events. /var/lib/openstack/lib/python3.10/site-packages/pycadf/identifier.py:71: UserWarning: Invalid uuid: neutron. To ensure interoperability, identifiers should be a valid uuid. warnings.warn(('Invalid uuid: %s. To ensure interoperability, '
2026-07-02 11:14:45.251 10 INFO neutron.db.ovn_revision_numbers_db [None req-aaf8311a-58bd-4faa-b708-2f5ef61edfcb 7a0d84665b1f4a1288833aa07236b752 e5697475b2504714a97ee12d834598e3 - - default default] Successfully bumped revision number for resource 973f99b7-b4c0-47d2-8081-b7763853cf00 (type: security_groups) to 1
2026-07-02 11:14:45.279 10 INFO neutron.db.ovn_revision_numbers_db [None req-aaf8311a-58bd-4faa-b708-2f5ef61edfcb 7a0d84665b1f4a1288833aa07236b752 e5697475b2504714a97ee12d834598e3 - - default default] Successfully bumped revision number for resource 00a0bd01-8caf-4f84-a020-8ca99039575a (type: security_group_rules) to 0
2026-07-02 11:14:45.290 10 WARNING neutron.plugins.ml2.drivers.ovn.mech_driver.ovsdb.ovn_client [None req-ea9a8882-9117-4139-94f2-b1bc3ff8c035 - - - - - -] No hosting information found for port a2080e26-5612-4df1-ab74-3dd760c6550e: RuntimeError: No hosting information found for port a2080e26-5612-4df1-ab74-3dd760c6550e
2026-07-02 11:14:45.298 10 INFO neutron.db.ovn_revision_numbers_db [None req-aaf8311a-58bd-4faa-b708-2f5ef61edfcb 7a0d84665b1f4a1288833aa07236b752 e5697475b2504714a97ee12d834598e3 - - default default] Successfully bumped revision number for resource 06a4dd16-6fd2-4d37-a249-1dba9d72fac0 (type: security_group_rules) to 0
2026-07-02 11:14:45.314 10 INFO neutron.db.ovn_revision_numbers_db [None req-aaf8311a-58bd-4faa-b708-2f5ef61edfcb 7a0d84665b1f4a1288833aa07236b752 e5697475b2504714a97ee12d834598e3 - - default default] Successfully bumped revision number for resource 1f3f5339-81f8-4bf2-869b-942b91277a6d (type: security_group_rules) to 0
2026-07-02 11:14:45.332 10 INFO neutron.db.ovn_revision_numbers_db [None req-aaf8311a-58bd-4faa-b708-2f5ef61edfcb 7a0d84665b1f4a1288833aa07236b752 e5697475b2504714a97ee12d834598e3 - - default default] Successfully bumped revision number for resource c44aa7c9-1aa2-408d-a544-5a57d725eb11 (type: security_group_rules) to 0
2026-07-02 11:14:45.359 10 INFO neutron.wsgi [None req-aaf8311a-58bd-4faa-b708-2f5ef61edfcb 7a0d84665b1f4a1288833aa07236b752 e5697475b2504714a97ee12d834598e3 - - default default] 10.0.0.226 "GET /v2.0/security-groups?tenant_id=199a5e20b6af49b1a13f2d324312e8a6&name=default HTTP/1.1" status: 200 len: 2996 time: 0.4266458
2026-07-02 11:14:45.496 9 INFO neutron.db.l3_db [None req-24018bde-9720-4be2-a9e3-9852a27845fe e49a1976f7bc4dddae090d7693a971f2 883d50faa6d84a6abaac6685462cad0f - - default default] Floating IP 5c2281c8-c546-4112-9351-08494db45909 associated. External IP: 10.96.250.220, port: 2bbb9b09-2b0e-4a8e-9592-51b4bce7ebf4.
2026-07-02 11:14:45.609 10 INFO neutron.wsgi [None req-1c7d35d4-e79f-4321-8abd-8c48a31a0023 7a0d84665b1f4a1288833aa07236b752 e5697475b2504714a97ee12d834598e3 - - default default] 10.0.0.226 "DELETE /v2.0/security-groups/973f99b7-b4c0-47d2-8081-b7763853cf00 HTTP/1.1" status: 204 len: 168 time: 0.2418721
2026-07-02 11:14:45.750 9 INFO neutron.db.ovn_revision_numbers_db [None req-24018bde-9720-4be2-a9e3-9852a27845fe e49a1976f7bc4dddae090d7693a971f2 883d50faa6d84a6abaac6685462cad0f - - default default] Successfully bumped revision number for resource 5c2281c8-c546-4112-9351-08494db45909 (type: floatingips) to 0 /var/lib/openstack/lib/python3.10/site-packages/pycadf/identifier.py:71: UserWarning: Invalid uuid: neutron. To ensure interoperability, identifiers should be a valid uuid. warnings.warn(('Invalid uuid: %s. To ensure interoperability, '
2026-07-02 11:14:45.882 9 INFO neutron.db.ovn_revision_numbers_db [None req-24018bde-9720-4be2-a9e3-9852a27845fe e49a1976f7bc4dddae090d7693a971f2 883d50faa6d84a6abaac6685462cad0f - - default default] Successfully bumped revision number for resource 5c2281c8-c546-4112-9351-08494db45909 (type: floatingips) to 1
2026-07-02 11:14:45.931 10 INFO neutron.db.ovn_revision_numbers_db [None req-4bf51f0c-bc48-4f51-b929-4ddfb38bef9a 7a0d84665b1f4a1288833aa07236b752 e5697475b2504714a97ee12d834598e3 - - default default] Successfully bumped revision number for resource 2b313228-e13a-4fee-8615-bd4520c1e912 (type: security_groups) to 1
2026-07-02 11:14:45.942 9 INFO neutron.wsgi [None req-24018bde-9720-4be2-a9e3-9852a27845fe e49a1976f7bc4dddae090d7693a971f2 883d50faa6d84a6abaac6685462cad0f - - default default] 10.0.0.226 "POST /v2.0/floatingips HTTP/1.1" status: 201 len: 1041 time: 1.3125970
2026-07-02 11:14:45.953 10 INFO neutron.db.ovn_revision_numbers_db [None req-4bf51f0c-bc48-4f51-b929-4ddfb38bef9a 7a0d84665b1f4a1288833aa07236b752 e5697475b2504714a97ee12d834598e3 - - default default] Successfully bumped revision number for resource 0e97c075-037b-4281-9846-7da52beecc8e (type: security_group_rules) to 0
2026-07-02 11:14:45.985 10 INFO neutron.db.ovn_revision_numbers_db [None req-4bf51f0c-bc48-4f51-b929-4ddfb38bef9a 7a0d84665b1f4a1288833aa07236b752 e5697475b2504714a97ee12d834598e3 - - default default] Successfully bumped revision number for resource 7842e46f-a33b-4bd4-9aa1-89fe69940f42 (type: security_group_rules) to 0
2026-07-02 11:14:46.025 10 INFO neutron.db.ovn_revision_numbers_db [None req-4bf51f0c-bc48-4f51-b929-4ddfb38bef9a 7a0d84665b1f4a1288833aa07236b752 e5697475b2504714a97ee12d834598e3 - - default default] Successfully bumped revision number for resource 89a49bf9-7c9f-4a86-ad53-28917fe5cfd6 (type: security_group_rules) to 0
2026-07-02 11:14:46.062 10 INFO neutron.db.ovn_revision_numbers_db [None req-4bf51f0c-bc48-4f51-b929-4ddfb38bef9a 7a0d84665b1f4a1288833aa07236b752 e5697475b2504714a97ee12d834598e3 - - default default] Successfully bumped revision number for resource f1ab702b-eb46-481f-ba72-13c4483f7ebf (type: security_group_rules) to 0
2026-07-02 11:14:46.114 10 INFO neutron.wsgi [None req-4bf51f0c-bc48-4f51-b929-4ddfb38bef9a 7a0d84665b1f4a1288833aa07236b752 e5697475b2504714a97ee12d834598e3 - - default default] 10.0.0.226 "GET /v2.0/security-groups?tenant_id=55578722d13f43368979c2fb48baf696&name=default HTTP/1.1" status: 200 len: 2996 time: 0.3103712
2026-07-02 11:14:46.152 10 INFO neutron.db.l3_db [None req-0e8c9778-f691-4016-9fc9-e9ae52133ec2 e49a1976f7bc4dddae090d7693a971f2 883d50faa6d84a6abaac6685462cad0f - - default default] Floating IP 5c2281c8-c546-4112-9351-08494db45909 disassociated. External IP: 10.96.250.220, port: 2bbb9b09-2b0e-4a8e-9592-51b4bce7ebf4.
2026-07-02 11:14:46.226 10 INFO neutron.db.ovn_revision_numbers_db [None req-0e8c9778-f691-4016-9fc9-e9ae52133ec2 e49a1976f7bc4dddae090d7693a971f2 883d50faa6d84a6abaac6685462cad0f - - default default] Successfully bumped revision number for resource 5c2281c8-c546-4112-9351-08494db45909 (type: floatingips) to 2
2026-07-02 11:14:46.315 10 INFO neutron.wsgi [None req-0e8c9778-f691-4016-9fc9-e9ae52133ec2 e49a1976f7bc4dddae090d7693a971f2 883d50faa6d84a6abaac6685462cad0f - - default default] 10.0.0.226 "PUT /v2.0/floatingips/5c2281c8-c546-4112-9351-08494db45909 HTTP/1.1" status: 200 len: 748 time: 0.3677473 /var/lib/openstack/lib/python3.10/site-packages/pycadf/identifier.py:71: UserWarning: Invalid uuid: neutron. To ensure interoperability, identifiers should be a valid uuid. warnings.warn(('Invalid uuid: %s. To ensure interoperability, '
2026-07-02 11:14:46.347 9 INFO neutron.wsgi [None req-fdecf823-adf0-4056-a2c8-93cc05d6cb51 7a0d84665b1f4a1288833aa07236b752 e5697475b2504714a97ee12d834598e3 - - default default] 10.0.0.226 "DELETE /v2.0/security-groups/2b313228-e13a-4fee-8615-bd4520c1e912 HTTP/1.1" status: 204 len: 168 time: 0.2248435
2026-07-02 11:14:46.761 10 INFO neutron.wsgi [None req-889528a3-ca4f-4ede-8c13-9b65a3fc3fdc e49a1976f7bc4dddae090d7693a971f2 883d50faa6d84a6abaac6685462cad0f - - default default] 10.0.0.226 "DELETE /v2.0/floatingips/5c2281c8-c546-4112-9351-08494db45909 HTTP/1.1" status: 204 len: 168 time: 0.4406450
2026-07-02 11:14:46.784 9 WARNING neutron_lib.context [None req-bd2853b0-d0a4-422b-86e5-b4dd9fb8f209 e49a1976f7bc4dddae090d7693a971f2 883d50faa6d84a6abaac6685462cad0f - - default default] Method 'is_advsvc' is deprecated since 2023.2 release (neutron-lib 3.8.0) and will be removed once support for the old RBAC API policies will be removed from Neutron. Please use method 'is_service_role' instead.
2026-07-02 11:14:47.150 9 INFO neutron.db.ovn_revision_numbers_db [None req-a7bd8f5a-b3c4-4d21-8c27-2c92ae8b71cc 7a0d84665b1f4a1288833aa07236b752 e5697475b2504714a97ee12d834598e3 - - default default] Successfully bumped revision number for resource 10f13adf-c1ca-40ff-acc9-617df41d8c61 (type: security_groups) to 1
2026-07-02 11:14:47.169 9 WARNING neutron.scheduler.dhcp_agent_scheduler [None req-bd2853b0-d0a4-422b-86e5-b4dd9fb8f209 e49a1976f7bc4dddae090d7693a971f2 883d50faa6d84a6abaac6685462cad0f - - default default] No more DHCP agents
2026-07-02 11:14:47.172 9 WARNING neutron.api.rpc.agentnotifiers.dhcp_rpc_agent_api [None req-bd2853b0-d0a4-422b-86e5-b4dd9fb8f209 e49a1976f7bc4dddae090d7693a971f2 883d50faa6d84a6abaac6685462cad0f - - default default] Unable to schedule network 7ab611bf-5fa1-4e32-a42d-9946d7bcf78a: no agents available; will retry on subsequent port and subnet creation events.
2026-07-02 11:14:47.174 9 INFO neutron.db.ovn_revision_numbers_db [None req-a7bd8f5a-b3c4-4d21-8c27-2c92ae8b71cc 7a0d84665b1f4a1288833aa07236b752 e5697475b2504714a97ee12d834598e3 - - default default] Successfully bumped revision number for resource 23df06c7-a872-4d9f-bb12-dc2bd7928c99 (type: security_group_rules) to 0
2026-07-02 11:14:47.204 9 INFO neutron.db.ovn_revision_numbers_db [None req-a7bd8f5a-b3c4-4d21-8c27-2c92ae8b71cc 7a0d84665b1f4a1288833aa07236b752 e5697475b2504714a97ee12d834598e3 - - default default] Successfully bumped revision number for resource 90c56c30-a7ef-4ae0-aaf4-b65c0c1e0de6 (type: security_group_rules) to 0
2026-07-02 11:14:47.220 9 INFO neutron.db.ovn_revision_numbers_db [None req-a7bd8f5a-b3c4-4d21-8c27-2c92ae8b71cc 7a0d84665b1f4a1288833aa07236b752 e5697475b2504714a97ee12d834598e3 - - default default] Successfully bumped revision number for resource e5e1310f-492b-496f-8939-f09e5dbced0d (type: security_group_rules) to 0
2026-07-02 11:14:47.239 9 INFO neutron.db.ovn_revision_numbers_db [None req-a7bd8f5a-b3c4-4d21-8c27-2c92ae8b71cc 7a0d84665b1f4a1288833aa07236b752 e5697475b2504714a97ee12d834598e3 - - default default] Successfully bumped revision number for resource fe644b54-c917-4449-95db-ab65a4a1d3d5 (type: security_group_rules) to 0
2026-07-02 11:14:47.271 9 INFO neutron.wsgi [None req-a7bd8f5a-b3c4-4d21-8c27-2c92ae8b71cc 7a0d84665b1f4a1288833aa07236b752 e5697475b2504714a97ee12d834598e3 - - default default] 10.0.0.226 "GET /v2.0/security-groups?tenant_id=6cd98034b18f486095157ff3bb332896&name=default HTTP/1.1" status: 200 len: 2996 time: 0.5654433
2026-07-02 11:14:47.538 10 INFO neutron.wsgi [None req-d00f2347-c7f6-4994-919e-1bade183af66 7a0d84665b1f4a1288833aa07236b752 e5697475b2504714a97ee12d834598e3 - - default default] 10.0.0.226 "DELETE /v2.0/security-groups/10f13adf-c1ca-40ff-acc9-617df41d8c61 HTTP/1.1" status: 204 len: 168 time: 0.2610700
2026-07-02 11:14:47.696 9 INFO neutron.db.l3_db [None req-bd2853b0-d0a4-422b-86e5-b4dd9fb8f209 e49a1976f7bc4dddae090d7693a971f2 883d50faa6d84a6abaac6685462cad0f - - default default] Floating IP 389b2bc5-8f99-4428-b8c5-6c92f87b066e associated. External IP: 10.96.250.217, port: 56116d6b-824e-41d0-b468-05e914896e00.
2026-07-02 11:14:47.925 9 INFO neutron.db.ovn_revision_numbers_db [None req-bd2853b0-d0a4-422b-86e5-b4dd9fb8f209 e49a1976f7bc4dddae090d7693a971f2 883d50faa6d84a6abaac6685462cad0f - - default default] Successfully bumped revision number for resource 389b2bc5-8f99-4428-b8c5-6c92f87b066e (type: floatingips) to 0
2026-07-02 11:14:48.097 9 WARNING neutron.plugins.ml2.drivers.ovn.mech_driver.ovsdb.ovn_client [None req-f0f4474f-9443-442f-977a-be7ca271417b - - - - - -] No hosting information found for port 5e2bc05e-0255-4347-acae-f9904e6b9415: RuntimeError: No hosting information found for port 5e2bc05e-0255-4347-acae-f9904e6b9415
2026-07-02 11:14:48.110 9 INFO neutron.db.ovn_revision_numbers_db [None req-bd2853b0-d0a4-422b-86e5-b4dd9fb8f209 e49a1976f7bc4dddae090d7693a971f2 883d50faa6d84a6abaac6685462cad0f - - default default] Successfully bumped revision number for resource 389b2bc5-8f99-4428-b8c5-6c92f87b066e (type: floatingips) to 1
2026-07-02 11:14:48.171 9 INFO neutron.wsgi [None req-bd2853b0-d0a4-422b-86e5-b4dd9fb8f209 e49a1976f7bc4dddae090d7693a971f2 883d50faa6d84a6abaac6685462cad0f - - default default] 10.0.0.226 "POST /v2.0/floatingips HTTP/1.1" status: 201 len: 1042 time: 1.3956182
2026-07-02 11:14:48.219 9 INFO neutron.wsgi [None req-610daa91-4a57-4dd8-98c2-695f6f8e8493 e49a1976f7bc4dddae090d7693a971f2 883d50faa6d84a6abaac6685462cad0f - - default default] 10.0.0.226 "GET /v2.0/floatingips/389b2bc5-8f99-4428-b8c5-6c92f87b066e HTTP/1.1" status: 200 len: 1039 time: 0.0435112
2026-07-02 11:14:48.303 9 INFO neutron.wsgi [None req-641c0fd4-4aef-4b08-b36e-53eea5a2aa14 e49a1976f7bc4dddae090d7693a971f2 883d50faa6d84a6abaac6685462cad0f - - default default] 10.0.0.226 "GET /v2.0/floatingips HTTP/1.1" status: 200 len: 1042 time: 0.0734591
2026-07-02 11:14:48.631 9 INFO neutron.db.l3_db [None req-f08e4a0f-a8e5-44df-a4de-dc6f6997f157 e49a1976f7bc4dddae090d7693a971f2 883d50faa6d84a6abaac6685462cad0f - - default default] Floating IP 389b2bc5-8f99-4428-b8c5-6c92f87b066e associated. External IP: 10.96.250.217, port: 56116d6b-824e-41d0-b468-05e914896e00.
2026-07-02 11:14:48.865 9 INFO neutron.db.ovn_revision_numbers_db [None req-f08e4a0f-a8e5-44df-a4de-dc6f6997f157 e49a1976f7bc4dddae090d7693a971f2 883d50faa6d84a6abaac6685462cad0f - - default default] Successfully bumped revision number for resource 389b2bc5-8f99-4428-b8c5-6c92f87b066e (type: floatingips) to 2
2026-07-02 11:14:49.204 9 INFO neutron.db.ovn_revision_numbers_db [None req-f08e4a0f-a8e5-44df-a4de-dc6f6997f157 e49a1976f7bc4dddae090d7693a971f2 883d50faa6d84a6abaac6685462cad0f - - default default] Successfully bumped revision number for resource 389b2bc5-8f99-4428-b8c5-6c92f87b066e (type: floatingips) to 2
2026-07-02 11:14:49.245 9 INFO neutron.wsgi [None req-f08e4a0f-a8e5-44df-a4de-dc6f6997f157 e49a1976f7bc4dddae090d7693a971f2 883d50faa6d84a6abaac6685462cad0f - - default default] 10.0.0.226 "PUT /v2.0/floatingips/389b2bc5-8f99-4428-b8c5-6c92f87b066e HTTP/1.1" status: 200 len: 1038 time: 0.9352579
2026-07-02 11:14:49.405 9 INFO neutron.db.l3_db [None req-0a56b747-e3e9-4b73-a3de-f42a3b3ca04f e49a1976f7bc4dddae090d7693a971f2 883d50faa6d84a6abaac6685462cad0f - - default default] Floating IP 389b2bc5-8f99-4428-b8c5-6c92f87b066e disassociated. External IP: 10.96.250.217, port: 2bbb9b09-2b0e-4a8e-9592-51b4bce7ebf4.
2026-07-02 11:14:49.452 9 INFO neutron.db.ovn_revision_numbers_db [None req-0a56b747-e3e9-4b73-a3de-f42a3b3ca04f e49a1976f7bc4dddae090d7693a971f2 883d50faa6d84a6abaac6685462cad0f - - default default] Successfully bumped revision number for resource 389b2bc5-8f99-4428-b8c5-6c92f87b066e (type: floatingips) to 3
2026-07-02 11:14:49.545 9 INFO neutron.wsgi [None req-0a56b747-e3e9-4b73-a3de-f42a3b3ca04f e49a1976f7bc4dddae090d7693a971f2 883d50faa6d84a6abaac6685462cad0f - - default default] 10.0.0.226 "PUT /v2.0/floatingips/389b2bc5-8f99-4428-b8c5-6c92f87b066e HTTP/1.1" status: 200 len: 748 time: 0.2947533 /var/lib/openstack/lib/python3.10/site-packages/pycadf/identifier.py:71: UserWarning: Invalid uuid: neutron. To ensure interoperability, identifiers should be a valid uuid. warnings.warn(('Invalid uuid: %s. To ensure interoperability, '
2026-07-02 11:14:49.648 10 WARNING neutron_lib.context [None req-6e8c9ee1-7460-4396-8faa-6ebf35a62674 bd95cf363d424b30a09b18e38e510067 9c4b79f6197f484695383e0833f3c492 - - default default] Method 'is_advsvc' is deprecated since 2023.2 release (neutron-lib 3.8.0) and will be removed once support for the old RBAC API policies will be removed from Neutron. Please use method 'is_service_role' instead.
2026-07-02 11:14:49.833 10 INFO neutron.db.ovn_revision_numbers_db [None req-6e8c9ee1-7460-4396-8faa-6ebf35a62674 bd95cf363d424b30a09b18e38e510067 9c4b79f6197f484695383e0833f3c492 - - default default] Successfully bumped revision number for resource 57cd401a-5ac2-4bf8-809c-c9eac2cd3e18 (type: security_groups) to 1
2026-07-02 11:14:49.855 10 INFO neutron.db.ovn_revision_numbers_db [None req-6e8c9ee1-7460-4396-8faa-6ebf35a62674 bd95cf363d424b30a09b18e38e510067 9c4b79f6197f484695383e0833f3c492 - - default default] Successfully bumped revision number for resource 5acc189f-89ca-4d36-8631-973f91e2c974 (type: security_group_rules) to 0
2026-07-02 11:14:49.883 10 INFO neutron.db.ovn_revision_numbers_db [None req-6e8c9ee1-7460-4396-8faa-6ebf35a62674 bd95cf363d424b30a09b18e38e510067 9c4b79f6197f484695383e0833f3c492 - - default default] Successfully bumped revision number for resource 689f3935-51b0-4199-80ee-0587a9f1c0ef (type: security_group_rules) to 0
2026-07-02 11:14:49.922 10 INFO neutron.db.ovn_revision_numbers_db [None req-6e8c9ee1-7460-4396-8faa-6ebf35a62674 bd95cf363d424b30a09b18e38e510067 9c4b79f6197f484695383e0833f3c492 - - default default] Successfully bumped revision number for resource 972a53ec-15f6-44c6-810e-6e1fd09121ed (type: security_group_rules) to 0
2026-07-02 11:14:49.947 9 INFO neutron.wsgi [None req-091ac274-a863-4547-a151-417f71c2e6c2 e49a1976f7bc4dddae090d7693a971f2 883d50faa6d84a6abaac6685462cad0f - - default default] 10.0.0.226 "DELETE /v2.0/floatingips/389b2bc5-8f99-4428-b8c5-6c92f87b066e HTTP/1.1" status: 204 len: 168 time: 0.3970895
2026-07-02 11:14:49.948 10 INFO neutron.db.ovn_revision_numbers_db [None req-6e8c9ee1-7460-4396-8faa-6ebf35a62674 bd95cf363d424b30a09b18e38e510067 9c4b79f6197f484695383e0833f3c492 - - default default] Successfully bumped revision number for resource 9a0ef178-294f-490d-8af7-a4a66a4aafe2 (type: security_group_rules) to 0
2026-07-02 11:14:49.979 9 INFO neutron.api.v2.resource [None req-e087b9ad-91bc-4d37-b377-736f9d6eef8b e49a1976f7bc4dddae090d7693a971f2 883d50faa6d84a6abaac6685462cad0f - - default default] delete failed (client error): The resource could not be found.
2026-07-02 11:14:49.980 9 INFO neutron.wsgi [None req-e087b9ad-91bc-4d37-b377-736f9d6eef8b e49a1976f7bc4dddae090d7693a971f2 883d50faa6d84a6abaac6685462cad0f - - default default] 10.0.0.226 "DELETE /v2.0/floatingips/389b2bc5-8f99-4428-b8c5-6c92f87b066e HTTP/1.1" status: 404 len: 345 time: 0.0278306
2026-07-02 11:14:50.004 10 INFO neutron.db.segments_db [None req-6e8c9ee1-7460-4396-8faa-6ebf35a62674 bd95cf363d424b30a09b18e38e510067 9c4b79f6197f484695383e0833f3c492 - - default default] Added segment cee87584-389a-43fa-8ae1-5ab79f30cfc5 of type geneve for network d2e34ab1-fc98-45f0-8393-30d6518c5af2
2026-07-02 11:14:50.200 10 INFO neutron.db.ovn_revision_numbers_db [None req-6e8c9ee1-7460-4396-8faa-6ebf35a62674 bd95cf363d424b30a09b18e38e510067 9c4b79f6197f484695383e0833f3c492 - - default default] Successfully bumped revision number for resource d2e34ab1-fc98-45f0-8393-30d6518c5af2 (type: networks) to 1
2026-07-02 11:14:50.394 9 INFO neutron.wsgi [None req-18621c8f-f1b6-4b1d-bc1e-146e8d0751c8 e49a1976f7bc4dddae090d7693a971f2 883d50faa6d84a6abaac6685462cad0f - - default default] 10.0.0.226 "DELETE /v2.0/ports/2bbb9b09-2b0e-4a8e-9592-51b4bce7ebf4 HTTP/1.1" status: 204 len: 168 time: 0.4057086
2026-07-02 11:14:50.413 10 WARNING neutron.scheduler.dhcp_agent_scheduler [None req-6e8c9ee1-7460-4396-8faa-6ebf35a62674 bd95cf363d424b30a09b18e38e510067 9c4b79f6197f484695383e0833f3c492 - - default default] No more DHCP agents
2026-07-02 11:14:50.416 10 WARNING neutron.api.rpc.agentnotifiers.dhcp_rpc_agent_api [None req-6e8c9ee1-7460-4396-8faa-6ebf35a62674 bd95cf363d424b30a09b18e38e510067 9c4b79f6197f484695383e0833f3c492 - - default default] Unable to schedule network d2e34ab1-fc98-45f0-8393-30d6518c5af2: no agents available; will retry on subsequent port and subnet creation events.
2026-07-02 11:14:50.516 10 INFO neutron.db.ovn_revision_numbers_db [None req-6e8c9ee1-7460-4396-8faa-6ebf35a62674 bd95cf363d424b30a09b18e38e510067 9c4b79f6197f484695383e0833f3c492 - - default default] Successfully bumped revision number for resource d6b001b7-7d5a-44fa-a0ef-1aaab9eb5c69 (type: ports) to 1
2026-07-02 11:14:50.553 10 INFO neutron.wsgi [None req-6e8c9ee1-7460-4396-8faa-6ebf35a62674 bd95cf363d424b30a09b18e38e510067 9c4b79f6197f484695383e0833f3c492 - - default default] 10.0.0.226 "POST /v2.0/networks HTTP/1.1" status: 201 len: 847 time: 1.0550177
