2026-07-02 11:16:24.249 10 INFO neutron.db.ovn_revision_numbers_db [None req-795a05aa-1df4-47ef-b47a-a7fb788c44d3 49bbfea4ad2f461489106c0b8b913bd7 98ec112854d4458798efd6c8b4ee493b - - default default] Successfully bumped revision number for resource 01de1f01-f403-457d-85a7-d2721f75e140 (type: networks) to 1
2026-07-02 11:16:24.476 10 WARNING neutron.scheduler.dhcp_agent_scheduler [None req-4bfa96ff-4775-4d5a-bef7-4e9fdfce6c9e 7a0d84665b1f4a1288833aa07236b752 e5697475b2504714a97ee12d834598e3 - - default default] No more DHCP agents
2026-07-02 11:16:24.479 10 WARNING neutron.api.rpc.agentnotifiers.dhcp_rpc_agent_api [None req-4bfa96ff-4775-4d5a-bef7-4e9fdfce6c9e 7a0d84665b1f4a1288833aa07236b752 e5697475b2504714a97ee12d834598e3 - - default default] Unable to schedule network cfbefdd0-4684-4ff6-ba49-e5f2a3c5bfd9: no agents available; will retry on subsequent port and subnet creation events.
2026-07-02 11:16:24.484 10 WARNING neutron.scheduler.dhcp_agent_scheduler [None req-795a05aa-1df4-47ef-b47a-a7fb788c44d3 49bbfea4ad2f461489106c0b8b913bd7 98ec112854d4458798efd6c8b4ee493b - - default default] No more DHCP agents
2026-07-02 11:16:24.492 10 WARNING neutron.api.rpc.agentnotifiers.dhcp_rpc_agent_api [None req-795a05aa-1df4-47ef-b47a-a7fb788c44d3 49bbfea4ad2f461489106c0b8b913bd7 98ec112854d4458798efd6c8b4ee493b - - default default] Unable to schedule network 01de1f01-f403-457d-85a7-d2721f75e140: no agents available; will retry on subsequent port and subnet creation events.
2026-07-02 11:16:24.618 10 INFO neutron.db.ovn_revision_numbers_db [None req-4bfa96ff-4775-4d5a-bef7-4e9fdfce6c9e 7a0d84665b1f4a1288833aa07236b752 e5697475b2504714a97ee12d834598e3 - - default default] Successfully bumped revision number for resource f5b357e4-3549-4141-bbfe-b26a0bd631fa (type: ports) to 1
2026-07-02 11:16:24.623 10 INFO neutron.db.ovn_revision_numbers_db [None req-795a05aa-1df4-47ef-b47a-a7fb788c44d3 49bbfea4ad2f461489106c0b8b913bd7 98ec112854d4458798efd6c8b4ee493b - - default default] Successfully bumped revision number for resource 8f021f68-e3f7-4b87-a4ff-f94bf382d30a (type: ports) to 1
2026-07-02 11:16:24.647 10 INFO neutron.wsgi [None req-4bfa96ff-4775-4d5a-bef7-4e9fdfce6c9e 7a0d84665b1f4a1288833aa07236b752 e5697475b2504714a97ee12d834598e3 - - default default] 10.0.0.226 "POST /v2.0/networks HTTP/1.1" status: 201 len: 943 time: 1.1353233
2026-07-02 11:16:24.650 10 INFO neutron.wsgi [None req-795a05aa-1df4-47ef-b47a-a7fb788c44d3 49bbfea4ad2f461489106c0b8b913bd7 98ec112854d4458798efd6c8b4ee493b - - default default] 10.0.0.226 "POST /v2.0/networks HTTP/1.1" status: 201 len: 838 time: 1.2016866
2026-07-02 11:16:24.663 9 WARNING neutron_lib.context [None req-08839988-4804-4b3a-8507-2c50627f3e70 49bbfea4ad2f461489106c0b8b913bd7 98ec112854d4458798efd6c8b4ee493b - - default default] Method 'is_advsvc' is deprecated since 2023.2 release (neutron-lib 3.8.0) and will be removed once support for the old RBAC API policies will be removed from Neutron. Please use method 'is_service_role' instead.
2026-07-02 11:16:24.682 9 WARNING neutron_lib.context [None req-9a2ed034-3f5a-42ab-8d1f-bb862d05f5e1 3dd14277d97d4d49b7c6fd13d6beaa37 b917657dbd5b41f5aa29182540960ff2 - - default default] Method 'is_advsvc' is deprecated since 2023.2 release (neutron-lib 3.8.0) and will be removed once support for the old RBAC API policies will be removed from Neutron. Please use method 'is_service_role' instead.
2026-07-02 11:16:24.815 10 WARNING neutron.scheduler.dhcp_agent_scheduler [None req-f1872111-33a8-4a21-8db4-96cc644fb28c 7a0d84665b1f4a1288833aa07236b752 e5697475b2504714a97ee12d834598e3 - - default default] No more DHCP agents
2026-07-02 11:16:24.821 10 WARNING neutron.api.rpc.agentnotifiers.dhcp_rpc_agent_api [None req-f1872111-33a8-4a21-8db4-96cc644fb28c 7a0d84665b1f4a1288833aa07236b752 e5697475b2504714a97ee12d834598e3 - - default default] Unable to schedule network cfbefdd0-4684-4ff6-ba49-e5f2a3c5bfd9: no agents available; will retry on subsequent port and subnet creation events.
2026-07-02 11:16:24.872 9 INFO neutron.db.ovn_revision_numbers_db [None req-9a2ed034-3f5a-42ab-8d1f-bb862d05f5e1 3dd14277d97d4d49b7c6fd13d6beaa37 b917657dbd5b41f5aa29182540960ff2 - - default default] Successfully bumped revision number for resource 1e3ce4a2-8eae-4e53-a12c-245961ec59d5 (type: security_groups) to 1
2026-07-02 11:16:24.895 9 INFO neutron.db.ovn_revision_numbers_db [None req-9a2ed034-3f5a-42ab-8d1f-bb862d05f5e1 3dd14277d97d4d49b7c6fd13d6beaa37 b917657dbd5b41f5aa29182540960ff2 - - default default] Successfully bumped revision number for resource 65803478-53c6-4baf-a021-0f451deec2b7 (type: security_group_rules) to 0
2026-07-02 11:16:24.920 9 INFO neutron.db.ovn_revision_numbers_db [None req-9a2ed034-3f5a-42ab-8d1f-bb862d05f5e1 3dd14277d97d4d49b7c6fd13d6beaa37 b917657dbd5b41f5aa29182540960ff2 - - default default] Successfully bumped revision number for resource d98aaa03-243d-4b10-a00e-058066d52529 (type: security_group_rules) to 0
2026-07-02 11:16:24.954 9 INFO neutron.wsgi [None req-9a2ed034-3f5a-42ab-8d1f-bb862d05f5e1 3dd14277d97d4d49b7c6fd13d6beaa37 b917657dbd5b41f5aa29182540960ff2 - - default default] 10.0.0.226 "POST /v2.0/security-groups HTTP/1.1" status: 201 len: 1796 time: 0.2790158
2026-07-02 11:16:24.967 9 WARNING neutron_lib.context [None req-fb73580e-83fe-42fb-9c9d-99a15c74555e 3dd14277d97d4d49b7c6fd13d6beaa37 b917657dbd5b41f5aa29182540960ff2 - - default default] Method 'is_advsvc' is deprecated since 2023.2 release (neutron-lib 3.8.0) and will be removed once support for the old RBAC API policies will be removed from Neutron. Please use method 'is_service_role' instead.
2026-07-02 11:16:24.976 9 WARNING neutron.scheduler.dhcp_agent_scheduler [None req-08839988-4804-4b3a-8507-2c50627f3e70 49bbfea4ad2f461489106c0b8b913bd7 98ec112854d4458798efd6c8b4ee493b - - default default] No more DHCP agents
2026-07-02 11:16:24.980 9 WARNING neutron.api.rpc.agentnotifiers.dhcp_rpc_agent_api [None req-08839988-4804-4b3a-8507-2c50627f3e70 49bbfea4ad2f461489106c0b8b913bd7 98ec112854d4458798efd6c8b4ee493b - - default default] Unable to schedule network 01de1f01-f403-457d-85a7-d2721f75e140: no agents available; will retry on subsequent port and subnet creation events.
2026-07-02 11:16:25.191 9 INFO neutron.db.ovn_revision_numbers_db [None req-fb73580e-83fe-42fb-9c9d-99a15c74555e 3dd14277d97d4d49b7c6fd13d6beaa37 b917657dbd5b41f5aa29182540960ff2 - - default default] Successfully bumped revision number for resource b94898e7-9568-441e-9323-1b6018e83df4 (type: security_group_rules) to 0
2026-07-02 11:16:25.227 9 INFO neutron.wsgi [None req-fb73580e-83fe-42fb-9c9d-99a15c74555e 3dd14277d97d4d49b7c6fd13d6beaa37 b917657dbd5b41f5aa29182540960ff2 - - default default] 10.0.0.226 "POST /v2.0/security-group-rules HTTP/1.1" status: 201 len: 764 time: 0.2663505
2026-07-02 11:16:25.249 9 WARNING neutron_lib.context [None req-1f490c10-9e2a-4921-a0a0-954293f151cd 3dd14277d97d4d49b7c6fd13d6beaa37 b917657dbd5b41f5aa29182540960ff2 - - default default] Method 'is_advsvc' is deprecated since 2023.2 release (neutron-lib 3.8.0) and will be removed once support for the old RBAC API policies will be removed from Neutron. Please use method 'is_service_role' instead.
2026-07-02 11:16:25.439 9 INFO neutron.db.ovn_revision_numbers_db [None req-1f490c10-9e2a-4921-a0a0-954293f151cd 3dd14277d97d4d49b7c6fd13d6beaa37 b917657dbd5b41f5aa29182540960ff2 - - default default] Successfully bumped revision number for resource 0d6ac7e2-e6bf-4634-b7b9-0404b8fa47af (type: security_group_rules) to 0
2026-07-02 11:16:25.494 9 INFO neutron.wsgi [None req-1f490c10-9e2a-4921-a0a0-954293f151cd 3dd14277d97d4d49b7c6fd13d6beaa37 b917657dbd5b41f5aa29182540960ff2 - - default default] 10.0.0.226 "POST /v2.0/security-group-rules HTTP/1.1" status: 201 len: 769 time: 0.2517130
2026-07-02 11:16:25.505 9 WARNING neutron_lib.context [None req-4c95c8e2-d2ff-4b59-bab4-e3ff42065db7 3dd14277d97d4d49b7c6fd13d6beaa37 b917657dbd5b41f5aa29182540960ff2 - - default default] Method 'is_advsvc' is deprecated since 2023.2 release (neutron-lib 3.8.0) and will be removed once support for the old RBAC API policies will be removed from Neutron. Please use method 'is_service_role' instead.
2026-07-02 11:16:25.563 10 INFO neutron.db.ovn_revision_numbers_db [None req-f1872111-33a8-4a21-8db4-96cc644fb28c 7a0d84665b1f4a1288833aa07236b752 e5697475b2504714a97ee12d834598e3 - - default default] Successfully bumped revision number for resource f5b357e4-3549-4141-bbfe-b26a0bd631fa (type: ports) to 2
2026-07-02 11:16:25.602 10 INFO neutron.db.ovn_revision_numbers_db [None req-f1872111-33a8-4a21-8db4-96cc644fb28c 7a0d84665b1f4a1288833aa07236b752 e5697475b2504714a97ee12d834598e3 - - default default] Successfully bumped revision number for resource 7f86706a-9be9-401a-bc4e-8053c80bc2de (type: subnets) to 0
2026-07-02 11:16:25.622 10 INFO neutron.wsgi [None req-f1872111-33a8-4a21-8db4-96cc644fb28c 7a0d84665b1f4a1288833aa07236b752 e5697475b2504714a97ee12d834598e3 - - default default] 10.0.0.226 "POST /v2.0/subnets HTTP/1.1" status: 201 len: 863 time: 0.9701014
2026-07-02 11:16:25.683 9 INFO neutron.db.ovn_revision_numbers_db [None req-08839988-4804-4b3a-8507-2c50627f3e70 49bbfea4ad2f461489106c0b8b913bd7 98ec112854d4458798efd6c8b4ee493b - - default default] Successfully bumped revision number for resource 8f021f68-e3f7-4b87-a4ff-f94bf382d30a (type: ports) to 2
2026-07-02 11:16:25.740 9 INFO neutron.db.ovn_revision_numbers_db [None req-08839988-4804-4b3a-8507-2c50627f3e70 49bbfea4ad2f461489106c0b8b913bd7 98ec112854d4458798efd6c8b4ee493b - - default default] Successfully bumped revision number for resource b7b3d8b0-c0e1-4e81-823c-a661c93e6d12 (type: subnets) to 0
2026-07-02 11:16:25.766 9 INFO neutron.wsgi [None req-08839988-4804-4b3a-8507-2c50627f3e70 49bbfea4ad2f461489106c0b8b913bd7 98ec112854d4458798efd6c8b4ee493b - - default default] 10.0.0.226 "POST /v2.0/subnets HTTP/1.1" status: 201 len: 832 time: 1.1102381
2026-07-02 11:16:25.828 9 INFO neutron.wsgi [None req-d54e1638-9022-4364-931c-3f7cf04806f4 e2e452cc4d314b55b302ad511b8afe11 899647fcdbfc4d9cb3452d9ea455da17 - - default default] 10.0.0.226 "GET /v2.0/subnetpools?name=shared-default-subnetpool-v6 HTTP/1.1" status: 200 len: 212 time: 0.0567048
2026-07-02 11:16:25.841 9 WARNING neutron_lib.context [None req-fc55f1d7-ffdb-4afa-b8bc-c0bdc1364308 49bbfea4ad2f461489106c0b8b913bd7 98ec112854d4458798efd6c8b4ee493b - - default default] Method 'is_advsvc' is deprecated since 2023.2 release (neutron-lib 3.8.0) and will be removed once support for the old RBAC API policies will be removed from Neutron. Please use method 'is_service_role' instead.
2026-07-02 11:16:25.889 9 WARNING neutron.scheduler.dhcp_agent_scheduler [None req-4c95c8e2-d2ff-4b59-bab4-e3ff42065db7 3dd14277d97d4d49b7c6fd13d6beaa37 b917657dbd5b41f5aa29182540960ff2 - - default default] No more DHCP agents
2026-07-02 11:16:25.893 9 WARNING neutron.api.rpc.agentnotifiers.dhcp_rpc_agent_api [None req-4c95c8e2-d2ff-4b59-bab4-e3ff42065db7 3dd14277d97d4d49b7c6fd13d6beaa37 b917657dbd5b41f5aa29182540960ff2 - - default default] Unable to schedule network 7ab611bf-5fa1-4e32-a42d-9946d7bcf78a: no agents available; will retry on subsequent port and subnet creation events.
2026-07-02 11:16:26.132 10 WARNING neutron.scheduler.dhcp_agent_scheduler [None req-9d3f72a1-9968-44db-a01f-e972e68348a7 7a0d84665b1f4a1288833aa07236b752 e5697475b2504714a97ee12d834598e3 - - default default] No more DHCP agents
2026-07-02 11:16:26.135 10 WARNING neutron.api.rpc.agentnotifiers.dhcp_rpc_agent_api [None req-9d3f72a1-9968-44db-a01f-e972e68348a7 7a0d84665b1f4a1288833aa07236b752 e5697475b2504714a97ee12d834598e3 - - default default] Unable to schedule network 7ab611bf-5fa1-4e32-a42d-9946d7bcf78a: no agents available; will retry on subsequent port and subnet creation events.
2026-07-02 11:16:26.205 9 WARNING neutron.scheduler.dhcp_agent_scheduler [None req-fc55f1d7-ffdb-4afa-b8bc-c0bdc1364308 49bbfea4ad2f461489106c0b8b913bd7 98ec112854d4458798efd6c8b4ee493b - - default default] No more DHCP agents
2026-07-02 11:16:26.207 9 WARNING neutron.api.rpc.agentnotifiers.dhcp_rpc_agent_api [None req-fc55f1d7-ffdb-4afa-b8bc-c0bdc1364308 49bbfea4ad2f461489106c0b8b913bd7 98ec112854d4458798efd6c8b4ee493b - - default default] Unable to schedule network 01de1f01-f403-457d-85a7-d2721f75e140: no agents available; will retry on subsequent port and subnet creation events.
2026-07-02 11:16:26.275 9 INFO neutron.db.ovn_revision_numbers_db [None req-fc55f1d7-ffdb-4afa-b8bc-c0bdc1364308 49bbfea4ad2f461489106c0b8b913bd7 98ec112854d4458798efd6c8b4ee493b - - default default] Successfully bumped revision number for resource 0ad7e4ea-a5d2-4ca2-8798-a747b7768481 (type: subnets) to 0
2026-07-02 11:16:26.298 10 INFO neutron.db.ovn_revision_numbers_db [None req-9d3f72a1-9968-44db-a01f-e972e68348a7 7a0d84665b1f4a1288833aa07236b752 e5697475b2504714a97ee12d834598e3 - - default default] Successfully bumped revision number for resource 10f44eff-e5ba-4eb8-85a3-8b795b96ec20 (type: ports) to 1
2026-07-02 11:16:26.306 9 INFO neutron.wsgi [None req-fc55f1d7-ffdb-4afa-b8bc-c0bdc1364308 49bbfea4ad2f461489106c0b8b913bd7 98ec112854d4458798efd6c8b4ee493b - - default default] 10.0.0.226 "POST /v2.0/subnets HTTP/1.1" status: 201 len: 907 time: 0.4724085
2026-07-02 11:16:26.319 9 WARNING neutron_lib.context [None req-0a8fba12-7076-4e41-9dd7-0d7306c90ebd 49bbfea4ad2f461489106c0b8b913bd7 98ec112854d4458798efd6c8b4ee493b - - default default] Method 'is_advsvc' is deprecated since 2023.2 release (neutron-lib 3.8.0) and will be removed once support for the old RBAC API policies will be removed from Neutron. Please use method 'is_service_role' instead.
2026-07-02 11:16:26.369 9 INFO neutron.db.ovn_revision_numbers_db [None req-4c95c8e2-d2ff-4b59-bab4-e3ff42065db7 3dd14277d97d4d49b7c6fd13d6beaa37 b917657dbd5b41f5aa29182540960ff2 - - default default] Successfully bumped revision number for resource 68f433f9-0c31-47f5-9e08-ccfb1e87d161 (type: floatingips) to 0
2026-07-02 11:16:26.381 9 INFO neutron.wsgi [None req-4c95c8e2-d2ff-4b59-bab4-e3ff42065db7 3dd14277d97d4d49b7c6fd13d6beaa37 b917657dbd5b41f5aa29182540960ff2 - - default default] 10.0.0.226 "POST /v2.0/floatingips HTTP/1.1" status: 201 len: 751 time: 0.8816535
2026-07-02 11:16:26.411 9 INFO neutron.db.segments_db [None req-0a8fba12-7076-4e41-9dd7-0d7306c90ebd 49bbfea4ad2f461489106c0b8b913bd7 98ec112854d4458798efd6c8b4ee493b - - default default] Added segment 1c10838a-1673-4bd6-8dbc-ea8e6c923182 of type geneve for network 746e2fad-9601-45f2-8411-da596206b535
2026-07-02 11:16:26.540 9 INFO neutron.wsgi [req-821f9ff9-c155-4fcb-a2b5-53d038c0fce5 req-68c74b61-38e2-4cbd-bca7-3b92e2aab143 3dd14277d97d4d49b7c6fd13d6beaa37 b917657dbd5b41f5aa29182540960ff2 - - default default] 10.0.0.213 "GET /v2.0/security-groups?name=tempest-secgroup-smoke-829257165&fields=id&tenant_id=b917657dbd5b41f5aa29182540960ff2 HTTP/1.1" status: 200 len: 267 time: 0.0732553
2026-07-02 11:16:26.585 10 WARNING neutron.plugins.ml2.drivers.ovn.mech_driver.ovsdb.ovn_client [None req-ea9a8882-9117-4139-94f2-b1bc3ff8c035 - - - - - -] No hosting information found for port dd4a1c9d-6a6d-4abf-bc4f-15540075fb18: RuntimeError: No hosting information found for port dd4a1c9d-6a6d-4abf-bc4f-15540075fb18
2026-07-02 11:16:26.618 9 INFO neutron.wsgi [req-821f9ff9-c155-4fcb-a2b5-53d038c0fce5 req-cea6e37f-ea74-4b65-9896-b4742ede4047 3dd14277d97d4d49b7c6fd13d6beaa37 b917657dbd5b41f5aa29182540960ff2 - - default default] 10.0.0.213 "GET /v2.0/security-groups?name=tempest-securitygroup--1549665221&fields=id&tenant_id=b917657dbd5b41f5aa29182540960ff2 HTTP/1.1" status: 200 len: 267 time: 0.0653224
2026-07-02 11:16:26.619 9 INFO neutron.db.ovn_revision_numbers_db [None req-0a8fba12-7076-4e41-9dd7-0d7306c90ebd 49bbfea4ad2f461489106c0b8b913bd7 98ec112854d4458798efd6c8b4ee493b - - default default] Successfully bumped revision number for resource 746e2fad-9601-45f2-8411-da596206b535 (type: networks) to 1
2026-07-02 11:16:26.801 9 INFO neutron.wsgi [req-821f9ff9-c155-4fcb-a2b5-53d038c0fce5 req-3410273a-0d44-45ad-b3fb-0a2a7e92c334 3dd14277d97d4d49b7c6fd13d6beaa37 b917657dbd5b41f5aa29182540960ff2 - - default default] 10.0.0.213 "GET /v2.0/networks?id=76908eb0-9201-49b8-b484-14ddbfc38bc5 HTTP/1.1" status: 200 len: 871 time: 0.1662893
2026-07-02 11:16:26.821 9 INFO neutron.wsgi [req-821f9ff9-c155-4fcb-a2b5-53d038c0fce5 req-a5215be4-5be3-4e4c-8246-1843082953fe 3dd14277d97d4d49b7c6fd13d6beaa37 b917657dbd5b41f5aa29182540960ff2 - - default default] 10.0.0.213 "GET /v2.0/quotas/b917657dbd5b41f5aa29182540960ff2 HTTP/1.1" status: 200 len: 386 time: 0.0119512
2026-07-02 11:16:26.887 9 INFO neutron.plugins.ml2.drivers.ovn.mech_driver.mech_driver [None req-f0f4474f-9443-442f-977a-be7ca271417b - - - - - -] OVN reports status up for port: 10f44eff-e5ba-4eb8-85a3-8b795b96ec20
2026-07-02 11:16:26.888 9 INFO neutron.plugins.ml2.drivers.ovn.mech_driver.ovsdb.ovsdb_monitor [None req-436d797e-82c1-4c69-8bab-93027c73f85e - - - - - -] Router 3feb7cdd-149f-43a0-a7d7-464bafd3acc4 is bound to host instance
2026-07-02 11:16:26.905 10 INFO neutron.db.ovn_revision_numbers_db [None req-9d3f72a1-9968-44db-a01f-e972e68348a7 7a0d84665b1f4a1288833aa07236b752 e5697475b2504714a97ee12d834598e3 - - default default] Successfully bumped revision number for resource 10f44eff-e5ba-4eb8-85a3-8b795b96ec20 (type: router_ports) to 1
2026-07-02 11:16:26.916 9 INFO neutron.plugins.ml2.plugin [None req-f0f4474f-9443-442f-977a-be7ca271417b - - - - - -] Attempt 1 to provision port 10f44eff-e5ba-4eb8-85a3-8b795b96ec20
2026-07-02 11:16:26.982 10 INFO neutron.db.ovn_revision_numbers_db [None req-9d3f72a1-9968-44db-a01f-e972e68348a7 7a0d84665b1f4a1288833aa07236b752 e5697475b2504714a97ee12d834598e3 - - default default] Successfully bumped revision number for resource 3feb7cdd-149f-43a0-a7d7-464bafd3acc4 (type: routers) to 2
2026-07-02 11:16:26.999 10 INFO neutron.wsgi [None req-9d3f72a1-9968-44db-a01f-e972e68348a7 7a0d84665b1f4a1288833aa07236b752 e5697475b2504714a97ee12d834598e3 - - default default] 10.0.0.226 "POST /v2.0/routers HTTP/1.1" status: 201 len: 874 time: 1.3655815
2026-07-02 11:16:27.355 9 WARNING neutron.scheduler.dhcp_agent_scheduler [None req-0a8fba12-7076-4e41-9dd7-0d7306c90ebd 49bbfea4ad2f461489106c0b8b913bd7 98ec112854d4458798efd6c8b4ee493b - - default default] No more DHCP agents
2026-07-02 11:16:27.362 9 INFO neutron.wsgi [req-821f9ff9-c155-4fcb-a2b5-53d038c0fce5 req-64ff6f34-6b38-4beb-a537-1bc4a6bc6533 3dd14277d97d4d49b7c6fd13d6beaa37 b917657dbd5b41f5aa29182540960ff2 - - default default] 10.0.0.213 "GET /v2.0/ports?tenant_id=b917657dbd5b41f5aa29182540960ff2&fields=id HTTP/1.1" status: 200 len: 302 time: 0.5318389
2026-07-02 11:16:27.366 9 WARNING neutron.api.rpc.agentnotifiers.dhcp_rpc_agent_api [None req-0a8fba12-7076-4e41-9dd7-0d7306c90ebd 49bbfea4ad2f461489106c0b8b913bd7 98ec112854d4458798efd6c8b4ee493b - - default default] Unable to schedule network 746e2fad-9601-45f2-8411-da596206b535: no agents available; will retry on subsequent port and subnet creation events.
2026-07-02 11:16:27.442 10 WARNING neutron.scheduler.dhcp_agent_scheduler [None req-54e0a0fa-5b3e-493c-aa92-05cec6a14e55 7a0d84665b1f4a1288833aa07236b752 e5697475b2504714a97ee12d834598e3 - - default default] No more DHCP agents
2026-07-02 11:16:27.446 10 WARNING neutron.api.rpc.agentnotifiers.dhcp_rpc_agent_api [None req-54e0a0fa-5b3e-493c-aa92-05cec6a14e55 7a0d84665b1f4a1288833aa07236b752 e5697475b2504714a97ee12d834598e3 - - default default] Unable to schedule network cfbefdd0-4684-4ff6-ba49-e5f2a3c5bfd9: no agents available; will retry on subsequent port and subnet creation events.
2026-07-02 11:16:27.526 9 INFO neutron.wsgi [req-821f9ff9-c155-4fcb-a2b5-53d038c0fce5 req-5a15e4bf-8f81-4f2e-be87-add4b7159fcb 5e007a168c114cf0992cd5247cb77e21 98bc5b0445ff45cf89441821158b4c60 - - 3dee5ac9e49443bea5daf9f44cd7a7ec 3dee5ac9e49443bea5daf9f44cd7a7ec] 10.0.0.213 "GET /v2.0/networks/76908eb0-9201-49b8-b484-14ddbfc38bc5?fields=segments HTTP/1.1" status: 200 len: 212 time: 0.1344640
2026-07-02 11:16:27.605 9 INFO neutron.db.ovn_revision_numbers_db [None req-0a8fba12-7076-4e41-9dd7-0d7306c90ebd 49bbfea4ad2f461489106c0b8b913bd7 98ec112854d4458798efd6c8b4ee493b - - default default] Successfully bumped revision number for resource c89e4e3d-edcf-4494-8953-d982aaae481a (type: ports) to 1
2026-07-02 11:16:27.657 9 INFO neutron.wsgi [None req-0a8fba12-7076-4e41-9dd7-0d7306c90ebd 49bbfea4ad2f461489106c0b8b913bd7 98ec112854d4458798efd6c8b4ee493b - - default default] 10.0.0.226 "POST /v2.0/networks HTTP/1.1" status: 201 len: 837 time: 1.3427272
2026-07-02 11:16:27.662 9 INFO neutron.wsgi [req-821f9ff9-c155-4fcb-a2b5-53d038c0fce5 req-5243dbf9-db64-4899-a5cc-a9f15ae165af 5e007a168c114cf0992cd5247cb77e21 98bc5b0445ff45cf89441821158b4c60 - - 3dee5ac9e49443bea5daf9f44cd7a7ec 3dee5ac9e49443bea5daf9f44cd7a7ec] 10.0.0.213 "GET /v2.0/networks/76908eb0-9201-49b8-b484-14ddbfc38bc5?fields=provider%3Aphysical_network&fields=provider%3Anetwork_type HTTP/1.1" status: 200 len: 277 time: 0.1256502
2026-07-02 11:16:27.673 9 WARNING neutron_lib.context [None req-1e4fe91b-d422-4e9a-8687-008744f9e1a0 49bbfea4ad2f461489106c0b8b913bd7 98ec112854d4458798efd6c8b4ee493b - - default default] Method 'is_advsvc' is deprecated since 2023.2 release (neutron-lib 3.8.0) and will be removed once support for the old RBAC API policies will be removed from Neutron. Please use method 'is_service_role' instead.
2026-07-02 11:16:27.685 10 INFO neutron.db.ovn_revision_numbers_db [None req-54e0a0fa-5b3e-493c-aa92-05cec6a14e55 7a0d84665b1f4a1288833aa07236b752 e5697475b2504714a97ee12d834598e3 - - default default] Successfully bumped revision number for resource 973c2afa-29eb-4f65-a9ec-6aaafd470d45 (type: ports) to 1
2026-07-02 11:16:27.834 10 INFO neutron.wsgi [req-f6b63d7a-1b64-443a-bd96-e5676c92a993 req-627dbe96-1d79-4813-8b1e-1ea0997c3123 3dd14277d97d4d49b7c6fd13d6beaa37 b917657dbd5b41f5aa29182540960ff2 - - default default] 10.0.0.213 "GET /v2.0/ports?device_id=f2b4625f-41d8-4aff-9ba2-25bfd18839aa HTTP/1.1" status: 200 len: 210 time: 0.0375462
2026-07-02 11:16:28.018 9 WARNING neutron.scheduler.dhcp_agent_scheduler [None req-1e4fe91b-d422-4e9a-8687-008744f9e1a0 49bbfea4ad2f461489106c0b8b913bd7 98ec112854d4458798efd6c8b4ee493b - - default default] No more DHCP agents
2026-07-02 11:16:28.022 9 WARNING neutron.api.rpc.agentnotifiers.dhcp_rpc_agent_api [None req-1e4fe91b-d422-4e9a-8687-008744f9e1a0 49bbfea4ad2f461489106c0b8b913bd7 98ec112854d4458798efd6c8b4ee493b - - default default] Unable to schedule network 746e2fad-9601-45f2-8411-da596206b535: no agents available; will retry on subsequent port and subnet creation events.
2026-07-02 11:16:28.108 9 INFO neutron.db.ovn_revision_numbers_db [None req-436d797e-82c1-4c69-8bab-93027c73f85e - - - - - -] Successfully bumped revision number for resource 10f44eff-e5ba-4eb8-85a3-8b795b96ec20 (type: ports) to 1
2026-07-02 11:16:28.213 10 INFO neutron.db.ovn_revision_numbers_db [None req-54e0a0fa-5b3e-493c-aa92-05cec6a14e55 7a0d84665b1f4a1288833aa07236b752 e5697475b2504714a97ee12d834598e3 - - default default] Successfully bumped revision number for resource 973c2afa-29eb-4f65-a9ec-6aaafd470d45 (type: router_ports) to 1
2026-07-02 11:16:28.382 10 INFO neutron.db.ovn_revision_numbers_db [None req-54e0a0fa-5b3e-493c-aa92-05cec6a14e55 7a0d84665b1f4a1288833aa07236b752 e5697475b2504714a97ee12d834598e3 - - default default] Successfully bumped revision number for resource 973c2afa-29eb-4f65-a9ec-6aaafd470d45 (type: ports) to 1
2026-07-02 11:16:28.450 10 WARNING neutron.scheduler.dhcp_agent_scheduler [None req-54e0a0fa-5b3e-493c-aa92-05cec6a14e55 7a0d84665b1f4a1288833aa07236b752 e5697475b2504714a97ee12d834598e3 - - default default] No more DHCP agents
2026-07-02 11:16:28.452 10 WARNING neutron.api.rpc.agentnotifiers.dhcp_rpc_agent_api [None req-54e0a0fa-5b3e-493c-aa92-05cec6a14e55 7a0d84665b1f4a1288833aa07236b752 e5697475b2504714a97ee12d834598e3 - - default default] Unable to schedule network cfbefdd0-4684-4ff6-ba49-e5f2a3c5bfd9: no agents available; will retry on subsequent port and subnet creation events.
2026-07-02 11:16:28.559 9 INFO neutron.db.ovn_revision_numbers_db [None req-436d797e-82c1-4c69-8bab-93027c73f85e - - - - - -] Successfully bumped revision number for resource 10f44eff-e5ba-4eb8-85a3-8b795b96ec20 (type: router_ports) to 3
2026-07-02 11:16:28.613 10 INFO neutron.wsgi [req-821f9ff9-c155-4fcb-a2b5-53d038c0fce5 req-89485ddf-ec04-4b87-98d8-b2df63bd35a1 3dd14277d97d4d49b7c6fd13d6beaa37 b917657dbd5b41f5aa29182540960ff2 - - default default] 199.19.213.141 "GET /v2.0/networks?id=76908eb0-9201-49b8-b484-14ddbfc38bc5 HTTP/1.1" status: 200 len: 871 time: 0.1006732
2026-07-02 11:16:28.675 10 INFO neutron.wsgi [req-821f9ff9-c155-4fcb-a2b5-53d038c0fce5 req-14161526-b53a-4605-b10c-767baf097d49 3dd14277d97d4d49b7c6fd13d6beaa37 b917657dbd5b41f5aa29182540960ff2 - - default default] 199.19.213.141 "GET /v2.0/security-groups?fields=id&fields=name&tenant_id=b917657dbd5b41f5aa29182540960ff2 HTTP/1.1" status: 200 len: 472 time: 0.0562308
2026-07-02 11:16:28.700 10 WARNING neutron_lib.context [req-821f9ff9-c155-4fcb-a2b5-53d038c0fce5 req-599c710e-9610-4cb4-b0f6-3d2040f51eee 3dd14277d97d4d49b7c6fd13d6beaa37 b917657dbd5b41f5aa29182540960ff2 - - default default] Method 'is_advsvc' is deprecated since 2023.2 release (neutron-lib 3.8.0) and will be removed once support for the old RBAC API policies will be removed from Neutron. Please use method 'is_service_role' instead.
2026-07-02 11:16:28.774 9 INFO neutron.db.ovn_revision_numbers_db [None req-1e4fe91b-d422-4e9a-8687-008744f9e1a0 49bbfea4ad2f461489106c0b8b913bd7 98ec112854d4458798efd6c8b4ee493b - - default default] Successfully bumped revision number for resource c89e4e3d-edcf-4494-8953-d982aaae481a (type: ports) to 2
2026-07-02 11:16:28.781 9 INFO neutron.db.ovn_revision_numbers_db [None req-436d797e-82c1-4c69-8bab-93027c73f85e - - - - - -] Successfully bumped revision number for resource 10f44eff-e5ba-4eb8-85a3-8b795b96ec20 (type: ports) to 2
2026-07-02 11:16:28.809 9 INFO neutron.db.ovn_revision_numbers_db [None req-1e4fe91b-d422-4e9a-8687-008744f9e1a0 49bbfea4ad2f461489106c0b8b913bd7 98ec112854d4458798efd6c8b4ee493b - - default default] Successfully bumped revision number for resource f7b53675-723a-4a56-87e1-48c0005bf51b (type: subnets) to 0
2026-07-02 11:16:28.833 9 INFO neutron.wsgi [None req-1e4fe91b-d422-4e9a-8687-008744f9e1a0 49bbfea4ad2f461489106c0b8b913bd7 98ec112854d4458798efd6c8b4ee493b - - default default] 10.0.0.226 "POST /v2.0/subnets HTTP/1.1" status: 201 len: 831 time: 1.1652722
2026-07-02 11:16:28.849 9 WARNING neutron_lib.context [None req-6465502c-349b-49ea-adfa-998ea27f331a 49bbfea4ad2f461489106c0b8b913bd7 98ec112854d4458798efd6c8b4ee493b - - default default] Method 'is_advsvc' is deprecated since 2023.2 release (neutron-lib 3.8.0) and will be removed once support for the old RBAC API policies will be removed from Neutron. Please use method 'is_service_role' instead.
2026-07-02 11:16:28.937 9 INFO neutron.wsgi [req-3128d98f-47a6-4586-b866-21eae7111a6f req-f82da489-000c-4be5-9607-8534cfcfc502 3dd14277d97d4d49b7c6fd13d6beaa37 b917657dbd5b41f5aa29182540960ff2 - - default default] 10.0.0.213 "GET /v2.0/ports?device_id=f2b4625f-41d8-4aff-9ba2-25bfd18839aa HTTP/1.1" status: 200 len: 210 time: 0.0243983
2026-07-02 11:16:29.162 9 INFO neutron.db.ovn_revision_numbers_db [None req-436d797e-82c1-4c69-8bab-93027c73f85e - - - - - -] Successfully bumped revision number for resource 10f44eff-e5ba-4eb8-85a3-8b795b96ec20 (type: ports) to 4
2026-07-02 11:16:29.467 9 WARNING neutron.scheduler.dhcp_agent_scheduler [None req-6465502c-349b-49ea-adfa-998ea27f331a 49bbfea4ad2f461489106c0b8b913bd7 98ec112854d4458798efd6c8b4ee493b - - default default] No more DHCP agents
2026-07-02 11:16:29.474 9 WARNING neutron.api.rpc.agentnotifiers.dhcp_rpc_agent_api [None req-6465502c-349b-49ea-adfa-998ea27f331a 49bbfea4ad2f461489106c0b8b913bd7 98ec112854d4458798efd6c8b4ee493b - - default default] Unable to schedule network 746e2fad-9601-45f2-8411-da596206b535: no agents available; will retry on subsequent port and subnet creation events.
2026-07-02 11:16:29.505 10 WARNING neutron.scheduler.dhcp_agent_scheduler [req-821f9ff9-c155-4fcb-a2b5-53d038c0fce5 req-599c710e-9610-4cb4-b0f6-3d2040f51eee 3dd14277d97d4d49b7c6fd13d6beaa37 b917657dbd5b41f5aa29182540960ff2 - - default default] No more DHCP agents
2026-07-02 11:16:29.510 10 WARNING neutron.api.rpc.agentnotifiers.dhcp_rpc_agent_api [req-821f9ff9-c155-4fcb-a2b5-53d038c0fce5 req-599c710e-9610-4cb4-b0f6-3d2040f51eee 3dd14277d97d4d49b7c6fd13d6beaa37 b917657dbd5b41f5aa29182540960ff2 - - default default] Unable to schedule network 76908eb0-9201-49b8-b484-14ddbfc38bc5: no agents available; will retry on subsequent port and subnet creation events.
2026-07-02 11:16:29.539 9 INFO neutron.plugins.ml2.drivers.ovn.mech_driver.mech_driver [None req-f0f4474f-9443-442f-977a-be7ca271417b - - - - - -] OVN reports status up for port: 973c2afa-29eb-4f65-a9ec-6aaafd470d45
2026-07-02 11:16:29.543 9 INFO neutron.db.ovn_revision_numbers_db [None req-6465502c-349b-49ea-adfa-998ea27f331a 49bbfea4ad2f461489106c0b8b913bd7 98ec112854d4458798efd6c8b4ee493b - - default default] Successfully bumped revision number for resource 88bd4300-792a-4082-9c2e-a4815d38fcda (type: subnets) to 0
2026-07-02 11:16:29.552 9 INFO neutron.plugins.ml2.plugin [None req-f0f4474f-9443-442f-977a-be7ca271417b - - - - - -] Attempt 1 to provision port 973c2afa-29eb-4f65-a9ec-6aaafd470d45
2026-07-02 11:16:29.568 9 INFO neutron.wsgi [None req-6465502c-349b-49ea-adfa-998ea27f331a 49bbfea4ad2f461489106c0b8b913bd7 98ec112854d4458798efd6c8b4ee493b - - default default] 10.0.0.226 "POST /v2.0/subnets HTTP/1.1" status: 201 len: 901 time: 0.7290161 /var/lib/openstack/lib/python3.10/site-packages/pycadf/identifier.py:71: UserWarning: Invalid uuid: neutron. To ensure interoperability, identifiers should be a valid uuid. warnings.warn(('Invalid uuid: %s. To ensure interoperability, '
2026-07-02 11:16:29.584 10 WARNING neutron_lib.context [None req-0b7d5085-f6e4-42fe-b4b1-c8ef933f436d 49bbfea4ad2f461489106c0b8b913bd7 98ec112854d4458798efd6c8b4ee493b - - default default] Method 'is_advsvc' is deprecated since 2023.2 release (neutron-lib 3.8.0) and will be removed once support for the old RBAC API policies will be removed from Neutron. Please use method 'is_service_role' instead.
2026-07-02 11:16:29.673 9 INFO neutron.db.ovn_revision_numbers_db [None req-436d797e-82c1-4c69-8bab-93027c73f85e - - - - - -] Successfully bumped revision number for resource 10f44eff-e5ba-4eb8-85a3-8b795b96ec20 (type: router_ports) to 4
2026-07-02 11:16:29.710 10 INFO neutron.db.ovn_revision_numbers_db [None req-54e0a0fa-5b3e-493c-aa92-05cec6a14e55 7a0d84665b1f4a1288833aa07236b752 e5697475b2504714a97ee12d834598e3 - - default default] Successfully bumped revision number for resource 973c2afa-29eb-4f65-a9ec-6aaafd470d45 (type: router_ports) to 1
2026-07-02 11:16:29.712 10 INFO neutron.wsgi [None req-54e0a0fa-5b3e-493c-aa92-05cec6a14e55 7a0d84665b1f4a1288833aa07236b752 e5697475b2504714a97ee12d834598e3 - - default default] 10.0.0.226 "PUT /v2.0/routers/3feb7cdd-149f-43a0-a7d7-464bafd3acc4/add_router_interface HTTP/1.1" status: 200 len: 503 time: 2.7047019
2026-07-02 11:16:29.717 10 INFO neutron.db.segments_db [None req-0b7d5085-f6e4-42fe-b4b1-c8ef933f436d 49bbfea4ad2f461489106c0b8b913bd7 98ec112854d4458798efd6c8b4ee493b - - default default] Added segment 84b36e08-aa09-414f-bbc7-1f86c3bbdd4a of type geneve for network 4b902c55-a2ac-4364-a192-913687b0b6bf
2026-07-02 11:16:29.743 9 INFO neutron.wsgi [-] 10.0.0.127 "GET / HTTP/1.1" status: 200 len: 247 time: 0.0014355
2026-07-02 11:16:29.744 9 INFO neutron.wsgi [-] 10.0.0.127 "GET / HTTP/1.1" status: 200 len: 247 time: 0.0009847
2026-07-02 11:16:29.759 10 INFO neutron.db.ovn_revision_numbers_db [req-821f9ff9-c155-4fcb-a2b5-53d038c0fce5 req-599c710e-9610-4cb4-b0f6-3d2040f51eee 3dd14277d97d4d49b7c6fd13d6beaa37 b917657dbd5b41f5aa29182540960ff2 - - default default] Successfully bumped revision number for resource 893c5b4a-0f0a-425b-8e1b-a98c62b21d4d (type: ports) to 1
2026-07-02 11:16:29.793 10 INFO neutron.wsgi [req-821f9ff9-c155-4fcb-a2b5-53d038c0fce5 req-599c710e-9610-4cb4-b0f6-3d2040f51eee 3dd14277d97d4d49b7c6fd13d6beaa37 b917657dbd5b41f5aa29182540960ff2 - - default default] 199.19.213.141 "POST /v2.0/ports HTTP/1.1" status: 201 len: 1201 time: 1.1001318
2026-07-02 11:16:29.906 9 INFO neutron.db.ovn_revision_numbers_db [None req-f0f4474f-9443-442f-977a-be7ca271417b - - - - - -] Successfully bumped revision number for resource 973c2afa-29eb-4f65-a9ec-6aaafd470d45 (type: ports) to 2
2026-07-02 11:16:29.910 10 INFO neutron.db.ovn_revision_numbers_db [None req-0b7d5085-f6e4-42fe-b4b1-c8ef933f436d 49bbfea4ad2f461489106c0b8b913bd7 98ec112854d4458798efd6c8b4ee493b - - default default] Successfully bumped revision number for resource 4b902c55-a2ac-4364-a192-913687b0b6bf (type: networks) to 1
2026-07-02 11:16:29.985 9 INFO neutron.db.ovn_revision_numbers_db [None req-f0f4474f-9443-442f-977a-be7ca271417b - - - - - -] Successfully bumped revision number for resource 973c2afa-29eb-4f65-a9ec-6aaafd470d45 (type: router_ports) to 2
2026-07-02 11:16:30.264 10 INFO neutron.wsgi [req-94fe37e9-d0ac-441d-8cf9-d28aaa2cf58f req-7f971448-a15e-4a89-b5b8-ac41f4d12f34 3dd14277d97d4d49b7c6fd13d6beaa37 b917657dbd5b41f5aa29182540960ff2 - - default default] 10.0.0.213 "GET /v2.0/ports?device_id=f2b4625f-41d8-4aff-9ba2-25bfd18839aa HTTP/1.1" status: 200 len: 1200 time: 0.2537079
2026-07-02 11:16:30.342 10 WARNING neutron.scheduler.dhcp_agent_scheduler [None req-0b7d5085-f6e4-42fe-b4b1-c8ef933f436d 49bbfea4ad2f461489106c0b8b913bd7 98ec112854d4458798efd6c8b4ee493b - - default default] No more DHCP agents
2026-07-02 11:16:30.351 10 WARNING neutron.api.rpc.agentnotifiers.dhcp_rpc_agent_api [None req-0b7d5085-f6e4-42fe-b4b1-c8ef933f436d 49bbfea4ad2f461489106c0b8b913bd7 98ec112854d4458798efd6c8b4ee493b - - default default] Unable to schedule network 4b902c55-a2ac-4364-a192-913687b0b6bf: no agents available; will retry on subsequent port and subnet creation events.
2026-07-02 11:16:30.360 10 INFO neutron.wsgi [req-94fe37e9-d0ac-441d-8cf9-d28aaa2cf58f req-a4f738e6-bfc0-4968-90f1-6927f39febbe 3dd14277d97d4d49b7c6fd13d6beaa37 b917657dbd5b41f5aa29182540960ff2 - - default default] 10.0.0.213 "GET /v2.0/security-groups?id=1e3ce4a2-8eae-4e53-a12c-245961ec59d5&id=777a0352-214e-4888-8365-4d8550fcb0a8&fields=id&fields=name HTTP/1.1" status: 200 len: 405 time: 0.0905857
2026-07-02 11:16:30.485 10 INFO neutron.db.ovn_revision_numbers_db [None req-0b7d5085-f6e4-42fe-b4b1-c8ef933f436d 49bbfea4ad2f461489106c0b8b913bd7 98ec112854d4458798efd6c8b4ee493b - - default default] Successfully bumped revision number for resource c6007b34-4159-41f0-bfd8-02385f3d7c34 (type: ports) to 1
2026-07-02 11:16:30.525 10 INFO neutron.wsgi [None req-0b7d5085-f6e4-42fe-b4b1-c8ef933f436d 49bbfea4ad2f461489106c0b8b913bd7 98ec112854d4458798efd6c8b4ee493b - - default default] 10.0.0.226 "POST /v2.0/networks HTTP/1.1" status: 201 len: 836 time: 0.9468021
2026-07-02 11:16:30.540 9 WARNING neutron_lib.context [None req-08af2076-d31f-410f-8896-fb07da3f93ba 49bbfea4ad2f461489106c0b8b913bd7 98ec112854d4458798efd6c8b4ee493b - - default default] Method 'is_advsvc' is deprecated since 2023.2 release (neutron-lib 3.8.0) and will be removed once support for the old RBAC API policies will be removed from Neutron. Please use method 'is_service_role' instead.
2026-07-02 11:16:30.602 10 INFO neutron.db.ovn_revision_numbers_db [req-821f9ff9-c155-4fcb-a2b5-53d038c0fce5 req-4a259297-0a7a-49a7-b369-5f6018accc8c 5e007a168c114cf0992cd5247cb77e21 98bc5b0445ff45cf89441821158b4c60 - - 3dee5ac9e49443bea5daf9f44cd7a7ec 3dee5ac9e49443bea5daf9f44cd7a7ec] Successfully bumped revision number for resource 893c5b4a-0f0a-425b-8e1b-a98c62b21d4d (type: ports) to 2
2026-07-02 11:16:30.803 9 WARNING neutron.scheduler.dhcp_agent_scheduler [None req-08af2076-d31f-410f-8896-fb07da3f93ba 49bbfea4ad2f461489106c0b8b913bd7 98ec112854d4458798efd6c8b4ee493b - - default default] No more DHCP agents
2026-07-02 11:16:30.806 9 WARNING neutron.api.rpc.agentnotifiers.dhcp_rpc_agent_api [None req-08af2076-d31f-410f-8896-fb07da3f93ba 49bbfea4ad2f461489106c0b8b913bd7 98ec112854d4458798efd6c8b4ee493b - - default default] Unable to schedule network 4b902c55-a2ac-4364-a192-913687b0b6bf: no agents available; will retry on subsequent port and subnet creation events.
2026-07-02 11:16:30.819 10 INFO neutron.db.ovn_revision_numbers_db [req-821f9ff9-c155-4fcb-a2b5-53d038c0fce5 req-4a259297-0a7a-49a7-b369-5f6018accc8c 5e007a168c114cf0992cd5247cb77e21 98bc5b0445ff45cf89441821158b4c60 - - 3dee5ac9e49443bea5daf9f44cd7a7ec 3dee5ac9e49443bea5daf9f44cd7a7ec] Successfully bumped revision number for resource 893c5b4a-0f0a-425b-8e1b-a98c62b21d4d (type: ports) to 2
2026-07-02 11:16:30.839 10 INFO neutron.wsgi [req-821f9ff9-c155-4fcb-a2b5-53d038c0fce5 req-4a259297-0a7a-49a7-b369-5f6018accc8c 5e007a168c114cf0992cd5247cb77e21 98bc5b0445ff45cf89441821158b4c60 - - 3dee5ac9e49443bea5daf9f44cd7a7ec 3dee5ac9e49443bea5daf9f44cd7a7ec] 199.19.213.141 "PUT /v2.0/ports/893c5b4a-0f0a-425b-8e1b-a98c62b21d4d HTTP/1.1" status: 200 len: 1419 time: 1.0376167 /var/lib/openstack/lib/python3.10/site-packages/pycadf/identifier.py:71: UserWarning: Invalid uuid: neutron. To ensure interoperability, identifiers should be a valid uuid. warnings.warn(('Invalid uuid: %s. To ensure interoperability, '
2026-07-02 11:16:30.928 10 INFO neutron.wsgi [req-821f9ff9-c155-4fcb-a2b5-53d038c0fce5 req-972877b1-8d4c-4ed1-a3fe-6471c6b3ab8a 5e007a168c114cf0992cd5247cb77e21 98bc5b0445ff45cf89441821158b4c60 - - 3dee5ac9e49443bea5daf9f44cd7a7ec 3dee5ac9e49443bea5daf9f44cd7a7ec] 199.19.213.141 "GET /v2.0/ports?tenant_id=b917657dbd5b41f5aa29182540960ff2&device_id=f2b4625f-41d8-4aff-9ba2-25bfd18839aa HTTP/1.1" status: 200 len: 1450 time: 0.0568287
2026-07-02 11:16:30.965 10 INFO neutron.wsgi [req-821f9ff9-c155-4fcb-a2b5-53d038c0fce5 req-652d48c6-482e-4958-9de4-27329954efe8 5e007a168c114cf0992cd5247cb77e21 98bc5b0445ff45cf89441821158b4c60 - - 3dee5ac9e49443bea5daf9f44cd7a7ec 3dee5ac9e49443bea5daf9f44cd7a7ec] 199.19.213.141 "GET /v2.0/floatingips?fixed_ip_address=10.100.0.10&port_id=893c5b4a-0f0a-425b-8e1b-a98c62b21d4d HTTP/1.1" status: 200 len: 217 time: 0.0300653
2026-07-02 11:16:31.012 10 INFO neutron.wsgi [req-821f9ff9-c155-4fcb-a2b5-53d038c0fce5 req-b876a47e-9842-42d7-b2f3-00a3cb2a9ece 5e007a168c114cf0992cd5247cb77e21 98bc5b0445ff45cf89441821158b4c60 - - 3dee5ac9e49443bea5daf9f44cd7a7ec 3dee5ac9e49443bea5daf9f44cd7a7ec] 199.19.213.141 "GET /v2.0/subnets?id=4ba3f6f6-d25e-4187-bc56-9f771427f83c HTTP/1.1" status: 200 len: 865 time: 0.0401227
2026-07-02 11:16:31.078 10 INFO neutron.wsgi [req-821f9ff9-c155-4fcb-a2b5-53d038c0fce5 req-b9bf2235-f375-43f1-aba7-b3b201e4d46f 5e007a168c114cf0992cd5247cb77e21 98bc5b0445ff45cf89441821158b4c60 - - 3dee5ac9e49443bea5daf9f44cd7a7ec 3dee5ac9e49443bea5daf9f44cd7a7ec] 199.19.213.141 "GET /v2.0/ports?network_id=76908eb0-9201-49b8-b484-14ddbfc38bc5&device_owner=network%3Adhcp HTTP/1.1" status: 200 len: 210 time: 0.0550451
2026-07-02 11:16:31.161 10 INFO neutron.wsgi [req-821f9ff9-c155-4fcb-a2b5-53d038c0fce5 req-3d75305c-dd92-4765-8f7a-480ce9b62da9 5e007a168c114cf0992cd5247cb77e21 98bc5b0445ff45cf89441821158b4c60 - - 3dee5ac9e49443bea5daf9f44cd7a7ec 3dee5ac9e49443bea5daf9f44cd7a7ec] 199.19.213.141 "GET /v2.0/networks/76908eb0-9201-49b8-b484-14ddbfc38bc5?fields=segments HTTP/1.1" status: 200 len: 212 time: 0.0771725
2026-07-02 11:16:31.238 10 INFO neutron.wsgi [req-821f9ff9-c155-4fcb-a2b5-53d038c0fce5 req-bde1993c-7d2a-49c7-90fe-609ebadd8ada 5e007a168c114cf0992cd5247cb77e21 98bc5b0445ff45cf89441821158b4c60 - - 3dee5ac9e49443bea5daf9f44cd7a7ec 3dee5ac9e49443bea5daf9f44cd7a7ec] 199.19.213.141 "GET /v2.0/networks/76908eb0-9201-49b8-b484-14ddbfc38bc5?fields=provider%3Aphysical_network&fields=provider%3Anetwork_type HTTP/1.1" status: 200 len: 277 time: 0.0698886
2026-07-02 11:16:31.368 9 INFO neutron.db.ovn_revision_numbers_db [None req-08af2076-d31f-410f-8896-fb07da3f93ba 49bbfea4ad2f461489106c0b8b913bd7 98ec112854d4458798efd6c8b4ee493b - - default default] Successfully bumped revision number for resource c6007b34-4159-41f0-bfd8-02385f3d7c34 (type: ports) to 2
2026-07-02 11:16:31.403 9 INFO neutron.db.ovn_revision_numbers_db [None req-08af2076-d31f-410f-8896-fb07da3f93ba 49bbfea4ad2f461489106c0b8b913bd7 98ec112854d4458798efd6c8b4ee493b - - default default] Successfully bumped revision number for resource 95683d59-0a01-4547-94f4-17b2f1c51dac (type: subnets) to 0
2026-07-02 11:16:31.423 9 INFO neutron.wsgi [None req-08af2076-d31f-410f-8896-fb07da3f93ba 49bbfea4ad2f461489106c0b8b913bd7 98ec112854d4458798efd6c8b4ee493b - - default default] 10.0.0.226 "POST /v2.0/subnets HTTP/1.1" status: 201 len: 830 time: 0.8910224
2026-07-02 11:16:31.426 10 INFO neutron.wsgi [req-d0a5bfa3-43ca-4ab3-8b11-cb5741d54781 req-63269559-2b19-44da-94df-0f95f7986a81 5e007a168c114cf0992cd5247cb77e21 98bc5b0445ff45cf89441821158b4c60 - - 3dee5ac9e49443bea5daf9f44cd7a7ec 3dee5ac9e49443bea5daf9f44cd7a7ec] 199.19.213.141 "GET /v2.0/ports?device_id=f2b4625f-41d8-4aff-9ba2-25bfd18839aa HTTP/1.1" status: 200 len: 1450 time: 0.0473831
2026-07-02 11:16:31.442 9 WARNING neutron_lib.context [None req-0d3de63a-df43-40e1-8b50-6254ea729a6e 49bbfea4ad2f461489106c0b8b913bd7 98ec112854d4458798efd6c8b4ee493b - - default default] Method 'is_advsvc' is deprecated since 2023.2 release (neutron-lib 3.8.0) and will be removed once support for the old RBAC API policies will be removed from Neutron. Please use method 'is_service_role' instead.
2026-07-02 11:16:31.502 10 INFO neutron.wsgi [req-82c085fc-947f-472a-93a9-be5192c8b71d req-8c9adaec-d2f3-4ca0-bfe0-cba58e984655 3dd14277d97d4d49b7c6fd13d6beaa37 b917657dbd5b41f5aa29182540960ff2 - - default default] 10.0.0.213 "GET /v2.0/ports?device_id=f2b4625f-41d8-4aff-9ba2-25bfd18839aa HTTP/1.1" status: 200 len: 1212 time: 0.0537591
2026-07-02 11:16:31.507 10 INFO neutron.wsgi [req-d0a5bfa3-43ca-4ab3-8b11-cb5741d54781 req-985439c1-f3ce-4988-ab79-9663cb2d54d3 5e007a168c114cf0992cd5247cb77e21 98bc5b0445ff45cf89441821158b4c60 - - 3dee5ac9e49443bea5daf9f44cd7a7ec 3dee5ac9e49443bea5daf9f44cd7a7ec] 199.19.213.141 "GET /v2.0/security-groups?id=1e3ce4a2-8eae-4e53-a12c-245961ec59d5&id=777a0352-214e-4888-8365-4d8550fcb0a8&fields=id&fields=name HTTP/1.1" status: 200 len: 405 time: 0.0708535
2026-07-02 11:16:31.554 10 INFO neutron.wsgi [req-82c085fc-947f-472a-93a9-be5192c8b71d req-af4dd4fe-41dc-41c1-a18e-ea2d7619e06d 3dd14277d97d4d49b7c6fd13d6beaa37 b917657dbd5b41f5aa29182540960ff2 - - default default] 10.0.0.213 "GET /v2.0/security-groups?id=1e3ce4a2-8eae-4e53-a12c-245961ec59d5&id=777a0352-214e-4888-8365-4d8550fcb0a8&fields=id&fields=name HTTP/1.1" status: 200 len: 405 time: 0.0463674
2026-07-02 11:16:31.625 10 INFO neutron.plugins.ml2.drivers.ovn.mech_driver.mech_driver [None req-ea9a8882-9117-4139-94f2-b1bc3ff8c035 - - - - - -] OVN reports status up for port: 893c5b4a-0f0a-425b-8e1b-a98c62b21d4d
2026-07-02 11:16:31.650 10 INFO neutron.plugins.ml2.plugin [None req-ea9a8882-9117-4139-94f2-b1bc3ff8c035 - - - - - -] Attempt 1 to provision port 893c5b4a-0f0a-425b-8e1b-a98c62b21d4d
2026-07-02 11:16:31.689 9 WARNING neutron.scheduler.dhcp_agent_scheduler [None req-0d3de63a-df43-40e1-8b50-6254ea729a6e 49bbfea4ad2f461489106c0b8b913bd7 98ec112854d4458798efd6c8b4ee493b - - default default] No more DHCP agents
2026-07-02 11:16:31.692 9 WARNING neutron.api.rpc.agentnotifiers.dhcp_rpc_agent_api [None req-0d3de63a-df43-40e1-8b50-6254ea729a6e 49bbfea4ad2f461489106c0b8b913bd7 98ec112854d4458798efd6c8b4ee493b - - default default] Unable to schedule network 4b902c55-a2ac-4364-a192-913687b0b6bf: no agents available; will retry on subsequent port and subnet creation events.
2026-07-02 11:16:31.734 9 INFO neutron.db.ovn_revision_numbers_db [None req-0d3de63a-df43-40e1-8b50-6254ea729a6e 49bbfea4ad2f461489106c0b8b913bd7 98ec112854d4458798efd6c8b4ee493b - - default default] Successfully bumped revision number for resource 95fbe3a5-bc88-432b-8bcb-48a48ab0cc05 (type: subnets) to 0
2026-07-02 11:16:31.759 9 INFO neutron.wsgi [None req-0d3de63a-df43-40e1-8b50-6254ea729a6e 49bbfea4ad2f461489106c0b8b913bd7 98ec112854d4458798efd6c8b4ee493b - - default default] 10.0.0.226 "POST /v2.0/subnets HTTP/1.1" status: 201 len: 904 time: 0.3220501
2026-07-02 11:16:31.768 9 WARNING neutron_lib.context [None req-aab40ba0-7b41-4b96-b863-6d6b9baa89b1 49bbfea4ad2f461489106c0b8b913bd7 98ec112854d4458798efd6c8b4ee493b - - default default] Method 'is_advsvc' is deprecated since 2023.2 release (neutron-lib 3.8.0) and will be removed once support for the old RBAC API policies will be removed from Neutron. Please use method 'is_service_role' instead.
2026-07-02 11:16:31.895 10 INFO neutron.notifiers.nova [-] Nova event matching ['req-b5d5229d-018d-4f0b-9141-0464785b0b7d'] response: {'name': 'network-changed', 'server_uuid': 'f2b4625f-41d8-4aff-9ba2-25bfd18839aa', 'tag': '893c5b4a-0f0a-425b-8e1b-a98c62b21d4d', 'status': 'completed', 'code': 200}
2026-07-02 11:16:32.004 10 INFO neutron.wsgi [req-501036d7-a3e8-4057-87ac-51a54ec80055 req-b4f4a48e-3b06-41a8-95b4-15b9aaf97a07 5e007a168c114cf0992cd5247cb77e21 98bc5b0445ff45cf89441821158b4c60 - - 3dee5ac9e49443bea5daf9f44cd7a7ec 3dee5ac9e49443bea5daf9f44cd7a7ec] 199.19.213.141 "GET /v2.0/ports?tenant_id=b917657dbd5b41f5aa29182540960ff2&device_id=f2b4625f-41d8-4aff-9ba2-25bfd18839aa HTTP/1.1" status: 200 len: 1452 time: 0.0828338
2026-07-02 11:16:32.277 9 WARNING neutron.scheduler.dhcp_agent_scheduler [None req-aab40ba0-7b41-4b96-b863-6d6b9baa89b1 49bbfea4ad2f461489106c0b8b913bd7 98ec112854d4458798efd6c8b4ee493b - - default default] No more DHCP agents
2026-07-02 11:16:32.280 9 WARNING neutron.api.rpc.agentnotifiers.dhcp_rpc_agent_api [None req-aab40ba0-7b41-4b96-b863-6d6b9baa89b1 49bbfea4ad2f461489106c0b8b913bd7 98ec112854d4458798efd6c8b4ee493b - - default default] Unable to schedule network 7ab611bf-5fa1-4e32-a42d-9946d7bcf78a: no agents available; will retry on subsequent port and subnet creation events.
2026-07-02 11:16:32.381 10 INFO neutron.wsgi [req-0138327d-b57c-46cf-a744-ed8f50efa1b8 req-9c29d298-a206-4a44-bff7-02a10d1594d3 ba60519228ea4cdb949e8973e36f1aba f437fa29cd284171802e32c383bec748 - - default default] 10.0.0.213 "GET /v2.0/networks?id=cfbefdd0-4684-4ff6-ba49-e5f2a3c5bfd9 HTTP/1.1" status: 200 len: 872 time: 0.4353368
2026-07-02 11:16:32.411 10 INFO neutron.wsgi [req-0138327d-b57c-46cf-a744-ed8f50efa1b8 req-a68a1ac1-5cd9-4011-9f8c-dd28175d22a7 ba60519228ea4cdb949e8973e36f1aba f437fa29cd284171802e32c383bec748 - - default default] 10.0.0.213 "GET /v2.0/quotas/f437fa29cd284171802e32c383bec748 HTTP/1.1" status: 200 len: 386 time: 0.0240588
2026-07-02 11:16:32.415 10 INFO neutron.wsgi [req-501036d7-a3e8-4057-87ac-51a54ec80055 req-182af9ed-c293-4288-a8b4-3d8ff2a2aa41 5e007a168c114cf0992cd5247cb77e21 98bc5b0445ff45cf89441821158b4c60 - - 3dee5ac9e49443bea5daf9f44cd7a7ec 3dee5ac9e49443bea5daf9f44cd7a7ec] 199.19.213.141 "GET /v2.0/networks?id=76908eb0-9201-49b8-b484-14ddbfc38bc5 HTTP/1.1" status: 200 len: 970 time: 0.4014196
2026-07-02 11:16:32.416 10 INFO neutron.db.ovn_revision_numbers_db [None req-ea9a8882-9117-4139-94f2-b1bc3ff8c035 - - - - - -] Successfully bumped revision number for resource 893c5b4a-0f0a-425b-8e1b-a98c62b21d4d (type: ports) to 4
2026-07-02 11:16:32.440 9 INFO neutron.db.ovn_revision_numbers_db [None req-aab40ba0-7b41-4b96-b863-6d6b9baa89b1 49bbfea4ad2f461489106c0b8b913bd7 98ec112854d4458798efd6c8b4ee493b - - default default] Successfully bumped revision number for resource 01949997-e8a1-4a1d-98b1-153324d36574 (type: ports) to 1
2026-07-02 11:16:32.486 10 INFO neutron.wsgi [req-501036d7-a3e8-4057-87ac-51a54ec80055 req-ec03ad8a-2c41-4f9c-a779-b0253df6051e 5e007a168c114cf0992cd5247cb77e21 98bc5b0445ff45cf89441821158b4c60 - - 3dee5ac9e49443bea5daf9f44cd7a7ec 3dee5ac9e49443bea5daf9f44cd7a7ec] 199.19.213.141 "GET /v2.0/floatingips?fixed_ip_address=10.100.0.10&port_id=893c5b4a-0f0a-425b-8e1b-a98c62b21d4d HTTP/1.1" status: 200 len: 217 time: 0.0591366
2026-07-02 11:16:32.562 10 INFO neutron.wsgi [req-501036d7-a3e8-4057-87ac-51a54ec80055 req-6e3fd2eb-81a9-43cb-a2cb-0139f01c9bd3 5e007a168c114cf0992cd5247cb77e21 98bc5b0445ff45cf89441821158b4c60 - - 3dee5ac9e49443bea5daf9f44cd7a7ec 3dee5ac9e49443bea5daf9f44cd7a7ec] 199.19.213.141 "GET /v2.0/subnets?id=4ba3f6f6-d25e-4187-bc56-9f771427f83c HTTP/1.1" status: 200 len: 865 time: 0.0669465 /var/lib/openstack/lib/python3.10/site-packages/pycadf/identifier.py:71: UserWarning: Invalid uuid: neutron. To ensure interoperability, identifiers should be a valid uuid. warnings.warn(('Invalid uuid: %s. To ensure interoperability, '
2026-07-02 11:16:32.604 10 INFO neutron.wsgi [req-501036d7-a3e8-4057-87ac-51a54ec80055 req-77b6607c-a785-4789-835a-dd215846d139 5e007a168c114cf0992cd5247cb77e21 98bc5b0445ff45cf89441821158b4c60 - - 3dee5ac9e49443bea5daf9f44cd7a7ec 3dee5ac9e49443bea5daf9f44cd7a7ec] 199.19.213.141 "GET /v2.0/ports?network_id=76908eb0-9201-49b8-b484-14ddbfc38bc5&device_owner=network%3Adhcp HTTP/1.1" status: 200 len: 210 time: 0.0319877
2026-07-02 11:16:32.645 10 INFO neutron.wsgi [req-0138327d-b57c-46cf-a744-ed8f50efa1b8 req-3cbb739b-866a-4d05-ab51-5816cd4b1433 ba60519228ea4cdb949e8973e36f1aba f437fa29cd284171802e32c383bec748 - - default default] 10.0.0.213 "GET /v2.0/ports?tenant_id=f437fa29cd284171802e32c383bec748&fields=id HTTP/1.1" status: 200 len: 302 time: 0.2275655
2026-07-02 11:16:32.708 10 INFO neutron.wsgi [req-501036d7-a3e8-4057-87ac-51a54ec80055 req-782ae5ff-1d72-4244-875f-35f6f7654304 5e007a168c114cf0992cd5247cb77e21 98bc5b0445ff45cf89441821158b4c60 - - 3dee5ac9e49443bea5daf9f44cd7a7ec 3dee5ac9e49443bea5daf9f44cd7a7ec] 199.19.213.141 "GET /v2.0/networks/76908eb0-9201-49b8-b484-14ddbfc38bc5?fields=segments HTTP/1.1" status: 200 len: 212 time: 0.0922849
