2026-07-02 10:54:48.787 9 INFO neutron.wsgi [None req-64a493e1-f5c1-4926-b7d2-af7715a771a7 7a0d84665b1f4a1288833aa07236b752 e5697475b2504714a97ee12d834598e3 - - default default] 199.19.213.141,10.0.0.127 "GET /v2.0/security-groups/244e32e1-7ba6-4b93-8abc-0fdb3899f958 HTTP/1.1" status: 200 len: 1736 time: 0.0248404
2026-07-02 10:54:48.887 9 INFO neutron.wsgi [None req-590fb9f1-5be2-4c82-964f-266310f11dfb 7a0d84665b1f4a1288833aa07236b752 e5697475b2504714a97ee12d834598e3 - - default default] 199.19.213.141,10.0.0.127 "GET /v2.0/security-groups/244e32e1-7ba6-4b93-8abc-0fdb3899f958?project_id=98bc5b0445ff45cf89441821158b4c60 HTTP/1.1" status: 200 len: 1736 time: 0.0289822
2026-07-02 10:54:48.998 9 INFO neutron.db.ovn_revision_numbers_db [None req-4e2c5aa9-78a3-4c24-8e76-12d61193ade2 7a0d84665b1f4a1288833aa07236b752 e5697475b2504714a97ee12d834598e3 - - default default] Successfully bumped revision number for resource a93fd11d-3029-4f86-9491-f34bedcfee36 (type: security_group_rules) to 0
2026-07-02 10:54:49.026 9 INFO neutron.wsgi [None req-4e2c5aa9-78a3-4c24-8e76-12d61193ade2 7a0d84665b1f4a1288833aa07236b752 e5697475b2504714a97ee12d834598e3 - - default default] 199.19.213.141,10.0.0.127 "POST /v2.0/security-group-rules HTTP/1.1" status: 201 len: 745 time: 0.1319387
2026-07-02 10:54:50.032 9 INFO neutron.wsgi [None req-78e609bd-c359-4856-90e2-ec68340a25b2 7a0d84665b1f4a1288833aa07236b752 e5697475b2504714a97ee12d834598e3 - - default default] 199.19.213.141,10.0.0.127 "GET /v2.0/security-groups/244e32e1-7ba6-4b93-8abc-0fdb3899f958?project_id=98bc5b0445ff45cf89441821158b4c60 HTTP/1.1" status: 200 len: 2314 time: 0.0887957
2026-07-02 10:54:50.074 9 INFO neutron.wsgi [None req-9f9807bd-7cce-46ab-88bc-0860f9518386 7a0d84665b1f4a1288833aa07236b752 e5697475b2504714a97ee12d834598e3 - - default default] 199.19.213.141,10.0.0.127 "GET /v2.0/security-groups/244e32e1-7ba6-4b93-8abc-0fdb3899f958 HTTP/1.1" status: 200 len: 2314 time: 0.0360973
2026-07-02 10:54:50.195 9 INFO neutron.wsgi [None req-faaa8261-1b30-4676-a7a8-4a58778f2615 7a0d84665b1f4a1288833aa07236b752 e5697475b2504714a97ee12d834598e3 - - default default] 199.19.213.141,10.0.0.127 "GET /v2.0/security-groups/244e32e1-7ba6-4b93-8abc-0fdb3899f958?project_id=98bc5b0445ff45cf89441821158b4c60 HTTP/1.1" status: 200 len: 2314 time: 0.0309544
2026-07-02 10:54:50.337 9 INFO neutron.db.ovn_revision_numbers_db [None req-417c04f7-164a-4ef9-9c33-2da8131da9e6 7a0d84665b1f4a1288833aa07236b752 e5697475b2504714a97ee12d834598e3 - - default default] Successfully bumped revision number for resource 7de50d8f-b476-4204-a1bc-8ba3ff56e77f (type: security_group_rules) to 0
2026-07-02 10:54:50.364 9 INFO neutron.wsgi [None req-417c04f7-164a-4ef9-9c33-2da8131da9e6 7a0d84665b1f4a1288833aa07236b752 e5697475b2504714a97ee12d834598e3 - - default default] 199.19.213.141,10.0.0.127 "POST /v2.0/security-group-rules HTTP/1.1" status: 201 len: 747 time: 0.1608608
2026-07-02 10:54:51.364 9 INFO neutron.wsgi [None req-f6c0d05d-f2dc-41cf-80fa-e9e3d57e09b0 7a0d84665b1f4a1288833aa07236b752 e5697475b2504714a97ee12d834598e3 - - default default] 199.19.213.141,10.0.0.127 "GET /v2.0/security-groups/244e32e1-7ba6-4b93-8abc-0fdb3899f958?project_id=98bc5b0445ff45cf89441821158b4c60 HTTP/1.1" status: 200 len: 2894 time: 0.0734143
2026-07-02 10:54:51.409 9 INFO neutron.wsgi [None req-559d100c-c0f9-4199-8353-7e427614c08c 7a0d84665b1f4a1288833aa07236b752 e5697475b2504714a97ee12d834598e3 - - default default] 199.19.213.141,10.0.0.127 "GET /v2.0/security-groups/244e32e1-7ba6-4b93-8abc-0fdb3899f958 HTTP/1.1" status: 200 len: 2894 time: 0.0370524
2026-07-02 10:54:51.515 9 INFO neutron.wsgi [None req-3f455bf8-b645-43d0-aa4c-4dead4578ca1 7a0d84665b1f4a1288833aa07236b752 e5697475b2504714a97ee12d834598e3 - - default default] 199.19.213.141,10.0.0.127 "GET /v2.0/security-groups/244e32e1-7ba6-4b93-8abc-0fdb3899f958?project_id=98bc5b0445ff45cf89441821158b4c60 HTTP/1.1" status: 200 len: 2894 time: 0.0308871
2026-07-02 10:54:51.643 9 INFO neutron.db.ovn_revision_numbers_db [None req-a6a4fa5b-2333-44a2-b6bd-5999b40530eb 7a0d84665b1f4a1288833aa07236b752 e5697475b2504714a97ee12d834598e3 - - default default] Successfully bumped revision number for resource 14efc279-2887-487f-a2f4-f853b140ae90 (type: security_group_rules) to 0
2026-07-02 10:54:51.668 9 INFO neutron.wsgi [None req-a6a4fa5b-2333-44a2-b6bd-5999b40530eb 7a0d84665b1f4a1288833aa07236b752 e5697475b2504714a97ee12d834598e3 - - default default] 199.19.213.141,10.0.0.127 "POST /v2.0/security-group-rules HTTP/1.1" status: 201 len: 749 time: 0.1458604
2026-07-02 10:54:52.735 9 INFO neutron.wsgi [None req-d25f3c1c-a74c-4042-bf88-526026773e08 7a0d84665b1f4a1288833aa07236b752 e5697475b2504714a97ee12d834598e3 - - default default] 199.19.213.141,10.0.0.127 "GET /v2.0/security-groups/244e32e1-7ba6-4b93-8abc-0fdb3899f958?project_id=98bc5b0445ff45cf89441821158b4c60 HTTP/1.1" status: 200 len: 3476 time: 0.0774510
2026-07-02 10:54:52.769 9 INFO neutron.wsgi [None req-bdcb9c36-2c1e-4c5a-a365-30a091bddf68 7a0d84665b1f4a1288833aa07236b752 e5697475b2504714a97ee12d834598e3 - - default default] 199.19.213.141,10.0.0.127 "GET /v2.0/security-groups/244e32e1-7ba6-4b93-8abc-0fdb3899f958 HTTP/1.1" status: 200 len: 3476 time: 0.0266495
2026-07-02 10:54:52.893 9 INFO neutron.wsgi [None req-81f4e68d-6033-4de7-9940-019c6a1c9660 7a0d84665b1f4a1288833aa07236b752 e5697475b2504714a97ee12d834598e3 - - default default] 199.19.213.141,10.0.0.127 "GET /v2.0/security-groups/244e32e1-7ba6-4b93-8abc-0fdb3899f958?project_id=98bc5b0445ff45cf89441821158b4c60 HTTP/1.1" status: 200 len: 3476 time: 0.0332882
2026-07-02 10:54:53.009 9 INFO neutron.db.ovn_revision_numbers_db [None req-47b01686-91d9-47fc-88cb-7204cd736842 7a0d84665b1f4a1288833aa07236b752 e5697475b2504714a97ee12d834598e3 - - default default] Successfully bumped revision number for resource 0ec37668-6fa6-46d4-a119-f84edcbbb5c7 (type: security_group_rules) to 0
2026-07-02 10:54:53.039 9 INFO neutron.wsgi [None req-47b01686-91d9-47fc-88cb-7204cd736842 7a0d84665b1f4a1288833aa07236b752 e5697475b2504714a97ee12d834598e3 - - default default] 199.19.213.141,10.0.0.127 "POST /v2.0/security-group-rules HTTP/1.1" status: 201 len: 750 time: 0.1389511
2026-07-02 10:54:59.741 10 INFO neutron.wsgi [-] 10.0.0.127 "GET / HTTP/1.1" status: 200 len: 247 time: 0.0023172
2026-07-02 10:54:59.741 9 INFO neutron.wsgi [-] 10.0.0.127 "GET / HTTP/1.1" status: 200 len: 247 time: 0.0024502
2026-07-02 10:55:14.741 10 INFO neutron.wsgi [-] 10.0.0.127 "GET / HTTP/1.1" status: 200 len: 247 time: 0.0016170
2026-07-02 10:55:14.742 9 INFO neutron.wsgi [-] 10.0.0.127 "GET / HTTP/1.1" status: 200 len: 247 time: 0.0023098
2026-07-02 10:55:29.740 10 INFO neutron.wsgi [-] 10.0.0.127 "GET / HTTP/1.1" status: 200 len: 247 time: 0.0014722
2026-07-02 10:55:29.742 9 INFO neutron.wsgi [-] 10.0.0.127 "GET / HTTP/1.1" status: 200 len: 247 time: 0.0026178
2026-07-02 10:55:44.741 9 INFO neutron.wsgi [-] 10.0.0.127 "GET / HTTP/1.1" status: 200 len: 247 time: 0.0024557
2026-07-02 10:55:44.742 10 INFO neutron.wsgi [-] 10.0.0.127 "GET / HTTP/1.1" status: 200 len: 247 time: 0.0025425
2026-07-02 10:55:59.741 10 INFO neutron.wsgi [-] 10.0.0.127 "GET / HTTP/1.1" status: 200 len: 247 time: 0.0024924
2026-07-02 10:55:59.743 10 INFO neutron.wsgi [-] 10.0.0.127 "GET / HTTP/1.1" status: 200 len: 247 time: 0.0013011
2026-07-02 10:56:14.742 9 INFO neutron.wsgi [-] 10.0.0.127 "GET / HTTP/1.1" status: 200 len: 247 time: 0.0021431
2026-07-02 10:56:14.744 9 INFO neutron.wsgi [-] 10.0.0.127 "GET / HTTP/1.1" status: 200 len: 247 time: 0.0019515
2026-07-02 10:56:29.741 9 INFO neutron.wsgi [-] 10.0.0.127 "GET / HTTP/1.1" status: 200 len: 247 time: 0.0016942
2026-07-02 10:56:29.743 10 INFO neutron.wsgi [-] 10.0.0.127 "GET / HTTP/1.1" status: 200 len: 247 time: 0.0031545
2026-07-02 10:56:44.742 9 INFO neutron.wsgi [-] 10.0.0.127 "GET / HTTP/1.1" status: 200 len: 247 time: 0.0023143
2026-07-02 10:56:44.744 9 INFO neutron.wsgi [-] 10.0.0.127 "GET / HTTP/1.1" status: 200 len: 247 time: 0.0018313
2026-07-02 10:56:57.987 9 INFO neutron.wsgi [None req-c45a8513-3cd9-4fc7-9372-e4a9418bcba0 545113ef18bd4cdfae5cb97b901430ae 98bc5b0445ff45cf89441821158b4c60 - - 3dee5ac9e49443bea5daf9f44cd7a7ec 3dee5ac9e49443bea5daf9f44cd7a7ec] 199.19.213.141 "GET /v2.0/networks?tenant_id=98bc5b0445ff45cf89441821158b4c60&shared=False HTTP/1.1" status: 200 len: 213 time: 0.1651025
2026-07-02 10:56:58.104 9 INFO neutron.db.segments_db [None req-65d8c55d-944e-4bd6-b14c-c241bf241629 545113ef18bd4cdfae5cb97b901430ae 98bc5b0445ff45cf89441821158b4c60 - - 3dee5ac9e49443bea5daf9f44cd7a7ec 3dee5ac9e49443bea5daf9f44cd7a7ec] Added segment 045c3fce-922c-4ba1-9bb3-7ab5d36bd68f of type geneve for network 22a01630-29e1-477b-b34a-2a13d8432823
2026-07-02 10:56:58.265 9 INFO neutron.db.ovn_revision_numbers_db [None req-65d8c55d-944e-4bd6-b14c-c241bf241629 545113ef18bd4cdfae5cb97b901430ae 98bc5b0445ff45cf89441821158b4c60 - - 3dee5ac9e49443bea5daf9f44cd7a7ec 3dee5ac9e49443bea5daf9f44cd7a7ec] Successfully bumped revision number for resource 22a01630-29e1-477b-b34a-2a13d8432823 (type: networks) to 1
2026-07-02 10:56:58.482 9 WARNING neutron.scheduler.dhcp_agent_scheduler [None req-65d8c55d-944e-4bd6-b14c-c241bf241629 545113ef18bd4cdfae5cb97b901430ae 98bc5b0445ff45cf89441821158b4c60 - - 3dee5ac9e49443bea5daf9f44cd7a7ec 3dee5ac9e49443bea5daf9f44cd7a7ec] No more DHCP agents
2026-07-02 10:56:58.485 9 WARNING neutron.api.rpc.agentnotifiers.dhcp_rpc_agent_api [None req-65d8c55d-944e-4bd6-b14c-c241bf241629 545113ef18bd4cdfae5cb97b901430ae 98bc5b0445ff45cf89441821158b4c60 - - 3dee5ac9e49443bea5daf9f44cd7a7ec 3dee5ac9e49443bea5daf9f44cd7a7ec] Unable to schedule network 22a01630-29e1-477b-b34a-2a13d8432823: no agents available; will retry on subsequent port and subnet creation events.
2026-07-02 10:56:58.572 9 INFO neutron.db.ovn_revision_numbers_db [None req-65d8c55d-944e-4bd6-b14c-c241bf241629 545113ef18bd4cdfae5cb97b901430ae 98bc5b0445ff45cf89441821158b4c60 - - 3dee5ac9e49443bea5daf9f44cd7a7ec 3dee5ac9e49443bea5daf9f44cd7a7ec] Successfully bumped revision number for resource 2f229ce2-7506-45e6-90a0-d62fba9905a7 (type: ports) to 1
2026-07-02 10:56:58.593 9 INFO neutron.wsgi [None req-65d8c55d-944e-4bd6-b14c-c241bf241629 545113ef18bd4cdfae5cb97b901430ae 98bc5b0445ff45cf89441821158b4c60 - - 3dee5ac9e49443bea5daf9f44cd7a7ec 3dee5ac9e49443bea5daf9f44cd7a7ec] 199.19.213.141 "POST /v2.0/networks HTTP/1.1" status: 201 len: 925 time: 0.5965979
2026-07-02 10:56:58.632 9 INFO neutron.wsgi [None req-583707c3-2e46-4a63-b1f0-210843330882 545113ef18bd4cdfae5cb97b901430ae 98bc5b0445ff45cf89441821158b4c60 - - 3dee5ac9e49443bea5daf9f44cd7a7ec 3dee5ac9e49443bea5daf9f44cd7a7ec] 199.19.213.141 "GET /v2.0/ports?device_id=manila-share&binding%3Ahost_id=instance HTTP/1.1" status: 200 len: 210 time: 0.0302055
2026-07-02 10:56:58.645 9 INFO neutron.wsgi [None req-08c890c2-17cd-4697-8242-489b7536e470 545113ef18bd4cdfae5cb97b901430ae 98bc5b0445ff45cf89441821158b4c60 - - 3dee5ac9e49443bea5daf9f44cd7a7ec 3dee5ac9e49443bea5daf9f44cd7a7ec] 199.19.213.141 "GET /v2.0/extensions HTTP/1.1" status: 200 len: 16980 time: 0.0065868
2026-07-02 10:56:58.872 9 WARNING neutron.scheduler.dhcp_agent_scheduler [None req-733b4989-7c59-4750-b861-140890ac6ff2 545113ef18bd4cdfae5cb97b901430ae 98bc5b0445ff45cf89441821158b4c60 - - 3dee5ac9e49443bea5daf9f44cd7a7ec 3dee5ac9e49443bea5daf9f44cd7a7ec] No more DHCP agents
2026-07-02 10:56:58.874 9 WARNING neutron.api.rpc.agentnotifiers.dhcp_rpc_agent_api [None req-733b4989-7c59-4750-b861-140890ac6ff2 545113ef18bd4cdfae5cb97b901430ae 98bc5b0445ff45cf89441821158b4c60 - - 3dee5ac9e49443bea5daf9f44cd7a7ec 3dee5ac9e49443bea5daf9f44cd7a7ec] Unable to schedule network 22a01630-29e1-477b-b34a-2a13d8432823: no agents available; will retry on subsequent port and subnet creation events.
2026-07-02 10:56:58.949 9 INFO neutron.db.ovn_revision_numbers_db [None req-733b4989-7c59-4750-b861-140890ac6ff2 545113ef18bd4cdfae5cb97b901430ae 98bc5b0445ff45cf89441821158b4c60 - - 3dee5ac9e49443bea5daf9f44cd7a7ec 3dee5ac9e49443bea5daf9f44cd7a7ec] Successfully bumped revision number for resource 9cc4e40d-6cd2-497b-87b4-b831c461dde7 (type: ports) to 1
2026-07-02 10:56:59.158 9 INFO neutron.db.ovn_revision_numbers_db [None req-733b4989-7c59-4750-b861-140890ac6ff2 545113ef18bd4cdfae5cb97b901430ae 98bc5b0445ff45cf89441821158b4c60 - - 3dee5ac9e49443bea5daf9f44cd7a7ec 3dee5ac9e49443bea5daf9f44cd7a7ec] Successfully bumped revision number for resource 9cc4e40d-6cd2-497b-87b4-b831c461dde7 (type: ports) to 1
2026-07-02 10:56:59.185 9 INFO neutron.wsgi [None req-733b4989-7c59-4750-b861-140890ac6ff2 545113ef18bd4cdfae5cb97b901430ae 98bc5b0445ff45cf89441821158b4c60 - - 3dee5ac9e49443bea5daf9f44cd7a7ec 3dee5ac9e49443bea5daf9f44cd7a7ec] 199.19.213.141 "POST /v2.0/ports HTTP/1.1" status: 201 len: 1144 time: 0.5327022
2026-07-02 10:56:59.239 9 INFO neutron.wsgi [None req-2b59a0c2-5a3c-4d30-9e41-aeed0df86bb8 545113ef18bd4cdfae5cb97b901430ae 98bc5b0445ff45cf89441821158b4c60 - - 3dee5ac9e49443bea5daf9f44cd7a7ec 3dee5ac9e49443bea5daf9f44cd7a7ec] 199.19.213.141 "GET /v2.0/networks/22a01630-29e1-477b-b34a-2a13d8432823 HTTP/1.1" status: 200 len: 907 time: 0.0484440
2026-07-02 10:56:59.740 10 INFO neutron.wsgi [-] 10.0.0.127 "GET / HTTP/1.1" status: 200 len: 247 time: 0.0013826
2026-07-02 10:56:59.742 9 INFO neutron.wsgi [-] 10.0.0.127 "GET / HTTP/1.1" status: 200 len: 247 time: 0.0031908
2026-07-02 10:57:00.036 9 INFO neutron.plugins.ml2.drivers.ovn.mech_driver.mech_driver [-] OVN reports status up for port: 9cc4e40d-6cd2-497b-87b4-b831c461dde7
2026-07-02 10:57:00.056 9 INFO neutron.plugins.ml2.plugin [None req-f0f4474f-9443-442f-977a-be7ca271417b - - - - - -] Attempt 1 to provision port 9cc4e40d-6cd2-497b-87b4-b831c461dde7
2026-07-02 10:57:00.367 9 INFO neutron.db.ovn_revision_numbers_db [None req-f0f4474f-9443-442f-977a-be7ca271417b - - - - - -] Successfully bumped revision number for resource 9cc4e40d-6cd2-497b-87b4-b831c461dde7 (type: ports) to 3
2026-07-02 10:57:01.805 9 INFO neutron.wsgi [None req-a64084bd-4cf5-4c94-bc39-4f9eb5c28723 545113ef18bd4cdfae5cb97b901430ae 98bc5b0445ff45cf89441821158b4c60 - - 3dee5ac9e49443bea5daf9f44cd7a7ec 3dee5ac9e49443bea5daf9f44cd7a7ec] 199.19.213.141 "GET /v2.0/ports?device_id=manila-share&binding%3Ahost_id=instance HTTP/1.1" status: 200 len: 1172 time: 0.0466430
2026-07-02 10:57:01.855 9 INFO neutron.wsgi [None req-2761e38d-010c-43be-a4e3-acd029fa6648 545113ef18bd4cdfae5cb97b901430ae 98bc5b0445ff45cf89441821158b4c60 - - 3dee5ac9e49443bea5daf9f44cd7a7ec 3dee5ac9e49443bea5daf9f44cd7a7ec] 199.19.213.141 "GET /v2.0/networks/22a01630-29e1-477b-b34a-2a13d8432823 HTTP/1.1" status: 200 len: 907 time: 0.0449615 /var/lib/openstack/lib/python3.10/site-packages/pycadf/identifier.py:71: UserWarning: Invalid uuid: unknown. To ensure interoperability, identifiers should be a valid uuid. warnings.warn(('Invalid uuid: %s. To ensure interoperability, '
2026-07-02 10:57:13.306 10 INFO neutron.wsgi [None req-f7e0cbd3-567f-4179-96d6-cad9e5d8cdd1 7a0d84665b1f4a1288833aa07236b752 e5697475b2504714a97ee12d834598e3 - - default default] 199.19.213.141,10.0.0.127 "GET /v2.0/quotas/98bc5b0445ff45cf89441821158b4c60 HTTP/1.1" status: 200 len: 362 time: 0.0158527 /var/lib/openstack/lib/python3.10/site-packages/neutron/extensions/quotasv2.py:139: UserWarning: Neutron quota engine will require "--force" parameter to set a quota limit without checking the resource usage. warnings.warn('Neutron quota engine will require "--force" '
2026-07-02 10:57:13.784 10 INFO neutron.wsgi [None req-660667f4-847a-49b2-9fec-67e1ddbdd2c5 7a0d84665b1f4a1288833aa07236b752 e5697475b2504714a97ee12d834598e3 - - default default] 199.19.213.141,10.0.0.127 "PUT /v2.0/quotas/98bc5b0445ff45cf89441821158b4c60 HTTP/1.1" status: 200 len: 361 time: 0.0305445
2026-07-02 10:57:14.741 9 INFO neutron.wsgi [-] 10.0.0.127 "GET / HTTP/1.1" status: 200 len: 247 time: 0.0015159
2026-07-02 10:57:14.742 10 INFO neutron.wsgi [-] 10.0.0.127 "GET / HTTP/1.1" status: 200 len: 247 time: 0.0023093
2026-07-02 10:57:29.742 10 INFO neutron.wsgi [-] 10.0.0.127 "GET / HTTP/1.1" status: 200 len: 247 time: 0.0026276
2026-07-02 10:57:29.742 9 INFO neutron.wsgi [-] 10.0.0.127 "GET / HTTP/1.1" status: 200 len: 247 time: 0.0026276
2026-07-02 10:57:44.742 9 INFO neutron.wsgi [-] 10.0.0.127 "GET / HTTP/1.1" status: 200 len: 247 time: 0.0025456
2026-07-02 10:57:44.746 9 INFO neutron.wsgi [-] 10.0.0.127 "GET / HTTP/1.1" status: 200 len: 247 time: 0.0035613 /var/lib/openstack/lib/python3.10/site-packages/pycadf/identifier.py:71: UserWarning: Invalid uuid: neutron. To ensure interoperability, identifiers should be a valid uuid. warnings.warn(('Invalid uuid: %s. To ensure interoperability, '
2026-07-02 10:57:59.742 9 INFO neutron.wsgi [-] 10.0.0.127 "GET / HTTP/1.1" status: 200 len: 247 time: 0.0030601
2026-07-02 10:57:59.745 9 INFO neutron.wsgi [-] 10.0.0.127 "GET / HTTP/1.1" status: 200 len: 247 time: 0.0018713
2026-07-02 10:57:59.792 10 INFO neutron.wsgi [None req-29d5b041-d766-46ed-9841-68e22613daa8 7a0d84665b1f4a1288833aa07236b752 e5697475b2504714a97ee12d834598e3 - - default default] 10.0.0.188 "GET /v2.0/ports HTTP/1.1" status: 200 len: 5343 time: 0.1227520
2026-07-02 10:57:59.882 10 INFO neutron.wsgi [None req-c45739c9-1b1f-4058-adab-10075241073d 7a0d84665b1f4a1288833aa07236b752 e5697475b2504714a97ee12d834598e3 - - default default] 10.0.0.188 "GET /v2.0/subnets HTTP/1.1" status: 200 len: 1437 time: 0.0858161
2026-07-02 10:57:59.892 10 INFO neutron.wsgi [None req-4a93738a-0ede-4b22-bd67-df93a950eaac 7a0d84665b1f4a1288833aa07236b752 e5697475b2504714a97ee12d834598e3 - - default default] 10.0.0.188 "GET /v2.0/subnetpools HTTP/1.1" status: 200 len: 193 time: 0.0095873
2026-07-02 10:57:59.922 10 INFO neutron.wsgi [None req-e653b11c-6a45-402a-b927-597dbcbe9f1f 7a0d84665b1f4a1288833aa07236b752 e5697475b2504714a97ee12d834598e3 - - default default] 10.0.0.188 "GET /v2.0/floatingips HTTP/1.1" status: 200 len: 193 time: 0.0292985
2026-07-02 10:58:00.021 10 INFO neutron.wsgi [None req-d62d3ff9-0edd-4b23-8c9b-c38800b53372 7a0d84665b1f4a1288833aa07236b752 e5697475b2504714a97ee12d834598e3 - - default default] 10.0.0.188 "GET /v2.0/networks HTTP/1.1" status: 200 len: 2350 time: 0.0982034
2026-07-02 10:58:00.071 10 INFO neutron.wsgi [None req-f4c368a0-49a0-46a7-99c9-c0376af2182d 7a0d84665b1f4a1288833aa07236b752 e5697475b2504714a97ee12d834598e3 - - default default] 10.0.0.188 "GET /v2.0/agents HTTP/1.1" status: 200 len: 997 time: 0.0483415
2026-07-02 10:58:00.094 10 INFO neutron.wsgi [None req-04887c05-1bec-49ef-9a16-031ad0e3dc73 7a0d84665b1f4a1288833aa07236b752 e5697475b2504714a97ee12d834598e3 - - default default] 10.0.0.188 "GET /v2.0/network-ip-availabilities HTTP/1.1" status: 200 len: 1280 time: 0.0216272
2026-07-02 10:58:00.158 10 INFO neutron.wsgi [None req-40595714-e654-4b71-8760-4bb0ce8c4ed4 7a0d84665b1f4a1288833aa07236b752 e5697475b2504714a97ee12d834598e3 - - default default] 10.0.0.188 "GET /v2.0/security-groups HTTP/1.1" status: 200 len: 16795 time: 0.0605972
2026-07-02 10:58:00.200 10 INFO neutron.wsgi [None req-95705792-fb6c-4589-b780-730d0922f618 7a0d84665b1f4a1288833aa07236b752 e5697475b2504714a97ee12d834598e3 - - default default] 10.0.0.188 "GET /v2.0/subnets HTTP/1.1" status: 200 len: 1437 time: 0.0356369
2026-07-02 10:58:00.232 10 INFO neutron.wsgi [None req-452ff151-ba25-44ce-9c62-313c17b46ddd 7a0d84665b1f4a1288833aa07236b752 e5697475b2504714a97ee12d834598e3 - - default default] 10.0.0.188 "GET /v2.0/routers HTTP/1.1" status: 200 len: 189 time: 0.0304005
2026-07-02 10:58:00.245 10 INFO neutron.wsgi [None req-8d80075e-1a86-441b-8afb-8547d5cbe297 7a0d84665b1f4a1288833aa07236b752 e5697475b2504714a97ee12d834598e3 - - default default] 10.0.0.188 "GET /v2.0/agents?binary=ovn-controller HTTP/1.1" status: 200 len: 591 time: 0.0119925
2026-07-02 10:58:14.740 10 INFO neutron.wsgi [-] 10.0.0.127 "GET / HTTP/1.1" status: 200 len: 247 time: 0.0012875
2026-07-02 10:58:14.741 9 INFO neutron.wsgi [-] 10.0.0.127 "GET / HTTP/1.1" status: 200 len: 247 time: 0.0019641
2026-07-02 10:58:29.742 9 INFO neutron.wsgi [-] 10.0.0.127 "GET / HTTP/1.1" status: 200 len: 247 time: 0.0030634
2026-07-02 10:58:29.743 10 INFO neutron.wsgi [-] 10.0.0.127 "GET / HTTP/1.1" status: 200 len: 247 time: 0.0035152
2026-07-02 10:58:44.741 9 INFO neutron.wsgi [-] 10.0.0.127 "GET / HTTP/1.1" status: 200 len: 247 time: 0.0024304
2026-07-02 10:58:44.745 9 INFO neutron.wsgi [-] 10.0.0.127 "GET / HTTP/1.1" status: 200 len: 247 time: 0.0029948
2026-07-02 10:58:59.740 10 INFO neutron.wsgi [-] 10.0.0.127 "GET / HTTP/1.1" status: 200 len: 247 time: 0.0011878
2026-07-02 10:58:59.742 9 INFO neutron.wsgi [-] 10.0.0.127 "GET / HTTP/1.1" status: 200 len: 247 time: 0.0028832
2026-07-02 10:58:59.757 10 INFO neutron.wsgi [None req-3b5ca888-9ea9-4651-80ad-09630e291b6b 7a0d84665b1f4a1288833aa07236b752 e5697475b2504714a97ee12d834598e3 - - default default] 10.0.0.188 "GET /v2.0/networks HTTP/1.1" status: 200 len: 2350 time: 0.1143739
2026-07-02 10:58:59.816 10 INFO neutron.wsgi [None req-b1b998f3-dc18-48fd-9821-f357febba5ee 7a0d84665b1f4a1288833aa07236b752 e5697475b2504714a97ee12d834598e3 - - default default] 10.0.0.188 "GET /v2.0/ports HTTP/1.1" status: 200 len: 5343 time: 0.0563016
2026-07-02 10:58:59.848 10 INFO neutron.wsgi [None req-fe65ef6d-ffcc-4d5e-9aa9-2a898aa50c29 7a0d84665b1f4a1288833aa07236b752 e5697475b2504714a97ee12d834598e3 - - default default] 10.0.0.188 "GET /v2.0/routers HTTP/1.1" status: 200 len: 189 time: 0.0251784
2026-07-02 10:58:59.885 10 INFO neutron.wsgi [None req-747d3d13-b19c-43cd-827e-99c13207aeea 7a0d84665b1f4a1288833aa07236b752 e5697475b2504714a97ee12d834598e3 - - default default] 10.0.0.188 "GET /v2.0/agents?binary=ovn-controller HTTP/1.1" status: 200 len: 591 time: 0.0363493
2026-07-02 10:58:59.903 10 INFO neutron.wsgi [None req-cedc3e12-9d86-49f6-af12-c3d391de2d0d 7a0d84665b1f4a1288833aa07236b752 e5697475b2504714a97ee12d834598e3 - - default default] 10.0.0.188 "GET /v2.0/network-ip-availabilities HTTP/1.1" status: 200 len: 1280 time: 0.0167689
2026-07-02 10:58:59.940 10 INFO neutron.wsgi [None req-8db779d9-d07a-49ad-977b-5b6807462a49 7a0d84665b1f4a1288833aa07236b752 e5697475b2504714a97ee12d834598e3 - - default default] 10.0.0.188 "GET /v2.0/subnets HTTP/1.1" status: 200 len: 1437 time: 0.0361159
2026-07-02 10:58:59.950 10 INFO neutron.wsgi [None req-c46fd2c6-aec7-4ef9-974c-72fb69137726 7a0d84665b1f4a1288833aa07236b752 e5697475b2504714a97ee12d834598e3 - - default default] 10.0.0.188 "GET /v2.0/subnetpools HTTP/1.1" status: 200 len: 193 time: 0.0094602
2026-07-02 10:58:59.968 10 INFO neutron.wsgi [None req-e5b6c1fc-6fa3-4f5d-9031-eea5a03ea2aa 7a0d84665b1f4a1288833aa07236b752 e5697475b2504714a97ee12d834598e3 - - default default] 10.0.0.188 "GET /v2.0/floatingips HTTP/1.1" status: 200 len: 193 time: 0.0170846
2026-07-02 10:59:00.018 10 INFO neutron.wsgi [None req-d68b92bb-4519-4a2c-aa67-963214600fcb 7a0d84665b1f4a1288833aa07236b752 e5697475b2504714a97ee12d834598e3 - - default default] 10.0.0.188 "GET /v2.0/security-groups HTTP/1.1" status: 200 len: 16795 time: 0.0489228
2026-07-02 10:59:00.039 10 INFO neutron.wsgi [None req-cf9ae7b9-5e8f-47a2-b38d-5a64d635e81c 7a0d84665b1f4a1288833aa07236b752 e5697475b2504714a97ee12d834598e3 - - default default] 10.0.0.188 "GET /v2.0/agents HTTP/1.1" status: 200 len: 997 time: 0.0184276
2026-07-02 10:59:00.076 10 INFO neutron.wsgi [None req-4ab6b8f2-1c01-4645-b2af-4ebf5af591e5 7a0d84665b1f4a1288833aa07236b752 e5697475b2504714a97ee12d834598e3 - - default default] 10.0.0.188 "GET /v2.0/subnets HTTP/1.1" status: 200 len: 1437 time: 0.0358973
2026-07-02 10:59:14.742 10 INFO neutron.wsgi [-] 10.0.0.127 "GET / HTTP/1.1" status: 200 len: 247 time: 0.0026133
2026-07-02 10:59:14.742 9 INFO neutron.wsgi [-] 10.0.0.127 "GET / HTTP/1.1" status: 200 len: 247 time: 0.0025280
2026-07-02 10:59:29.741 10 INFO neutron.wsgi [-] 10.0.0.127 "GET / HTTP/1.1" status: 200 len: 247 time: 0.0024250
2026-07-02 10:59:29.742 9 INFO neutron.wsgi [-] 10.0.0.127 "GET / HTTP/1.1" status: 200 len: 247 time: 0.0035040
2026-07-02 10:59:44.743 10 INFO neutron.wsgi [-] 10.0.0.127 "GET / HTTP/1.1" status: 200 len: 247 time: 0.0036345
2026-07-02 10:59:44.744 10 INFO neutron.wsgi [-] 10.0.0.127 "GET / HTTP/1.1" status: 200 len: 247 time: 0.0010564
2026-07-02 10:59:59.715 10 INFO neutron.wsgi [None req-add32230-7cfe-49cb-82fc-9ce09ccf7125 7a0d84665b1f4a1288833aa07236b752 e5697475b2504714a97ee12d834598e3 - - default default] 10.0.0.188 "GET /v2.0/subnets HTTP/1.1" status: 200 len: 1437 time: 0.0885084
2026-07-02 10:59:59.726 10 INFO neutron.wsgi [None req-2ec6437e-472c-41c2-8b39-22f58ef6e9c1 7a0d84665b1f4a1288833aa07236b752 e5697475b2504714a97ee12d834598e3 - - default default] 10.0.0.188 "GET /v2.0/subnetpools HTTP/1.1" status: 200 len: 193 time: 0.0101013
2026-07-02 10:59:59.743 9 INFO neutron.wsgi [-] 10.0.0.127 "GET / HTTP/1.1" status: 200 len: 247 time: 0.0034552
2026-07-02 10:59:59.746 9 INFO neutron.wsgi [-] 10.0.0.127 "GET / HTTP/1.1" status: 200 len: 247 time: 0.0020084
2026-07-02 10:59:59.791 10 INFO neutron.wsgi [None req-6b93c8c9-1fdf-4bb1-bcfd-48e41edd2814 7a0d84665b1f4a1288833aa07236b752 e5697475b2504714a97ee12d834598e3 - - default default] 10.0.0.188 "GET /v2.0/networks HTTP/1.1" status: 200 len: 2350 time: 0.0641580
2026-07-02 10:59:59.849 10 INFO neutron.wsgi [None req-7f2ac9d7-b0f6-4527-8eb2-0dbfbc58e53b 7a0d84665b1f4a1288833aa07236b752 e5697475b2504714a97ee12d834598e3 - - default default] 10.0.0.188 "GET /v2.0/ports HTTP/1.1" status: 200 len: 5343 time: 0.0536480
2026-07-02 10:59:59.866 10 INFO neutron.wsgi [None req-c17fe6f9-a8f7-4cc7-8d7a-9bd8d74f99c0 7a0d84665b1f4a1288833aa07236b752 e5697475b2504714a97ee12d834598e3 - - default default] 10.0.0.188 "GET /v2.0/network-ip-availabilities HTTP/1.1" status: 200 len: 1280 time: 0.0129471
2026-07-02 10:59:59.900 10 INFO neutron.wsgi [None req-41f9d813-3fd9-4424-8b91-20a612cc71ed 7a0d84665b1f4a1288833aa07236b752 e5697475b2504714a97ee12d834598e3 - - default default] 10.0.0.188 "GET /v2.0/subnets HTTP/1.1" status: 200 len: 1437 time: 0.0339148
2026-07-02 10:59:59.928 10 INFO neutron.wsgi [None req-fc1f066e-3668-4992-bf5b-76193b297f09 7a0d84665b1f4a1288833aa07236b752 e5697475b2504714a97ee12d834598e3 - - default default] 10.0.0.188 "GET /v2.0/floatingips HTTP/1.1" status: 200 len: 193 time: 0.0258937
2026-07-02 10:59:59.988 10 INFO neutron.wsgi [None req-cdb8e110-2161-4a85-a35c-47959c97799d 7a0d84665b1f4a1288833aa07236b752 e5697475b2504714a97ee12d834598e3 - - default default] 10.0.0.188 "GET /v2.0/security-groups HTTP/1.1" status: 200 len: 16795 time: 0.0584452
2026-07-02 11:00:00.047 10 INFO neutron.wsgi [None req-6a1d8a81-4044-44de-903f-3d48c5ff5cd5 7a0d84665b1f4a1288833aa07236b752 e5697475b2504714a97ee12d834598e3 - - default default] 10.0.0.188 "GET /v2.0/agents HTTP/1.1" status: 200 len: 997 time: 0.0512075
2026-07-02 11:00:00.083 10 INFO neutron.wsgi [None req-094f553e-7bf2-42ba-8113-32bd6799fac8 7a0d84665b1f4a1288833aa07236b752 e5697475b2504714a97ee12d834598e3 - - default default] 10.0.0.188 "GET /v2.0/routers HTTP/1.1" status: 200 len: 189 time: 0.0350094
2026-07-02 11:00:00.096 10 INFO neutron.wsgi [None req-3d20a452-0c30-4dbe-b805-454521ade1bd 7a0d84665b1f4a1288833aa07236b752 e5697475b2504714a97ee12d834598e3 - - default default] 10.0.0.188 "GET /v2.0/agents?binary=ovn-controller HTTP/1.1" status: 200 len: 591 time: 0.0128183
2026-07-02 11:00:14.742 9 INFO neutron.wsgi [-] 10.0.0.127 "GET / HTTP/1.1" status: 200 len: 247 time: 0.0023732
2026-07-02 11:00:14.744 9 INFO neutron.wsgi [-] 10.0.0.127 "GET / HTTP/1.1" status: 200 len: 247 time: 0.0019534
2026-07-02 11:00:29.741 9 INFO neutron.wsgi [-] 10.0.0.127 "GET / HTTP/1.1" status: 200 len: 247 time: 0.0023491
2026-07-02 11:00:29.742 10 INFO neutron.wsgi [-] 10.0.0.127 "GET / HTTP/1.1" status: 200 len: 247 time: 0.0033000
2026-07-02 11:00:31.442 15 INFO neutron.db.ovn_revision_numbers_db [None req-7984f7a1-23d6-4770-ad61-803def9ac27d - - - - - -] Successfully bumped revision number for resource 244e32e1-7ba6-4b93-8abc-0fdb3899f958 (type: security_groups) to 5
2026-07-02 11:00:31.443 15 INFO neutron.plugins.ml2.drivers.ovn.mech_driver.ovsdb.maintenance [None req-7984f7a1-23d6-4770-ad61-803def9ac27d - - - - - -] Maintenance task: Synchronization finished (took 0.05 seconds)
2026-07-02 11:00:44.741 10 INFO neutron.wsgi [-] 10.0.0.127 "GET / HTTP/1.1" status: 200 len: 247 time: 0.0015385
2026-07-02 11:00:44.742 9 INFO neutron.wsgi [-] 10.0.0.127 "GET / HTTP/1.1" status: 200 len: 247 time: 0.0032947
2026-07-02 11:00:59.682 10 INFO neutron.wsgi [None req-5ac07a96-49ec-4e5e-8ec5-e7ea0de2a269 7a0d84665b1f4a1288833aa07236b752 e5697475b2504714a97ee12d834598e3 - - default default] 10.0.0.188 "GET /v2.0/subnets HTTP/1.1" status: 200 len: 1437 time: 0.0787520
2026-07-02 11:00:59.726 10 INFO neutron.wsgi [None req-4ab073e7-06d5-4fa1-9a6f-8754bb626af5 7a0d84665b1f4a1288833aa07236b752 e5697475b2504714a97ee12d834598e3 - - default default] 10.0.0.188 "GET /v2.0/ports HTTP/1.1" status: 200 len: 5343 time: 0.0434535
2026-07-02 11:00:59.742 9 INFO neutron.wsgi [-] 10.0.0.127 "GET / HTTP/1.1" status: 200 len: 247 time: 0.0025072
2026-07-02 11:00:59.745 9 INFO neutron.wsgi [-] 10.0.0.127 "GET / HTTP/1.1" status: 200 len: 247 time: 0.0020094
2026-07-02 11:00:59.747 10 INFO neutron.wsgi [None req-a2aee43b-330d-47e0-a560-690a2e516391 7a0d84665b1f4a1288833aa07236b752 e5697475b2504714a97ee12d834598e3 - - default default] 10.0.0.188 "GET /v2.0/routers HTTP/1.1" status: 200 len: 189 time: 0.0181308
2026-07-02 11:00:59.775 10 INFO neutron.wsgi [None req-bda53987-81fe-408c-81e4-247ae8090c86 7a0d84665b1f4a1288833aa07236b752 e5697475b2504714a97ee12d834598e3 - - default default] 10.0.0.188 "GET /v2.0/agents?binary=ovn-controller HTTP/1.1" status: 200 len: 591 time: 0.0275726
2026-07-02 11:00:59.791 10 INFO neutron.wsgi [None req-1362665a-827c-46ca-bc28-c21353bbbebb 7a0d84665b1f4a1288833aa07236b752 e5697475b2504714a97ee12d834598e3 - - default default] 10.0.0.188 "GET /v2.0/floatingips HTTP/1.1" status: 200 len: 193 time: 0.0143268
2026-07-02 11:00:59.799 10 INFO neutron.wsgi [None req-bf6c49d4-10f8-4b4d-9597-6b43a66db34e 7a0d84665b1f4a1288833aa07236b752 e5697475b2504714a97ee12d834598e3 - - default default] 10.0.0.188 "GET /v2.0/agents HTTP/1.1" status: 200 len: 997 time: 0.0083396
2026-07-02 11:00:59.809 10 INFO neutron.wsgi [None req-14417459-66d7-43c7-a2a7-4bca52f8cce3 7a0d84665b1f4a1288833aa07236b752 e5697475b2504714a97ee12d834598e3 - - default default] 10.0.0.188 "GET /v2.0/network-ip-availabilities HTTP/1.1" status: 200 len: 1280 time: 0.0087349
2026-07-02 11:00:59.836 10 INFO neutron.wsgi [None req-34ecac35-2824-436f-a6a4-13449212a31d 7a0d84665b1f4a1288833aa07236b752 e5697475b2504714a97ee12d834598e3 - - default default] 10.0.0.188 "GET /v2.0/subnets HTTP/1.1" status: 200 len: 1437 time: 0.0260456
2026-07-02 11:00:59.845 10 INFO neutron.wsgi [None req-ca3dea1c-43ad-45b5-a2c5-9bee5ae54862 7a0d84665b1f4a1288833aa07236b752 e5697475b2504714a97ee12d834598e3 - - default default] 10.0.0.188 "GET /v2.0/subnetpools HTTP/1.1" status: 200 len: 193 time: 0.0078576
2026-07-02 11:00:59.920 10 INFO neutron.wsgi [None req-76a9b875-984c-4828-9902-77b927ab1242 7a0d84665b1f4a1288833aa07236b752 e5697475b2504714a97ee12d834598e3 - - default default] 10.0.0.188 "GET /v2.0/networks HTTP/1.1" status: 200 len: 2350 time: 0.0742242
2026-07-02 11:00:59.966 10 INFO neutron.wsgi [None req-d0d9a513-2e99-4617-b825-64687d8de06a 7a0d84665b1f4a1288833aa07236b752 e5697475b2504714a97ee12d834598e3 - - default default] 10.0.0.188 "GET /v2.0/security-groups HTTP/1.1" status: 200 len: 16795 time: 0.0443482
2026-07-02 11:01:14.740 9 INFO neutron.wsgi [-] 10.0.0.127 "GET / HTTP/1.1" status: 200 len: 247 time: 0.0018775
2026-07-02 11:01:14.742 10 INFO neutron.wsgi [-] 10.0.0.127 "GET / HTTP/1.1" status: 200 len: 247 time: 0.0030391
2026-07-02 11:01:29.741 10 INFO neutron.wsgi [-] 10.0.0.127 "GET / HTTP/1.1" status: 200 len: 247 time: 0.0023134
2026-07-02 11:01:29.742 9 INFO neutron.wsgi [-] 10.0.0.127 "GET / HTTP/1.1" status: 200 len: 247 time: 0.0028658
2026-07-02 11:01:44.743 10 INFO neutron.wsgi [-] 10.0.0.127 "GET / HTTP/1.1" status: 200 len: 247 time: 0.0036774
2026-07-02 11:01:44.745 10 INFO neutron.wsgi [-] 10.0.0.127 "GET / HTTP/1.1" status: 200 len: 247 time: 0.0015078
2026-07-02 11:01:59.741 10 INFO neutron.wsgi [-] 10.0.0.127 "GET / HTTP/1.1" status: 200 len: 247 time: 0.0015998
2026-07-02 11:01:59.743 9 INFO neutron.wsgi [-] 10.0.0.127 "GET / HTTP/1.1" status: 200 len: 247 time: 0.0037856
2026-07-02 11:01:59.928 10 INFO neutron.wsgi [None req-566e488c-e4e6-4dcf-9765-6a6de708358c 7a0d84665b1f4a1288833aa07236b752 e5697475b2504714a97ee12d834598e3 - - default default] 10.0.0.188 "GET /v2.0/networks HTTP/1.1" status: 200 len: 2350 time: 0.1536264
2026-07-02 11:01:59.980 10 INFO neutron.wsgi [None req-75d13fde-6670-4f19-9610-23aea7c4d7b3 7a0d84665b1f4a1288833aa07236b752 e5697475b2504714a97ee12d834598e3 - - default default] 10.0.0.188 "GET /v2.0/ports HTTP/1.1" status: 200 len: 5343 time: 0.0502334
2026-07-02 11:02:00.030 10 INFO neutron.wsgi [None req-2ac82eba-1f2b-48df-8e45-673b064b038a 7a0d84665b1f4a1288833aa07236b752 e5697475b2504714a97ee12d834598e3 - - default default] 10.0.0.188 "GET /v2.0/agents HTTP/1.1" status: 200 len: 997 time: 0.0456882
2026-07-02 11:02:00.048 10 INFO neutron.wsgi [None req-55db0d5f-d72a-4c8f-a4f1-37e175dc3158 7a0d84665b1f4a1288833aa07236b752 e5697475b2504714a97ee12d834598e3 - - default default] 10.0.0.188 "GET /v2.0/network-ip-availabilities HTTP/1.1" status: 200 len: 1280 time: 0.0166411
2026-07-02 11:02:00.103 10 INFO neutron.wsgi [None req-919adb60-0a9e-4fa6-b464-01224aff6bbd 7a0d84665b1f4a1288833aa07236b752 e5697475b2504714a97ee12d834598e3 - - default default] 10.0.0.188 "GET /v2.0/subnets HTTP/1.1" status: 200 len: 1437 time: 0.0535796
2026-07-02 11:02:00.130 10 INFO neutron.wsgi [None req-9e29f276-138c-4d39-9cbc-b6b225528ab5 7a0d84665b1f4a1288833aa07236b752 e5697475b2504714a97ee12d834598e3 - - default default] 10.0.0.188 "GET /v2.0/routers HTTP/1.1" status: 200 len: 189 time: 0.0253847
2026-07-02 11:02:00.144 10 INFO neutron.wsgi [None req-591afd61-c7f4-423d-b0ee-cf82d293939d 7a0d84665b1f4a1288833aa07236b752 e5697475b2504714a97ee12d834598e3 - - default default] 10.0.0.188 "GET /v2.0/agents?binary=ovn-controller HTTP/1.1" status: 200 len: 591 time: 0.0118048
2026-07-02 11:02:00.189 10 INFO neutron.wsgi [None req-dac44f3b-79f8-48d6-bafc-41155d1ad4ce 7a0d84665b1f4a1288833aa07236b752 e5697475b2504714a97ee12d834598e3 - - default default] 10.0.0.188 "GET /v2.0/subnets HTTP/1.1" status: 200 len: 1437 time: 0.0446930
2026-07-02 11:02:00.199 10 INFO neutron.wsgi [None req-7c12a7ed-56e6-4bb7-8cff-0f3cde4b284a 7a0d84665b1f4a1288833aa07236b752 e5697475b2504714a97ee12d834598e3 - - default default] 10.0.0.188 "GET /v2.0/subnetpools HTTP/1.1" status: 200 len: 193 time: 0.0086484
2026-07-02 11:02:00.217 10 INFO neutron.wsgi [None req-f6560e33-29a9-445d-9f5f-f5e72f8b197f 7a0d84665b1f4a1288833aa07236b752 e5697475b2504714a97ee12d834598e3 - - default default] 10.0.0.188 "GET /v2.0/floatingips HTTP/1.1" status: 200 len: 193 time: 0.0174487
2026-07-02 11:02:00.285 10 INFO neutron.wsgi [None req-c585d72b-2b2b-4fa1-bc31-7af7fecd2960 7a0d84665b1f4a1288833aa07236b752 e5697475b2504714a97ee12d834598e3 - - default default] 10.0.0.188 "GET /v2.0/security-groups HTTP/1.1" status: 200 len: 16795 time: 0.0657196
2026-07-02 11:02:14.740 10 INFO neutron.wsgi [-] 10.0.0.127 "GET / HTTP/1.1" status: 200 len: 247 time: 0.0017474
2026-07-02 11:02:14.743 9 INFO neutron.wsgi [-] 10.0.0.127 "GET / HTTP/1.1" status: 200 len: 247 time: 0.0038230
2026-07-02 11:02:29.742 9 INFO neutron.wsgi [-] 10.0.0.127 "GET / HTTP/1.1" status: 200 len: 247 time: 0.0024703
2026-07-02 11:02:29.741 10 INFO neutron.wsgi [-] 10.0.0.127 "GET / HTTP/1.1" status: 200 len: 247 time: 0.0019269
2026-07-02 11:02:44.744 9 INFO neutron.wsgi [-] 10.0.0.127 "GET / HTTP/1.1" status: 200 len: 247 time: 0.0034244
2026-07-02 11:02:44.744 10 INFO neutron.wsgi [-] 10.0.0.127 "GET / HTTP/1.1" status: 200 len: 247 time: 0.0051732
2026-07-02 11:02:59.741 10 INFO neutron.wsgi [None req-ff80c163-92df-4d61-889c-f8976bce8fac 7a0d84665b1f4a1288833aa07236b752 e5697475b2504714a97ee12d834598e3 - - default default] 10.0.0.188 "GET /v2.0/routers HTTP/1.1" status: 200 len: 189 time: 0.0679173
2026-07-02 11:02:59.742 9 INFO neutron.wsgi [-] 10.0.0.127 "GET / HTTP/1.1" status: 200 len: 247 time: 0.0023708
2026-07-02 11:02:59.744 9 INFO neutron.wsgi [-] 10.0.0.127 "GET / HTTP/1.1" status: 200 len: 247 time: 0.0019889
2026-07-02 11:02:59.795 10 INFO neutron.wsgi [None req-5cf11ec5-f131-4adb-8477-5ad81e54789e 7a0d84665b1f4a1288833aa07236b752 e5697475b2504714a97ee12d834598e3 - - default default] 10.0.0.188 "GET /v2.0/agents?binary=ovn-controller HTTP/1.1" status: 200 len: 591 time: 0.0528445
2026-07-02 11:02:59.826 10 INFO neutron.wsgi [None req-70663f3a-9407-47a5-9411-2ad2d7cead53 7a0d84665b1f4a1288833aa07236b752 e5697475b2504714a97ee12d834598e3 - - default default] 10.0.0.188 "GET /v2.0/subnets HTTP/1.1" status: 200 len: 1437 time: 0.0305634
2026-07-02 11:02:59.839 10 INFO neutron.wsgi [None req-c43c0377-7e4f-4a5f-af5f-d1ec3e3ea981 7a0d84665b1f4a1288833aa07236b752 e5697475b2504714a97ee12d834598e3 - - default default] 10.0.0.188 "GET /v2.0/subnetpools HTTP/1.1" status: 200 len: 193 time: 0.0115261
2026-07-02 11:02:59.907 10 INFO neutron.wsgi [None req-8b6150f5-8d3e-4e30-a127-2c9a85396ef7 7a0d84665b1f4a1288833aa07236b752 e5697475b2504714a97ee12d834598e3 - - default default] 10.0.0.188 "GET /v2.0/networks HTTP/1.1" status: 200 len: 2350 time: 0.0677040
2026-07-02 11:02:59.966 10 INFO neutron.wsgi [None req-87e763f7-a384-4aaa-98bd-adfc92ce413f 7a0d84665b1f4a1288833aa07236b752 e5697475b2504714a97ee12d834598e3 - - default default] 10.0.0.188 "GET /v2.0/ports HTTP/1.1" status: 200 len: 5343 time: 0.0568609
2026-07-02 11:02:59.992 10 INFO neutron.wsgi [None req-cbaffea5-d52d-4f17-8f71-06fa94ce9603 7a0d84665b1f4a1288833aa07236b752 e5697475b2504714a97ee12d834598e3 - - default default] 10.0.0.188 "GET /v2.0/floatingips HTTP/1.1" status: 200 len: 193 time: 0.0233109
2026-07-02 11:03:00.066 10 INFO neutron.wsgi [None req-b7c98dee-70b6-4a82-a9ec-c2adc879da5f 7a0d84665b1f4a1288833aa07236b752 e5697475b2504714a97ee12d834598e3 - - default default] 10.0.0.188 "GET /v2.0/security-groups HTTP/1.1" status: 200 len: 16795 time: 0.0730686
2026-07-02 11:03:00.088 10 INFO neutron.wsgi [None req-3b217a0f-e27d-40f4-a501-086a28094e65 7a0d84665b1f4a1288833aa07236b752 e5697475b2504714a97ee12d834598e3 - - default default] 10.0.0.188 "GET /v2.0/agents HTTP/1.1" status: 200 len: 997 time: 0.0150106
2026-07-02 11:03:00.104 10 INFO neutron.wsgi [None req-6dc35288-5020-4b4e-96e9-3a3c5d993a68 7a0d84665b1f4a1288833aa07236b752 e5697475b2504714a97ee12d834598e3 - - default default] 10.0.0.188 "GET /v2.0/network-ip-availabilities HTTP/1.1" status: 200 len: 1280 time: 0.0138154
2026-07-02 11:03:00.139 10 INFO neutron.wsgi [None req-be8828fd-fd2a-4efc-a1fd-f5d578c34784 7a0d84665b1f4a1288833aa07236b752 e5697475b2504714a97ee12d834598e3 - - default default] 10.0.0.188 "GET /v2.0/subnets HTTP/1.1" status: 200 len: 1437 time: 0.0342216
2026-07-02 11:03:14.740 10 INFO neutron.wsgi [-] 10.0.0.127 "GET / HTTP/1.1" status: 200 len: 247 time: 0.0015621
2026-07-02 11:03:14.740 9 INFO neutron.wsgi [-] 10.0.0.127 "GET / HTTP/1.1" status: 200 len: 247 time: 0.0017555
2026-07-02 11:03:29.742 10 INFO neutron.wsgi [-] 10.0.0.127 "GET / HTTP/1.1" status: 200 len: 247 time: 0.0025940
2026-07-02 11:03:29.745 10 INFO neutron.wsgi [-] 10.0.0.127 "GET / HTTP/1.1" status: 200 len: 247 time: 0.0024145
2026-07-02 11:03:44.740 10 INFO neutron.wsgi [-] 10.0.0.127 "GET / HTTP/1.1" status: 200 len: 247 time: 0.0014508
2026-07-02 11:03:44.741 9 INFO neutron.wsgi [-] 10.0.0.127 "GET / HTTP/1.1" status: 200 len: 247 time: 0.0024562
2026-07-02 11:03:59.737 10 INFO neutron.wsgi [None req-e2a49872-d454-42ef-a40c-883d0c3da129 7a0d84665b1f4a1288833aa07236b752 e5697475b2504714a97ee12d834598e3 - - default default] 10.0.0.188 "GET /v2.0/agents HTTP/1.1" status: 200 len: 997 time: 0.0926452
2026-07-02 11:03:59.740 10 INFO neutron.wsgi [-] 10.0.0.127 "GET / HTTP/1.1" status: 200 len: 247 time: 0.0014031
2026-07-02 11:03:59.742 9 INFO neutron.wsgi [-] 10.0.0.127 "GET / HTTP/1.1" status: 200 len: 247 time: 0.0029440
2026-07-02 11:03:59.750 10 INFO neutron.wsgi [None req-4e75741c-609a-4401-b052-6bebb34d9546 7a0d84665b1f4a1288833aa07236b752 e5697475b2504714a97ee12d834598e3 - - default default] 10.0.0.188 "GET /v2.0/network-ip-availabilities HTTP/1.1" status: 200 len: 1280 time: 0.0121205
2026-07-02 11:03:59.770 10 INFO neutron.wsgi [None req-68a60b12-51a2-4304-8152-291dc6e11de1 7a0d84665b1f4a1288833aa07236b752 e5697475b2504714a97ee12d834598e3 - - default default] 10.0.0.188 "GET /v2.0/floatingips HTTP/1.1" status: 200 len: 193 time: 0.0188987
2026-07-02 11:03:59.813 10 INFO neutron.wsgi [None req-3c9b66ff-5cb5-408e-8dca-7f2a62623654 7a0d84665b1f4a1288833aa07236b752 e5697475b2504714a97ee12d834598e3 - - default default] 10.0.0.188 "GET /v2.0/ports HTTP/1.1" status: 200 len: 5343 time: 0.0422759
2026-07-02 11:03:59.864 10 INFO neutron.wsgi [None req-a5ed42e9-c8dd-473c-a108-1cb265edbd43 7a0d84665b1f4a1288833aa07236b752 e5697475b2504714a97ee12d834598e3 - - default default] 10.0.0.188 "GET /v2.0/security-groups HTTP/1.1" status: 200 len: 16795 time: 0.0479417
2026-07-02 11:03:59.915 10 INFO neutron.wsgi [None req-ddaaaa53-a66c-4f06-b84e-9c9134bbf0d3 7a0d84665b1f4a1288833aa07236b752 e5697475b2504714a97ee12d834598e3 - - default default] 10.0.0.188 "GET /v2.0/subnets HTTP/1.1" status: 200 len: 1437 time: 0.0366604
2026-07-02 11:03:59.926 10 INFO neutron.wsgi [None req-61f09b55-3e1f-4beb-840d-d973b00d8826 7a0d84665b1f4a1288833aa07236b752 e5697475b2504714a97ee12d834598e3 - - default default] 10.0.0.188 "GET /v2.0/subnetpools HTTP/1.1" status: 200 len: 193 time: 0.0098903
2026-07-02 11:03:59.962 10 INFO neutron.wsgi [None req-88ad8ed0-17be-4120-a7dc-68ed0ef309a6 7a0d84665b1f4a1288833aa07236b752 e5697475b2504714a97ee12d834598e3 - - default default] 10.0.0.188 "GET /v2.0/subnets HTTP/1.1" status: 200 len: 1437 time: 0.0347071
2026-07-02 11:04:00.033 10 INFO neutron.wsgi [None req-2c709330-2a2f-4556-8603-c0455afc8326 7a0d84665b1f4a1288833aa07236b752 e5697475b2504714a97ee12d834598e3 - - default default] 10.0.0.188 "GET /v2.0/networks HTTP/1.1" status: 200 len: 2350 time: 0.0703440
2026-07-02 11:04:00.077 10 INFO neutron.wsgi [None req-ba46171e-b650-47fb-ac45-ab4affe37e63 7a0d84665b1f4a1288833aa07236b752 e5697475b2504714a97ee12d834598e3 - - default default] 10.0.0.188 "GET /v2.0/routers HTTP/1.1" status: 200 len: 189 time: 0.0400026
2026-07-02 11:04:00.090 10 INFO neutron.wsgi [None req-b0423744-e06a-4e1f-b5cd-4b33b462093b 7a0d84665b1f4a1288833aa07236b752 e5697475b2504714a97ee12d834598e3 - - default default] 10.0.0.188 "GET /v2.0/agents?binary=ovn-controller HTTP/1.1" status: 200 len: 591 time: 0.0125685
2026-07-02 11:04:14.742 10 INFO neutron.wsgi [-] 10.0.0.127 "GET / HTTP/1.1" status: 200 len: 247 time: 0.0023830
2026-07-02 11:04:14.742 9 INFO neutron.wsgi [-] 10.0.0.127 "GET / HTTP/1.1" status: 200 len: 247 time: 0.0025873
2026-07-02 11:04:29.740 9 INFO neutron.wsgi [-] 10.0.0.127 "GET / HTTP/1.1" status: 200 len: 247 time: 0.0015261
2026-07-02 11:04:29.740 10 INFO neutron.wsgi [-] 10.0.0.127 "GET / HTTP/1.1" status: 200 len: 247 time: 0.0017817
2026-07-02 11:04:44.741 9 INFO neutron.wsgi [-] 10.0.0.127 "GET / HTTP/1.1" status: 200 len: 247 time: 0.0021253
2026-07-02 11:04:44.741 10 INFO neutron.wsgi [-] 10.0.0.127 "GET / HTTP/1.1" status: 200 len: 247 time: 0.0026314
2026-07-02 11:04:59.741 10 INFO neutron.wsgi [-] 10.0.0.127 "GET / HTTP/1.1" status: 200 len: 247 time: 0.0017018
2026-07-02 11:04:59.742 9 INFO neutron.wsgi [-] 10.0.0.127 "GET / HTTP/1.1" status: 200 len: 247 time: 0.0025904
2026-07-02 11:04:59.812 10 INFO neutron.wsgi [None req-56464b8c-9f5c-482e-bb56-84171bdc827f 7a0d84665b1f4a1288833aa07236b752 e5697475b2504714a97ee12d834598e3 - - default default] 10.0.0.188 "GET /v2.0/agents HTTP/1.1" status: 200 len: 997 time: 0.1136842
2026-07-02 11:04:59.857 10 INFO neutron.wsgi [None req-fab8c30e-73c4-4ea0-8b3b-0de651cbf121 7a0d84665b1f4a1288833aa07236b752 e5697475b2504714a97ee12d834598e3 - - default default] 10.0.0.188 "GET /v2.0/subnets HTTP/1.1" status: 200 len: 1437 time: 0.0438681
2026-07-02 11:04:59.865 10 INFO neutron.wsgi [None req-df9bc5aa-c036-4c4c-82a5-4a5e0c667fb9 7a0d84665b1f4a1288833aa07236b752 e5697475b2504714a97ee12d834598e3 - - default default] 10.0.0.188 "GET /v2.0/subnetpools HTTP/1.1" status: 200 len: 193 time: 0.0075865
2026-07-02 11:04:59.916 10 INFO neutron.wsgi [None req-19ffd417-9b8e-41d9-95f8-9907707b2a2f 7a0d84665b1f4a1288833aa07236b752 e5697475b2504714a97ee12d834598e3 - - default default] 10.0.0.188 "GET /v2.0/ports HTTP/1.1" status: 200 len: 5343 time: 0.0493982
2026-07-02 11:04:59.949 10 INFO neutron.wsgi [None req-7e60e492-96db-4b35-949c-730bf39164fe 7a0d84665b1f4a1288833aa07236b752 e5697475b2504714a97ee12d834598e3 - - default default] 10.0.0.188 "GET /v2.0/routers HTTP/1.1" status: 200 len: 189 time: 0.0284643
2026-07-02 11:04:59.963 10 INFO neutron.wsgi [None req-7e756202-d12b-4666-8c52-9a1fca514d61 7a0d84665b1f4a1288833aa07236b752 e5697475b2504714a97ee12d834598e3 - - default default] 10.0.0.188 "GET /v2.0/agents?binary=ovn-controller HTTP/1.1" status: 200 len: 591 time: 0.0116284
2026-07-02 11:04:59.991 10 INFO neutron.wsgi [None req-c84ca9d1-4590-4846-8c74-cd0efd95c30b 7a0d84665b1f4a1288833aa07236b752 e5697475b2504714a97ee12d834598e3 - - default default] 10.0.0.188 "GET /v2.0/floatingips HTTP/1.1" status: 200 len: 193 time: 0.0265648
2026-07-02 11:05:00.085 10 INFO neutron.wsgi [None req-d3f36b4e-0332-449d-90c2-7293eab1cb3a 7a0d84665b1f4a1288833aa07236b752 e5697475b2504714a97ee12d834598e3 - - default default] 10.0.0.188 "GET /v2.0/networks HTTP/1.1" status: 200 len: 2350 time: 0.0931020
2026-07-02 11:05:00.101 10 INFO neutron.wsgi [None req-e0251d5e-10b5-4130-8b11-e1d84ffaf912 7a0d84665b1f4a1288833aa07236b752 e5697475b2504714a97ee12d834598e3 - - default default] 10.0.0.188 "GET /v2.0/network-ip-availabilities HTTP/1.1" status: 200 len: 1280 time: 0.0140758
2026-07-02 11:05:00.150 10 INFO neutron.wsgi [None req-1a1fb58c-f104-4e80-ba1e-a4d073658f4d 7a0d84665b1f4a1288833aa07236b752 e5697475b2504714a97ee12d834598e3 - - default default] 10.0.0.188 "GET /v2.0/subnets HTTP/1.1" status: 200 len: 1437 time: 0.0482485
2026-07-02 11:05:00.219 10 INFO neutron.wsgi [None req-4c3482eb-c9f6-43cf-b571-ff556edf85aa 7a0d84665b1f4a1288833aa07236b752 e5697475b2504714a97ee12d834598e3 - - default default] 10.0.0.188 "GET /v2.0/security-groups HTTP/1.1" status: 200 len: 16795 time: 0.0563705
2026-07-02 11:05:14.741 9 INFO neutron.wsgi [-] 10.0.0.127 "GET / HTTP/1.1" status: 200 len: 247 time: 0.0025458
2026-07-02 11:05:14.743 10 INFO neutron.wsgi [-] 10.0.0.127 "GET / HTTP/1.1" status: 200 len: 247 time: 0.0039434
2026-07-02 11:05:29.743 10 INFO neutron.wsgi [-] 10.0.0.127 "GET / HTTP/1.1" status: 200 len: 247 time: 0.0026813
2026-07-02 11:05:29.743 9 INFO neutron.wsgi [-] 10.0.0.127 "GET / HTTP/1.1" status: 200 len: 247 time: 0.0032406
2026-07-02 11:05:44.742 9 INFO neutron.wsgi [-] 10.0.0.127 "GET / HTTP/1.1" status: 200 len: 247 time: 0.0025306
2026-07-02 11:05:44.744 10 INFO neutron.wsgi [-] 10.0.0.127 "GET / HTTP/1.1" status: 200 len: 247 time: 0.0046980
2026-07-02 11:05:59.740 9 INFO neutron.wsgi [-] 10.0.0.127 "GET / HTTP/1.1" status: 200 len: 247 time: 0.0014584
2026-07-02 11:05:59.743 9 INFO neutron.wsgi [-] 10.0.0.127 "GET / HTTP/1.1" status: 200 len: 247 time: 0.0011415
2026-07-02 11:05:59.785 10 INFO neutron.wsgi [None req-8dd6dc06-2fb5-4d7d-9359-3d54754cb087 7a0d84665b1f4a1288833aa07236b752 e5697475b2504714a97ee12d834598e3 - - default default] 10.0.0.188 "GET /v2.0/ports HTTP/1.1" status: 200 len: 5343 time: 0.1324849
2026-07-02 11:05:59.841 10 INFO neutron.wsgi [None req-54b671e0-267c-4a47-b70a-fe6d544ee5e3 7a0d84665b1f4a1288833aa07236b752 e5697475b2504714a97ee12d834598e3 - - default default] 10.0.0.188 "GET /v2.0/agents HTTP/1.1" status: 200 len: 997 time: 0.0506570
2026-07-02 11:05:59.864 10 INFO neutron.wsgi [None req-48407a1e-51dd-4272-98da-d44494a76af1 7a0d84665b1f4a1288833aa07236b752 e5697475b2504714a97ee12d834598e3 - - default default] 10.0.0.188 "GET /v2.0/floatingips HTTP/1.1" status: 200 len: 193 time: 0.0202446
2026-07-02 11:05:59.892 10 INFO neutron.wsgi [None req-23a9a755-9aa4-43e2-bfbf-d7af36d57815 7a0d84665b1f4a1288833aa07236b752 e5697475b2504714a97ee12d834598e3 - - default default] 10.0.0.188 "GET /v2.0/subnets HTTP/1.1" status: 200 len: 1437 time: 0.0276947
2026-07-02 11:05:59.914 10 INFO neutron.wsgi [None req-e66f96d6-d655-4203-a28f-cc4cbae438eb 7a0d84665b1f4a1288833aa07236b752 e5697475b2504714a97ee12d834598e3 - - default default] 10.0.0.188 "GET /v2.0/routers HTTP/1.1" status: 200 len: 189 time: 0.0208225
2026-07-02 11:05:59.925 10 INFO neutron.wsgi [None req-66bca345-ce4c-49cc-80ea-8e3f9f2d9019 7a0d84665b1f4a1288833aa07236b752 e5697475b2504714a97ee12d834598e3 - - default default] 10.0.0.188 "GET /v2.0/agents?binary=ovn-controller HTTP/1.1" status: 200 len: 591 time: 0.0102537
2026-07-02 11:05:59.940 10 INFO neutron.wsgi [None req-195180c5-7d46-4d84-a18b-9b462e2bd145 7a0d84665b1f4a1288833aa07236b752 e5697475b2504714a97ee12d834598e3 - - default default] 10.0.0.188 "GET /v2.0/network-ip-availabilities HTTP/1.1" status: 200 len: 1280 time: 0.0138757
2026-07-02 11:06:00.031 10 INFO neutron.wsgi [None req-78ba6c70-5f25-4050-bee8-d21489c5e182 7a0d84665b1f4a1288833aa07236b752 e5697475b2504714a97ee12d834598e3 - - default default] 10.0.0.188 "GET /v2.0/networks HTTP/1.1" status: 200 len: 2350 time: 0.0902553
