2026-07-02 11:18:37.069 10 INFO neutron.db.ovn_revision_numbers_db [None req-c5dc1955-89cb-4e81-83a8-68d43ba37848 49bbfea4ad2f461489106c0b8b913bd7 98ec112854d4458798efd6c8b4ee493b - - default default] Successfully bumped revision number for resource 8a7758a1-e264-4f7e-8a27-19576c8db05d (type: floatingips) to 0
2026-07-02 11:18:37.217 9 INFO neutron.db.ovn_revision_numbers_db [None req-87b488f1-b72c-48eb-b51e-5bb531dfb046 7a0d84665b1f4a1288833aa07236b752 e5697475b2504714a97ee12d834598e3 - - default default] Successfully bumped revision number for resource f3941be8-c644-42e8-a5df-1a139bed43c3 (type: security_groups) to 1
2026-07-02 11:18:37.221 10 INFO neutron.db.ovn_revision_numbers_db [None req-c5dc1955-89cb-4e81-83a8-68d43ba37848 49bbfea4ad2f461489106c0b8b913bd7 98ec112854d4458798efd6c8b4ee493b - - default default] Successfully bumped revision number for resource 8a7758a1-e264-4f7e-8a27-19576c8db05d (type: floatingips) to 1
2026-07-02 11:18:37.242 9 INFO neutron.db.ovn_revision_numbers_db [None req-87b488f1-b72c-48eb-b51e-5bb531dfb046 7a0d84665b1f4a1288833aa07236b752 e5697475b2504714a97ee12d834598e3 - - default default] Successfully bumped revision number for resource 599a7dc5-668a-454f-9ab8-a05441fc61c8 (type: security_group_rules) to 0
2026-07-02 11:18:37.253 10 INFO neutron.wsgi [None req-c5dc1955-89cb-4e81-83a8-68d43ba37848 49bbfea4ad2f461489106c0b8b913bd7 98ec112854d4458798efd6c8b4ee493b - - default default] 10.0.0.226 "POST /v2.0/floatingips HTTP/1.1" status: 201 len: 1098 time: 1.3997352
2026-07-02 11:18:37.268 9 INFO neutron.db.ovn_revision_numbers_db [None req-87b488f1-b72c-48eb-b51e-5bb531dfb046 7a0d84665b1f4a1288833aa07236b752 e5697475b2504714a97ee12d834598e3 - - default default] Successfully bumped revision number for resource 988a9c2d-dc7e-44b0-90f5-171caaec481e (type: security_group_rules) to 0
2026-07-02 11:18:37.291 9 INFO neutron.db.ovn_revision_numbers_db [None req-87b488f1-b72c-48eb-b51e-5bb531dfb046 7a0d84665b1f4a1288833aa07236b752 e5697475b2504714a97ee12d834598e3 - - default default] Successfully bumped revision number for resource bcaadbd9-7349-4ef3-a206-024b9f1f7749 (type: security_group_rules) to 0
2026-07-02 11:18:37.307 9 INFO neutron.db.ovn_revision_numbers_db [None req-87b488f1-b72c-48eb-b51e-5bb531dfb046 7a0d84665b1f4a1288833aa07236b752 e5697475b2504714a97ee12d834598e3 - - default default] Successfully bumped revision number for resource dd620b38-0162-4c7e-806f-cffae9cc8b96 (type: security_group_rules) to 0
2026-07-02 11:18:37.335 9 INFO neutron.wsgi [None req-87b488f1-b72c-48eb-b51e-5bb531dfb046 7a0d84665b1f4a1288833aa07236b752 e5697475b2504714a97ee12d834598e3 - - default default] 10.0.0.226 "GET /v2.0/security-groups?tenant_id=93990c4d11ac46508581a68dee3d0330&name=default HTTP/1.1" status: 200 len: 3000 time: 0.2363794
2026-07-02 11:18:37.671 9 INFO neutron.wsgi [None req-bcee4d36-4464-41a7-b504-1f1999c81e43 7a0d84665b1f4a1288833aa07236b752 e5697475b2504714a97ee12d834598e3 - - default default] 10.0.0.226 "DELETE /v2.0/security-groups/f3941be8-c644-42e8-a5df-1a139bed43c3 HTTP/1.1" status: 204 len: 168 time: 0.3319218
2026-07-02 11:18:40.570 9 INFO neutron.wsgi [None req-a5060dcb-02de-4aba-a10d-9a43eee3800a 7a0d84665b1f4a1288833aa07236b752 e5697475b2504714a97ee12d834598e3 - - default default] 199.19.213.141 "GET /v2.0/extensions/security-group HTTP/1.1" status: 200 len: 369 time: 0.0042849
2026-07-02 11:18:40.581 9 INFO neutron.wsgi [None req-fa34ad26-43be-480c-a355-eec89ea507c2 7a0d84665b1f4a1288833aa07236b752 e5697475b2504714a97ee12d834598e3 - - default default] 199.19.213.141 "GET /v2.0/extensions/dns-integration HTTP/1.1" status: 200 len: 371 time: 0.0065496
2026-07-02 11:18:40.592 9 INFO neutron.wsgi [None req-29e8c80c-b6a9-4611-81ac-fa7c9a39ed88 7a0d84665b1f4a1288833aa07236b752 e5697475b2504714a97ee12d834598e3 - - default default] 199.19.213.141 "GET /v2.0/extensions/qos HTTP/1.1" status: 200 len: 365 time: 0.0048573
2026-07-02 11:18:40.605 9 INFO neutron.wsgi [None req-36d8667a-addb-4480-a77f-6e0f7e67356a 7a0d84665b1f4a1288833aa07236b752 e5697475b2504714a97ee12d834598e3 - - default default] 199.19.213.141 "GET /v2.0/extensions/allowed-address-pairs HTTP/1.1" status: 200 len: 383 time: 0.0062835
2026-07-02 11:18:40.627 9 INFO neutron.api.v2.resource [None req-6328c627-c6c6-4576-a148-36558cd33704 7a0d84665b1f4a1288833aa07236b752 e5697475b2504714a97ee12d834598e3 - - default default] show failed (client error): The resource could not be found.
2026-07-02 11:18:40.629 9 INFO neutron.wsgi [None req-6328c627-c6c6-4576-a148-36558cd33704 7a0d84665b1f4a1288833aa07236b752 e5697475b2504714a97ee12d834598e3 - - default default] 199.19.213.141 "GET /v2.0/security-groups/lb-38b81be4-861c-4935-890f-0dea22151a40 HTTP/1.1" status: 404 len: 355 time: 0.0133007
2026-07-02 11:18:40.646 9 INFO neutron.db.ovn_revision_numbers_db [None req-436d797e-82c1-4c69-8bab-93027c73f85e - - - - - -] Successfully bumped revision number for resource e7fff5aa-b758-42d5-ab95-ed5e5d908a11 (type: ports) to 4
2026-07-02 11:18:40.673 9 INFO neutron.wsgi [None req-edfe2d32-5fd2-48af-8000-074ee1c1ec72 7a0d84665b1f4a1288833aa07236b752 e5697475b2504714a97ee12d834598e3 - - default default] 199.19.213.141 "GET /v2.0/security-groups?name=lb-38b81be4-861c-4935-890f-0dea22151a40 HTTP/1.1" status: 200 len: 1775 time: 0.0368323
2026-07-02 11:18:40.710 9 INFO neutron.wsgi [None req-5041d241-6ba2-487b-96e8-ac77a5b51c11 7a0d84665b1f4a1288833aa07236b752 e5697475b2504714a97ee12d834598e3 - - default default] 199.19.213.141 "GET /v2.0/security-group-rules?security_group_id=4a528a95-e020-4a07-af0b-71f7f6c89363 HTTP/1.1" status: 200 len: 1318 time: 0.0292563
2026-07-02 11:18:40.846 9 INFO neutron.db.ovn_revision_numbers_db [None req-448f90d8-0767-406d-ad85-4524e63476a4 7a0d84665b1f4a1288833aa07236b752 e5697475b2504714a97ee12d834598e3 - - default default] Successfully bumped revision number for resource 4b4873a4-4ace-4c33-a867-7e8115ca7488 (type: security_group_rules) to 0
2026-07-02 11:18:40.877 9 INFO neutron.wsgi [None req-448f90d8-0767-406d-ad85-4524e63476a4 7a0d84665b1f4a1288833aa07236b752 e5697475b2504714a97ee12d834598e3 - - default default] 199.19.213.141 "POST /v2.0/security-group-rules HTTP/1.1" status: 201 len: 769 time: 0.1590965
2026-07-02 11:18:41.041 9 INFO neutron.db.ovn_revision_numbers_db [None req-c9e51f56-d7ea-4ac5-9d8b-2763873ccf08 7a0d84665b1f4a1288833aa07236b752 e5697475b2504714a97ee12d834598e3 - - default default] Successfully bumped revision number for resource 95a2abc0-ef23-4084-bfc2-cd1ab02143ec (type: security_group_rules) to 0
2026-07-02 11:18:41.075 9 INFO neutron.wsgi [None req-c9e51f56-d7ea-4ac5-9d8b-2763873ccf08 7a0d84665b1f4a1288833aa07236b752 e5697475b2504714a97ee12d834598e3 - - default default] 199.19.213.141 "POST /v2.0/security-group-rules HTTP/1.1" status: 201 len: 773 time: 0.1910210
2026-07-02 11:18:42.562 9 WARNING neutron_lib.context [None req-7ff91952-bffe-4103-b7a3-845ce250b81c f0d895856c3944bcabcf58bf33c6dcb0 4006596c6c3e4cd2ae2de691e51427bb - - default default] Method 'is_advsvc' is deprecated since 2023.2 release (neutron-lib 3.8.0) and will be removed once support for the old RBAC API policies will be removed from Neutron. Please use method 'is_service_role' instead.
2026-07-02 11:18:42.701 9 INFO neutron.db.ovn_revision_numbers_db [None req-7ff91952-bffe-4103-b7a3-845ce250b81c f0d895856c3944bcabcf58bf33c6dcb0 4006596c6c3e4cd2ae2de691e51427bb - - default default] Successfully bumped revision number for resource e83dca14-4fa5-47b8-819c-97a0cfc5e899 (type: security_groups) to 1
2026-07-02 11:18:42.716 9 INFO neutron.db.ovn_revision_numbers_db [None req-7ff91952-bffe-4103-b7a3-845ce250b81c f0d895856c3944bcabcf58bf33c6dcb0 4006596c6c3e4cd2ae2de691e51427bb - - default default] Successfully bumped revision number for resource 43460350-d645-491b-b12f-15203bc51830 (type: security_group_rules) to 0
2026-07-02 11:18:42.731 9 INFO neutron.db.ovn_revision_numbers_db [None req-7ff91952-bffe-4103-b7a3-845ce250b81c f0d895856c3944bcabcf58bf33c6dcb0 4006596c6c3e4cd2ae2de691e51427bb - - default default] Successfully bumped revision number for resource 476e0f48-b8e0-46e8-bdbd-c47e66de4016 (type: security_group_rules) to 0
2026-07-02 11:18:42.760 9 INFO neutron.db.ovn_revision_numbers_db [None req-7ff91952-bffe-4103-b7a3-845ce250b81c f0d895856c3944bcabcf58bf33c6dcb0 4006596c6c3e4cd2ae2de691e51427bb - - default default] Successfully bumped revision number for resource 9eba6988-37c2-4414-8e0c-b2aa31919609 (type: security_group_rules) to 0
2026-07-02 11:18:42.779 9 INFO neutron.db.ovn_revision_numbers_db [None req-7ff91952-bffe-4103-b7a3-845ce250b81c f0d895856c3944bcabcf58bf33c6dcb0 4006596c6c3e4cd2ae2de691e51427bb - - default default] Successfully bumped revision number for resource e1a5ee0d-6946-41be-9b69-8325ecf7235a (type: security_group_rules) to 0
2026-07-02 11:18:42.870 9 INFO neutron.db.ovn_revision_numbers_db [None req-7ff91952-bffe-4103-b7a3-845ce250b81c f0d895856c3944bcabcf58bf33c6dcb0 4006596c6c3e4cd2ae2de691e51427bb - - default default] Successfully bumped revision number for resource bbdf4d50-eb08-4492-b774-85c187e85f16 (type: security_groups) to 1
2026-07-02 11:18:42.891 9 INFO neutron.db.ovn_revision_numbers_db [None req-7ff91952-bffe-4103-b7a3-845ce250b81c f0d895856c3944bcabcf58bf33c6dcb0 4006596c6c3e4cd2ae2de691e51427bb - - default default] Successfully bumped revision number for resource 89eadeb3-c14a-4ca1-92d4-ab54293f48f5 (type: security_group_rules) to 0
2026-07-02 11:18:42.914 9 INFO neutron.db.ovn_revision_numbers_db [None req-7ff91952-bffe-4103-b7a3-845ce250b81c f0d895856c3944bcabcf58bf33c6dcb0 4006596c6c3e4cd2ae2de691e51427bb - - default default] Successfully bumped revision number for resource 9be64976-b100-4dba-b0da-c53fa63fa04a (type: security_group_rules) to 0
2026-07-02 11:18:42.934 9 INFO neutron.wsgi [None req-7ff91952-bffe-4103-b7a3-845ce250b81c f0d895856c3944bcabcf58bf33c6dcb0 4006596c6c3e4cd2ae2de691e51427bb - - default default] 10.0.0.226 "POST /v2.0/security-groups HTTP/1.1" status: 201 len: 1739 time: 0.5688980
2026-07-02 11:18:42.946 9 WARNING neutron_lib.context [None req-706d00bd-874c-40aa-99f3-00718f232192 f0d895856c3944bcabcf58bf33c6dcb0 4006596c6c3e4cd2ae2de691e51427bb - - default default] Method 'is_advsvc' is deprecated since 2023.2 release (neutron-lib 3.8.0) and will be removed once support for the old RBAC API policies will be removed from Neutron. Please use method 'is_service_role' instead.
2026-07-02 11:18:43.109 9 INFO neutron.db.ovn_revision_numbers_db [None req-706d00bd-874c-40aa-99f3-00718f232192 f0d895856c3944bcabcf58bf33c6dcb0 4006596c6c3e4cd2ae2de691e51427bb - - default default] Successfully bumped revision number for resource e347454c-863d-4ae0-83e3-452f309e4cbf (type: security_groups) to 1
2026-07-02 11:18:43.131 9 INFO neutron.db.ovn_revision_numbers_db [None req-706d00bd-874c-40aa-99f3-00718f232192 f0d895856c3944bcabcf58bf33c6dcb0 4006596c6c3e4cd2ae2de691e51427bb - - default default] Successfully bumped revision number for resource ba9b784e-37be-41d1-8884-5e960dee898a (type: security_group_rules) to 0
2026-07-02 11:18:43.149 9 INFO neutron.db.ovn_revision_numbers_db [None req-706d00bd-874c-40aa-99f3-00718f232192 f0d895856c3944bcabcf58bf33c6dcb0 4006596c6c3e4cd2ae2de691e51427bb - - default default] Successfully bumped revision number for resource cea2b347-f748-4d53-b310-7ef362465702 (type: security_group_rules) to 0
2026-07-02 11:18:43.177 9 INFO neutron.wsgi [None req-706d00bd-874c-40aa-99f3-00718f232192 f0d895856c3944bcabcf58bf33c6dcb0 4006596c6c3e4cd2ae2de691e51427bb - - default default] 10.0.0.226 "POST /v2.0/security-groups HTTP/1.1" status: 201 len: 1739 time: 0.2359655
2026-07-02 11:18:43.188 9 WARNING neutron_lib.context [None req-8470d8eb-82e6-41db-a761-902e8002aea3 f0d895856c3944bcabcf58bf33c6dcb0 4006596c6c3e4cd2ae2de691e51427bb - - default default] Method 'is_advsvc' is deprecated since 2023.2 release (neutron-lib 3.8.0) and will be removed once support for the old RBAC API policies will be removed from Neutron. Please use method 'is_service_role' instead.
2026-07-02 11:18:43.318 9 INFO neutron.db.ovn_revision_numbers_db [None req-8470d8eb-82e6-41db-a761-902e8002aea3 f0d895856c3944bcabcf58bf33c6dcb0 4006596c6c3e4cd2ae2de691e51427bb - - default default] Successfully bumped revision number for resource 8ed1eb47-7188-43db-94af-b123c98e38fb (type: security_groups) to 1
2026-07-02 11:18:43.333 9 INFO neutron.db.ovn_revision_numbers_db [None req-8470d8eb-82e6-41db-a761-902e8002aea3 f0d895856c3944bcabcf58bf33c6dcb0 4006596c6c3e4cd2ae2de691e51427bb - - default default] Successfully bumped revision number for resource 76d5fbff-2d2f-4102-a05b-96afa20a5d43 (type: security_group_rules) to 0
2026-07-02 11:18:43.348 9 INFO neutron.db.ovn_revision_numbers_db [None req-8470d8eb-82e6-41db-a761-902e8002aea3 f0d895856c3944bcabcf58bf33c6dcb0 4006596c6c3e4cd2ae2de691e51427bb - - default default] Successfully bumped revision number for resource d3fac735-156d-4d09-bcde-c3000b326b63 (type: security_group_rules) to 0
2026-07-02 11:18:43.370 9 INFO neutron.wsgi [None req-8470d8eb-82e6-41db-a761-902e8002aea3 f0d895856c3944bcabcf58bf33c6dcb0 4006596c6c3e4cd2ae2de691e51427bb - - default default] 10.0.0.226 "POST /v2.0/security-groups HTTP/1.1" status: 201 len: 1739 time: 0.1863310
2026-07-02 11:18:43.384 9 WARNING neutron_lib.context [None req-293b1149-dc7b-4a3f-a7c9-e3acfe8561e8 f0d895856c3944bcabcf58bf33c6dcb0 4006596c6c3e4cd2ae2de691e51427bb - - default default] Method 'is_advsvc' is deprecated since 2023.2 release (neutron-lib 3.8.0) and will be removed once support for the old RBAC API policies will be removed from Neutron. Please use method 'is_service_role' instead.
2026-07-02 11:18:43.543 9 INFO neutron.db.ovn_revision_numbers_db [None req-293b1149-dc7b-4a3f-a7c9-e3acfe8561e8 f0d895856c3944bcabcf58bf33c6dcb0 4006596c6c3e4cd2ae2de691e51427bb - - default default] Successfully bumped revision number for resource 1ae2bbc4-023d-4162-9c05-a2152bbd1a35 (type: security_groups) to 1
2026-07-02 11:18:43.561 9 INFO neutron.db.ovn_revision_numbers_db [None req-293b1149-dc7b-4a3f-a7c9-e3acfe8561e8 f0d895856c3944bcabcf58bf33c6dcb0 4006596c6c3e4cd2ae2de691e51427bb - - default default] Successfully bumped revision number for resource c30c3480-feea-4efa-a03c-8bc6c5cffe2b (type: security_group_rules) to 0
2026-07-02 11:18:43.580 9 INFO neutron.db.ovn_revision_numbers_db [None req-293b1149-dc7b-4a3f-a7c9-e3acfe8561e8 f0d895856c3944bcabcf58bf33c6dcb0 4006596c6c3e4cd2ae2de691e51427bb - - default default] Successfully bumped revision number for resource daf70544-b710-479c-b973-b41339fe40e7 (type: security_group_rules) to 0
2026-07-02 11:18:43.603 9 INFO neutron.wsgi [None req-293b1149-dc7b-4a3f-a7c9-e3acfe8561e8 f0d895856c3944bcabcf58bf33c6dcb0 4006596c6c3e4cd2ae2de691e51427bb - - default default] 10.0.0.226 "POST /v2.0/security-groups HTTP/1.1" status: 201 len: 1739 time: 0.2258039
2026-07-02 11:18:43.616 9 WARNING neutron_lib.context [None req-858df74d-3f4c-4665-91b3-0b0131d50d4a f0d895856c3944bcabcf58bf33c6dcb0 4006596c6c3e4cd2ae2de691e51427bb - - default default] Method 'is_advsvc' is deprecated since 2023.2 release (neutron-lib 3.8.0) and will be removed once support for the old RBAC API policies will be removed from Neutron. Please use method 'is_service_role' instead.
2026-07-02 11:18:43.743 9 INFO neutron.db.ovn_revision_numbers_db [None req-858df74d-3f4c-4665-91b3-0b0131d50d4a f0d895856c3944bcabcf58bf33c6dcb0 4006596c6c3e4cd2ae2de691e51427bb - - default default] Successfully bumped revision number for resource 7a772a62-9a40-4f8f-8358-f651c05b2071 (type: security_groups) to 1
2026-07-02 11:18:43.761 9 INFO neutron.db.ovn_revision_numbers_db [None req-858df74d-3f4c-4665-91b3-0b0131d50d4a f0d895856c3944bcabcf58bf33c6dcb0 4006596c6c3e4cd2ae2de691e51427bb - - default default] Successfully bumped revision number for resource 080fecc7-a1e9-42ca-8894-44d6d9717897 (type: security_group_rules) to 0
2026-07-02 11:18:43.780 9 INFO neutron.db.ovn_revision_numbers_db [None req-858df74d-3f4c-4665-91b3-0b0131d50d4a f0d895856c3944bcabcf58bf33c6dcb0 4006596c6c3e4cd2ae2de691e51427bb - - default default] Successfully bumped revision number for resource 1baaa923-4209-4a03-9c97-f375c80da9b3 (type: security_group_rules) to 0
2026-07-02 11:18:43.807 9 INFO neutron.wsgi [None req-858df74d-3f4c-4665-91b3-0b0131d50d4a f0d895856c3944bcabcf58bf33c6dcb0 4006596c6c3e4cd2ae2de691e51427bb - - default default] 10.0.0.226 "POST /v2.0/security-groups HTTP/1.1" status: 201 len: 1739 time: 0.1979973
2026-07-02 11:18:43.855 9 INFO neutron.wsgi [None req-50f8b1bb-076b-4678-b62a-052b745c2fc4 f0d895856c3944bcabcf58bf33c6dcb0 4006596c6c3e4cd2ae2de691e51427bb - - default default] 10.0.0.226 "PUT /v2.0/security-groups/bbdf4d50-eb08-4492-b774-85c187e85f16/tags HTTP/1.1" status: 200 len: 210 time: 0.0423172
2026-07-02 11:18:43.893 9 INFO neutron.wsgi [None req-7e192bcf-da9e-4a3a-a57c-394cef703a52 f0d895856c3944bcabcf58bf33c6dcb0 4006596c6c3e4cd2ae2de691e51427bb - - default default] 10.0.0.226 "PUT /v2.0/security-groups/e347454c-863d-4ae0-83e3-452f309e4cbf/tags HTTP/1.1" status: 200 len: 218 time: 0.0322917
2026-07-02 11:18:43.933 9 INFO neutron.wsgi [None req-e4a719e0-a11f-4d6a-beb2-29089b023edd f0d895856c3944bcabcf58bf33c6dcb0 4006596c6c3e4cd2ae2de691e51427bb - - default default] 10.0.0.226 "PUT /v2.0/security-groups/8ed1eb47-7188-43db-94af-b123c98e38fb/tags HTTP/1.1" status: 200 len: 227 time: 0.0331948 /var/lib/openstack/lib/python3.10/site-packages/pycadf/identifier.py:71: UserWarning: Invalid uuid: neutron. To ensure interoperability, identifiers should be a valid uuid. warnings.warn(('Invalid uuid: %s. To ensure interoperability, '
2026-07-02 11:18:43.982 10 INFO neutron.wsgi [None req-8fbd4d47-f814-4694-af4b-c940278ba224 f0d895856c3944bcabcf58bf33c6dcb0 4006596c6c3e4cd2ae2de691e51427bb - - default default] 10.0.0.226 "PUT /v2.0/security-groups/1ae2bbc4-023d-4162-9c05-a2152bbd1a35/tags HTTP/1.1" status: 200 len: 212 time: 0.0434339
2026-07-02 11:18:44.046 10 INFO neutron.wsgi [None req-b07e5545-fb3f-410d-947f-fddc94f3e4f5 f0d895856c3944bcabcf58bf33c6dcb0 4006596c6c3e4cd2ae2de691e51427bb - - default default] 10.0.0.226 "GET /v2.0/security-groups?tags=red HTTP/1.1" status: 200 len: 4819 time: 0.0583100
2026-07-02 11:18:44.116 9 INFO neutron.wsgi [None req-c4687bda-5446-4ad8-bea9-6b739f87e459 f0d895856c3944bcabcf58bf33c6dcb0 4006596c6c3e4cd2ae2de691e51427bb - - default default] 10.0.0.226 "GET /v2.0/security-groups?tags=red%2Cblue HTTP/1.1" status: 200 len: 3293 time: 0.0629287
2026-07-02 11:18:44.178 9 INFO neutron.wsgi [None req-7100dae1-c168-412d-aa24-9dbffa15dc7c f0d895856c3944bcabcf58bf33c6dcb0 4006596c6c3e4cd2ae2de691e51427bb - - default default] 10.0.0.226 "GET /v2.0/security-groups?tags-any=blue HTTP/1.1" status: 200 len: 3293 time: 0.0578814
2026-07-02 11:18:44.237 9 INFO neutron.wsgi [None req-c06a3f46-8cfd-4df5-9589-37b798fcaae0 f0d895856c3944bcabcf58bf33c6dcb0 4006596c6c3e4cd2ae2de691e51427bb - - default default] 10.0.0.226 "GET /v2.0/security-groups?tags-any=red%2Cblue HTTP/1.1" status: 200 len: 4819 time: 0.0531971
2026-07-02 11:18:44.297 9 INFO neutron.wsgi [None req-47daad8e-9e8f-4f19-b63e-992c65a87158 f0d895856c3944bcabcf58bf33c6dcb0 4006596c6c3e4cd2ae2de691e51427bb - - default default] 10.0.0.226 "GET /v2.0/security-groups?not-tags=red HTTP/1.1" status: 200 len: 6049 time: 0.0540798
2026-07-02 11:18:44.354 9 INFO neutron.wsgi [None req-12fada16-1c60-4e3d-8e3d-075ea63ee467 f0d895856c3944bcabcf58bf33c6dcb0 4006596c6c3e4cd2ae2de691e51427bb - - default default] 10.0.0.226 "GET /v2.0/security-groups?not-tags=red%2Cblue HTTP/1.1" status: 200 len: 7575 time: 0.0514128
2026-07-02 11:18:44.411 9 INFO neutron.wsgi [None req-6913016f-1501-4381-9155-111369008733 f0d895856c3944bcabcf58bf33c6dcb0 4006596c6c3e4cd2ae2de691e51427bb - - default default] 10.0.0.226 "GET /v2.0/security-groups?not-tags-any=blue HTTP/1.1" status: 200 len: 7575 time: 0.0520658
2026-07-02 11:18:44.467 9 INFO neutron.wsgi [None req-89803e75-eec4-46e4-b938-8619663e18d0 f0d895856c3944bcabcf58bf33c6dcb0 4006596c6c3e4cd2ae2de691e51427bb - - default default] 10.0.0.226 "GET /v2.0/security-groups?not-tags-any=red%2Cblue HTTP/1.1" status: 200 len: 6049 time: 0.0500221
2026-07-02 11:18:44.612 9 INFO neutron.wsgi [None req-9343ed2b-8d30-4676-bda4-9a7f166f450b f0d895856c3944bcabcf58bf33c6dcb0 4006596c6c3e4cd2ae2de691e51427bb - - default default] 10.0.0.226 "DELETE /v2.0/security-groups/bbdf4d50-eb08-4492-b774-85c187e85f16 HTTP/1.1" status: 204 len: 168 time: 0.1376958
2026-07-02 11:18:44.732 9 INFO neutron.wsgi [None req-bf2846bc-3c88-4743-90c5-4be1c8a27f23 f0d895856c3944bcabcf58bf33c6dcb0 4006596c6c3e4cd2ae2de691e51427bb - - default default] 10.0.0.226 "DELETE /v2.0/security-groups/e347454c-863d-4ae0-83e3-452f309e4cbf HTTP/1.1" status: 204 len: 168 time: 0.1145611
2026-07-02 11:18:44.743 10 INFO neutron.wsgi [-] 10.0.0.127 "GET / HTTP/1.1" status: 200 len: 247 time: 0.0033123
2026-07-02 11:18:44.746 10 INFO neutron.wsgi [-] 10.0.0.127 "GET / HTTP/1.1" status: 200 len: 247 time: 0.0013421
2026-07-02 11:18:44.856 9 INFO neutron.wsgi [None req-417ac100-c802-4c48-abaa-811782424388 f0d895856c3944bcabcf58bf33c6dcb0 4006596c6c3e4cd2ae2de691e51427bb - - default default] 10.0.0.226 "DELETE /v2.0/security-groups/8ed1eb47-7188-43db-94af-b123c98e38fb HTTP/1.1" status: 204 len: 168 time: 0.1190612
2026-07-02 11:18:44.968 9 INFO neutron.wsgi [None req-0a88cbe7-d5e7-4034-920e-f44712a1aeb1 f0d895856c3944bcabcf58bf33c6dcb0 4006596c6c3e4cd2ae2de691e51427bb - - default default] 10.0.0.226 "DELETE /v2.0/security-groups/1ae2bbc4-023d-4162-9c05-a2152bbd1a35 HTTP/1.1" status: 204 len: 168 time: 0.1074772
2026-07-02 11:18:45.106 9 INFO neutron.wsgi [None req-603939b7-c577-47c1-a222-48a12de21011 f0d895856c3944bcabcf58bf33c6dcb0 4006596c6c3e4cd2ae2de691e51427bb - - default default] 10.0.0.226 "DELETE /v2.0/security-groups/7a772a62-9a40-4f8f-8358-f651c05b2071 HTTP/1.1" status: 204 len: 168 time: 0.1314034
2026-07-02 11:18:46.309 9 INFO neutron.wsgi [None req-ce457964-2911-4d05-a33e-562fee4b7ea2 7a0d84665b1f4a1288833aa07236b752 e5697475b2504714a97ee12d834598e3 - - default default] 10.0.0.226 "GET /v2.0/security-groups?tenant_id=4006596c6c3e4cd2ae2de691e51427bb&name=default HTTP/1.1" status: 200 len: 3000 time: 0.2318563
2026-07-02 11:18:46.548 9 INFO neutron.wsgi [None req-43aeb993-8f60-42a7-924a-ebfa80c455f4 7a0d84665b1f4a1288833aa07236b752 e5697475b2504714a97ee12d834598e3 - - default default] 10.0.0.226 "DELETE /v2.0/security-groups/e83dca14-4fa5-47b8-819c-97a0cfc5e899 HTTP/1.1" status: 204 len: 168 time: 0.2340534
2026-07-02 11:18:46.769 9 INFO neutron.db.ovn_revision_numbers_db [None req-f8a1094c-1012-49c5-921c-a56810181131 7a0d84665b1f4a1288833aa07236b752 e5697475b2504714a97ee12d834598e3 - - default default] Successfully bumped revision number for resource 76a00b7a-20ca-45a5-a647-9cd78ee7f8e3 (type: security_groups) to 1
2026-07-02 11:18:46.785 9 INFO neutron.db.ovn_revision_numbers_db [None req-f8a1094c-1012-49c5-921c-a56810181131 7a0d84665b1f4a1288833aa07236b752 e5697475b2504714a97ee12d834598e3 - - default default] Successfully bumped revision number for resource 0e1e91d4-7aae-4920-8e34-0a270ea83b60 (type: security_group_rules) to 0
2026-07-02 11:18:46.802 9 INFO neutron.db.ovn_revision_numbers_db [None req-f8a1094c-1012-49c5-921c-a56810181131 7a0d84665b1f4a1288833aa07236b752 e5697475b2504714a97ee12d834598e3 - - default default] Successfully bumped revision number for resource 3dbc8636-d1a1-4649-aeb2-998bc059e299 (type: security_group_rules) to 0
2026-07-02 11:18:46.821 9 INFO neutron.db.ovn_revision_numbers_db [None req-f8a1094c-1012-49c5-921c-a56810181131 7a0d84665b1f4a1288833aa07236b752 e5697475b2504714a97ee12d834598e3 - - default default] Successfully bumped revision number for resource 438b69a4-cf06-4762-9618-8231c96bb4f9 (type: security_group_rules) to 0
2026-07-02 11:18:46.835 9 INFO neutron.db.ovn_revision_numbers_db [None req-f8a1094c-1012-49c5-921c-a56810181131 7a0d84665b1f4a1288833aa07236b752 e5697475b2504714a97ee12d834598e3 - - default default] Successfully bumped revision number for resource 6c6645ca-1df5-4424-8c89-28e5bd752304 (type: security_group_rules) to 0
2026-07-02 11:18:46.859 9 INFO neutron.wsgi [None req-f8a1094c-1012-49c5-921c-a56810181131 7a0d84665b1f4a1288833aa07236b752 e5697475b2504714a97ee12d834598e3 - - default default] 10.0.0.226 "GET /v2.0/security-groups?tenant_id=eec0f1b195d44cd496fd99b8cf35b224&name=default HTTP/1.1" status: 200 len: 3000 time: 0.2053497
2026-07-02 11:18:47.147 9 INFO neutron.wsgi [None req-761c4674-bb5a-41bb-be85-1e07060f6ad7 7a0d84665b1f4a1288833aa07236b752 e5697475b2504714a97ee12d834598e3 - - default default] 10.0.0.226 "DELETE /v2.0/security-groups/76a00b7a-20ca-45a5-a647-9cd78ee7f8e3 HTTP/1.1" status: 204 len: 168 time: 0.2824373
2026-07-02 11:18:47.437 9 INFO neutron.db.ovn_revision_numbers_db [None req-f8235f1a-1869-4fe3-b12f-44d67a8b31c2 7a0d84665b1f4a1288833aa07236b752 e5697475b2504714a97ee12d834598e3 - - default default] Successfully bumped revision number for resource d4e787a7-1bbf-459f-ad49-61fd17cdc898 (type: security_groups) to 1
2026-07-02 11:18:47.458 9 INFO neutron.db.ovn_revision_numbers_db [None req-f8235f1a-1869-4fe3-b12f-44d67a8b31c2 7a0d84665b1f4a1288833aa07236b752 e5697475b2504714a97ee12d834598e3 - - default default] Successfully bumped revision number for resource 018bb2b3-b1a7-47ba-9f04-e7b656795864 (type: security_group_rules) to 0
2026-07-02 11:18:47.477 9 INFO neutron.db.ovn_revision_numbers_db [None req-f8235f1a-1869-4fe3-b12f-44d67a8b31c2 7a0d84665b1f4a1288833aa07236b752 e5697475b2504714a97ee12d834598e3 - - default default] Successfully bumped revision number for resource 70da0d6f-0d2b-49bb-b6cb-1a6f2ce49092 (type: security_group_rules) to 0
2026-07-02 11:18:47.495 9 INFO neutron.db.ovn_revision_numbers_db [None req-f8235f1a-1869-4fe3-b12f-44d67a8b31c2 7a0d84665b1f4a1288833aa07236b752 e5697475b2504714a97ee12d834598e3 - - default default] Successfully bumped revision number for resource 99f6023d-ca58-4cf9-9073-c4b8df67f10b (type: security_group_rules) to 0
2026-07-02 11:18:47.518 9 INFO neutron.db.ovn_revision_numbers_db [None req-f8235f1a-1869-4fe3-b12f-44d67a8b31c2 7a0d84665b1f4a1288833aa07236b752 e5697475b2504714a97ee12d834598e3 - - default default] Successfully bumped revision number for resource b7a20e6f-6e04-4f77-b2a6-a1bc3cb65d6f (type: security_group_rules) to 0
2026-07-02 11:18:47.550 9 INFO neutron.wsgi [None req-f8235f1a-1869-4fe3-b12f-44d67a8b31c2 7a0d84665b1f4a1288833aa07236b752 e5697475b2504714a97ee12d834598e3 - - default default] 10.0.0.226 "GET /v2.0/security-groups?tenant_id=759b8f3df4e74753aec9675d30f2d7e1&name=default HTTP/1.1" status: 200 len: 3000 time: 0.2408481
2026-07-02 11:18:47.773 9 INFO neutron.wsgi [None req-4f406a3f-8827-4ee0-8f6b-34e31304d085 7a0d84665b1f4a1288833aa07236b752 e5697475b2504714a97ee12d834598e3 - - default default] 10.0.0.226 "DELETE /v2.0/security-groups/d4e787a7-1bbf-459f-ad49-61fd17cdc898 HTTP/1.1" status: 204 len: 168 time: 0.2183719
2026-07-02 11:18:49.322 10 INFO neutron.wsgi [None req-25ed8f2a-e631-401b-8b94-d816adf3125c 7a0d84665b1f4a1288833aa07236b752 e5697475b2504714a97ee12d834598e3 - - default default] 10.0.0.55 "GET /v2.0/extensions/security-group HTTP/1.1" status: 200 len: 369 time: 0.1325231
2026-07-02 11:18:49.338 10 INFO neutron.wsgi [None req-694ee2d8-bb80-4a48-8e84-58ce72606c19 7a0d84665b1f4a1288833aa07236b752 e5697475b2504714a97ee12d834598e3 - - default default] 10.0.0.55 "GET /v2.0/extensions/dns-integration HTTP/1.1" status: 200 len: 371 time: 0.0083470
2026-07-02 11:18:49.352 10 INFO neutron.wsgi [None req-f08571a4-4958-4dd0-a887-6861d0a9037c 7a0d84665b1f4a1288833aa07236b752 e5697475b2504714a97ee12d834598e3 - - default default] 10.0.0.55 "GET /v2.0/extensions/qos HTTP/1.1" status: 200 len: 365 time: 0.0075877
2026-07-02 11:18:49.366 10 INFO neutron.wsgi [None req-8f16808e-24ab-4c52-96b4-300a17d19272 7a0d84665b1f4a1288833aa07236b752 e5697475b2504714a97ee12d834598e3 - - default default] 10.0.0.55 "GET /v2.0/extensions/allowed-address-pairs HTTP/1.1" status: 200 len: 383 time: 0.0086203
2026-07-02 11:18:49.954 10 INFO neutron.wsgi [-] 10.0.0.55 "GET / HTTP/1.1" status: 200 len: 284 time: 0.0025105
2026-07-02 11:18:50.037 9 INFO neutron.wsgi [None req-67e6d696-4bb3-4cd3-bbfc-7c5bbb1955a2 49bbfea4ad2f461489106c0b8b913bd7 98ec112854d4458798efd6c8b4ee493b - - default default] 10.0.0.55 "GET /v2.0/subnets/f7b53675-723a-4a56-87e1-48c0005bf51b HTTP/1.1" status: 200 len: 831 time: 0.0677168
2026-07-02 11:18:51.305 9 INFO neutron.wsgi [None req-3728ed6d-52cb-4500-afb0-01b59b9271bb 7a0d84665b1f4a1288833aa07236b752 e5697475b2504714a97ee12d834598e3 - - default default] 199.19.213.141 "GET /v2.0/extensions/security-group HTTP/1.1" status: 200 len: 369 time: 0.0076749
2026-07-02 11:18:51.316 9 INFO neutron.wsgi [None req-3529ab93-6bdb-43d4-b9fd-22472873e3b7 7a0d84665b1f4a1288833aa07236b752 e5697475b2504714a97ee12d834598e3 - - default default] 199.19.213.141 "GET /v2.0/extensions/dns-integration HTTP/1.1" status: 200 len: 371 time: 0.0053608
2026-07-02 11:18:51.325 9 INFO neutron.wsgi [None req-702faa41-52f4-46e5-88db-34476b67f81b 7a0d84665b1f4a1288833aa07236b752 e5697475b2504714a97ee12d834598e3 - - default default] 199.19.213.141 "GET /v2.0/extensions/qos HTTP/1.1" status: 200 len: 365 time: 0.0044870
2026-07-02 11:18:51.337 9 INFO neutron.wsgi [None req-919e646c-f4ed-47c0-b7bc-c7bb7d84b984 7a0d84665b1f4a1288833aa07236b752 e5697475b2504714a97ee12d834598e3 - - default default] 199.19.213.141 "GET /v2.0/extensions/allowed-address-pairs HTTP/1.1" status: 200 len: 383 time: 0.0076082
2026-07-02 11:18:51.380 9 INFO neutron.wsgi [None req-1506077e-8869-4cfb-89de-d48d53f2b0fd 7a0d84665b1f4a1288833aa07236b752 e5697475b2504714a97ee12d834598e3 - - default default] 199.19.213.141 "GET /v2.0/subnets/f7b53675-723a-4a56-87e1-48c0005bf51b HTTP/1.1" status: 200 len: 849 time: 0.0336955
2026-07-02 11:18:51.429 9 INFO neutron.wsgi [None req-c562da81-133e-4f4d-bab3-41c3d0db472c 7a0d84665b1f4a1288833aa07236b752 e5697475b2504714a97ee12d834598e3 - - default default] 199.19.213.141 "GET /v2.0/ports?device_id=aba589ac-246a-4a3f-b0d3-cd05dc9f9131 HTTP/1.1" status: 200 len: 2716 time: 0.0421007
2026-07-02 11:18:51.603 9 INFO neutron.wsgi [None req-be12a4b6-b02a-4236-b1b6-9718785109b0 7a0d84665b1f4a1288833aa07236b752 e5697475b2504714a97ee12d834598e3 - - default default] 199.19.213.141 "GET /v2.0/extensions/security-group HTTP/1.1" status: 200 len: 369 time: 0.0069587
2026-07-02 11:18:51.612 9 INFO neutron.wsgi [None req-cea2e165-10ca-4c6a-b419-6e9d455e5592 7a0d84665b1f4a1288833aa07236b752 e5697475b2504714a97ee12d834598e3 - - default default] 199.19.213.141 "GET /v2.0/extensions/dns-integration HTTP/1.1" status: 200 len: 371 time: 0.0039599
2026-07-02 11:18:51.622 9 INFO neutron.wsgi [None req-33c5bfa3-40d3-494e-b8dc-790f97f21b9b 7a0d84665b1f4a1288833aa07236b752 e5697475b2504714a97ee12d834598e3 - - default default] 199.19.213.141 "GET /v2.0/extensions/qos HTTP/1.1" status: 200 len: 365 time: 0.0049779
2026-07-02 11:18:51.633 9 INFO neutron.wsgi [None req-d04ce552-fec9-44fd-9ebf-22e2da026646 7a0d84665b1f4a1288833aa07236b752 e5697475b2504714a97ee12d834598e3 - - default default] 199.19.213.141 "GET /v2.0/extensions/allowed-address-pairs HTTP/1.1" status: 200 len: 383 time: 0.0055909
2026-07-02 11:18:51.851 10 INFO neutron.wsgi [req-c53c531b-7754-49ac-9687-36b624fa4319 req-06411a0b-4721-4f25-81c5-ce06f3f1efb6 5e007a168c114cf0992cd5247cb77e21 98bc5b0445ff45cf89441821158b4c60 - - 3dee5ac9e49443bea5daf9f44cd7a7ec 3dee5ac9e49443bea5daf9f44cd7a7ec] 199.19.213.141 "GET /v2.0/networks/746e2fad-9601-45f2-8411-da596206b535?fields=segments HTTP/1.1" status: 200 len: 212 time: 0.1104965
2026-07-02 11:18:51.928 10 INFO neutron.wsgi [req-c53c531b-7754-49ac-9687-36b624fa4319 req-6034098e-f374-4df7-8086-7e1e8c917e98 5e007a168c114cf0992cd5247cb77e21 98bc5b0445ff45cf89441821158b4c60 - - 3dee5ac9e49443bea5daf9f44cd7a7ec 3dee5ac9e49443bea5daf9f44cd7a7ec] 199.19.213.141 "GET /v2.0/networks/746e2fad-9601-45f2-8411-da596206b535?fields=provider%3Aphysical_network&fields=provider%3Anetwork_type HTTP/1.1" status: 200 len: 277 time: 0.0683000
2026-07-02 11:18:52.031 10 INFO neutron.wsgi [req-c53c531b-7754-49ac-9687-36b624fa4319 req-f2dd7354-e53c-46ed-b3f0-77c5a1be8ae8 7a0d84665b1f4a1288833aa07236b752 e5697475b2504714a97ee12d834598e3 - - default default] 199.19.213.141 "GET /v2.0/networks?id=746e2fad-9601-45f2-8411-da596206b535 HTTP/1.1" status: 200 len: 1003 time: 0.0782247
2026-07-02 11:18:52.394 10 WARNING neutron.scheduler.dhcp_agent_scheduler [req-c53c531b-7754-49ac-9687-36b624fa4319 req-2bd4d791-22f7-4827-8ec0-6c266115e0b1 7a0d84665b1f4a1288833aa07236b752 e5697475b2504714a97ee12d834598e3 - - default default] No more DHCP agents
2026-07-02 11:18:52.397 10 WARNING neutron.api.rpc.agentnotifiers.dhcp_rpc_agent_api [req-c53c531b-7754-49ac-9687-36b624fa4319 req-2bd4d791-22f7-4827-8ec0-6c266115e0b1 7a0d84665b1f4a1288833aa07236b752 e5697475b2504714a97ee12d834598e3 - - default default] Unable to schedule network 746e2fad-9601-45f2-8411-da596206b535: no agents available; will retry on subsequent port and subnet creation events.
2026-07-02 11:18:52.602 10 INFO neutron.db.ovn_revision_numbers_db [req-c53c531b-7754-49ac-9687-36b624fa4319 req-2bd4d791-22f7-4827-8ec0-6c266115e0b1 7a0d84665b1f4a1288833aa07236b752 e5697475b2504714a97ee12d834598e3 - - default default] Successfully bumped revision number for resource c8d14810-b0c5-4097-a1d6-42a790e35a13 (type: ports) to 1
2026-07-02 11:18:52.631 10 INFO neutron.wsgi [req-c53c531b-7754-49ac-9687-36b624fa4319 req-2bd4d791-22f7-4827-8ec0-6c266115e0b1 7a0d84665b1f4a1288833aa07236b752 e5697475b2504714a97ee12d834598e3 - - default default] 199.19.213.141 "POST /v2.0/ports HTTP/1.1" status: 201 len: 1500 time: 0.5940356 /var/lib/openstack/lib/python3.10/site-packages/pycadf/identifier.py:71: UserWarning: Invalid uuid: neutron. To ensure interoperability, identifiers should be a valid uuid. warnings.warn(('Invalid uuid: %s. To ensure interoperability, '
2026-07-02 11:18:52.813 9 WARNING neutron_lib.context [None req-2c108f4d-b475-46f2-a3e9-f948127bf6d1 596dbc0143af42de9b7b2c53811b75f7 7265b7469b004ed09dfd4813b9c8ded2 - - default default] Method 'is_advsvc' is deprecated since 2023.2 release (neutron-lib 3.8.0) and will be removed once support for the old RBAC API policies will be removed from Neutron. Please use method 'is_service_role' instead.
2026-07-02 11:18:52.868 9 INFO neutron.wsgi [None req-2c108f4d-b475-46f2-a3e9-f948127bf6d1 596dbc0143af42de9b7b2c53811b75f7 7265b7469b004ed09dfd4813b9c8ded2 - - default default] 10.0.0.226 "POST /v2.0/subnetpools HTTP/1.1" status: 201 len: 715 time: 0.2646046
2026-07-02 11:18:52.878 9 WARNING neutron_lib.context [None req-31b48f5e-c1ea-4c6b-8d5b-66815720e3da 596dbc0143af42de9b7b2c53811b75f7 7265b7469b004ed09dfd4813b9c8ded2 - - default default] Method 'is_advsvc' is deprecated since 2023.2 release (neutron-lib 3.8.0) and will be removed once support for the old RBAC API policies will be removed from Neutron. Please use method 'is_service_role' instead.
2026-07-02 11:18:52.937 9 INFO neutron.wsgi [None req-31b48f5e-c1ea-4c6b-8d5b-66815720e3da 596dbc0143af42de9b7b2c53811b75f7 7265b7469b004ed09dfd4813b9c8ded2 - - default default] 10.0.0.226 "POST /v2.0/subnetpools HTTP/1.1" status: 201 len: 715 time: 0.0644448
2026-07-02 11:18:52.947 9 WARNING neutron_lib.context [None req-d99cfdbb-a3b0-4ce2-b5a1-f3a2fe3f7a43 596dbc0143af42de9b7b2c53811b75f7 7265b7469b004ed09dfd4813b9c8ded2 - - default default] Method 'is_advsvc' is deprecated since 2023.2 release (neutron-lib 3.8.0) and will be removed once support for the old RBAC API policies will be removed from Neutron. Please use method 'is_service_role' instead.
2026-07-02 11:18:53.012 9 INFO neutron.wsgi [None req-d99cfdbb-a3b0-4ce2-b5a1-f3a2fe3f7a43 596dbc0143af42de9b7b2c53811b75f7 7265b7469b004ed09dfd4813b9c8ded2 - - default default] 10.0.0.226 "POST /v2.0/subnetpools HTTP/1.1" status: 201 len: 715 time: 0.0696530
2026-07-02 11:18:53.023 9 WARNING neutron_lib.context [None req-fb1b2010-b7ed-40da-ba87-a6ca502e5f5c 596dbc0143af42de9b7b2c53811b75f7 7265b7469b004ed09dfd4813b9c8ded2 - - default default] Method 'is_advsvc' is deprecated since 2023.2 release (neutron-lib 3.8.0) and will be removed once support for the old RBAC API policies will be removed from Neutron. Please use method 'is_service_role' instead.
2026-07-02 11:18:53.090 9 INFO neutron.wsgi [None req-fb1b2010-b7ed-40da-ba87-a6ca502e5f5c 596dbc0143af42de9b7b2c53811b75f7 7265b7469b004ed09dfd4813b9c8ded2 - - default default] 10.0.0.226 "POST /v2.0/subnetpools HTTP/1.1" status: 201 len: 715 time: 0.0721819
2026-07-02 11:18:53.107 9 WARNING neutron_lib.context [None req-dcb31522-02e5-4bab-9774-01e6d9db17c9 596dbc0143af42de9b7b2c53811b75f7 7265b7469b004ed09dfd4813b9c8ded2 - - default default] Method 'is_advsvc' is deprecated since 2023.2 release (neutron-lib 3.8.0) and will be removed once support for the old RBAC API policies will be removed from Neutron. Please use method 'is_service_role' instead.
2026-07-02 11:18:53.175 9 INFO neutron.wsgi [None req-dcb31522-02e5-4bab-9774-01e6d9db17c9 596dbc0143af42de9b7b2c53811b75f7 7265b7469b004ed09dfd4813b9c8ded2 - - default default] 10.0.0.226 "POST /v2.0/subnetpools HTTP/1.1" status: 201 len: 715 time: 0.0763180
2026-07-02 11:18:53.216 9 INFO neutron.wsgi [None req-ac3f6a95-186d-457b-87b1-923592d19519 596dbc0143af42de9b7b2c53811b75f7 7265b7469b004ed09dfd4813b9c8ded2 - - default default] 10.0.0.226 "PUT /v2.0/subnetpools/b5197dc7-fe54-4af9-be1e-4629f0f042b0/tags HTTP/1.1" status: 200 len: 210 time: 0.0339129
2026-07-02 11:18:53.262 9 INFO neutron.wsgi [None req-20a60170-d41a-4d5f-b6ed-ffbf60d13e26 596dbc0143af42de9b7b2c53811b75f7 7265b7469b004ed09dfd4813b9c8ded2 - - default default] 10.0.0.226 "PUT /v2.0/subnetpools/cd83be93-96c0-40be-b6c1-94d6ebeb741c/tags HTTP/1.1" status: 200 len: 218 time: 0.0392814
2026-07-02 11:18:53.310 9 INFO neutron.wsgi [None req-73200381-9bfd-40b3-957c-8a1d37fb6ad1 596dbc0143af42de9b7b2c53811b75f7 7265b7469b004ed09dfd4813b9c8ded2 - - default default] 10.0.0.226 "PUT /v2.0/subnetpools/f228a84e-7e76-43f3-985b-9ebb9abfdabb/tags HTTP/1.1" status: 200 len: 227 time: 0.0423725
2026-07-02 11:18:53.350 9 INFO neutron.wsgi [None req-f396c510-a5b7-4707-97e3-ec077c82696b 596dbc0143af42de9b7b2c53811b75f7 7265b7469b004ed09dfd4813b9c8ded2 - - default default] 10.0.0.226 "PUT /v2.0/subnetpools/36b9d8e6-a5c9-484f-9c31-b1c8558e365c/tags HTTP/1.1" status: 200 len: 212 time: 0.0336337
2026-07-02 11:18:53.388 9 INFO neutron.wsgi [None req-f2303b71-efe9-4d52-b579-b51a2d03eaaf 596dbc0143af42de9b7b2c53811b75f7 7265b7469b004ed09dfd4813b9c8ded2 - - default default] 10.0.0.226 "GET /v2.0/subnetpools?tags=red HTTP/1.1" status: 200 len: 1758 time: 0.0323451
2026-07-02 11:18:53.429 9 INFO neutron.wsgi [None req-12944f2e-c7ea-458b-8abd-8df9e2289125 596dbc0143af42de9b7b2c53811b75f7 7265b7469b004ed09dfd4813b9c8ded2 - - default default] 10.0.0.226 "GET /v2.0/subnetpools?tags=red%2Cblue HTTP/1.1" status: 200 len: 1251 time: 0.0309954
2026-07-02 11:18:53.460 9 INFO neutron.wsgi [None req-e6af4889-ff6c-47a9-96ca-8d2d3a976e9c 596dbc0143af42de9b7b2c53811b75f7 7265b7469b004ed09dfd4813b9c8ded2 - - default default] 10.0.0.226 "GET /v2.0/subnetpools?tags-any=blue HTTP/1.1" status: 200 len: 1251 time: 0.0264502
2026-07-02 11:18:53.496 9 INFO neutron.wsgi [None req-2a197006-428a-4b00-923e-3a02097aa029 596dbc0143af42de9b7b2c53811b75f7 7265b7469b004ed09dfd4813b9c8ded2 - - default default] 10.0.0.226 "GET /v2.0/subnetpools?tags-any=red%2Cblue HTTP/1.1" status: 200 len: 1758 time: 0.0296767
2026-07-02 11:18:53.511 10 INFO neutron.db.ovn_revision_numbers_db [req-c53c531b-7754-49ac-9687-36b624fa4319 req-5ac53da9-f3c9-414b-97d8-009e3efb4349 5e007a168c114cf0992cd5247cb77e21 98bc5b0445ff45cf89441821158b4c60 - - 3dee5ac9e49443bea5daf9f44cd7a7ec 3dee5ac9e49443bea5daf9f44cd7a7ec] Successfully bumped revision number for resource c8d14810-b0c5-4097-a1d6-42a790e35a13 (type: ports) to 2
2026-07-02 11:18:53.529 9 INFO neutron.wsgi [None req-1fd687be-c074-4e4e-8ffb-6bc0e8194745 596dbc0143af42de9b7b2c53811b75f7 7265b7469b004ed09dfd4813b9c8ded2 - - default default] 10.0.0.226 "GET /v2.0/subnetpools?not-tags=red HTTP/1.1" status: 200 len: 1223 time: 0.0277839 /var/lib/openstack/lib/python3.10/site-packages/pycadf/identifier.py:71: UserWarning: Invalid uuid: neutron. To ensure interoperability, identifiers should be a valid uuid. warnings.warn(('Invalid uuid: %s. To ensure interoperability, '
2026-07-02 11:18:53.569 10 INFO neutron.wsgi [None req-25e20264-4ee8-43f1-b95f-9f9e1af9f98a 596dbc0143af42de9b7b2c53811b75f7 7265b7469b004ed09dfd4813b9c8ded2 - - default default] 10.0.0.226 "GET /v2.0/subnetpools?not-tags=red%2Cblue HTTP/1.1" status: 200 len: 1730 time: 0.0335982
2026-07-02 11:18:53.626 10 INFO neutron.wsgi [None req-202c5bb8-c535-49f1-b94d-bdccb38bd548 596dbc0143af42de9b7b2c53811b75f7 7265b7469b004ed09dfd4813b9c8ded2 - - default default] 10.0.0.226 "GET /v2.0/subnetpools?not-tags-any=blue HTTP/1.1" status: 200 len: 1730 time: 0.0529797
2026-07-02 11:18:53.672 9 INFO neutron.wsgi [None req-1c07f7c4-f9ba-446f-b282-8d2f32698968 596dbc0143af42de9b7b2c53811b75f7 7265b7469b004ed09dfd4813b9c8ded2 - - default default] 10.0.0.226 "GET /v2.0/subnetpools?not-tags-any=red%2Cblue HTTP/1.1" status: 200 len: 1223 time: 0.0409827
2026-07-02 11:18:53.740 9 INFO neutron.wsgi [None req-47845b08-ae9e-42b8-904f-800bbd29fd4c 596dbc0143af42de9b7b2c53811b75f7 7265b7469b004ed09dfd4813b9c8ded2 - - default default] 10.0.0.226 "DELETE /v2.0/subnetpools/b5197dc7-fe54-4af9-be1e-4629f0f042b0 HTTP/1.1" status: 204 len: 168 time: 0.0570564
2026-07-02 11:18:53.767 10 INFO neutron.db.ovn_revision_numbers_db [req-c53c531b-7754-49ac-9687-36b624fa4319 req-5ac53da9-f3c9-414b-97d8-009e3efb4349 5e007a168c114cf0992cd5247cb77e21 98bc5b0445ff45cf89441821158b4c60 - - 3dee5ac9e49443bea5daf9f44cd7a7ec 3dee5ac9e49443bea5daf9f44cd7a7ec] Successfully bumped revision number for resource c8d14810-b0c5-4097-a1d6-42a790e35a13 (type: ports) to 2
2026-07-02 11:18:53.784 10 INFO neutron.wsgi [req-c53c531b-7754-49ac-9687-36b624fa4319 req-5ac53da9-f3c9-414b-97d8-009e3efb4349 5e007a168c114cf0992cd5247cb77e21 98bc5b0445ff45cf89441821158b4c60 - - 3dee5ac9e49443bea5daf9f44cd7a7ec 3dee5ac9e49443bea5daf9f44cd7a7ec] 199.19.213.141 "PUT /v2.0/ports/c8d14810-b0c5-4097-a1d6-42a790e35a13 HTTP/1.1" status: 200 len: 1597 time: 1.1452792
2026-07-02 11:18:53.807 9 INFO neutron.wsgi [None req-45f2c932-7c67-4db7-9664-69735db82c06 596dbc0143af42de9b7b2c53811b75f7 7265b7469b004ed09dfd4813b9c8ded2 - - default default] 10.0.0.226 "DELETE /v2.0/subnetpools/cd83be93-96c0-40be-b6c1-94d6ebeb741c HTTP/1.1" status: 204 len: 168 time: 0.0613425 /var/lib/openstack/lib/python3.10/site-packages/pycadf/identifier.py:71: UserWarning: Invalid uuid: neutron. To ensure interoperability, identifiers should be a valid uuid. warnings.warn(('Invalid uuid: %s. To ensure interoperability, '
2026-07-02 11:18:53.841 10 INFO neutron.notifiers.nova [-] Nova event matching ['req-48c21f6c-7237-4e9f-8546-bd72f06ab54a'] response: {'name': 'network-changed', 'server_uuid': 'aba589ac-246a-4a3f-b0d3-cd05dc9f9131', 'tag': 'c8d14810-b0c5-4097-a1d6-42a790e35a13', 'status': 'completed', 'code': 200}
2026-07-02 11:18:53.880 9 INFO neutron.wsgi [None req-1ae147de-ef2a-47ba-b122-848f3a0a6c97 596dbc0143af42de9b7b2c53811b75f7 7265b7469b004ed09dfd4813b9c8ded2 - - default default] 10.0.0.226 "DELETE /v2.0/subnetpools/f228a84e-7e76-43f3-985b-9ebb9abfdabb HTTP/1.1" status: 204 len: 168 time: 0.0683961
2026-07-02 11:18:53.884 10 INFO neutron.wsgi [req-c53c531b-7754-49ac-9687-36b624fa4319 req-705cc4b4-485f-43cd-848c-f803dbe142ac 5e007a168c114cf0992cd5247cb77e21 98bc5b0445ff45cf89441821158b4c60 - - 3dee5ac9e49443bea5daf9f44cd7a7ec 3dee5ac9e49443bea5daf9f44cd7a7ec] 199.19.213.141 "GET /v2.0/ports?tenant_id=e5697475b2504714a97ee12d834598e3&device_id=aba589ac-246a-4a3f-b0d3-cd05dc9f9131 HTTP/1.1" status: 200 len: 4133 time: 0.0560803
2026-07-02 11:18:53.913 10 INFO neutron.wsgi [req-c53c531b-7754-49ac-9687-36b624fa4319 req-c64dd04b-0522-46c7-8e40-cbcda5477967 5e007a168c114cf0992cd5247cb77e21 98bc5b0445ff45cf89441821158b4c60 - - 3dee5ac9e49443bea5daf9f44cd7a7ec 3dee5ac9e49443bea5daf9f44cd7a7ec] 199.19.213.141 "GET /v2.0/floatingips?fixed_ip_address=172.24.3.9&port_id=83857f3e-68e9-480d-8b37-1e09b3743acf HTTP/1.1" status: 200 len: 217 time: 0.0226238
2026-07-02 11:18:53.942 9 INFO neutron.wsgi [None req-f934acc5-04af-4a74-9545-47229bea28c0 596dbc0143af42de9b7b2c53811b75f7 7265b7469b004ed09dfd4813b9c8ded2 - - default default] 10.0.0.226 "DELETE /v2.0/subnetpools/36b9d8e6-a5c9-484f-9c31-b1c8558e365c HTTP/1.1" status: 204 len: 168 time: 0.0583851
2026-07-02 11:18:53.960 10 INFO neutron.wsgi [req-c53c531b-7754-49ac-9687-36b624fa4319 req-56f23e34-f991-49f5-b5f6-8cae97623aeb 5e007a168c114cf0992cd5247cb77e21 98bc5b0445ff45cf89441821158b4c60 - - 3dee5ac9e49443bea5daf9f44cd7a7ec 3dee5ac9e49443bea5daf9f44cd7a7ec] 199.19.213.141 "GET /v2.0/subnets?id=1aca3f3f-7225-4045-b49f-f4f29efbbd9c HTTP/1.1" status: 200 len: 829 time: 0.0407403
2026-07-02 11:18:53.995 10 INFO neutron.wsgi [req-c53c531b-7754-49ac-9687-36b624fa4319 req-38c8e4e5-a06d-4baf-81a3-381f8c6cd0c4 5e007a168c114cf0992cd5247cb77e21 98bc5b0445ff45cf89441821158b4c60 - - 3dee5ac9e49443bea5daf9f44cd7a7ec 3dee5ac9e49443bea5daf9f44cd7a7ec] 199.19.213.141 "GET /v2.0/ports?network_id=cf4344a0-f62a-446b-a3ad-284252379463&device_owner=network%3Adhcp HTTP/1.1" status: 200 len: 210 time: 0.0262110
2026-07-02 11:18:54.031 9 INFO neutron.wsgi [None req-bc9f8ab6-13c4-4942-9d35-608a2d28fe90 596dbc0143af42de9b7b2c53811b75f7 7265b7469b004ed09dfd4813b9c8ded2 - - default default] 10.0.0.226 "DELETE /v2.0/subnetpools/286cd0d0-77b7-4698-b1d6-f93c4750323e HTTP/1.1" status: 204 len: 168 time: 0.0817304
2026-07-02 11:18:54.095 10 INFO neutron.wsgi [req-c53c531b-7754-49ac-9687-36b624fa4319 req-52b97ae8-2651-4b90-b9bf-c8de92bef27b 5e007a168c114cf0992cd5247cb77e21 98bc5b0445ff45cf89441821158b4c60 - - 3dee5ac9e49443bea5daf9f44cd7a7ec 3dee5ac9e49443bea5daf9f44cd7a7ec] 199.19.213.141 "GET /v2.0/networks/cf4344a0-f62a-446b-a3ad-284252379463?fields=segments HTTP/1.1" status: 200 len: 212 time: 0.0926766
2026-07-02 11:18:54.173 10 INFO neutron.wsgi [req-c53c531b-7754-49ac-9687-36b624fa4319 req-4f691fca-4e80-42de-851e-78acc59d87fd 5e007a168c114cf0992cd5247cb77e21 98bc5b0445ff45cf89441821158b4c60 - - 3dee5ac9e49443bea5daf9f44cd7a7ec 3dee5ac9e49443bea5daf9f44cd7a7ec] 199.19.213.141 "GET /v2.0/networks/cf4344a0-f62a-446b-a3ad-284252379463?fields=provider%3Aphysical_network&fields=provider%3Anetwork_type HTTP/1.1" status: 200 len: 277 time: 0.0716612
2026-07-02 11:18:54.212 10 INFO neutron.wsgi [req-c53c531b-7754-49ac-9687-36b624fa4319 req-f302a266-7986-4e93-aba5-2a99647cc239 5e007a168c114cf0992cd5247cb77e21 98bc5b0445ff45cf89441821158b4c60 - - 3dee5ac9e49443bea5daf9f44cd7a7ec 3dee5ac9e49443bea5daf9f44cd7a7ec] 199.19.213.141 "GET /v2.0/floatingips?fixed_ip_address=10.1.1.21&port_id=adfa82bb-1a7f-456b-9e52-b5d095d862c1 HTTP/1.1" status: 200 len: 217 time: 0.0287642
2026-07-02 11:18:54.244 10 INFO neutron.wsgi [req-c53c531b-7754-49ac-9687-36b624fa4319 req-4c11e4f3-97ec-4bc7-b6b0-42683b12a5ff 5e007a168c114cf0992cd5247cb77e21 98bc5b0445ff45cf89441821158b4c60 - - 3dee5ac9e49443bea5daf9f44cd7a7ec 3dee5ac9e49443bea5daf9f44cd7a7ec] 199.19.213.141 "GET /v2.0/subnets?id=b7b3d8b0-c0e1-4e81-823c-a661c93e6d12 HTTP/1.1" status: 200 len: 853 time: 0.0285809
2026-07-02 11:18:54.272 10 INFO neutron.wsgi [req-c53c531b-7754-49ac-9687-36b624fa4319 req-25d5a009-1312-4f8f-a6a2-04e6568f7cae 5e007a168c114cf0992cd5247cb77e21 98bc5b0445ff45cf89441821158b4c60 - - 3dee5ac9e49443bea5daf9f44cd7a7ec 3dee5ac9e49443bea5daf9f44cd7a7ec] 199.19.213.141 "GET /v2.0/ports?network_id=01de1f01-f403-457d-85a7-d2721f75e140&device_owner=network%3Adhcp HTTP/1.1" status: 200 len: 210 time: 0.0209050
2026-07-02 11:18:54.341 10 INFO neutron.wsgi [req-c53c531b-7754-49ac-9687-36b624fa4319 req-584b986c-e53d-43e6-b92a-a7f555ba7ae9 5e007a168c114cf0992cd5247cb77e21 98bc5b0445ff45cf89441821158b4c60 - - 3dee5ac9e49443bea5daf9f44cd7a7ec 3dee5ac9e49443bea5daf9f44cd7a7ec] 199.19.213.141 "GET /v2.0/networks/01de1f01-f403-457d-85a7-d2721f75e140?fields=segments HTTP/1.1" status: 200 len: 212 time: 0.0627511
2026-07-02 11:18:54.409 10 INFO neutron.wsgi [req-c53c531b-7754-49ac-9687-36b624fa4319 req-9d527c2e-ea48-4792-9898-a27b8872cf6e 5e007a168c114cf0992cd5247cb77e21 98bc5b0445ff45cf89441821158b4c60 - - 3dee5ac9e49443bea5daf9f44cd7a7ec 3dee5ac9e49443bea5daf9f44cd7a7ec] 199.19.213.141 "GET /v2.0/networks/01de1f01-f403-457d-85a7-d2721f75e140?fields=provider%3Aphysical_network&fields=provider%3Anetwork_type HTTP/1.1" status: 200 len: 277 time: 0.0613954
2026-07-02 11:18:54.447 10 INFO neutron.wsgi [req-c53c531b-7754-49ac-9687-36b624fa4319 req-01f35cc5-c6af-4645-bf72-d3fd321be979 5e007a168c114cf0992cd5247cb77e21 98bc5b0445ff45cf89441821158b4c60 - - 3dee5ac9e49443bea5daf9f44cd7a7ec 3dee5ac9e49443bea5daf9f44cd7a7ec] 199.19.213.141 "GET /v2.0/floatingips?fixed_ip_address=10.2.1.8&port_id=c8d14810-b0c5-4097-a1d6-42a790e35a13 HTTP/1.1" status: 200 len: 217 time: 0.0288997
2026-07-02 11:18:54.487 10 INFO neutron.wsgi [req-c53c531b-7754-49ac-9687-36b624fa4319 req-d6668e93-332c-4b01-8f84-d63c305d5304 5e007a168c114cf0992cd5247cb77e21 98bc5b0445ff45cf89441821158b4c60 - - 3dee5ac9e49443bea5daf9f44cd7a7ec 3dee5ac9e49443bea5daf9f44cd7a7ec] 199.19.213.141 "GET /v2.0/floatingips?fixed_ip_address=fd7b%3Af9f7%3Afff%3A4eca%3A%3A323&port_id=c8d14810-b0c5-4097-a1d6-42a790e35a13 HTTP/1.1" status: 200 len: 217 time: 0.0319884
