2026-07-02 11:15:48.328 10 INFO neutron.pecan_wsgi.hooks.translation [None req-90c413c9-3792-4cbf-b124-b07f2da2aff1 5c74275d89a24eceae75b3346e97384e aac5581e08964df6a16c657160772f11 - - default default] DELETE failed (client error): The resource could not be found.
2026-07-02 11:15:48.330 10 INFO neutron.wsgi [None req-90c413c9-3792-4cbf-b124-b07f2da2aff1 5c74275d89a24eceae75b3346e97384e aac5581e08964df6a16c657160772f11 - - default default] 10.0.0.226 "DELETE /v2.0/subnets/88971359-d8ff-4921-9a6f-9e69dd15343b HTTP/1.1" status: 404 len: 337 time: 0.0171242
2026-07-02 11:15:48.338 10 INFO neutron.wsgi [None req-6d93c8b0-1cb8-4a3e-8b28-78f8ebe8389d 824c3199740247cf9b6b0af0fc25c99d 4bc18db4c50c440cac22d1d72dfa370e - - default default] 10.0.0.226 "GET /v2.0/ports/a48935e2-8405-403c-952c-0cba9bb3df32 HTTP/1.1" status: 200 len: 1147 time: 0.0439742
2026-07-02 11:15:48.459 9 WARNING neutron.scheduler.dhcp_agent_scheduler [None req-fc0fad43-6a6e-4023-8ce2-26ba9b011b83 53601986d2cd41e4919a89f99749d5be 1e217a1edc444668a05b24a91ce6bf03 - - default default] No more DHCP agents
2026-07-02 11:15:48.463 9 WARNING neutron.api.rpc.agentnotifiers.dhcp_rpc_agent_api [None req-fc0fad43-6a6e-4023-8ce2-26ba9b011b83 53601986d2cd41e4919a89f99749d5be 1e217a1edc444668a05b24a91ce6bf03 - - default default] Unable to schedule network 7ab611bf-5fa1-4e32-a42d-9946d7bcf78a: no agents available; will retry on subsequent port and subnet creation events.
2026-07-02 11:15:48.803 9 INFO neutron.db.ovn_revision_numbers_db [None req-fc0fad43-6a6e-4023-8ce2-26ba9b011b83 53601986d2cd41e4919a89f99749d5be 1e217a1edc444668a05b24a91ce6bf03 - - default default] Successfully bumped revision number for resource 3cb81b0e-ae54-4290-8cd5-89f9c6b5e763 (type: floatingips) to 0
2026-07-02 11:15:48.818 9 INFO neutron.wsgi [None req-fc0fad43-6a6e-4023-8ce2-26ba9b011b83 53601986d2cd41e4919a89f99749d5be 1e217a1edc444668a05b24a91ce6bf03 - - default default] 10.0.0.226 "POST /v2.0/floatingips HTTP/1.1" status: 201 len: 751 time: 0.6904485
2026-07-02 11:15:48.863 9 INFO neutron.wsgi [None req-34cbaa30-0ba5-482b-9f48-30ab9563d27a 53601986d2cd41e4919a89f99749d5be 1e217a1edc444668a05b24a91ce6bf03 - - default default] 10.0.0.226 "PUT /v2.0/floatingips/5d058b48-18c0-4940-8933-1205698dd338/tags HTTP/1.1" status: 200 len: 210 time: 0.0410290
2026-07-02 11:15:48.918 9 INFO neutron.wsgi [None req-819a67f1-3b44-4f67-9722-c1227ca8df7a 53601986d2cd41e4919a89f99749d5be 1e217a1edc444668a05b24a91ce6bf03 - - default default] 10.0.0.226 "PUT /v2.0/floatingips/a186b080-9ccc-4d53-b656-bf4648888431/tags HTTP/1.1" status: 200 len: 218 time: 0.0476797
2026-07-02 11:15:48.972 9 INFO neutron.wsgi [None req-62eba568-269f-4d11-82db-e95c91953f2c 53601986d2cd41e4919a89f99749d5be 1e217a1edc444668a05b24a91ce6bf03 - - default default] 10.0.0.226 "PUT /v2.0/floatingips/a4536c87-8f3d-4942-9946-d70df0d5a821/tags HTTP/1.1" status: 200 len: 227 time: 0.0492134
2026-07-02 11:15:49.034 9 INFO neutron.wsgi [None req-d24b27d0-e242-47fe-999e-f9cb29cd7080 53601986d2cd41e4919a89f99749d5be 1e217a1edc444668a05b24a91ce6bf03 - - default default] 10.0.0.226 "PUT /v2.0/floatingips/437c1f1c-cd9c-4606-990d-403cd78d8fdf/tags HTTP/1.1" status: 200 len: 212 time: 0.0542183
2026-07-02 11:15:49.048 10 INFO neutron.wsgi [None req-3643a20f-2cf7-4f90-a91e-c6b468316ee3 7a0d84665b1f4a1288833aa07236b752 e5697475b2504714a97ee12d834598e3 - - default default] 10.0.0.226 "GET /v2.0/security-groups?tenant_id=aac5581e08964df6a16c657160772f11&name=default HTTP/1.1" status: 200 len: 2996 time: 0.2224321
2026-07-02 11:15:49.077 9 WARNING neutron.plugins.ml2.drivers.ovn.mech_driver.ovsdb.ovn_client [None req-f0f4474f-9443-442f-977a-be7ca271417b - - - - - -] No hosting information found for port e10a2582-0d03-4fcf-b665-b7cb81fd257c: RuntimeError: No hosting information found for port e10a2582-0d03-4fcf-b665-b7cb81fd257c
2026-07-02 11:15:49.078 9 INFO neutron.plugins.ml2.drivers.ovn.mech_driver.mech_driver [None req-f0f4474f-9443-442f-977a-be7ca271417b - - - - - -] OVN reports status up for port: a48935e2-8405-403c-952c-0cba9bb3df32
2026-07-02 11:15:49.086 9 INFO neutron.wsgi [None req-32c1da60-21c0-4fb1-a9a6-a10845aaf5d8 53601986d2cd41e4919a89f99749d5be 1e217a1edc444668a05b24a91ce6bf03 - - default default] 10.0.0.226 "GET /v2.0/floatingips?tags=red HTTP/1.1" status: 200 len: 1866 time: 0.0469189
2026-07-02 11:15:49.093 9 INFO neutron.plugins.ml2.plugin [None req-f0f4474f-9443-442f-977a-be7ca271417b - - - - - -] Attempt 1 to provision port a48935e2-8405-403c-952c-0cba9bb3df32
2026-07-02 11:15:49.153 9 INFO neutron.wsgi [None req-ccf8c579-3590-43de-b9ab-ce2000684cbf 53601986d2cd41e4919a89f99749d5be 1e217a1edc444668a05b24a91ce6bf03 - - default default] 10.0.0.226 "GET /v2.0/floatingips?tags=red%2Cblue HTTP/1.1" status: 200 len: 1323 time: 0.0610509
2026-07-02 11:15:49.205 10 INFO neutron.wsgi [None req-49c4712f-7096-48d8-a1a4-8787e2eece7f 53601986d2cd41e4919a89f99749d5be 1e217a1edc444668a05b24a91ce6bf03 - - default default] 10.0.0.226 "GET /v2.0/floatingips?tags-any=blue HTTP/1.1" status: 200 len: 1323 time: 0.0475445
2026-07-02 11:15:49.248 10 INFO neutron.wsgi [None req-d7bf30d0-8bc3-4649-8ba0-1f405c412238 53601986d2cd41e4919a89f99749d5be 1e217a1edc444668a05b24a91ce6bf03 - - default default] 10.0.0.226 "GET /v2.0/floatingips?tags-any=red%2Cblue HTTP/1.1" status: 200 len: 1866 time: 0.0363829
2026-07-02 11:15:49.312 9 INFO neutron.wsgi [None req-daaf29a1-1f60-4888-a4c2-ea118e9a130a 53601986d2cd41e4919a89f99749d5be 1e217a1edc444668a05b24a91ce6bf03 - - default default] 10.0.0.226 "GET /v2.0/floatingips?not-tags=red HTTP/1.1" status: 200 len: 1295 time: 0.0565240
2026-07-02 11:15:49.334 10 INFO neutron.wsgi [None req-b2547dac-c98e-493a-8fd3-fa297e5d2c55 7a0d84665b1f4a1288833aa07236b752 e5697475b2504714a97ee12d834598e3 - - default default] 10.0.0.226 "DELETE /v2.0/security-groups/2fc5dd51-0925-4956-a5e4-7bd079e4c2ba HTTP/1.1" status: 204 len: 168 time: 0.2810636
2026-07-02 11:15:49.371 9 INFO neutron.wsgi [None req-c9f9894e-de49-4b49-a401-9fccd6aa05e5 53601986d2cd41e4919a89f99749d5be 1e217a1edc444668a05b24a91ce6bf03 - - default default] 10.0.0.226 "GET /v2.0/floatingips?not-tags=red%2Cblue HTTP/1.1" status: 200 len: 1838 time: 0.0520034
2026-07-02 11:15:49.385 10 INFO neutron.wsgi [None req-6803bece-e639-4122-9af2-57b81ae7294d 824c3199740247cf9b6b0af0fc25c99d 4bc18db4c50c440cac22d1d72dfa370e - - default default] 10.0.0.226 "GET /v2.0/ports/a48935e2-8405-403c-952c-0cba9bb3df32 HTTP/1.1" status: 200 len: 1149 time: 0.0411048
2026-07-02 11:15:49.422 9 INFO neutron.wsgi [None req-2710cb42-53b9-4cbd-b73d-849014e4c9b5 53601986d2cd41e4919a89f99749d5be 1e217a1edc444668a05b24a91ce6bf03 - - default default] 10.0.0.226 "GET /v2.0/floatingips?not-tags-any=blue HTTP/1.1" status: 200 len: 1838 time: 0.0426543
2026-07-02 11:15:49.466 9 INFO neutron.wsgi [None req-fc49e4d7-9199-442a-a00c-ab8dad71ce98 53601986d2cd41e4919a89f99749d5be 1e217a1edc444668a05b24a91ce6bf03 - - default default] 10.0.0.226 "GET /v2.0/floatingips?not-tags-any=red%2Cblue HTTP/1.1" status: 200 len: 1295 time: 0.0389547
2026-07-02 11:15:49.621 9 INFO neutron.db.ovn_revision_numbers_db [None req-f0f4474f-9443-442f-977a-be7ca271417b - - - - - -] Successfully bumped revision number for resource a48935e2-8405-403c-952c-0cba9bb3df32 (type: ports) to 2
2026-07-02 11:15:49.963 9 INFO neutron.db.ovn_revision_numbers_db [None req-f0f4474f-9443-442f-977a-be7ca271417b - - - - - -] Successfully bumped revision number for resource a48935e2-8405-403c-952c-0cba9bb3df32 (type: router_ports) to 2
2026-07-02 11:15:50.146 9 INFO neutron.wsgi [None req-9fff9956-dde0-40bd-93b1-773e5efd859a 53601986d2cd41e4919a89f99749d5be 1e217a1edc444668a05b24a91ce6bf03 - - default default] 10.0.0.226 "DELETE /v2.0/floatingips/5d058b48-18c0-4940-8933-1205698dd338 HTTP/1.1" status: 204 len: 168 time: 0.6681542
2026-07-02 11:15:50.244 10 INFO neutron.wsgi [None req-853d4dfe-3d94-45c3-8dd0-582c116f48ab 824c3199740247cf9b6b0af0fc25c99d 4bc18db4c50c440cac22d1d72dfa370e - - default default] 10.0.0.226 "PUT /v2.0/routers/08575aa9-9736-48f4-a8e5-565968a55ff7/remove_router_interface HTTP/1.1" status: 200 len: 503 time: 0.8552635
2026-07-02 11:15:50.375 9 INFO neutron.wsgi [None req-198e6bd2-70c6-47ef-a437-58fa8dad003e 824c3199740247cf9b6b0af0fc25c99d 4bc18db4c50c440cac22d1d72dfa370e - - default default] 10.0.0.226 "GET /v2.0/ports/e10a2582-0d03-4fcf-b665-b7cb81fd257c HTTP/1.1" status: 200 len: 1141 time: 0.1262178 /var/lib/openstack/lib/python3.10/site-packages/pycadf/identifier.py:71: UserWarning: Invalid uuid: neutron. To ensure interoperability, identifiers should be a valid uuid. warnings.warn(('Invalid uuid: %s. To ensure interoperability, '
2026-07-02 11:15:50.558 10 WARNING neutron.plugins.ml2.drivers.ovn.mech_driver.ovsdb.ovn_client [None req-ea9a8882-9117-4139-94f2-b1bc3ff8c035 - - - - - -] No port found with ID 8584eaf2-af56-4207-aa80-c5f20634c094: RuntimeError: No port found with ID 8584eaf2-af56-4207-aa80-c5f20634c094
2026-07-02 11:15:50.569 9 INFO neutron.wsgi [None req-45851da5-75c4-49b6-a31e-ddf4febf6956 53601986d2cd41e4919a89f99749d5be 1e217a1edc444668a05b24a91ce6bf03 - - default default] 10.0.0.226 "DELETE /v2.0/floatingips/a186b080-9ccc-4d53-b656-bf4648888431 HTTP/1.1" status: 204 len: 168 time: 0.4156229
2026-07-02 11:15:50.884 9 WARNING neutron_lib.context [None req-413af32e-4440-472d-afd7-c8fabacbd410 4d21d78d85f54adf9d4365a2f409a359 2caf0220911b4b4b88ed62b5a65a3f63 - - default default] Method 'is_advsvc' is deprecated since 2023.2 release (neutron-lib 3.8.0) and will be removed once support for the old RBAC API policies will be removed from Neutron. Please use method 'is_service_role' instead.
2026-07-02 11:15:51.085 9 INFO neutron.db.ovn_revision_numbers_db [None req-413af32e-4440-472d-afd7-c8fabacbd410 4d21d78d85f54adf9d4365a2f409a359 2caf0220911b4b4b88ed62b5a65a3f63 - - default default] Successfully bumped revision number for resource 136df07a-3fe9-42b3-8c07-7c981a8845d9 (type: security_groups) to 1
2026-07-02 11:15:51.107 9 INFO neutron.db.ovn_revision_numbers_db [None req-413af32e-4440-472d-afd7-c8fabacbd410 4d21d78d85f54adf9d4365a2f409a359 2caf0220911b4b4b88ed62b5a65a3f63 - - default default] Successfully bumped revision number for resource 53992cc8-55bc-4641-a03c-d280b0cf55b8 (type: security_group_rules) to 0
2026-07-02 11:15:51.127 9 INFO neutron.db.ovn_revision_numbers_db [None req-413af32e-4440-472d-afd7-c8fabacbd410 4d21d78d85f54adf9d4365a2f409a359 2caf0220911b4b4b88ed62b5a65a3f63 - - default default] Successfully bumped revision number for resource 53bd96f7-a9ec-4b06-b8e4-a2997a194f83 (type: security_group_rules) to 0
2026-07-02 11:15:51.142 9 INFO neutron.db.ovn_revision_numbers_db [None req-413af32e-4440-472d-afd7-c8fabacbd410 4d21d78d85f54adf9d4365a2f409a359 2caf0220911b4b4b88ed62b5a65a3f63 - - default default] Successfully bumped revision number for resource 5cb24f4b-f37d-46ea-86f0-5f9479614495 (type: security_group_rules) to 0
2026-07-02 11:15:51.155 10 INFO neutron.wsgi [None req-95fc6d6c-84b5-4285-91e7-eaefca3e55da 53601986d2cd41e4919a89f99749d5be 1e217a1edc444668a05b24a91ce6bf03 - - default default] 10.0.0.226 "DELETE /v2.0/floatingips/a4536c87-8f3d-4942-9946-d70df0d5a821 HTTP/1.1" status: 204 len: 168 time: 0.5822887
2026-07-02 11:15:51.155 9 INFO neutron.db.ovn_revision_numbers_db [None req-413af32e-4440-472d-afd7-c8fabacbd410 4d21d78d85f54adf9d4365a2f409a359 2caf0220911b4b4b88ed62b5a65a3f63 - - default default] Successfully bumped revision number for resource cfab231b-a5dd-4adc-8585-24b62e7dc142 (type: security_group_rules) to 0
2026-07-02 11:15:51.241 10 INFO neutron.wsgi [None req-ae86883f-715f-48c2-9a16-63ee02bf9333 824c3199740247cf9b6b0af0fc25c99d 4bc18db4c50c440cac22d1d72dfa370e - - default default] 10.0.0.226 "PUT /v2.0/routers/08575aa9-9736-48f4-a8e5-565968a55ff7/remove_router_interface HTTP/1.1" status: 200 len: 503 time: 0.8605163 /var/lib/openstack/lib/python3.10/site-packages/pycadf/identifier.py:71: UserWarning: Invalid uuid: neutron. To ensure interoperability, identifiers should be a valid uuid. warnings.warn(('Invalid uuid: %s. To ensure interoperability, '
2026-07-02 11:15:51.269 10 INFO neutron.wsgi [None req-06eea510-9a27-496c-ab65-44e44286a4e1 824c3199740247cf9b6b0af0fc25c99d 4bc18db4c50c440cac22d1d72dfa370e - - default default] 10.0.0.226 "GET /v2.0/ports?device_id=08575aa9-9736-48f4-a8e5-565968a55ff7 HTTP/1.1" status: 200 len: 205 time: 0.0229449
2026-07-02 11:15:51.300 9 INFO neutron.db.ovn_revision_numbers_db [None req-413af32e-4440-472d-afd7-c8fabacbd410 4d21d78d85f54adf9d4365a2f409a359 2caf0220911b4b4b88ed62b5a65a3f63 - - default default] Successfully bumped revision number for resource 7e218b72-d4fd-4ca6-adee-ada75b92c6e1 (type: security_groups) to 1
2026-07-02 11:15:51.316 9 INFO neutron.db.ovn_revision_numbers_db [None req-413af32e-4440-472d-afd7-c8fabacbd410 4d21d78d85f54adf9d4365a2f409a359 2caf0220911b4b4b88ed62b5a65a3f63 - - default default] Successfully bumped revision number for resource 00be98a6-998e-49d7-9b3a-52bb164e890f (type: security_group_rules) to 0
2026-07-02 11:15:51.349 9 INFO neutron.db.ovn_revision_numbers_db [None req-413af32e-4440-472d-afd7-c8fabacbd410 4d21d78d85f54adf9d4365a2f409a359 2caf0220911b4b4b88ed62b5a65a3f63 - - default default] Successfully bumped revision number for resource ac004a8a-314c-44bb-959c-efe51a3c8089 (type: security_group_rules) to 0
2026-07-02 11:15:51.389 9 INFO neutron.wsgi [None req-413af32e-4440-472d-afd7-c8fabacbd410 4d21d78d85f54adf9d4365a2f409a359 2caf0220911b4b4b88ed62b5a65a3f63 - - default default] 10.0.0.226 "POST /v2.0/security-groups HTTP/1.1" status: 201 len: 1737 time: 0.6966436
2026-07-02 11:15:51.426 10 WARNING neutron_lib.context [None req-16ca3db8-6f01-4182-886a-f707d75a3316 9cdc8c13715c49c7944d413ff31b54ce f2fd24e4dea74359bf1f429906535fdb - - default default] Method 'is_advsvc' is deprecated since 2023.2 release (neutron-lib 3.8.0) and will be removed once support for the old RBAC API policies will be removed from Neutron. Please use method 'is_service_role' instead.
2026-07-02 11:15:51.434 9 INFO neutron.wsgi [None req-60192181-9847-48a7-a13b-a3fee4799a1e 4d21d78d85f54adf9d4365a2f409a359 2caf0220911b4b4b88ed62b5a65a3f63 - - default default] 10.0.0.226 "PUT /v2.0/security-groups/7e218b72-d4fd-4ca6-adee-ada75b92c6e1/tags HTTP/1.1" status: 200 len: 218 time: 0.0377307
2026-07-02 11:15:51.477 9 INFO neutron.wsgi [None req-a02892ff-c6a5-4dbf-a3e9-ab7be392bdb0 4d21d78d85f54adf9d4365a2f409a359 2caf0220911b4b4b88ed62b5a65a3f63 - - default default] 10.0.0.226 "GET /v2.0/security-groups/7e218b72-d4fd-4ca6-adee-ada75b92c6e1/tags HTTP/1.1" status: 200 len: 218 time: 0.0358567
2026-07-02 11:15:51.533 9 INFO neutron.wsgi [None req-98786aad-2fb0-4fc5-bcb1-7943709810d3 4d21d78d85f54adf9d4365a2f409a359 2caf0220911b4b4b88ed62b5a65a3f63 - - default default] 10.0.0.226 "PUT /v2.0/security-groups/7e218b72-d4fd-4ca6-adee-ada75b92c6e1/tags/green HTTP/1.1" status: 201 len: 201 time: 0.0517485
2026-07-02 11:15:51.577 9 INFO neutron.wsgi [None req-28b288f4-0df6-468f-8314-e1d133f8a116 4d21d78d85f54adf9d4365a2f409a359 2caf0220911b4b4b88ed62b5a65a3f63 - - default default] 10.0.0.226 "GET /v2.0/security-groups/7e218b72-d4fd-4ca6-adee-ada75b92c6e1/tags HTTP/1.1" status: 200 len: 227 time: 0.0370657
2026-07-02 11:15:51.597 10 INFO neutron.wsgi [None req-4fce4e55-baad-41f3-b95e-c6ff4cf96f63 824c3199740247cf9b6b0af0fc25c99d 4bc18db4c50c440cac22d1d72dfa370e - - default default] 10.0.0.226 "DELETE /v2.0/routers/08575aa9-9736-48f4-a8e5-565968a55ff7 HTTP/1.1" status: 204 len: 168 time: 0.3234034
2026-07-02 11:15:51.600 9 INFO neutron.wsgi [None req-ddd5e6f6-2785-46b7-a63a-6592107367cb 53601986d2cd41e4919a89f99749d5be 1e217a1edc444668a05b24a91ce6bf03 - - default default] 10.0.0.226 "DELETE /v2.0/floatingips/437c1f1c-cd9c-4606-990d-403cd78d8fdf HTTP/1.1" status: 204 len: 168 time: 0.4369192
2026-07-02 11:15:51.628 9 INFO neutron.wsgi [None req-b9246da9-bda6-42d5-852e-3c0dc9b7d204 4d21d78d85f54adf9d4365a2f409a359 2caf0220911b4b4b88ed62b5a65a3f63 - - default default] 10.0.0.226 "PUT /v2.0/security-groups/7e218b72-d4fd-4ca6-adee-ada75b92c6e1/tags/red HTTP/1.1" status: 201 len: 201 time: 0.0463512
2026-07-02 11:15:51.695 10 INFO neutron.wsgi [None req-f9b7cc08-ba01-439e-bcfc-811974c51c96 4d21d78d85f54adf9d4365a2f409a359 2caf0220911b4b4b88ed62b5a65a3f63 - - default default] 10.0.0.226 "GET /v2.0/security-groups/7e218b72-d4fd-4ca6-adee-ada75b92c6e1/tags HTTP/1.1" status: 200 len: 227 time: 0.0580630
2026-07-02 11:15:51.705 10 INFO neutron.db.ovn_revision_numbers_db [None req-16ca3db8-6f01-4182-886a-f707d75a3316 9cdc8c13715c49c7944d413ff31b54ce f2fd24e4dea74359bf1f429906535fdb - - default default] Successfully bumped revision number for resource 8d9a11cf-70d6-4065-a640-05d732f91cef (type: security_groups) to 1
2026-07-02 11:15:51.732 10 INFO neutron.db.ovn_revision_numbers_db [None req-16ca3db8-6f01-4182-886a-f707d75a3316 9cdc8c13715c49c7944d413ff31b54ce f2fd24e4dea74359bf1f429906535fdb - - default default] Successfully bumped revision number for resource 2231d910-069f-48c6-a082-a36cefd3b7d8 (type: security_group_rules) to 0
2026-07-02 11:15:51.756 10 INFO neutron.db.ovn_revision_numbers_db [None req-16ca3db8-6f01-4182-886a-f707d75a3316 9cdc8c13715c49c7944d413ff31b54ce f2fd24e4dea74359bf1f429906535fdb - - default default] Successfully bumped revision number for resource 521b2682-3430-43da-9235-5dbacd1b4c50 (type: security_group_rules) to 0
2026-07-02 11:15:51.759 9 INFO neutron.wsgi [None req-79229ff4-f3d5-42a4-ad98-fc57486f2a96 4d21d78d85f54adf9d4365a2f409a359 2caf0220911b4b4b88ed62b5a65a3f63 - - default default] 10.0.0.226 "PUT /v2.0/security-groups/7e218b72-d4fd-4ca6-adee-ada75b92c6e1/tags/black.or.white HTTP/1.1" status: 201 len: 201 time: 0.0594134
2026-07-02 11:15:51.777 10 INFO neutron.db.ovn_revision_numbers_db [None req-16ca3db8-6f01-4182-886a-f707d75a3316 9cdc8c13715c49c7944d413ff31b54ce f2fd24e4dea74359bf1f429906535fdb - - default default] Successfully bumped revision number for resource afb39c5f-8555-42eb-b903-bcc912994975 (type: security_group_rules) to 0
2026-07-02 11:15:51.798 10 INFO neutron.db.ovn_revision_numbers_db [None req-16ca3db8-6f01-4182-886a-f707d75a3316 9cdc8c13715c49c7944d413ff31b54ce f2fd24e4dea74359bf1f429906535fdb - - default default] Successfully bumped revision number for resource cc428870-d710-491f-b5aa-d0fc8c18ec91 (type: security_group_rules) to 0
2026-07-02 11:15:51.804 9 INFO neutron.wsgi [None req-973e0b30-9ddc-41d9-9144-2288b933b59f 4d21d78d85f54adf9d4365a2f409a359 2caf0220911b4b4b88ed62b5a65a3f63 - - default default] 10.0.0.226 "GET /v2.0/security-groups/7e218b72-d4fd-4ca6-adee-ada75b92c6e1/tags HTTP/1.1" status: 200 len: 245 time: 0.0408912
2026-07-02 11:15:51.855 10 INFO neutron.wsgi [None req-89220320-b118-4205-94a1-40f13c5270dc 824c3199740247cf9b6b0af0fc25c99d 4bc18db4c50c440cac22d1d72dfa370e - - default default] 10.0.0.226 "DELETE /v2.0/subnets/23f10fc5-c621-4808-867a-0153b64b2822 HTTP/1.1" status: 204 len: 168 time: 0.2530060
2026-07-02 11:15:51.864 9 INFO neutron.wsgi [None req-e8d88569-be6e-4399-91a3-e33c271d8489 4d21d78d85f54adf9d4365a2f409a359 2caf0220911b4b4b88ed62b5a65a3f63 - - default default] 10.0.0.226 "PUT /v2.0/security-groups/7e218b72-d4fd-4ca6-adee-ada75b92c6e1/tags HTTP/1.1" status: 200 len: 230 time: 0.0540638
2026-07-02 11:15:51.910 9 INFO neutron.wsgi [None req-a208c74b-1a59-4f4b-97b3-2dc6e25678bd 4d21d78d85f54adf9d4365a2f409a359 2caf0220911b4b4b88ed62b5a65a3f63 - - default default] 10.0.0.226 "GET /v2.0/security-groups/7e218b72-d4fd-4ca6-adee-ada75b92c6e1/tags HTTP/1.1" status: 200 len: 230 time: 0.0417228
2026-07-02 11:15:51.947 10 INFO neutron.db.ovn_revision_numbers_db [None req-16ca3db8-6f01-4182-886a-f707d75a3316 9cdc8c13715c49c7944d413ff31b54ce f2fd24e4dea74359bf1f429906535fdb - - default default] Successfully bumped revision number for resource 4121a566-850f-4029-b8dd-f9c261bb4557 (type: security_groups) to 1
2026-07-02 11:15:51.956 10 INFO neutron.wsgi [None req-c5143587-1570-44a3-94f2-ec2592197338 4d21d78d85f54adf9d4365a2f409a359 2caf0220911b4b4b88ed62b5a65a3f63 - - default default] 10.0.0.226 "GET /v2.0/security-groups/7e218b72-d4fd-4ca6-adee-ada75b92c6e1/tags/red HTTP/1.1" status: 204 len: 168 time: 0.0408628
2026-07-02 11:15:51.977 10 INFO neutron.db.ovn_revision_numbers_db [None req-16ca3db8-6f01-4182-886a-f707d75a3316 9cdc8c13715c49c7944d413ff31b54ce f2fd24e4dea74359bf1f429906535fdb - - default default] Successfully bumped revision number for resource 9bdc398f-bfe7-4ba2-9cd0-2d10fa738803 (type: security_group_rules) to 0
2026-07-02 11:15:51.999 9 INFO neutron.wsgi [None req-8fad4f99-cb31-46f4-85ee-73421bb7f40d 53601986d2cd41e4919a89f99749d5be 1e217a1edc444668a05b24a91ce6bf03 - - default default] 10.0.0.226 "DELETE /v2.0/floatingips/3cb81b0e-ae54-4290-8cd5-89f9c6b5e763 HTTP/1.1" status: 204 len: 168 time: 0.3925252
2026-07-02 11:15:52.004 10 INFO neutron.api.v2.resource [None req-853a3c7a-996d-46c5-bb71-3516e88b43a2 4d21d78d85f54adf9d4365a2f409a359 2caf0220911b4b4b88ed62b5a65a3f63 - - default default] show failed (client error): The resource could not be found.
2026-07-02 11:15:52.006 10 INFO neutron.wsgi [None req-853a3c7a-996d-46c5-bb71-3516e88b43a2 4d21d78d85f54adf9d4365a2f409a359 2caf0220911b4b4b88ed62b5a65a3f63 - - default default] 10.0.0.226 "GET /v2.0/security-groups/7e218b72-d4fd-4ca6-adee-ada75b92c6e1/tags/green HTTP/1.1" status: 404 len: 299 time: 0.0416675
2026-07-02 11:15:52.012 10 INFO neutron.db.ovn_revision_numbers_db [None req-16ca3db8-6f01-4182-886a-f707d75a3316 9cdc8c13715c49c7944d413ff31b54ce f2fd24e4dea74359bf1f429906535fdb - - default default] Successfully bumped revision number for resource e5f03b71-d611-41d9-a368-921197bb6728 (type: security_group_rules) to 0
2026-07-02 11:15:52.048 10 INFO neutron.wsgi [None req-16ca3db8-6f01-4182-886a-f707d75a3316 9cdc8c13715c49c7944d413ff31b54ce f2fd24e4dea74359bf1f429906535fdb - - default default] 10.0.0.226 "POST /v2.0/security-groups HTTP/1.1" status: 201 len: 1760 time: 0.7730629
2026-07-02 11:15:52.062 9 INFO neutron.wsgi [None req-f29bf6ac-c9f3-4bf2-928d-bc0022b0b7d6 4d21d78d85f54adf9d4365a2f409a359 2caf0220911b4b4b88ed62b5a65a3f63 - - default default] 10.0.0.226 "DELETE /v2.0/security-groups/7e218b72-d4fd-4ca6-adee-ada75b92c6e1/tags/red HTTP/1.1" status: 204 len: 168 time: 0.0511749
2026-07-02 11:15:52.099 9 INFO neutron.wsgi [None req-33abee65-cc0a-42a5-94ac-c1f7fc22d3f9 4d21d78d85f54adf9d4365a2f409a359 2caf0220911b4b4b88ed62b5a65a3f63 - - default default] 10.0.0.226 "GET /v2.0/security-groups/7e218b72-d4fd-4ca6-adee-ada75b92c6e1/tags HTTP/1.1" status: 200 len: 223 time: 0.0318570
2026-07-02 11:15:52.109 10 INFO neutron.wsgi [None req-db74603a-b07d-4925-9016-85a2c989515e 9cdc8c13715c49c7944d413ff31b54ce f2fd24e4dea74359bf1f429906535fdb - - default default] 10.0.0.226 "GET /v2.0/security-groups HTTP/1.1" status: 200 len: 4538 time: 0.0512035
2026-07-02 11:15:52.142 9 INFO neutron.api.v2.resource [None req-6f802a4a-dba7-4461-88c3-dd90d8d5639e 4d21d78d85f54adf9d4365a2f409a359 2caf0220911b4b4b88ed62b5a65a3f63 - - default default] delete failed (client error): The resource could not be found.
2026-07-02 11:15:52.144 9 INFO neutron.wsgi [None req-6f802a4a-dba7-4461-88c3-dd90d8d5639e 4d21d78d85f54adf9d4365a2f409a359 2caf0220911b4b4b88ed62b5a65a3f63 - - default default] 10.0.0.226 "DELETE /v2.0/security-groups/7e218b72-d4fd-4ca6-adee-ada75b92c6e1/tags/green HTTP/1.1" status: 404 len: 299 time: 0.0392656
2026-07-02 11:15:52.145 10 INFO neutron.wsgi [None req-622ad67a-3085-4f96-b327-b9dce7687379 824c3199740247cf9b6b0af0fc25c99d 4bc18db4c50c440cac22d1d72dfa370e - - default default] 10.0.0.226 "DELETE /v2.0/subnets/b794edb0-1e8e-4263-b73f-a20587f220ee HTTP/1.1" status: 204 len: 168 time: 0.2840345
2026-07-02 11:15:52.190 9 INFO neutron.wsgi [None req-996bc1fa-522e-4325-805a-88a2be68a391 4d21d78d85f54adf9d4365a2f409a359 2caf0220911b4b4b88ed62b5a65a3f63 - - default default] 10.0.0.226 "DELETE /v2.0/security-groups/7e218b72-d4fd-4ca6-adee-ada75b92c6e1/tags HTTP/1.1" status: 204 len: 168 time: 0.0411203
2026-07-02 11:15:52.227 9 INFO neutron.wsgi [None req-359aa16b-0c49-445c-8eda-c23f78887044 4d21d78d85f54adf9d4365a2f409a359 2caf0220911b4b4b88ed62b5a65a3f63 - - default default] 10.0.0.226 "GET /v2.0/security-groups/7e218b72-d4fd-4ca6-adee-ada75b92c6e1/tags HTTP/1.1" status: 200 len: 205 time: 0.0310984
2026-07-02 11:15:52.346 9 INFO neutron.wsgi [None req-d648be25-3661-4ed8-abac-1e6f2995d815 4d21d78d85f54adf9d4365a2f409a359 2caf0220911b4b4b88ed62b5a65a3f63 - - default default] 10.0.0.226 "DELETE /v2.0/security-groups/7e218b72-d4fd-4ca6-adee-ada75b92c6e1 HTTP/1.1" status: 204 len: 168 time: 0.1136994
2026-07-02 11:15:52.489 10 INFO neutron.db.ovn_revision_numbers_db [None req-322e6335-646d-41a4-bf2e-e4dce2f40d1c 9cdc8c13715c49c7944d413ff31b54ce f2fd24e4dea74359bf1f429906535fdb - - default default] Successfully bumped revision number for resource 4121a566-850f-4029-b8dd-f9c261bb4557 (type: security_groups) to 2
2026-07-02 11:15:52.492 10 INFO neutron.wsgi [None req-322e6335-646d-41a4-bf2e-e4dce2f40d1c 9cdc8c13715c49c7944d413ff31b54ce f2fd24e4dea74359bf1f429906535fdb - - default default] 10.0.0.226 "PUT /v2.0/security-groups/4121a566-850f-4029-b8dd-f9c261bb4557 HTTP/1.1" status: 200 len: 1795 time: 0.3786659
2026-07-02 11:15:52.561 10 INFO neutron.wsgi [None req-63ad81db-6806-4588-b8d6-7640f6607ae4 9cdc8c13715c49c7944d413ff31b54ce f2fd24e4dea74359bf1f429906535fdb - - default default] 10.0.0.226 "GET /v2.0/security-groups/4121a566-850f-4029-b8dd-f9c261bb4557 HTTP/1.1" status: 200 len: 1795 time: 0.0629358
2026-07-02 11:15:52.760 10 INFO neutron.wsgi [None req-c6b6fbc5-60bc-4829-b5b9-8d85a7ea6197 9cdc8c13715c49c7944d413ff31b54ce f2fd24e4dea74359bf1f429906535fdb - - default default] 10.0.0.226 "DELETE /v2.0/security-groups/4121a566-850f-4029-b8dd-f9c261bb4557 HTTP/1.1" status: 204 len: 168 time: 0.1873114
2026-07-02 11:15:52.811 9 INFO neutron.wsgi [None req-161ebd06-ee79-4b7a-897b-abbcd2b5308b 9cdc8c13715c49c7944d413ff31b54ce f2fd24e4dea74359bf1f429906535fdb - - default default] 10.0.0.226 "GET /v2.0/security-groups HTTP/1.1" status: 200 len: 2996 time: 0.0429211
2026-07-02 11:15:52.825 9 INFO neutron.api.v2.resource [None req-418b229d-cf43-4066-ae72-70ed22b7b25b 9cdc8c13715c49c7944d413ff31b54ce f2fd24e4dea74359bf1f429906535fdb - - default default] delete failed (client error): The resource could not be found.
2026-07-02 11:15:52.826 9 INFO neutron.wsgi [None req-418b229d-cf43-4066-ae72-70ed22b7b25b 9cdc8c13715c49c7944d413ff31b54ce f2fd24e4dea74359bf1f429906535fdb - - default default] 10.0.0.226 "DELETE /v2.0/security-groups/4121a566-850f-4029-b8dd-f9c261bb4557 HTTP/1.1" status: 404 len: 347 time: 0.0116749
2026-07-02 11:15:52.837 9 WARNING neutron_lib.context [None req-c0b7dc82-a48e-4248-85c3-33476a1530c8 9cdc8c13715c49c7944d413ff31b54ce f2fd24e4dea74359bf1f429906535fdb - - default default] Method 'is_advsvc' is deprecated since 2023.2 release (neutron-lib 3.8.0) and will be removed once support for the old RBAC API policies will be removed from Neutron. Please use method 'is_service_role' instead.
2026-07-02 11:15:52.852 10 INFO neutron.services.segments.plugin [-] Segment e73ce706-c1d9-4d6e-a5f3-d8f67b629ff3 resource provider aggregate not found
2026-07-02 11:15:52.857 10 INFO neutron.services.segments.plugin [-] Segment e73ce706-c1d9-4d6e-a5f3-d8f67b629ff3 resource provider aggregate not found
2026-07-02 11:15:52.875 10 INFO neutron.services.segments.plugin [-] Segment e73ce706-c1d9-4d6e-a5f3-d8f67b629ff3 resource provider not found; error: Placement Client Error (4xx): {"errors": [{"status": 404, "title": "Not Found", "detail": "The resource could not be found.\n\n No resource provider with uuid e73ce706-c1d9-4d6e-a5f3-d8f67b629ff3 found for delete ", "request_id": "req-5dcca63f-287a-454f-b33b-4c8d81b26958"}]}
2026-07-02 11:15:52.876 10 INFO neutron.services.segments.plugin [-] Segment e73ce706-c1d9-4d6e-a5f3-d8f67b629ff3 resource provider not found; error: Placement Client Error (4xx): {"errors": [{"status": 404, "title": "Not Found", "detail": "The resource could not be found.\n\n No resource provider with uuid e73ce706-c1d9-4d6e-a5f3-d8f67b629ff3 found for delete ", "request_id": "req-0ecdd922-0d1c-4762-ab43-2da5b5510edf"}]}
2026-07-02 11:15:52.921 10 INFO neutron.wsgi [None req-34ab85fb-6aac-413c-9c1d-b40f49f85c88 824c3199740247cf9b6b0af0fc25c99d 4bc18db4c50c440cac22d1d72dfa370e - - default default] 10.0.0.226 "DELETE /v2.0/networks/7d4771d3-9e60-43cd-88e0-a2cdb4a2654e HTTP/1.1" status: 204 len: 168 time: 0.7666516
2026-07-02 11:15:52.993 9 INFO neutron.db.ovn_revision_numbers_db [None req-c0b7dc82-a48e-4248-85c3-33476a1530c8 9cdc8c13715c49c7944d413ff31b54ce f2fd24e4dea74359bf1f429906535fdb - - default default] Successfully bumped revision number for resource 660ca687-a2fd-429c-bdda-f31c4da7e153 (type: security_groups) to 1
2026-07-02 11:15:53.010 9 INFO neutron.db.ovn_revision_numbers_db [None req-c0b7dc82-a48e-4248-85c3-33476a1530c8 9cdc8c13715c49c7944d413ff31b54ce f2fd24e4dea74359bf1f429906535fdb - - default default] Successfully bumped revision number for resource 310a07f1-93ef-4dec-bc82-94484aa57a2d (type: security_group_rules) to 0
2026-07-02 11:15:53.037 9 INFO neutron.db.ovn_revision_numbers_db [None req-c0b7dc82-a48e-4248-85c3-33476a1530c8 9cdc8c13715c49c7944d413ff31b54ce f2fd24e4dea74359bf1f429906535fdb - - default default] Successfully bumped revision number for resource d87a55c6-6ed6-4946-a614-98b7cc9d7ebb (type: security_group_rules) to 0
2026-07-02 11:15:53.070 9 INFO neutron.wsgi [None req-c0b7dc82-a48e-4248-85c3-33476a1530c8 9cdc8c13715c49c7944d413ff31b54ce f2fd24e4dea74359bf1f429906535fdb - - default default] 10.0.0.226 "POST /v2.0/security-groups HTTP/1.1" status: 201 len: 1761 time: 0.2393482
2026-07-02 11:15:53.083 10 WARNING neutron_lib.context [None req-9d0c2c7b-33f7-48d7-af42-2d9f7662deba 9cdc8c13715c49c7944d413ff31b54ce f2fd24e4dea74359bf1f429906535fdb - - default default] Method 'is_advsvc' is deprecated since 2023.2 release (neutron-lib 3.8.0) and will be removed once support for the old RBAC API policies will be removed from Neutron. Please use method 'is_service_role' instead.
2026-07-02 11:15:53.261 10 INFO neutron.wsgi [None req-2d9b6ba6-5042-4961-bae1-f227a921dab6 7a0d84665b1f4a1288833aa07236b752 e5697475b2504714a97ee12d834598e3 - - default default] 10.0.0.226 "GET /v2.0/security-groups?tenant_id=2caf0220911b4b4b88ed62b5a65a3f63&name=default HTTP/1.1" status: 200 len: 2996 time: 0.2058084
2026-07-02 11:15:53.273 10 INFO neutron.db.ovn_revision_numbers_db [None req-9d0c2c7b-33f7-48d7-af42-2d9f7662deba 9cdc8c13715c49c7944d413ff31b54ce f2fd24e4dea74359bf1f429906535fdb - - default default] Successfully bumped revision number for resource 595dccfc-b081-4d8a-b657-0685e1b5a028 (type: security_group_rules) to 0
2026-07-02 11:15:53.335 10 INFO neutron.wsgi [None req-9d0c2c7b-33f7-48d7-af42-2d9f7662deba 9cdc8c13715c49c7944d413ff31b54ce f2fd24e4dea74359bf1f429906535fdb - - default default] 10.0.0.226 "POST /v2.0/security-group-rules HTTP/1.1" status: 201 len: 768 time: 0.2580466
2026-07-02 11:15:53.368 10 INFO neutron.wsgi [None req-0da5cbb4-2abc-4a25-a157-4dc377ea8ae0 9cdc8c13715c49c7944d413ff31b54ce f2fd24e4dea74359bf1f429906535fdb - - default default] 10.0.0.226 "GET /v2.0/security-group-rules/595dccfc-b081-4d8a-b657-0685e1b5a028 HTTP/1.1" status: 200 len: 763 time: 0.0267496
2026-07-02 11:15:53.448 9 INFO neutron.services.segments.plugin [-] Segment 369b411a-b8fd-4cd7-adc0-fee11d3db052 resource provider aggregate not found
2026-07-02 11:15:53.454 9 INFO neutron.services.segments.plugin [-] Segment 369b411a-b8fd-4cd7-adc0-fee11d3db052 resource provider aggregate not found
2026-07-02 11:15:53.480 9 INFO neutron.services.segments.plugin [-] Segment 369b411a-b8fd-4cd7-adc0-fee11d3db052 resource provider not found; error: Placement Client Error (4xx): {"errors": [{"status": 404, "title": "Not Found", "detail": "The resource could not be found.\n\n No resource provider with uuid 369b411a-b8fd-4cd7-adc0-fee11d3db052 found for delete ", "request_id": "req-050a573e-9fe3-4fad-a709-8d71581c24cc"}]}
2026-07-02 11:15:53.481 9 INFO neutron.services.segments.plugin [-] Segment 369b411a-b8fd-4cd7-adc0-fee11d3db052 resource provider not found; error: Placement Client Error (4xx): {"errors": [{"status": 404, "title": "Not Found", "detail": "The resource could not be found.\n\n No resource provider with uuid 369b411a-b8fd-4cd7-adc0-fee11d3db052 found for delete ", "request_id": "req-02dc29d9-d230-449e-8852-dbab981e844e"}]}
2026-07-02 11:15:53.489 10 INFO neutron.wsgi [None req-2968b7b4-74a4-4a99-92af-f7ff719f9603 9cdc8c13715c49c7944d413ff31b54ce f2fd24e4dea74359bf1f429906535fdb - - default default] 10.0.0.226 "GET /v2.0/security-group-rules HTTP/1.1" status: 200 len: 4113 time: 0.1146212
2026-07-02 11:15:53.492 10 INFO neutron.db.ovn_revision_numbers_db [None req-8b1363f3-7035-4da6-a225-2aaef2c81549 7a0d84665b1f4a1288833aa07236b752 e5697475b2504714a97ee12d834598e3 - - default default] Successfully bumped revision number for resource 138c2119-4ccc-4f81-b805-818bd5afcb6d (type: security_groups) to 1
2026-07-02 11:15:53.513 10 INFO neutron.db.ovn_revision_numbers_db [None req-8b1363f3-7035-4da6-a225-2aaef2c81549 7a0d84665b1f4a1288833aa07236b752 e5697475b2504714a97ee12d834598e3 - - default default] Successfully bumped revision number for resource 3f3bea22-f9d7-4404-9126-af2d181f764d (type: security_group_rules) to 0
2026-07-02 11:15:53.517 9 INFO neutron.wsgi [None req-ed89144c-e0bc-4f6d-8c4b-35858111d8cc 824c3199740247cf9b6b0af0fc25c99d 4bc18db4c50c440cac22d1d72dfa370e - - default default] 10.0.0.226 "DELETE /v2.0/networks/f3a9f43e-7082-48f4-9c76-df29146eaf1e HTTP/1.1" status: 204 len: 168 time: 0.5902400
2026-07-02 11:15:53.535 10 WARNING neutron_lib.context [None req-723720c2-c278-4dbf-9943-3c2fa94c9423 824c3199740247cf9b6b0af0fc25c99d 4bc18db4c50c440cac22d1d72dfa370e - - default default] Method 'is_advsvc' is deprecated since 2023.2 release (neutron-lib 3.8.0) and will be removed once support for the old RBAC API policies will be removed from Neutron. Please use method 'is_service_role' instead.
2026-07-02 11:15:53.538 10 INFO neutron.db.ovn_revision_numbers_db [None req-8b1363f3-7035-4da6-a225-2aaef2c81549 7a0d84665b1f4a1288833aa07236b752 e5697475b2504714a97ee12d834598e3 - - default default] Successfully bumped revision number for resource 952c6d99-3d26-4fd9-8f04-4cb4643df520 (type: security_group_rules) to 0
2026-07-02 11:15:53.564 10 INFO neutron.db.ovn_revision_numbers_db [None req-8b1363f3-7035-4da6-a225-2aaef2c81549 7a0d84665b1f4a1288833aa07236b752 e5697475b2504714a97ee12d834598e3 - - default default] Successfully bumped revision number for resource e3b87039-5ca7-4697-a1eb-c7fea597a3e0 (type: security_group_rules) to 0
2026-07-02 11:15:53.587 10 INFO neutron.db.ovn_revision_numbers_db [None req-8b1363f3-7035-4da6-a225-2aaef2c81549 7a0d84665b1f4a1288833aa07236b752 e5697475b2504714a97ee12d834598e3 - - default default] Successfully bumped revision number for resource fcbd289c-3dbf-4bf5-a15b-c8685e8d8a43 (type: security_group_rules) to 0
2026-07-02 11:15:53.611 10 INFO neutron.wsgi [None req-8b1363f3-7035-4da6-a225-2aaef2c81549 7a0d84665b1f4a1288833aa07236b752 e5697475b2504714a97ee12d834598e3 - - default default] 10.0.0.226 "GET /v2.0/security-groups?tenant_id=1e217a1edc444668a05b24a91ce6bf03&name=default HTTP/1.1" status: 200 len: 2996 time: 0.6259470
2026-07-02 11:15:53.645 10 INFO neutron.wsgi [None req-fa818269-54b0-4140-88d1-280dd931c269 7a0d84665b1f4a1288833aa07236b752 e5697475b2504714a97ee12d834598e3 - - default default] 10.0.0.226 "DELETE /v2.0/security-groups/136df07a-3fe9-42b3-8c07-7c981a8845d9 HTTP/1.1" status: 204 len: 168 time: 0.3781049
2026-07-02 11:15:53.651 10 INFO neutron.db.segments_db [None req-723720c2-c278-4dbf-9943-3c2fa94c9423 824c3199740247cf9b6b0af0fc25c99d 4bc18db4c50c440cac22d1d72dfa370e - - default default] Added segment 9b37109a-00d3-4210-be2e-9eb37ef47f7d of type geneve for network aeb79754-9c51-44b1-83de-cd468a66714b
2026-07-02 11:15:53.687 9 INFO neutron.wsgi [None req-dd97fcd0-2efd-4bad-b8cf-b90dc1d19557 9cdc8c13715c49c7944d413ff31b54ce f2fd24e4dea74359bf1f429906535fdb - - default default] 10.0.0.226 "DELETE /v2.0/security-group-rules/595dccfc-b081-4d8a-b657-0685e1b5a028 HTTP/1.1" status: 204 len: 168 time: 0.1914966
2026-07-02 11:15:53.748 9 INFO neutron.wsgi [None req-f9816f73-2aec-4580-ad27-f04d23cfb2a5 9cdc8c13715c49c7944d413ff31b54ce f2fd24e4dea74359bf1f429906535fdb - - default default] 10.0.0.226 "GET /v2.0/security-group-rules HTTP/1.1" status: 200 len: 3567 time: 0.0566385
2026-07-02 11:15:53.760 10 WARNING neutron_lib.context [None req-56aa7327-70c5-41fc-a66b-60229460caf4 9cdc8c13715c49c7944d413ff31b54ce f2fd24e4dea74359bf1f429906535fdb - - default default] Method 'is_advsvc' is deprecated since 2023.2 release (neutron-lib 3.8.0) and will be removed once support for the old RBAC API policies will be removed from Neutron. Please use method 'is_service_role' instead.
2026-07-02 11:15:53.864 10 INFO neutron.db.ovn_revision_numbers_db [None req-723720c2-c278-4dbf-9943-3c2fa94c9423 824c3199740247cf9b6b0af0fc25c99d 4bc18db4c50c440cac22d1d72dfa370e - - default default] Successfully bumped revision number for resource aeb79754-9c51-44b1-83de-cd468a66714b (type: networks) to 1
2026-07-02 11:15:53.864 9 INFO neutron.db.ovn_revision_numbers_db [None req-c3a2e6d6-f27f-4db9-89a9-618d9da70808 7a0d84665b1f4a1288833aa07236b752 e5697475b2504714a97ee12d834598e3 - - default default] Successfully bumped revision number for resource 298fc21e-6edc-4a76-acb7-3d818c4126f5 (type: security_groups) to 1
2026-07-02 11:15:53.889 9 INFO neutron.db.ovn_revision_numbers_db [None req-c3a2e6d6-f27f-4db9-89a9-618d9da70808 7a0d84665b1f4a1288833aa07236b752 e5697475b2504714a97ee12d834598e3 - - default default] Successfully bumped revision number for resource 51e50e52-f9f1-4412-bb62-3fe6f23c56e7 (type: security_group_rules) to 0
2026-07-02 11:15:53.913 9 INFO neutron.db.ovn_revision_numbers_db [None req-c3a2e6d6-f27f-4db9-89a9-618d9da70808 7a0d84665b1f4a1288833aa07236b752 e5697475b2504714a97ee12d834598e3 - - default default] Successfully bumped revision number for resource 700cbd79-f460-46c1-87ef-4c17927622b8 (type: security_group_rules) to 0
2026-07-02 11:15:53.933 9 INFO neutron.db.ovn_revision_numbers_db [None req-c3a2e6d6-f27f-4db9-89a9-618d9da70808 7a0d84665b1f4a1288833aa07236b752 e5697475b2504714a97ee12d834598e3 - - default default] Successfully bumped revision number for resource a7d3468a-8cc6-48ee-84e3-b17f59d820a2 (type: security_group_rules) to 0
2026-07-02 11:15:53.946 9 INFO neutron.db.ovn_revision_numbers_db [None req-c3a2e6d6-f27f-4db9-89a9-618d9da70808 7a0d84665b1f4a1288833aa07236b752 e5697475b2504714a97ee12d834598e3 - - default default] Successfully bumped revision number for resource e7ab99a5-9c23-4c6b-8475-b531d3f9657e (type: security_group_rules) to 0
2026-07-02 11:15:53.971 9 INFO neutron.wsgi [None req-c3a2e6d6-f27f-4db9-89a9-618d9da70808 7a0d84665b1f4a1288833aa07236b752 e5697475b2504714a97ee12d834598e3 - - default default] 10.0.0.226 "GET /v2.0/security-groups?tenant_id=3f91ee00d7b64865a46570ccea39454b&name=default HTTP/1.1" status: 200 len: 2996 time: 0.2210798
2026-07-02 11:15:54.009 10 INFO neutron.wsgi [None req-9bd7fe44-2821-4d94-bed4-b5077f2841a9 7a0d84665b1f4a1288833aa07236b752 e5697475b2504714a97ee12d834598e3 - - default default] 10.0.0.226 "DELETE /v2.0/security-groups/138c2119-4ccc-4f81-b805-818bd5afcb6d HTTP/1.1" status: 204 len: 168 time: 0.3941658
2026-07-02 11:15:54.045 10 INFO neutron.db.ovn_revision_numbers_db [None req-56aa7327-70c5-41fc-a66b-60229460caf4 9cdc8c13715c49c7944d413ff31b54ce f2fd24e4dea74359bf1f429906535fdb - - default default] Successfully bumped revision number for resource 3bb56134-bdad-4c55-9cc9-cc9450b16447 (type: security_group_rules) to 0
2026-07-02 11:15:54.082 10 INFO neutron.wsgi [None req-56aa7327-70c5-41fc-a66b-60229460caf4 9cdc8c13715c49c7944d413ff31b54ce f2fd24e4dea74359bf1f429906535fdb - - default default] 10.0.0.226 "POST /v2.0/security-group-rules HTTP/1.1" status: 201 len: 768 time: 0.3277245
2026-07-02 11:15:54.123 10 INFO neutron.wsgi [None req-3b10bcb7-2622-4243-963d-aaf916d9b01c 9cdc8c13715c49c7944d413ff31b54ce f2fd24e4dea74359bf1f429906535fdb - - default default] 10.0.0.226 "GET /v2.0/security-group-rules/3bb56134-bdad-4c55-9cc9-cc9450b16447 HTTP/1.1" status: 200 len: 763 time: 0.0350356
2026-07-02 11:15:54.145 10 WARNING neutron.scheduler.dhcp_agent_scheduler [None req-723720c2-c278-4dbf-9943-3c2fa94c9423 824c3199740247cf9b6b0af0fc25c99d 4bc18db4c50c440cac22d1d72dfa370e - - default default] No more DHCP agents
2026-07-02 11:15:54.153 10 WARNING neutron.api.rpc.agentnotifiers.dhcp_rpc_agent_api [None req-723720c2-c278-4dbf-9943-3c2fa94c9423 824c3199740247cf9b6b0af0fc25c99d 4bc18db4c50c440cac22d1d72dfa370e - - default default] Unable to schedule network aeb79754-9c51-44b1-83de-cd468a66714b: no agents available; will retry on subsequent port and subnet creation events.
2026-07-02 11:15:54.183 10 INFO neutron.wsgi [None req-b648c75a-c505-4f2e-9d6f-b4e507229766 9cdc8c13715c49c7944d413ff31b54ce f2fd24e4dea74359bf1f429906535fdb - - default default] 10.0.0.226 "GET /v2.0/security-group-rules HTTP/1.1" status: 200 len: 4113 time: 0.0513804
2026-07-02 11:15:54.245 10 INFO neutron.db.ovn_revision_numbers_db [None req-723720c2-c278-4dbf-9943-3c2fa94c9423 824c3199740247cf9b6b0af0fc25c99d 4bc18db4c50c440cac22d1d72dfa370e - - default default] Successfully bumped revision number for resource 8d1e6855-2d33-4579-b918-a642e77cb50a (type: ports) to 1
2026-07-02 11:15:54.271 10 INFO neutron.wsgi [None req-723720c2-c278-4dbf-9943-3c2fa94c9423 824c3199740247cf9b6b0af0fc25c99d 4bc18db4c50c440cac22d1d72dfa370e - - default default] 10.0.0.226 "POST /v2.0/networks HTTP/1.1" status: 201 len: 832 time: 0.7414007
2026-07-02 11:15:54.282 10 WARNING neutron_lib.context [None req-7cc0df40-309e-4f8c-92c2-7c3212e23ccf 824c3199740247cf9b6b0af0fc25c99d 4bc18db4c50c440cac22d1d72dfa370e - - default default] Method 'is_advsvc' is deprecated since 2023.2 release (neutron-lib 3.8.0) and will be removed once support for the old RBAC API policies will be removed from Neutron. Please use method 'is_service_role' instead.
2026-07-02 11:15:54.284 9 INFO neutron.wsgi [None req-a306d540-9eea-4756-ac94-5b7602903d6a 7a0d84665b1f4a1288833aa07236b752 e5697475b2504714a97ee12d834598e3 - - default default] 10.0.0.226 "DELETE /v2.0/security-groups/298fc21e-6edc-4a76-acb7-3d818c4126f5 HTTP/1.1" status: 204 len: 168 time: 0.2851040
2026-07-02 11:15:54.342 9 INFO neutron.wsgi [None req-77b3fc0e-3b2c-4a00-b58b-e76a22fe4e11 9cdc8c13715c49c7944d413ff31b54ce f2fd24e4dea74359bf1f429906535fdb - - default default] 10.0.0.226 "DELETE /v2.0/security-group-rules/3bb56134-bdad-4c55-9cc9-cc9450b16447 HTTP/1.1" status: 204 len: 168 time: 0.1516249
2026-07-02 11:15:54.375 9 INFO neutron.db.ovn_revision_numbers_db [None req-7f05ddbf-d404-47d0-a4a8-ee4dbcfd92cd 7a0d84665b1f4a1288833aa07236b752 e5697475b2504714a97ee12d834598e3 - - default default] Successfully bumped revision number for resource 9c0af03a-183d-4600-8958-f63ac63ecbee (type: security_groups) to 1
2026-07-02 11:15:54.390 9 INFO neutron.db.ovn_revision_numbers_db [None req-7f05ddbf-d404-47d0-a4a8-ee4dbcfd92cd 7a0d84665b1f4a1288833aa07236b752 e5697475b2504714a97ee12d834598e3 - - default default] Successfully bumped revision number for resource 4d366543-dab1-4d52-a219-8e2a11cba82b (type: security_group_rules) to 0
2026-07-02 11:15:54.405 9 INFO neutron.db.ovn_revision_numbers_db [None req-7f05ddbf-d404-47d0-a4a8-ee4dbcfd92cd 7a0d84665b1f4a1288833aa07236b752 e5697475b2504714a97ee12d834598e3 - - default default] Successfully bumped revision number for resource 4f5cf22d-beb1-4998-9023-5865bad139b8 (type: security_group_rules) to 0
2026-07-02 11:15:54.411 10 INFO neutron.wsgi [None req-a9b12bb4-9b6b-465d-9ce6-412ab6a74379 9cdc8c13715c49c7944d413ff31b54ce f2fd24e4dea74359bf1f429906535fdb - - default default] 10.0.0.226 "GET /v2.0/security-group-rules HTTP/1.1" status: 200 len: 3567 time: 0.0634534
2026-07-02 11:15:54.423 9 WARNING neutron_lib.context [None req-f06b8e73-8058-408a-a582-a84cf85aa091 9cdc8c13715c49c7944d413ff31b54ce f2fd24e4dea74359bf1f429906535fdb - - default default] Method 'is_advsvc' is deprecated since 2023.2 release (neutron-lib 3.8.0) and will be removed once support for the old RBAC API policies will be removed from Neutron. Please use method 'is_service_role' instead.
2026-07-02 11:15:54.427 9 INFO neutron.db.ovn_revision_numbers_db [None req-7f05ddbf-d404-47d0-a4a8-ee4dbcfd92cd 7a0d84665b1f4a1288833aa07236b752 e5697475b2504714a97ee12d834598e3 - - default default] Successfully bumped revision number for resource 760e6d37-6714-4488-8c9b-ac25a336c527 (type: security_group_rules) to 0
2026-07-02 11:15:54.443 9 INFO neutron.db.ovn_revision_numbers_db [None req-7f05ddbf-d404-47d0-a4a8-ee4dbcfd92cd 7a0d84665b1f4a1288833aa07236b752 e5697475b2504714a97ee12d834598e3 - - default default] Successfully bumped revision number for resource f93ebbc1-e2ee-410b-ac24-1d1788c150a7 (type: security_group_rules) to 0
2026-07-02 11:15:54.474 9 INFO neutron.wsgi [None req-7f05ddbf-d404-47d0-a4a8-ee4dbcfd92cd 7a0d84665b1f4a1288833aa07236b752 e5697475b2504714a97ee12d834598e3 - - default default] 10.0.0.226 "GET /v2.0/security-groups?tenant_id=3c7942cc77774b8eb84f389a69e86453&name=default HTTP/1.1" status: 200 len: 2996 time: 0.2697635
2026-07-02 11:15:54.571 10 WARNING neutron.scheduler.dhcp_agent_scheduler [None req-7cc0df40-309e-4f8c-92c2-7c3212e23ccf 824c3199740247cf9b6b0af0fc25c99d 4bc18db4c50c440cac22d1d72dfa370e - - default default] No more DHCP agents
2026-07-02 11:15:54.575 10 WARNING neutron.api.rpc.agentnotifiers.dhcp_rpc_agent_api [None req-7cc0df40-309e-4f8c-92c2-7c3212e23ccf 824c3199740247cf9b6b0af0fc25c99d 4bc18db4c50c440cac22d1d72dfa370e - - default default] Unable to schedule network aeb79754-9c51-44b1-83de-cd468a66714b: no agents available; will retry on subsequent port and subnet creation events.
2026-07-02 11:15:54.586 9 INFO neutron.db.ovn_revision_numbers_db [None req-f06b8e73-8058-408a-a582-a84cf85aa091 9cdc8c13715c49c7944d413ff31b54ce f2fd24e4dea74359bf1f429906535fdb - - default default] Successfully bumped revision number for resource 6c184989-7491-45e2-8209-0a8620ad51ec (type: security_group_rules) to 0
2026-07-02 11:15:54.613 10 INFO neutron.db.ovn_revision_numbers_db [None req-7cc0df40-309e-4f8c-92c2-7c3212e23ccf 824c3199740247cf9b6b0af0fc25c99d 4bc18db4c50c440cac22d1d72dfa370e - - default default] Successfully bumped revision number for resource e0a9bd80-4cc9-4324-85d4-ad87cd16e7ac (type: subnets) to 0
2026-07-02 11:15:54.616 9 INFO neutron.wsgi [None req-f06b8e73-8058-408a-a582-a84cf85aa091 9cdc8c13715c49c7944d413ff31b54ce f2fd24e4dea74359bf1f429906535fdb - - default default] 10.0.0.226 "POST /v2.0/security-group-rules HTTP/1.1" status: 201 len: 769 time: 0.1984503
2026-07-02 11:15:54.632 10 INFO neutron.wsgi [None req-7cc0df40-309e-4f8c-92c2-7c3212e23ccf 824c3199740247cf9b6b0af0fc25c99d 4bc18db4c50c440cac22d1d72dfa370e - - default default] 10.0.0.226 "POST /v2.0/subnets HTTP/1.1" status: 201 len: 821 time: 0.3547957
2026-07-02 11:15:54.645 10 WARNING neutron_lib.context [None req-9b7e735e-eff7-4710-b9ff-e1c409f5631a 824c3199740247cf9b6b0af0fc25c99d 4bc18db4c50c440cac22d1d72dfa370e - - default default] Method 'is_advsvc' is deprecated since 2023.2 release (neutron-lib 3.8.0) and will be removed once support for the old RBAC API policies will be removed from Neutron. Please use method 'is_service_role' instead.
2026-07-02 11:15:54.647 9 WARNING neutron.plugins.ml2.drivers.ovn.mech_driver.ovsdb.ovn_client [None req-f0f4474f-9443-442f-977a-be7ca271417b - - - - - -] No port found with ID a48935e2-8405-403c-952c-0cba9bb3df32: RuntimeError: No port found with ID a48935e2-8405-403c-952c-0cba9bb3df32
2026-07-02 11:15:54.650 9 INFO neutron.wsgi [None req-973d3165-fb76-40d1-9b73-6daace9b9979 9cdc8c13715c49c7944d413ff31b54ce f2fd24e4dea74359bf1f429906535fdb - - default default] 10.0.0.226 "GET /v2.0/security-group-rules/6c184989-7491-45e2-8209-0a8620ad51ec HTTP/1.1" status: 200 len: 764 time: 0.0281334
2026-07-02 11:15:54.711 10 INFO neutron.wsgi [None req-411039ec-740b-428b-8af2-690823eea887 9cdc8c13715c49c7944d413ff31b54ce f2fd24e4dea74359bf1f429906535fdb - - default default] 10.0.0.226 "GET /v2.0/security-group-rules HTTP/1.1" status: 200 len: 4114 time: 0.0574529
2026-07-02 11:15:54.742 9 INFO neutron.wsgi [None req-432ed9b2-e5b5-41c3-9f91-0b43b12c0158 7a0d84665b1f4a1288833aa07236b752 e5697475b2504714a97ee12d834598e3 - - default default] 10.0.0.226 "DELETE /v2.0/security-groups/9c0af03a-183d-4600-8958-f63ac63ecbee HTTP/1.1" status: 204 len: 168 time: 0.2632766
2026-07-02 11:15:54.830 10 INFO neutron.db.ovn_revision_numbers_db [None req-9b7e735e-eff7-4710-b9ff-e1c409f5631a 824c3199740247cf9b6b0af0fc25c99d 4bc18db4c50c440cac22d1d72dfa370e - - default default] Successfully bumped revision number for resource 014e5c04-8895-44dd-97fd-ff550bb35a95 (type: routers) to 1
2026-07-02 11:15:54.845 9 INFO neutron.wsgi [None req-ab7205f8-8287-44e1-a3e0-31b337102d44 9cdc8c13715c49c7944d413ff31b54ce f2fd24e4dea74359bf1f429906535fdb - - default default] 10.0.0.226 "DELETE /v2.0/security-group-rules/6c184989-7491-45e2-8209-0a8620ad51ec HTTP/1.1" status: 204 len: 168 time: 0.1276512
2026-07-02 11:15:54.848 10 INFO neutron.wsgi [None req-9b7e735e-eff7-4710-b9ff-e1c409f5631a 824c3199740247cf9b6b0af0fc25c99d 4bc18db4c50c440cac22d1d72dfa370e - - default default] 10.0.0.226 "POST /v2.0/routers HTTP/1.1" status: 201 len: 690 time: 0.2106462
