2026-07-02 11:12:59.960 10 INFO neutron.wsgi [None req-837c1b19-f6e9-40e7-b986-59212bcb83f3 7a0d84665b1f4a1288833aa07236b752 e5697475b2504714a97ee12d834598e3 - - default default] 10.0.0.188 "GET /v2.0/subnets HTTP/1.1" status: 200 len: 1437 time: 0.0324867
2026-07-02 11:12:59.983 10 INFO neutron.wsgi [None req-40567d34-1b40-466a-b1b7-824fcf501e14 7a0d84665b1f4a1288833aa07236b752 e5697475b2504714a97ee12d834598e3 - - default default] 10.0.0.188 "GET /v2.0/routers HTTP/1.1" status: 200 len: 189 time: 0.0213187
2026-07-02 11:13:00.029 10 INFO neutron.wsgi [None req-9682111f-e189-438c-9ad5-64819e6773d8 7a0d84665b1f4a1288833aa07236b752 e5697475b2504714a97ee12d834598e3 - - default default] 10.0.0.188 "GET /v2.0/agents?binary=ovn-controller HTTP/1.1" status: 200 len: 591 time: 0.0460033
2026-07-02 11:13:00.044 10 INFO neutron.wsgi [None req-7c283aa0-bd6d-44b1-9239-5fbc25bf8067 7a0d84665b1f4a1288833aa07236b752 e5697475b2504714a97ee12d834598e3 - - default default] 10.0.0.188 "GET /v2.0/agents HTTP/1.1" status: 200 len: 997 time: 0.0134616
2026-07-02 11:13:00.088 10 INFO neutron.wsgi [None req-c13b2094-9ab4-40ce-8715-8fa3940334f9 7a0d84665b1f4a1288833aa07236b752 e5697475b2504714a97ee12d834598e3 - - default default] 10.0.0.188 "GET /v2.0/subnets HTTP/1.1" status: 200 len: 1437 time: 0.0428910
2026-07-02 11:13:00.100 10 INFO neutron.wsgi [None req-dd45d03a-6fa3-4193-8625-9885b04fef3d 7a0d84665b1f4a1288833aa07236b752 e5697475b2504714a97ee12d834598e3 - - default default] 10.0.0.188 "GET /v2.0/subnetpools HTTP/1.1" status: 200 len: 193 time: 0.0104947
2026-07-02 11:13:05.879 9 INFO neutron.db.ovn_revision_numbers_db [None req-cda10660-2764-4d41-8645-da6eaa616b43 7a0d84665b1f4a1288833aa07236b752 e5697475b2504714a97ee12d834598e3 - - default default] Successfully bumped revision number for resource 43b99873-4a20-418d-acb0-629eec56b42d (type: security_groups) to 1
2026-07-02 11:13:05.894 9 INFO neutron.db.ovn_revision_numbers_db [None req-cda10660-2764-4d41-8645-da6eaa616b43 7a0d84665b1f4a1288833aa07236b752 e5697475b2504714a97ee12d834598e3 - - default default] Successfully bumped revision number for resource 1a361680-c378-4c2b-9356-33f6e43a5d03 (type: security_group_rules) to 0
2026-07-02 11:13:05.907 9 INFO neutron.db.ovn_revision_numbers_db [None req-cda10660-2764-4d41-8645-da6eaa616b43 7a0d84665b1f4a1288833aa07236b752 e5697475b2504714a97ee12d834598e3 - - default default] Successfully bumped revision number for resource 2051bd15-162d-43c6-a088-789342860eb3 (type: security_group_rules) to 0
2026-07-02 11:13:05.921 9 INFO neutron.db.ovn_revision_numbers_db [None req-cda10660-2764-4d41-8645-da6eaa616b43 7a0d84665b1f4a1288833aa07236b752 e5697475b2504714a97ee12d834598e3 - - default default] Successfully bumped revision number for resource 7ff9e27a-4a1d-4a8f-97f6-20c850ac0f15 (type: security_group_rules) to 0
2026-07-02 11:13:05.934 9 INFO neutron.db.ovn_revision_numbers_db [None req-cda10660-2764-4d41-8645-da6eaa616b43 7a0d84665b1f4a1288833aa07236b752 e5697475b2504714a97ee12d834598e3 - - default default] Successfully bumped revision number for resource b9805292-ee2d-4e5c-8c0c-45bd4125bce6 (type: security_group_rules) to 0
2026-07-02 11:13:05.970 10 INFO neutron.db.ovn_revision_numbers_db [None req-f090d359-f5f8-4ed0-9748-ff5b20c71cb9 7a0d84665b1f4a1288833aa07236b752 e5697475b2504714a97ee12d834598e3 - - default default] Successfully bumped revision number for resource 575b8bb2-c065-4b60-bca2-20aef5d8f396 (type: security_groups) to 1
2026-07-02 11:13:05.996 10 INFO neutron.db.ovn_revision_numbers_db [None req-f090d359-f5f8-4ed0-9748-ff5b20c71cb9 7a0d84665b1f4a1288833aa07236b752 e5697475b2504714a97ee12d834598e3 - - default default] Successfully bumped revision number for resource 1ae6f98a-baf8-45c8-91a5-0c2d45b4240c (type: security_group_rules) to 0
2026-07-02 11:13:06.001 9 INFO neutron.db.segments_db [None req-cda10660-2764-4d41-8645-da6eaa616b43 7a0d84665b1f4a1288833aa07236b752 e5697475b2504714a97ee12d834598e3 - - default default] Added segment 5b4b3c93-5bb6-4a0a-bb28-98c42502527b of type geneve for network a91bc9da-cd96-4418-a2dd-4dcca61737ce
2026-07-02 11:13:06.020 10 INFO neutron.db.ovn_revision_numbers_db [None req-f090d359-f5f8-4ed0-9748-ff5b20c71cb9 7a0d84665b1f4a1288833aa07236b752 e5697475b2504714a97ee12d834598e3 - - default default] Successfully bumped revision number for resource 30468654-b259-4ef7-9c50-d352fac61027 (type: security_group_rules) to 0
2026-07-02 11:13:06.034 10 INFO neutron.db.ovn_revision_numbers_db [None req-c6a076d7-5df5-4bc7-ac61-70272004defd 7a0d84665b1f4a1288833aa07236b752 e5697475b2504714a97ee12d834598e3 - - default default] Successfully bumped revision number for resource e4699795-7e7c-462c-8c81-e534b4aed547 (type: security_groups) to 1
2026-07-02 11:13:06.047 10 INFO neutron.db.ovn_revision_numbers_db [None req-f090d359-f5f8-4ed0-9748-ff5b20c71cb9 7a0d84665b1f4a1288833aa07236b752 e5697475b2504714a97ee12d834598e3 - - default default] Successfully bumped revision number for resource b2f7250f-1c67-4098-833e-a9b95b109c58 (type: security_group_rules) to 0
2026-07-02 11:13:06.060 10 INFO neutron.db.ovn_revision_numbers_db [None req-c6a076d7-5df5-4bc7-ac61-70272004defd 7a0d84665b1f4a1288833aa07236b752 e5697475b2504714a97ee12d834598e3 - - default default] Successfully bumped revision number for resource 33c2ed13-4f6f-464e-8a03-d3568cb4fffe (type: security_group_rules) to 0
2026-07-02 11:13:06.063 10 INFO neutron.db.ovn_revision_numbers_db [None req-f090d359-f5f8-4ed0-9748-ff5b20c71cb9 7a0d84665b1f4a1288833aa07236b752 e5697475b2504714a97ee12d834598e3 - - default default] Successfully bumped revision number for resource e2e51b98-fb7c-48d6-b79b-fc37f2e5446a (type: security_group_rules) to 0
2026-07-02 11:13:06.086 10 INFO neutron.db.ovn_revision_numbers_db [None req-c6a076d7-5df5-4bc7-ac61-70272004defd 7a0d84665b1f4a1288833aa07236b752 e5697475b2504714a97ee12d834598e3 - - default default] Successfully bumped revision number for resource 660f553c-2380-4482-b03f-d45bfca21a1b (type: security_group_rules) to 0
2026-07-02 11:13:06.105 10 INFO neutron.db.ovn_revision_numbers_db [None req-c6a076d7-5df5-4bc7-ac61-70272004defd 7a0d84665b1f4a1288833aa07236b752 e5697475b2504714a97ee12d834598e3 - - default default] Successfully bumped revision number for resource c2f9bfaf-792a-43df-a800-c30e6fbe97c7 (type: security_group_rules) to 0
2026-07-02 11:13:06.143 10 INFO neutron.db.segments_db [None req-f090d359-f5f8-4ed0-9748-ff5b20c71cb9 7a0d84665b1f4a1288833aa07236b752 e5697475b2504714a97ee12d834598e3 - - default default] Added segment ad78fcf5-a4ce-413c-b3ee-9b383436c2e2 of type geneve for network 65422fef-8c2e-4adb-b9a9-37a392ef931b
2026-07-02 11:13:06.149 10 INFO neutron.db.ovn_revision_numbers_db [None req-c6a076d7-5df5-4bc7-ac61-70272004defd 7a0d84665b1f4a1288833aa07236b752 e5697475b2504714a97ee12d834598e3 - - default default] Successfully bumped revision number for resource f7ff1dd7-ec2a-402f-a45e-17bd4cab2eb1 (type: security_group_rules) to 0
2026-07-02 11:13:06.170 9 INFO neutron.db.ovn_revision_numbers_db [None req-cda10660-2764-4d41-8645-da6eaa616b43 7a0d84665b1f4a1288833aa07236b752 e5697475b2504714a97ee12d834598e3 - - default default] Successfully bumped revision number for resource a91bc9da-cd96-4418-a2dd-4dcca61737ce (type: networks) to 1
2026-07-02 11:13:06.232 10 INFO neutron.db.segments_db [None req-c6a076d7-5df5-4bc7-ac61-70272004defd 7a0d84665b1f4a1288833aa07236b752 e5697475b2504714a97ee12d834598e3 - - default default] Added segment 8aefb533-d401-43ae-8415-fd8dfeb80461 of type geneve for network b9eace4c-8a84-4a40-b514-316b9d639d4b
2026-07-02 11:13:06.364 9 WARNING neutron.scheduler.dhcp_agent_scheduler [None req-cda10660-2764-4d41-8645-da6eaa616b43 7a0d84665b1f4a1288833aa07236b752 e5697475b2504714a97ee12d834598e3 - - default default] No more DHCP agents
2026-07-02 11:13:06.365 9 WARNING neutron.api.rpc.agentnotifiers.dhcp_rpc_agent_api [None req-cda10660-2764-4d41-8645-da6eaa616b43 7a0d84665b1f4a1288833aa07236b752 e5697475b2504714a97ee12d834598e3 - - default default] Unable to schedule network a91bc9da-cd96-4418-a2dd-4dcca61737ce: no agents available; will retry on subsequent port and subnet creation events.
2026-07-02 11:13:06.369 10 INFO neutron.db.ovn_revision_numbers_db [None req-f090d359-f5f8-4ed0-9748-ff5b20c71cb9 7a0d84665b1f4a1288833aa07236b752 e5697475b2504714a97ee12d834598e3 - - default default] Successfully bumped revision number for resource 65422fef-8c2e-4adb-b9a9-37a392ef931b (type: networks) to 1
2026-07-02 11:13:06.449 10 INFO neutron.db.ovn_revision_numbers_db [None req-c6a076d7-5df5-4bc7-ac61-70272004defd 7a0d84665b1f4a1288833aa07236b752 e5697475b2504714a97ee12d834598e3 - - default default] Successfully bumped revision number for resource b9eace4c-8a84-4a40-b514-316b9d639d4b (type: networks) to 1
2026-07-02 11:13:06.461 9 INFO neutron.db.ovn_revision_numbers_db [None req-cda10660-2764-4d41-8645-da6eaa616b43 7a0d84665b1f4a1288833aa07236b752 e5697475b2504714a97ee12d834598e3 - - default default] Successfully bumped revision number for resource 4a4e5b3d-60fd-4b69-95f4-3fe99b33981f (type: ports) to 1
2026-07-02 11:13:06.484 9 INFO neutron.wsgi [None req-cda10660-2764-4d41-8645-da6eaa616b43 7a0d84665b1f4a1288833aa07236b752 e5697475b2504714a97ee12d834598e3 - - default default] 10.0.0.226 "POST /v2.0/networks HTTP/1.1" status: 201 len: 951 time: 0.9829304
2026-07-02 11:13:06.674 9 WARNING neutron.scheduler.dhcp_agent_scheduler [None req-cd933b6e-8961-40cd-8a0e-d34c4008e9a4 7a0d84665b1f4a1288833aa07236b752 e5697475b2504714a97ee12d834598e3 - - default default] No more DHCP agents
2026-07-02 11:13:06.676 9 WARNING neutron.api.rpc.agentnotifiers.dhcp_rpc_agent_api [None req-cd933b6e-8961-40cd-8a0e-d34c4008e9a4 7a0d84665b1f4a1288833aa07236b752 e5697475b2504714a97ee12d834598e3 - - default default] Unable to schedule network a91bc9da-cd96-4418-a2dd-4dcca61737ce: no agents available; will retry on subsequent port and subnet creation events.
2026-07-02 11:13:06.690 10 WARNING neutron.scheduler.dhcp_agent_scheduler [None req-f090d359-f5f8-4ed0-9748-ff5b20c71cb9 7a0d84665b1f4a1288833aa07236b752 e5697475b2504714a97ee12d834598e3 - - default default] No more DHCP agents
2026-07-02 11:13:06.694 10 WARNING neutron.api.rpc.agentnotifiers.dhcp_rpc_agent_api [None req-f090d359-f5f8-4ed0-9748-ff5b20c71cb9 7a0d84665b1f4a1288833aa07236b752 e5697475b2504714a97ee12d834598e3 - - default default] Unable to schedule network 65422fef-8c2e-4adb-b9a9-37a392ef931b: no agents available; will retry on subsequent port and subnet creation events.
2026-07-02 11:13:06.746 10 WARNING neutron.scheduler.dhcp_agent_scheduler [None req-c6a076d7-5df5-4bc7-ac61-70272004defd 7a0d84665b1f4a1288833aa07236b752 e5697475b2504714a97ee12d834598e3 - - default default] No more DHCP agents
2026-07-02 11:13:06.751 10 WARNING neutron.api.rpc.agentnotifiers.dhcp_rpc_agent_api [None req-c6a076d7-5df5-4bc7-ac61-70272004defd 7a0d84665b1f4a1288833aa07236b752 e5697475b2504714a97ee12d834598e3 - - default default] Unable to schedule network b9eace4c-8a84-4a40-b514-316b9d639d4b: no agents available; will retry on subsequent port and subnet creation events.
2026-07-02 11:13:06.824 10 INFO neutron.db.ovn_revision_numbers_db [None req-f090d359-f5f8-4ed0-9748-ff5b20c71cb9 7a0d84665b1f4a1288833aa07236b752 e5697475b2504714a97ee12d834598e3 - - default default] Successfully bumped revision number for resource 3049f368-4e0b-46ea-8759-7bf89e3e570e (type: ports) to 1
2026-07-02 11:13:06.854 10 INFO neutron.wsgi [None req-f090d359-f5f8-4ed0-9748-ff5b20c71cb9 7a0d84665b1f4a1288833aa07236b752 e5697475b2504714a97ee12d834598e3 - - default default] 10.0.0.226 "POST /v2.0/networks HTTP/1.1" status: 201 len: 954 time: 1.1270878
2026-07-02 11:13:06.858 10 INFO neutron.db.ovn_revision_numbers_db [None req-c6a076d7-5df5-4bc7-ac61-70272004defd 7a0d84665b1f4a1288833aa07236b752 e5697475b2504714a97ee12d834598e3 - - default default] Successfully bumped revision number for resource cc4cd31c-b917-4fd4-83bd-1f8cddc3e813 (type: ports) to 1
2026-07-02 11:13:06.888 10 INFO neutron.wsgi [None req-c6a076d7-5df5-4bc7-ac61-70272004defd 7a0d84665b1f4a1288833aa07236b752 e5697475b2504714a97ee12d834598e3 - - default default] 10.0.0.226 "POST /v2.0/networks HTTP/1.1" status: 201 len: 940 time: 1.1298590
2026-07-02 11:13:06.964 9 INFO neutron.db.ovn_revision_numbers_db [None req-8dda57a9-c2b0-45b3-b16e-1ed6594de13a 7a0d84665b1f4a1288833aa07236b752 e5697475b2504714a97ee12d834598e3 - - default default] Successfully bumped revision number for resource 09e366ff-b430-4dbe-8248-23cac5c72c9f (type: security_groups) to 1
2026-07-02 11:13:06.980 9 INFO neutron.db.ovn_revision_numbers_db [None req-8dda57a9-c2b0-45b3-b16e-1ed6594de13a 7a0d84665b1f4a1288833aa07236b752 e5697475b2504714a97ee12d834598e3 - - default default] Successfully bumped revision number for resource 69dcc8ca-223a-48a4-ba8d-cbf41157c888 (type: security_group_rules) to 0
2026-07-02 11:13:07.000 9 INFO neutron.db.ovn_revision_numbers_db [None req-8dda57a9-c2b0-45b3-b16e-1ed6594de13a 7a0d84665b1f4a1288833aa07236b752 e5697475b2504714a97ee12d834598e3 - - default default] Successfully bumped revision number for resource 9c9bf8e8-ef3b-4331-9e2b-825b2591c67e (type: security_group_rules) to 0
2026-07-02 11:13:07.049 9 INFO neutron.db.ovn_revision_numbers_db [None req-8dda57a9-c2b0-45b3-b16e-1ed6594de13a 7a0d84665b1f4a1288833aa07236b752 e5697475b2504714a97ee12d834598e3 - - default default] Successfully bumped revision number for resource c186114d-ce7a-4e82-bd2e-cb44db8f9cb2 (type: security_group_rules) to 0
2026-07-02 11:13:07.132 10 WARNING neutron.scheduler.dhcp_agent_scheduler [None req-a5351de1-53a5-4d8e-8b14-c049f54555c3 7a0d84665b1f4a1288833aa07236b752 e5697475b2504714a97ee12d834598e3 - - default default] No more DHCP agents
2026-07-02 11:13:07.136 10 WARNING neutron.api.rpc.agentnotifiers.dhcp_rpc_agent_api [None req-a5351de1-53a5-4d8e-8b14-c049f54555c3 7a0d84665b1f4a1288833aa07236b752 e5697475b2504714a97ee12d834598e3 - - default default] Unable to schedule network 65422fef-8c2e-4adb-b9a9-37a392ef931b: no agents available; will retry on subsequent port and subnet creation events.
2026-07-02 11:13:07.168 10 WARNING neutron.scheduler.dhcp_agent_scheduler [None req-73fa2ef2-b7f9-41c8-8b21-e599ed113ec8 7a0d84665b1f4a1288833aa07236b752 e5697475b2504714a97ee12d834598e3 - - default default] No more DHCP agents
2026-07-02 11:13:07.173 10 WARNING neutron.api.rpc.agentnotifiers.dhcp_rpc_agent_api [None req-73fa2ef2-b7f9-41c8-8b21-e599ed113ec8 7a0d84665b1f4a1288833aa07236b752 e5697475b2504714a97ee12d834598e3 - - default default] Unable to schedule network b9eace4c-8a84-4a40-b514-316b9d639d4b: no agents available; will retry on subsequent port and subnet creation events.
2026-07-02 11:13:07.188 9 INFO neutron.db.ovn_revision_numbers_db [None req-8dda57a9-c2b0-45b3-b16e-1ed6594de13a 7a0d84665b1f4a1288833aa07236b752 e5697475b2504714a97ee12d834598e3 - - default default] Successfully bumped revision number for resource fed5dbc8-f9fc-44e3-96f1-56bf27e6c8d6 (type: security_group_rules) to 0
2026-07-02 11:13:07.223 9 INFO neutron.wsgi [None req-8dda57a9-c2b0-45b3-b16e-1ed6594de13a 7a0d84665b1f4a1288833aa07236b752 e5697475b2504714a97ee12d834598e3 - - default default] 10.0.0.226 "GET /v2.0/security-groups?tenant_id=92ea3ea1cfd6435dbcc71b8bfcfd3d66&name=default HTTP/1.1" status: 200 len: 2992 time: 0.5439684
2026-07-02 11:13:07.383 9 INFO neutron.db.ovn_revision_numbers_db [None req-cd933b6e-8961-40cd-8a0e-d34c4008e9a4 7a0d84665b1f4a1288833aa07236b752 e5697475b2504714a97ee12d834598e3 - - default default] Successfully bumped revision number for resource 4a4e5b3d-60fd-4b69-95f4-3fe99b33981f (type: ports) to 2
2026-07-02 11:13:07.437 9 INFO neutron.db.ovn_revision_numbers_db [None req-cd933b6e-8961-40cd-8a0e-d34c4008e9a4 7a0d84665b1f4a1288833aa07236b752 e5697475b2504714a97ee12d834598e3 - - default default] Successfully bumped revision number for resource bfb93680-4f0c-4248-ae37-9e38a3dae558 (type: subnets) to 0
2026-07-02 11:13:07.457 9 INFO neutron.wsgi [None req-cd933b6e-8961-40cd-8a0e-d34c4008e9a4 7a0d84665b1f4a1288833aa07236b752 e5697475b2504714a97ee12d834598e3 - - default default] 10.0.0.226 "POST /v2.0/subnets HTTP/1.1" status: 201 len: 871 time: 0.9683881
2026-07-02 11:13:07.832 10 INFO neutron.wsgi [None req-71c01334-c348-4a5f-8b61-1e1c140deff3 7a0d84665b1f4a1288833aa07236b752 e5697475b2504714a97ee12d834598e3 - - default default] 10.0.0.226 "DELETE /v2.0/security-groups/09e366ff-b430-4dbe-8248-23cac5c72c9f HTTP/1.1" status: 204 len: 168 time: 0.6034970
2026-07-02 11:13:08.040 9 WARNING neutron.scheduler.dhcp_agent_scheduler [None req-0aee914a-eadb-4ca7-aa09-1901ef619bd7 7a0d84665b1f4a1288833aa07236b752 e5697475b2504714a97ee12d834598e3 - - default default] No more DHCP agents
2026-07-02 11:13:08.052 9 WARNING neutron.api.rpc.agentnotifiers.dhcp_rpc_agent_api [None req-0aee914a-eadb-4ca7-aa09-1901ef619bd7 7a0d84665b1f4a1288833aa07236b752 e5697475b2504714a97ee12d834598e3 - - default default] Unable to schedule network 7ab611bf-5fa1-4e32-a42d-9946d7bcf78a: no agents available; will retry on subsequent port and subnet creation events.
2026-07-02 11:13:08.089 10 INFO neutron.db.ovn_revision_numbers_db [None req-73fa2ef2-b7f9-41c8-8b21-e599ed113ec8 7a0d84665b1f4a1288833aa07236b752 e5697475b2504714a97ee12d834598e3 - - default default] Successfully bumped revision number for resource cc4cd31c-b917-4fd4-83bd-1f8cddc3e813 (type: ports) to 2
2026-07-02 11:13:08.091 10 INFO neutron.db.ovn_revision_numbers_db [None req-a5351de1-53a5-4d8e-8b14-c049f54555c3 7a0d84665b1f4a1288833aa07236b752 e5697475b2504714a97ee12d834598e3 - - default default] Successfully bumped revision number for resource 3049f368-4e0b-46ea-8759-7bf89e3e570e (type: ports) to 2
2026-07-02 11:13:08.142 10 INFO neutron.db.ovn_revision_numbers_db [None req-73fa2ef2-b7f9-41c8-8b21-e599ed113ec8 7a0d84665b1f4a1288833aa07236b752 e5697475b2504714a97ee12d834598e3 - - default default] Successfully bumped revision number for resource b5c5b3d7-5548-4676-be42-f6f9705b0273 (type: subnets) to 0
2026-07-02 11:13:08.146 10 INFO neutron.db.ovn_revision_numbers_db [None req-a5351de1-53a5-4d8e-8b14-c049f54555c3 7a0d84665b1f4a1288833aa07236b752 e5697475b2504714a97ee12d834598e3 - - default default] Successfully bumped revision number for resource 192eba1b-db55-4124-97de-392703aa503d (type: subnets) to 0
2026-07-02 11:13:08.157 10 INFO neutron.wsgi [None req-73fa2ef2-b7f9-41c8-8b21-e599ed113ec8 7a0d84665b1f4a1288833aa07236b752 e5697475b2504714a97ee12d834598e3 - - default default] 10.0.0.226 "POST /v2.0/subnets HTTP/1.1" status: 201 len: 860 time: 1.2632873
2026-07-02 11:13:08.159 10 INFO neutron.wsgi [None req-a5351de1-53a5-4d8e-8b14-c049f54555c3 7a0d84665b1f4a1288833aa07236b752 e5697475b2504714a97ee12d834598e3 - - default default] 10.0.0.226 "POST /v2.0/subnets HTTP/1.1" status: 201 len: 874 time: 1.2975419
2026-07-02 11:13:08.214 9 INFO neutron.db.ovn_revision_numbers_db [None req-0aee914a-eadb-4ca7-aa09-1901ef619bd7 7a0d84665b1f4a1288833aa07236b752 e5697475b2504714a97ee12d834598e3 - - default default] Successfully bumped revision number for resource ad9eb696-2ced-44c1-a181-4e9c5f63a869 (type: ports) to 1
2026-07-02 11:13:08.689 9 INFO neutron.plugins.ml2.drivers.ovn.mech_driver.ovsdb.extensions.qos [None req-0aee914a-eadb-4ca7-aa09-1901ef619bd7 7a0d84665b1f4a1288833aa07236b752 e5697475b2504714a97ee12d834598e3 - - default default] Starting OVNClientQosExtension
2026-07-02 11:13:08.985 10 INFO neutron.plugins.ml2.drivers.ovn.mech_driver.mech_driver [None req-ea9a8882-9117-4139-94f2-b1bc3ff8c035 - - - - - -] OVN reports status up for port: ad9eb696-2ced-44c1-a181-4e9c5f63a869
2026-07-02 11:13:08.999 10 WARNING neutron.scheduler.dhcp_agent_scheduler [None req-66bc5dbf-7a0e-461b-851b-66e790ebc990 7a0d84665b1f4a1288833aa07236b752 e5697475b2504714a97ee12d834598e3 - - default default] No more DHCP agents
2026-07-02 11:13:09.001 9 INFO neutron.plugins.ml2.drivers.ovn.mech_driver.ovsdb.ovsdb_monitor [-] Router 91115399-7183-456c-b5ba-e8448c611cfc is bound to host instance
2026-07-02 11:13:09.002 10 WARNING neutron.scheduler.dhcp_agent_scheduler [None req-e02597b1-710a-4b69-9f0d-2a7d20b9d29c 7a0d84665b1f4a1288833aa07236b752 e5697475b2504714a97ee12d834598e3 - - default default] No more DHCP agents
2026-07-02 11:13:09.004 10 WARNING neutron.api.rpc.agentnotifiers.dhcp_rpc_agent_api [None req-66bc5dbf-7a0e-461b-851b-66e790ebc990 7a0d84665b1f4a1288833aa07236b752 e5697475b2504714a97ee12d834598e3 - - default default] Unable to schedule network 7ab611bf-5fa1-4e32-a42d-9946d7bcf78a: no agents available; will retry on subsequent port and subnet creation events.
2026-07-02 11:13:09.006 10 WARNING neutron.api.rpc.agentnotifiers.dhcp_rpc_agent_api [None req-e02597b1-710a-4b69-9f0d-2a7d20b9d29c 7a0d84665b1f4a1288833aa07236b752 e5697475b2504714a97ee12d834598e3 - - default default] Unable to schedule network 7ab611bf-5fa1-4e32-a42d-9946d7bcf78a: no agents available; will retry on subsequent port and subnet creation events.
2026-07-02 11:13:09.007 10 INFO neutron.plugins.ml2.plugin [None req-ea9a8882-9117-4139-94f2-b1bc3ff8c035 - - - - - -] Attempt 1 to provision port ad9eb696-2ced-44c1-a181-4e9c5f63a869
2026-07-02 11:13:09.040 9 INFO neutron.db.ovn_revision_numbers_db [None req-0aee914a-eadb-4ca7-aa09-1901ef619bd7 7a0d84665b1f4a1288833aa07236b752 e5697475b2504714a97ee12d834598e3 - - default default] Successfully bumped revision number for resource ad9eb696-2ced-44c1-a181-4e9c5f63a869 (type: router_ports) to 1
2026-07-02 11:13:09.183 9 INFO neutron.db.ovn_revision_numbers_db [None req-0aee914a-eadb-4ca7-aa09-1901ef619bd7 7a0d84665b1f4a1288833aa07236b752 e5697475b2504714a97ee12d834598e3 - - default default] Successfully bumped revision number for resource 91115399-7183-456c-b5ba-e8448c611cfc (type: routers) to 2
2026-07-02 11:13:09.211 9 INFO neutron.wsgi [None req-0aee914a-eadb-4ca7-aa09-1901ef619bd7 7a0d84665b1f4a1288833aa07236b752 e5697475b2504714a97ee12d834598e3 - - default default] 10.0.0.226 "POST /v2.0/routers HTTP/1.1" status: 201 len: 882 time: 1.7496901
2026-07-02 11:13:09.269 10 INFO neutron.db.ovn_revision_numbers_db [None req-e02597b1-710a-4b69-9f0d-2a7d20b9d29c 7a0d84665b1f4a1288833aa07236b752 e5697475b2504714a97ee12d834598e3 - - default default] Successfully bumped revision number for resource c0132590-3b02-4246-a30a-f6c3495226ce (type: ports) to 1
2026-07-02 11:13:09.299 10 INFO neutron.db.ovn_revision_numbers_db [None req-66bc5dbf-7a0e-461b-851b-66e790ebc990 7a0d84665b1f4a1288833aa07236b752 e5697475b2504714a97ee12d834598e3 - - default default] Successfully bumped revision number for resource ecbc7d95-791e-4e52-bf2c-51681bcaac9c (type: ports) to 1
2026-07-02 11:13:09.878 10 INFO neutron.plugins.ml2.drivers.ovn.mech_driver.ovsdb.extensions.qos [None req-e02597b1-710a-4b69-9f0d-2a7d20b9d29c 7a0d84665b1f4a1288833aa07236b752 e5697475b2504714a97ee12d834598e3 - - default default] Starting OVNClientQosExtension
2026-07-02 11:13:09.968 9 INFO neutron.db.ovn_revision_numbers_db [None req-436d797e-82c1-4c69-8bab-93027c73f85e - - - - - -] Successfully bumped revision number for resource ad9eb696-2ced-44c1-a181-4e9c5f63a869 (type: ports) to 1
2026-07-02 11:13:10.110 9 WARNING neutron.scheduler.dhcp_agent_scheduler [None req-a4fce299-c304-47f2-bdb1-0107e68537b4 7a0d84665b1f4a1288833aa07236b752 e5697475b2504714a97ee12d834598e3 - - default default] No more DHCP agents
2026-07-02 11:13:10.113 9 WARNING neutron.api.rpc.agentnotifiers.dhcp_rpc_agent_api [None req-a4fce299-c304-47f2-bdb1-0107e68537b4 7a0d84665b1f4a1288833aa07236b752 e5697475b2504714a97ee12d834598e3 - - default default] Unable to schedule network a91bc9da-cd96-4418-a2dd-4dcca61737ce: no agents available; will retry on subsequent port and subnet creation events.
2026-07-02 11:13:10.190 9 INFO neutron.db.ovn_revision_numbers_db [None req-5f12855a-1f94-42a4-999b-312936675d55 7a0d84665b1f4a1288833aa07236b752 e5697475b2504714a97ee12d834598e3 - - default default] Successfully bumped revision number for resource 5e7a30c6-b774-4779-b6e5-c5a7b689d9b9 (type: security_groups) to 1
2026-07-02 11:13:10.245 9 INFO neutron.db.ovn_revision_numbers_db [None req-5f12855a-1f94-42a4-999b-312936675d55 7a0d84665b1f4a1288833aa07236b752 e5697475b2504714a97ee12d834598e3 - - default default] Successfully bumped revision number for resource 012325b6-8e41-400a-8592-6e0de3169dc4 (type: security_group_rules) to 0
2026-07-02 11:13:10.294 9 INFO neutron.db.ovn_revision_numbers_db [None req-5f12855a-1f94-42a4-999b-312936675d55 7a0d84665b1f4a1288833aa07236b752 e5697475b2504714a97ee12d834598e3 - - default default] Successfully bumped revision number for resource 0593b285-af80-4977-a61d-b5c630e28935 (type: security_group_rules) to 0
2026-07-02 11:13:10.320 9 INFO neutron.plugins.ml2.drivers.ovn.mech_driver.mech_driver [None req-f0f4474f-9443-442f-977a-be7ca271417b - - - - - -] OVN reports status up for port: c0132590-3b02-4246-a30a-f6c3495226ce
2026-07-02 11:13:10.344 9 INFO neutron.db.ovn_revision_numbers_db [None req-5f12855a-1f94-42a4-999b-312936675d55 7a0d84665b1f4a1288833aa07236b752 e5697475b2504714a97ee12d834598e3 - - default default] Successfully bumped revision number for resource 31e82e74-f8ca-4b25-8fed-c9a604b88d1b (type: security_group_rules) to 0
2026-07-02 11:13:10.352 9 INFO neutron.plugins.ml2.plugin [None req-f0f4474f-9443-442f-977a-be7ca271417b - - - - - -] Attempt 1 to provision port c0132590-3b02-4246-a30a-f6c3495226ce
2026-07-02 11:13:10.357 10 INFO neutron.plugins.ml2.drivers.ovn.mech_driver.ovsdb.ovsdb_monitor [-] Router 7bc8f6f9-f3ca-431d-824a-b5306868c80f is bound to host instance
2026-07-02 11:13:10.378 9 INFO neutron.db.ovn_revision_numbers_db [None req-5f12855a-1f94-42a4-999b-312936675d55 7a0d84665b1f4a1288833aa07236b752 e5697475b2504714a97ee12d834598e3 - - default default] Successfully bumped revision number for resource 77566b5d-4678-4ecd-9e79-b36819af5459 (type: security_group_rules) to 0
2026-07-02 11:13:10.409 10 INFO neutron.db.ovn_revision_numbers_db [None req-e02597b1-710a-4b69-9f0d-2a7d20b9d29c 7a0d84665b1f4a1288833aa07236b752 e5697475b2504714a97ee12d834598e3 - - default default] Successfully bumped revision number for resource c0132590-3b02-4246-a30a-f6c3495226ce (type: router_ports) to 1
2026-07-02 11:13:10.426 10 INFO neutron.db.ovn_revision_numbers_db [None req-66bc5dbf-7a0e-461b-851b-66e790ebc990 7a0d84665b1f4a1288833aa07236b752 e5697475b2504714a97ee12d834598e3 - - default default] Successfully bumped revision number for resource ecbc7d95-791e-4e52-bf2c-51681bcaac9c (type: router_ports) to 1
2026-07-02 11:13:10.442 9 INFO neutron.db.ovn_revision_numbers_db [None req-a4fce299-c304-47f2-bdb1-0107e68537b4 7a0d84665b1f4a1288833aa07236b752 e5697475b2504714a97ee12d834598e3 - - default default] Successfully bumped revision number for resource dbfbd97a-0152-4a1d-a0bd-1cae8c18673a (type: ports) to 1
2026-07-02 11:13:10.455 9 INFO neutron.db.segments_db [None req-5f12855a-1f94-42a4-999b-312936675d55 7a0d84665b1f4a1288833aa07236b752 e5697475b2504714a97ee12d834598e3 - - default default] Added segment de7e58e8-367b-488b-b575-a9387b13b0e6 of type geneve for network 56adb840-3eb8-43b1-b5bd-e0dd7e1e46fa
2026-07-02 11:13:10.516 9 INFO neutron.db.ovn_revision_numbers_db [None req-436d797e-82c1-4c69-8bab-93027c73f85e - - - - - -] Successfully bumped revision number for resource ad9eb696-2ced-44c1-a181-4e9c5f63a869 (type: router_ports) to 3
2026-07-02 11:13:10.658 10 INFO neutron.db.ovn_revision_numbers_db [None req-e02597b1-710a-4b69-9f0d-2a7d20b9d29c 7a0d84665b1f4a1288833aa07236b752 e5697475b2504714a97ee12d834598e3 - - default default] Successfully bumped revision number for resource df2a022a-6790-480c-98fa-55961c7d8bd0 (type: routers) to 2
2026-07-02 11:13:10.673 10 INFO neutron.db.ovn_revision_numbers_db [None req-66bc5dbf-7a0e-461b-851b-66e790ebc990 7a0d84665b1f4a1288833aa07236b752 e5697475b2504714a97ee12d834598e3 - - default default] Successfully bumped revision number for resource 7bc8f6f9-f3ca-431d-824a-b5306868c80f (type: routers) to 2
2026-07-02 11:13:10.689 10 INFO neutron.wsgi [None req-e02597b1-710a-4b69-9f0d-2a7d20b9d29c 7a0d84665b1f4a1288833aa07236b752 e5697475b2504714a97ee12d834598e3 - - default default] 10.0.0.226 "POST /v2.0/routers HTTP/1.1" status: 201 len: 885 time: 2.5252292
2026-07-02 11:13:10.693 10 INFO neutron.wsgi [None req-66bc5dbf-7a0e-461b-851b-66e790ebc990 7a0d84665b1f4a1288833aa07236b752 e5697475b2504714a97ee12d834598e3 - - default default] 10.0.0.226 "POST /v2.0/routers HTTP/1.1" status: 201 len: 871 time: 2.5297742
2026-07-02 11:13:10.767 9 INFO neutron.db.ovn_revision_numbers_db [None req-5f12855a-1f94-42a4-999b-312936675d55 7a0d84665b1f4a1288833aa07236b752 e5697475b2504714a97ee12d834598e3 - - default default] Successfully bumped revision number for resource 56adb840-3eb8-43b1-b5bd-e0dd7e1e46fa (type: networks) to 1
2026-07-02 11:13:10.963 9 INFO neutron.db.ovn_revision_numbers_db [None req-436d797e-82c1-4c69-8bab-93027c73f85e - - - - - -] Successfully bumped revision number for resource ad9eb696-2ced-44c1-a181-4e9c5f63a869 (type: ports) to 2
2026-07-02 11:13:11.169 9 WARNING neutron.scheduler.dhcp_agent_scheduler [None req-5f12855a-1f94-42a4-999b-312936675d55 7a0d84665b1f4a1288833aa07236b752 e5697475b2504714a97ee12d834598e3 - - default default] No more DHCP agents
2026-07-02 11:13:11.175 9 WARNING neutron.api.rpc.agentnotifiers.dhcp_rpc_agent_api [None req-5f12855a-1f94-42a4-999b-312936675d55 7a0d84665b1f4a1288833aa07236b752 e5697475b2504714a97ee12d834598e3 - - default default] Unable to schedule network 56adb840-3eb8-43b1-b5bd-e0dd7e1e46fa: no agents available; will retry on subsequent port and subnet creation events.
2026-07-02 11:13:11.324 10 INFO neutron.db.ovn_revision_numbers_db [None req-7eb46cbd-9c55-4317-ad9c-b7bc62871823 - - - - - -] Successfully bumped revision number for resource ecbc7d95-791e-4e52-bf2c-51681bcaac9c (type: ports) to 1
2026-07-02 11:13:11.346 9 INFO neutron.db.ovn_revision_numbers_db [None req-5f12855a-1f94-42a4-999b-312936675d55 7a0d84665b1f4a1288833aa07236b752 e5697475b2504714a97ee12d834598e3 - - default default] Successfully bumped revision number for resource fb0814f4-a43d-464a-97ed-6a5b6ab9970a (type: ports) to 1
2026-07-02 11:13:11.407 9 INFO neutron.wsgi [None req-5f12855a-1f94-42a4-999b-312936675d55 7a0d84665b1f4a1288833aa07236b752 e5697475b2504714a97ee12d834598e3 - - default default] 10.0.0.226 "POST /v2.0/networks HTTP/1.1" status: 201 len: 948 time: 1.7350051
2026-07-02 11:13:11.426 9 INFO neutron.db.ovn_revision_numbers_db [None req-a4fce299-c304-47f2-bdb1-0107e68537b4 7a0d84665b1f4a1288833aa07236b752 e5697475b2504714a97ee12d834598e3 - - default default] Successfully bumped revision number for resource dbfbd97a-0152-4a1d-a0bd-1cae8c18673a (type: router_ports) to 1
2026-07-02 11:13:11.472 9 INFO neutron.db.ovn_revision_numbers_db [None req-436d797e-82c1-4c69-8bab-93027c73f85e - - - - - -] Successfully bumped revision number for resource ad9eb696-2ced-44c1-a181-4e9c5f63a869 (type: ports) to 4
2026-07-02 11:13:11.620 10 WARNING neutron.scheduler.dhcp_agent_scheduler [None req-eebc5759-ad19-4229-845d-da71d7a492a7 7a0d84665b1f4a1288833aa07236b752 e5697475b2504714a97ee12d834598e3 - - default default] No more DHCP agents
2026-07-02 11:13:11.621 9 INFO neutron.db.ovn_revision_numbers_db [None req-a4fce299-c304-47f2-bdb1-0107e68537b4 7a0d84665b1f4a1288833aa07236b752 e5697475b2504714a97ee12d834598e3 - - default default] Successfully bumped revision number for resource dbfbd97a-0152-4a1d-a0bd-1cae8c18673a (type: ports) to 1
2026-07-02 11:13:11.628 10 WARNING neutron.api.rpc.agentnotifiers.dhcp_rpc_agent_api [None req-eebc5759-ad19-4229-845d-da71d7a492a7 7a0d84665b1f4a1288833aa07236b752 e5697475b2504714a97ee12d834598e3 - - default default] Unable to schedule network b9eace4c-8a84-4a40-b514-316b9d639d4b: no agents available; will retry on subsequent port and subnet creation events.
2026-07-02 11:13:11.659 10 WARNING neutron.scheduler.dhcp_agent_scheduler [None req-0f100537-0757-4f44-8233-71d576b574f3 7a0d84665b1f4a1288833aa07236b752 e5697475b2504714a97ee12d834598e3 - - default default] No more DHCP agents
2026-07-02 11:13:11.674 10 WARNING neutron.api.rpc.agentnotifiers.dhcp_rpc_agent_api [None req-0f100537-0757-4f44-8233-71d576b574f3 7a0d84665b1f4a1288833aa07236b752 e5697475b2504714a97ee12d834598e3 - - default default] Unable to schedule network 65422fef-8c2e-4adb-b9a9-37a392ef931b: no agents available; will retry on subsequent port and subnet creation events.
2026-07-02 11:13:11.744 9 WARNING neutron.scheduler.dhcp_agent_scheduler [None req-a4fce299-c304-47f2-bdb1-0107e68537b4 7a0d84665b1f4a1288833aa07236b752 e5697475b2504714a97ee12d834598e3 - - default default] No more DHCP agents
2026-07-02 11:13:11.746 9 WARNING neutron.api.rpc.agentnotifiers.dhcp_rpc_agent_api [None req-a4fce299-c304-47f2-bdb1-0107e68537b4 7a0d84665b1f4a1288833aa07236b752 e5697475b2504714a97ee12d834598e3 - - default default] Unable to schedule network a91bc9da-cd96-4418-a2dd-4dcca61737ce: no agents available; will retry on subsequent port and subnet creation events.
2026-07-02 11:13:11.768 9 INFO neutron.db.ovn_revision_numbers_db [None req-436d797e-82c1-4c69-8bab-93027c73f85e - - - - - -] Successfully bumped revision number for resource ad9eb696-2ced-44c1-a181-4e9c5f63a869 (type: router_ports) to 4
2026-07-02 11:13:11.824 9 INFO neutron.plugins.ml2.drivers.ovn.mech_driver.ovsdb.ovsdb_monitor [None req-436d797e-82c1-4c69-8bab-93027c73f85e - - - - - -] Router df2a022a-6790-480c-98fa-55961c7d8bd0 is bound to host instance
2026-07-02 11:13:11.912 10 INFO neutron.plugins.ml2.drivers.ovn.mech_driver.mech_driver [None req-ea9a8882-9117-4139-94f2-b1bc3ff8c035 - - - - - -] OVN reports status up for port: ecbc7d95-791e-4e52-bf2c-51681bcaac9c
2026-07-02 11:13:11.958 10 INFO neutron.plugins.ml2.plugin [None req-ea9a8882-9117-4139-94f2-b1bc3ff8c035 - - - - - -] Attempt 1 to provision port ecbc7d95-791e-4e52-bf2c-51681bcaac9c
2026-07-02 11:13:12.000 10 WARNING neutron.scheduler.dhcp_agent_scheduler [None req-3a2fb14a-a2b4-4ae0-85f6-24225dff7114 7a0d84665b1f4a1288833aa07236b752 e5697475b2504714a97ee12d834598e3 - - default default] No more DHCP agents
2026-07-02 11:13:12.009 10 WARNING neutron.api.rpc.agentnotifiers.dhcp_rpc_agent_api [None req-3a2fb14a-a2b4-4ae0-85f6-24225dff7114 7a0d84665b1f4a1288833aa07236b752 e5697475b2504714a97ee12d834598e3 - - default default] Unable to schedule network 56adb840-3eb8-43b1-b5bd-e0dd7e1e46fa: no agents available; will retry on subsequent port and subnet creation events.
2026-07-02 11:13:12.061 10 INFO neutron.db.ovn_revision_numbers_db [None req-7eb46cbd-9c55-4317-ad9c-b7bc62871823 - - - - - -] Successfully bumped revision number for resource ecbc7d95-791e-4e52-bf2c-51681bcaac9c (type: router_ports) to 3
2026-07-02 11:13:12.117 10 INFO neutron.db.ovn_revision_numbers_db [None req-eebc5759-ad19-4229-845d-da71d7a492a7 7a0d84665b1f4a1288833aa07236b752 e5697475b2504714a97ee12d834598e3 - - default default] Successfully bumped revision number for resource d19a8141-7804-431c-bd5b-3876b6ca4529 (type: ports) to 1
2026-07-02 11:13:12.140 10 INFO neutron.db.ovn_revision_numbers_db [None req-0f100537-0757-4f44-8233-71d576b574f3 7a0d84665b1f4a1288833aa07236b752 e5697475b2504714a97ee12d834598e3 - - default default] Successfully bumped revision number for resource 37e37d9d-86d4-4499-9e3a-a8274e28f3e7 (type: ports) to 1
2026-07-02 11:13:12.701 9 INFO neutron.db.ovn_revision_numbers_db [None req-436d797e-82c1-4c69-8bab-93027c73f85e - - - - - -] Successfully bumped revision number for resource c0132590-3b02-4246-a30a-f6c3495226ce (type: ports) to 1
2026-07-02 11:13:12.712 10 INFO neutron.db.ovn_revision_numbers_db [None req-7eb46cbd-9c55-4317-ad9c-b7bc62871823 - - - - - -] Successfully bumped revision number for resource ecbc7d95-791e-4e52-bf2c-51681bcaac9c (type: ports) to 2
2026-07-02 11:13:12.758 9 INFO neutron.db.ovn_revision_numbers_db [None req-a4fce299-c304-47f2-bdb1-0107e68537b4 7a0d84665b1f4a1288833aa07236b752 e5697475b2504714a97ee12d834598e3 - - default default] Successfully bumped revision number for resource dbfbd97a-0152-4a1d-a0bd-1cae8c18673a (type: router_ports) to 1
2026-07-02 11:13:12.760 9 INFO neutron.wsgi [None req-a4fce299-c304-47f2-bdb1-0107e68537b4 7a0d84665b1f4a1288833aa07236b752 e5697475b2504714a97ee12d834598e3 - - default default] 10.0.0.226 "PUT /v2.0/routers/91115399-7183-456c-b5ba-e8448c611cfc/add_router_interface HTTP/1.1" status: 200 len: 503 time: 3.5429749
2026-07-02 11:13:12.929 10 INFO neutron.db.ovn_revision_numbers_db [None req-ea9a8882-9117-4139-94f2-b1bc3ff8c035 - - - - - -] Successfully bumped revision number for resource ecbc7d95-791e-4e52-bf2c-51681bcaac9c (type: ports) to 4
2026-07-02 11:13:13.014 9 INFO neutron.db.ovn_revision_numbers_db [None req-436d797e-82c1-4c69-8bab-93027c73f85e - - - - - -] Successfully bumped revision number for resource c0132590-3b02-4246-a30a-f6c3495226ce (type: router_ports) to 3
2026-07-02 11:13:13.124 9 INFO neutron.plugins.ml2.drivers.ovn.mech_driver.mech_driver [None req-f0f4474f-9443-442f-977a-be7ca271417b - - - - - -] OVN reports status up for port: dbfbd97a-0152-4a1d-a0bd-1cae8c18673a
2026-07-02 11:13:13.139 9 INFO neutron.plugins.ml2.plugin [None req-f0f4474f-9443-442f-977a-be7ca271417b - - - - - -] Attempt 1 to provision port dbfbd97a-0152-4a1d-a0bd-1cae8c18673a
2026-07-02 11:13:13.181 9 INFO neutron.db.ovn_revision_numbers_db [None req-436d797e-82c1-4c69-8bab-93027c73f85e - - - - - -] Successfully bumped revision number for resource c0132590-3b02-4246-a30a-f6c3495226ce (type: ports) to 2
2026-07-02 11:13:13.585 10 INFO neutron.db.ovn_revision_numbers_db [None req-eebc5759-ad19-4229-845d-da71d7a492a7 7a0d84665b1f4a1288833aa07236b752 e5697475b2504714a97ee12d834598e3 - - default default] Successfully bumped revision number for resource d19a8141-7804-431c-bd5b-3876b6ca4529 (type: router_ports) to 1
2026-07-02 11:13:13.608 10 INFO neutron.db.ovn_revision_numbers_db [None req-ea9a8882-9117-4139-94f2-b1bc3ff8c035 - - - - - -] Successfully bumped revision number for resource ecbc7d95-791e-4e52-bf2c-51681bcaac9c (type: router_ports) to 4
2026-07-02 11:13:13.619 9 INFO neutron.db.ovn_revision_numbers_db [None req-436d797e-82c1-4c69-8bab-93027c73f85e - - - - - -] Successfully bumped revision number for resource c0132590-3b02-4246-a30a-f6c3495226ce (type: ports) to 4
2026-07-02 11:13:13.622 9 INFO neutron.db.ovn_revision_numbers_db [None req-f0f4474f-9443-442f-977a-be7ca271417b - - - - - -] Successfully bumped revision number for resource dbfbd97a-0152-4a1d-a0bd-1cae8c18673a (type: ports) to 2
2026-07-02 11:13:13.629 10 INFO neutron.db.ovn_revision_numbers_db [None req-0f100537-0757-4f44-8233-71d576b574f3 7a0d84665b1f4a1288833aa07236b752 e5697475b2504714a97ee12d834598e3 - - default default] Successfully bumped revision number for resource 37e37d9d-86d4-4499-9e3a-a8274e28f3e7 (type: router_ports) to 1
2026-07-02 11:13:13.742 10 INFO neutron.plugins.ml2.drivers.ovn.mech_driver.mech_driver [None req-ea9a8882-9117-4139-94f2-b1bc3ff8c035 - - - - - -] OVN reports status up for port: d19a8141-7804-431c-bd5b-3876b6ca4529
2026-07-02 11:13:13.746 10 INFO neutron.db.ovn_revision_numbers_db [None req-3a2fb14a-a2b4-4ae0-85f6-24225dff7114 7a0d84665b1f4a1288833aa07236b752 e5697475b2504714a97ee12d834598e3 - - default default] Successfully bumped revision number for resource fb0814f4-a43d-464a-97ed-6a5b6ab9970a (type: ports) to 2
2026-07-02 11:13:13.763 9 INFO neutron.db.ovn_revision_numbers_db [None req-f0f4474f-9443-442f-977a-be7ca271417b - - - - - -] Successfully bumped revision number for resource dbfbd97a-0152-4a1d-a0bd-1cae8c18673a (type: router_ports) to 2
2026-07-02 11:13:13.766 10 WARNING neutron_lib.context [req-b89ea0b7-b00d-44ba-9965-3df85b500e47 req-e19cd982-af77-4f5c-98fd-2914ca942c13 4b72a71faa6f422ca8bf48bbbf09f9b3 a7397dc6d9054035a1f3754a31d902ea - - default default] Method 'is_advsvc' is deprecated since 2023.2 release (neutron-lib 3.8.0) and will be removed once support for the old RBAC API policies will be removed from Neutron. Please use method 'is_service_role' instead.
2026-07-02 11:13:13.777 10 INFO neutron.plugins.ml2.plugin [None req-ea9a8882-9117-4139-94f2-b1bc3ff8c035 - - - - - -] Attempt 1 to provision port d19a8141-7804-431c-bd5b-3876b6ca4529
2026-07-02 11:13:13.877 10 INFO neutron.db.ovn_revision_numbers_db [None req-3a2fb14a-a2b4-4ae0-85f6-24225dff7114 7a0d84665b1f4a1288833aa07236b752 e5697475b2504714a97ee12d834598e3 - - default default] Successfully bumped revision number for resource 8aa1348d-48e2-4dea-871b-5d924b3a80e4 (type: subnets) to 0
2026-07-02 11:13:13.886 9 INFO neutron.db.ovn_revision_numbers_db [None req-436d797e-82c1-4c69-8bab-93027c73f85e - - - - - -] Successfully bumped revision number for resource c0132590-3b02-4246-a30a-f6c3495226ce (type: router_ports) to 4
2026-07-02 11:13:13.908 10 INFO neutron.wsgi [None req-3a2fb14a-a2b4-4ae0-85f6-24225dff7114 7a0d84665b1f4a1288833aa07236b752 e5697475b2504714a97ee12d834598e3 - - default default] 10.0.0.226 "POST /v2.0/subnets HTTP/1.1" status: 201 len: 870 time: 2.4921627
2026-07-02 11:13:13.919 10 INFO neutron.db.ovn_revision_numbers_db [None req-eebc5759-ad19-4229-845d-da71d7a492a7 7a0d84665b1f4a1288833aa07236b752 e5697475b2504714a97ee12d834598e3 - - default default] Successfully bumped revision number for resource d19a8141-7804-431c-bd5b-3876b6ca4529 (type: ports) to 1
2026-07-02 11:13:13.998 10 INFO neutron.db.ovn_revision_numbers_db [None req-0f100537-0757-4f44-8233-71d576b574f3 7a0d84665b1f4a1288833aa07236b752 e5697475b2504714a97ee12d834598e3 - - default default] Successfully bumped revision number for resource 37e37d9d-86d4-4499-9e3a-a8274e28f3e7 (type: ports) to 1
2026-07-02 11:13:14.132 10 INFO neutron.db.ovn_revision_numbers_db [req-b89ea0b7-b00d-44ba-9965-3df85b500e47 req-e19cd982-af77-4f5c-98fd-2914ca942c13 4b72a71faa6f422ca8bf48bbbf09f9b3 a7397dc6d9054035a1f3754a31d902ea - - default default] Successfully bumped revision number for resource a66e7b6c-2387-4b3b-a7ac-ecad018e4be7 (type: security_groups) to 1
2026-07-02 11:13:14.177 10 INFO neutron.db.ovn_revision_numbers_db [req-b89ea0b7-b00d-44ba-9965-3df85b500e47 req-e19cd982-af77-4f5c-98fd-2914ca942c13 4b72a71faa6f422ca8bf48bbbf09f9b3 a7397dc6d9054035a1f3754a31d902ea - - default default] Successfully bumped revision number for resource 613f8850-98af-40a6-b793-fefa3688099d (type: security_group_rules) to 0
2026-07-02 11:13:14.203 10 WARNING neutron.scheduler.dhcp_agent_scheduler [None req-eebc5759-ad19-4229-845d-da71d7a492a7 7a0d84665b1f4a1288833aa07236b752 e5697475b2504714a97ee12d834598e3 - - default default] No more DHCP agents
2026-07-02 11:13:14.227 10 WARNING neutron.api.rpc.agentnotifiers.dhcp_rpc_agent_api [None req-eebc5759-ad19-4229-845d-da71d7a492a7 7a0d84665b1f4a1288833aa07236b752 e5697475b2504714a97ee12d834598e3 - - default default] Unable to schedule network b9eace4c-8a84-4a40-b514-316b9d639d4b: no agents available; will retry on subsequent port and subnet creation events.
2026-07-02 11:13:14.248 10 WARNING neutron.scheduler.dhcp_agent_scheduler [None req-0f100537-0757-4f44-8233-71d576b574f3 7a0d84665b1f4a1288833aa07236b752 e5697475b2504714a97ee12d834598e3 - - default default] No more DHCP agents
2026-07-02 11:13:14.250 10 INFO neutron.db.ovn_revision_numbers_db [req-b89ea0b7-b00d-44ba-9965-3df85b500e47 req-e19cd982-af77-4f5c-98fd-2914ca942c13 4b72a71faa6f422ca8bf48bbbf09f9b3 a7397dc6d9054035a1f3754a31d902ea - - default default] Successfully bumped revision number for resource b755a9da-0b0f-470b-bc4b-fcbaca0fd65a (type: security_group_rules) to 0
2026-07-02 11:13:14.261 10 WARNING neutron.api.rpc.agentnotifiers.dhcp_rpc_agent_api [None req-0f100537-0757-4f44-8233-71d576b574f3 7a0d84665b1f4a1288833aa07236b752 e5697475b2504714a97ee12d834598e3 - - default default] Unable to schedule network 65422fef-8c2e-4adb-b9a9-37a392ef931b: no agents available; will retry on subsequent port and subnet creation events.
2026-07-02 11:13:14.300 10 INFO neutron.wsgi [req-b89ea0b7-b00d-44ba-9965-3df85b500e47 req-e19cd982-af77-4f5c-98fd-2914ca942c13 4b72a71faa6f422ca8bf48bbbf09f9b3 a7397dc6d9054035a1f3754a31d902ea - - default default] 10.0.0.213 "POST /v2.0/security-groups HTTP/1.1" status: 201 len: 1824 time: 0.6056247
2026-07-02 11:13:14.740 9 INFO neutron.wsgi [-] 10.0.0.127 "GET / HTTP/1.1" status: 200 len: 247 time: 0.0012889
2026-07-02 11:13:14.741 9 INFO neutron.wsgi [-] 10.0.0.127 "GET / HTTP/1.1" status: 200 len: 247 time: 0.0011113
2026-07-02 11:13:14.761 10 INFO neutron.db.ovn_revision_numbers_db [None req-ea9a8882-9117-4139-94f2-b1bc3ff8c035 - - - - - -] Successfully bumped revision number for resource d19a8141-7804-431c-bd5b-3876b6ca4529 (type: ports) to 2
2026-07-02 11:13:14.772 9 INFO neutron.wsgi [req-1b851e3d-d812-4a6c-8749-3b5affbc684d req-e01183ac-14ce-4948-beaf-203dd4d970a1 4b72a71faa6f422ca8bf48bbbf09f9b3 a7397dc6d9054035a1f3754a31d902ea - - default default] 10.0.0.213 "GET /v2.0/security-groups/a66e7b6c-2387-4b3b-a7ac-ecad018e4be7 HTTP/1.1" status: 200 len: 1819 time: 0.1266766
2026-07-02 11:13:14.793 9 WARNING neutron_lib.context [req-1b851e3d-d812-4a6c-8749-3b5affbc684d req-af3e3b56-661e-4207-9c91-5202f1a80070 4b72a71faa6f422ca8bf48bbbf09f9b3 a7397dc6d9054035a1f3754a31d902ea - - default default] Method 'is_advsvc' is deprecated since 2023.2 release (neutron-lib 3.8.0) and will be removed once support for the old RBAC API policies will be removed from Neutron. Please use method 'is_service_role' instead.
2026-07-02 11:13:14.966 10 INFO neutron.db.ovn_revision_numbers_db [None req-ea9a8882-9117-4139-94f2-b1bc3ff8c035 - - - - - -] Successfully bumped revision number for resource d19a8141-7804-431c-bd5b-3876b6ca4529 (type: router_ports) to 2
2026-07-02 11:13:14.973 9 INFO neutron.db.ovn_revision_numbers_db [req-1b851e3d-d812-4a6c-8749-3b5affbc684d req-af3e3b56-661e-4207-9c91-5202f1a80070 4b72a71faa6f422ca8bf48bbbf09f9b3 a7397dc6d9054035a1f3754a31d902ea - - default default] Successfully bumped revision number for resource db2f94bb-569c-44a8-8692-08c1d5414ca0 (type: security_group_rules) to 0
2026-07-02 11:13:15.016 9 INFO neutron.wsgi [req-1b851e3d-d812-4a6c-8749-3b5affbc684d req-af3e3b56-661e-4207-9c91-5202f1a80070 4b72a71faa6f422ca8bf48bbbf09f9b3 a7397dc6d9054035a1f3754a31d902ea - - default default] 10.0.0.213 "POST /v2.0/security-group-rules HTTP/1.1" status: 201 len: 786 time: 0.2297826
2026-07-02 11:13:15.061 10 WARNING neutron_lib.context [req-2df69042-d9ad-41c9-9043-bd30d9c5deb7 req-7c965160-5eca-4992-a18a-6659311a8376 4b72a71faa6f422ca8bf48bbbf09f9b3 a7397dc6d9054035a1f3754a31d902ea - - default default] Method 'is_advsvc' is deprecated since 2023.2 release (neutron-lib 3.8.0) and will be removed once support for the old RBAC API policies will be removed from Neutron. Please use method 'is_service_role' instead.
2026-07-02 11:13:15.148 10 WARNING neutron.scheduler.dhcp_agent_scheduler [None req-70718510-728e-40ff-9ba8-e5d5131cf0e9 7a0d84665b1f4a1288833aa07236b752 e5697475b2504714a97ee12d834598e3 - - default default] No more DHCP agents
2026-07-02 11:13:15.159 10 WARNING neutron.api.rpc.agentnotifiers.dhcp_rpc_agent_api [None req-70718510-728e-40ff-9ba8-e5d5131cf0e9 7a0d84665b1f4a1288833aa07236b752 e5697475b2504714a97ee12d834598e3 - - default default] Unable to schedule network 7ab611bf-5fa1-4e32-a42d-9946d7bcf78a: no agents available; will retry on subsequent port and subnet creation events.
2026-07-02 11:13:15.584 10 INFO neutron.db.ovn_revision_numbers_db [req-2df69042-d9ad-41c9-9043-bd30d9c5deb7 req-7c965160-5eca-4992-a18a-6659311a8376 4b72a71faa6f422ca8bf48bbbf09f9b3 a7397dc6d9054035a1f3754a31d902ea - - default default] Successfully bumped revision number for resource c8bf98d9-949c-4cff-b87c-bee2d418aa41 (type: security_groups) to 1
2026-07-02 11:13:15.644 10 INFO neutron.db.ovn_revision_numbers_db [req-2df69042-d9ad-41c9-9043-bd30d9c5deb7 req-7c965160-5eca-4992-a18a-6659311a8376 4b72a71faa6f422ca8bf48bbbf09f9b3 a7397dc6d9054035a1f3754a31d902ea - - default default] Successfully bumped revision number for resource 5ecdac43-075a-4d5c-943b-14989c94b6a6 (type: security_group_rules) to 0
2026-07-02 11:13:15.650 10 INFO neutron.db.ovn_revision_numbers_db [None req-70718510-728e-40ff-9ba8-e5d5131cf0e9 7a0d84665b1f4a1288833aa07236b752 e5697475b2504714a97ee12d834598e3 - - default default] Successfully bumped revision number for resource 74bb97b3-384d-41b0-ae6a-eca2e69922d1 (type: ports) to 1
2026-07-02 11:13:15.695 10 INFO neutron.db.ovn_revision_numbers_db [req-2df69042-d9ad-41c9-9043-bd30d9c5deb7 req-7c965160-5eca-4992-a18a-6659311a8376 4b72a71faa6f422ca8bf48bbbf09f9b3 a7397dc6d9054035a1f3754a31d902ea - - default default] Successfully bumped revision number for resource e9420fc2-d6e3-4689-b16c-2b6ebcbca3d5 (type: security_group_rules) to 0
2026-07-02 11:13:15.761 10 INFO neutron.wsgi [req-2df69042-d9ad-41c9-9043-bd30d9c5deb7 req-7c965160-5eca-4992-a18a-6659311a8376 4b72a71faa6f422ca8bf48bbbf09f9b3 a7397dc6d9054035a1f3754a31d902ea - - default default] 10.0.0.213 "POST /v2.0/security-groups HTTP/1.1" status: 201 len: 1826 time: 0.7092690
2026-07-02 11:13:15.824 9 INFO neutron.wsgi [req-b86d4c97-167f-464d-bedd-ebcbb4d16a6d req-bac1617c-badb-44dc-b479-698108e7baf7 4b72a71faa6f422ca8bf48bbbf09f9b3 a7397dc6d9054035a1f3754a31d902ea - - default default] 10.0.0.213 "GET /v2.0/security-groups/c8bf98d9-949c-4cff-b87c-bee2d418aa41 HTTP/1.1" status: 200 len: 1821 time: 0.0383520
2026-07-02 11:13:15.845 9 WARNING neutron_lib.context [req-b86d4c97-167f-464d-bedd-ebcbb4d16a6d req-a2aaa301-a3fa-421a-8b67-d00276254413 4b72a71faa6f422ca8bf48bbbf09f9b3 a7397dc6d9054035a1f3754a31d902ea - - default default] Method 'is_advsvc' is deprecated since 2023.2 release (neutron-lib 3.8.0) and will be removed once support for the old RBAC API policies will be removed from Neutron. Please use method 'is_service_role' instead.
