2026-07-02 11:16:03.117 10 INFO neutron.wsgi [None req-7b8ece48-378a-4d3d-a47e-37869753f3b6 f5599daafcb0415cab5eeceddb162a21 5edb6f3739df4c8d8530e425c61d2e67 - - default default] 10.0.0.226 "DELETE /v2.0/qos/policies/47d6e4f1-2aed-4ff7-9aca-00edcbaef1a6 HTTP/1.1" status: 204 len: 168 time: 0.1050441
2026-07-02 11:16:03.139 10 INFO neutron.db.ovn_revision_numbers_db [None req-40f48821-1e98-4917-bfb9-b82b5cbbb29f 7a0d84665b1f4a1288833aa07236b752 e5697475b2504714a97ee12d834598e3 - - default default] Successfully bumped revision number for resource 492b1035-4546-4a78-8bb4-1feb85c6dbaf (type: security_group_rules) to 0
2026-07-02 11:16:03.156 10 INFO neutron.db.ovn_revision_numbers_db [None req-40f48821-1e98-4917-bfb9-b82b5cbbb29f 7a0d84665b1f4a1288833aa07236b752 e5697475b2504714a97ee12d834598e3 - - default default] Successfully bumped revision number for resource 9a3ebe3f-3524-423f-a771-50e7bfbdf331 (type: security_group_rules) to 0
2026-07-02 11:16:03.174 10 INFO neutron.db.ovn_revision_numbers_db [None req-40f48821-1e98-4917-bfb9-b82b5cbbb29f 7a0d84665b1f4a1288833aa07236b752 e5697475b2504714a97ee12d834598e3 - - default default] Successfully bumped revision number for resource ce0dfa51-659c-4f4b-aca9-0c28f8cdfd80 (type: security_group_rules) to 0
2026-07-02 11:16:03.189 10 INFO neutron.wsgi [None req-9a9712cc-3a4c-4616-84e4-d8e9aadfe408 f5599daafcb0415cab5eeceddb162a21 5edb6f3739df4c8d8530e425c61d2e67 - - default default] 10.0.0.226 "DELETE /v2.0/qos/policies/63df0850-b93b-43cf-a95e-a490d4fb5e2f HTTP/1.1" status: 204 len: 168 time: 0.0647969
2026-07-02 11:16:03.190 10 INFO neutron.db.ovn_revision_numbers_db [None req-40f48821-1e98-4917-bfb9-b82b5cbbb29f 7a0d84665b1f4a1288833aa07236b752 e5697475b2504714a97ee12d834598e3 - - default default] Successfully bumped revision number for resource f23c1502-68e4-47ba-b86f-5e38e31b571c (type: security_group_rules) to 0
2026-07-02 11:16:03.210 10 INFO neutron.wsgi [None req-40f48821-1e98-4917-bfb9-b82b5cbbb29f 7a0d84665b1f4a1288833aa07236b752 e5697475b2504714a97ee12d834598e3 - - default default] 10.0.0.226 "GET /v2.0/security-groups?tenant_id=f16678ec64484e2287f3cc335aaf8be3&name=default HTTP/1.1" status: 200 len: 2996 time: 0.2872095
2026-07-02 11:16:03.242 9 INFO neutron.wsgi [None req-3c7ec38d-975e-48be-8e34-e1e2f260ea5a 824c3199740247cf9b6b0af0fc25c99d 4bc18db4c50c440cac22d1d72dfa370e - - default default] 10.0.0.226 "PUT /v2.0/routers/b6d789a4-a7e5-41ed-9955-2de2f7aa5c17/remove_router_interface HTTP/1.1" status: 200 len: 503 time: 0.7317314 /var/lib/openstack/lib/python3.10/site-packages/pycadf/identifier.py:71: UserWarning: Invalid uuid: neutron. To ensure interoperability, identifiers should be a valid uuid. warnings.warn(('Invalid uuid: %s. To ensure interoperability, '
2026-07-02 11:16:03.273 9 INFO neutron.wsgi [None req-250e44d7-1605-4d08-9e83-9014a7d53951 824c3199740247cf9b6b0af0fc25c99d 4bc18db4c50c440cac22d1d72dfa370e - - default default] 10.0.0.226 "GET /v2.0/ports?device_id=b6d789a4-a7e5-41ed-9955-2de2f7aa5c17 HTTP/1.1" status: 200 len: 205 time: 0.0241761
2026-07-02 11:16:03.347 9 INFO neutron.wsgi [None req-82a8cbea-65ca-4049-8515-441c28df5a6b f5599daafcb0415cab5eeceddb162a21 5edb6f3739df4c8d8530e425c61d2e67 - - default default] 10.0.0.226 "DELETE /v2.0/qos/policies/f8037add-cfc1-4fc8-bd5c-dbea91816d95 HTTP/1.1" status: 204 len: 168 time: 0.1521957
2026-07-02 11:16:03.413 10 INFO neutron.wsgi [None req-b61fc595-a1e6-4fa9-93f5-79a5664a1d3e 7a0d84665b1f4a1288833aa07236b752 e5697475b2504714a97ee12d834598e3 - - default default] 10.0.0.226 "DELETE /v2.0/security-groups/5df29932-626e-4321-8013-e963593bb88f HTTP/1.1" status: 204 len: 168 time: 0.1985085
2026-07-02 11:16:03.485 9 INFO neutron.wsgi [None req-cc209536-a0eb-421b-ba4a-a238b7938854 f5599daafcb0415cab5eeceddb162a21 5edb6f3739df4c8d8530e425c61d2e67 - - default default] 10.0.0.226 "DELETE /v2.0/qos/policies/b33a9bbb-2c15-4076-bf99-77d838640ee3 HTTP/1.1" status: 204 len: 168 time: 0.1322963
2026-07-02 11:16:03.584 9 INFO neutron.wsgi [None req-54264dc1-682d-4979-a5b1-ba6e59003b7b 824c3199740247cf9b6b0af0fc25c99d 4bc18db4c50c440cac22d1d72dfa370e - - default default] 10.0.0.226 "DELETE /v2.0/routers/b6d789a4-a7e5-41ed-9955-2de2f7aa5c17 HTTP/1.1" status: 204 len: 168 time: 0.3052003
2026-07-02 11:16:04.037 9 INFO neutron.wsgi [None req-65e846ca-6785-4b14-810b-e008605a84ab 824c3199740247cf9b6b0af0fc25c99d 4bc18db4c50c440cac22d1d72dfa370e - - default default] 10.0.0.226 "DELETE /v2.0/subnets/1d60f163-63c6-4447-bf69-8f6a3e2cc811 HTTP/1.1" status: 204 len: 168 time: 0.4466848
2026-07-02 11:16:04.469 10 INFO neutron.services.segments.plugin [-] Segment 8e76377f-78cb-4e3e-bebe-5819b09f59df resource provider aggregate not found
2026-07-02 11:16:04.475 10 INFO neutron.services.segments.plugin [-] Segment 8e76377f-78cb-4e3e-bebe-5819b09f59df resource provider aggregate not found
2026-07-02 11:16:04.486 10 INFO neutron.services.segments.plugin [-] Segment 8e76377f-78cb-4e3e-bebe-5819b09f59df resource provider not found; error: Placement Client Error (4xx): {"errors": [{"status": 404, "title": "Not Found", "detail": "The resource could not be found.\n\n No resource provider with uuid 8e76377f-78cb-4e3e-bebe-5819b09f59df found for delete ", "request_id": "req-97f96690-661a-47b5-a452-a95914e4fcdf"}]}
2026-07-02 11:16:04.499 10 INFO neutron.services.segments.plugin [-] Segment 8e76377f-78cb-4e3e-bebe-5819b09f59df resource provider not found; error: Placement Client Error (4xx): {"errors": [{"status": 404, "title": "Not Found", "detail": "The resource could not be found.\n\n No resource provider with uuid 8e76377f-78cb-4e3e-bebe-5819b09f59df found for delete ", "request_id": "req-1fe05f8d-c2bd-42b3-8aa1-d87497444b1a"}]}
2026-07-02 11:16:04.519 10 INFO neutron.wsgi [None req-73b9dfbf-6e24-4782-ac3c-7bead48503bf 824c3199740247cf9b6b0af0fc25c99d 4bc18db4c50c440cac22d1d72dfa370e - - default default] 10.0.0.226 "DELETE /v2.0/networks/abfc28d0-04ed-4a23-a459-fb31d49aa0d5 HTTP/1.1" status: 204 len: 168 time: 0.4765437
2026-07-02 11:16:04.528 9 WARNING neutron_lib.context [None req-257d2a1b-e919-4592-a621-749cd21c2538 824c3199740247cf9b6b0af0fc25c99d 4bc18db4c50c440cac22d1d72dfa370e - - default default] Method 'is_advsvc' is deprecated since 2023.2 release (neutron-lib 3.8.0) and will be removed once support for the old RBAC API policies will be removed from Neutron. Please use method 'is_service_role' instead.
2026-07-02 11:16:04.843 9 INFO neutron.db.ovn_revision_numbers_db [None req-eb30dda4-927c-41af-b5ef-09817e571e94 7a0d84665b1f4a1288833aa07236b752 e5697475b2504714a97ee12d834598e3 - - default default] Successfully bumped revision number for resource 0d34e0ab-1ba0-4587-8b46-08df2b3ad000 (type: security_groups) to 1
2026-07-02 11:16:04.876 9 INFO neutron.db.ovn_revision_numbers_db [None req-eb30dda4-927c-41af-b5ef-09817e571e94 7a0d84665b1f4a1288833aa07236b752 e5697475b2504714a97ee12d834598e3 - - default default] Successfully bumped revision number for resource 3c0616d4-040a-44dc-81a5-0289734ef65d (type: security_group_rules) to 0
2026-07-02 11:16:04.903 9 INFO neutron.db.ovn_revision_numbers_db [None req-eb30dda4-927c-41af-b5ef-09817e571e94 7a0d84665b1f4a1288833aa07236b752 e5697475b2504714a97ee12d834598e3 - - default default] Successfully bumped revision number for resource 80d4ae59-9c52-4ef7-964f-d94108c09b92 (type: security_group_rules) to 0
2026-07-02 11:16:04.919 9 INFO neutron.db.ovn_revision_numbers_db [None req-eb30dda4-927c-41af-b5ef-09817e571e94 7a0d84665b1f4a1288833aa07236b752 e5697475b2504714a97ee12d834598e3 - - default default] Successfully bumped revision number for resource e2dfbcee-48f8-4a98-8834-b1e25b5a1c52 (type: security_group_rules) to 0
2026-07-02 11:16:04.944 9 INFO neutron.db.ovn_revision_numbers_db [None req-eb30dda4-927c-41af-b5ef-09817e571e94 7a0d84665b1f4a1288833aa07236b752 e5697475b2504714a97ee12d834598e3 - - default default] Successfully bumped revision number for resource e8092708-7401-462f-8b07-c54bfb1e89d6 (type: security_group_rules) to 0
2026-07-02 11:16:04.975 9 INFO neutron.wsgi [None req-eb30dda4-927c-41af-b5ef-09817e571e94 7a0d84665b1f4a1288833aa07236b752 e5697475b2504714a97ee12d834598e3 - - default default] 10.0.0.226 "GET /v2.0/security-groups?tenant_id=da195961dac94e45a0445efc22e62395&name=default HTTP/1.1" status: 200 len: 2996 time: 0.6121216
2026-07-02 11:16:05.082 9 WARNING neutron.scheduler.dhcp_agent_scheduler [None req-257d2a1b-e919-4592-a621-749cd21c2538 824c3199740247cf9b6b0af0fc25c99d 4bc18db4c50c440cac22d1d72dfa370e - - default default] No more DHCP agents
2026-07-02 11:16:05.090 9 WARNING neutron.api.rpc.agentnotifiers.dhcp_rpc_agent_api [None req-257d2a1b-e919-4592-a621-749cd21c2538 824c3199740247cf9b6b0af0fc25c99d 4bc18db4c50c440cac22d1d72dfa370e - - default default] Unable to schedule network 7ab611bf-5fa1-4e32-a42d-9946d7bcf78a: no agents available; will retry on subsequent port and subnet creation events.
2026-07-02 11:16:05.276 9 INFO neutron.wsgi [None req-c532bb07-2fa2-440f-a0dd-809d70bd6d92 7a0d84665b1f4a1288833aa07236b752 e5697475b2504714a97ee12d834598e3 - - default default] 10.0.0.226 "DELETE /v2.0/security-groups/0d34e0ab-1ba0-4587-8b46-08df2b3ad000 HTTP/1.1" status: 204 len: 168 time: 0.2952242
2026-07-02 11:16:05.287 9 INFO neutron.db.ovn_revision_numbers_db [None req-257d2a1b-e919-4592-a621-749cd21c2538 824c3199740247cf9b6b0af0fc25c99d 4bc18db4c50c440cac22d1d72dfa370e - - default default] Successfully bumped revision number for resource 94bca3b9-3de3-4107-8d7b-430d4ab17de6 (type: ports) to 1
2026-07-02 11:16:05.574 10 INFO neutron.db.ovn_revision_numbers_db [None req-c8af0f99-0570-43ba-85ed-8017210f90bc 7a0d84665b1f4a1288833aa07236b752 e5697475b2504714a97ee12d834598e3 - - default default] Successfully bumped revision number for resource 781a28c3-3ee4-437a-ae55-280fc73c5bb6 (type: security_groups) to 1
2026-07-02 11:16:05.590 10 INFO neutron.db.ovn_revision_numbers_db [None req-c8af0f99-0570-43ba-85ed-8017210f90bc 7a0d84665b1f4a1288833aa07236b752 e5697475b2504714a97ee12d834598e3 - - default default] Successfully bumped revision number for resource 29169deb-41d4-4251-8121-c1b507fad109 (type: security_group_rules) to 0
2026-07-02 11:16:05.604 10 INFO neutron.db.ovn_revision_numbers_db [None req-c8af0f99-0570-43ba-85ed-8017210f90bc 7a0d84665b1f4a1288833aa07236b752 e5697475b2504714a97ee12d834598e3 - - default default] Successfully bumped revision number for resource 4c45e088-8e48-4e4d-90da-d21f3100823d (type: security_group_rules) to 0
2026-07-02 11:16:05.621 10 INFO neutron.db.ovn_revision_numbers_db [None req-c8af0f99-0570-43ba-85ed-8017210f90bc 7a0d84665b1f4a1288833aa07236b752 e5697475b2504714a97ee12d834598e3 - - default default] Successfully bumped revision number for resource 86a34eba-26ae-4769-8a2b-755c49b602ca (type: security_group_rules) to 0
2026-07-02 11:16:05.635 10 INFO neutron.db.ovn_revision_numbers_db [None req-c8af0f99-0570-43ba-85ed-8017210f90bc 7a0d84665b1f4a1288833aa07236b752 e5697475b2504714a97ee12d834598e3 - - default default] Successfully bumped revision number for resource 87d74ec7-5e59-4f70-919f-329abec56b09 (type: security_group_rules) to 0
2026-07-02 11:16:05.660 10 INFO neutron.wsgi [None req-c8af0f99-0570-43ba-85ed-8017210f90bc 7a0d84665b1f4a1288833aa07236b752 e5697475b2504714a97ee12d834598e3 - - default default] 10.0.0.226 "GET /v2.0/security-groups?tenant_id=5edb6f3739df4c8d8530e425c61d2e67&name=default HTTP/1.1" status: 200 len: 2996 time: 0.1976295
2026-07-02 11:16:05.764 9 INFO neutron.db.ovn_revision_numbers_db [None req-84b0eaeb-bf12-4a6f-bc9e-9e1e2db63e92 7a0d84665b1f4a1288833aa07236b752 e5697475b2504714a97ee12d834598e3 - - default default] Successfully bumped revision number for resource 548e77f8-2379-438b-8ffd-c19ad7cf3ba0 (type: security_groups) to 1
2026-07-02 11:16:05.786 9 INFO neutron.db.ovn_revision_numbers_db [None req-84b0eaeb-bf12-4a6f-bc9e-9e1e2db63e92 7a0d84665b1f4a1288833aa07236b752 e5697475b2504714a97ee12d834598e3 - - default default] Successfully bumped revision number for resource 0702ab3e-011e-40b5-ae64-4362157c2754 (type: security_group_rules) to 0
2026-07-02 11:16:05.815 9 INFO neutron.db.ovn_revision_numbers_db [None req-84b0eaeb-bf12-4a6f-bc9e-9e1e2db63e92 7a0d84665b1f4a1288833aa07236b752 e5697475b2504714a97ee12d834598e3 - - default default] Successfully bumped revision number for resource 66c9171f-170d-42c7-b920-f8bbbaecd60c (type: security_group_rules) to 0
2026-07-02 11:16:05.842 9 INFO neutron.db.ovn_revision_numbers_db [None req-84b0eaeb-bf12-4a6f-bc9e-9e1e2db63e92 7a0d84665b1f4a1288833aa07236b752 e5697475b2504714a97ee12d834598e3 - - default default] Successfully bumped revision number for resource c7568734-7aba-426d-9713-a5a4fede35bb (type: security_group_rules) to 0
2026-07-02 11:16:05.848 10 INFO neutron.wsgi [None req-bc3bcf1c-5f3a-4c0b-9dbe-75077559b75f 7a0d84665b1f4a1288833aa07236b752 e5697475b2504714a97ee12d834598e3 - - default default] 10.0.0.226 "DELETE /v2.0/security-groups/781a28c3-3ee4-437a-ae55-280fc73c5bb6 HTTP/1.1" status: 204 len: 168 time: 0.1834059
2026-07-02 11:16:05.859 9 INFO neutron.db.ovn_revision_numbers_db [None req-84b0eaeb-bf12-4a6f-bc9e-9e1e2db63e92 7a0d84665b1f4a1288833aa07236b752 e5697475b2504714a97ee12d834598e3 - - default default] Successfully bumped revision number for resource d3ef40ff-da49-4c54-885e-980253ee1aff (type: security_group_rules) to 0
2026-07-02 11:16:05.893 9 INFO neutron.wsgi [None req-84b0eaeb-bf12-4a6f-bc9e-9e1e2db63e92 7a0d84665b1f4a1288833aa07236b752 e5697475b2504714a97ee12d834598e3 - - default default] 10.0.0.226 "GET /v2.0/security-groups?tenant_id=9797474226614e748fd8c213e8b7da89&name=default HTTP/1.1" status: 200 len: 2996 time: 0.5243096
2026-07-02 11:16:05.970 9 INFO neutron.plugins.ml2.drivers.ovn.mech_driver.mech_driver [None req-f0f4474f-9443-442f-977a-be7ca271417b - - - - - -] OVN reports status up for port: 94bca3b9-3de3-4107-8d7b-430d4ab17de6
2026-07-02 11:16:05.988 9 INFO neutron.plugins.ml2.plugin [None req-f0f4474f-9443-442f-977a-be7ca271417b - - - - - -] Attempt 1 to provision port 94bca3b9-3de3-4107-8d7b-430d4ab17de6
2026-07-02 11:16:06.015 9 INFO neutron.db.ovn_revision_numbers_db [None req-257d2a1b-e919-4592-a621-749cd21c2538 824c3199740247cf9b6b0af0fc25c99d 4bc18db4c50c440cac22d1d72dfa370e - - default default] Successfully bumped revision number for resource 94bca3b9-3de3-4107-8d7b-430d4ab17de6 (type: router_ports) to 1
2026-07-02 11:16:06.090 10 INFO neutron.db.ovn_revision_numbers_db [None req-e1050ec8-706d-45b7-8481-14d7b94cc206 7a0d84665b1f4a1288833aa07236b752 e5697475b2504714a97ee12d834598e3 - - default default] Successfully bumped revision number for resource 5d258ee4-bc4e-433b-b5cd-01dcc2054fe3 (type: security_groups) to 1
2026-07-02 11:16:06.118 10 INFO neutron.db.ovn_revision_numbers_db [None req-e1050ec8-706d-45b7-8481-14d7b94cc206 7a0d84665b1f4a1288833aa07236b752 e5697475b2504714a97ee12d834598e3 - - default default] Successfully bumped revision number for resource 14e92499-1376-4355-8497-21fdd8b1a658 (type: security_group_rules) to 0
2026-07-02 11:16:06.135 10 INFO neutron.db.ovn_revision_numbers_db [None req-e1050ec8-706d-45b7-8481-14d7b94cc206 7a0d84665b1f4a1288833aa07236b752 e5697475b2504714a97ee12d834598e3 - - default default] Successfully bumped revision number for resource 677104a0-9390-42e3-a1e0-83db4ced65d7 (type: security_group_rules) to 0
2026-07-02 11:16:06.155 10 INFO neutron.db.ovn_revision_numbers_db [None req-e1050ec8-706d-45b7-8481-14d7b94cc206 7a0d84665b1f4a1288833aa07236b752 e5697475b2504714a97ee12d834598e3 - - default default] Successfully bumped revision number for resource 8a5ff43a-a0f3-4d91-943b-96b51d0cf3d1 (type: security_group_rules) to 0
2026-07-02 11:16:06.157 9 INFO neutron.db.ovn_revision_numbers_db [None req-257d2a1b-e919-4592-a621-749cd21c2538 824c3199740247cf9b6b0af0fc25c99d 4bc18db4c50c440cac22d1d72dfa370e - - default default] Successfully bumped revision number for resource 0ac6d698-23d4-47fe-a4f6-4c4eef612064 (type: routers) to 2
2026-07-02 11:16:06.168 10 INFO neutron.db.ovn_revision_numbers_db [None req-e1050ec8-706d-45b7-8481-14d7b94cc206 7a0d84665b1f4a1288833aa07236b752 e5697475b2504714a97ee12d834598e3 - - default default] Successfully bumped revision number for resource cf14600c-d767-4c5c-a485-e11f08721b43 (type: security_group_rules) to 0
2026-07-02 11:16:06.186 9 INFO neutron.wsgi [None req-257d2a1b-e919-4592-a621-749cd21c2538 824c3199740247cf9b6b0af0fc25c99d 4bc18db4c50c440cac22d1d72dfa370e - - default default] 10.0.0.226 "POST /v2.0/routers HTTP/1.1" status: 201 len: 871 time: 1.6630218
2026-07-02 11:16:06.207 10 INFO neutron.wsgi [None req-e1050ec8-706d-45b7-8481-14d7b94cc206 7a0d84665b1f4a1288833aa07236b752 e5697475b2504714a97ee12d834598e3 - - default default] 10.0.0.226 "GET /v2.0/security-groups?tenant_id=292a979168b443ee912e1caf59c8e0a5&name=default HTTP/1.1" status: 200 len: 2996 time: 0.2551098
2026-07-02 11:16:06.262 9 INFO neutron.wsgi [None req-12ba8634-a39a-44c1-9892-a81700016434 824c3199740247cf9b6b0af0fc25c99d 4bc18db4c50c440cac22d1d72dfa370e - - default default] 10.0.0.226 "GET /v2.0/routers/0ac6d698-23d4-47fe-a4f6-4c4eef612064 HTTP/1.1" status: 200 len: 872 time: 0.0699170
2026-07-02 11:16:06.348 9 INFO neutron.wsgi [None req-29a141c1-2305-4c48-951e-bcb6c5c560a8 7a0d84665b1f4a1288833aa07236b752 e5697475b2504714a97ee12d834598e3 - - default default] 10.0.0.226 "DELETE /v2.0/security-groups/548e77f8-2379-438b-8ffd-c19ad7cf3ba0 HTTP/1.1" status: 204 len: 168 time: 0.4507148
2026-07-02 11:16:06.385 9 INFO neutron.wsgi [None req-02885a7e-b509-46b1-9d2d-6ede112c2e75 824c3199740247cf9b6b0af0fc25c99d 4bc18db4c50c440cac22d1d72dfa370e - - default default] 10.0.0.226 "GET /v2.0/routers HTTP/1.1" status: 200 len: 875 time: 0.1170044
2026-07-02 11:16:06.467 10 INFO neutron.wsgi [None req-f39e78f4-265d-417a-9a27-f08577aff992 7a0d84665b1f4a1288833aa07236b752 e5697475b2504714a97ee12d834598e3 - - default default] 10.0.0.226 "DELETE /v2.0/security-groups/5d258ee4-bc4e-433b-b5cd-01dcc2054fe3 HTTP/1.1" status: 204 len: 168 time: 0.2546949
2026-07-02 11:16:07.011 10 WARNING neutron.plugins.ml2.drivers.ovn.mech_driver.ovsdb.ovn_client [None req-ea9a8882-9117-4139-94f2-b1bc3ff8c035 - - - - - -] No port found with ID 1b895b28-1b1f-4c91-a812-c7f4dcaa02e1: RuntimeError: No port found with ID 1b895b28-1b1f-4c91-a812-c7f4dcaa02e1
2026-07-02 11:16:07.153 9 INFO neutron.db.ovn_revision_numbers_db [None req-1f1c3313-cad3-482f-989a-712dd84b5d9e 824c3199740247cf9b6b0af0fc25c99d 4bc18db4c50c440cac22d1d72dfa370e - - default default] Successfully bumped revision number for resource 0ac6d698-23d4-47fe-a4f6-4c4eef612064 (type: routers) to 3
2026-07-02 11:16:07.157 9 INFO neutron.wsgi [None req-1f1c3313-cad3-482f-989a-712dd84b5d9e 824c3199740247cf9b6b0af0fc25c99d 4bc18db4c50c440cac22d1d72dfa370e - - default default] 10.0.0.226 "PUT /v2.0/routers/0ac6d698-23d4-47fe-a4f6-4c4eef612064 HTTP/1.1" status: 200 len: 879 time: 0.7680392
2026-07-02 11:16:07.233 9 WARNING neutron_lib.context [None req-f7487961-a1fa-4777-8591-c3ddeef94f1f 300252a935324d7c87cce6d991f3a19f 33eaa0031fad4e618f8536ff1cbf3c1e - - default default] Method 'is_advsvc' is deprecated since 2023.2 release (neutron-lib 3.8.0) and will be removed once support for the old RBAC API policies will be removed from Neutron. Please use method 'is_service_role' instead.
2026-07-02 11:16:07.253 9 INFO neutron.wsgi [None req-5a827b60-4181-413e-9d1d-389bf37f0aab 824c3199740247cf9b6b0af0fc25c99d 4bc18db4c50c440cac22d1d72dfa370e - - default default] 10.0.0.226 "GET /v2.0/routers/0ac6d698-23d4-47fe-a4f6-4c4eef612064 HTTP/1.1" status: 200 len: 879 time: 0.0913422
2026-07-02 11:16:07.280 9 INFO neutron.wsgi [None req-31f1938e-50b4-4c08-b193-ffde004cffbf 824c3199740247cf9b6b0af0fc25c99d 4bc18db4c50c440cac22d1d72dfa370e - - default default] 10.0.0.226 "GET /v2.0/ports?device_id=0ac6d698-23d4-47fe-a4f6-4c4eef612064 HTTP/1.1" status: 200 len: 205 time: 0.0212784
2026-07-02 11:16:07.492 9 INFO neutron.db.ovn_revision_numbers_db [None req-f7487961-a1fa-4777-8591-c3ddeef94f1f 300252a935324d7c87cce6d991f3a19f 33eaa0031fad4e618f8536ff1cbf3c1e - - default default] Successfully bumped revision number for resource 2b6dee55-83e2-4f7f-9a81-fbc617827afc (type: security_groups) to 1
2026-07-02 11:16:07.510 9 INFO neutron.db.ovn_revision_numbers_db [None req-f7487961-a1fa-4777-8591-c3ddeef94f1f 300252a935324d7c87cce6d991f3a19f 33eaa0031fad4e618f8536ff1cbf3c1e - - default default] Successfully bumped revision number for resource 0c6284a9-8e4b-4b68-901f-80a5985fe9e3 (type: security_group_rules) to 0
2026-07-02 11:16:07.541 9 INFO neutron.db.ovn_revision_numbers_db [None req-f7487961-a1fa-4777-8591-c3ddeef94f1f 300252a935324d7c87cce6d991f3a19f 33eaa0031fad4e618f8536ff1cbf3c1e - - default default] Successfully bumped revision number for resource 0f1920f1-0a85-4c4d-900d-bb54abffa9fc (type: security_group_rules) to 0
2026-07-02 11:16:07.573 9 INFO neutron.db.ovn_revision_numbers_db [None req-f7487961-a1fa-4777-8591-c3ddeef94f1f 300252a935324d7c87cce6d991f3a19f 33eaa0031fad4e618f8536ff1cbf3c1e - - default default] Successfully bumped revision number for resource 1ea9fbef-e1c6-4bd0-9e26-72e590f0a33a (type: security_group_rules) to 0
2026-07-02 11:16:07.611 9 INFO neutron.db.ovn_revision_numbers_db [None req-f7487961-a1fa-4777-8591-c3ddeef94f1f 300252a935324d7c87cce6d991f3a19f 33eaa0031fad4e618f8536ff1cbf3c1e - - default default] Successfully bumped revision number for resource 41fcd48e-0d19-4378-9513-39a63ac62ee6 (type: security_group_rules) to 0
2026-07-02 11:16:07.666 9 INFO neutron.db.segments_db [None req-f7487961-a1fa-4777-8591-c3ddeef94f1f 300252a935324d7c87cce6d991f3a19f 33eaa0031fad4e618f8536ff1cbf3c1e - - default default] Added segment 2855bb9d-f8fa-47b7-9a96-04cde77d379d of type geneve for network 5b26dc11-4b93-42b0-99ef-aff2837211c9
2026-07-02 11:16:07.881 9 INFO neutron.db.ovn_revision_numbers_db [None req-f7487961-a1fa-4777-8591-c3ddeef94f1f 300252a935324d7c87cce6d991f3a19f 33eaa0031fad4e618f8536ff1cbf3c1e - - default default] Successfully bumped revision number for resource 5b26dc11-4b93-42b0-99ef-aff2837211c9 (type: networks) to 1
2026-07-02 11:16:08.111 9 WARNING neutron.scheduler.dhcp_agent_scheduler [None req-f7487961-a1fa-4777-8591-c3ddeef94f1f 300252a935324d7c87cce6d991f3a19f 33eaa0031fad4e618f8536ff1cbf3c1e - - default default] No more DHCP agents
2026-07-02 11:16:08.120 9 WARNING neutron.api.rpc.agentnotifiers.dhcp_rpc_agent_api [None req-f7487961-a1fa-4777-8591-c3ddeef94f1f 300252a935324d7c87cce6d991f3a19f 33eaa0031fad4e618f8536ff1cbf3c1e - - default default] Unable to schedule network 5b26dc11-4b93-42b0-99ef-aff2837211c9: no agents available; will retry on subsequent port and subnet creation events.
2026-07-02 11:16:08.293 9 INFO neutron.db.ovn_revision_numbers_db [None req-f7487961-a1fa-4777-8591-c3ddeef94f1f 300252a935324d7c87cce6d991f3a19f 33eaa0031fad4e618f8536ff1cbf3c1e - - default default] Successfully bumped revision number for resource 4fcda0b6-3627-4189-b4c4-7fc6502cd61b (type: ports) to 1
2026-07-02 11:16:08.351 9 INFO neutron.wsgi [None req-f7487961-a1fa-4777-8591-c3ddeef94f1f 300252a935324d7c87cce6d991f3a19f 33eaa0031fad4e618f8536ff1cbf3c1e - - default default] 10.0.0.226 "POST /v2.0/networks HTTP/1.1" status: 201 len: 830 time: 1.2307866
2026-07-02 11:16:08.368 10 WARNING neutron_lib.context [None req-7a953dbb-2447-4529-b741-642fc37d4d25 300252a935324d7c87cce6d991f3a19f 33eaa0031fad4e618f8536ff1cbf3c1e - - default default] Method 'is_advsvc' is deprecated since 2023.2 release (neutron-lib 3.8.0) and will be removed once support for the old RBAC API policies will be removed from Neutron. Please use method 'is_service_role' instead.
2026-07-02 11:16:08.391 9 INFO neutron.wsgi [None req-87a8f206-d1a8-4a3f-96e8-4e3f62de9892 824c3199740247cf9b6b0af0fc25c99d 4bc18db4c50c440cac22d1d72dfa370e - - default default] 10.0.0.226 "DELETE /v2.0/routers/0ac6d698-23d4-47fe-a4f6-4c4eef612064 HTTP/1.1" status: 204 len: 168 time: 1.1055512
2026-07-02 11:16:08.419 9 INFO neutron.wsgi [None req-4ebb17b8-077e-4449-a97a-a3cdc19dccab 824c3199740247cf9b6b0af0fc25c99d 4bc18db4c50c440cac22d1d72dfa370e - - default default] 10.0.0.226 "GET /v2.0/ports?device_id=0ac6d698-23d4-47fe-a4f6-4c4eef612064 HTTP/1.1" status: 200 len: 205 time: 0.0217798
2026-07-02 11:16:08.448 9 INFO neutron.api.v2.resource [None req-2d45b8a0-128d-440e-8736-d3f6ed8c4b05 824c3199740247cf9b6b0af0fc25c99d 4bc18db4c50c440cac22d1d72dfa370e - - default default] delete failed (client error): The resource could not be found.
2026-07-02 11:16:08.450 9 INFO neutron.wsgi [None req-2d45b8a0-128d-440e-8736-d3f6ed8c4b05 824c3199740247cf9b6b0af0fc25c99d 4bc18db4c50c440cac22d1d72dfa370e - - default default] 10.0.0.226 "DELETE /v2.0/routers/0ac6d698-23d4-47fe-a4f6-4c4eef612064 HTTP/1.1" status: 404 len: 336 time: 0.0251186
2026-07-02 11:16:08.468 10 INFO neutron.db.segments_db [None req-7a953dbb-2447-4529-b741-642fc37d4d25 300252a935324d7c87cce6d991f3a19f 33eaa0031fad4e618f8536ff1cbf3c1e - - default default] Added segment 80af5605-8242-4b42-bde3-0ca7cc4d88ae of type geneve for network 71024e67-8d97-4dec-ba1a-9d1ee38548c8
2026-07-02 11:16:08.478 9 INFO neutron.wsgi [None req-c41ab77c-b185-4a28-bc17-6ec114a9b16e 824c3199740247cf9b6b0af0fc25c99d 4bc18db4c50c440cac22d1d72dfa370e - - default default] 10.0.0.226 "GET /v2.0/ports?device_id=b6d789a4-a7e5-41ed-9955-2de2f7aa5c17 HTTP/1.1" status: 200 len: 205 time: 0.0222709
2026-07-02 11:16:08.505 9 INFO neutron.api.v2.resource [None req-ff22ab82-d8ce-4011-a062-a37da604950a 824c3199740247cf9b6b0af0fc25c99d 4bc18db4c50c440cac22d1d72dfa370e - - default default] delete failed (client error): The resource could not be found.
2026-07-02 11:16:08.507 9 INFO neutron.wsgi [None req-ff22ab82-d8ce-4011-a062-a37da604950a 824c3199740247cf9b6b0af0fc25c99d 4bc18db4c50c440cac22d1d72dfa370e - - default default] 10.0.0.226 "DELETE /v2.0/routers/b6d789a4-a7e5-41ed-9955-2de2f7aa5c17 HTTP/1.1" status: 404 len: 336 time: 0.0235798
2026-07-02 11:16:08.528 9 INFO neutron.pecan_wsgi.hooks.translation [None req-0a4061bd-6d33-4bf6-b5d8-d2158fe83f82 824c3199740247cf9b6b0af0fc25c99d 4bc18db4c50c440cac22d1d72dfa370e - - default default] DELETE failed (client error): The resource could not be found.
2026-07-02 11:16:08.530 9 INFO neutron.wsgi [None req-0a4061bd-6d33-4bf6-b5d8-d2158fe83f82 824c3199740247cf9b6b0af0fc25c99d 4bc18db4c50c440cac22d1d72dfa370e - - default default] 10.0.0.226 "DELETE /v2.0/subnets/1d60f163-63c6-4447-bf69-8f6a3e2cc811 HTTP/1.1" status: 404 len: 337 time: 0.0187876
2026-07-02 11:16:08.555 9 INFO neutron.wsgi [None req-a589ad9a-0af9-4fea-aeb9-1e56358122a9 824c3199740247cf9b6b0af0fc25c99d 4bc18db4c50c440cac22d1d72dfa370e - - default default] 10.0.0.226 "GET /v2.0/ports?device_id=014e5c04-8895-44dd-97fd-ff550bb35a95 HTTP/1.1" status: 200 len: 205 time: 0.0197346
2026-07-02 11:16:08.587 9 INFO neutron.api.v2.resource [None req-3a2c5e12-1472-43d5-a55e-19ae31580ed0 824c3199740247cf9b6b0af0fc25c99d 4bc18db4c50c440cac22d1d72dfa370e - - default default] delete failed (client error): The resource could not be found.
2026-07-02 11:16:08.589 9 INFO neutron.wsgi [None req-3a2c5e12-1472-43d5-a55e-19ae31580ed0 824c3199740247cf9b6b0af0fc25c99d 4bc18db4c50c440cac22d1d72dfa370e - - default default] 10.0.0.226 "DELETE /v2.0/routers/014e5c04-8895-44dd-97fd-ff550bb35a95 HTTP/1.1" status: 404 len: 336 time: 0.0289423
2026-07-02 11:16:08.610 9 INFO neutron.pecan_wsgi.hooks.translation [None req-5ce03245-dd98-489a-96eb-771482786937 824c3199740247cf9b6b0af0fc25c99d 4bc18db4c50c440cac22d1d72dfa370e - - default default] DELETE failed (client error): The resource could not be found.
2026-07-02 11:16:08.613 9 INFO neutron.wsgi [None req-5ce03245-dd98-489a-96eb-771482786937 824c3199740247cf9b6b0af0fc25c99d 4bc18db4c50c440cac22d1d72dfa370e - - default default] 10.0.0.226 "DELETE /v2.0/subnets/e0a9bd80-4cc9-4324-85d4-ad87cd16e7ac HTTP/1.1" status: 404 len: 337 time: 0.0189207
2026-07-02 11:16:08.639 9 INFO neutron.wsgi [None req-17b3a5f8-20ba-425d-a1a1-72ad2b5c7fa6 824c3199740247cf9b6b0af0fc25c99d 4bc18db4c50c440cac22d1d72dfa370e - - default default] 10.0.0.226 "GET /v2.0/ports?device_id=08575aa9-9736-48f4-a8e5-565968a55ff7 HTTP/1.1" status: 200 len: 205 time: 0.0211992
2026-07-02 11:16:08.670 9 INFO neutron.api.v2.resource [None req-8d62bb09-ed19-4aa7-89a3-cdbb88e5a4e5 824c3199740247cf9b6b0af0fc25c99d 4bc18db4c50c440cac22d1d72dfa370e - - default default] delete failed (client error): The resource could not be found.
2026-07-02 11:16:08.671 9 INFO neutron.wsgi [None req-8d62bb09-ed19-4aa7-89a3-cdbb88e5a4e5 824c3199740247cf9b6b0af0fc25c99d 4bc18db4c50c440cac22d1d72dfa370e - - default default] 10.0.0.226 "DELETE /v2.0/routers/08575aa9-9736-48f4-a8e5-565968a55ff7 HTTP/1.1" status: 404 len: 336 time: 0.0254948
2026-07-02 11:16:08.693 9 INFO neutron.pecan_wsgi.hooks.translation [None req-9680fcd6-f865-426a-840c-f8b6cdbeacae 824c3199740247cf9b6b0af0fc25c99d 4bc18db4c50c440cac22d1d72dfa370e - - default default] DELETE failed (client error): The resource could not be found.
2026-07-02 11:16:08.696 9 INFO neutron.wsgi [None req-9680fcd6-f865-426a-840c-f8b6cdbeacae 824c3199740247cf9b6b0af0fc25c99d 4bc18db4c50c440cac22d1d72dfa370e - - default default] 10.0.0.226 "DELETE /v2.0/subnets/23f10fc5-c621-4808-867a-0153b64b2822 HTTP/1.1" status: 404 len: 337 time: 0.0191216
2026-07-02 11:16:08.718 9 INFO neutron.pecan_wsgi.hooks.translation [None req-cf367569-70d7-45f8-b2a5-ae603507e6aa 824c3199740247cf9b6b0af0fc25c99d 4bc18db4c50c440cac22d1d72dfa370e - - default default] DELETE failed (client error): The resource could not be found.
2026-07-02 11:16:08.721 9 INFO neutron.wsgi [None req-cf367569-70d7-45f8-b2a5-ae603507e6aa 824c3199740247cf9b6b0af0fc25c99d 4bc18db4c50c440cac22d1d72dfa370e - - default default] 10.0.0.226 "DELETE /v2.0/subnets/b794edb0-1e8e-4263-b73f-a20587f220ee HTTP/1.1" status: 404 len: 337 time: 0.0189147
2026-07-02 11:16:08.832 10 INFO neutron.db.ovn_revision_numbers_db [None req-7a953dbb-2447-4529-b741-642fc37d4d25 300252a935324d7c87cce6d991f3a19f 33eaa0031fad4e618f8536ff1cbf3c1e - - default default] Successfully bumped revision number for resource 71024e67-8d97-4dec-ba1a-9d1ee38548c8 (type: networks) to 1
2026-07-02 11:16:08.859 10 INFO neutron.db.ovn_revision_numbers_db [None req-3967edfb-dc79-45d3-bc05-9e7f66cadfb0 7a0d84665b1f4a1288833aa07236b752 e5697475b2504714a97ee12d834598e3 - - default default] Successfully bumped revision number for resource cf13c800-ce51-437b-af7c-3e49b47b778c (type: security_groups) to 1
2026-07-02 11:16:08.877 10 INFO neutron.db.ovn_revision_numbers_db [None req-3967edfb-dc79-45d3-bc05-9e7f66cadfb0 7a0d84665b1f4a1288833aa07236b752 e5697475b2504714a97ee12d834598e3 - - default default] Successfully bumped revision number for resource 132fe729-6bf0-4641-b852-da3d1ec4cbb1 (type: security_group_rules) to 0
2026-07-02 11:16:08.903 10 INFO neutron.db.ovn_revision_numbers_db [None req-3967edfb-dc79-45d3-bc05-9e7f66cadfb0 7a0d84665b1f4a1288833aa07236b752 e5697475b2504714a97ee12d834598e3 - - default default] Successfully bumped revision number for resource 5a517ea7-ccf0-497c-ab9c-ab161ba08773 (type: security_group_rules) to 0
2026-07-02 11:16:08.929 10 INFO neutron.db.ovn_revision_numbers_db [None req-3967edfb-dc79-45d3-bc05-9e7f66cadfb0 7a0d84665b1f4a1288833aa07236b752 e5697475b2504714a97ee12d834598e3 - - default default] Successfully bumped revision number for resource 756ef7f7-cbae-4e83-928f-a291c226beb0 (type: security_group_rules) to 0
2026-07-02 11:16:08.966 10 INFO neutron.db.ovn_revision_numbers_db [None req-3967edfb-dc79-45d3-bc05-9e7f66cadfb0 7a0d84665b1f4a1288833aa07236b752 e5697475b2504714a97ee12d834598e3 - - default default] Successfully bumped revision number for resource b3fd3b47-82cf-44e6-8c37-44063d73ba71 (type: security_group_rules) to 0
2026-07-02 11:16:09.032 10 INFO neutron.db.segments_db [None req-3967edfb-dc79-45d3-bc05-9e7f66cadfb0 7a0d84665b1f4a1288833aa07236b752 e5697475b2504714a97ee12d834598e3 - - default default] Added segment 78ee3f1f-c871-4d9d-a635-56edb538f333 of type geneve for network 76908eb0-9201-49b8-b484-14ddbfc38bc5
2026-07-02 11:16:09.037 10 WARNING neutron.scheduler.dhcp_agent_scheduler [None req-7a953dbb-2447-4529-b741-642fc37d4d25 300252a935324d7c87cce6d991f3a19f 33eaa0031fad4e618f8536ff1cbf3c1e - - default default] No more DHCP agents
2026-07-02 11:16:09.039 10 WARNING neutron.api.rpc.agentnotifiers.dhcp_rpc_agent_api [None req-7a953dbb-2447-4529-b741-642fc37d4d25 300252a935324d7c87cce6d991f3a19f 33eaa0031fad4e618f8536ff1cbf3c1e - - default default] Unable to schedule network 71024e67-8d97-4dec-ba1a-9d1ee38548c8: no agents available; will retry on subsequent port and subnet creation events.
2026-07-02 11:16:09.183 10 INFO neutron.db.ovn_revision_numbers_db [None req-7a953dbb-2447-4529-b741-642fc37d4d25 300252a935324d7c87cce6d991f3a19f 33eaa0031fad4e618f8536ff1cbf3c1e - - default default] Successfully bumped revision number for resource 9f4e31e1-550c-4c31-9730-265504f6650f (type: ports) to 1
2026-07-02 11:16:09.228 10 INFO neutron.wsgi [None req-7a953dbb-2447-4529-b741-642fc37d4d25 300252a935324d7c87cce6d991f3a19f 33eaa0031fad4e618f8536ff1cbf3c1e - - default default] 10.0.0.226 "POST /v2.0/networks HTTP/1.1" status: 201 len: 831 time: 0.8696198
2026-07-02 11:16:09.237 10 INFO neutron.db.ovn_revision_numbers_db [None req-3967edfb-dc79-45d3-bc05-9e7f66cadfb0 7a0d84665b1f4a1288833aa07236b752 e5697475b2504714a97ee12d834598e3 - - default default] Successfully bumped revision number for resource 76908eb0-9201-49b8-b484-14ddbfc38bc5 (type: networks) to 1
2026-07-02 11:16:09.293 10 INFO neutron.wsgi [None req-d6cda999-c953-408a-b430-bd92837fc2d3 300252a935324d7c87cce6d991f3a19f 33eaa0031fad4e618f8536ff1cbf3c1e - - default default] 10.0.0.226 "PUT /v2.0/networks/5b26dc11-4b93-42b0-99ef-aff2837211c9/tags HTTP/1.1" status: 200 len: 218 time: 0.0612817
2026-07-02 11:16:09.363 10 INFO neutron.wsgi [None req-b2c83b4e-f63f-4d93-8810-606be5bbbff3 300252a935324d7c87cce6d991f3a19f 33eaa0031fad4e618f8536ff1cbf3c1e - - default default] 10.0.0.226 "GET /v2.0/networks/5b26dc11-4b93-42b0-99ef-aff2837211c9/tags HTTP/1.1" status: 200 len: 218 time: 0.0655043
2026-07-02 11:16:09.431 9 INFO neutron.wsgi [None req-c576a42a-95dc-4313-a1bc-12319a7516ce 300252a935324d7c87cce6d991f3a19f 33eaa0031fad4e618f8536ff1cbf3c1e - - default default] 10.0.0.226 "PUT /v2.0/networks/71024e67-8d97-4dec-ba1a-9d1ee38548c8/tags HTTP/1.1" status: 200 len: 210 time: 0.0617664
2026-07-02 11:16:09.435 10 WARNING neutron.scheduler.dhcp_agent_scheduler [None req-3967edfb-dc79-45d3-bc05-9e7f66cadfb0 7a0d84665b1f4a1288833aa07236b752 e5697475b2504714a97ee12d834598e3 - - default default] No more DHCP agents
2026-07-02 11:16:09.439 10 WARNING neutron.api.rpc.agentnotifiers.dhcp_rpc_agent_api [None req-3967edfb-dc79-45d3-bc05-9e7f66cadfb0 7a0d84665b1f4a1288833aa07236b752 e5697475b2504714a97ee12d834598e3 - - default default] Unable to schedule network 76908eb0-9201-49b8-b484-14ddbfc38bc5: no agents available; will retry on subsequent port and subnet creation events.
2026-07-02 11:16:09.506 9 INFO neutron.wsgi [None req-aa133f7d-f474-4b9d-abe0-96b06d2e6d0c 7a0d84665b1f4a1288833aa07236b752 e5697475b2504714a97ee12d834598e3 - - default default] 10.0.0.226 "GET /v2.0/security-groups?tenant_id=4bc18db4c50c440cac22d1d72dfa370e&name=default HTTP/1.1" status: 200 len: 2996 time: 0.2908688
2026-07-02 11:16:09.512 9 INFO neutron.wsgi [None req-e7007f2a-46e3-4ec4-9cac-397d64e83e6f 300252a935324d7c87cce6d991f3a19f 33eaa0031fad4e618f8536ff1cbf3c1e - - default default] 10.0.0.226 "GET /v2.0/networks/71024e67-8d97-4dec-ba1a-9d1ee38548c8/tags HTTP/1.1" status: 200 len: 210 time: 0.0706806
2026-07-02 11:16:09.530 10 INFO neutron.db.ovn_revision_numbers_db [None req-3967edfb-dc79-45d3-bc05-9e7f66cadfb0 7a0d84665b1f4a1288833aa07236b752 e5697475b2504714a97ee12d834598e3 - - default default] Successfully bumped revision number for resource f5a376df-2194-463b-b9ff-d57ca06e3e6a (type: ports) to 1
2026-07-02 11:16:09.558 10 INFO neutron.wsgi [None req-3967edfb-dc79-45d3-bc05-9e7f66cadfb0 7a0d84665b1f4a1288833aa07236b752 e5697475b2504714a97ee12d834598e3 - - default default] 10.0.0.226 "POST /v2.0/networks HTTP/1.1" status: 201 len: 942 time: 1.3182495
2026-07-02 11:16:09.579 9 INFO neutron.wsgi [None req-73646ded-90d3-427f-b584-1d56023eb669 300252a935324d7c87cce6d991f3a19f 33eaa0031fad4e618f8536ff1cbf3c1e - - default default] 10.0.0.226 "PUT /v2.0/networks/71024e67-8d97-4dec-ba1a-9d1ee38548c8/tags HTTP/1.1" status: 200 len: 205 time: 0.0617959
2026-07-02 11:16:09.632 9 INFO neutron.wsgi [None req-6d67269b-8067-429e-a76b-1bf15cdb7225 300252a935324d7c87cce6d991f3a19f 33eaa0031fad4e618f8536ff1cbf3c1e - - default default] 10.0.0.226 "GET /v2.0/networks/71024e67-8d97-4dec-ba1a-9d1ee38548c8/tags HTTP/1.1" status: 200 len: 205 time: 0.0450866
2026-07-02 11:16:09.681 9 INFO neutron.wsgi [None req-0cd29126-326a-45f6-86fe-50532f2969b2 300252a935324d7c87cce6d991f3a19f 33eaa0031fad4e618f8536ff1cbf3c1e - - default default] 10.0.0.226 "GET /v2.0/networks/5b26dc11-4b93-42b0-99ef-aff2837211c9/tags HTTP/1.1" status: 200 len: 218 time: 0.0413718
2026-07-02 11:16:09.784 10 WARNING neutron.scheduler.dhcp_agent_scheduler [None req-8e8756a2-e7c4-4c5c-8070-997fc1a0e357 7a0d84665b1f4a1288833aa07236b752 e5697475b2504714a97ee12d834598e3 - - default default] No more DHCP agents
2026-07-02 11:16:09.786 10 WARNING neutron.api.rpc.agentnotifiers.dhcp_rpc_agent_api [None req-8e8756a2-e7c4-4c5c-8070-997fc1a0e357 7a0d84665b1f4a1288833aa07236b752 e5697475b2504714a97ee12d834598e3 - - default default] Unable to schedule network 76908eb0-9201-49b8-b484-14ddbfc38bc5: no agents available; will retry on subsequent port and subnet creation events.
2026-07-02 11:16:09.814 10 INFO neutron.wsgi [None req-6899d5e1-a5f9-4ab8-8bd4-710519022ed9 7a0d84665b1f4a1288833aa07236b752 e5697475b2504714a97ee12d834598e3 - - default default] 10.0.0.226 "DELETE /v2.0/security-groups/6adc21aa-48d3-46d2-a050-35e0df7d34fb HTTP/1.1" status: 204 len: 168 time: 0.3012078
2026-07-02 11:16:10.076 9 INFO neutron.services.segments.plugin [-] Segment 2855bb9d-f8fa-47b7-9a96-04cde77d379d resource provider aggregate not found
2026-07-02 11:16:10.081 9 INFO neutron.services.segments.plugin [-] Segment 2855bb9d-f8fa-47b7-9a96-04cde77d379d resource provider aggregate not found
2026-07-02 11:16:10.102 9 INFO neutron.services.segments.plugin [-] Segment 2855bb9d-f8fa-47b7-9a96-04cde77d379d resource provider not found; error: Placement Client Error (4xx): {"errors": [{"status": 404, "title": "Not Found", "detail": "The resource could not be found.\n\n No resource provider with uuid 2855bb9d-f8fa-47b7-9a96-04cde77d379d found for delete ", "request_id": "req-f310a58f-50cb-4387-82b6-3628875f3252"}]}
2026-07-02 11:16:10.103 9 INFO neutron.services.segments.plugin [-] Segment 2855bb9d-f8fa-47b7-9a96-04cde77d379d resource provider not found; error: Placement Client Error (4xx): {"errors": [{"status": 404, "title": "Not Found", "detail": "The resource could not be found.\n\n No resource provider with uuid 2855bb9d-f8fa-47b7-9a96-04cde77d379d found for delete ", "request_id": "req-3593f35e-2a46-40bf-87e3-11493ea23260"}]}
2026-07-02 11:16:10.129 9 INFO neutron.wsgi [None req-7e6c67f4-8bf8-4010-bc21-654c34016812 300252a935324d7c87cce6d991f3a19f 33eaa0031fad4e618f8536ff1cbf3c1e - - default default] 10.0.0.226 "DELETE /v2.0/networks/5b26dc11-4b93-42b0-99ef-aff2837211c9 HTTP/1.1" status: 204 len: 168 time: 0.4372690
2026-07-02 11:16:10.195 9 WARNING neutron_lib.context [None req-d69b76b4-995b-40bc-89b8-1544fd93ba55 8ae26f528fde4a36ad97cb39dc3e7c63 1555be13fa0641a6b2ee54548ec29924 - - default default] Method 'is_advsvc' is deprecated since 2023.2 release (neutron-lib 3.8.0) and will be removed once support for the old RBAC API policies will be removed from Neutron. Please use method 'is_service_role' instead.
2026-07-02 11:16:10.353 10 INFO neutron.db.ovn_revision_numbers_db [None req-8e8756a2-e7c4-4c5c-8070-997fc1a0e357 7a0d84665b1f4a1288833aa07236b752 e5697475b2504714a97ee12d834598e3 - - default default] Successfully bumped revision number for resource f5a376df-2194-463b-b9ff-d57ca06e3e6a (type: ports) to 2
2026-07-02 11:16:10.403 10 INFO neutron.db.ovn_revision_numbers_db [None req-8e8756a2-e7c4-4c5c-8070-997fc1a0e357 7a0d84665b1f4a1288833aa07236b752 e5697475b2504714a97ee12d834598e3 - - default default] Successfully bumped revision number for resource 4ba3f6f6-d25e-4187-bc56-9f771427f83c (type: subnets) to 0
2026-07-02 11:16:10.426 10 INFO neutron.wsgi [None req-8e8756a2-e7c4-4c5c-8070-997fc1a0e357 7a0d84665b1f4a1288833aa07236b752 e5697475b2504714a97ee12d834598e3 - - default default] 10.0.0.226 "POST /v2.0/subnets HTTP/1.1" status: 201 len: 862 time: 0.8623612
2026-07-02 11:16:10.665 9 INFO neutron.db.ovn_revision_numbers_db [None req-d69b76b4-995b-40bc-89b8-1544fd93ba55 8ae26f528fde4a36ad97cb39dc3e7c63 1555be13fa0641a6b2ee54548ec29924 - - default default] Successfully bumped revision number for resource 3fe2b34e-fc5f-4cda-a926-1e086ce29261 (type: security_groups) to 1
2026-07-02 11:16:10.679 9 INFO neutron.db.ovn_revision_numbers_db [None req-d69b76b4-995b-40bc-89b8-1544fd93ba55 8ae26f528fde4a36ad97cb39dc3e7c63 1555be13fa0641a6b2ee54548ec29924 - - default default] Successfully bumped revision number for resource 11585952-f1be-4e53-951f-295d6e3d6c09 (type: security_group_rules) to 0
2026-07-02 11:16:10.707 9 INFO neutron.db.ovn_revision_numbers_db [None req-d69b76b4-995b-40bc-89b8-1544fd93ba55 8ae26f528fde4a36ad97cb39dc3e7c63 1555be13fa0641a6b2ee54548ec29924 - - default default] Successfully bumped revision number for resource 91161814-77e1-4670-8c38-e17c196660a0 (type: security_group_rules) to 0
2026-07-02 11:16:10.734 9 INFO neutron.db.ovn_revision_numbers_db [None req-d69b76b4-995b-40bc-89b8-1544fd93ba55 8ae26f528fde4a36ad97cb39dc3e7c63 1555be13fa0641a6b2ee54548ec29924 - - default default] Successfully bumped revision number for resource d48d9079-2800-48e6-a632-acd075412bef (type: security_group_rules) to 0
2026-07-02 11:16:10.754 9 INFO neutron.db.ovn_revision_numbers_db [None req-d69b76b4-995b-40bc-89b8-1544fd93ba55 8ae26f528fde4a36ad97cb39dc3e7c63 1555be13fa0641a6b2ee54548ec29924 - - default default] Successfully bumped revision number for resource fc5be3a1-4d86-4252-9721-c490eedc0af1 (type: security_group_rules) to 0
2026-07-02 11:16:10.809 9 INFO neutron.db.segments_db [None req-d69b76b4-995b-40bc-89b8-1544fd93ba55 8ae26f528fde4a36ad97cb39dc3e7c63 1555be13fa0641a6b2ee54548ec29924 - - default default] Added segment a6c25645-7ddf-49d5-a717-ff338157b760 of type geneve for network 1ee16fbb-993c-4c3e-90de-3ee685cd751d
2026-07-02 11:16:10.837 9 INFO neutron.wsgi [None req-737a0115-9203-4383-a915-2cf444a6d27d 300252a935324d7c87cce6d991f3a19f 33eaa0031fad4e618f8536ff1cbf3c1e - - default default] 10.0.0.226 "DELETE /v2.0/networks/71024e67-8d97-4dec-ba1a-9d1ee38548c8 HTTP/1.1" status: 204 len: 168 time: 0.6999640
2026-07-02 11:16:10.985 10 WARNING neutron.scheduler.dhcp_agent_scheduler [None req-ed4ebabc-a7e6-44b6-a536-490b52cf290b 7a0d84665b1f4a1288833aa07236b752 e5697475b2504714a97ee12d834598e3 - - default default] No more DHCP agents
2026-07-02 11:16:10.987 10 WARNING neutron.api.rpc.agentnotifiers.dhcp_rpc_agent_api [None req-ed4ebabc-a7e6-44b6-a536-490b52cf290b 7a0d84665b1f4a1288833aa07236b752 e5697475b2504714a97ee12d834598e3 - - default default] Unable to schedule network 7ab611bf-5fa1-4e32-a42d-9946d7bcf78a: no agents available; will retry on subsequent port and subnet creation events.
2026-07-02 11:16:10.989 9 INFO neutron.db.ovn_revision_numbers_db [None req-d69b76b4-995b-40bc-89b8-1544fd93ba55 8ae26f528fde4a36ad97cb39dc3e7c63 1555be13fa0641a6b2ee54548ec29924 - - default default] Successfully bumped revision number for resource 1ee16fbb-993c-4c3e-90de-3ee685cd751d (type: networks) to 1
2026-07-02 11:16:11.085 9 WARNING neutron.plugins.ml2.drivers.ovn.mech_driver.ovsdb.ovn_client [None req-f0f4474f-9443-442f-977a-be7ca271417b - - - - - -] No port found with ID 94bca3b9-3de3-4107-8d7b-430d4ab17de6: RuntimeError: No port found with ID 94bca3b9-3de3-4107-8d7b-430d4ab17de6
2026-07-02 11:16:11.179 9 WARNING neutron.scheduler.dhcp_agent_scheduler [None req-d69b76b4-995b-40bc-89b8-1544fd93ba55 8ae26f528fde4a36ad97cb39dc3e7c63 1555be13fa0641a6b2ee54548ec29924 - - default default] No more DHCP agents
2026-07-02 11:16:11.182 9 WARNING neutron.api.rpc.agentnotifiers.dhcp_rpc_agent_api [None req-d69b76b4-995b-40bc-89b8-1544fd93ba55 8ae26f528fde4a36ad97cb39dc3e7c63 1555be13fa0641a6b2ee54548ec29924 - - default default] Unable to schedule network 1ee16fbb-993c-4c3e-90de-3ee685cd751d: no agents available; will retry on subsequent port and subnet creation events.
2026-07-02 11:16:11.198 10 INFO neutron.db.ovn_revision_numbers_db [None req-ed4ebabc-a7e6-44b6-a536-490b52cf290b 7a0d84665b1f4a1288833aa07236b752 e5697475b2504714a97ee12d834598e3 - - default default] Successfully bumped revision number for resource 1709e2d5-166b-46a6-b63b-5f39f92da8de (type: ports) to 1
2026-07-02 11:16:11.272 9 INFO neutron.db.ovn_revision_numbers_db [None req-d69b76b4-995b-40bc-89b8-1544fd93ba55 8ae26f528fde4a36ad97cb39dc3e7c63 1555be13fa0641a6b2ee54548ec29924 - - default default] Successfully bumped revision number for resource 0082efc8-7616-4c2f-89a0-09fb5c3b998a (type: ports) to 1
2026-07-02 11:16:11.295 9 INFO neutron.wsgi [None req-d69b76b4-995b-40bc-89b8-1544fd93ba55 8ae26f528fde4a36ad97cb39dc3e7c63 1555be13fa0641a6b2ee54548ec29924 - - default default] 10.0.0.226 "POST /v2.0/networks HTTP/1.1" status: 201 len: 831 time: 1.2345212
2026-07-02 11:16:11.307 9 WARNING neutron_lib.context [None req-6d124456-a574-4063-91a3-b272e3800dbd 8ae26f528fde4a36ad97cb39dc3e7c63 1555be13fa0641a6b2ee54548ec29924 - - default default] Method 'is_advsvc' is deprecated since 2023.2 release (neutron-lib 3.8.0) and will be removed once support for the old RBAC API policies will be removed from Neutron. Please use method 'is_service_role' instead.
2026-07-02 11:16:11.579 9 WARNING neutron.scheduler.dhcp_agent_scheduler [None req-6d124456-a574-4063-91a3-b272e3800dbd 8ae26f528fde4a36ad97cb39dc3e7c63 1555be13fa0641a6b2ee54548ec29924 - - default default] No more DHCP agents
2026-07-02 11:16:11.580 9 WARNING neutron.api.rpc.agentnotifiers.dhcp_rpc_agent_api [None req-6d124456-a574-4063-91a3-b272e3800dbd 8ae26f528fde4a36ad97cb39dc3e7c63 1555be13fa0641a6b2ee54548ec29924 - - default default] Unable to schedule network 1ee16fbb-993c-4c3e-90de-3ee685cd751d: no agents available; will retry on subsequent port and subnet creation events.
2026-07-02 11:16:11.854 10 INFO neutron.plugins.ml2.drivers.ovn.mech_driver.mech_driver [None req-ea9a8882-9117-4139-94f2-b1bc3ff8c035 - - - - - -] OVN reports status up for port: 1709e2d5-166b-46a6-b63b-5f39f92da8de
2026-07-02 11:16:11.869 9 INFO neutron.plugins.ml2.drivers.ovn.mech_driver.ovsdb.ovsdb_monitor [None req-436d797e-82c1-4c69-8bab-93027c73f85e - - - - - -] Router ed656215-8680-411e-9e21-d15b780d354d is bound to host instance
2026-07-02 11:16:11.875 10 INFO neutron.plugins.ml2.plugin [None req-ea9a8882-9117-4139-94f2-b1bc3ff8c035 - - - - - -] Attempt 1 to provision port 1709e2d5-166b-46a6-b63b-5f39f92da8de
2026-07-02 11:16:11.899 10 INFO neutron.db.ovn_revision_numbers_db [None req-ed4ebabc-a7e6-44b6-a536-490b52cf290b 7a0d84665b1f4a1288833aa07236b752 e5697475b2504714a97ee12d834598e3 - - default default] Successfully bumped revision number for resource 1709e2d5-166b-46a6-b63b-5f39f92da8de (type: router_ports) to 1
2026-07-02 11:16:11.903 10 INFO neutron.db.ovn_revision_numbers_db [None req-3f3db733-5cba-407f-8c09-a84d477df45f 7a0d84665b1f4a1288833aa07236b752 e5697475b2504714a97ee12d834598e3 - - default default] Successfully bumped revision number for resource 44f6d9a6-33af-44bb-b4b6-ae01ff7aa2e2 (type: security_groups) to 1
2026-07-02 11:16:11.955 10 INFO neutron.db.ovn_revision_numbers_db [None req-3f3db733-5cba-407f-8c09-a84d477df45f 7a0d84665b1f4a1288833aa07236b752 e5697475b2504714a97ee12d834598e3 - - default default] Successfully bumped revision number for resource 1671b064-094f-4f7d-867b-da0eb29fdc53 (type: security_group_rules) to 0
2026-07-02 11:16:11.982 10 INFO neutron.db.ovn_revision_numbers_db [None req-3f3db733-5cba-407f-8c09-a84d477df45f 7a0d84665b1f4a1288833aa07236b752 e5697475b2504714a97ee12d834598e3 - - default default] Successfully bumped revision number for resource 5e313ad5-d6f5-499c-9da0-7ad2a9add927 (type: security_group_rules) to 0
2026-07-02 11:16:12.005 10 INFO neutron.db.ovn_revision_numbers_db [None req-3f3db733-5cba-407f-8c09-a84d477df45f 7a0d84665b1f4a1288833aa07236b752 e5697475b2504714a97ee12d834598e3 - - default default] Successfully bumped revision number for resource 8dfb565e-fda8-4a03-a6eb-69402c2100e8 (type: security_group_rules) to 0
2026-07-02 11:16:12.015 10 INFO neutron.db.ovn_revision_numbers_db [None req-ed4ebabc-a7e6-44b6-a536-490b52cf290b 7a0d84665b1f4a1288833aa07236b752 e5697475b2504714a97ee12d834598e3 - - default default] Successfully bumped revision number for resource ed656215-8680-411e-9e21-d15b780d354d (type: routers) to 2
2026-07-02 11:16:12.022 10 INFO neutron.db.ovn_revision_numbers_db [None req-3f3db733-5cba-407f-8c09-a84d477df45f 7a0d84665b1f4a1288833aa07236b752 e5697475b2504714a97ee12d834598e3 - - default default] Successfully bumped revision number for resource f3d6e68b-a406-44c0-bae6-24dc6afa4f16 (type: security_group_rules) to 0
2026-07-02 11:16:12.037 10 INFO neutron.wsgi [None req-ed4ebabc-a7e6-44b6-a536-490b52cf290b 7a0d84665b1f4a1288833aa07236b752 e5697475b2504714a97ee12d834598e3 - - default default] 10.0.0.226 "POST /v2.0/routers HTTP/1.1" status: 201 len: 873 time: 1.6052232
2026-07-02 11:16:12.055 10 INFO neutron.wsgi [None req-3f3db733-5cba-407f-8c09-a84d477df45f 7a0d84665b1f4a1288833aa07236b752 e5697475b2504714a97ee12d834598e3 - - default default] 10.0.0.226 "GET /v2.0/security-groups?tenant_id=79601ede7936424d8e748d6651d967fd&name=default HTTP/1.1" status: 200 len: 2996 time: 0.5233519
