2026-07-02 11:19:35.395 10 INFO neutron.wsgi [req-d9763394-1be1-4046-842c-930dcf89304c req-8fd5b124-37d5-406b-b36e-45de8df399bd 5e007a168c114cf0992cd5247cb77e21 98bc5b0445ff45cf89441821158b4c60 - - 3dee5ac9e49443bea5daf9f44cd7a7ec 3dee5ac9e49443bea5daf9f44cd7a7ec] 199.19.213.141 "GET /v2.0/ports/c8d14810-b0c5-4097-a1d6-42a790e35a13 HTTP/1.1" status: 200 len: 1231 time: 0.0373170
2026-07-02 11:19:35.478 9 INFO neutron.notifiers.nova [-] Nova event matching ['req-a09e9e10-75fc-45d6-8bbf-b02d29b70492'] response: {'server_uuid': 'aba589ac-246a-4a3f-b0d3-cd05dc9f9131', 'name': 'network-vif-unplugged', 'status': 'completed', 'tag': 'c8d14810-b0c5-4097-a1d6-42a790e35a13', 'code': 200}
2026-07-02 11:19:35.686 10 INFO neutron.wsgi [req-d9763394-1be1-4046-842c-930dcf89304c req-82acff8d-b386-448c-af7e-c57aefc981f6 7a0d84665b1f4a1288833aa07236b752 e5697475b2504714a97ee12d834598e3 - - default default] 199.19.213.141 "DELETE /v2.0/ports/c8d14810-b0c5-4097-a1d6-42a790e35a13 HTTP/1.1" status: 204 len: 173 time: 0.2824912
2026-07-02 11:19:35.785 10 INFO neutron.wsgi [req-d9763394-1be1-4046-842c-930dcf89304c req-ce4e4ebb-1fbe-43c4-8532-131afd0a487d 5e007a168c114cf0992cd5247cb77e21 98bc5b0445ff45cf89441821158b4c60 - - 3dee5ac9e49443bea5daf9f44cd7a7ec 3dee5ac9e49443bea5daf9f44cd7a7ec] 199.19.213.141 "GET /v2.0/ports?tenant_id=e5697475b2504714a97ee12d834598e3&device_id=aba589ac-246a-4a3f-b0d3-cd05dc9f9131 HTTP/1.1" status: 200 len: 2716 time: 0.0484145
2026-07-02 11:19:35.873 10 INFO neutron.wsgi [req-d9763394-1be1-4046-842c-930dcf89304c req-c01174d1-7959-4eca-9c28-4cb1fad244e8 5e007a168c114cf0992cd5247cb77e21 98bc5b0445ff45cf89441821158b4c60 - - 3dee5ac9e49443bea5daf9f44cd7a7ec 3dee5ac9e49443bea5daf9f44cd7a7ec] 199.19.213.141 "GET /v2.0/networks?id=cf4344a0-f62a-446b-a3ad-284252379463&id=01de1f01-f403-457d-85a7-d2721f75e140&id=746e2fad-9601-45f2-8411-da596206b535 HTTP/1.1" status: 200 len: 2519 time: 0.0830145
2026-07-02 11:19:35.910 10 INFO neutron.wsgi [req-d9763394-1be1-4046-842c-930dcf89304c req-c3d5f920-f820-471d-a28e-6f79eb2c4fb0 5e007a168c114cf0992cd5247cb77e21 98bc5b0445ff45cf89441821158b4c60 - - 3dee5ac9e49443bea5daf9f44cd7a7ec 3dee5ac9e49443bea5daf9f44cd7a7ec] 199.19.213.141 "GET /v2.0/floatingips?fixed_ip_address=172.24.3.9&port_id=83857f3e-68e9-480d-8b37-1e09b3743acf HTTP/1.1" status: 200 len: 217 time: 0.0289569
2026-07-02 11:19:35.960 10 INFO neutron.wsgi [req-d9763394-1be1-4046-842c-930dcf89304c req-a8fd9dca-1b49-4a8e-8b8d-a55940626982 5e007a168c114cf0992cd5247cb77e21 98bc5b0445ff45cf89441821158b4c60 - - 3dee5ac9e49443bea5daf9f44cd7a7ec 3dee5ac9e49443bea5daf9f44cd7a7ec] 199.19.213.141 "GET /v2.0/subnets?id=1aca3f3f-7225-4045-b49f-f4f29efbbd9c HTTP/1.1" status: 200 len: 829 time: 0.0416784
2026-07-02 11:19:35.989 10 INFO neutron.wsgi [req-d9763394-1be1-4046-842c-930dcf89304c req-82dcd3bb-c914-42ab-a61a-5ca053eaf066 5e007a168c114cf0992cd5247cb77e21 98bc5b0445ff45cf89441821158b4c60 - - 3dee5ac9e49443bea5daf9f44cd7a7ec 3dee5ac9e49443bea5daf9f44cd7a7ec] 199.19.213.141 "GET /v2.0/ports?network_id=cf4344a0-f62a-446b-a3ad-284252379463&device_owner=network%3Adhcp HTTP/1.1" status: 200 len: 210 time: 0.0228693
2026-07-02 11:19:36.090 10 INFO neutron.wsgi [req-d9763394-1be1-4046-842c-930dcf89304c req-ddf060f5-49f2-4fc8-80a5-514eae542b25 5e007a168c114cf0992cd5247cb77e21 98bc5b0445ff45cf89441821158b4c60 - - 3dee5ac9e49443bea5daf9f44cd7a7ec 3dee5ac9e49443bea5daf9f44cd7a7ec] 199.19.213.141 "GET /v2.0/networks/cf4344a0-f62a-446b-a3ad-284252379463?fields=segments HTTP/1.1" status: 200 len: 212 time: 0.0929196
2026-07-02 11:19:36.190 10 INFO neutron.wsgi [None req-df8ee261-6ee7-4e62-8314-781c9812e764 7a0d84665b1f4a1288833aa07236b752 e5697475b2504714a97ee12d834598e3 - - default default] 199.19.213.141 "GET /v2.0/ports?device_id=aba589ac-246a-4a3f-b0d3-cd05dc9f9131 HTTP/1.1" status: 200 len: 2716 time: 0.0937884
2026-07-02 11:19:36.235 10 INFO neutron.pecan_wsgi.hooks.translation [None req-e263b44c-a739-46d5-9041-73fc5a3d634d 7a0d84665b1f4a1288833aa07236b752 e5697475b2504714a97ee12d834598e3 - - default default] DELETE failed (client error): The resource could not be found.
2026-07-02 11:19:36.239 10 INFO neutron.wsgi [None req-e263b44c-a739-46d5-9041-73fc5a3d634d 7a0d84665b1f4a1288833aa07236b752 e5697475b2504714a97ee12d834598e3 - - default default] 199.19.213.141 "DELETE /v2.0/ports/c8d14810-b0c5-4097-a1d6-42a790e35a13 HTTP/1.1" status: 404 len: 338 time: 0.0355985
2026-07-02 11:19:36.245 10 INFO neutron.wsgi [req-d9763394-1be1-4046-842c-930dcf89304c req-da6fec7f-a751-4830-82a7-5b32ae38d12e 5e007a168c114cf0992cd5247cb77e21 98bc5b0445ff45cf89441821158b4c60 - - 3dee5ac9e49443bea5daf9f44cd7a7ec 3dee5ac9e49443bea5daf9f44cd7a7ec] 199.19.213.141 "GET /v2.0/networks/cf4344a0-f62a-446b-a3ad-284252379463?fields=provider%3Aphysical_network&fields=provider%3Anetwork_type HTTP/1.1" status: 200 len: 277 time: 0.1355481
2026-07-02 11:19:36.285 10 INFO neutron.wsgi [req-d9763394-1be1-4046-842c-930dcf89304c req-12c843c6-f762-4e53-8cd4-40d3c8650ab6 5e007a168c114cf0992cd5247cb77e21 98bc5b0445ff45cf89441821158b4c60 - - 3dee5ac9e49443bea5daf9f44cd7a7ec 3dee5ac9e49443bea5daf9f44cd7a7ec] 199.19.213.141 "GET /v2.0/floatingips?fixed_ip_address=10.1.1.21&port_id=adfa82bb-1a7f-456b-9e52-b5d095d862c1 HTTP/1.1" status: 200 len: 217 time: 0.0323431
2026-07-02 11:19:36.344 10 INFO neutron.wsgi [req-d9763394-1be1-4046-842c-930dcf89304c req-30c6d894-3ee1-4ca5-ab04-4cc35f088577 5e007a168c114cf0992cd5247cb77e21 98bc5b0445ff45cf89441821158b4c60 - - 3dee5ac9e49443bea5daf9f44cd7a7ec 3dee5ac9e49443bea5daf9f44cd7a7ec] 199.19.213.141 "GET /v2.0/subnets?id=b7b3d8b0-c0e1-4e81-823c-a661c93e6d12 HTTP/1.1" status: 200 len: 853 time: 0.0537012
2026-07-02 11:19:36.364 10 INFO neutron.wsgi [None req-9873403d-ea92-4014-bdc6-5fc96e14943a 7a0d84665b1f4a1288833aa07236b752 e5697475b2504714a97ee12d834598e3 - - default default] 199.19.213.141 "GET /v2.0/extensions/security-group HTTP/1.1" status: 200 len: 369 time: 0.0055730
2026-07-02 11:19:36.379 10 INFO neutron.wsgi [req-d9763394-1be1-4046-842c-930dcf89304c req-8b00a1c2-8356-4c4b-bb21-b43ffdf3c381 5e007a168c114cf0992cd5247cb77e21 98bc5b0445ff45cf89441821158b4c60 - - 3dee5ac9e49443bea5daf9f44cd7a7ec 3dee5ac9e49443bea5daf9f44cd7a7ec] 199.19.213.141 "GET /v2.0/ports?network_id=01de1f01-f403-457d-85a7-d2721f75e140&device_owner=network%3Adhcp HTTP/1.1" status: 200 len: 210 time: 0.0306611
2026-07-02 11:19:36.383 10 INFO neutron.wsgi [None req-7a98abc4-d65a-476b-ba8f-451d90ebd482 7a0d84665b1f4a1288833aa07236b752 e5697475b2504714a97ee12d834598e3 - - default default] 199.19.213.141 "GET /v2.0/extensions/dns-integration HTTP/1.1" status: 200 len: 371 time: 0.0069919
2026-07-02 11:19:36.395 10 INFO neutron.wsgi [None req-ac346f73-c3d7-4b79-b10d-d3db8bcac111 7a0d84665b1f4a1288833aa07236b752 e5697475b2504714a97ee12d834598e3 - - default default] 199.19.213.141 "GET /v2.0/extensions/qos HTTP/1.1" status: 200 len: 365 time: 0.0060694
2026-07-02 11:19:36.415 10 INFO neutron.wsgi [None req-d3f80e9a-3d43-4788-b7b0-0962fd818391 7a0d84665b1f4a1288833aa07236b752 e5697475b2504714a97ee12d834598e3 - - default default] 199.19.213.141 "GET /v2.0/extensions/allowed-address-pairs HTTP/1.1" status: 200 len: 383 time: 0.0055418
2026-07-02 11:19:36.426 10 INFO neutron.notifiers.nova [-] Nova event matching ['req-9a808034-0909-4784-b3f9-729b8d9623a8'] response: {'server_uuid': 'aba589ac-246a-4a3f-b0d3-cd05dc9f9131', 'name': 'network-vif-deleted', 'tag': 'c8d14810-b0c5-4097-a1d6-42a790e35a13', 'status': 'completed', 'code': 200}
2026-07-02 11:19:36.476 10 INFO neutron.wsgi [None req-fb31653e-d79b-452d-8fa8-557a95de7e64 7a0d84665b1f4a1288833aa07236b752 e5697475b2504714a97ee12d834598e3 - - default default] 199.19.213.141 "GET /v2.0/subnets/b7b3d8b0-c0e1-4e81-823c-a661c93e6d12 HTTP/1.1" status: 200 len: 850 time: 0.0534754
2026-07-02 11:19:36.521 10 INFO neutron.wsgi [req-d9763394-1be1-4046-842c-930dcf89304c req-b6e22ff6-71ca-445f-9a32-088db4a58edb 5e007a168c114cf0992cd5247cb77e21 98bc5b0445ff45cf89441821158b4c60 - - 3dee5ac9e49443bea5daf9f44cd7a7ec 3dee5ac9e49443bea5daf9f44cd7a7ec] 199.19.213.141 "GET /v2.0/networks/01de1f01-f403-457d-85a7-d2721f75e140?fields=segments HTTP/1.1" status: 200 len: 212 time: 0.1250272
2026-07-02 11:19:36.537 10 INFO neutron.wsgi [None req-0af59299-7996-4270-a4ce-38a03310ce83 7a0d84665b1f4a1288833aa07236b752 e5697475b2504714a97ee12d834598e3 - - default default] 199.19.213.141 "GET /v2.0/ports/e7fff5aa-b758-42d5-ab95-ed5e5d908a11 HTTP/1.1" status: 200 len: 1340 time: 0.0533078
2026-07-02 11:19:36.611 10 INFO neutron.wsgi [None req-bf10c24c-af54-43d8-926d-b4c551a78ea3 7a0d84665b1f4a1288833aa07236b752 e5697475b2504714a97ee12d834598e3 - - default default] 199.19.213.141 "GET /v2.0/ports/adfa82bb-1a7f-456b-9e52-b5d095d862c1 HTTP/1.1" status: 200 len: 1515 time: 0.0655916
2026-07-02 11:19:36.656 10 INFO neutron.wsgi [req-d9763394-1be1-4046-842c-930dcf89304c req-74294f06-c94e-4068-aaaa-988a18e40df4 5e007a168c114cf0992cd5247cb77e21 98bc5b0445ff45cf89441821158b4c60 - - 3dee5ac9e49443bea5daf9f44cd7a7ec 3dee5ac9e49443bea5daf9f44cd7a7ec] 199.19.213.141 "GET /v2.0/networks/01de1f01-f403-457d-85a7-d2721f75e140?fields=provider%3Aphysical_network&fields=provider%3Anetwork_type HTTP/1.1" status: 200 len: 277 time: 0.1244669
2026-07-02 11:19:36.667 10 INFO neutron.wsgi [None req-e14d608e-d122-437e-a81b-262936b28616 7a0d84665b1f4a1288833aa07236b752 e5697475b2504714a97ee12d834598e3 - - default default] 199.19.213.141 "GET /v2.0/subnets/b7b3d8b0-c0e1-4e81-823c-a661c93e6d12 HTTP/1.1" status: 200 len: 850 time: 0.0443814
2026-07-02 11:19:36.749 10 INFO neutron.wsgi [None req-1eb24ac9-624d-4dc8-92c8-6e82716222b7 7a0d84665b1f4a1288833aa07236b752 e5697475b2504714a97ee12d834598e3 - - default default] 199.19.213.141 "GET /v2.0/networks/01de1f01-f403-457d-85a7-d2721f75e140 HTTP/1.1" status: 200 len: 1001 time: 0.0759177
2026-07-02 11:19:36.796 10 INFO neutron.wsgi [None req-2587837b-3f3e-481c-bcc5-01dab17aa2ea 7a0d84665b1f4a1288833aa07236b752 e5697475b2504714a97ee12d834598e3 - - default default] 199.19.213.141 "GET /v2.0/ports/e7fff5aa-b758-42d5-ab95-ed5e5d908a11 HTTP/1.1" status: 200 len: 1340 time: 0.0378168
2026-07-02 11:19:36.849 10 INFO neutron.wsgi [None req-9c6c9cf9-a82d-44d6-ba8f-cb3b3931dc15 7a0d84665b1f4a1288833aa07236b752 e5697475b2504714a97ee12d834598e3 - - default default] 199.19.213.141 "GET /v2.0/subnets/b7b3d8b0-c0e1-4e81-823c-a661c93e6d12 HTTP/1.1" status: 200 len: 850 time: 0.0452497
2026-07-02 11:19:37.535 9 INFO neutron.notifiers.nova [-] Nova event matching ['req-7ac529de-9d48-4865-a7f8-eb65421b66f0'] response: {'server_uuid': 'aba589ac-246a-4a3f-b0d3-cd05dc9f9131', 'name': 'network-vif-plugged', 'status': 'completed', 'tag': 'c8d14810-b0c5-4097-a1d6-42a790e35a13', 'code': 200}
2026-07-02 11:19:44.743 9 INFO neutron.wsgi [-] 10.0.0.127 "GET / HTTP/1.1" status: 200 len: 247 time: 0.0033498
2026-07-02 11:19:44.743 10 INFO neutron.wsgi [-] 10.0.0.127 "GET / HTTP/1.1" status: 200 len: 247 time: 0.0033541
2026-07-02 11:19:48.026 10 INFO neutron.wsgi [None req-9940647c-2641-43ef-9c5d-f95e8dbcf205 7a0d84665b1f4a1288833aa07236b752 e5697475b2504714a97ee12d834598e3 - - default default] 199.19.213.141 "GET /v2.0/extensions/security-group HTTP/1.1" status: 200 len: 369 time: 0.0088520
2026-07-02 11:19:48.038 10 INFO neutron.wsgi [None req-12bb921c-3a46-4a56-87a1-a4ce2c033181 7a0d84665b1f4a1288833aa07236b752 e5697475b2504714a97ee12d834598e3 - - default default] 199.19.213.141 "GET /v2.0/extensions/dns-integration HTTP/1.1" status: 200 len: 371 time: 0.0052495
2026-07-02 11:19:48.053 10 INFO neutron.wsgi [None req-52036cb1-8eb5-47a6-964f-7e9787cc272b 7a0d84665b1f4a1288833aa07236b752 e5697475b2504714a97ee12d834598e3 - - default default] 199.19.213.141 "GET /v2.0/extensions/qos HTTP/1.1" status: 200 len: 365 time: 0.0104177
2026-07-02 11:19:48.069 10 INFO neutron.wsgi [None req-94463ad7-37dc-4993-839c-689dedaf25b1 7a0d84665b1f4a1288833aa07236b752 e5697475b2504714a97ee12d834598e3 - - default default] 199.19.213.141 "GET /v2.0/extensions/allowed-address-pairs HTTP/1.1" status: 200 len: 383 time: 0.0096304
2026-07-02 11:19:48.093 10 INFO neutron.api.v2.resource [None req-328a139d-e2d4-4bfd-ae0a-8686d63f41ee 7a0d84665b1f4a1288833aa07236b752 e5697475b2504714a97ee12d834598e3 - - default default] show failed (client error): The resource could not be found.
2026-07-02 11:19:48.095 10 INFO neutron.wsgi [None req-328a139d-e2d4-4bfd-ae0a-8686d63f41ee 7a0d84665b1f4a1288833aa07236b752 e5697475b2504714a97ee12d834598e3 - - default default] 199.19.213.141 "GET /v2.0/security-groups/lb-38b81be4-861c-4935-890f-0dea22151a40 HTTP/1.1" status: 404 len: 355 time: 0.0181954
2026-07-02 11:19:48.154 10 INFO neutron.wsgi [None req-917a7c8f-ed4e-44e0-9e10-37412f5f4426 7a0d84665b1f4a1288833aa07236b752 e5697475b2504714a97ee12d834598e3 - - default default] 199.19.213.141 "GET /v2.0/security-groups?name=lb-38b81be4-861c-4935-890f-0dea22151a40 HTTP/1.1" status: 200 len: 2939 time: 0.0533690
2026-07-02 11:19:48.204 10 INFO neutron.wsgi [None req-f13fe9e5-c64f-4a48-80b6-c0dbdb195059 7a0d84665b1f4a1288833aa07236b752 e5697475b2504714a97ee12d834598e3 - - default default] 199.19.213.141 "GET /v2.0/security-group-rules?security_group_id=4a528a95-e020-4a07-af0b-71f7f6c89363 HTTP/1.1" status: 200 len: 2406 time: 0.0437412
2026-07-02 11:19:48.342 10 INFO neutron.wsgi [None req-4df5c15f-0252-446e-9b62-e73a1eef8a57 7a0d84665b1f4a1288833aa07236b752 e5697475b2504714a97ee12d834598e3 - - default default] 199.19.213.141 "DELETE /v2.0/security-group-rules/4b4873a4-4ace-4c33-a867-7e8115ca7488 HTTP/1.1" status: 204 len: 173 time: 0.1225383
2026-07-02 11:19:48.489 10 INFO neutron.wsgi [None req-4adde452-b030-4490-94d8-9e1c1af55049 7a0d84665b1f4a1288833aa07236b752 e5697475b2504714a97ee12d834598e3 - - default default] 199.19.213.141 "DELETE /v2.0/security-group-rules/95a2abc0-ef23-4084-bfc2-cd1ab02143ec HTTP/1.1" status: 204 len: 173 time: 0.1391990
2026-07-02 11:19:52.196 10 INFO neutron.db.l3_db [None req-c9f86357-df3b-4ab8-b3cc-0a12b54a0d63 49bbfea4ad2f461489106c0b8b913bd7 98ec112854d4458798efd6c8b4ee493b - - default default] Floating IP 8a7758a1-e264-4f7e-8a27-19576c8db05d disassociated (deleted). External IP: 10.96.250.209, port: e7fff5aa-b758-42d5-ab95-ed5e5d908a11.
2026-07-02 11:19:52.317 10 INFO neutron.wsgi [None req-c9f86357-df3b-4ab8-b3cc-0a12b54a0d63 49bbfea4ad2f461489106c0b8b913bd7 98ec112854d4458798efd6c8b4ee493b - - default default] 10.0.0.226 "DELETE /v2.0/floatingips/8a7758a1-e264-4f7e-8a27-19576c8db05d HTTP/1.1" status: 204 len: 168 time: 0.6280220 /var/lib/openstack/lib/python3.10/site-packages/pycadf/identifier.py:71: UserWarning: Invalid uuid: neutron. To ensure interoperability, identifiers should be a valid uuid. warnings.warn(('Invalid uuid: %s. To ensure interoperability, '
2026-07-02 11:19:52.350 10 INFO neutron.api.v2.resource [None req-bc10a5a1-2948-4222-aa59-40c9450e65f5 49bbfea4ad2f461489106c0b8b913bd7 98ec112854d4458798efd6c8b4ee493b - - default default] show failed (client error): The resource could not be found.
2026-07-02 11:19:52.351 10 INFO neutron.wsgi [None req-bc10a5a1-2948-4222-aa59-40c9450e65f5 49bbfea4ad2f461489106c0b8b913bd7 98ec112854d4458798efd6c8b4ee493b - - default default] 10.0.0.226 "GET /v2.0/floatingips/8a7758a1-e264-4f7e-8a27-19576c8db05d HTTP/1.1" status: 404 len: 345 time: 0.0289679
2026-07-02 11:19:53.328 9 INFO neutron.wsgi [None req-d382c0a7-0d18-4974-b968-0933f0f56b19 7a0d84665b1f4a1288833aa07236b752 e5697475b2504714a97ee12d834598e3 - - default default] 199.19.213.141 "GET /v2.0/extensions/security-group HTTP/1.1" status: 200 len: 369 time: 0.0072100
2026-07-02 11:19:53.335 9 INFO neutron.wsgi [None req-d6ec086c-0b53-48be-9fa2-77b8069e8cdb 7a0d84665b1f4a1288833aa07236b752 e5697475b2504714a97ee12d834598e3 - - default default] 199.19.213.141 "GET /v2.0/extensions/dns-integration HTTP/1.1" status: 200 len: 371 time: 0.0040762
2026-07-02 11:19:53.346 9 INFO neutron.wsgi [None req-1a832656-8c0d-4622-927d-c7b3245dbae3 7a0d84665b1f4a1288833aa07236b752 e5697475b2504714a97ee12d834598e3 - - default default] 199.19.213.141 "GET /v2.0/extensions/qos HTTP/1.1" status: 200 len: 365 time: 0.0064094
2026-07-02 11:19:53.357 9 INFO neutron.wsgi [None req-082ba23b-25f3-403d-894c-287da07f77da 7a0d84665b1f4a1288833aa07236b752 e5697475b2504714a97ee12d834598e3 - - default default] 199.19.213.141 "GET /v2.0/extensions/allowed-address-pairs HTTP/1.1" status: 200 len: 383 time: 0.0062156
2026-07-02 11:19:53.408 9 INFO neutron.wsgi [None req-e48a6a63-b9f1-405e-ab37-76ff6945f4f3 7a0d84665b1f4a1288833aa07236b752 e5697475b2504714a97ee12d834598e3 - - default default] 199.19.213.141 "GET /v2.0/subnets/b7b3d8b0-c0e1-4e81-823c-a661c93e6d12 HTTP/1.1" status: 200 len: 850 time: 0.0454907
2026-07-02 11:19:53.466 9 INFO neutron.wsgi [None req-88ba8eeb-ef13-4711-a999-544f0c3b728f 7a0d84665b1f4a1288833aa07236b752 e5697475b2504714a97ee12d834598e3 - - default default] 199.19.213.141 "GET /v2.0/ports?device_id=aba589ac-246a-4a3f-b0d3-cd05dc9f9131 HTTP/1.1" status: 200 len: 2716 time: 0.0512965
2026-07-02 11:19:53.528 9 INFO neutron.wsgi [None req-1ef4ccaf-5a5e-46ba-a6e9-e03731e8cc57 7a0d84665b1f4a1288833aa07236b752 e5697475b2504714a97ee12d834598e3 - - default default] 199.19.213.141 "GET /v2.0/ports?device_id=aba589ac-246a-4a3f-b0d3-cd05dc9f9131 HTTP/1.1" status: 200 len: 2716 time: 0.0542712
2026-07-02 11:19:53.631 9 INFO neutron.wsgi [None req-01cd086d-42bc-4267-887e-9a703d30d299 7a0d84665b1f4a1288833aa07236b752 e5697475b2504714a97ee12d834598e3 - - default default] 199.19.213.141 "GET /v2.0/ports?device_id=aba589ac-246a-4a3f-b0d3-cd05dc9f9131 HTTP/1.1" status: 200 len: 2716 time: 0.0374069
2026-07-02 11:19:53.902 10 INFO neutron.plugins.ml2.drivers.ovn.mech_driver.mech_driver [None req-ea9a8882-9117-4139-94f2-b1bc3ff8c035 - - - - - -] OVN reports status down for port: adfa82bb-1a7f-456b-9e52-b5d095d862c1
2026-07-02 11:19:53.929 9 INFO neutron.plugins.ml2.drivers.ovn.mech_driver.mech_driver [None req-f0f4474f-9443-442f-977a-be7ca271417b - - - - - -] OVN reports status down for port: e7fff5aa-b758-42d5-ab95-ed5e5d908a11
2026-07-02 11:19:54.014 10 INFO neutron.wsgi [req-27bda455-2d6b-4c6c-b1db-bf23835b722e req-4cc1124e-e8bc-4ed2-b5ea-dbf510a61411 5e007a168c114cf0992cd5247cb77e21 98bc5b0445ff45cf89441821158b4c60 - - 3dee5ac9e49443bea5daf9f44cd7a7ec 3dee5ac9e49443bea5daf9f44cd7a7ec] 199.19.213.141 "GET /v2.0/ports/adfa82bb-1a7f-456b-9e52-b5d095d862c1 HTTP/1.1" status: 200 len: 1515 time: 0.0535145
2026-07-02 11:19:54.096 10 INFO neutron.wsgi [req-27bda455-2d6b-4c6c-b1db-bf23835b722e req-44e8be6e-06e7-4a30-943d-36725b3dfeba 7a0d84665b1f4a1288833aa07236b752 e5697475b2504714a97ee12d834598e3 - - default default] 199.19.213.141 "GET /v2.0/ports/adfa82bb-1a7f-456b-9e52-b5d095d862c1?fields=binding%3Aprofile&fields=network_id HTTP/1.1" status: 200 len: 281 time: 0.0726130
2026-07-02 11:19:54.098 10 INFO neutron.notifiers.nova [-] Nova event matching ['req-38890f50-75db-4d07-8419-06e00319cf36'] response: {'server_uuid': 'aba589ac-246a-4a3f-b0d3-cd05dc9f9131', 'name': 'network-vif-unplugged', 'status': 'completed', 'tag': 'adfa82bb-1a7f-456b-9e52-b5d095d862c1', 'code': 200}
2026-07-02 11:19:54.101 9 INFO neutron.db.ovn_revision_numbers_db [None req-436d797e-82c1-4c69-8bab-93027c73f85e - - - - - -] Successfully bumped revision number for resource e7fff5aa-b758-42d5-ab95-ed5e5d908a11 (type: ports) to 6
2026-07-02 11:19:54.199 10 INFO neutron.wsgi [req-27bda455-2d6b-4c6c-b1db-bf23835b722e req-be03b701-e0a4-46d7-8b59-11c2cdecd382 7a0d84665b1f4a1288833aa07236b752 e5697475b2504714a97ee12d834598e3 - - default default] 199.19.213.141 "GET /v2.0/networks/01de1f01-f403-457d-85a7-d2721f75e140?fields=dns_domain HTTP/1.1" status: 200 len: 227 time: 0.0938735
2026-07-02 11:19:54.358 10 INFO neutron.db.ovn_revision_numbers_db [None req-ea9a8882-9117-4139-94f2-b1bc3ff8c035 - - - - - -] Successfully bumped revision number for resource adfa82bb-1a7f-456b-9e52-b5d095d862c1 (type: ports) to 7
2026-07-02 11:19:54.689 9 INFO neutron.wsgi [None req-8f70521a-5a38-4709-bb6f-faaa2130cf57 7a0d84665b1f4a1288833aa07236b752 e5697475b2504714a97ee12d834598e3 - - default default] 199.19.213.141 "GET /v2.0/ports?device_id=aba589ac-246a-4a3f-b0d3-cd05dc9f9131 HTTP/1.1" status: 200 len: 1409 time: 0.0466721
2026-07-02 11:19:54.970 10 INFO neutron.db.ovn_revision_numbers_db [req-27bda455-2d6b-4c6c-b1db-bf23835b722e req-0c6dbaeb-2cae-4f26-b7b5-b4a6205d951f 5e007a168c114cf0992cd5247cb77e21 98bc5b0445ff45cf89441821158b4c60 - - 3dee5ac9e49443bea5daf9f44cd7a7ec 3dee5ac9e49443bea5daf9f44cd7a7ec] Successfully bumped revision number for resource adfa82bb-1a7f-456b-9e52-b5d095d862c1 (type: ports) to 8
2026-07-02 11:19:54.990 10 INFO neutron.wsgi [req-27bda455-2d6b-4c6c-b1db-bf23835b722e req-0c6dbaeb-2cae-4f26-b7b5-b4a6205d951f 5e007a168c114cf0992cd5247cb77e21 98bc5b0445ff45cf89441821158b4c60 - - 3dee5ac9e49443bea5daf9f44cd7a7ec 3dee5ac9e49443bea5daf9f44cd7a7ec] 199.19.213.141 "PUT /v2.0/ports/adfa82bb-1a7f-456b-9e52-b5d095d862c1 HTTP/1.1" status: 200 len: 1347 time: 0.7820520 /var/lib/openstack/lib/python3.10/site-packages/pycadf/identifier.py:71: UserWarning: Invalid uuid: neutron. To ensure interoperability, identifiers should be a valid uuid. warnings.warn(('Invalid uuid: %s. To ensure interoperability, '
2026-07-02 11:19:55.108 10 INFO neutron.wsgi [req-27bda455-2d6b-4c6c-b1db-bf23835b722e req-a1eab797-88f8-4118-9a5f-0500932b6740 5e007a168c114cf0992cd5247cb77e21 98bc5b0445ff45cf89441821158b4c60 - - 3dee5ac9e49443bea5daf9f44cd7a7ec 3dee5ac9e49443bea5daf9f44cd7a7ec] 199.19.213.141 "GET /v2.0/ports?tenant_id=e5697475b2504714a97ee12d834598e3&device_id=aba589ac-246a-4a3f-b0d3-cd05dc9f9131 HTTP/1.1" status: 200 len: 1409 time: 0.0591011
2026-07-02 11:19:55.164 9 INFO neutron.db.ovn_revision_numbers_db [None req-80584f90-0653-4fb2-bfc1-39a880814bdb 7a0d84665b1f4a1288833aa07236b752 e5697475b2504714a97ee12d834598e3 - - default default] Successfully bumped revision number for resource adfa82bb-1a7f-456b-9e52-b5d095d862c1 (type: ports) to 9
2026-07-02 11:19:55.187 10 INFO neutron.wsgi [req-27bda455-2d6b-4c6c-b1db-bf23835b722e req-0963c46d-8d1e-4cd7-88c9-1fc7fbb8879e 5e007a168c114cf0992cd5247cb77e21 98bc5b0445ff45cf89441821158b4c60 - - 3dee5ac9e49443bea5daf9f44cd7a7ec 3dee5ac9e49443bea5daf9f44cd7a7ec] 199.19.213.141 "GET /v2.0/networks?id=cf4344a0-f62a-446b-a3ad-284252379463&id=01de1f01-f403-457d-85a7-d2721f75e140 HTTP/1.1" status: 200 len: 1729 time: 0.0727327
2026-07-02 11:19:55.189 9 INFO neutron.wsgi [None req-80584f90-0653-4fb2-bfc1-39a880814bdb 7a0d84665b1f4a1288833aa07236b752 e5697475b2504714a97ee12d834598e3 - - default default] 199.19.213.141 "PUT /v2.0/ports/adfa82bb-1a7f-456b-9e52-b5d095d862c1 HTTP/1.1" status: 200 len: 1286 time: 0.4903774 /var/lib/openstack/lib/python3.10/site-packages/pycadf/identifier.py:71: UserWarning: Invalid uuid: neutron. To ensure interoperability, identifiers should be a valid uuid. warnings.warn(('Invalid uuid: %s. To ensure interoperability, '
2026-07-02 11:19:55.219 10 INFO neutron.wsgi [req-27bda455-2d6b-4c6c-b1db-bf23835b722e req-e9915cc9-2040-4a94-9357-63bd75145120 5e007a168c114cf0992cd5247cb77e21 98bc5b0445ff45cf89441821158b4c60 - - 3dee5ac9e49443bea5daf9f44cd7a7ec 3dee5ac9e49443bea5daf9f44cd7a7ec] 199.19.213.141 "GET /v2.0/floatingips?fixed_ip_address=172.24.3.9&port_id=83857f3e-68e9-480d-8b37-1e09b3743acf HTTP/1.1" status: 200 len: 217 time: 0.0235476
2026-07-02 11:19:55.246 9 INFO neutron.wsgi [None req-48ecaa64-c716-4b51-a763-13a48ec06479 7a0d84665b1f4a1288833aa07236b752 e5697475b2504714a97ee12d834598e3 - - default default] 199.19.213.141 "GET /v2.0/ports/adfa82bb-1a7f-456b-9e52-b5d095d862c1 HTTP/1.1" status: 200 len: 1286 time: 0.0455933
2026-07-02 11:19:55.258 10 INFO neutron.wsgi [req-27bda455-2d6b-4c6c-b1db-bf23835b722e req-af26ab24-826a-4124-98ef-9be3e90658cc 5e007a168c114cf0992cd5247cb77e21 98bc5b0445ff45cf89441821158b4c60 - - 3dee5ac9e49443bea5daf9f44cd7a7ec 3dee5ac9e49443bea5daf9f44cd7a7ec] 199.19.213.141 "GET /v2.0/subnets?id=1aca3f3f-7225-4045-b49f-f4f29efbbd9c HTTP/1.1" status: 200 len: 829 time: 0.0348716
2026-07-02 11:19:55.289 10 INFO neutron.wsgi [req-27bda455-2d6b-4c6c-b1db-bf23835b722e req-bc76e91c-09f8-430a-aace-f95041b7527e 5e007a168c114cf0992cd5247cb77e21 98bc5b0445ff45cf89441821158b4c60 - - 3dee5ac9e49443bea5daf9f44cd7a7ec 3dee5ac9e49443bea5daf9f44cd7a7ec] 199.19.213.141 "GET /v2.0/ports?network_id=cf4344a0-f62a-446b-a3ad-284252379463&device_owner=network%3Adhcp HTTP/1.1" status: 200 len: 210 time: 0.0246906
2026-07-02 11:19:55.303 9 INFO neutron.db.ovn_revision_numbers_db [None req-436d797e-82c1-4c69-8bab-93027c73f85e - - - - - -] Successfully bumped revision number for resource e7fff5aa-b758-42d5-ab95-ed5e5d908a11 (type: ports) to 8
2026-07-02 11:19:55.361 10 INFO neutron.wsgi [req-27bda455-2d6b-4c6c-b1db-bf23835b722e req-42ef26ce-1334-4662-bd7d-7ba1eb8682f5 5e007a168c114cf0992cd5247cb77e21 98bc5b0445ff45cf89441821158b4c60 - - 3dee5ac9e49443bea5daf9f44cd7a7ec 3dee5ac9e49443bea5daf9f44cd7a7ec] 199.19.213.141 "GET /v2.0/networks/cf4344a0-f62a-446b-a3ad-284252379463?fields=segments HTTP/1.1" status: 200 len: 212 time: 0.0636945
2026-07-02 11:19:55.437 10 INFO neutron.wsgi [req-27bda455-2d6b-4c6c-b1db-bf23835b722e req-b187165b-1da6-40df-a52e-a8cfe004d7ee 5e007a168c114cf0992cd5247cb77e21 98bc5b0445ff45cf89441821158b4c60 - - 3dee5ac9e49443bea5daf9f44cd7a7ec 3dee5ac9e49443bea5daf9f44cd7a7ec] 199.19.213.141 "GET /v2.0/networks/cf4344a0-f62a-446b-a3ad-284252379463?fields=provider%3Aphysical_network&fields=provider%3Anetwork_type HTTP/1.1" status: 200 len: 277 time: 0.0695846
2026-07-02 11:19:55.656 9 INFO neutron.wsgi [None req-4c6d18a9-4ef3-4d75-8785-dff54e6a16f7 7a0d84665b1f4a1288833aa07236b752 e5697475b2504714a97ee12d834598e3 - - default default] 199.19.213.141 "DELETE /v2.0/ports/adfa82bb-1a7f-456b-9e52-b5d095d862c1 HTTP/1.1" status: 204 len: 173 time: 0.4036629
2026-07-02 11:19:55.807 9 INFO neutron.wsgi [None req-686fcb6d-9b8e-430e-bda9-664901c1308d 7a0d84665b1f4a1288833aa07236b752 e5697475b2504714a97ee12d834598e3 - - default default] 199.19.213.141 "GET /v2.0/extensions/security-group HTTP/1.1" status: 200 len: 369 time: 0.0087388
2026-07-02 11:19:55.818 9 INFO neutron.wsgi [None req-2c02301f-a500-46f4-8e3a-771aa3494750 7a0d84665b1f4a1288833aa07236b752 e5697475b2504714a97ee12d834598e3 - - default default] 199.19.213.141 "GET /v2.0/extensions/dns-integration HTTP/1.1" status: 200 len: 371 time: 0.0043468
2026-07-02 11:19:55.826 9 INFO neutron.wsgi [None req-8bfeead3-059e-48a8-b523-0e0378400a1d 7a0d84665b1f4a1288833aa07236b752 e5697475b2504714a97ee12d834598e3 - - default default] 199.19.213.141 "GET /v2.0/extensions/qos HTTP/1.1" status: 200 len: 365 time: 0.0052791
2026-07-02 11:19:55.838 9 INFO neutron.wsgi [None req-9ab64e32-c110-424e-9755-5fd3a491a10e 7a0d84665b1f4a1288833aa07236b752 e5697475b2504714a97ee12d834598e3 - - default default] 199.19.213.141 "GET /v2.0/extensions/allowed-address-pairs HTTP/1.1" status: 200 len: 383 time: 0.0057406
2026-07-02 11:19:55.863 9 INFO neutron.pecan_wsgi.hooks.translation [None req-b793e483-6f40-49b5-87fe-7eb32ec1bc5e 7a0d84665b1f4a1288833aa07236b752 e5697475b2504714a97ee12d834598e3 - - default default] DELETE failed (client error): The resource could not be found.
2026-07-02 11:19:55.866 9 INFO neutron.wsgi [None req-b793e483-6f40-49b5-87fe-7eb32ec1bc5e 7a0d84665b1f4a1288833aa07236b752 e5697475b2504714a97ee12d834598e3 - - default default] 199.19.213.141 "DELETE /v2.0/ports/adfa82bb-1a7f-456b-9e52-b5d095d862c1 HTTP/1.1" status: 404 len: 338 time: 0.0219841
2026-07-02 11:19:55.911 9 INFO neutron.wsgi [None req-25a05554-c3ab-4d56-9cbb-5c8b955f43a7 7a0d84665b1f4a1288833aa07236b752 e5697475b2504714a97ee12d834598e3 - - default default] 199.19.213.141 "GET /v2.0/ports/e7fff5aa-b758-42d5-ab95-ed5e5d908a11 HTTP/1.1" status: 200 len: 1332 time: 0.0372322
2026-07-02 11:19:55.930 9 INFO neutron.api.v2.resource [None req-ac678cab-cb75-4fd9-9743-da607b0a1cb3 7a0d84665b1f4a1288833aa07236b752 e5697475b2504714a97ee12d834598e3 - - default default] show failed (client error): The resource could not be found.
2026-07-02 11:19:55.931 9 INFO neutron.wsgi [None req-ac678cab-cb75-4fd9-9743-da607b0a1cb3 7a0d84665b1f4a1288833aa07236b752 e5697475b2504714a97ee12d834598e3 - - default default] 199.19.213.141 "GET /v2.0/security-groups/lb-38b81be4-861c-4935-890f-0dea22151a40 HTTP/1.1" status: 404 len: 355 time: 0.0108328
2026-07-02 11:19:55.987 9 INFO neutron.wsgi [None req-73e5ba52-6c4f-47c0-9982-67a582308597 7a0d84665b1f4a1288833aa07236b752 e5697475b2504714a97ee12d834598e3 - - default default] 199.19.213.141 "GET /v2.0/security-groups?name=lb-38b81be4-861c-4935-890f-0dea22151a40 HTTP/1.1" status: 200 len: 1775 time: 0.0529704
2026-07-02 11:19:56.040 9 INFO neutron.wsgi [None req-8f1ca13e-ff51-4fdf-ac91-174374a0d9c3 7a0d84665b1f4a1288833aa07236b752 e5697475b2504714a97ee12d834598e3 - - default default] 199.19.213.141 "GET /v2.0/ports/e7fff5aa-b758-42d5-ab95-ed5e5d908a11 HTTP/1.1" status: 200 len: 1332 time: 0.0442564
2026-07-02 11:19:56.141 10 INFO neutron.notifiers.nova [-] Nova event matching ['req-b5c3b979-8549-4810-ac2d-d3c1a45344ef'] response: {'server_uuid': 'aba589ac-246a-4a3f-b0d3-cd05dc9f9131', 'name': 'network-vif-plugged', 'status': 'completed', 'tag': 'adfa82bb-1a7f-456b-9e52-b5d095d862c1', 'code': 200}
2026-07-02 11:19:56.444 9 INFO neutron.db.ovn_revision_numbers_db [None req-6c7568d6-9941-4ae8-b3a4-ed7a7ff9469f 7a0d84665b1f4a1288833aa07236b752 e5697475b2504714a97ee12d834598e3 - - default default] Successfully bumped revision number for resource e7fff5aa-b758-42d5-ab95-ed5e5d908a11 (type: ports) to 9
2026-07-02 11:19:56.467 9 INFO neutron.wsgi [None req-6c7568d6-9941-4ae8-b3a4-ed7a7ff9469f 7a0d84665b1f4a1288833aa07236b752 e5697475b2504714a97ee12d834598e3 - - default default] 199.19.213.141 "PUT /v2.0/ports/e7fff5aa-b758-42d5-ab95-ed5e5d908a11 HTTP/1.1" status: 200 len: 1294 time: 0.4195809
2026-07-02 11:19:56.589 9 INFO neutron.wsgi [None req-26f7ca60-2424-49e6-9061-ad1ac3e14874 7a0d84665b1f4a1288833aa07236b752 e5697475b2504714a97ee12d834598e3 - - default default] 199.19.213.141 "DELETE /v2.0/security-groups/4a528a95-e020-4a07-af0b-71f7f6c89363 HTTP/1.1" status: 204 len: 173 time: 0.1132479
2026-07-02 11:19:57.002 9 INFO neutron.wsgi [None req-d58c09b5-c43f-4d4d-9db4-b9e9bc570516 7a0d84665b1f4a1288833aa07236b752 e5697475b2504714a97ee12d834598e3 - - default default] 199.19.213.141 "DELETE /v2.0/ports/e7fff5aa-b758-42d5-ab95-ed5e5d908a11 HTTP/1.1" status: 204 len: 173 time: 0.4072018
2026-07-02 11:19:57.431 9 INFO neutron.plugins.ml2.drivers.ovn.mech_driver.mech_driver [None req-f0f4474f-9443-442f-977a-be7ca271417b - - - - - -] OVN reports status down for port: 83857f3e-68e9-480d-8b37-1e09b3743acf
2026-07-02 11:19:57.597 9 INFO neutron.notifiers.nova [-] Nova event matching ['req-c1e6e2fc-9d0c-44d4-a8eb-d3f3e2bc1b89'] response: {'server_uuid': 'aba589ac-246a-4a3f-b0d3-cd05dc9f9131', 'name': 'network-vif-unplugged', 'status': 'completed', 'tag': '83857f3e-68e9-480d-8b37-1e09b3743acf', 'code': 200}
2026-07-02 11:19:57.735 10 INFO neutron.wsgi [req-4a6de585-91f0-4c17-bf00-1bf3ff4f290d req-7b86781a-5206-4bc2-82a6-9dd021557bff 7a0d84665b1f4a1288833aa07236b752 e5697475b2504714a97ee12d834598e3 - - default default] 199.19.213.141 "GET /v2.0/ports?device_id=aba589ac-246a-4a3f-b0d3-cd05dc9f9131 HTTP/1.1" status: 200 len: 1407 time: 0.0426173
2026-07-02 11:19:57.796 9 INFO neutron.db.ovn_revision_numbers_db [None req-f0f4474f-9443-442f-977a-be7ca271417b - - - - - -] Successfully bumped revision number for resource 83857f3e-68e9-480d-8b37-1e09b3743acf (type: ports) to 5
2026-07-02 11:19:58.089 10 INFO neutron.wsgi [req-4a6de585-91f0-4c17-bf00-1bf3ff4f290d req-8f46ac0d-0edc-44bf-873d-6f433a160585 7a0d84665b1f4a1288833aa07236b752 e5697475b2504714a97ee12d834598e3 - - default default] 199.19.213.141 "DELETE /v2.0/ports/83857f3e-68e9-480d-8b37-1e09b3743acf HTTP/1.1" status: 204 len: 173 time: 0.3483155
2026-07-02 11:19:58.180 10 INFO neutron.notifiers.nova [-] Nova event matching ['req-0e6d55e6-cdba-4b7d-99a8-65470ccc87d6'] response: {'server_uuid': 'aba589ac-246a-4a3f-b0d3-cd05dc9f9131', 'name': 'network-vif-deleted', 'tag': '83857f3e-68e9-480d-8b37-1e09b3743acf', 'status': 'completed', 'code': 200}
2026-07-02 11:19:59.661 9 INFO neutron.notifiers.nova [-] Nova event matching ['req-e88ed3e7-63c1-4054-9e85-397ac76418ba'] response: {'server_uuid': 'aba589ac-246a-4a3f-b0d3-cd05dc9f9131', 'name': 'network-vif-plugged', 'status': 'completed', 'tag': '83857f3e-68e9-480d-8b37-1e09b3743acf', 'code': 200}
2026-07-02 11:19:59.741 9 INFO neutron.wsgi [-] 10.0.0.127 "GET / HTTP/1.1" status: 200 len: 247 time: 0.0017638
2026-07-02 11:19:59.746 9 INFO neutron.wsgi [-] 10.0.0.127 "GET / HTTP/1.1" status: 200 len: 247 time: 0.0023372
2026-07-02 11:19:59.829 10 INFO neutron.wsgi [None req-a7370f2b-34a4-46be-ae0f-867f3cb93b8f 7a0d84665b1f4a1288833aa07236b752 e5697475b2504714a97ee12d834598e3 - - default default] 10.0.0.188 "GET /v2.0/routers HTTP/1.1" status: 200 len: 849 time: 0.1591458
2026-07-02 11:19:59.853 10 INFO neutron.wsgi [None req-0f5234bd-2e4a-40ce-9f81-bc8ecaf4c805 7a0d84665b1f4a1288833aa07236b752 e5697475b2504714a97ee12d834598e3 - - default default] 10.0.0.188 "GET /v2.0/agents?binary=ovn-controller HTTP/1.1" status: 200 len: 591 time: 0.0235186
2026-07-02 11:19:59.870 10 INFO neutron.wsgi [None req-c6bb2dbb-9c6e-4e16-a54a-43a60cd24923 7a0d84665b1f4a1288833aa07236b752 e5697475b2504714a97ee12d834598e3 - - default default] 10.0.0.188 "GET /v2.0/network-ip-availabilities HTTP/1.1" status: 200 len: 3362 time: 0.0162208
2026-07-02 11:19:59.914 10 INFO neutron.wsgi [None req-6d5b727f-bda0-4332-ab8a-904e86ca81fc 7a0d84665b1f4a1288833aa07236b752 e5697475b2504714a97ee12d834598e3 - - default default] 10.0.0.188 "GET /v2.0/subnets HTTP/1.1" status: 200 len: 5496 time: 0.0426054
2026-07-02 11:19:59.925 10 INFO neutron.wsgi [None req-2b3731f8-bddb-4cf2-8ce5-88b4854c02fa 7a0d84665b1f4a1288833aa07236b752 e5697475b2504714a97ee12d834598e3 - - default default] 10.0.0.188 "GET /v2.0/subnetpools HTTP/1.1" status: 200 len: 193 time: 0.0095613
2026-07-02 11:19:59.937 10 INFO neutron.wsgi [None req-edfa6131-bd1f-47c6-9fe2-412096e9194b 7a0d84665b1f4a1288833aa07236b752 e5697475b2504714a97ee12d834598e3 - - default default] 10.0.0.188 "GET /v2.0/agents HTTP/1.1" status: 200 len: 997 time: 0.0109818
2026-07-02 11:20:00.029 10 INFO neutron.wsgi [None req-53fbcb90-4382-48be-a89a-e5d33d8bb56b 7a0d84665b1f4a1288833aa07236b752 e5697475b2504714a97ee12d834598e3 - - default default] 10.0.0.188 "GET /v2.0/networks HTTP/1.1" status: 200 len: 4720 time: 0.0914216
2026-07-02 11:20:00.114 10 INFO neutron.wsgi [None req-f9e85d1f-48ef-4503-a870-a102356a3ca2 7a0d84665b1f4a1288833aa07236b752 e5697475b2504714a97ee12d834598e3 - - default default] 10.0.0.188 "GET /v2.0/security-groups HTTP/1.1" status: 200 len: 27507 time: 0.0711370
2026-07-02 11:20:00.186 10 INFO neutron.wsgi [None req-aa20cde5-e725-4f4a-852e-55aa0ca4c990 7a0d84665b1f4a1288833aa07236b752 e5697475b2504714a97ee12d834598e3 - - default default] 10.0.0.188 "GET /v2.0/subnets HTTP/1.1" status: 200 len: 5496 time: 0.0598056
2026-07-02 11:20:00.286 10 INFO neutron.wsgi [None req-23496c8d-606d-4890-86a1-d71972180cd6 7a0d84665b1f4a1288833aa07236b752 e5697475b2504714a97ee12d834598e3 - - default default] 10.0.0.188 "GET /v2.0/ports HTTP/1.1" status: 200 len: 17571 time: 0.0984724
2026-07-02 11:20:00.351 10 INFO neutron.wsgi [None req-0265df4a-51fe-49b9-a0cb-92d958776faf 7a0d84665b1f4a1288833aa07236b752 e5697475b2504714a97ee12d834598e3 - - default default] 10.0.0.188 "GET /v2.0/floatingips HTTP/1.1" status: 200 len: 1877 time: 0.0526865 /var/lib/openstack/lib/python3.10/site-packages/pycadf/identifier.py:71: UserWarning: Invalid uuid: neutron. To ensure interoperability, identifiers should be a valid uuid. warnings.warn(('Invalid uuid: %s. To ensure interoperability, '
2026-07-02 11:20:02.978 9 INFO neutron.db.l3_db [None req-053d0b11-a90e-4f9e-b4e3-56ed9efa8383 49bbfea4ad2f461489106c0b8b913bd7 98ec112854d4458798efd6c8b4ee493b - - default default] Floating IP 507ebda4-2614-4785-b1bb-b39bf168e9cb disassociated (deleted). External IP: 10.96.250.201, port: 1ebe2e23-f237-424f-8fca-8340ed556d20.
2026-07-02 11:20:03.083 9 INFO neutron.wsgi [None req-053d0b11-a90e-4f9e-b4e3-56ed9efa8383 49bbfea4ad2f461489106c0b8b913bd7 98ec112854d4458798efd6c8b4ee493b - - default default] 10.0.0.226 "DELETE /v2.0/floatingips/507ebda4-2614-4785-b1bb-b39bf168e9cb HTTP/1.1" status: 204 len: 168 time: 0.5004728
2026-07-02 11:20:03.122 10 INFO neutron.api.v2.resource [None req-8373351c-6d90-4f48-9af4-359315dcd21b 49bbfea4ad2f461489106c0b8b913bd7 98ec112854d4458798efd6c8b4ee493b - - default default] show failed (client error): The resource could not be found.
2026-07-02 11:20:03.124 10 INFO neutron.wsgi [None req-8373351c-6d90-4f48-9af4-359315dcd21b 49bbfea4ad2f461489106c0b8b913bd7 98ec112854d4458798efd6c8b4ee493b - - default default] 10.0.0.226 "GET /v2.0/floatingips/507ebda4-2614-4785-b1bb-b39bf168e9cb HTTP/1.1" status: 404 len: 345 time: 0.0327272
2026-07-02 11:20:03.136 9 INFO neutron.notifiers.nova [-] Nova event matching ['req-a07af535-4387-439f-914c-db76dd9769a2'] response: {'name': 'network-changed', 'server_uuid': 'b2da23f0-5526-4d16-921d-1ec068f02f3f', 'tag': '1ebe2e23-f237-424f-8fca-8340ed556d20', 'status': 'completed', 'code': 200}
2026-07-02 11:20:03.213 10 INFO neutron.wsgi [req-6a489f45-a958-443a-a29d-07e331d8baff req-245a0023-12b8-4c82-9fb8-0364681cf8e4 5e007a168c114cf0992cd5247cb77e21 98bc5b0445ff45cf89441821158b4c60 - - 3dee5ac9e49443bea5daf9f44cd7a7ec 3dee5ac9e49443bea5daf9f44cd7a7ec] 199.19.213.141 "GET /v2.0/ports?tenant_id=98ec112854d4458798efd6c8b4ee493b&device_id=b2da23f0-5526-4d16-921d-1ec068f02f3f HTTP/1.1" status: 200 len: 1638 time: 0.0567312 /var/lib/openstack/lib/python3.10/site-packages/pycadf/identifier.py:71: UserWarning: Invalid uuid: neutron. To ensure interoperability, identifiers should be a valid uuid. warnings.warn(('Invalid uuid: %s. To ensure interoperability, '
2026-07-02 11:20:03.297 10 INFO neutron.wsgi [req-6a489f45-a958-443a-a29d-07e331d8baff req-338a7d21-74d6-4dea-9e7e-6cc4e634b252 5e007a168c114cf0992cd5247cb77e21 98bc5b0445ff45cf89441821158b4c60 - - 3dee5ac9e49443bea5daf9f44cd7a7ec 3dee5ac9e49443bea5daf9f44cd7a7ec] 199.19.213.141 "GET /v2.0/networks?id=4b902c55-a2ac-4364-a192-913687b0b6bf HTTP/1.1" status: 200 len: 1002 time: 0.0766397
2026-07-02 11:20:03.340 10 INFO neutron.wsgi [req-6a489f45-a958-443a-a29d-07e331d8baff req-e445d73d-2cc1-416d-acba-9fd183edbbd4 5e007a168c114cf0992cd5247cb77e21 98bc5b0445ff45cf89441821158b4c60 - - 3dee5ac9e49443bea5daf9f44cd7a7ec 3dee5ac9e49443bea5daf9f44cd7a7ec] 199.19.213.141 "GET /v2.0/floatingips?fixed_ip_address=10.2.2.97&port_id=1ebe2e23-f237-424f-8fca-8340ed556d20 HTTP/1.1" status: 200 len: 217 time: 0.0363989
2026-07-02 11:20:03.354 10 INFO neutron.plugins.ml2.drivers.ovn.mech_driver.mech_driver [None req-ea9a8882-9117-4139-94f2-b1bc3ff8c035 - - - - - -] OVN reports status down for port: 1ebe2e23-f237-424f-8fca-8340ed556d20
2026-07-02 11:20:03.395 10 INFO neutron.wsgi [req-6a489f45-a958-443a-a29d-07e331d8baff req-1242c7ea-f5bc-40e9-b9b1-f4f03cbf70ae 5e007a168c114cf0992cd5247cb77e21 98bc5b0445ff45cf89441821158b4c60 - - 3dee5ac9e49443bea5daf9f44cd7a7ec 3dee5ac9e49443bea5daf9f44cd7a7ec] 199.19.213.141 "GET /v2.0/floatingips?fixed_ip_address=fd77%3A1457%3A4cf0%3A26a8%3A%3A28e&port_id=1ebe2e23-f237-424f-8fca-8340ed556d20 HTTP/1.1" status: 200 len: 217 time: 0.0416861
2026-07-02 11:20:03.453 10 INFO neutron.wsgi [req-6a489f45-a958-443a-a29d-07e331d8baff req-3cdc7abd-ac40-4de2-a301-23879ae40a2c 5e007a168c114cf0992cd5247cb77e21 98bc5b0445ff45cf89441821158b4c60 - - 3dee5ac9e49443bea5daf9f44cd7a7ec 3dee5ac9e49443bea5daf9f44cd7a7ec] 199.19.213.141 "GET /v2.0/subnets?id=95683d59-0a01-4547-94f4-17b2f1c51dac&id=95fbe3a5-bc88-432b-8bcb-48a48ab0cc05 HTTP/1.1" status: 200 len: 1565 time: 0.0483463
2026-07-02 11:20:03.496 10 INFO neutron.wsgi [req-6a489f45-a958-443a-a29d-07e331d8baff req-5275b50f-52de-443b-ad0f-862c58f3cc42 5e007a168c114cf0992cd5247cb77e21 98bc5b0445ff45cf89441821158b4c60 - - 3dee5ac9e49443bea5daf9f44cd7a7ec 3dee5ac9e49443bea5daf9f44cd7a7ec] 199.19.213.141 "GET /v2.0/ports?network_id=4b902c55-a2ac-4364-a192-913687b0b6bf&device_owner=network%3Adhcp HTTP/1.1" status: 200 len: 210 time: 0.0278389
2026-07-02 11:20:03.545 10 INFO neutron.wsgi [req-6a489f45-a958-443a-a29d-07e331d8baff req-a57e5044-64f9-4e71-bf84-f82b736446ea 5e007a168c114cf0992cd5247cb77e21 98bc5b0445ff45cf89441821158b4c60 - - 3dee5ac9e49443bea5daf9f44cd7a7ec 3dee5ac9e49443bea5daf9f44cd7a7ec] 199.19.213.141 "GET /v2.0/ports?network_id=4b902c55-a2ac-4364-a192-913687b0b6bf&device_owner=network%3Adhcp HTTP/1.1" status: 200 len: 210 time: 0.0401201
2026-07-02 11:20:03.607 10 INFO neutron.notifiers.nova [-] Nova event matching ['req-b5da6aef-2b3e-452f-aaf9-cb9fff1fbcfc'] response: {'server_uuid': 'b2da23f0-5526-4d16-921d-1ec068f02f3f', 'name': 'network-vif-unplugged', 'status': 'completed', 'tag': '1ebe2e23-f237-424f-8fca-8340ed556d20', 'code': 200}
2026-07-02 11:20:03.632 9 INFO neutron.wsgi [req-5787695c-2797-4cee-9888-1079fe4b862c req-7b1acce8-f083-45dd-89e2-9c2426c1efe8 49bbfea4ad2f461489106c0b8b913bd7 98ec112854d4458798efd6c8b4ee493b - - default default] 10.0.0.213 "GET /v2.0/ports?device_id=b2da23f0-5526-4d16-921d-1ec068f02f3f HTTP/1.1" status: 200 len: 1400 time: 0.3456688
2026-07-02 11:20:03.642 10 INFO neutron.wsgi [req-6a489f45-a958-443a-a29d-07e331d8baff req-692d4c48-f98a-4c3c-b5b7-a1ab80d034b3 5e007a168c114cf0992cd5247cb77e21 98bc5b0445ff45cf89441821158b4c60 - - 3dee5ac9e49443bea5daf9f44cd7a7ec 3dee5ac9e49443bea5daf9f44cd7a7ec] 199.19.213.141 "GET /v2.0/networks/4b902c55-a2ac-4364-a192-913687b0b6bf?fields=segments HTTP/1.1" status: 200 len: 212 time: 0.0881126
2026-07-02 11:20:03.698 9 INFO neutron.wsgi [req-5787695c-2797-4cee-9888-1079fe4b862c req-1667c405-58f5-4d4d-85a1-ea4acffc94ca 49bbfea4ad2f461489106c0b8b913bd7 98ec112854d4458798efd6c8b4ee493b - - default default] 10.0.0.213 "GET /v2.0/security-groups?id=ce364bcf-1528-4ed1-88d9-c0b740dded61&fields=id&fields=name HTTP/1.1" status: 200 len: 311 time: 0.0578895
2026-07-02 11:20:03.765 10 INFO neutron.wsgi [req-6a489f45-a958-443a-a29d-07e331d8baff req-cb75a0b4-b455-4d50-ade4-5be6de47f306 5e007a168c114cf0992cd5247cb77e21 98bc5b0445ff45cf89441821158b4c60 - - 3dee5ac9e49443bea5daf9f44cd7a7ec 3dee5ac9e49443bea5daf9f44cd7a7ec] 199.19.213.141 "GET /v2.0/networks/4b902c55-a2ac-4364-a192-913687b0b6bf?fields=provider%3Aphysical_network&fields=provider%3Anetwork_type HTTP/1.1" status: 200 len: 277 time: 0.1176240
2026-07-02 11:20:03.915 10 INFO neutron.db.ovn_revision_numbers_db [None req-ea9a8882-9117-4139-94f2-b1bc3ff8c035 - - - - - -] Successfully bumped revision number for resource 1ebe2e23-f237-424f-8fca-8340ed556d20 (type: ports) to 5
2026-07-02 11:20:04.007 10 INFO neutron.wsgi [req-0769b6ae-9f96-468a-bbf6-974dcb259089 req-be0dfa86-5762-4394-972f-7a9b263c6df8 49bbfea4ad2f461489106c0b8b913bd7 98ec112854d4458798efd6c8b4ee493b - - default default] 199.19.213.141 "GET /v2.0/ports?device_id=b2da23f0-5526-4d16-921d-1ec068f02f3f HTTP/1.1" status: 200 len: 1398 time: 0.1408074 /var/lib/openstack/lib/python3.10/site-packages/pycadf/identifier.py:71: UserWarning: Invalid uuid: neutron. To ensure interoperability, identifiers should be a valid uuid. warnings.warn(('Invalid uuid: %s. To ensure interoperability, '
2026-07-02 11:20:04.435 10 INFO neutron.wsgi [req-0769b6ae-9f96-468a-bbf6-974dcb259089 req-e6a54b55-4f06-4f3b-b8ba-eac822926ecd 49bbfea4ad2f461489106c0b8b913bd7 98ec112854d4458798efd6c8b4ee493b - - default default] 199.19.213.141 "DELETE /v2.0/ports/1ebe2e23-f237-424f-8fca-8340ed556d20 HTTP/1.1" status: 204 len: 173 time: 0.4194353
2026-07-02 11:20:05.663 10 INFO neutron.notifiers.nova [-] Nova event matching ['req-81801c94-5185-41f7-9783-6a9c58437898'] response: {'server_uuid': 'b2da23f0-5526-4d16-921d-1ec068f02f3f', 'name': 'network-vif-plugged', 'status': 'completed', 'tag': '1ebe2e23-f237-424f-8fca-8340ed556d20', 'code': 200}
2026-07-02 11:20:05.663 10 INFO neutron.notifiers.nova [-] Nova event matching ['req-81801c94-5185-41f7-9783-6a9c58437898'] response: {'server_uuid': 'b2da23f0-5526-4d16-921d-1ec068f02f3f', 'name': 'network-vif-deleted', 'tag': '1ebe2e23-f237-424f-8fca-8340ed556d20', 'status': 'completed', 'code': 200}
2026-07-02 11:20:09.211 9 INFO neutron.db.l3_db [None req-13cb4496-63ab-42ec-b956-7367a5da31a8 49bbfea4ad2f461489106c0b8b913bd7 98ec112854d4458798efd6c8b4ee493b - - default default] Floating IP 2b3b1696-0c2d-4e78-a594-64fc026c3d56 disassociated (deleted). External IP: 10.96.250.208, port: f24c1628-bd09-4f00-8ac6-1ceb8779fc0d.
2026-07-02 11:20:09.286 9 INFO neutron.wsgi [None req-13cb4496-63ab-42ec-b956-7367a5da31a8 49bbfea4ad2f461489106c0b8b913bd7 98ec112854d4458798efd6c8b4ee493b - - default default] 10.0.0.226 "DELETE /v2.0/floatingips/2b3b1696-0c2d-4e78-a594-64fc026c3d56 HTTP/1.1" status: 204 len: 168 time: 0.5181317
2026-07-02 11:20:09.320 10 INFO neutron.api.v2.resource [None req-b47bf2db-804c-4bcb-8ccd-d7ba0b11ef8b 49bbfea4ad2f461489106c0b8b913bd7 98ec112854d4458798efd6c8b4ee493b - - default default] show failed (client error): The resource could not be found.
2026-07-02 11:20:09.322 10 INFO neutron.wsgi [None req-b47bf2db-804c-4bcb-8ccd-d7ba0b11ef8b 49bbfea4ad2f461489106c0b8b913bd7 98ec112854d4458798efd6c8b4ee493b - - default default] 10.0.0.226 "GET /v2.0/floatingips/2b3b1696-0c2d-4e78-a594-64fc026c3d56 HTTP/1.1" status: 404 len: 345 time: 0.0298119
2026-07-02 11:20:09.331 9 INFO neutron.notifiers.nova [-] Nova event matching ['req-2ff2fc14-0459-4ec6-aa66-c6c724a28f9e'] response: {'name': 'network-changed', 'server_uuid': '88f030c9-86e8-45aa-8d7f-f63fa7f83b28', 'tag': 'f24c1628-bd09-4f00-8ac6-1ceb8779fc0d', 'status': 'completed', 'code': 200}
2026-07-02 11:20:09.403 10 INFO neutron.wsgi [req-e6f36507-7f3b-412e-9592-113797bc2ec5 req-892a2c23-cf8d-4e39-981d-8b1b2f5d3960 5e007a168c114cf0992cd5247cb77e21 98bc5b0445ff45cf89441821158b4c60 - - 3dee5ac9e49443bea5daf9f44cd7a7ec 3dee5ac9e49443bea5daf9f44cd7a7ec] 199.19.213.141 "GET /v2.0/ports?tenant_id=98ec112854d4458798efd6c8b4ee493b&device_id=88f030c9-86e8-45aa-8d7f-f63fa7f83b28 HTTP/1.1" status: 200 len: 1634 time: 0.0544803
2026-07-02 11:20:09.477 10 INFO neutron.wsgi [req-e6f36507-7f3b-412e-9592-113797bc2ec5 req-031d968a-c99f-40b4-9b43-379d33afbdaf 5e007a168c114cf0992cd5247cb77e21 98bc5b0445ff45cf89441821158b4c60 - - 3dee5ac9e49443bea5daf9f44cd7a7ec 3dee5ac9e49443bea5daf9f44cd7a7ec] 199.19.213.141 "GET /v2.0/networks?id=746e2fad-9601-45f2-8411-da596206b535 HTTP/1.1" status: 200 len: 1003 time: 0.0659161
2026-07-02 11:20:09.523 10 INFO neutron.wsgi [req-e6f36507-7f3b-412e-9592-113797bc2ec5 req-866198e0-8209-4ec7-aa55-281e2f3b8871 5e007a168c114cf0992cd5247cb77e21 98bc5b0445ff45cf89441821158b4c60 - - 3dee5ac9e49443bea5daf9f44cd7a7ec 3dee5ac9e49443bea5daf9f44cd7a7ec] 199.19.213.141 "GET /v2.0/floatingips?fixed_ip_address=10.2.1.25&port_id=f24c1628-bd09-4f00-8ac6-1ceb8779fc0d HTTP/1.1" status: 200 len: 217 time: 0.0400853
2026-07-02 11:20:09.535 10 INFO neutron.plugins.ml2.drivers.ovn.mech_driver.mech_driver [None req-ea9a8882-9117-4139-94f2-b1bc3ff8c035 - - - - - -] OVN reports status down for port: f24c1628-bd09-4f00-8ac6-1ceb8779fc0d
2026-07-02 11:20:09.583 10 INFO neutron.wsgi [req-e6f36507-7f3b-412e-9592-113797bc2ec5 req-f4d0e89a-0cf1-41b1-aa81-db8225871ce7 5e007a168c114cf0992cd5247cb77e21 98bc5b0445ff45cf89441821158b4c60 - - 3dee5ac9e49443bea5daf9f44cd7a7ec 3dee5ac9e49443bea5daf9f44cd7a7ec] 199.19.213.141 "GET /v2.0/floatingips?fixed_ip_address=fd7b%3Af9f7%3Afff%3A4eca%3A%3A2ec&port_id=f24c1628-bd09-4f00-8ac6-1ceb8779fc0d HTTP/1.1" status: 200 len: 217 time: 0.0489519
2026-07-02 11:20:09.681 10 INFO neutron.wsgi [req-e6f36507-7f3b-412e-9592-113797bc2ec5 req-84f43816-4a6e-4179-9629-7cf3fef8686d 5e007a168c114cf0992cd5247cb77e21 98bc5b0445ff45cf89441821158b4c60 - - 3dee5ac9e49443bea5daf9f44cd7a7ec 3dee5ac9e49443bea5daf9f44cd7a7ec] 199.19.213.141 "GET /v2.0/subnets?id=f7b53675-723a-4a56-87e1-48c0005bf51b&id=88bd4300-792a-4082-9c2e-a4815d38fcda HTTP/1.1" status: 200 len: 1563 time: 0.0878220
2026-07-02 11:20:09.745 10 INFO neutron.wsgi [req-e6f36507-7f3b-412e-9592-113797bc2ec5 req-b6f48d01-951c-4949-8821-a483e5ed74ce 5e007a168c114cf0992cd5247cb77e21 98bc5b0445ff45cf89441821158b4c60 - - 3dee5ac9e49443bea5daf9f44cd7a7ec 3dee5ac9e49443bea5daf9f44cd7a7ec] 199.19.213.141 "GET /v2.0/ports?network_id=746e2fad-9601-45f2-8411-da596206b535&device_owner=network%3Adhcp HTTP/1.1" status: 200 len: 210 time: 0.0584252
2026-07-02 11:20:09.788 10 INFO neutron.wsgi [req-e6f36507-7f3b-412e-9592-113797bc2ec5 req-ef8b85d6-663b-468b-b798-8f8b33320910 5e007a168c114cf0992cd5247cb77e21 98bc5b0445ff45cf89441821158b4c60 - - 3dee5ac9e49443bea5daf9f44cd7a7ec 3dee5ac9e49443bea5daf9f44cd7a7ec] 199.19.213.141 "GET /v2.0/ports?network_id=746e2fad-9601-45f2-8411-da596206b535&device_owner=network%3Adhcp HTTP/1.1" status: 200 len: 210 time: 0.0307126
2026-07-02 11:20:09.795 10 INFO neutron.wsgi [req-f4c5f1e5-4f02-4fcb-aea8-1495476639f6 req-0515a964-5dfe-47cf-beca-0c24a3f091a6 49bbfea4ad2f461489106c0b8b913bd7 98ec112854d4458798efd6c8b4ee493b - - default default] 10.0.0.213 "GET /v2.0/ports?device_id=88f030c9-86e8-45aa-8d7f-f63fa7f83b28 HTTP/1.1" status: 200 len: 1396 time: 0.2839632
2026-07-02 11:20:09.886 10 INFO neutron.notifiers.nova [-] Nova event matching ['req-1d870c1c-bf0a-41fc-ab1d-2de401694570'] response: {'server_uuid': '88f030c9-86e8-45aa-8d7f-f63fa7f83b28', 'name': 'network-vif-unplugged', 'status': 'completed', 'tag': 'f24c1628-bd09-4f00-8ac6-1ceb8779fc0d', 'code': 200}
