2026-07-02 11:17:41.735 9 INFO neutron.wsgi [None req-c4123e0f-9967-47d0-8158-370665f3ff08 7134f21c48d6448290837527dc7a92b8 0333d7b0617842d99d35451a24ec212c - - default default] 10.0.0.226 "POST /v2.0/ports HTTP/1.1" status: 201 len: 942 time: 0.4121029 /var/lib/openstack/lib/python3.10/site-packages/pycadf/identifier.py:71: UserWarning: Invalid uuid: neutron. To ensure interoperability, identifiers should be a valid uuid. warnings.warn(('Invalid uuid: %s. To ensure interoperability, '
2026-07-02 11:17:41.745 9 WARNING neutron_lib.context [None req-45517eb5-4eb9-427f-9774-aa0528fbd42e 7134f21c48d6448290837527dc7a92b8 0333d7b0617842d99d35451a24ec212c - - default default] Method 'is_advsvc' is deprecated since 2023.2 release (neutron-lib 3.8.0) and will be removed once support for the old RBAC API policies will be removed from Neutron. Please use method 'is_service_role' instead.
2026-07-02 11:17:41.823 10 INFO neutron.wsgi [req-d03037ca-0f64-4ab5-8f50-0fbba316e92b req-8354e843-70c4-49ff-b674-bdcbd6c07531 5e007a168c114cf0992cd5247cb77e21 98bc5b0445ff45cf89441821158b4c60 - - 3dee5ac9e49443bea5daf9f44cd7a7ec 3dee5ac9e49443bea5daf9f44cd7a7ec] 199.19.213.141 "GET /v2.0/ports?tenant_id=e5697475b2504714a97ee12d834598e3&device_id=aba589ac-246a-4a3f-b0d3-cd05dc9f9131 HTTP/1.1" status: 200 len: 1407 time: 0.0401242
2026-07-02 11:17:41.908 10 INFO neutron.wsgi [req-d03037ca-0f64-4ab5-8f50-0fbba316e92b req-397ea5d6-0170-4253-b6a4-a353d1784dfc 5e007a168c114cf0992cd5247cb77e21 98bc5b0445ff45cf89441821158b4c60 - - 3dee5ac9e49443bea5daf9f44cd7a7ec 3dee5ac9e49443bea5daf9f44cd7a7ec] 199.19.213.141 "GET /v2.0/networks?id=cf4344a0-f62a-446b-a3ad-284252379463 HTTP/1.1" status: 200 len: 937 time: 0.0776978
2026-07-02 11:17:41.946 10 INFO neutron.wsgi [req-d03037ca-0f64-4ab5-8f50-0fbba316e92b req-6707df09-6473-44af-9f0d-808511bd9aeb 5e007a168c114cf0992cd5247cb77e21 98bc5b0445ff45cf89441821158b4c60 - - 3dee5ac9e49443bea5daf9f44cd7a7ec 3dee5ac9e49443bea5daf9f44cd7a7ec] 199.19.213.141 "GET /v2.0/floatingips?fixed_ip_address=172.24.3.9&port_id=83857f3e-68e9-480d-8b37-1e09b3743acf HTTP/1.1" status: 200 len: 217 time: 0.0331848
2026-07-02 11:17:41.985 10 INFO neutron.wsgi [req-ca1ca6a5-ccef-4f9c-a5d6-dbcee8620059 req-525d6ebc-fa3c-4d8e-952a-82ca1f7d555a 5e007a168c114cf0992cd5247cb77e21 98bc5b0445ff45cf89441821158b4c60 - - 3dee5ac9e49443bea5daf9f44cd7a7ec 3dee5ac9e49443bea5daf9f44cd7a7ec] 199.19.213.141 "GET /v2.0/ports?device_id=aba589ac-246a-4a3f-b0d3-cd05dc9f9131 HTTP/1.1" status: 200 len: 1407 time: 0.0615151
2026-07-02 11:17:41.996 10 INFO neutron.wsgi [req-d03037ca-0f64-4ab5-8f50-0fbba316e92b req-9b1e31af-f39a-4406-8235-f2f4ddfbd314 5e007a168c114cf0992cd5247cb77e21 98bc5b0445ff45cf89441821158b4c60 - - 3dee5ac9e49443bea5daf9f44cd7a7ec 3dee5ac9e49443bea5daf9f44cd7a7ec] 199.19.213.141 "GET /v2.0/subnets?id=1aca3f3f-7225-4045-b49f-f4f29efbbd9c HTTP/1.1" status: 200 len: 829 time: 0.0428078
2026-07-02 11:17:42.027 10 INFO neutron.wsgi [req-d03037ca-0f64-4ab5-8f50-0fbba316e92b req-4ac14134-d174-4918-aaba-c7736bd065c6 5e007a168c114cf0992cd5247cb77e21 98bc5b0445ff45cf89441821158b4c60 - - 3dee5ac9e49443bea5daf9f44cd7a7ec 3dee5ac9e49443bea5daf9f44cd7a7ec] 199.19.213.141 "GET /v2.0/ports?network_id=cf4344a0-f62a-446b-a3ad-284252379463&device_owner=network%3Adhcp HTTP/1.1" status: 200 len: 210 time: 0.0232272
2026-07-02 11:17:42.039 9 INFO neutron.wsgi [None req-45517eb5-4eb9-427f-9774-aa0528fbd42e 7134f21c48d6448290837527dc7a92b8 0333d7b0617842d99d35451a24ec212c - - default default] 10.0.0.226 "POST /v2.0/trunks HTTP/1.1" status: 201 len: 608 time: 0.2999611
2026-07-02 11:17:42.050 9 WARNING neutron_lib.context [None req-c5519302-1261-4bff-9cad-49a53b397391 7134f21c48d6448290837527dc7a92b8 0333d7b0617842d99d35451a24ec212c - - default default] Method 'is_advsvc' is deprecated since 2023.2 release (neutron-lib 3.8.0) and will be removed once support for the old RBAC API policies will be removed from Neutron. Please use method 'is_service_role' instead.
2026-07-02 11:17:42.122 10 INFO neutron.wsgi [req-ca1ca6a5-ccef-4f9c-a5d6-dbcee8620059 req-7fabce68-473c-41c9-af4f-7bbd68776be3 5e007a168c114cf0992cd5247cb77e21 98bc5b0445ff45cf89441821158b4c60 - - 3dee5ac9e49443bea5daf9f44cd7a7ec 3dee5ac9e49443bea5daf9f44cd7a7ec] 199.19.213.141 "GET /v2.0/security-groups?id=c60c7128-9cf7-47a3-9b62-da2d84963b4b&fields=id&fields=name HTTP/1.1" status: 200 len: 294 time: 0.1244388
2026-07-02 11:17:42.145 9 INFO neutron.db.segments_db [None req-c5519302-1261-4bff-9cad-49a53b397391 7134f21c48d6448290837527dc7a92b8 0333d7b0617842d99d35451a24ec212c - - default default] Added segment 136839ad-1bdd-4fa1-9670-fa535c3fca64 of type geneve for network 5e95ec7c-b55a-431f-b46d-efed3df2a1e7
2026-07-02 11:17:42.166 10 INFO neutron.wsgi [req-d03037ca-0f64-4ab5-8f50-0fbba316e92b req-62efd0a3-fb23-480b-a15a-9c999bb55b6f 5e007a168c114cf0992cd5247cb77e21 98bc5b0445ff45cf89441821158b4c60 - - 3dee5ac9e49443bea5daf9f44cd7a7ec 3dee5ac9e49443bea5daf9f44cd7a7ec] 199.19.213.141 "GET /v2.0/networks/cf4344a0-f62a-446b-a3ad-284252379463?fields=segments HTTP/1.1" status: 200 len: 212 time: 0.1308577
2026-07-02 11:17:42.230 9 INFO neutron.plugins.ml2.drivers.ovn.mech_driver.mech_driver [None req-f0f4474f-9443-442f-977a-be7ca271417b - - - - - -] OVN reports status up for port: 83857f3e-68e9-480d-8b37-1e09b3743acf
2026-07-02 11:17:42.261 9 INFO neutron.plugins.ml2.plugin [None req-f0f4474f-9443-442f-977a-be7ca271417b - - - - - -] Attempt 1 to provision port 83857f3e-68e9-480d-8b37-1e09b3743acf
2026-07-02 11:17:42.268 10 INFO neutron.wsgi [req-d03037ca-0f64-4ab5-8f50-0fbba316e92b req-baf476cb-1098-422a-b9ef-5d0c9622f762 5e007a168c114cf0992cd5247cb77e21 98bc5b0445ff45cf89441821158b4c60 - - 3dee5ac9e49443bea5daf9f44cd7a7ec 3dee5ac9e49443bea5daf9f44cd7a7ec] 199.19.213.141 "GET /v2.0/networks/cf4344a0-f62a-446b-a3ad-284252379463?fields=provider%3Aphysical_network&fields=provider%3Anetwork_type HTTP/1.1" status: 200 len: 277 time: 0.0923371
2026-07-02 11:17:42.404 9 INFO neutron.db.ovn_revision_numbers_db [None req-c5519302-1261-4bff-9cad-49a53b397391 7134f21c48d6448290837527dc7a92b8 0333d7b0617842d99d35451a24ec212c - - default default] Successfully bumped revision number for resource 5e95ec7c-b55a-431f-b46d-efed3df2a1e7 (type: networks) to 1
2026-07-02 11:17:42.410 9 INFO neutron.wsgi [req-53b664ba-63ab-4e95-8b8f-4acad1a4af93 req-62066fa0-c835-43d7-884a-edd88244ad34 7a0d84665b1f4a1288833aa07236b752 e5697475b2504714a97ee12d834598e3 - - default default] 10.0.0.213 "GET /v2.0/ports?device_id=aba589ac-246a-4a3f-b0d3-cd05dc9f9131 HTTP/1.1" status: 200 len: 1407 time: 0.0809693
2026-07-02 11:17:42.520 9 INFO neutron.wsgi [req-53b664ba-63ab-4e95-8b8f-4acad1a4af93 req-b16fbbc6-d075-4ea4-a9d4-5a674e4d0ce2 7a0d84665b1f4a1288833aa07236b752 e5697475b2504714a97ee12d834598e3 - - default default] 10.0.0.213 "GET /v2.0/security-groups?id=c60c7128-9cf7-47a3-9b62-da2d84963b4b&fields=id&fields=name HTTP/1.1" status: 200 len: 294 time: 0.0977023
2026-07-02 11:17:42.523 9 INFO neutron.notifiers.nova [-] Nova event matching ['req-ef3093eb-7c32-4e56-bef9-b361c2a66d68'] response: {'server_uuid': 'aba589ac-246a-4a3f-b0d3-cd05dc9f9131', 'name': 'network-vif-plugged', 'status': 'completed', 'tag': '83857f3e-68e9-480d-8b37-1e09b3743acf', 'code': 200}
2026-07-02 11:17:42.635 10 INFO neutron.wsgi [req-f96be6fd-bfb6-449e-8bca-b86e09c1ceb4 req-1f2338b4-ee06-42c3-92d7-15732566a711 7a0d84665b1f4a1288833aa07236b752 e5697475b2504714a97ee12d834598e3 - - default default] 10.0.0.213 "GET /v2.0/ports?device_id=aba589ac-246a-4a3f-b0d3-cd05dc9f9131 HTTP/1.1" status: 200 len: 1409 time: 0.0437071
2026-07-02 11:17:42.721 9 WARNING neutron.scheduler.dhcp_agent_scheduler [None req-c5519302-1261-4bff-9cad-49a53b397391 7134f21c48d6448290837527dc7a92b8 0333d7b0617842d99d35451a24ec212c - - default default] No more DHCP agents
2026-07-02 11:17:42.725 9 WARNING neutron.api.rpc.agentnotifiers.dhcp_rpc_agent_api [None req-c5519302-1261-4bff-9cad-49a53b397391 7134f21c48d6448290837527dc7a92b8 0333d7b0617842d99d35451a24ec212c - - default default] Unable to schedule network 5e95ec7c-b55a-431f-b46d-efed3df2a1e7: no agents available; will retry on subsequent port and subnet creation events.
2026-07-02 11:17:42.820 9 INFO neutron.db.ovn_revision_numbers_db [None req-f0f4474f-9443-442f-977a-be7ca271417b - - - - - -] Successfully bumped revision number for resource 83857f3e-68e9-480d-8b37-1e09b3743acf (type: ports) to 4
2026-07-02 11:17:42.845 9 INFO neutron.db.ovn_revision_numbers_db [None req-c5519302-1261-4bff-9cad-49a53b397391 7134f21c48d6448290837527dc7a92b8 0333d7b0617842d99d35451a24ec212c - - default default] Successfully bumped revision number for resource 747dc358-e443-49b8-8a8e-b23756db95ec (type: ports) to 1
2026-07-02 11:17:42.897 9 INFO neutron.wsgi [None req-c5519302-1261-4bff-9cad-49a53b397391 7134f21c48d6448290837527dc7a92b8 0333d7b0617842d99d35451a24ec212c - - default default] 10.0.0.226 "POST /v2.0/networks HTTP/1.1" status: 201 len: 830 time: 0.8512328 /var/lib/openstack/lib/python3.10/site-packages/pycadf/identifier.py:71: UserWarning: Invalid uuid: neutron. To ensure interoperability, identifiers should be a valid uuid. warnings.warn(('Invalid uuid: %s. To ensure interoperability, '
2026-07-02 11:17:42.907 9 WARNING neutron_lib.context [None req-f90fbf61-2276-44f6-98f5-ad542ad9bd06 7134f21c48d6448290837527dc7a92b8 0333d7b0617842d99d35451a24ec212c - - default default] Method 'is_advsvc' is deprecated since 2023.2 release (neutron-lib 3.8.0) and will be removed once support for the old RBAC API policies will be removed from Neutron. Please use method 'is_service_role' instead.
2026-07-02 11:17:43.193 9 WARNING neutron.scheduler.dhcp_agent_scheduler [None req-f90fbf61-2276-44f6-98f5-ad542ad9bd06 7134f21c48d6448290837527dc7a92b8 0333d7b0617842d99d35451a24ec212c - - default default] No more DHCP agents
2026-07-02 11:17:43.197 9 WARNING neutron.api.rpc.agentnotifiers.dhcp_rpc_agent_api [None req-f90fbf61-2276-44f6-98f5-ad542ad9bd06 7134f21c48d6448290837527dc7a92b8 0333d7b0617842d99d35451a24ec212c - - default default] Unable to schedule network 5e95ec7c-b55a-431f-b46d-efed3df2a1e7: no agents available; will retry on subsequent port and subnet creation events.
2026-07-02 11:17:43.288 9 INFO neutron.db.ovn_revision_numbers_db [None req-f90fbf61-2276-44f6-98f5-ad542ad9bd06 7134f21c48d6448290837527dc7a92b8 0333d7b0617842d99d35451a24ec212c - - default default] Successfully bumped revision number for resource c7487ecd-86ea-4c63-9ef7-edc43fa491e8 (type: ports) to 1
2026-07-02 11:17:43.313 9 INFO neutron.wsgi [None req-f90fbf61-2276-44f6-98f5-ad542ad9bd06 7134f21c48d6448290837527dc7a92b8 0333d7b0617842d99d35451a24ec212c - - default default] 10.0.0.226 "POST /v2.0/ports HTTP/1.1" status: 201 len: 942 time: 0.4109840 /var/lib/openstack/lib/python3.10/site-packages/pycadf/identifier.py:71: UserWarning: Invalid uuid: neutron. To ensure interoperability, identifiers should be a valid uuid. warnings.warn(('Invalid uuid: %s. To ensure interoperability, '
2026-07-02 11:17:43.323 9 WARNING neutron_lib.context [None req-1a570bd1-ce00-455c-affe-64ed1b9d30aa 7134f21c48d6448290837527dc7a92b8 0333d7b0617842d99d35451a24ec212c - - default default] Method 'is_advsvc' is deprecated since 2023.2 release (neutron-lib 3.8.0) and will be removed once support for the old RBAC API policies will be removed from Neutron. Please use method 'is_service_role' instead.
2026-07-02 11:17:43.565 9 INFO neutron.wsgi [None req-1a570bd1-ce00-455c-affe-64ed1b9d30aa 7134f21c48d6448290837527dc7a92b8 0333d7b0617842d99d35451a24ec212c - - default default] 10.0.0.226 "POST /v2.0/trunks HTTP/1.1" status: 201 len: 608 time: 0.2475443
2026-07-02 11:17:43.578 10 WARNING neutron_lib.context [None req-1e6d31dc-7ad7-4d7b-af10-49992f1c827b 7134f21c48d6448290837527dc7a92b8 0333d7b0617842d99d35451a24ec212c - - default default] Method 'is_advsvc' is deprecated since 2023.2 release (neutron-lib 3.8.0) and will be removed once support for the old RBAC API policies will be removed from Neutron. Please use method 'is_service_role' instead.
2026-07-02 11:17:43.669 10 INFO neutron.db.segments_db [None req-1e6d31dc-7ad7-4d7b-af10-49992f1c827b 7134f21c48d6448290837527dc7a92b8 0333d7b0617842d99d35451a24ec212c - - default default] Added segment a7cd51a6-fbd0-4a25-a2d2-1726a141cc52 of type geneve for network 6bc9e2d9-f94f-4e45-bcff-0493bc012da6
2026-07-02 11:17:44.139 10 INFO neutron.db.ovn_revision_numbers_db [None req-1e6d31dc-7ad7-4d7b-af10-49992f1c827b 7134f21c48d6448290837527dc7a92b8 0333d7b0617842d99d35451a24ec212c - - default default] Successfully bumped revision number for resource 6bc9e2d9-f94f-4e45-bcff-0493bc012da6 (type: networks) to 1
2026-07-02 11:17:44.334 10 WARNING neutron.scheduler.dhcp_agent_scheduler [None req-1e6d31dc-7ad7-4d7b-af10-49992f1c827b 7134f21c48d6448290837527dc7a92b8 0333d7b0617842d99d35451a24ec212c - - default default] No more DHCP agents
2026-07-02 11:17:44.338 10 WARNING neutron.api.rpc.agentnotifiers.dhcp_rpc_agent_api [None req-1e6d31dc-7ad7-4d7b-af10-49992f1c827b 7134f21c48d6448290837527dc7a92b8 0333d7b0617842d99d35451a24ec212c - - default default] Unable to schedule network 6bc9e2d9-f94f-4e45-bcff-0493bc012da6: no agents available; will retry on subsequent port and subnet creation events.
2026-07-02 11:17:44.428 10 INFO neutron.db.ovn_revision_numbers_db [None req-1e6d31dc-7ad7-4d7b-af10-49992f1c827b 7134f21c48d6448290837527dc7a92b8 0333d7b0617842d99d35451a24ec212c - - default default] Successfully bumped revision number for resource 3fd8e450-6f70-479e-bef3-f8cdbe42c941 (type: ports) to 1
2026-07-02 11:17:44.452 10 INFO neutron.wsgi [None req-1e6d31dc-7ad7-4d7b-af10-49992f1c827b 7134f21c48d6448290837527dc7a92b8 0333d7b0617842d99d35451a24ec212c - - default default] 10.0.0.226 "POST /v2.0/networks HTTP/1.1" status: 201 len: 830 time: 0.8805592
2026-07-02 11:17:44.462 10 WARNING neutron_lib.context [None req-fd82e443-6fb8-4b38-96b9-371b5f982f40 7134f21c48d6448290837527dc7a92b8 0333d7b0617842d99d35451a24ec212c - - default default] Method 'is_advsvc' is deprecated since 2023.2 release (neutron-lib 3.8.0) and will be removed once support for the old RBAC API policies will be removed from Neutron. Please use method 'is_service_role' instead.
2026-07-02 11:17:44.564 9 INFO neutron.notifiers.nova [-] Nova event matching ['req-9aa60b60-eee2-471f-9307-17de7718c247'] response: {'server_uuid': 'aba589ac-246a-4a3f-b0d3-cd05dc9f9131', 'name': 'network-vif-plugged', 'status': 'completed', 'tag': '83857f3e-68e9-480d-8b37-1e09b3743acf', 'code': 200}
2026-07-02 11:17:44.721 10 WARNING neutron.scheduler.dhcp_agent_scheduler [None req-fd82e443-6fb8-4b38-96b9-371b5f982f40 7134f21c48d6448290837527dc7a92b8 0333d7b0617842d99d35451a24ec212c - - default default] No more DHCP agents
2026-07-02 11:17:44.724 10 WARNING neutron.api.rpc.agentnotifiers.dhcp_rpc_agent_api [None req-fd82e443-6fb8-4b38-96b9-371b5f982f40 7134f21c48d6448290837527dc7a92b8 0333d7b0617842d99d35451a24ec212c - - default default] Unable to schedule network 6bc9e2d9-f94f-4e45-bcff-0493bc012da6: no agents available; will retry on subsequent port and subnet creation events.
2026-07-02 11:17:44.745 10 INFO neutron.wsgi [-] 10.0.0.127 "GET / HTTP/1.1" status: 200 len: 247 time: 0.0018957
2026-07-02 11:17:44.746 9 INFO neutron.wsgi [-] 10.0.0.127 "GET / HTTP/1.1" status: 200 len: 247 time: 0.0019627
2026-07-02 11:17:44.840 10 INFO neutron.db.ovn_revision_numbers_db [None req-fd82e443-6fb8-4b38-96b9-371b5f982f40 7134f21c48d6448290837527dc7a92b8 0333d7b0617842d99d35451a24ec212c - - default default] Successfully bumped revision number for resource e7e184df-48ef-4e26-bab8-d816e153df44 (type: ports) to 1
2026-07-02 11:17:44.867 10 INFO neutron.wsgi [None req-fd82e443-6fb8-4b38-96b9-371b5f982f40 7134f21c48d6448290837527dc7a92b8 0333d7b0617842d99d35451a24ec212c - - default default] 10.0.0.226 "POST /v2.0/ports HTTP/1.1" status: 201 len: 942 time: 0.4094961 /var/lib/openstack/lib/python3.10/site-packages/pycadf/identifier.py:71: UserWarning: Invalid uuid: neutron. To ensure interoperability, identifiers should be a valid uuid. warnings.warn(('Invalid uuid: %s. To ensure interoperability, '
2026-07-02 11:17:44.878 10 WARNING neutron_lib.context [None req-4547926e-df98-479b-be6c-31fc5756a030 7134f21c48d6448290837527dc7a92b8 0333d7b0617842d99d35451a24ec212c - - default default] Method 'is_advsvc' is deprecated since 2023.2 release (neutron-lib 3.8.0) and will be removed once support for the old RBAC API policies will be removed from Neutron. Please use method 'is_service_role' instead.
2026-07-02 11:17:45.168 10 INFO neutron.wsgi [None req-4547926e-df98-479b-be6c-31fc5756a030 7134f21c48d6448290837527dc7a92b8 0333d7b0617842d99d35451a24ec212c - - default default] 10.0.0.226 "POST /v2.0/trunks HTTP/1.1" status: 201 len: 608 time: 0.2955565
2026-07-02 11:17:45.182 9 WARNING neutron_lib.context [None req-5ebd6fb2-ce9d-4f0d-83cf-c873b34424aa 7134f21c48d6448290837527dc7a92b8 0333d7b0617842d99d35451a24ec212c - - default default] Method 'is_advsvc' is deprecated since 2023.2 release (neutron-lib 3.8.0) and will be removed once support for the old RBAC API policies will be removed from Neutron. Please use method 'is_service_role' instead.
2026-07-02 11:17:45.183 10 INFO neutron.wsgi [req-c7be2932-7f85-47db-a7ea-49f7e24b730f req-b40ec4c3-b668-44b4-8fa6-44e93ba98a9a 5e007a168c114cf0992cd5247cb77e21 98bc5b0445ff45cf89441821158b4c60 - - 3dee5ac9e49443bea5daf9f44cd7a7ec 3dee5ac9e49443bea5daf9f44cd7a7ec] 10.0.0.170 "GET /v2.0/ports?device_id=22c4dd8c-0a94-42b4-aed0-a25235b8440c HTTP/1.1" status: 200 len: 1409 time: 0.0471137
2026-07-02 11:17:45.231 10 INFO neutron.wsgi [req-c7be2932-7f85-47db-a7ea-49f7e24b730f req-a34ab99b-3440-4149-8c08-43926bd83b43 5e007a168c114cf0992cd5247cb77e21 98bc5b0445ff45cf89441821158b4c60 - - 3dee5ac9e49443bea5daf9f44cd7a7ec 3dee5ac9e49443bea5daf9f44cd7a7ec] 10.0.0.170 "GET /v2.0/security-groups?id=e4fda55a-d584-4065-8745-9be01797788e&fields=id&fields=name HTTP/1.1" status: 200 len: 312 time: 0.0377407
2026-07-02 11:17:45.275 9 INFO neutron.db.segments_db [None req-5ebd6fb2-ce9d-4f0d-83cf-c873b34424aa 7134f21c48d6448290837527dc7a92b8 0333d7b0617842d99d35451a24ec212c - - default default] Added segment f3e5f73b-3368-40c5-b6a0-d13342fc2afe of type geneve for network 9c7b22db-958f-4f8b-8d2b-e58a8c0f2ef1
2026-07-02 11:17:45.481 9 INFO neutron.db.ovn_revision_numbers_db [None req-5ebd6fb2-ce9d-4f0d-83cf-c873b34424aa 7134f21c48d6448290837527dc7a92b8 0333d7b0617842d99d35451a24ec212c - - default default] Successfully bumped revision number for resource 9c7b22db-958f-4f8b-8d2b-e58a8c0f2ef1 (type: networks) to 1
2026-07-02 11:17:45.601 10 INFO neutron.wsgi [req-e98afc02-32a9-4ffa-a1ce-7ef380214e12 req-f34c5858-85b5-48e6-a1f3-d4a9967b963a 7a0d84665b1f4a1288833aa07236b752 e5697475b2504714a97ee12d834598e3 - - default default] 10.0.0.213 "GET /v2.0/ports?device_id=aba589ac-246a-4a3f-b0d3-cd05dc9f9131 HTTP/1.1" status: 200 len: 1409 time: 0.0352817
2026-07-02 11:17:45.645 10 INFO neutron.wsgi [req-e98afc02-32a9-4ffa-a1ce-7ef380214e12 req-6a582010-9c34-4a63-8f5f-8ff263bf4048 7a0d84665b1f4a1288833aa07236b752 e5697475b2504714a97ee12d834598e3 - - default default] 10.0.0.213 "GET /v2.0/security-groups?id=c60c7128-9cf7-47a3-9b62-da2d84963b4b&fields=id&fields=name HTTP/1.1" status: 200 len: 294 time: 0.0383577
2026-07-02 11:17:45.683 9 WARNING neutron.scheduler.dhcp_agent_scheduler [None req-5ebd6fb2-ce9d-4f0d-83cf-c873b34424aa 7134f21c48d6448290837527dc7a92b8 0333d7b0617842d99d35451a24ec212c - - default default] No more DHCP agents
2026-07-02 11:17:45.686 9 WARNING neutron.api.rpc.agentnotifiers.dhcp_rpc_agent_api [None req-5ebd6fb2-ce9d-4f0d-83cf-c873b34424aa 7134f21c48d6448290837527dc7a92b8 0333d7b0617842d99d35451a24ec212c - - default default] Unable to schedule network 9c7b22db-958f-4f8b-8d2b-e58a8c0f2ef1: no agents available; will retry on subsequent port and subnet creation events.
2026-07-02 11:17:45.756 9 INFO neutron.wsgi [req-173b8b8d-d805-4b54-aae0-28222dfe66b5 req-3757e7eb-2918-4872-bb1b-47a5f881a2e1 7a0d84665b1f4a1288833aa07236b752 e5697475b2504714a97ee12d834598e3 - - default default] 10.0.0.213 "GET /v2.0/ports?device_id=aba589ac-246a-4a3f-b0d3-cd05dc9f9131 HTTP/1.1" status: 200 len: 1409 time: 0.0509870
2026-07-02 11:17:45.803 9 INFO neutron.db.ovn_revision_numbers_db [None req-5ebd6fb2-ce9d-4f0d-83cf-c873b34424aa 7134f21c48d6448290837527dc7a92b8 0333d7b0617842d99d35451a24ec212c - - default default] Successfully bumped revision number for resource 03dda9b6-4ed5-450a-9bab-3fe5899bcd4d (type: ports) to 1
2026-07-02 11:17:45.848 9 INFO neutron.wsgi [None req-5ebd6fb2-ce9d-4f0d-83cf-c873b34424aa 7134f21c48d6448290837527dc7a92b8 0333d7b0617842d99d35451a24ec212c - - default default] 10.0.0.226 "POST /v2.0/networks HTTP/1.1" status: 201 len: 831 time: 0.6734202
2026-07-02 11:17:45.858 9 WARNING neutron_lib.context [None req-eda06fe2-da11-4bde-afde-9e87c05e2448 7134f21c48d6448290837527dc7a92b8 0333d7b0617842d99d35451a24ec212c - - default default] Method 'is_advsvc' is deprecated since 2023.2 release (neutron-lib 3.8.0) and will be removed once support for the old RBAC API policies will be removed from Neutron. Please use method 'is_service_role' instead.
2026-07-02 11:17:46.291 9 WARNING neutron.scheduler.dhcp_agent_scheduler [None req-eda06fe2-da11-4bde-afde-9e87c05e2448 7134f21c48d6448290837527dc7a92b8 0333d7b0617842d99d35451a24ec212c - - default default] No more DHCP agents
2026-07-02 11:17:46.295 9 WARNING neutron.api.rpc.agentnotifiers.dhcp_rpc_agent_api [None req-eda06fe2-da11-4bde-afde-9e87c05e2448 7134f21c48d6448290837527dc7a92b8 0333d7b0617842d99d35451a24ec212c - - default default] Unable to schedule network 9c7b22db-958f-4f8b-8d2b-e58a8c0f2ef1: no agents available; will retry on subsequent port and subnet creation events.
2026-07-02 11:17:46.451 9 INFO neutron.db.ovn_revision_numbers_db [None req-eda06fe2-da11-4bde-afde-9e87c05e2448 7134f21c48d6448290837527dc7a92b8 0333d7b0617842d99d35451a24ec212c - - default default] Successfully bumped revision number for resource 06765e03-449c-4b8c-8c3b-780f054b3b27 (type: ports) to 1
2026-07-02 11:17:46.479 9 INFO neutron.wsgi [None req-eda06fe2-da11-4bde-afde-9e87c05e2448 7134f21c48d6448290837527dc7a92b8 0333d7b0617842d99d35451a24ec212c - - default default] 10.0.0.226 "POST /v2.0/ports HTTP/1.1" status: 201 len: 942 time: 0.6262805
2026-07-02 11:17:46.493 10 WARNING neutron_lib.context [None req-fa6001bf-1c93-4cb0-beda-e8ff3c2af9f7 7134f21c48d6448290837527dc7a92b8 0333d7b0617842d99d35451a24ec212c - - default default] Method 'is_advsvc' is deprecated since 2023.2 release (neutron-lib 3.8.0) and will be removed once support for the old RBAC API policies will be removed from Neutron. Please use method 'is_service_role' instead.
2026-07-02 11:17:46.755 10 INFO neutron.wsgi [None req-fa6001bf-1c93-4cb0-beda-e8ff3c2af9f7 7134f21c48d6448290837527dc7a92b8 0333d7b0617842d99d35451a24ec212c - - default default] 10.0.0.226 "POST /v2.0/trunks HTTP/1.1" status: 201 len: 608 time: 0.2677710 /var/lib/openstack/lib/python3.10/site-packages/pycadf/identifier.py:71: UserWarning: Invalid uuid: neutron. To ensure interoperability, identifiers should be a valid uuid. warnings.warn(('Invalid uuid: %s. To ensure interoperability, '
2026-07-02 11:17:46.765 9 WARNING neutron_lib.context [None req-e1d5da5d-8027-4847-b37c-0d1643fce252 7134f21c48d6448290837527dc7a92b8 0333d7b0617842d99d35451a24ec212c - - default default] Method 'is_advsvc' is deprecated since 2023.2 release (neutron-lib 3.8.0) and will be removed once support for the old RBAC API policies will be removed from Neutron. Please use method 'is_service_role' instead.
2026-07-02 11:17:46.867 9 INFO neutron.db.segments_db [None req-e1d5da5d-8027-4847-b37c-0d1643fce252 7134f21c48d6448290837527dc7a92b8 0333d7b0617842d99d35451a24ec212c - - default default] Added segment 2cbb1679-72d4-4472-b5ec-9b9c99e6cb5b of type geneve for network 8cb17634-f7f9-4b6e-8c85-03cae5b9e0d7
2026-07-02 11:17:47.344 9 INFO neutron.db.ovn_revision_numbers_db [None req-e1d5da5d-8027-4847-b37c-0d1643fce252 7134f21c48d6448290837527dc7a92b8 0333d7b0617842d99d35451a24ec212c - - default default] Successfully bumped revision number for resource 8cb17634-f7f9-4b6e-8c85-03cae5b9e0d7 (type: networks) to 1
2026-07-02 11:17:47.627 9 WARNING neutron.scheduler.dhcp_agent_scheduler [None req-e1d5da5d-8027-4847-b37c-0d1643fce252 7134f21c48d6448290837527dc7a92b8 0333d7b0617842d99d35451a24ec212c - - default default] No more DHCP agents
2026-07-02 11:17:47.630 9 WARNING neutron.api.rpc.agentnotifiers.dhcp_rpc_agent_api [None req-e1d5da5d-8027-4847-b37c-0d1643fce252 7134f21c48d6448290837527dc7a92b8 0333d7b0617842d99d35451a24ec212c - - default default] Unable to schedule network 8cb17634-f7f9-4b6e-8c85-03cae5b9e0d7: no agents available; will retry on subsequent port and subnet creation events.
2026-07-02 11:17:47.753 9 INFO neutron.db.ovn_revision_numbers_db [None req-e1d5da5d-8027-4847-b37c-0d1643fce252 7134f21c48d6448290837527dc7a92b8 0333d7b0617842d99d35451a24ec212c - - default default] Successfully bumped revision number for resource 5c9da8a5-d6b4-41d1-bac9-78f37aba7bcc (type: ports) to 1
2026-07-02 11:17:47.781 9 INFO neutron.wsgi [None req-e1d5da5d-8027-4847-b37c-0d1643fce252 7134f21c48d6448290837527dc7a92b8 0333d7b0617842d99d35451a24ec212c - - default default] 10.0.0.226 "POST /v2.0/networks HTTP/1.1" status: 201 len: 831 time: 1.0210118
2026-07-02 11:17:47.792 9 WARNING neutron_lib.context [None req-66c5f92b-ffa6-4f56-9129-a70bb39d6b6f 7134f21c48d6448290837527dc7a92b8 0333d7b0617842d99d35451a24ec212c - - default default] Method 'is_advsvc' is deprecated since 2023.2 release (neutron-lib 3.8.0) and will be removed once support for the old RBAC API policies will be removed from Neutron. Please use method 'is_service_role' instead.
2026-07-02 11:17:47.884 9 INFO neutron.plugins.ml2.drivers.ovn.mech_driver.mech_driver [None req-f0f4474f-9443-442f-977a-be7ca271417b - - - - - -] OVN reports status down for port: 0fd11321-02a9-4ca4-a4c1-93c676f36c3d
2026-07-02 11:17:47.986 10 INFO neutron.wsgi [req-9e1c39bd-1e06-492e-b6a2-2d8404af4a14 req-2b4618b2-3dd3-436b-a706-9c8dccd0167a c7aa73fbb74b4c7cb19f7840698dae22 46f2ca100337474cbc64fc8893fb54b6 - - default default] 10.0.0.213 "GET /v2.0/ports?device_id=22c4dd8c-0a94-42b4-aed0-a25235b8440c HTTP/1.1" status: 200 len: 1170 time: 0.1477101
2026-07-02 11:17:48.082 10 INFO neutron.wsgi [req-9e1c39bd-1e06-492e-b6a2-2d8404af4a14 req-8046631b-4945-4722-975b-c1550c6538a5 c7aa73fbb74b4c7cb19f7840698dae22 46f2ca100337474cbc64fc8893fb54b6 - - default default] 10.0.0.213 "GET /v2.0/security-groups?id=e4fda55a-d584-4065-8745-9be01797788e&fields=id&fields=name HTTP/1.1" status: 200 len: 312 time: 0.0845363
2026-07-02 11:17:48.143 9 INFO neutron.notifiers.nova [-] Nova event matching ['req-e03caac7-3eb0-4615-b430-6dcc999ff16e'] response: {'server_uuid': '22c4dd8c-0a94-42b4-aed0-a25235b8440c', 'name': 'network-vif-unplugged', 'status': 'completed', 'tag': '0fd11321-02a9-4ca4-a4c1-93c676f36c3d', 'code': 200}
2026-07-02 11:17:48.236 10 INFO neutron.wsgi [req-e8088fa5-7396-4356-b4fd-151f7e7aac6b req-a0fbb3ab-dbc1-4fd6-bc9b-5bcbbf20071b c7aa73fbb74b4c7cb19f7840698dae22 46f2ca100337474cbc64fc8893fb54b6 - - default default] 199.19.213.141 "GET /v2.0/ports?device_id=22c4dd8c-0a94-42b4-aed0-a25235b8440c HTTP/1.1" status: 200 len: 1168 time: 0.0438871
2026-07-02 11:17:48.237 9 WARNING neutron.scheduler.dhcp_agent_scheduler [None req-66c5f92b-ffa6-4f56-9129-a70bb39d6b6f 7134f21c48d6448290837527dc7a92b8 0333d7b0617842d99d35451a24ec212c - - default default] No more DHCP agents
2026-07-02 11:17:48.242 9 WARNING neutron.api.rpc.agentnotifiers.dhcp_rpc_agent_api [None req-66c5f92b-ffa6-4f56-9129-a70bb39d6b6f 7134f21c48d6448290837527dc7a92b8 0333d7b0617842d99d35451a24ec212c - - default default] Unable to schedule network 8cb17634-f7f9-4b6e-8c85-03cae5b9e0d7: no agents available; will retry on subsequent port and subnet creation events.
2026-07-02 11:17:48.380 9 INFO neutron.db.ovn_revision_numbers_db [None req-66c5f92b-ffa6-4f56-9129-a70bb39d6b6f 7134f21c48d6448290837527dc7a92b8 0333d7b0617842d99d35451a24ec212c - - default default] Successfully bumped revision number for resource 8d7e3752-f3f6-4891-a8ed-48760a003e0d (type: ports) to 1
2026-07-02 11:17:48.426 9 INFO neutron.wsgi [None req-66c5f92b-ffa6-4f56-9129-a70bb39d6b6f 7134f21c48d6448290837527dc7a92b8 0333d7b0617842d99d35451a24ec212c - - default default] 10.0.0.226 "POST /v2.0/ports HTTP/1.1" status: 201 len: 942 time: 0.6403587
2026-07-02 11:17:48.428 9 INFO neutron.db.ovn_revision_numbers_db [None req-f0f4474f-9443-442f-977a-be7ca271417b - - - - - -] Successfully bumped revision number for resource 0fd11321-02a9-4ca4-a4c1-93c676f36c3d (type: ports) to 5 /var/lib/openstack/lib/python3.10/site-packages/pycadf/identifier.py:71: UserWarning: Invalid uuid: neutron. To ensure interoperability, identifiers should be a valid uuid. warnings.warn(('Invalid uuid: %s. To ensure interoperability, '
2026-07-02 11:17:48.437 9 WARNING neutron_lib.context [None req-c688d9b2-0e06-40cb-8ed8-cc1be35aa46a 7134f21c48d6448290837527dc7a92b8 0333d7b0617842d99d35451a24ec212c - - default default] Method 'is_advsvc' is deprecated since 2023.2 release (neutron-lib 3.8.0) and will be removed once support for the old RBAC API policies will be removed from Neutron. Please use method 'is_service_role' instead.
2026-07-02 11:17:48.697 9 INFO neutron.wsgi [None req-c688d9b2-0e06-40cb-8ed8-cc1be35aa46a 7134f21c48d6448290837527dc7a92b8 0333d7b0617842d99d35451a24ec212c - - default default] 10.0.0.226 "POST /v2.0/trunks HTTP/1.1" status: 201 len: 608 time: 0.2654982 /var/lib/openstack/lib/python3.10/site-packages/pycadf/identifier.py:71: UserWarning: Invalid uuid: neutron. To ensure interoperability, identifiers should be a valid uuid. warnings.warn(('Invalid uuid: %s. To ensure interoperability, '
2026-07-02 11:17:48.741 10 INFO neutron.db.l3_db [req-e8088fa5-7396-4356-b4fd-151f7e7aac6b req-50f485e0-9a97-4a89-b798-73a7d82c98f6 c7aa73fbb74b4c7cb19f7840698dae22 46f2ca100337474cbc64fc8893fb54b6 - - default default] Floating IP 8f6a716a-2ffd-4b6c-ad00-182c935bde2c disassociated. External IP: 10.96.250.218, port: 0fd11321-02a9-4ca4-a4c1-93c676f36c3d.
2026-07-02 11:17:48.746 9 INFO neutron.wsgi [None req-7d53a377-0206-4853-9b11-9bdac18c68a1 7134f21c48d6448290837527dc7a92b8 0333d7b0617842d99d35451a24ec212c - - default default] 10.0.0.226 "PUT /v2.0/trunks/db5acecd-90ec-403c-9711-3fa49f5967e0/tags HTTP/1.1" status: 200 len: 210 time: 0.0377274
2026-07-02 11:17:48.796 9 INFO neutron.wsgi [None req-a8058392-8308-4575-839e-f075100ed2f4 7134f21c48d6448290837527dc7a92b8 0333d7b0617842d99d35451a24ec212c - - default default] 10.0.0.226 "PUT /v2.0/trunks/2708cf92-3f86-4fee-92d8-76af2baa5bf8/tags HTTP/1.1" status: 200 len: 218 time: 0.0398352
2026-07-02 11:17:48.844 9 INFO neutron.wsgi [None req-29a63183-89c7-42bc-96d7-15f50de94a37 7134f21c48d6448290837527dc7a92b8 0333d7b0617842d99d35451a24ec212c - - default default] 10.0.0.226 "PUT /v2.0/trunks/8b21d085-4287-436e-a283-6aded2235a15/tags HTTP/1.1" status: 200 len: 227 time: 0.0436666
2026-07-02 11:17:48.887 9 INFO neutron.wsgi [None req-8f9de1de-d34d-4eea-805c-249afe6603f2 7134f21c48d6448290837527dc7a92b8 0333d7b0617842d99d35451a24ec212c - - default default] 10.0.0.226 "PUT /v2.0/trunks/29a65667-b09d-416c-a05d-a0f18588b865/tags HTTP/1.1" status: 200 len: 212 time: 0.0379713
2026-07-02 11:17:48.930 9 INFO neutron.wsgi [None req-fb12d625-7ab8-4510-96c6-f20e0eed6c16 7134f21c48d6448290837527dc7a92b8 0333d7b0617842d99d35451a24ec212c - - default default] 10.0.0.226 "GET /v2.0/trunks?tags=red HTTP/1.1" status: 200 len: 1447 time: 0.0384192
2026-07-02 11:17:48.973 10 INFO neutron.wsgi [req-e8088fa5-7396-4356-b4fd-151f7e7aac6b req-50f485e0-9a97-4a89-b798-73a7d82c98f6 c7aa73fbb74b4c7cb19f7840698dae22 46f2ca100337474cbc64fc8893fb54b6 - - default default] 199.19.213.141 "DELETE /v2.0/ports/0fd11321-02a9-4ca4-a4c1-93c676f36c3d HTTP/1.1" status: 204 len: 173 time: 0.7316339
2026-07-02 11:17:48.976 9 INFO neutron.wsgi [None req-67548fe7-60c7-44f2-9f7a-36e7f0477aaa 7134f21c48d6448290837527dc7a92b8 0333d7b0617842d99d35451a24ec212c - - default default] 10.0.0.226 "GET /v2.0/trunks?tags=red%2Cblue HTTP/1.1" status: 200 len: 1041 time: 0.0393770
2026-07-02 11:17:49.017 9 INFO neutron.wsgi [None req-51fa68db-bd78-4d27-aeea-f2d4e5aa49cb 7134f21c48d6448290837527dc7a92b8 0333d7b0617842d99d35451a24ec212c - - default default] 10.0.0.226 "GET /v2.0/trunks?tags-any=blue HTTP/1.1" status: 200 len: 1041 time: 0.0305681
2026-07-02 11:17:49.017 10 INFO neutron.notifiers.nova [-] Nova event matching ['req-9530f81a-6fa9-4429-a2ee-7c853b5c395e'] response: {'server_uuid': '22c4dd8c-0a94-42b4-aed0-a25235b8440c', 'name': 'network-vif-deleted', 'tag': '0fd11321-02a9-4ca4-a4c1-93c676f36c3d', 'status': 'completed', 'code': 200} /var/lib/openstack/lib/python3.10/site-packages/pycadf/identifier.py:71: UserWarning: Invalid uuid: neutron. To ensure interoperability, identifiers should be a valid uuid. warnings.warn(('Invalid uuid: %s. To ensure interoperability, '
2026-07-02 11:17:49.062 10 INFO neutron.wsgi [None req-d81309a9-76d3-4f87-8afe-8790c7cd7db7 7134f21c48d6448290837527dc7a92b8 0333d7b0617842d99d35451a24ec212c - - default default] 10.0.0.226 "GET /v2.0/trunks?tags-any=red%2Cblue HTTP/1.1" status: 200 len: 1447 time: 0.0395420
2026-07-02 11:17:49.094 9 INFO neutron.wsgi [None req-535cec4a-af41-4972-a935-5308d2b44271 7134f21c48d6448290837527dc7a92b8 0333d7b0617842d99d35451a24ec212c - - default default] 10.0.0.226 "GET /v2.0/trunks?not-tags=red HTTP/1.1" status: 200 len: 1013 time: 0.0264232
2026-07-02 11:17:49.132 9 INFO neutron.wsgi [None req-401b07bf-1fc2-4b1f-af5c-2d23e5f7501c 7134f21c48d6448290837527dc7a92b8 0333d7b0617842d99d35451a24ec212c - - default default] 10.0.0.226 "GET /v2.0/trunks?not-tags=red%2Cblue HTTP/1.1" status: 200 len: 1419 time: 0.0337651
2026-07-02 11:17:49.173 9 INFO neutron.wsgi [None req-208df2a6-50f7-49cd-9394-0e157cedf76d 7134f21c48d6448290837527dc7a92b8 0333d7b0617842d99d35451a24ec212c - - default default] 10.0.0.226 "GET /v2.0/trunks?not-tags-any=blue HTTP/1.1" status: 200 len: 1419 time: 0.0367401
2026-07-02 11:17:49.199 9 INFO neutron.wsgi [None req-2cf639d1-f9c0-4c92-8921-58d8afb9510a 7134f21c48d6448290837527dc7a92b8 0333d7b0617842d99d35451a24ec212c - - default default] 10.0.0.226 "GET /v2.0/trunks?not-tags-any=red%2Cblue HTTP/1.1" status: 200 len: 1013 time: 0.0213208
2026-07-02 11:17:49.223 9 INFO neutron.wsgi [req-063fa81e-af26-478f-ae18-5e88cbcbd5ad req-bef43591-c6b2-463e-af0f-e20fdb6a32e8 c7aa73fbb74b4c7cb19f7840698dae22 46f2ca100337474cbc64fc8893fb54b6 - - default default] 10.0.0.213 "GET /v2.0/ports?device_id=22c4dd8c-0a94-42b4-aed0-a25235b8440c HTTP/1.1" status: 200 len: 210 time: 0.0212054
2026-07-02 11:17:49.243 10 INFO neutron.wsgi [None req-7082b77a-d1d3-4cb4-b36b-f393df3b0c78 7134f21c48d6448290837527dc7a92b8 0333d7b0617842d99d35451a24ec212c - - default default] 10.0.0.226 "GET /v2.0/trunks/db5acecd-90ec-403c-9711-3fa49f5967e0 HTTP/1.1" status: 200 len: 608 time: 0.0383716
2026-07-02 11:17:49.393 10 INFO neutron.wsgi [None req-a44122bb-5b0f-4691-8f3d-0617a07f6d86 7134f21c48d6448290837527dc7a92b8 0333d7b0617842d99d35451a24ec212c - - default default] 10.0.0.226 "GET /v2.0/ports/f3c9cc0a-2334-4a7e-95b7-8eca0f36e17e HTTP/1.1" status: 200 len: 1020 time: 0.1457946
2026-07-02 11:17:49.514 10 INFO neutron.wsgi [None req-dba7ce33-0de0-4aef-9d44-e15a713fece6 7134f21c48d6448290837527dc7a92b8 0333d7b0617842d99d35451a24ec212c - - default default] 10.0.0.226 "DELETE /v2.0/trunks/db5acecd-90ec-403c-9711-3fa49f5967e0 HTTP/1.1" status: 204 len: 168 time: 0.1172650
2026-07-02 11:17:49.543 10 INFO neutron.wsgi [None req-a800d8e2-6a36-49a2-9f67-8ce2bc630ccc 7134f21c48d6448290837527dc7a92b8 0333d7b0617842d99d35451a24ec212c - - default default] 10.0.0.226 "GET /v2.0/trunks/2708cf92-3f86-4fee-92d8-76af2baa5bf8 HTTP/1.1" status: 200 len: 616 time: 0.0208709
2026-07-02 11:17:49.658 10 INFO neutron.wsgi [None req-ed5f07c7-0f80-4e5e-bf0a-6c6cc7fb3230 7134f21c48d6448290837527dc7a92b8 0333d7b0617842d99d35451a24ec212c - - default default] 10.0.0.226 "GET /v2.0/ports/c7487ecd-86ea-4c63-9ef7-edc43fa491e8 HTTP/1.1" status: 200 len: 1020 time: 0.1091416
2026-07-02 11:17:49.752 10 INFO neutron.wsgi [None req-0d6b9a7a-21ef-485f-9e16-e4e5799e5be6 7134f21c48d6448290837527dc7a92b8 0333d7b0617842d99d35451a24ec212c - - default default] 10.0.0.226 "DELETE /v2.0/trunks/2708cf92-3f86-4fee-92d8-76af2baa5bf8 HTTP/1.1" status: 204 len: 168 time: 0.0877964
2026-07-02 11:17:49.776 10 INFO neutron.wsgi [None req-0ce01b93-0262-49d4-9fc9-516cf9c28950 7134f21c48d6448290837527dc7a92b8 0333d7b0617842d99d35451a24ec212c - - default default] 10.0.0.226 "GET /v2.0/trunks/8b21d085-4287-436e-a283-6aded2235a15 HTTP/1.1" status: 200 len: 625 time: 0.0181527
2026-07-02 11:17:49.874 10 INFO neutron.wsgi [None req-3677be96-8d99-4dee-971e-de0c108220a2 7134f21c48d6448290837527dc7a92b8 0333d7b0617842d99d35451a24ec212c - - default default] 10.0.0.226 "GET /v2.0/ports/e7e184df-48ef-4e26-bab8-d816e153df44 HTTP/1.1" status: 200 len: 1020 time: 0.0945063
2026-07-02 11:17:49.966 10 INFO neutron.wsgi [None req-c466d6d8-7be2-428f-b59b-1fa5f4771245 7134f21c48d6448290837527dc7a92b8 0333d7b0617842d99d35451a24ec212c - - default default] 10.0.0.226 "DELETE /v2.0/trunks/8b21d085-4287-436e-a283-6aded2235a15 HTTP/1.1" status: 204 len: 168 time: 0.0863054
2026-07-02 11:17:49.993 10 INFO neutron.wsgi [None req-30000e70-3422-42ae-8fa5-ad612150a3e1 7134f21c48d6448290837527dc7a92b8 0333d7b0617842d99d35451a24ec212c - - default default] 10.0.0.226 "GET /v2.0/trunks/29a65667-b09d-416c-a05d-a0f18588b865 HTTP/1.1" status: 200 len: 610 time: 0.0207970
2026-07-02 11:17:50.110 10 INFO neutron.wsgi [None req-a8ffa49c-2edc-4cc4-b7b8-888c023991be 7134f21c48d6448290837527dc7a92b8 0333d7b0617842d99d35451a24ec212c - - default default] 10.0.0.226 "GET /v2.0/ports/06765e03-449c-4b8c-8c3b-780f054b3b27 HTTP/1.1" status: 200 len: 1020 time: 0.1100326
2026-07-02 11:17:50.183 9 INFO neutron.notifiers.nova [-] Nova event matching ['req-f70bb209-7ce9-4e80-8fac-b695d765d0a9'] response: {'server_uuid': '22c4dd8c-0a94-42b4-aed0-a25235b8440c', 'name': 'network-vif-plugged', 'status': 'completed', 'tag': '0fd11321-02a9-4ca4-a4c1-93c676f36c3d', 'code': 200}
2026-07-02 11:17:50.225 10 INFO neutron.wsgi [None req-c043041d-153c-469d-88fd-e56c2f8d97c8 7134f21c48d6448290837527dc7a92b8 0333d7b0617842d99d35451a24ec212c - - default default] 10.0.0.226 "DELETE /v2.0/trunks/29a65667-b09d-416c-a05d-a0f18588b865 HTTP/1.1" status: 204 len: 168 time: 0.1098757
2026-07-02 11:17:50.249 10 INFO neutron.wsgi [None req-e976e649-5e6d-4796-bc11-e27a310256fb 7134f21c48d6448290837527dc7a92b8 0333d7b0617842d99d35451a24ec212c - - default default] 10.0.0.226 "GET /v2.0/trunks/38bb260a-5729-420a-b5ab-44fd17ae4ed7 HTTP/1.1" status: 200 len: 603 time: 0.0190594
2026-07-02 11:17:50.345 10 INFO neutron.wsgi [None req-d510f479-0e23-416e-856a-da8c3348daaa 7134f21c48d6448290837527dc7a92b8 0333d7b0617842d99d35451a24ec212c - - default default] 10.0.0.226 "GET /v2.0/ports/8d7e3752-f3f6-4891-a8ed-48760a003e0d HTTP/1.1" status: 200 len: 1020 time: 0.0903418
2026-07-02 11:17:50.444 9 INFO neutron.wsgi [None req-bc2015e8-1668-4ef5-9d3b-2b13953c4414 c7aa73fbb74b4c7cb19f7840698dae22 46f2ca100337474cbc64fc8893fb54b6 - - default default] 10.0.0.226 "DELETE /v2.0/security-groups/e4fda55a-d584-4065-8745-9be01797788e HTTP/1.1" status: 204 len: 168 time: 0.1574039
2026-07-02 11:17:50.449 10 INFO neutron.wsgi [None req-d17b2a2e-7eac-425f-aaa8-3e6f8308ea97 7134f21c48d6448290837527dc7a92b8 0333d7b0617842d99d35451a24ec212c - - default default] 10.0.0.226 "DELETE /v2.0/trunks/38bb260a-5729-420a-b5ab-44fd17ae4ed7 HTTP/1.1" status: 204 len: 168 time: 0.0996089
2026-07-02 11:17:50.814 10 INFO neutron.wsgi [None req-88e8b396-4c33-4f7e-aee2-8e687f611d83 7134f21c48d6448290837527dc7a92b8 0333d7b0617842d99d35451a24ec212c - - default default] 10.0.0.226 "DELETE /v2.0/ports/f3c9cc0a-2334-4a7e-95b7-8eca0f36e17e HTTP/1.1" status: 204 len: 168 time: 0.3486700
2026-07-02 11:17:50.974 9 INFO neutron.wsgi [None req-f188b53f-1033-4ead-acde-1b07bc5d80b2 c7aa73fbb74b4c7cb19f7840698dae22 46f2ca100337474cbc64fc8893fb54b6 - - default default] 10.0.0.226 "DELETE /v2.0/floatingips/8f6a716a-2ffd-4b6c-ad00-182c935bde2c HTTP/1.1" status: 204 len: 168 time: 0.4828305
2026-07-02 11:17:51.189 10 INFO neutron.wsgi [None req-a6d1ee9b-8576-4efe-aa8e-19e4eddb7415 7134f21c48d6448290837527dc7a92b8 0333d7b0617842d99d35451a24ec212c - - default default] 10.0.0.226 "DELETE /v2.0/ports/c7487ecd-86ea-4c63-9ef7-edc43fa491e8 HTTP/1.1" status: 204 len: 168 time: 0.3672576
2026-07-02 11:17:51.307 9 INFO neutron.plugins.ml2.drivers.ovn.mech_driver.mech_driver [None req-f0f4474f-9443-442f-977a-be7ca271417b - - - - - -] OVN reports status down for port: 818df730-49c6-4591-a64f-7bb25110b087
2026-07-02 11:17:51.310 10 INFO neutron.wsgi [req-5844160f-9925-47d9-b706-e53493a6d050 req-7954aebc-9b87-4ad6-a615-aa3f0e51ffd3 c7aa73fbb74b4c7cb19f7840698dae22 46f2ca100337474cbc64fc8893fb54b6 - - default default] 10.0.0.213 "GET /v2.0/ports?device_id=4d017670-cd1e-4531-8bb1-543a5882b93a HTTP/1.1" status: 200 len: 1170 time: 0.0612681
2026-07-02 11:17:51.707 10 INFO neutron.wsgi [req-5844160f-9925-47d9-b706-e53493a6d050 req-2587aacb-9136-4366-bf82-0f3f551f56b6 c7aa73fbb74b4c7cb19f7840698dae22 46f2ca100337474cbc64fc8893fb54b6 - - default default] 10.0.0.213 "GET /v2.0/security-groups?id=fea25132-7f42-4822-80d7-7a8a36b3c807&fields=id&fields=name HTTP/1.1" status: 200 len: 312 time: 0.3861785
2026-07-02 11:17:51.733 10 INFO neutron.wsgi [req-441f6cdd-a697-4668-bef6-09687e52cfa4 req-58d850f7-e7c1-4de8-892f-0c30cf5d8125 c7aa73fbb74b4c7cb19f7840698dae22 46f2ca100337474cbc64fc8893fb54b6 - - default default] 199.19.213.141 "GET /v2.0/ports?device_id=4d017670-cd1e-4531-8bb1-543a5882b93a HTTP/1.1" status: 200 len: 1168 time: 0.0860457
2026-07-02 11:17:51.753 9 INFO neutron.db.ovn_revision_numbers_db [None req-f0f4474f-9443-442f-977a-be7ca271417b - - - - - -] Successfully bumped revision number for resource 818df730-49c6-4591-a64f-7bb25110b087 (type: ports) to 5
2026-07-02 11:17:51.937 10 INFO neutron.wsgi [None req-6ce345b6-4cee-480f-ae09-e876fb2ec07d 7134f21c48d6448290837527dc7a92b8 0333d7b0617842d99d35451a24ec212c - - default default] 10.0.0.226 "DELETE /v2.0/ports/e7e184df-48ef-4e26-bab8-d816e153df44 HTTP/1.1" status: 204 len: 168 time: 0.7417312
2026-07-02 11:17:52.225 9 INFO neutron.notifiers.nova [-] Nova event matching ['req-15df97ce-385d-4e7b-b89b-fde53478c928'] response: {'server_uuid': '4d017670-cd1e-4531-8bb1-543a5882b93a', 'name': 'network-vif-unplugged', 'status': 'completed', 'tag': '818df730-49c6-4591-a64f-7bb25110b087', 'code': 200}
2026-07-02 11:17:52.225 9 INFO neutron.notifiers.nova [-] Nova event matching ['req-15df97ce-385d-4e7b-b89b-fde53478c928'] response: {'server_uuid': '4d017670-cd1e-4531-8bb1-543a5882b93a', 'name': 'network-vif-plugged', 'status': 'completed', 'tag': '818df730-49c6-4591-a64f-7bb25110b087', 'code': 200}
2026-07-02 11:17:52.240 10 INFO neutron.wsgi [req-441f6cdd-a697-4668-bef6-09687e52cfa4 req-1185451b-6e34-4b41-a2a6-9d542c93f9ba c7aa73fbb74b4c7cb19f7840698dae22 46f2ca100337474cbc64fc8893fb54b6 - - default default] 199.19.213.141 "DELETE /v2.0/ports/818df730-49c6-4591-a64f-7bb25110b087 HTTP/1.1" status: 204 len: 173 time: 0.5042419
2026-07-02 11:17:52.290 10 INFO neutron.notifiers.nova [-] Nova event matching ['req-2b91ff6c-5424-418c-b85f-39629b22d8ea'] response: {'server_uuid': '4d017670-cd1e-4531-8bb1-543a5882b93a', 'name': 'network-vif-deleted', 'tag': '818df730-49c6-4591-a64f-7bb25110b087', 'status': 'completed', 'code': 200}
2026-07-02 11:17:52.317 10 INFO neutron.wsgi [None req-3bd73b7f-0196-43ea-9550-59ae093cebd8 7134f21c48d6448290837527dc7a92b8 0333d7b0617842d99d35451a24ec212c - - default default] 10.0.0.226 "DELETE /v2.0/ports/06765e03-449c-4b8c-8c3b-780f054b3b27 HTTP/1.1" status: 204 len: 168 time: 0.3744035
2026-07-02 11:17:52.619 10 INFO neutron.wsgi [None req-5377b91a-fec2-4588-8b42-bbb4d73d38f8 7134f21c48d6448290837527dc7a92b8 0333d7b0617842d99d35451a24ec212c - - default default] 10.0.0.226 "DELETE /v2.0/ports/8d7e3752-f3f6-4891-a8ed-48760a003e0d HTTP/1.1" status: 204 len: 168 time: 0.2970340 /var/lib/openstack/lib/python3.10/site-packages/pycadf/identifier.py:71: UserWarning: Invalid uuid: neutron. To ensure interoperability, identifiers should be a valid uuid. warnings.warn(('Invalid uuid: %s. To ensure interoperability, '
2026-07-02 11:17:52.968 9 INFO neutron.wsgi [None req-a4dade8c-aef5-4d56-b9a5-68f9a7120711 c7aa73fbb74b4c7cb19f7840698dae22 46f2ca100337474cbc64fc8893fb54b6 - - default default] 10.0.0.226 "DELETE /v2.0/security-groups/fea25132-7f42-4822-80d7-7a8a36b3c807 HTTP/1.1" status: 204 len: 168 time: 0.1968057
2026-07-02 11:17:53.030 10 INFO neutron.services.segments.plugin [-] Segment 92d38532-ff4d-4d3b-8b8a-aa6b5240d74e resource provider aggregate not found
2026-07-02 11:17:53.036 10 INFO neutron.services.segments.plugin [-] Segment 92d38532-ff4d-4d3b-8b8a-aa6b5240d74e resource provider aggregate not found
2026-07-02 11:17:53.059 10 INFO neutron.services.segments.plugin [-] Segment 92d38532-ff4d-4d3b-8b8a-aa6b5240d74e resource provider not found; error: Placement Client Error (4xx): {"errors": [{"status": 404, "title": "Not Found", "detail": "The resource could not be found.\n\n No resource provider with uuid 92d38532-ff4d-4d3b-8b8a-aa6b5240d74e found for delete ", "request_id": "req-181b0504-2467-4a72-a17a-0fa143123ff6"}]}
2026-07-02 11:17:53.065 10 INFO neutron.services.segments.plugin [-] Segment 92d38532-ff4d-4d3b-8b8a-aa6b5240d74e resource provider not found; error: Placement Client Error (4xx): {"errors": [{"status": 404, "title": "Not Found", "detail": "The resource could not be found.\n\n No resource provider with uuid 92d38532-ff4d-4d3b-8b8a-aa6b5240d74e found for delete ", "request_id": "req-14d3a5e0-65dd-433d-bfef-7c623a1c53f8"}]}
2026-07-02 11:17:53.094 10 INFO neutron.wsgi [None req-df00b5e7-47de-40fa-9814-3d2b7698f45a 7134f21c48d6448290837527dc7a92b8 0333d7b0617842d99d35451a24ec212c - - default default] 10.0.0.226 "DELETE /v2.0/networks/0f8e7723-05c0-4c68-b2d3-96d89391f217 HTTP/1.1" status: 204 len: 168 time: 0.4705381
2026-07-02 11:17:53.584 10 INFO neutron.wsgi [None req-02fefed4-8395-4ddc-a2fb-4dd9f75ceae9 7134f21c48d6448290837527dc7a92b8 0333d7b0617842d99d35451a24ec212c - - default default] 10.0.0.226 "DELETE /v2.0/networks/5e95ec7c-b55a-431f-b46d-efed3df2a1e7 HTTP/1.1" status: 204 len: 168 time: 0.4804156
2026-07-02 11:17:54.437 9 INFO neutron.services.segments.plugin [-] Segment a7cd51a6-fbd0-4a25-a2d2-1726a141cc52 resource provider aggregate not found
2026-07-02 11:17:54.445 9 INFO neutron.services.segments.plugin [-] Segment a7cd51a6-fbd0-4a25-a2d2-1726a141cc52 resource provider aggregate not found
2026-07-02 11:17:54.466 9 INFO neutron.services.segments.plugin [-] Segment a7cd51a6-fbd0-4a25-a2d2-1726a141cc52 resource provider not found; error: Placement Client Error (4xx): {"errors": [{"status": 404, "title": "Not Found", "detail": "The resource could not be found.\n\n No resource provider with uuid a7cd51a6-fbd0-4a25-a2d2-1726a141cc52 found for delete ", "request_id": "req-f8cb570c-dcb2-4d97-9d74-d3a4adadf163"}]}
2026-07-02 11:17:54.467 9 INFO neutron.services.segments.plugin [-] Segment a7cd51a6-fbd0-4a25-a2d2-1726a141cc52 resource provider not found; error: Placement Client Error (4xx): {"errors": [{"status": 404, "title": "Not Found", "detail": "The resource could not be found.\n\n No resource provider with uuid a7cd51a6-fbd0-4a25-a2d2-1726a141cc52 found for delete ", "request_id": "req-bed7a6a9-559a-4d6e-b6c6-059a06d7cd7a"}]}
2026-07-02 11:17:54.497 9 INFO neutron.wsgi [None req-36e222e0-afe8-48b1-870b-292a5bb827a2 7134f21c48d6448290837527dc7a92b8 0333d7b0617842d99d35451a24ec212c - - default default] 10.0.0.226 "DELETE /v2.0/networks/6bc9e2d9-f94f-4e45-bcff-0493bc012da6 HTTP/1.1" status: 204 len: 168 time: 0.9079709
2026-07-02 11:17:54.613 9 INFO neutron.wsgi [None req-24246736-c2a0-4b27-a285-34821d66435b c7aa73fbb74b4c7cb19f7840698dae22 46f2ca100337474cbc64fc8893fb54b6 - - default default] 10.0.0.226 "PUT /v2.0/routers/a17cc975-da5a-4499-9b5d-50c6e1c6af0b/remove_router_interface HTTP/1.1" status: 200 len: 503 time: 1.6054518
2026-07-02 11:17:54.965 10 INFO neutron.wsgi [None req-2a045faf-8b26-40d5-98f5-11acafec4175 c7aa73fbb74b4c7cb19f7840698dae22 46f2ca100337474cbc64fc8893fb54b6 - - default default] 10.0.0.226 "DELETE /v2.0/subnets/fcbe4bc4-35e1-450d-8e39-e64806901522 HTTP/1.1" status: 204 len: 168 time: 0.3473833 /var/lib/openstack/lib/python3.10/site-packages/pycadf/identifier.py:71: UserWarning: Invalid uuid: neutron. To ensure interoperability, identifiers should be a valid uuid. warnings.warn(('Invalid uuid: %s. To ensure interoperability, '
2026-07-02 11:17:55.102 10 INFO neutron.services.segments.plugin [-] Segment 136839ad-1bdd-4fa1-9670-fa535c3fca64 resource provider aggregate not found
2026-07-02 11:17:55.108 10 INFO neutron.services.segments.plugin [-] Segment 136839ad-1bdd-4fa1-9670-fa535c3fca64 resource provider aggregate not found
2026-07-02 11:17:55.125 10 INFO neutron.services.segments.plugin [-] Segment 136839ad-1bdd-4fa1-9670-fa535c3fca64 resource provider not found; error: Placement Client Error (4xx): {"errors": [{"status": 404, "title": "Not Found", "detail": "The resource could not be found.\n\n No resource provider with uuid 136839ad-1bdd-4fa1-9670-fa535c3fca64 found for delete ", "request_id": "req-dec89f6a-af59-4d9d-b775-8295c94fe5b3"}]}
