2026-07-02 11:16:42.685 9 INFO neutron.wsgi [None req-43f60a18-03cc-4504-a17e-916f0782f150 49bbfea4ad2f461489106c0b8b913bd7 98ec112854d4458798efd6c8b4ee493b - - default default] 10.0.0.226 "POST /v2.0/security-group-rules HTTP/1.1" status: 201 len: 764 time: 0.1715343
2026-07-02 11:16:42.695 9 WARNING neutron_lib.context [None req-d475524a-0085-499d-9979-a289899bca21 49bbfea4ad2f461489106c0b8b913bd7 98ec112854d4458798efd6c8b4ee493b - - default default] Method 'is_advsvc' is deprecated since 2023.2 release (neutron-lib 3.8.0) and will be removed once support for the old RBAC API policies will be removed from Neutron. Please use method 'is_service_role' instead.
2026-07-02 11:16:42.812 9 INFO neutron.db.ovn_revision_numbers_db [None req-d475524a-0085-499d-9979-a289899bca21 49bbfea4ad2f461489106c0b8b913bd7 98ec112854d4458798efd6c8b4ee493b - - default default] Successfully bumped revision number for resource 28b8d222-adaf-4102-a830-f7b730ab6f20 (type: security_group_rules) to 0
2026-07-02 11:16:42.839 9 INFO neutron.wsgi [None req-d475524a-0085-499d-9979-a289899bca21 49bbfea4ad2f461489106c0b8b913bd7 98ec112854d4458798efd6c8b4ee493b - - default default] 10.0.0.226 "POST /v2.0/security-group-rules HTTP/1.1" status: 201 len: 764 time: 0.1486678
2026-07-02 11:16:42.852 9 WARNING neutron_lib.context [None req-a1797266-de87-48c9-90c7-ceefca18c67b 49bbfea4ad2f461489106c0b8b913bd7 98ec112854d4458798efd6c8b4ee493b - - default default] Method 'is_advsvc' is deprecated since 2023.2 release (neutron-lib 3.8.0) and will be removed once support for the old RBAC API policies will be removed from Neutron. Please use method 'is_service_role' instead.
2026-07-02 11:16:42.994 9 INFO neutron.db.ovn_revision_numbers_db [None req-a1797266-de87-48c9-90c7-ceefca18c67b 49bbfea4ad2f461489106c0b8b913bd7 98ec112854d4458798efd6c8b4ee493b - - default default] Successfully bumped revision number for resource 30ab04ea-8ce7-4f47-9eac-ce193475b5c4 (type: security_group_rules) to 0
2026-07-02 11:16:43.025 9 INFO neutron.wsgi [None req-a1797266-de87-48c9-90c7-ceefca18c67b 49bbfea4ad2f461489106c0b8b913bd7 98ec112854d4458798efd6c8b4ee493b - - default default] 10.0.0.226 "POST /v2.0/security-group-rules HTTP/1.1" status: 201 len: 766 time: 0.1824000
2026-07-02 11:16:43.038 9 WARNING neutron_lib.context [None req-8e444aa4-4d22-4634-ad2a-9e382c37689d 49bbfea4ad2f461489106c0b8b913bd7 98ec112854d4458798efd6c8b4ee493b - - default default] Method 'is_advsvc' is deprecated since 2023.2 release (neutron-lib 3.8.0) and will be removed once support for the old RBAC API policies will be removed from Neutron. Please use method 'is_service_role' instead.
2026-07-02 11:16:43.178 9 INFO neutron.db.ovn_revision_numbers_db [None req-8e444aa4-4d22-4634-ad2a-9e382c37689d 49bbfea4ad2f461489106c0b8b913bd7 98ec112854d4458798efd6c8b4ee493b - - default default] Successfully bumped revision number for resource c8ca60c4-51c7-445a-ba09-9d0821b2b0f3 (type: security_group_rules) to 0
2026-07-02 11:16:43.215 9 INFO neutron.wsgi [None req-8e444aa4-4d22-4634-ad2a-9e382c37689d 49bbfea4ad2f461489106c0b8b913bd7 98ec112854d4458798efd6c8b4ee493b - - default default] 10.0.0.226 "POST /v2.0/security-group-rules HTTP/1.1" status: 201 len: 768 time: 0.1846192
2026-07-02 11:16:43.227 9 WARNING neutron_lib.context [None req-d37d51e7-70b6-430e-8e30-aa8be4e7c0e7 49bbfea4ad2f461489106c0b8b913bd7 98ec112854d4458798efd6c8b4ee493b - - default default] Method 'is_advsvc' is deprecated since 2023.2 release (neutron-lib 3.8.0) and will be removed once support for the old RBAC API policies will be removed from Neutron. Please use method 'is_service_role' instead.
2026-07-02 11:16:43.345 9 INFO neutron.db.ovn_revision_numbers_db [None req-d37d51e7-70b6-430e-8e30-aa8be4e7c0e7 49bbfea4ad2f461489106c0b8b913bd7 98ec112854d4458798efd6c8b4ee493b - - default default] Successfully bumped revision number for resource 64dc0a98-db7a-4677-8100-9e9de6e3ad80 (type: security_group_rules) to 0
2026-07-02 11:16:43.370 9 INFO neutron.wsgi [None req-d37d51e7-70b6-430e-8e30-aa8be4e7c0e7 49bbfea4ad2f461489106c0b8b913bd7 98ec112854d4458798efd6c8b4ee493b - - default default] 10.0.0.226 "POST /v2.0/security-group-rules HTTP/1.1" status: 201 len: 768 time: 0.1496384
2026-07-02 11:16:43.381 9 WARNING neutron_lib.context [None req-155475f1-bbb4-4209-8887-756e6ef6c942 49bbfea4ad2f461489106c0b8b913bd7 98ec112854d4458798efd6c8b4ee493b - - default default] Method 'is_advsvc' is deprecated since 2023.2 release (neutron-lib 3.8.0) and will be removed once support for the old RBAC API policies will be removed from Neutron. Please use method 'is_service_role' instead.
2026-07-02 11:16:43.513 9 INFO neutron.db.ovn_revision_numbers_db [None req-155475f1-bbb4-4209-8887-756e6ef6c942 49bbfea4ad2f461489106c0b8b913bd7 98ec112854d4458798efd6c8b4ee493b - - default default] Successfully bumped revision number for resource 7fea1901-945a-4299-b8df-97a40e75ee8f (type: security_group_rules) to 0
2026-07-02 11:16:43.540 9 INFO neutron.wsgi [None req-155475f1-bbb4-4209-8887-756e6ef6c942 49bbfea4ad2f461489106c0b8b913bd7 98ec112854d4458798efd6c8b4ee493b - - default default] 10.0.0.226 "POST /v2.0/security-group-rules HTTP/1.1" status: 201 len: 764 time: 0.1635067
2026-07-02 11:16:43.549 9 WARNING neutron_lib.context [None req-0574e2d8-eb36-4b18-bced-ef8aab26e450 49bbfea4ad2f461489106c0b8b913bd7 98ec112854d4458798efd6c8b4ee493b - - default default] Method 'is_advsvc' is deprecated since 2023.2 release (neutron-lib 3.8.0) and will be removed once support for the old RBAC API policies will be removed from Neutron. Please use method 'is_service_role' instead.
2026-07-02 11:16:43.684 9 INFO neutron.db.ovn_revision_numbers_db [None req-0574e2d8-eb36-4b18-bced-ef8aab26e450 49bbfea4ad2f461489106c0b8b913bd7 98ec112854d4458798efd6c8b4ee493b - - default default] Successfully bumped revision number for resource e1e27897-f10f-4fbc-8552-7c651e2b35c1 (type: security_group_rules) to 0
2026-07-02 11:16:43.714 9 INFO neutron.wsgi [None req-0574e2d8-eb36-4b18-bced-ef8aab26e450 49bbfea4ad2f461489106c0b8b913bd7 98ec112854d4458798efd6c8b4ee493b - - default default] 10.0.0.226 "POST /v2.0/security-group-rules HTTP/1.1" status: 201 len: 764 time: 0.1702907
2026-07-02 11:16:43.726 9 WARNING neutron_lib.context [None req-00c9ed19-0030-4204-9f13-dc263d7f2b86 49bbfea4ad2f461489106c0b8b913bd7 98ec112854d4458798efd6c8b4ee493b - - default default] Method 'is_advsvc' is deprecated since 2023.2 release (neutron-lib 3.8.0) and will be removed once support for the old RBAC API policies will be removed from Neutron. Please use method 'is_service_role' instead.
2026-07-02 11:16:43.845 9 INFO neutron.notifiers.nova [-] Nova event matching ['req-927b4368-5fa2-4972-bccd-8efc8033f6fe'] response: {'server_uuid': 'bd3d90ac-7ac8-402a-93ea-a242ec0ade97', 'name': 'network-vif-plugged', 'status': 'completed', 'tag': '171ca3ea-2ecd-45a6-8114-502092dfce2d', 'code': 200}
2026-07-02 11:16:43.875 9 INFO neutron.db.ovn_revision_numbers_db [None req-00c9ed19-0030-4204-9f13-dc263d7f2b86 49bbfea4ad2f461489106c0b8b913bd7 98ec112854d4458798efd6c8b4ee493b - - default default] Successfully bumped revision number for resource a2707a24-6db3-4e70-b69a-d60727f1d2a2 (type: security_group_rules) to 0
2026-07-02 11:16:43.901 9 INFO neutron.wsgi [None req-00c9ed19-0030-4204-9f13-dc263d7f2b86 49bbfea4ad2f461489106c0b8b913bd7 98ec112854d4458798efd6c8b4ee493b - - default default] 10.0.0.226 "POST /v2.0/security-group-rules HTTP/1.1" status: 201 len: 764 time: 0.1799614
2026-07-02 11:16:43.914 9 WARNING neutron_lib.context [None req-f7a420df-8ed7-4a6c-9cbe-44c1f0e2039d 49bbfea4ad2f461489106c0b8b913bd7 98ec112854d4458798efd6c8b4ee493b - - default default] Method 'is_advsvc' is deprecated since 2023.2 release (neutron-lib 3.8.0) and will be removed once support for the old RBAC API policies will be removed from Neutron. Please use method 'is_service_role' instead.
2026-07-02 11:16:44.172 9 INFO neutron.db.ovn_revision_numbers_db [None req-f7a420df-8ed7-4a6c-9cbe-44c1f0e2039d 49bbfea4ad2f461489106c0b8b913bd7 98ec112854d4458798efd6c8b4ee493b - - default default] Successfully bumped revision number for resource 14247c06-31b3-4169-8f76-a276af06ce5c (type: security_group_rules) to 0
2026-07-02 11:16:44.229 9 INFO neutron.wsgi [None req-f7a420df-8ed7-4a6c-9cbe-44c1f0e2039d 49bbfea4ad2f461489106c0b8b913bd7 98ec112854d4458798efd6c8b4ee493b - - default default] 10.0.0.226 "POST /v2.0/security-group-rules HTTP/1.1" status: 201 len: 766 time: 0.3223729
2026-07-02 11:16:44.242 10 WARNING neutron_lib.context [None req-8fdabd05-94c7-4ba9-9d69-0ae97e4975a2 49bbfea4ad2f461489106c0b8b913bd7 98ec112854d4458798efd6c8b4ee493b - - default default] Method 'is_advsvc' is deprecated since 2023.2 release (neutron-lib 3.8.0) and will be removed once support for the old RBAC API policies will be removed from Neutron. Please use method 'is_service_role' instead.
2026-07-02 11:16:44.416 10 INFO neutron.db.ovn_revision_numbers_db [None req-8fdabd05-94c7-4ba9-9d69-0ae97e4975a2 49bbfea4ad2f461489106c0b8b913bd7 98ec112854d4458798efd6c8b4ee493b - - default default] Successfully bumped revision number for resource d5a17ebe-adf7-45db-8a51-e91d0a6870e9 (type: security_group_rules) to 0
2026-07-02 11:16:44.448 10 INFO neutron.wsgi [None req-8fdabd05-94c7-4ba9-9d69-0ae97e4975a2 49bbfea4ad2f461489106c0b8b913bd7 98ec112854d4458798efd6c8b4ee493b - - default default] 10.0.0.226 "POST /v2.0/security-group-rules HTTP/1.1" status: 201 len: 768 time: 0.2131805
2026-07-02 11:16:44.460 9 WARNING neutron_lib.context [None req-1fba7693-3ba1-46ae-b781-aac9c3cddd33 49bbfea4ad2f461489106c0b8b913bd7 98ec112854d4458798efd6c8b4ee493b - - default default] Method 'is_advsvc' is deprecated since 2023.2 release (neutron-lib 3.8.0) and will be removed once support for the old RBAC API policies will be removed from Neutron. Please use method 'is_service_role' instead.
2026-07-02 11:16:44.649 9 INFO neutron.db.ovn_revision_numbers_db [None req-1fba7693-3ba1-46ae-b781-aac9c3cddd33 49bbfea4ad2f461489106c0b8b913bd7 98ec112854d4458798efd6c8b4ee493b - - default default] Successfully bumped revision number for resource dd49f19a-998b-4b87-bca7-4cf106cf952c (type: security_group_rules) to 0
2026-07-02 11:16:44.710 9 INFO neutron.wsgi [None req-1fba7693-3ba1-46ae-b781-aac9c3cddd33 49bbfea4ad2f461489106c0b8b913bd7 98ec112854d4458798efd6c8b4ee493b - - default default] 10.0.0.226 "POST /v2.0/security-group-rules HTTP/1.1" status: 201 len: 764 time: 0.2556906
2026-07-02 11:16:44.743 10 INFO neutron.wsgi [-] 10.0.0.127 "GET / HTTP/1.1" status: 200 len: 247 time: 0.0029516
2026-07-02 11:16:44.745 10 INFO neutron.wsgi [-] 10.0.0.127 "GET / HTTP/1.1" status: 200 len: 247 time: 0.0013506
2026-07-02 11:16:44.778 9 INFO neutron.wsgi [req-c15e6e2d-7794-4a35-9cec-403c9e366d63 req-ebb89bd5-41c5-41df-85c3-38cbea58d008 3dd14277d97d4d49b7c6fd13d6beaa37 b917657dbd5b41f5aa29182540960ff2 - - default default] 10.0.0.213 "GET /v2.0/ports?device_id=f2b4625f-41d8-4aff-9ba2-25bfd18839aa HTTP/1.1" status: 200 len: 1214 time: 0.1677680
2026-07-02 11:16:44.842 9 INFO neutron.wsgi [req-c15e6e2d-7794-4a35-9cec-403c9e366d63 req-92aaf9e7-9169-4a3d-8036-560ee67a4946 3dd14277d97d4d49b7c6fd13d6beaa37 b917657dbd5b41f5aa29182540960ff2 - - default default] 10.0.0.213 "GET /v2.0/security-groups?id=1e3ce4a2-8eae-4e53-a12c-245961ec59d5&id=777a0352-214e-4888-8365-4d8550fcb0a8&fields=id&fields=name HTTP/1.1" status: 200 len: 405 time: 0.0500855
2026-07-02 11:16:45.018 10 INFO neutron.wsgi [None req-8bcb6f05-a4cc-4372-a852-5ccbf2ab20ab 13aeb745f90b40c194688cdd04405892 ffaa6045d6924b03a4a71fc3ee9ac026 - - default default] 10.0.0.226 "GET /v2.0/ports?device_id=f2b4625f-41d8-4aff-9ba2-25bfd18839aa HTTP/1.1" status: 200 len: 1447 time: 0.1429899
2026-07-02 11:16:45.326 10 INFO neutron.wsgi [None req-a68975b5-648a-4696-a4c3-29571bd6c44b 3dd14277d97d4d49b7c6fd13d6beaa37 b917657dbd5b41f5aa29182540960ff2 - - default default] 10.0.0.226 "GET /v2.0/floatingips?floating_network_id=7ab611bf-5fa1-4e32-a42d-9946d7bcf78a&port_id=893c5b4a-0f0a-425b-8e1b-a98c62b21d4d HTTP/1.1" status: 200 len: 1055 time: 0.2975752
2026-07-02 11:16:45.337 10 INFO neutron.wsgi [req-f319dc80-5e87-4177-9dd3-d48baca031ef req-65063640-2adb-4c55-a22a-e674d0713b54 49bbfea4ad2f461489106c0b8b913bd7 98ec112854d4458798efd6c8b4ee493b - - default default] 10.0.0.213 "GET /v2.0/security-groups?name=tempest-lb_member_SG-1758228894&fields=id&tenant_id=98ec112854d4458798efd6c8b4ee493b HTTP/1.1" status: 200 len: 267 time: 0.2776027
2026-07-02 11:16:45.421 10 INFO neutron.wsgi [req-f319dc80-5e87-4177-9dd3-d48baca031ef req-58ad7917-be4e-4266-a111-953ebd1db7d2 49bbfea4ad2f461489106c0b8b913bd7 98ec112854d4458798efd6c8b4ee493b - - default default] 10.0.0.213 "GET /v2.0/networks?id=746e2fad-9601-45f2-8411-da596206b535 HTTP/1.1" status: 200 len: 904 time: 0.0775039
2026-07-02 11:16:45.439 10 INFO neutron.wsgi [req-f319dc80-5e87-4177-9dd3-d48baca031ef req-20f081cd-8fa3-4e55-afa3-f0dedd01afd0 49bbfea4ad2f461489106c0b8b913bd7 98ec112854d4458798efd6c8b4ee493b - - default default] 10.0.0.213 "GET /v2.0/quotas/98ec112854d4458798efd6c8b4ee493b HTTP/1.1" status: 200 len: 386 time: 0.0117774
2026-07-02 11:16:45.619 10 INFO neutron.wsgi [req-47fc6b88-955b-4ccf-a35d-be2736ff333c req-8e539580-631f-4122-bdc0-4cb95d1e9de4 5e007a168c114cf0992cd5247cb77e21 98bc5b0445ff45cf89441821158b4c60 - - 3dee5ac9e49443bea5daf9f44cd7a7ec 3dee5ac9e49443bea5daf9f44cd7a7ec] 10.0.0.170 "GET /v2.0/ports?device_id=f2b4625f-41d8-4aff-9ba2-25bfd18839aa HTTP/1.1" status: 200 len: 1452 time: 0.0638211
2026-07-02 11:16:45.682 10 INFO neutron.wsgi [req-47fc6b88-955b-4ccf-a35d-be2736ff333c req-cb1fc81d-28e4-4416-924a-22755404785b 5e007a168c114cf0992cd5247cb77e21 98bc5b0445ff45cf89441821158b4c60 - - 3dee5ac9e49443bea5daf9f44cd7a7ec 3dee5ac9e49443bea5daf9f44cd7a7ec] 10.0.0.170 "GET /v2.0/security-groups?id=777a0352-214e-4888-8365-4d8550fcb0a8&id=1e3ce4a2-8eae-4e53-a12c-245961ec59d5&fields=id&fields=name HTTP/1.1" status: 200 len: 405 time: 0.0575962
2026-07-02 11:16:45.702 10 INFO neutron.wsgi [req-f319dc80-5e87-4177-9dd3-d48baca031ef req-f4f6dbba-0ded-4e42-9805-c1fa4f2fd9fd 49bbfea4ad2f461489106c0b8b913bd7 98ec112854d4458798efd6c8b4ee493b - - default default] 10.0.0.213 "GET /v2.0/ports?tenant_id=98ec112854d4458798efd6c8b4ee493b&fields=id HTTP/1.1" status: 200 len: 486 time: 0.2592492
2026-07-02 11:16:45.781 10 INFO neutron.wsgi [req-f319dc80-5e87-4177-9dd3-d48baca031ef req-2c94e241-2681-4122-8c30-7dec1eb18f03 5e007a168c114cf0992cd5247cb77e21 98bc5b0445ff45cf89441821158b4c60 - - 3dee5ac9e49443bea5daf9f44cd7a7ec 3dee5ac9e49443bea5daf9f44cd7a7ec] 10.0.0.213 "GET /v2.0/networks/746e2fad-9601-45f2-8411-da596206b535?fields=segments HTTP/1.1" status: 200 len: 212 time: 0.0636048
2026-07-02 11:16:45.833 9 INFO neutron.wsgi [None req-2a0a3ed0-e3d3-47b2-818f-348e7a14f046 7a0d84665b1f4a1288833aa07236b752 e5697475b2504714a97ee12d834598e3 - - default default] 10.0.0.226 "PUT /v2.0/routers/3feb7cdd-149f-43a0-a7d7-464bafd3acc4/remove_router_interface HTTP/1.1" status: 200 len: 503 time: 1.8842046 /var/lib/openstack/lib/python3.10/site-packages/pycadf/identifier.py:71: UserWarning: Invalid uuid: neutron. To ensure interoperability, identifiers should be a valid uuid. warnings.warn(('Invalid uuid: %s. To ensure interoperability, '
2026-07-02 11:16:45.858 10 INFO neutron.wsgi [req-f319dc80-5e87-4177-9dd3-d48baca031ef req-bb62482c-ed1e-49f8-aee0-d61bc203cf0c 5e007a168c114cf0992cd5247cb77e21 98bc5b0445ff45cf89441821158b4c60 - - 3dee5ac9e49443bea5daf9f44cd7a7ec 3dee5ac9e49443bea5daf9f44cd7a7ec] 10.0.0.213 "GET /v2.0/networks/746e2fad-9601-45f2-8411-da596206b535?fields=provider%3Aphysical_network&fields=provider%3Anetwork_type HTTP/1.1" status: 200 len: 277 time: 0.0710549
2026-07-02 11:16:45.985 9 INFO neutron.wsgi [req-9806ad44-9afb-40bd-b698-bdbf67f1e0fd req-91cc2e8a-fd56-46a2-9310-82c8812c0a50 49bbfea4ad2f461489106c0b8b913bd7 98ec112854d4458798efd6c8b4ee493b - - default default] 10.0.0.213 "GET /v2.0/ports?device_id=88f030c9-86e8-45aa-8d7f-f63fa7f83b28 HTTP/1.1" status: 200 len: 210 time: 0.0266230
2026-07-02 11:16:46.860 10 INFO neutron.wsgi [req-f319dc80-5e87-4177-9dd3-d48baca031ef req-43a4d9a7-0cf6-497d-ac9f-4d9384d637a6 49bbfea4ad2f461489106c0b8b913bd7 98ec112854d4458798efd6c8b4ee493b - - default default] 199.19.213.141 "GET /v2.0/networks?id=746e2fad-9601-45f2-8411-da596206b535 HTTP/1.1" status: 200 len: 904 time: 0.1042228
2026-07-02 11:16:46.913 10 INFO neutron.wsgi [req-f319dc80-5e87-4177-9dd3-d48baca031ef req-c488d66f-0150-4f61-a787-973d46943668 49bbfea4ad2f461489106c0b8b913bd7 98ec112854d4458798efd6c8b4ee493b - - default default] 199.19.213.141 "GET /v2.0/security-groups?fields=id&fields=name&tenant_id=98ec112854d4458798efd6c8b4ee493b HTTP/1.1" status: 200 len: 378 time: 0.0480342
2026-07-02 11:16:46.938 10 WARNING neutron_lib.context [req-f319dc80-5e87-4177-9dd3-d48baca031ef req-dc0cb674-3c8b-4780-96ed-0fc4a519f3e8 49bbfea4ad2f461489106c0b8b913bd7 98ec112854d4458798efd6c8b4ee493b - - default default] Method 'is_advsvc' is deprecated since 2023.2 release (neutron-lib 3.8.0) and will be removed once support for the old RBAC API policies will be removed from Neutron. Please use method 'is_service_role' instead.
2026-07-02 11:16:46.968 9 INFO neutron.wsgi [None req-b8b134f9-b561-4fa5-8992-19833ab88670 7a0d84665b1f4a1288833aa07236b752 e5697475b2504714a97ee12d834598e3 - - default default] 10.0.0.226 "DELETE /v2.0/routers/3feb7cdd-149f-43a0-a7d7-464bafd3acc4 HTTP/1.1" status: 204 len: 168 time: 1.1308272
2026-07-02 11:16:47.224 9 INFO neutron.wsgi [None req-74674f44-9bcb-479e-b506-8ace3fb372df 7a0d84665b1f4a1288833aa07236b752 e5697475b2504714a97ee12d834598e3 - - default default] 10.0.0.226 "DELETE /v2.0/subnets/7f86706a-9be9-401a-bc4e-8053c80bc2de HTTP/1.1" status: 204 len: 168 time: 0.2461643
2026-07-02 11:16:47.340 10 WARNING neutron.scheduler.dhcp_agent_scheduler [req-f319dc80-5e87-4177-9dd3-d48baca031ef req-dc0cb674-3c8b-4780-96ed-0fc4a519f3e8 49bbfea4ad2f461489106c0b8b913bd7 98ec112854d4458798efd6c8b4ee493b - - default default] No more DHCP agents
2026-07-02 11:16:47.343 10 WARNING neutron.api.rpc.agentnotifiers.dhcp_rpc_agent_api [req-f319dc80-5e87-4177-9dd3-d48baca031ef req-dc0cb674-3c8b-4780-96ed-0fc4a519f3e8 49bbfea4ad2f461489106c0b8b913bd7 98ec112854d4458798efd6c8b4ee493b - - default default] Unable to schedule network 746e2fad-9601-45f2-8411-da596206b535: no agents available; will retry on subsequent port and subnet creation events.
2026-07-02 11:16:47.635 10 INFO neutron.db.ovn_revision_numbers_db [req-f319dc80-5e87-4177-9dd3-d48baca031ef req-dc0cb674-3c8b-4780-96ed-0fc4a519f3e8 49bbfea4ad2f461489106c0b8b913bd7 98ec112854d4458798efd6c8b4ee493b - - default default] Successfully bumped revision number for resource f24c1628-bd09-4f00-8ac6-1ceb8779fc0d (type: ports) to 1
2026-07-02 11:16:47.675 10 INFO neutron.wsgi [req-f319dc80-5e87-4177-9dd3-d48baca031ef req-dc0cb674-3c8b-4780-96ed-0fc4a519f3e8 49bbfea4ad2f461489106c0b8b913bd7 98ec112854d4458798efd6c8b4ee493b - - default default] 199.19.213.141 "POST /v2.0/ports HTTP/1.1" status: 201 len: 1384 time: 0.7567706 /var/lib/openstack/lib/python3.10/site-packages/pycadf/identifier.py:71: UserWarning: Invalid uuid: neutron. To ensure interoperability, identifiers should be a valid uuid. warnings.warn(('Invalid uuid: %s. To ensure interoperability, '
2026-07-02 11:16:47.803 9 INFO neutron.services.segments.plugin [-] Segment e081c059-4461-4e5f-9591-2fa71e00e17d resource provider aggregate not found
2026-07-02 11:16:47.810 9 INFO neutron.services.segments.plugin [-] Segment e081c059-4461-4e5f-9591-2fa71e00e17d resource provider aggregate not found
2026-07-02 11:16:47.822 9 INFO neutron.services.segments.plugin [-] Segment e081c059-4461-4e5f-9591-2fa71e00e17d resource provider not found; error: Placement Client Error (4xx): {"errors": [{"status": 404, "title": "Not Found", "detail": "The resource could not be found.\n\n No resource provider with uuid e081c059-4461-4e5f-9591-2fa71e00e17d found for delete ", "request_id": "req-c324e576-d450-465b-a0c9-2ebf322e61f0"}]}
2026-07-02 11:16:47.830 9 INFO neutron.services.segments.plugin [-] Segment e081c059-4461-4e5f-9591-2fa71e00e17d resource provider not found; error: Placement Client Error (4xx): {"errors": [{"status": 404, "title": "Not Found", "detail": "The resource could not be found.\n\n No resource provider with uuid e081c059-4461-4e5f-9591-2fa71e00e17d found for delete ", "request_id": "req-cecc78f7-ae91-4971-8ac2-9a7a3fa9c841"}]}
2026-07-02 11:16:47.860 9 INFO neutron.wsgi [None req-302c0d24-c027-4963-a2d9-83e0df4ee0a9 7a0d84665b1f4a1288833aa07236b752 e5697475b2504714a97ee12d834598e3 - - default default] 10.0.0.226 "DELETE /v2.0/networks/cfbefdd0-4684-4ff6-ba49-e5f2a3c5bfd9 HTTP/1.1" status: 204 len: 168 time: 0.6312845
2026-07-02 11:16:48.027 10 INFO neutron.wsgi [req-7f031b8f-3d31-4053-97df-7d688f3b1634 req-19095616-e520-4ef8-8f75-58fb93793720 3dd14277d97d4d49b7c6fd13d6beaa37 b917657dbd5b41f5aa29182540960ff2 - - default default] 10.0.0.213 "GET /v2.0/ports?device_id=f2b4625f-41d8-4aff-9ba2-25bfd18839aa HTTP/1.1" status: 200 len: 1214 time: 0.2334895
2026-07-02 11:16:48.051 10 WARNING neutron.plugins.ml2.drivers.ovn.mech_driver.ovsdb.ovn_client [None req-ea9a8882-9117-4139-94f2-b1bc3ff8c035 - - - - - -] No hosting information found for port 5d8e726c-4c5a-4b74-8b47-ba3f51a160f3: RuntimeError: No hosting information found for port 5d8e726c-4c5a-4b74-8b47-ba3f51a160f3
2026-07-02 11:16:48.051 10 INFO neutron.plugins.ml2.drivers.ovn.mech_driver.mech_driver [None req-ea9a8882-9117-4139-94f2-b1bc3ff8c035 - - - - - -] OVN reports status up for port: 3ae0d72b-13fb-47b9-bb81-2ce9fea5f82e
2026-07-02 11:16:48.082 10 INFO neutron.plugins.ml2.plugin [None req-ea9a8882-9117-4139-94f2-b1bc3ff8c035 - - - - - -] Attempt 1 to provision port 3ae0d72b-13fb-47b9-bb81-2ce9fea5f82e
2026-07-02 11:16:48.153 10 INFO neutron.wsgi [req-7f031b8f-3d31-4053-97df-7d688f3b1634 req-7e0089ee-3a70-4210-a342-79c8c1f6be9c 3dd14277d97d4d49b7c6fd13d6beaa37 b917657dbd5b41f5aa29182540960ff2 - - default default] 10.0.0.213 "GET /v2.0/security-groups?id=1e3ce4a2-8eae-4e53-a12c-245961ec59d5&id=777a0352-214e-4888-8365-4d8550fcb0a8&fields=id&fields=name HTTP/1.1" status: 200 len: 405 time: 0.1156230
2026-07-02 11:16:48.157 9 INFO neutron.wsgi [None req-97c7ef90-8236-4305-9c1f-04f8a3435dba 7a0d84665b1f4a1288833aa07236b752 e5697475b2504714a97ee12d834598e3 - - default default] 10.0.0.226 "GET /v2.0/security-groups?tenant_id=f437fa29cd284171802e32c383bec748&name=default HTTP/1.1" status: 200 len: 2996 time: 0.0594325
2026-07-02 11:16:48.298 10 INFO neutron.wsgi [req-c90e29fa-71cf-4584-b4c2-0a63da49f4a1 req-c27e64de-03cb-46d4-a965-a45704c0016b 3dd14277d97d4d49b7c6fd13d6beaa37 b917657dbd5b41f5aa29182540960ff2 - - default default] 199.19.213.141 "GET /v2.0/ports?device_id=f2b4625f-41d8-4aff-9ba2-25bfd18839aa HTTP/1.1" status: 200 len: 1214 time: 0.0841789
2026-07-02 11:16:48.448 9 INFO neutron.wsgi [None req-04ddd104-80c3-46f0-a223-83973d032bf7 7a0d84665b1f4a1288833aa07236b752 e5697475b2504714a97ee12d834598e3 - - default default] 10.0.0.226 "DELETE /v2.0/security-groups/3b37234c-30c7-4a1a-9c53-06f707ecfdb7 HTTP/1.1" status: 204 len: 168 time: 0.2830820
2026-07-02 11:16:48.713 10 INFO neutron.db.ovn_revision_numbers_db [req-f319dc80-5e87-4177-9dd3-d48baca031ef req-4d603829-1020-4cf4-afc6-f1cfc6cc3623 5e007a168c114cf0992cd5247cb77e21 98bc5b0445ff45cf89441821158b4c60 - - 3dee5ac9e49443bea5daf9f44cd7a7ec 3dee5ac9e49443bea5daf9f44cd7a7ec] Successfully bumped revision number for resource f24c1628-bd09-4f00-8ac6-1ceb8779fc0d (type: ports) to 2
2026-07-02 11:16:49.113 10 INFO neutron.db.ovn_revision_numbers_db [None req-ea9a8882-9117-4139-94f2-b1bc3ff8c035 - - - - - -] Successfully bumped revision number for resource 3ae0d72b-13fb-47b9-bb81-2ce9fea5f82e (type: ports) to 2
2026-07-02 11:16:49.253 10 INFO neutron.db.l3_db [req-c90e29fa-71cf-4584-b4c2-0a63da49f4a1 req-986f8d5a-e566-4686-ad4a-b4c9be62a3ec 3dd14277d97d4d49b7c6fd13d6beaa37 b917657dbd5b41f5aa29182540960ff2 - - default default] Floating IP 68f433f9-0c31-47f5-9e08-ccfb1e87d161 disassociated. External IP: 10.96.250.201, port: 893c5b4a-0f0a-425b-8e1b-a98c62b21d4d.
2026-07-02 11:16:49.315 9 INFO neutron.wsgi [req-668060b2-744a-41fc-ac4e-76fa3008b426 req-2b49854f-48f4-4625-ba27-7dc30588b04d 3dd14277d97d4d49b7c6fd13d6beaa37 b917657dbd5b41f5aa29182540960ff2 - - default default] 10.0.0.213 "GET /v2.0/ports?device_id=f2b4625f-41d8-4aff-9ba2-25bfd18839aa HTTP/1.1" status: 200 len: 1214 time: 0.0824027 /var/lib/openstack/lib/python3.10/site-packages/pycadf/identifier.py:71: UserWarning: Invalid uuid: neutron. To ensure interoperability, identifiers should be a valid uuid. warnings.warn(('Invalid uuid: %s. To ensure interoperability, '
2026-07-02 11:16:49.364 10 INFO neutron.db.ovn_revision_numbers_db [None req-ea9a8882-9117-4139-94f2-b1bc3ff8c035 - - - - - -] Successfully bumped revision number for resource 3ae0d72b-13fb-47b9-bb81-2ce9fea5f82e (type: router_ports) to 2
2026-07-02 11:16:49.369 9 INFO neutron.wsgi [req-668060b2-744a-41fc-ac4e-76fa3008b426 req-0a32512f-b84b-4b75-90b3-82403573d450 3dd14277d97d4d49b7c6fd13d6beaa37 b917657dbd5b41f5aa29182540960ff2 - - default default] 10.0.0.213 "GET /v2.0/security-groups?id=1e3ce4a2-8eae-4e53-a12c-245961ec59d5&id=777a0352-214e-4888-8365-4d8550fcb0a8&fields=id&fields=name HTTP/1.1" status: 200 len: 405 time: 0.0485189
2026-07-02 11:16:49.520 10 INFO neutron.db.ovn_revision_numbers_db [req-f319dc80-5e87-4177-9dd3-d48baca031ef req-4d603829-1020-4cf4-afc6-f1cfc6cc3623 5e007a168c114cf0992cd5247cb77e21 98bc5b0445ff45cf89441821158b4c60 - - 3dee5ac9e49443bea5daf9f44cd7a7ec 3dee5ac9e49443bea5daf9f44cd7a7ec] Successfully bumped revision number for resource f24c1628-bd09-4f00-8ac6-1ceb8779fc0d (type: ports) to 2
2026-07-02 11:16:49.548 10 INFO neutron.wsgi [req-f319dc80-5e87-4177-9dd3-d48baca031ef req-4d603829-1020-4cf4-afc6-f1cfc6cc3623 5e007a168c114cf0992cd5247cb77e21 98bc5b0445ff45cf89441821158b4c60 - - 3dee5ac9e49443bea5daf9f44cd7a7ec 3dee5ac9e49443bea5daf9f44cd7a7ec] 199.19.213.141 "PUT /v2.0/ports/f24c1628-bd09-4f00-8ac6-1ceb8779fc0d HTTP/1.1" status: 200 len: 1601 time: 1.8655295
2026-07-02 11:16:49.571 10 INFO neutron.wsgi [req-c90e29fa-71cf-4584-b4c2-0a63da49f4a1 req-986f8d5a-e566-4686-ad4a-b4c9be62a3ec 3dd14277d97d4d49b7c6fd13d6beaa37 b917657dbd5b41f5aa29182540960ff2 - - default default] 199.19.213.141 "DELETE /v2.0/ports/893c5b4a-0f0a-425b-8e1b-a98c62b21d4d HTTP/1.1" status: 204 len: 173 time: 1.2627611
2026-07-02 11:16:49.584 10 INFO neutron.notifiers.nova [-] Nova event matching ['req-2d294348-ccd9-4cfb-a2d9-1f4764329eb4'] response: {'name': 'network-changed', 'server_uuid': '88f030c9-86e8-45aa-8d7f-f63fa7f83b28', 'tag': 'f24c1628-bd09-4f00-8ac6-1ceb8779fc0d', 'status': 'completed', 'code': 200} /var/lib/openstack/lib/python3.10/site-packages/pycadf/identifier.py:71: UserWarning: Invalid uuid: neutron. To ensure interoperability, identifiers should be a valid uuid. warnings.warn(('Invalid uuid: %s. To ensure interoperability, '
2026-07-02 11:16:49.623 10 INFO neutron.wsgi [req-f319dc80-5e87-4177-9dd3-d48baca031ef req-49788d22-51a3-49eb-8495-be65ff53d328 5e007a168c114cf0992cd5247cb77e21 98bc5b0445ff45cf89441821158b4c60 - - 3dee5ac9e49443bea5daf9f44cd7a7ec 3dee5ac9e49443bea5daf9f44cd7a7ec] 199.19.213.141 "GET /v2.0/ports?tenant_id=98ec112854d4458798efd6c8b4ee493b&device_id=88f030c9-86e8-45aa-8d7f-f63fa7f83b28 HTTP/1.1" status: 200 len: 1632 time: 0.0431910
2026-07-02 11:16:49.651 10 INFO neutron.wsgi [req-f319dc80-5e87-4177-9dd3-d48baca031ef req-91e06a4a-32ca-4459-9698-beac3d32a67a 5e007a168c114cf0992cd5247cb77e21 98bc5b0445ff45cf89441821158b4c60 - - 3dee5ac9e49443bea5daf9f44cd7a7ec 3dee5ac9e49443bea5daf9f44cd7a7ec] 199.19.213.141 "GET /v2.0/floatingips?fixed_ip_address=10.2.1.25&port_id=f24c1628-bd09-4f00-8ac6-1ceb8779fc0d HTTP/1.1" status: 200 len: 217 time: 0.0226049
2026-07-02 11:16:49.692 10 INFO neutron.wsgi [req-f319dc80-5e87-4177-9dd3-d48baca031ef req-96a3eb24-145c-4aa2-9f3a-2b937fc40b99 5e007a168c114cf0992cd5247cb77e21 98bc5b0445ff45cf89441821158b4c60 - - 3dee5ac9e49443bea5daf9f44cd7a7ec 3dee5ac9e49443bea5daf9f44cd7a7ec] 199.19.213.141 "GET /v2.0/floatingips?fixed_ip_address=fd7b%3Af9f7%3Afff%3A4eca%3A%3A2ec&port_id=f24c1628-bd09-4f00-8ac6-1ceb8779fc0d HTTP/1.1" status: 200 len: 217 time: 0.0342555
2026-07-02 11:16:49.738 10 INFO neutron.wsgi [req-f319dc80-5e87-4177-9dd3-d48baca031ef req-0a6fc418-343d-4803-a946-58a746c3afa6 5e007a168c114cf0992cd5247cb77e21 98bc5b0445ff45cf89441821158b4c60 - - 3dee5ac9e49443bea5daf9f44cd7a7ec 3dee5ac9e49443bea5daf9f44cd7a7ec] 199.19.213.141 "GET /v2.0/subnets?id=f7b53675-723a-4a56-87e1-48c0005bf51b&id=88bd4300-792a-4082-9c2e-a4815d38fcda HTTP/1.1" status: 200 len: 1563 time: 0.0403535
2026-07-02 11:16:49.767 10 INFO neutron.wsgi [req-f319dc80-5e87-4177-9dd3-d48baca031ef req-5758ff13-874a-4522-9b56-26eb489b86dc 5e007a168c114cf0992cd5247cb77e21 98bc5b0445ff45cf89441821158b4c60 - - 3dee5ac9e49443bea5daf9f44cd7a7ec 3dee5ac9e49443bea5daf9f44cd7a7ec] 199.19.213.141 "GET /v2.0/ports?network_id=746e2fad-9601-45f2-8411-da596206b535&device_owner=network%3Adhcp HTTP/1.1" status: 200 len: 210 time: 0.0228422
2026-07-02 11:16:49.806 10 INFO neutron.wsgi [req-f319dc80-5e87-4177-9dd3-d48baca031ef req-3724c9a9-5d99-4b2e-85ab-e0709d3a0aba 5e007a168c114cf0992cd5247cb77e21 98bc5b0445ff45cf89441821158b4c60 - - 3dee5ac9e49443bea5daf9f44cd7a7ec 3dee5ac9e49443bea5daf9f44cd7a7ec] 199.19.213.141 "GET /v2.0/ports?network_id=746e2fad-9601-45f2-8411-da596206b535&device_owner=network%3Adhcp HTTP/1.1" status: 200 len: 210 time: 0.0275719
2026-07-02 11:16:49.889 10 INFO neutron.wsgi [req-f319dc80-5e87-4177-9dd3-d48baca031ef req-8967cc32-13a3-4443-9226-f3a3bbdf8871 5e007a168c114cf0992cd5247cb77e21 98bc5b0445ff45cf89441821158b4c60 - - 3dee5ac9e49443bea5daf9f44cd7a7ec 3dee5ac9e49443bea5daf9f44cd7a7ec] 199.19.213.141 "GET /v2.0/networks/746e2fad-9601-45f2-8411-da596206b535?fields=segments HTTP/1.1" status: 200 len: 212 time: 0.0734956
2026-07-02 11:16:49.964 10 INFO neutron.wsgi [req-f319dc80-5e87-4177-9dd3-d48baca031ef req-2b40c3ea-fcfb-453e-bd5a-9538444672ee 5e007a168c114cf0992cd5247cb77e21 98bc5b0445ff45cf89441821158b4c60 - - 3dee5ac9e49443bea5daf9f44cd7a7ec 3dee5ac9e49443bea5daf9f44cd7a7ec] 199.19.213.141 "GET /v2.0/networks/746e2fad-9601-45f2-8411-da596206b535?fields=provider%3Aphysical_network&fields=provider%3Anetwork_type HTTP/1.1" status: 200 len: 277 time: 0.0696936
2026-07-02 11:16:50.052 10 INFO neutron.wsgi [req-8497fc1b-573d-46cd-8f46-f27cfb8b5166 req-ae5f8ca6-b1c1-4db2-9711-b1e1827744cc 5e007a168c114cf0992cd5247cb77e21 98bc5b0445ff45cf89441821158b4c60 - - 3dee5ac9e49443bea5daf9f44cd7a7ec 3dee5ac9e49443bea5daf9f44cd7a7ec] 199.19.213.141 "GET /v2.0/ports?tenant_id=98ec112854d4458798efd6c8b4ee493b&device_id=88f030c9-86e8-45aa-8d7f-f63fa7f83b28 HTTP/1.1" status: 200 len: 1632 time: 0.0466506
2026-07-02 11:16:50.146 10 INFO neutron.wsgi [req-8497fc1b-573d-46cd-8f46-f27cfb8b5166 req-5caee136-49aa-42b7-9079-4ce7b03ac470 5e007a168c114cf0992cd5247cb77e21 98bc5b0445ff45cf89441821158b4c60 - - 3dee5ac9e49443bea5daf9f44cd7a7ec 3dee5ac9e49443bea5daf9f44cd7a7ec] 199.19.213.141 "GET /v2.0/networks?id=746e2fad-9601-45f2-8411-da596206b535 HTTP/1.1" status: 200 len: 1003 time: 0.0864663
2026-07-02 11:16:50.182 10 INFO neutron.wsgi [req-8497fc1b-573d-46cd-8f46-f27cfb8b5166 req-7c1268b2-a585-4ab4-afd6-98d685cc2619 5e007a168c114cf0992cd5247cb77e21 98bc5b0445ff45cf89441821158b4c60 - - 3dee5ac9e49443bea5daf9f44cd7a7ec 3dee5ac9e49443bea5daf9f44cd7a7ec] 199.19.213.141 "GET /v2.0/floatingips?fixed_ip_address=10.2.1.25&port_id=f24c1628-bd09-4f00-8ac6-1ceb8779fc0d HTTP/1.1" status: 200 len: 217 time: 0.0286212
2026-07-02 11:16:50.236 10 INFO neutron.wsgi [req-8497fc1b-573d-46cd-8f46-f27cfb8b5166 req-86eae9a7-c88e-4898-b6da-919b78ff50d5 5e007a168c114cf0992cd5247cb77e21 98bc5b0445ff45cf89441821158b4c60 - - 3dee5ac9e49443bea5daf9f44cd7a7ec 3dee5ac9e49443bea5daf9f44cd7a7ec] 199.19.213.141 "GET /v2.0/floatingips?fixed_ip_address=fd7b%3Af9f7%3Afff%3A4eca%3A%3A2ec&port_id=f24c1628-bd09-4f00-8ac6-1ceb8779fc0d HTTP/1.1" status: 200 len: 217 time: 0.0431116
2026-07-02 11:16:50.305 10 INFO neutron.wsgi [req-8497fc1b-573d-46cd-8f46-f27cfb8b5166 req-ed2ee2ad-c70a-4fe4-a10a-cba742528958 5e007a168c114cf0992cd5247cb77e21 98bc5b0445ff45cf89441821158b4c60 - - 3dee5ac9e49443bea5daf9f44cd7a7ec 3dee5ac9e49443bea5daf9f44cd7a7ec] 199.19.213.141 "GET /v2.0/subnets?id=f7b53675-723a-4a56-87e1-48c0005bf51b&id=88bd4300-792a-4082-9c2e-a4815d38fcda HTTP/1.1" status: 200 len: 1563 time: 0.0509274
2026-07-02 11:16:50.346 10 INFO neutron.wsgi [req-8497fc1b-573d-46cd-8f46-f27cfb8b5166 req-fc380f3b-ed73-449e-b8be-8faf9f5f0190 5e007a168c114cf0992cd5247cb77e21 98bc5b0445ff45cf89441821158b4c60 - - 3dee5ac9e49443bea5daf9f44cd7a7ec 3dee5ac9e49443bea5daf9f44cd7a7ec] 199.19.213.141 "GET /v2.0/ports?network_id=746e2fad-9601-45f2-8411-da596206b535&device_owner=network%3Adhcp HTTP/1.1" status: 200 len: 210 time: 0.0286160
2026-07-02 11:16:50.373 10 INFO neutron.wsgi [req-8497fc1b-573d-46cd-8f46-f27cfb8b5166 req-622f2536-85ae-43f9-bc4f-894181dcb3d0 5e007a168c114cf0992cd5247cb77e21 98bc5b0445ff45cf89441821158b4c60 - - 3dee5ac9e49443bea5daf9f44cd7a7ec 3dee5ac9e49443bea5daf9f44cd7a7ec] 199.19.213.141 "GET /v2.0/ports?network_id=746e2fad-9601-45f2-8411-da596206b535&device_owner=network%3Adhcp HTTP/1.1" status: 200 len: 210 time: 0.0227125
2026-07-02 11:16:50.454 10 INFO neutron.wsgi [req-8497fc1b-573d-46cd-8f46-f27cfb8b5166 req-42a52f93-4b72-46cb-81e1-3dd47efd0603 5e007a168c114cf0992cd5247cb77e21 98bc5b0445ff45cf89441821158b4c60 - - 3dee5ac9e49443bea5daf9f44cd7a7ec 3dee5ac9e49443bea5daf9f44cd7a7ec] 199.19.213.141 "GET /v2.0/networks/746e2fad-9601-45f2-8411-da596206b535?fields=segments HTTP/1.1" status: 200 len: 212 time: 0.0754969
2026-07-02 11:16:50.547 10 INFO neutron.wsgi [req-8497fc1b-573d-46cd-8f46-f27cfb8b5166 req-3484838a-f8cb-4430-a36d-731552857d3c 5e007a168c114cf0992cd5247cb77e21 98bc5b0445ff45cf89441821158b4c60 - - 3dee5ac9e49443bea5daf9f44cd7a7ec 3dee5ac9e49443bea5daf9f44cd7a7ec] 199.19.213.141 "GET /v2.0/networks/746e2fad-9601-45f2-8411-da596206b535?fields=provider%3Aphysical_network&fields=provider%3Anetwork_type HTTP/1.1" status: 200 len: 277 time: 0.0854182
2026-07-02 11:16:50.705 10 INFO neutron.wsgi [None req-9d1461ce-83d9-4d7c-a7f1-a5b2c31f48bd 3dd14277d97d4d49b7c6fd13d6beaa37 b917657dbd5b41f5aa29182540960ff2 - - default default] 10.0.0.226 "DELETE /v2.0/security-groups/1e3ce4a2-8eae-4e53-a12c-245961ec59d5 HTTP/1.1" status: 204 len: 168 time: 0.1345501
2026-07-02 11:16:50.719 10 INFO neutron.api.v2.resource [None req-ccae5f3d-c335-45ad-a1f5-fa1eea7c95be 3dd14277d97d4d49b7c6fd13d6beaa37 b917657dbd5b41f5aa29182540960ff2 - - default default] show failed (client error): The resource could not be found.
2026-07-02 11:16:50.720 10 INFO neutron.wsgi [None req-ccae5f3d-c335-45ad-a1f5-fa1eea7c95be 3dd14277d97d4d49b7c6fd13d6beaa37 b917657dbd5b41f5aa29182540960ff2 - - default default] 10.0.0.226 "GET /v2.0/security-groups/1e3ce4a2-8eae-4e53-a12c-245961ec59d5 HTTP/1.1" status: 404 len: 347 time: 0.0105684
2026-07-02 11:16:51.143 10 INFO neutron.wsgi [None req-1d1a7b65-3c5f-426b-82d3-46c32a9ec97f 3dd14277d97d4d49b7c6fd13d6beaa37 b917657dbd5b41f5aa29182540960ff2 - - default default] 10.0.0.226 "DELETE /v2.0/floatingips/68f433f9-0c31-47f5-9e08-ccfb1e87d161 HTTP/1.1" status: 204 len: 168 time: 0.4183834
2026-07-02 11:16:51.174 9 INFO neutron.wsgi [req-d06e0852-89d1-43c0-b64f-9eeb8de02b52 req-78fa44e1-4179-4d1e-9cb2-150d2afe8eb1 49bbfea4ad2f461489106c0b8b913bd7 98ec112854d4458798efd6c8b4ee493b - - default default] 10.0.0.213 "GET /v2.0/ports?device_id=88f030c9-86e8-45aa-8d7f-f63fa7f83b28 HTTP/1.1" status: 200 len: 1394 time: 0.1207685
2026-07-02 11:16:51.231 9 INFO neutron.wsgi [req-d06e0852-89d1-43c0-b64f-9eeb8de02b52 req-60295452-0fbf-4ce6-aa67-a954474017ec 49bbfea4ad2f461489106c0b8b913bd7 98ec112854d4458798efd6c8b4ee493b - - default default] 10.0.0.213 "GET /v2.0/security-groups?id=ce364bcf-1528-4ed1-88d9-c0b740dded61&fields=id&fields=name HTTP/1.1" status: 200 len: 311 time: 0.0481870
2026-07-02 11:16:51.306 10 INFO neutron.wsgi [None req-1fd62e22-efc3-4066-a883-b7ea80ea56d5 3dd14277d97d4d49b7c6fd13d6beaa37 b917657dbd5b41f5aa29182540960ff2 - - default default] 10.0.0.226 "DELETE /v2.0/security-groups/777a0352-214e-4888-8365-4d8550fcb0a8 HTTP/1.1" status: 204 len: 168 time: 0.1576483
2026-07-02 11:16:51.639 10 INFO neutron.notifiers.nova [-] Nova event matching ['req-b1b48a39-cb67-4553-b26a-ef4ba96b906f'] response: {'server_uuid': 'f2b4625f-41d8-4aff-9ba2-25bfd18839aa', 'name': 'network-vif-deleted', 'tag': '893c5b4a-0f0a-425b-8e1b-a98c62b21d4d', 'status': 'completed', 'code': 200}
2026-07-02 11:16:51.881 10 WARNING neutron_lib.context [None req-bd7081d7-f892-476a-bc89-f88a80a23012 c7aa73fbb74b4c7cb19f7840698dae22 46f2ca100337474cbc64fc8893fb54b6 - - default default] Method 'is_advsvc' is deprecated since 2023.2 release (neutron-lib 3.8.0) and will be removed once support for the old RBAC API policies will be removed from Neutron. Please use method 'is_service_role' instead.
2026-07-02 11:16:52.141 10 INFO neutron.db.ovn_revision_numbers_db [None req-bd7081d7-f892-476a-bc89-f88a80a23012 c7aa73fbb74b4c7cb19f7840698dae22 46f2ca100337474cbc64fc8893fb54b6 - - default default] Successfully bumped revision number for resource 70cbd500-ae54-4900-a868-b33a0524c79e (type: security_groups) to 1
2026-07-02 11:16:52.167 10 INFO neutron.db.ovn_revision_numbers_db [None req-bd7081d7-f892-476a-bc89-f88a80a23012 c7aa73fbb74b4c7cb19f7840698dae22 46f2ca100337474cbc64fc8893fb54b6 - - default default] Successfully bumped revision number for resource 128c5c43-98b0-4bd7-996d-4080d46f3e42 (type: security_group_rules) to 0
2026-07-02 11:16:52.182 10 INFO neutron.db.ovn_revision_numbers_db [None req-bd7081d7-f892-476a-bc89-f88a80a23012 c7aa73fbb74b4c7cb19f7840698dae22 46f2ca100337474cbc64fc8893fb54b6 - - default default] Successfully bumped revision number for resource 1921c65e-391c-4469-b4f4-83c0f6e35f4d (type: security_group_rules) to 0
2026-07-02 11:16:52.438 10 INFO neutron.db.ovn_revision_numbers_db [None req-bd7081d7-f892-476a-bc89-f88a80a23012 c7aa73fbb74b4c7cb19f7840698dae22 46f2ca100337474cbc64fc8893fb54b6 - - default default] Successfully bumped revision number for resource acf2136a-fe99-4bd0-8b65-c2a4532af580 (type: security_group_rules) to 0
2026-07-02 11:16:52.467 10 INFO neutron.db.ovn_revision_numbers_db [None req-bd7081d7-f892-476a-bc89-f88a80a23012 c7aa73fbb74b4c7cb19f7840698dae22 46f2ca100337474cbc64fc8893fb54b6 - - default default] Successfully bumped revision number for resource e35c1fd2-357c-4dc4-aef9-1290f83c85cf (type: security_group_rules) to 0
2026-07-02 11:16:52.544 10 INFO neutron.db.segments_db [None req-bd7081d7-f892-476a-bc89-f88a80a23012 c7aa73fbb74b4c7cb19f7840698dae22 46f2ca100337474cbc64fc8893fb54b6 - - default default] Added segment 0c6b5c39-b154-4a0d-9010-ad3a8e97187e of type geneve for network 494308d5-168b-4c53-bd06-c53af130e205
2026-07-02 11:16:52.759 10 INFO neutron.db.ovn_revision_numbers_db [None req-bd7081d7-f892-476a-bc89-f88a80a23012 c7aa73fbb74b4c7cb19f7840698dae22 46f2ca100337474cbc64fc8893fb54b6 - - default default] Successfully bumped revision number for resource 494308d5-168b-4c53-bd06-c53af130e205 (type: networks) to 1
2026-07-02 11:16:53.010 10 WARNING neutron.scheduler.dhcp_agent_scheduler [None req-bd7081d7-f892-476a-bc89-f88a80a23012 c7aa73fbb74b4c7cb19f7840698dae22 46f2ca100337474cbc64fc8893fb54b6 - - default default] No more DHCP agents
2026-07-02 11:16:53.025 10 WARNING neutron.api.rpc.agentnotifiers.dhcp_rpc_agent_api [None req-bd7081d7-f892-476a-bc89-f88a80a23012 c7aa73fbb74b4c7cb19f7840698dae22 46f2ca100337474cbc64fc8893fb54b6 - - default default] Unable to schedule network 494308d5-168b-4c53-bd06-c53af130e205: no agents available; will retry on subsequent port and subnet creation events.
2026-07-02 11:16:53.171 10 INFO neutron.db.ovn_revision_numbers_db [None req-bd7081d7-f892-476a-bc89-f88a80a23012 c7aa73fbb74b4c7cb19f7840698dae22 46f2ca100337474cbc64fc8893fb54b6 - - default default] Successfully bumped revision number for resource 72d73b5f-0895-4383-9742-120d55d5beaf (type: ports) to 1
2026-07-02 11:16:53.227 10 INFO neutron.wsgi [None req-bd7081d7-f892-476a-bc89-f88a80a23012 c7aa73fbb74b4c7cb19f7840698dae22 46f2ca100337474cbc64fc8893fb54b6 - - default default] 10.0.0.226 "POST /v2.0/networks HTTP/1.1" status: 201 len: 832 time: 1.6226716
2026-07-02 11:16:53.232 10 INFO neutron.wsgi [None req-93faa5d0-5ea1-43b8-a407-9952e4f24934 7a0d84665b1f4a1288833aa07236b752 e5697475b2504714a97ee12d834598e3 - - default default] 10.0.0.226 "PUT /v2.0/routers/ed656215-8680-411e-9e21-d15b780d354d/remove_router_interface HTTP/1.1" status: 200 len: 503 time: 1.8769698 /var/lib/openstack/lib/python3.10/site-packages/pycadf/identifier.py:71: UserWarning: Invalid uuid: neutron. To ensure interoperability, identifiers should be a valid uuid. warnings.warn(('Invalid uuid: %s. To ensure interoperability, '
2026-07-02 11:16:53.240 10 WARNING neutron_lib.context [None req-e702c684-8371-4135-b71b-b65d6bc01b02 c7aa73fbb74b4c7cb19f7840698dae22 46f2ca100337474cbc64fc8893fb54b6 - - default default] Method 'is_advsvc' is deprecated since 2023.2 release (neutron-lib 3.8.0) and will be removed once support for the old RBAC API policies will be removed from Neutron. Please use method 'is_service_role' instead.
2026-07-02 11:16:53.742 10 WARNING neutron.scheduler.dhcp_agent_scheduler [None req-e702c684-8371-4135-b71b-b65d6bc01b02 c7aa73fbb74b4c7cb19f7840698dae22 46f2ca100337474cbc64fc8893fb54b6 - - default default] No more DHCP agents
2026-07-02 11:16:53.744 10 WARNING neutron.api.rpc.agentnotifiers.dhcp_rpc_agent_api [None req-e702c684-8371-4135-b71b-b65d6bc01b02 c7aa73fbb74b4c7cb19f7840698dae22 46f2ca100337474cbc64fc8893fb54b6 - - default default] Unable to schedule network 7ab611bf-5fa1-4e32-a42d-9946d7bcf78a: no agents available; will retry on subsequent port and subnet creation events.
2026-07-02 11:16:53.905 10 WARNING neutron.plugins.ml2.drivers.ovn.mech_driver.ovsdb.ovn_client [None req-ea9a8882-9117-4139-94f2-b1bc3ff8c035 - - - - - -] No hosting information found for port 3ae0d72b-13fb-47b9-bb81-2ce9fea5f82e: RuntimeError: No hosting information found for port 3ae0d72b-13fb-47b9-bb81-2ce9fea5f82e
2026-07-02 11:16:53.905 10 INFO neutron.plugins.ml2.drivers.ovn.mech_driver.mech_driver [None req-ea9a8882-9117-4139-94f2-b1bc3ff8c035 - - - - - -] OVN reports status down for port: 893c5b4a-0f0a-425b-8e1b-a98c62b21d4d
2026-07-02 11:16:53.924 10 INFO neutron.plugins.ml2.drivers.ovn.mech_driver.mech_driver [None req-ea9a8882-9117-4139-94f2-b1bc3ff8c035 - - - - - -] OVN reports status up for port: f24c1628-bd09-4f00-8ac6-1ceb8779fc0d
2026-07-02 11:16:53.951 10 INFO neutron.plugins.ml2.plugin [None req-ea9a8882-9117-4139-94f2-b1bc3ff8c035 - - - - - -] Attempt 1 to provision port f24c1628-bd09-4f00-8ac6-1ceb8779fc0d
2026-07-02 11:16:53.970 10 INFO neutron.db.ovn_revision_numbers_db [None req-e702c684-8371-4135-b71b-b65d6bc01b02 c7aa73fbb74b4c7cb19f7840698dae22 46f2ca100337474cbc64fc8893fb54b6 - - default default] Successfully bumped revision number for resource 354e878c-122a-4c59-bfa8-dc54ef82032b (type: ports) to 1
2026-07-02 11:16:54.185 10 INFO neutron.notifiers.nova [-] Nova event matching ['req-18a928f9-593f-4adf-9d9d-8999213ea4e6'] response: {'server_uuid': '88f030c9-86e8-45aa-8d7f-f63fa7f83b28', 'name': 'network-vif-plugged', 'status': 'completed', 'tag': 'f24c1628-bd09-4f00-8ac6-1ceb8779fc0d', 'code': 200}
2026-07-02 11:16:54.261 9 INFO neutron.wsgi [None req-8cb4c02a-3e93-403c-a475-8f551af621ef 7a0d84665b1f4a1288833aa07236b752 e5697475b2504714a97ee12d834598e3 - - default default] 10.0.0.226 "DELETE /v2.0/routers/ed656215-8680-411e-9e21-d15b780d354d HTTP/1.1" status: 204 len: 168 time: 1.0235655
2026-07-02 11:16:54.797 10 INFO neutron.db.ovn_revision_numbers_db [None req-ea9a8882-9117-4139-94f2-b1bc3ff8c035 - - - - - -] Successfully bumped revision number for resource f24c1628-bd09-4f00-8ac6-1ceb8779fc0d (type: ports) to 4
2026-07-02 11:16:54.963 10 INFO neutron.wsgi [None req-5f291e70-28d2-4860-a791-86a11eb7f14e 7a0d84665b1f4a1288833aa07236b752 e5697475b2504714a97ee12d834598e3 - - default default] 10.0.0.226 "DELETE /v2.0/subnets/4ba3f6f6-d25e-4187-bc56-9f771427f83c HTTP/1.1" status: 204 len: 168 time: 0.6809344 /var/lib/openstack/lib/python3.10/site-packages/pycadf/identifier.py:71: UserWarning: Invalid uuid: neutron. To ensure interoperability, identifiers should be a valid uuid. warnings.warn(('Invalid uuid: %s. To ensure interoperability, '
2026-07-02 11:16:55.232 9 INFO neutron.plugins.ml2.drivers.ovn.mech_driver.mech_driver [None req-f0f4474f-9443-442f-977a-be7ca271417b - - - - - -] OVN reports status up for port: 354e878c-122a-4c59-bfa8-dc54ef82032b
2026-07-02 11:16:55.247 10 INFO neutron.plugins.ml2.drivers.ovn.mech_driver.ovsdb.ovsdb_monitor [None req-7eb46cbd-9c55-4317-ad9c-b7bc62871823 - - - - - -] Router a17cc975-da5a-4499-9b5d-50c6e1c6af0b is bound to host instance
2026-07-02 11:16:55.248 9 INFO neutron.plugins.ml2.plugin [None req-f0f4474f-9443-442f-977a-be7ca271417b - - - - - -] Attempt 1 to provision port 354e878c-122a-4c59-bfa8-dc54ef82032b
2026-07-02 11:16:55.339 10 INFO neutron.db.ovn_revision_numbers_db [None req-e702c684-8371-4135-b71b-b65d6bc01b02 c7aa73fbb74b4c7cb19f7840698dae22 46f2ca100337474cbc64fc8893fb54b6 - - default default] Successfully bumped revision number for resource 354e878c-122a-4c59-bfa8-dc54ef82032b (type: router_ports) to 1
2026-07-02 11:16:55.493 10 INFO neutron.db.ovn_revision_numbers_db [None req-e702c684-8371-4135-b71b-b65d6bc01b02 c7aa73fbb74b4c7cb19f7840698dae22 46f2ca100337474cbc64fc8893fb54b6 - - default default] Successfully bumped revision number for resource a17cc975-da5a-4499-9b5d-50c6e1c6af0b (type: routers) to 2
2026-07-02 11:16:55.527 10 INFO neutron.wsgi [None req-e702c684-8371-4135-b71b-b65d6bc01b02 c7aa73fbb74b4c7cb19f7840698dae22 46f2ca100337474cbc64fc8893fb54b6 - - default default] 10.0.0.226 "POST /v2.0/routers HTTP/1.1" status: 201 len: 874 time: 2.2915349
2026-07-02 11:16:55.614 10 INFO neutron.services.segments.plugin [-] Segment 78ee3f1f-c871-4d9d-a635-56edb538f333 resource provider aggregate not found
2026-07-02 11:16:55.631 10 INFO neutron.services.segments.plugin [-] Segment 78ee3f1f-c871-4d9d-a635-56edb538f333 resource provider aggregate not found
2026-07-02 11:16:55.638 10 INFO neutron.services.segments.plugin [-] Segment 78ee3f1f-c871-4d9d-a635-56edb538f333 resource provider not found; error: Placement Client Error (4xx): {"errors": [{"status": 404, "title": "Not Found", "detail": "The resource could not be found.\n\n No resource provider with uuid 78ee3f1f-c871-4d9d-a635-56edb538f333 found for delete ", "request_id": "req-9c8e2ad5-4613-4393-8caf-4190de993179"}]}
2026-07-02 11:16:55.641 10 INFO neutron.wsgi [None req-3d619276-135f-43ac-b5f4-a08d850f9a24 99c5f4c0320844659c82ce477b8515f6 b8f141ba9cd44322baa9f5ef6f472605 - - default default] 10.0.0.226 "GET /v2.0/subnets?project_id=46f2ca100337474cbc64fc8893fb54b6&cidr=10.100.0.0%2F28 HTTP/1.1" status: 200 len: 207 time: 0.1088004
2026-07-02 11:16:55.656 10 INFO neutron.services.segments.plugin [-] Segment 78ee3f1f-c871-4d9d-a635-56edb538f333 resource provider not found; error: Placement Client Error (4xx): {"errors": [{"status": 404, "title": "Not Found", "detail": "The resource could not be found.\n\n No resource provider with uuid 78ee3f1f-c871-4d9d-a635-56edb538f333 found for delete ", "request_id": "req-70357ac7-4b84-49ae-8455-a13947bc9399"}]}
2026-07-02 11:16:55.692 10 INFO neutron.wsgi [None req-98c156ee-76b2-4a45-ba0b-6ecf89ef2232 7a0d84665b1f4a1288833aa07236b752 e5697475b2504714a97ee12d834598e3 - - default default] 10.0.0.226 "DELETE /v2.0/networks/76908eb0-9201-49b8-b484-14ddbfc38bc5 HTTP/1.1" status: 204 len: 168 time: 0.7222857
2026-07-02 11:16:55.767 9 INFO neutron.wsgi [None req-0937bb32-32e6-452d-b9fb-372dc9585b3e 99c5f4c0320844659c82ce477b8515f6 b8f141ba9cd44322baa9f5ef6f472605 - - default default] 10.0.0.226 "GET /v2.0/networks?router%3Aexternal=True HTTP/1.1" status: 200 len: 947 time: 0.1177568
2026-07-02 11:16:55.801 9 INFO neutron.wsgi [None req-9c7adfe5-b37e-470b-b81f-e3a52d221ef1 99c5f4c0320844659c82ce477b8515f6 b8f141ba9cd44322baa9f5ef6f472605 - - default default] 10.0.0.226 "GET /v2.0/subnets?network_id=7ab611bf-5fa1-4e32-a42d-9946d7bcf78a&cidr=10.100.0.0%2F28 HTTP/1.1" status: 200 len: 207 time: 0.0264084
2026-07-02 11:16:55.818 10 WARNING neutron_lib.context [None req-23a6818a-55d4-45cf-bf86-7c6f57dcb43f c7aa73fbb74b4c7cb19f7840698dae22 46f2ca100337474cbc64fc8893fb54b6 - - default default] Method 'is_advsvc' is deprecated since 2023.2 release (neutron-lib 3.8.0) and will be removed once support for the old RBAC API policies will be removed from Neutron. Please use method 'is_service_role' instead.
2026-07-02 11:16:56.076 10 INFO neutron.db.ovn_revision_numbers_db [None req-7eb46cbd-9c55-4317-ad9c-b7bc62871823 - - - - - -] Successfully bumped revision number for resource 354e878c-122a-4c59-bfa8-dc54ef82032b (type: ports) to 1
2026-07-02 11:16:56.153 10 WARNING neutron.scheduler.dhcp_agent_scheduler [None req-23a6818a-55d4-45cf-bf86-7c6f57dcb43f c7aa73fbb74b4c7cb19f7840698dae22 46f2ca100337474cbc64fc8893fb54b6 - - default default] No more DHCP agents
2026-07-02 11:16:56.157 10 WARNING neutron.api.rpc.agentnotifiers.dhcp_rpc_agent_api [None req-23a6818a-55d4-45cf-bf86-7c6f57dcb43f c7aa73fbb74b4c7cb19f7840698dae22 46f2ca100337474cbc64fc8893fb54b6 - - default default] Unable to schedule network 494308d5-168b-4c53-bd06-c53af130e205: no agents available; will retry on subsequent port and subnet creation events.
