Jun 18 07:18:59.825159 np0000181904 devstack@neutron-api.service[103194]: DEBUG neutron_lib.callbacks.manager [None req-d2474a31-f56d-441e-8c18-67a7c550c4b9 None None] Subscribe: subnet after_update 55550000, False {{(pid=103194) subscribe /opt/stack/data/venv/lib/python3.12/site-packages/neutron_lib/callbacks/manager.py:52}}
Jun 18 07:18:59.825399 np0000181904 devstack@neutron-api.service[103194]: DEBUG neutron.quota.resource_registry [None req-d2474a31-f56d-441e-8c18-67a7c550c4b9 None None] Tracking information for resource: router configured {{(pid=103194) set_tracked_resource /opt/stack/neutron/neutron/quota/resource_registry.py:203}}
Jun 18 07:18:59.825545 np0000181904 devstack@neutron-api.service[103194]: DEBUG neutron.quota.resource_registry [None req-d2474a31-f56d-441e-8c18-67a7c550c4b9 None None] Tracking information for resource: floatingip configured {{(pid=103194) set_tracked_resource /opt/stack/neutron/neutron/quota/resource_registry.py:203}}
Jun 18 07:18:59.825661 np0000181904 devstack@neutron-api.service[103194]: INFO neutron.services.ovn_l3.plugin [None req-d2474a31-f56d-441e-8c18-67a7c550c4b9 None None] Starting OVNL3RouterPlugin
Jun 18 07:18:59.826020 np0000181904 devstack@neutron-api.service[103194]: DEBUG neutron_lib.callbacks.manager [None req-d2474a31-f56d-441e-8c18-67a7c550c4b9 None None] Subscribe: > port_forwarding_plugin after_init 55550000, False {{(pid=103194) subscribe /opt/stack/data/venv/lib/python3.12/site-packages/neutron_lib/callbacks/manager.py:52}}
Jun 18 07:18:59.826258 np0000181904 devstack@neutron-api.service[103194]: DEBUG neutron_lib.callbacks.manager [None req-d2474a31-f56d-441e-8c18-67a7c550c4b9 None None] Subscribe: > router before_create 55550100, False {{(pid=103194) subscribe /opt/stack/data/venv/lib/python3.12/site-packages/neutron_lib/callbacks/manager.py:52}}
Jun 18 07:18:59.826393 np0000181904 devstack@neutron-api.service[103194]: DEBUG neutron_lib.callbacks.manager [None req-d2474a31-f56d-441e-8c18-67a7c550c4b9 None None] Subscribe: > router precommit_delete 55550100, False {{(pid=103194) subscribe /opt/stack/data/venv/lib/python3.12/site-packages/neutron_lib/callbacks/manager.py:52}}
Jun 18 07:18:59.826547 np0000181904 devstack@neutron-api.service[103194]: DEBUG neutron_lib.callbacks.manager [None req-d2474a31-f56d-441e-8c18-67a7c550c4b9 None None] Subscribe: > router precommit_create 55550100, False {{(pid=103194) subscribe /opt/stack/data/venv/lib/python3.12/site-packages/neutron_lib/callbacks/manager.py:52}}
Jun 18 07:18:59.826688 np0000181904 devstack@neutron-api.service[103194]: DEBUG neutron_lib.callbacks.manager [None req-d2474a31-f56d-441e-8c18-67a7c550c4b9 None None] Subscribe: > router precommit_update 55550100, False {{(pid=103194) subscribe /opt/stack/data/venv/lib/python3.12/site-packages/neutron_lib/callbacks/manager.py:52}}
Jun 18 07:18:59.832194 np0000181904 devstack@neutron-api.service[103194]: DEBUG neutron.services.provider_configuration [None req-d2474a31-f56d-441e-8c18-67a7c550c4b9 None None] Service providers = [] {{(pid=103194) parse_service_provider_opt /opt/stack/neutron/neutron/services/provider_configuration.py:170}}
Jun 18 07:18:59.832339 np0000181904 devstack@neutron-api.service[103194]: DEBUG neutron.db.servicetype_db [None req-d2474a31-f56d-441e-8c18-67a7c550c4b9 None None] Adding provider configuration for service L3_ROUTER_NAT {{(pid=103194) add_provider_configuration /opt/stack/neutron/neutron/db/servicetype_db.py:45}}
Jun 18 07:18:59.834232 np0000181904 devstack@neutron-api.service[103194]: DEBUG neutron_lib.callbacks.manager [None req-d2474a31-f56d-441e-8c18-67a7c550c4b9 None None] Subscribe: > router precommit_create 55549900, False {{(pid=103194) subscribe /opt/stack/data/venv/lib/python3.12/site-packages/neutron_lib/callbacks/manager.py:52}}
Jun 18 07:18:59.834399 np0000181904 devstack@neutron-api.service[103194]: DEBUG neutron_lib.callbacks.manager [None req-d2474a31-f56d-441e-8c18-67a7c550c4b9 None None] Subscribe: > router_interface after_create 55550000, False {{(pid=103194) subscribe /opt/stack/data/venv/lib/python3.12/site-packages/neutron_lib/callbacks/manager.py:52}}
Jun 18 07:18:59.834822 np0000181904 devstack@neutron-api.service[103194]: DEBUG neutron_lib.callbacks.manager [None req-d2474a31-f56d-441e-8c18-67a7c550c4b9 None None] Subscribe: > floatingip after_create 55550000, False {{(pid=103194) subscribe /opt/stack/data/venv/lib/python3.12/site-packages/neutron_lib/callbacks/manager.py:52}}
Jun 18 07:18:59.834822 np0000181904 devstack@neutron-api.service[103194]: DEBUG neutron_lib.callbacks.manager [None req-d2474a31-f56d-441e-8c18-67a7c550c4b9 None None] Subscribe: > floatingip precommit_create 55550000, False {{(pid=103194) subscribe /opt/stack/data/venv/lib/python3.12/site-packages/neutron_lib/callbacks/manager.py:52}}
Jun 18 07:18:59.834822 np0000181904 devstack@neutron-api.service[103194]: DEBUG neutron_lib.callbacks.manager [None req-d2474a31-f56d-441e-8c18-67a7c550c4b9 None None] Subscribe: > floatingip precommit_update 55550000, False {{(pid=103194) subscribe /opt/stack/data/venv/lib/python3.12/site-packages/neutron_lib/callbacks/manager.py:52}}
Jun 18 07:18:59.835042 np0000181904 devstack@neutron-api.service[103194]: DEBUG neutron_lib.callbacks.manager [None req-d2474a31-f56d-441e-8c18-67a7c550c4b9 None None] Subscribe: > floatingip after_delete 55550000, False {{(pid=103194) subscribe /opt/stack/data/venv/lib/python3.12/site-packages/neutron_lib/callbacks/manager.py:52}}
Jun 18 07:18:59.835217 np0000181904 devstack@neutron-api.service[103194]: DEBUG neutron_lib.callbacks.manager [None req-d2474a31-f56d-441e-8c18-67a7c550c4b9 None None] Subscribe: > floatingip after_status_update 55550000, False {{(pid=103194) subscribe /opt/stack/data/venv/lib/python3.12/site-packages/neutron_lib/callbacks/manager.py:52}}
Jun 18 07:18:59.835388 np0000181904 devstack@neutron-api.service[103194]: DEBUG neutron_lib.callbacks.manager [None req-d2474a31-f56d-441e-8c18-67a7c550c4b9 None None] Subscribe: > floatingip after_update 55550000, False {{(pid=103194) subscribe /opt/stack/data/venv/lib/python3.12/site-packages/neutron_lib/callbacks/manager.py:52}}
Jun 18 07:18:59.835588 np0000181904 devstack@neutron-api.service[103194]: DEBUG neutron_lib.callbacks.manager [None req-d2474a31-f56d-441e-8c18-67a7c550c4b9 None None] Subscribe: > port_forwarding after_create 55550000, False {{(pid=103194) subscribe /opt/stack/data/venv/lib/python3.12/site-packages/neutron_lib/callbacks/manager.py:52}}
Jun 18 07:18:59.835998 np0000181904 devstack@neutron-api.service[103194]: DEBUG neutron_lib.callbacks.manager [None req-d2474a31-f56d-441e-8c18-67a7c550c4b9 None None] Subscribe: > router_interface after_delete 55550000, False {{(pid=103194) subscribe /opt/stack/data/venv/lib/python3.12/site-packages/neutron_lib/callbacks/manager.py:52}}
Jun 18 07:18:59.835998 np0000181904 devstack@neutron-api.service[103194]: DEBUG neutron_lib.callbacks.manager [None req-d2474a31-f56d-441e-8c18-67a7c550c4b9 None None] Subscribe: > router after_create 55550000, False {{(pid=103194) subscribe /opt/stack/data/venv/lib/python3.12/site-packages/neutron_lib/callbacks/manager.py:52}}
Jun 18 07:18:59.835998 np0000181904 devstack@neutron-api.service[103194]: DEBUG neutron_lib.callbacks.manager [None req-d2474a31-f56d-441e-8c18-67a7c550c4b9 None None] Subscribe: > router precommit_create 55550000, False {{(pid=103194) subscribe /opt/stack/data/venv/lib/python3.12/site-packages/neutron_lib/callbacks/manager.py:52}}
Jun 18 07:18:59.836169 np0000181904 devstack@neutron-api.service[103194]: DEBUG neutron_lib.callbacks.manager [None req-d2474a31-f56d-441e-8c18-67a7c550c4b9 None None] Subscribe: > router after_delete 55550000, False {{(pid=103194) subscribe /opt/stack/data/venv/lib/python3.12/site-packages/neutron_lib/callbacks/manager.py:52}}
Jun 18 07:18:59.836268 np0000181904 devstack@neutron-api.service[103194]: DEBUG neutron_lib.callbacks.manager [None req-d2474a31-f56d-441e-8c18-67a7c550c4b9 None None] Subscribe: > router after_update 55550000, False {{(pid=103194) subscribe /opt/stack/data/venv/lib/python3.12/site-packages/neutron_lib/callbacks/manager.py:52}}
Jun 18 07:18:59.836411 np0000181904 devstack@neutron-api.service[103194]: DEBUG neutron.services.service_base [None req-d2474a31-f56d-441e-8c18-67a7c550c4b9 None None] Loaded 'neutron.services.ovn_l3.service_providers.ovn.OvnDriver' provider for service L3_ROUTER_NAT {{(pid=103194) load_drivers /opt/stack/neutron/neutron/services/service_base.py:49}}
Jun 18 07:18:59.836644 np0000181904 devstack@neutron-api.service[103194]: DEBUG neutron_lib.callbacks.manager [None req-d2474a31-f56d-441e-8c18-67a7c550c4b9 None None] Subscribe: > process after_init 55550001, True {{(pid=103194) subscribe /opt/stack/data/venv/lib/python3.12/site-packages/neutron_lib/callbacks/manager.py:52}}
Jun 18 07:18:59.836806 np0000181904 devstack@neutron-api.service[103194]: DEBUG neutron.manager [None req-d2474a31-f56d-441e-8c18-67a7c550c4b9 None None] Successfully loaded L3_ROUTER_NAT plugin. Description: L3 Router Service Plugin for basic L3 forwarding using OVN {{(pid=103194) _create_and_add_service_plugin /opt/stack/neutron/neutron/manager.py:239}}
Jun 18 07:18:59.836948 np0000181904 devstack@neutron-api.service[103194]: INFO neutron.manager [None req-d2474a31-f56d-441e-8c18-67a7c550c4b9 None None] Loading Plugin: auto_allocate
Jun 18 07:18:59.838460 np0000181904 devstack@neutron-api.service[103194]: DEBUG neutron_lib.callbacks.manager [None req-d2474a31-f56d-441e-8c18-67a7c550c4b9 None None] Subscribe: network precommit_update 55550000, False {{(pid=103194) subscribe /opt/stack/data/venv/lib/python3.12/site-packages/neutron_lib/callbacks/manager.py:52}}
Jun 18 07:18:59.838651 np0000181904 devstack@neutron-api.service[103194]: DEBUG neutron_lib.callbacks.manager [None req-d2474a31-f56d-441e-8c18-67a7c550c4b9 None None] Subscribe: network precommit_create 55550000, False {{(pid=103194) subscribe /opt/stack/data/venv/lib/python3.12/site-packages/neutron_lib/callbacks/manager.py:52}}
Jun 18 07:18:59.838946 np0000181904 devstack@neutron-api.service[103194]: DEBUG neutron.manager [None req-d2474a31-f56d-441e-8c18-67a7c550c4b9 None None] Successfully loaded auto-allocated-topology plugin. Description: Auto Allocated Topology - aka get me a network. {{(pid=103194) _create_and_add_service_plugin /opt/stack/neutron/neutron/manager.py:239}}
Jun 18 07:18:59.839080 np0000181904 devstack@neutron-api.service[103194]: INFO neutron.manager [None req-d2474a31-f56d-441e-8c18-67a7c550c4b9 None None] Loading Plugin: tag
Jun 18 07:18:59.842282 np0000181904 devstack@neutron-api.service[103196]: DEBUG neutron.api.extensions [None req-78c5bd72-d3e8-455f-a178-d15d7c97fa55 None None] Ext name="QinQ networks" alias="qinq" description="Expose network 'qinq' attribute in the API. This allows to configure network to allow vlan in vlan configuration using 0x88a8 ethertype (QinQ)." updated="2024-12-02T10:00:00-00:00" {{(pid=103196) _check_extension /opt/stack/neutron/neutron/api/extensions.py:415}}
Jun 18 07:18:59.842282 np0000181904 devstack@neutron-api.service[103196]: INFO neutron.api.extensions [None req-78c5bd72-d3e8-455f-a178-d15d7c97fa55 None None] Loaded extension: qinq
Jun 18 07:18:59.842475 np0000181904 devstack@neutron-api.service[103196]: DEBUG neutron.api.extensions [None req-78c5bd72-d3e8-455f-a178-d15d7c97fa55 None None] Loading extension file: qos.py {{(pid=103196) _load_all_extensions_from_path /opt/stack/neutron/neutron/api/extensions.py:449}}
Jun 18 07:18:59.843224 np0000181904 devstack@neutron-api.service[103194]: DEBUG neutron.manager [None req-d2474a31-f56d-441e-8c18-67a7c550c4b9 None None] Successfully loaded TAG plugin. Description: Tag support {{(pid=103194) _create_and_add_service_plugin /opt/stack/neutron/neutron/manager.py:239}}
Jun 18 07:18:59.843355 np0000181904 devstack@neutron-api.service[103194]: INFO neutron.manager [None req-d2474a31-f56d-441e-8c18-67a7c550c4b9 None None] Loading Plugin: timestamp
Jun 18 07:18:59.843507 np0000181904 devstack@neutron-api.service[103196]: DEBUG neutron.api.extensions [None req-78c5bd72-d3e8-455f-a178-d15d7c97fa55 None None] Ext name="Quality of Service" alias="qos" description="The Quality of Service extension." updated="2015-06-08T10:00:00-00:00" {{(pid=103196) _check_extension /opt/stack/neutron/neutron/api/extensions.py:415}}
Jun 18 07:18:59.843679 np0000181904 devstack@neutron-api.service[103196]: INFO neutron.api.extensions [None req-78c5bd72-d3e8-455f-a178-d15d7c97fa55 None None] Extension qos not supported by any of loaded plugins
Jun 18 07:18:59.843856 np0000181904 devstack@neutron-api.service[103196]: DEBUG neutron.api.extensions [None req-78c5bd72-d3e8-455f-a178-d15d7c97fa55 None None] Loading extension file: qos_bw_limit_direction.py {{(pid=103196) _load_all_extensions_from_path /opt/stack/neutron/neutron/api/extensions.py:449}}
Jun 18 07:18:59.844400 np0000181904 devstack@neutron-api.service[103196]: DEBUG neutron.api.extensions [None req-78c5bd72-d3e8-455f-a178-d15d7c97fa55 None None] Ext name="Direction for QoS bandwidth limit rule" alias="qos-bw-limit-direction" description="Allow to configure QoS bandwidth limit rule with specific direction: ingress or egress" updated="2017-04-10T10:00:00-00:00" {{(pid=103196) _check_extension /opt/stack/neutron/neutron/api/extensions.py:415}}
Jun 18 07:18:59.844400 np0000181904 devstack@neutron-api.service[103196]: INFO neutron.api.extensions [None req-78c5bd72-d3e8-455f-a178-d15d7c97fa55 None None] Extension qos-bw-limit-direction not supported by any of loaded plugins
Jun 18 07:18:59.844400 np0000181904 devstack@neutron-api.service[103196]: DEBUG neutron.api.extensions [None req-78c5bd72-d3e8-455f-a178-d15d7c97fa55 None None] Loading extension file: qos_bw_minimum_ingress.py {{(pid=103196) _load_all_extensions_from_path /opt/stack/neutron/neutron/api/extensions.py:449}}
Jun 18 07:18:59.844630 np0000181904 devstack@neutron-api.service[103196]: DEBUG neutron.api.extensions [None req-78c5bd72-d3e8-455f-a178-d15d7c97fa55 None None] Ext name="Ingress direction for QoS minimum bandwidth rule" alias="qos-bw-minimum-ingress" description="Allow to configure QoS minumum bandwidth rule with ingress direction." updated="2018-07-09T10:00:00-00:00" {{(pid=103196) _check_extension /opt/stack/neutron/neutron/api/extensions.py:415}}
Jun 18 07:18:59.845207 np0000181904 devstack@neutron-api.service[103196]: INFO neutron.api.extensions [None req-78c5bd72-d3e8-455f-a178-d15d7c97fa55 None None] Extension qos-bw-minimum-ingress not supported by any of loaded plugins
Jun 18 07:18:59.845207 np0000181904 devstack@neutron-api.service[103196]: DEBUG neutron.api.extensions [None req-78c5bd72-d3e8-455f-a178-d15d7c97fa55 None None] Loading extension file: qos_default.py {{(pid=103196) _load_all_extensions_from_path /opt/stack/neutron/neutron/api/extensions.py:449}}
Jun 18 07:18:59.845389 np0000181904 devstack@neutron-api.service[103193]: DEBUG neutron.api.extensions [None req-4c45ed72-59e6-43c6-9d4a-6a9533d647f7 None None] Ext name="DHCP Agent Scheduler" alias="dhcp_agent_scheduler" description="Schedule networks among dhcp agents" updated="2013-02-07T10:00:00-00:00" {{(pid=103193) _check_extension /opt/stack/neutron/neutron/api/extensions.py:415}}
Jun 18 07:18:59.845545 np0000181904 devstack@neutron-api.service[103196]: DEBUG neutron.api.extensions [None req-78c5bd72-d3e8-455f-a178-d15d7c97fa55 None None] Ext name="QoS default policy" alias="qos-default" description="Expose the QoS default policy per project" updated="2017-041-06T10:00:00-00:00" {{(pid=103196) _check_extension /opt/stack/neutron/neutron/api/extensions.py:415}}
Jun 18 07:18:59.845678 np0000181904 devstack@neutron-api.service[103194]: DEBUG neutron.manager [None req-d2474a31-f56d-441e-8c18-67a7c550c4b9 None None] Successfully loaded timestamp plugin. Description: Adds timestamps to Neutron resources with standard attributes {{(pid=103194) _create_and_add_service_plugin /opt/stack/neutron/neutron/manager.py:239}}
Jun 18 07:18:59.845678 np0000181904 devstack@neutron-api.service[103194]: INFO neutron.manager [None req-d2474a31-f56d-441e-8c18-67a7c550c4b9 None None] Loading Plugin: network_ip_availability
Jun 18 07:18:59.845889 np0000181904 devstack@neutron-api.service[103196]: INFO neutron.api.extensions [None req-78c5bd72-d3e8-455f-a178-d15d7c97fa55 None None] Extension qos-default not supported by any of loaded plugins
Jun 18 07:18:59.845889 np0000181904 devstack@neutron-api.service[103196]: DEBUG neutron.api.extensions [None req-78c5bd72-d3e8-455f-a178-d15d7c97fa55 None None] Loading extension file: qos_fip.py {{(pid=103196) _load_all_extensions_from_path /opt/stack/neutron/neutron/api/extensions.py:449}}
Jun 18 07:18:59.846117 np0000181904 devstack@neutron-api.service[103193]: INFO neutron.api.extensions [None req-4c45ed72-59e6-43c6-9d4a-6a9533d647f7 None None] Loaded extension: dhcp_agent_scheduler
Jun 18 07:18:59.846617 np0000181904 devstack@neutron-api.service[103196]: DEBUG neutron.api.extensions [None req-78c5bd72-d3e8-455f-a178-d15d7c97fa55 None None] Ext name="Floating IP QoS" alias="qos-fip" description="The floating IP Quality of Service extension" updated="2017-07-20T00:00:00-00:00" {{(pid=103196) _check_extension /opt/stack/neutron/neutron/api/extensions.py:415}}
Jun 18 07:18:59.846763 np0000181904 devstack@neutron-api.service[103193]: DEBUG neutron.api.extensions [None req-4c45ed72-59e6-43c6-9d4a-6a9533d647f7 None None] Loading extension file: dns.py {{(pid=103193) _load_all_extensions_from_path /opt/stack/neutron/neutron/api/extensions.py:449}}
Jun 18 07:18:59.846904 np0000181904 devstack@neutron-api.service[103196]: INFO neutron.api.extensions [None req-78c5bd72-d3e8-455f-a178-d15d7c97fa55 None None] Extension qos-fip not supported by any of loaded plugins
Jun 18 07:18:59.846904 np0000181904 devstack@neutron-api.service[103196]: DEBUG neutron.api.extensions [None req-78c5bd72-d3e8-455f-a178-d15d7c97fa55 None None] Loading extension file: qos_fip_network_policy.py {{(pid=103196) _load_all_extensions_from_path /opt/stack/neutron/neutron/api/extensions.py:449}}
Jun 18 07:18:59.846904 np0000181904 devstack@neutron-api.service[103196]: DEBUG neutron.api.extensions [None req-78c5bd72-d3e8-455f-a178-d15d7c97fa55 None None] Ext name="QoS floating IP network policy ID" alias="qos-fip-network-policy" description="Adds a the QoS network ID to the floating IP definition" updated="2021-11-15T10:00:00-00:00" {{(pid=103196) _check_extension /opt/stack/neutron/neutron/api/extensions.py:415}}
Jun 18 07:18:59.846904 np0000181904 devstack@neutron-api.service[103196]: INFO neutron.api.extensions [None req-78c5bd72-d3e8-455f-a178-d15d7c97fa55 None None] Extension qos-fip-network-policy not supported by any of loaded plugins
Jun 18 07:18:59.846904 np0000181904 devstack@neutron-api.service[103196]: DEBUG neutron.api.extensions [None req-78c5bd72-d3e8-455f-a178-d15d7c97fa55 None None] Loading extension file: qos_gateway_ip.py {{(pid=103196) _load_all_extensions_from_path /opt/stack/neutron/neutron/api/extensions.py:449}}
Jun 18 07:18:59.847180 np0000181904 devstack@neutron-api.service[103193]: DEBUG neutron.api.extensions [None req-4c45ed72-59e6-43c6-9d4a-6a9533d647f7 None None] Ext name="DNS Integration" alias="dns-integration" description="Provides integration with DNS." updated="2015-08-15T18:00:00-00:00" {{(pid=103193) _check_extension /opt/stack/neutron/neutron/api/extensions.py:415}}
Jun 18 07:18:59.847350 np0000181904 devstack@neutron-api.service[103196]: DEBUG neutron.api.extensions [None req-78c5bd72-d3e8-455f-a178-d15d7c97fa55 None None] Ext name="Router gateway IP QoS" alias="qos-gateway-ip" description="The Router gateway IP Quality of Service extension" updated="2018-02-24T00:00:00-00:00" {{(pid=103196) _check_extension /opt/stack/neutron/neutron/api/extensions.py:415}}
Jun 18 07:18:59.847350 np0000181904 devstack@neutron-api.service[103196]: INFO neutron.api.extensions [None req-78c5bd72-d3e8-455f-a178-d15d7c97fa55 None None] Extension qos-gateway-ip not supported by any of loaded plugins
Jun 18 07:18:59.847534 np0000181904 devstack@neutron-api.service[103193]: INFO neutron.api.extensions [None req-4c45ed72-59e6-43c6-9d4a-6a9533d647f7 None None] Loaded extension: dns-integration
Jun 18 07:18:59.847667 np0000181904 devstack@neutron-api.service[103196]: DEBUG neutron.api.extensions [None req-78c5bd72-d3e8-455f-a178-d15d7c97fa55 None None] Loading extension file: qos_port_network_policy.py {{(pid=103196) _load_all_extensions_from_path /opt/stack/neutron/neutron/api/extensions.py:449}}
Jun 18 07:18:59.847809 np0000181904 devstack@neutron-api.service[103193]: DEBUG neutron.api.extensions [None req-4c45ed72-59e6-43c6-9d4a-6a9533d647f7 None None] Loading extension file: dns_domain_ports.py {{(pid=103193) _load_all_extensions_from_path /opt/stack/neutron/neutron/api/extensions.py:449}}
Jun 18 07:18:59.847986 np0000181904 devstack@neutron-api.service[103196]: DEBUG neutron.api.extensions [None req-78c5bd72-d3e8-455f-a178-d15d7c97fa55 None None] Ext name="QoS port network policy ID" alias="qos-port-network-policy" description="Adds a the QoS network ID to the port definition" updated="2019-11-01T10:00:00-00:00" {{(pid=103196) _check_extension /opt/stack/neutron/neutron/api/extensions.py:415}}
Jun 18 07:18:59.847986 np0000181904 devstack@neutron-api.service[103196]: INFO neutron.api.extensions [None req-78c5bd72-d3e8-455f-a178-d15d7c97fa55 None None] Extension qos-port-network-policy not supported by any of loaded plugins
Jun 18 07:18:59.847986 np0000181904 devstack@neutron-api.service[103196]: DEBUG neutron.api.extensions [None req-78c5bd72-d3e8-455f-a178-d15d7c97fa55 None None] Loading extension file: qos_pps_minimum_rule.py {{(pid=103196) _load_all_extensions_from_path /opt/stack/neutron/neutron/api/extensions.py:449}}
Jun 18 07:18:59.848268 np0000181904 devstack@neutron-api.service[103194]: DEBUG neutron.manager [None req-d2474a31-f56d-441e-8c18-67a7c550c4b9 None None] Successfully loaded network-ip-availability plugin. Description: Provides IP availability data for each network and subnet. {{(pid=103194) _create_and_add_service_plugin /opt/stack/neutron/neutron/manager.py:239}}
Jun 18 07:18:59.848268 np0000181904 devstack@neutron-api.service[103194]: INFO neutron.manager [None req-d2474a31-f56d-441e-8c18-67a7c550c4b9 None None] Loading Plugin: flavors
Jun 18 07:18:59.848512 np0000181904 devstack@neutron-api.service[103193]: DEBUG neutron.api.extensions [None req-4c45ed72-59e6-43c6-9d4a-6a9533d647f7 None None] Ext name="dns_domain for ports" alias="dns-domain-ports" description="Allows the DNS domain to be specified for a network port." updated="2017-04-24T10:00:00-00:00" {{(pid=103193) _check_extension /opt/stack/neutron/neutron/api/extensions.py:415}}
Jun 18 07:18:59.848736 np0000181904 devstack@neutron-api.service[103196]: DEBUG neutron.api.extensions [None req-78c5bd72-d3e8-455f-a178-d15d7c97fa55 None None] Ext name="QoS minimum packet rate rule" alias="qos-pps-minimum" description="Allow to configure QoS minimum packet rate rule." updated="2021-07-14T10:00:00-00:00" {{(pid=103196) _check_extension /opt/stack/neutron/neutron/api/extensions.py:415}}
Jun 18 07:18:59.848736 np0000181904 devstack@neutron-api.service[103196]: INFO neutron.api.extensions [None req-78c5bd72-d3e8-455f-a178-d15d7c97fa55 None None] Extension qos-pps-minimum not supported by any of loaded plugins
Jun 18 07:18:59.848736 np0000181904 devstack@neutron-api.service[103196]: DEBUG neutron.api.extensions [None req-78c5bd72-d3e8-455f-a178-d15d7c97fa55 None None] Loading extension file: qos_pps_minimum_rule_alias.py {{(pid=103196) _load_all_extensions_from_path /opt/stack/neutron/neutron/api/extensions.py:449}}
Jun 18 07:18:59.849064 np0000181904 devstack@neutron-api.service[103193]: INFO neutron.api.extensions [None req-4c45ed72-59e6-43c6-9d4a-6a9533d647f7 None None] Loaded extension: dns-domain-ports
Jun 18 07:18:59.849064 np0000181904 devstack@neutron-api.service[103193]: DEBUG neutron.api.extensions [None req-4c45ed72-59e6-43c6-9d4a-6a9533d647f7 None None] Loading extension file: dns_integration_domain_keywords.py {{(pid=103193) _load_all_extensions_from_path /opt/stack/neutron/neutron/api/extensions.py:449}}
Jun 18 07:18:59.849293 np0000181904 devstack@neutron-api.service[103196]: DEBUG neutron.api.extensions [None req-78c5bd72-d3e8-455f-a178-d15d7c97fa55 None None] Ext name="QoS minimum packet rate rule alias" alias="qos-pps-minimum-rule-alias" description="API to enable GET, PUT and DELETE operations on QoS minimum packet rate rule without specifying policy ID" updated="2021-10-22T10:00:00-00:00" {{(pid=103196) _check_extension /opt/stack/neutron/neutron/api/extensions.py:415}}
Jun 18 07:18:59.849293 np0000181904 devstack@neutron-api.service[103196]: INFO neutron.api.extensions [None req-78c5bd72-d3e8-455f-a178-d15d7c97fa55 None None] Extension qos-pps-minimum-rule-alias not supported by any of loaded plugins
Jun 18 07:18:59.849293 np0000181904 devstack@neutron-api.service[103196]: DEBUG neutron.api.extensions [None req-78c5bd72-d3e8-455f-a178-d15d7c97fa55 None None] Loading extension file: qos_pps_rule.py {{(pid=103196) _load_all_extensions_from_path /opt/stack/neutron/neutron/api/extensions.py:449}}
Jun 18 07:18:59.849492 np0000181904 devstack@neutron-api.service[103193]: DEBUG neutron.api.extensions [None req-4c45ed72-59e6-43c6-9d4a-6a9533d647f7 None None] Ext name="DNS domain names with keywords allowed" alias="dns-integration-domain-keywords" description="Allows to use keywords like , , and as DNS domain name" updated="2020-06-15T18:00:00-00:00" {{(pid=103193) _check_extension /opt/stack/neutron/neutron/api/extensions.py:415}}
Jun 18 07:18:59.849619 np0000181904 devstack@neutron-api.service[103194]: DEBUG neutron.manager [None req-d2474a31-f56d-441e-8c18-67a7c550c4b9 None None] Successfully loaded FLAVORS plugin. Description: Neutron Flavors and Service Profiles manager plugin {{(pid=103194) _create_and_add_service_plugin /opt/stack/neutron/neutron/manager.py:239}}
Jun 18 07:18:59.849832 np0000181904 devstack@neutron-api.service[103196]: DEBUG neutron.api.extensions [None req-78c5bd72-d3e8-455f-a178-d15d7c97fa55 None None] Ext name="QoS Rule Type Packet per Second Extension" alias="qos-pps" description="Add QoS Rule Type Packet per Second" updated="2021-05-12T10:00:00-00:00" {{(pid=103196) _check_extension /opt/stack/neutron/neutron/api/extensions.py:415}}
Jun 18 07:18:59.849955 np0000181904 devstack@neutron-api.service[103194]: INFO neutron.manager [None req-d2474a31-f56d-441e-8c18-67a7c550c4b9 None None] Loading Plugin: revisions
Jun 18 07:18:59.850078 np0000181904 devstack@neutron-api.service[103193]: INFO neutron.api.extensions [None req-4c45ed72-59e6-43c6-9d4a-6a9533d647f7 None None] Loaded extension: dns-integration-domain-keywords
Jun 18 07:18:59.850190 np0000181904 devstack@neutron-api.service[103196]: INFO neutron.api.extensions [None req-78c5bd72-d3e8-455f-a178-d15d7c97fa55 None None] Extension qos-pps not supported by any of loaded plugins
Jun 18 07:18:59.850313 np0000181904 devstack@neutron-api.service[103193]: DEBUG neutron.api.extensions [None req-4c45ed72-59e6-43c6-9d4a-6a9533d647f7 None None] Loading extension file: dvr.py {{(pid=103193) _load_all_extensions_from_path /opt/stack/neutron/neutron/api/extensions.py:449}}
Jun 18 07:18:59.850478 np0000181904 devstack@neutron-api.service[103196]: DEBUG neutron.api.extensions [None req-78c5bd72-d3e8-455f-a178-d15d7c97fa55 None None] Loading extension file: qos_rule_type_details.py {{(pid=103196) _load_all_extensions_from_path /opt/stack/neutron/neutron/api/extensions.py:449}}
Jun 18 07:18:59.850478 np0000181904 devstack@neutron-api.service[103196]: DEBUG neutron.api.extensions [None req-78c5bd72-d3e8-455f-a178-d15d7c97fa55 None None] Ext name="Details of QoS rule types" alias="qos-rule-type-details" description="Expose details about QoS rule types supported by loaded backend drivers" updated="2017-06-22T10:00:00-00:00" {{(pid=103196) _check_extension /opt/stack/neutron/neutron/api/extensions.py:415}}
Jun 18 07:18:59.850478 np0000181904 devstack@neutron-api.service[103196]: INFO neutron.api.extensions [None req-78c5bd72-d3e8-455f-a178-d15d7c97fa55 None None] Extension qos-rule-type-details not supported by any of loaded plugins
Jun 18 07:18:59.850665 np0000181904 devstack@neutron-api.service[103193]: DEBUG neutron.api.extensions [None req-4c45ed72-59e6-43c6-9d4a-6a9533d647f7 None None] Ext name="Distributed Virtual Router" alias="dvr" description="Enables configuration of Distributed Virtual Routers." updated="2014-06-1T10:00:00-00:00" {{(pid=103193) _check_extension /opt/stack/neutron/neutron/api/extensions.py:415}}
Jun 18 07:18:59.850789 np0000181904 devstack@neutron-api.service[103196]: DEBUG neutron.api.extensions [None req-78c5bd72-d3e8-455f-a178-d15d7c97fa55 None None] Loading extension file: qos_rule_type_filter.py {{(pid=103196) _load_all_extensions_from_path /opt/stack/neutron/neutron/api/extensions.py:449}}
Jun 18 07:18:59.850884 np0000181904 devstack@neutron-api.service[103193]: INFO neutron.api.extensions [None req-4c45ed72-59e6-43c6-9d4a-6a9533d647f7 None None] Extension dvr not supported by any of loaded plugins
Jun 18 07:18:59.850981 np0000181904 devstack@neutron-api.service[103196]: DEBUG neutron.api.extensions [None req-78c5bd72-d3e8-455f-a178-d15d7c97fa55 None None] Ext name="Allow to filter the list of QoS rule types" alias="qos-rule-type-filter" description="Allows to filter the QoS rule type list adding two new flags. "all_rules" prints all implemented QoS rule types."all_supported" prints all supported QoS rule types by the loaded mechanism drivers" updated="2022-02-02T10:00:00-00:00" {{(pid=103196) _check_extension /opt/stack/neutron/neutron/api/extensions.py:415}}
Jun 18 07:18:59.851286 np0000181904 devstack@neutron-api.service[103193]: DEBUG neutron.api.extensions [None req-4c45ed72-59e6-43c6-9d4a-6a9533d647f7 None None] Loading extension file: ecmp_routes.py {{(pid=103193) _load_all_extensions_from_path /opt/stack/neutron/neutron/api/extensions.py:449}}
Jun 18 07:18:59.851573 np0000181904 devstack@neutron-api.service[103196]: INFO neutron.api.extensions [None req-78c5bd72-d3e8-455f-a178-d15d7c97fa55 None None] Extension qos-rule-type-filter not supported by any of loaded plugins
Jun 18 07:18:59.851679 np0000181904 devstack@neutron-api.service[103194]: DEBUG neutron.manager [None req-d2474a31-f56d-441e-8c18-67a7c550c4b9 None None] Successfully loaded revision_plugin plugin. Description: Adds revision numbers to resources. {{(pid=103194) _create_and_add_service_plugin /opt/stack/neutron/neutron/manager.py:239}}
Jun 18 07:18:59.851778 np0000181904 devstack@neutron-api.service[103196]: DEBUG neutron.api.extensions [None req-78c5bd72-d3e8-455f-a178-d15d7c97fa55 None None] Loading extension file: qos_rules_alias.py {{(pid=103196) _load_all_extensions_from_path /opt/stack/neutron/neutron/api/extensions.py:449}}
Jun 18 07:18:59.852070 np0000181904 devstack@neutron-api.service[103194]: DEBUG oslo_concurrency.lockutils [None req-d2474a31-f56d-441e-8c18-67a7c550c4b9 None None] Lock "manager" "released" by "neutron.manager.NeutronManager._create_instance" :: held 4.963s {{(pid=103194) inner /opt/stack/data/venv/lib/python3.12/site-packages/oslo_concurrency/lockutils.py:543}}
Jun 18 07:18:59.852359 np0000181904 devstack@neutron-api.service[103196]: DEBUG neutron.api.extensions [None req-78c5bd72-d3e8-455f-a178-d15d7c97fa55 None None] Ext name="Quality of Service rules alias API" alias="qos-rules-alias" description="API to enable GET, PUT and DELETE operations on QoS policy rules without specifying policy ID" updated="2018-10-07T10:00:00-00:00" {{(pid=103196) _check_extension /opt/stack/neutron/neutron/api/extensions.py:415}}
Jun 18 07:18:59.852574 np0000181904 devstack@neutron-api.service[103194]: DEBUG neutron.api.extensions [None req-d2474a31-f56d-441e-8c18-67a7c550c4b9 None None] get_extension_paths = OrderedDict({'/opt/stack/neutron/neutron/extensions': 1}) {{(pid=103194) get_extensions_path /opt/stack/neutron/neutron/api/extensions.py:640}}
Jun 18 07:18:59.852672 np0000181904 devstack@neutron-api.service[103193]: DEBUG neutron.api.extensions [None req-4c45ed72-59e6-43c6-9d4a-6a9533d647f7 None None] Ext name="Equal Cost Multipath Routing" alias="ecmp_routes" description="Allows traffic to reach thesame destination via multiple different links " updated="2020-11-26T18:00:00-00:00" {{(pid=103193) _check_extension /opt/stack/neutron/neutron/api/extensions.py:415}}
Jun 18 07:18:59.852962 np0000181904 devstack@neutron-api.service[103196]: INFO neutron.api.extensions [None req-78c5bd72-d3e8-455f-a178-d15d7c97fa55 None None] Extension qos-rules-alias not supported by any of loaded plugins
Jun 18 07:18:59.853299 np0000181904 devstack@neutron-api.service[103194]: INFO neutron.api.extensions [None req-d2474a31-f56d-441e-8c18-67a7c550c4b9 None None] Initializing extension manager.
Jun 18 07:18:59.853623 np0000181904 devstack@neutron-api.service[103196]: DEBUG neutron.api.extensions [None req-78c5bd72-d3e8-455f-a178-d15d7c97fa55 None None] Loading extension file: quota_check_limit.py {{(pid=103196) _load_all_extensions_from_path /opt/stack/neutron/neutron/api/extensions.py:449}}
Jun 18 07:18:59.853623 np0000181904 devstack@neutron-api.service[103196]: DEBUG neutron.api.extensions [None req-78c5bd72-d3e8-455f-a178-d15d7c97fa55 None None] Ext name="Quota engine limit check" alias="quota-check-limit" description="Support for checking the resource usage before applying a new quota limit" updated="2021-09-08T16:00:00-00:00" {{(pid=103196) _check_extension /opt/stack/neutron/neutron/api/extensions.py:415}}
Jun 18 07:18:59.853952 np0000181904 devstack@neutron-api.service[103194]: DEBUG neutron.api.extensions [None req-d2474a31-f56d-441e-8c18-67a7c550c4b9 None None] Loading extension file: __init__.py {{(pid=103194) _load_all_extensions_from_path /opt/stack/neutron/neutron/api/extensions.py:449}}
Jun 18 07:18:59.854238 np0000181904 devstack@neutron-api.service[103193]: INFO neutron.api.extensions [None req-4c45ed72-59e6-43c6-9d4a-6a9533d647f7 None None] Extension ecmp_routes not supported by any of loaded plugins
Jun 18 07:18:59.854560 np0000181904 devstack@neutron-api.service[103196]: INFO neutron.api.extensions [None req-78c5bd72-d3e8-455f-a178-d15d7c97fa55 None None] Loaded extension: quota-check-limit
Jun 18 07:18:59.854828 np0000181904 devstack@neutron-api.service[103194]: DEBUG neutron.api.extensions [None req-d2474a31-f56d-441e-8c18-67a7c550c4b9 None None] Loading extension file: __pycache__ {{(pid=103194) _load_all_extensions_from_path /opt/stack/neutron/neutron/api/extensions.py:449}}
Jun 18 07:18:59.855089 np0000181904 devstack@neutron-api.service[103196]: DEBUG neutron.api.extensions [None req-78c5bd72-d3e8-455f-a178-d15d7c97fa55 None None] Loading extension file: quota_check_limit_default.py {{(pid=103196) _load_all_extensions_from_path /opt/stack/neutron/neutron/api/extensions.py:449}}
Jun 18 07:18:59.855389 np0000181904 devstack@neutron-api.service[103193]: DEBUG neutron.api.extensions [None req-4c45ed72-59e6-43c6-9d4a-6a9533d647f7 None None] Loading extension file: empty_string_filtering.py {{(pid=103193) _load_all_extensions_from_path /opt/stack/neutron/neutron/api/extensions.py:449}}
Jun 18 07:18:59.855694 np0000181904 devstack@neutron-api.service[103194]: DEBUG neutron.api.extensions [None req-d2474a31-f56d-441e-8c18-67a7c550c4b9 None None] Loading extension file: aap_reject_multicast.py {{(pid=103194) _load_all_extensions_from_path /opt/stack/neutron/neutron/api/extensions.py:449}}
Jun 18 07:18:59.855793 np0000181904 devstack@neutron-api.service[103196]: DEBUG neutron.api.extensions [None req-78c5bd72-d3e8-455f-a178-d15d7c97fa55 None None] Ext name="Quota engine limit check by default" alias="quota-check-limit-default" description="By default, the Neutron quota engine checks the resource usage before applying a new quota limit" updated="2024-08-21T16:00:00-00:00" {{(pid=103196) _check_extension /opt/stack/neutron/neutron/api/extensions.py:415}}
Jun 18 07:18:59.855895 np0000181904 devstack@neutron-api.service[103194]: DEBUG neutron.api.extensions [None req-d2474a31-f56d-441e-8c18-67a7c550c4b9 None None] Ext name="Allowed address pairs reject multicast extension" alias="aap-reject-multicast" description="Reject multicast addresses in Allowed Address Pairs" updated="2026-04-01T00:00:00-00:00" {{(pid=103194) _check_extension /opt/stack/neutron/neutron/api/extensions.py:415}}
Jun 18 07:18:59.856192 np0000181904 devstack@neutron-api.service[103196]: INFO neutron.api.extensions [None req-78c5bd72-d3e8-455f-a178-d15d7c97fa55 None None] Loaded extension: quota-check-limit-default
Jun 18 07:18:59.856192 np0000181904 devstack@neutron-api.service[103196]: DEBUG neutron.api.extensions [None req-78c5bd72-d3e8-455f-a178-d15d7c97fa55 None None] Loading extension file: quotasv2.py {{(pid=103196) _load_all_extensions_from_path /opt/stack/neutron/neutron/api/extensions.py:449}}
Jun 18 07:18:59.856516 np0000181904 devstack@neutron-api.service[103193]: DEBUG neutron.api.extensions [None req-4c45ed72-59e6-43c6-9d4a-6a9533d647f7 None None] Ext name="Empty String Filtering Extension" alias="empty-string-filtering" description="Allow filtering by attributes with empty string value" updated="2018-05-01T10:00:00-00:00" {{(pid=103193) _check_extension /opt/stack/neutron/neutron/api/extensions.py:415}}
Jun 18 07:18:59.857437 np0000181904 devstack@neutron-api.service[103194]: INFO neutron.api.extensions [None req-d2474a31-f56d-441e-8c18-67a7c550c4b9 None None] Extension aap-reject-multicast not supported by any of loaded plugins
Jun 18 07:18:59.857437 np0000181904 devstack@neutron-api.service[103194]: DEBUG neutron.api.extensions [None req-d2474a31-f56d-441e-8c18-67a7c550c4b9 None None] Loading extension file: address_group.py {{(pid=103194) _load_all_extensions_from_path /opt/stack/neutron/neutron/api/extensions.py:449}}
Jun 18 07:18:59.857856 np0000181904 devstack@neutron-api.service[103196]: DEBUG neutron.api.extensions [None req-78c5bd72-d3e8-455f-a178-d15d7c97fa55 None None] Ext name="Quota management support" alias="quotas" description="Expose functions for quotas management per project" updated="2012-07-29T10:00:00-00:00" {{(pid=103196) _check_extension /opt/stack/neutron/neutron/api/extensions.py:415}}
Jun 18 07:18:59.858184 np0000181904 devstack@neutron-api.service[103193]: INFO neutron.api.extensions [None req-4c45ed72-59e6-43c6-9d4a-6a9533d647f7 None None] Loaded extension: empty-string-filtering
Jun 18 07:18:59.858492 np0000181904 devstack@neutron-api.service[103196]: INFO neutron.api.extensions [None req-78c5bd72-d3e8-455f-a178-d15d7c97fa55 None None] Loaded extension: quotas
Jun 18 07:18:59.858492 np0000181904 devstack@neutron-api.service[103196]: DEBUG neutron.api.extensions [None req-78c5bd72-d3e8-455f-a178-d15d7c97fa55 None None] Loading extension file: quotasv2_detail.py {{(pid=103196) _load_all_extensions_from_path /opt/stack/neutron/neutron/api/extensions.py:449}}
Jun 18 07:18:59.858756 np0000181904 devstack@neutron-api.service[103194]: DEBUG neutron.api.extensions [None req-d2474a31-f56d-441e-8c18-67a7c550c4b9 None None] Ext name="Address group" alias="address-group" description="Support address group" updated="2020-07-15T10:00:00-00:00" {{(pid=103194) _check_extension /opt/stack/neutron/neutron/api/extensions.py:415}}
Jun 18 07:18:59.859015 np0000181904 devstack@neutron-api.service[103193]: DEBUG neutron.api.extensions [None req-4c45ed72-59e6-43c6-9d4a-6a9533d647f7 None None] Loading extension file: evpn.py {{(pid=103193) _load_all_extensions_from_path /opt/stack/neutron/neutron/api/extensions.py:449}}
Jun 18 07:18:59.859294 np0000181904 devstack@neutron-api.service[103194]: INFO neutron.api.extensions [None req-d2474a31-f56d-441e-8c18-67a7c550c4b9 None None] Loaded extension: address-group
Jun 18 07:18:59.859580 np0000181904 devstack@neutron-api.service[103196]: DEBUG neutron.api.extensions [None req-78c5bd72-d3e8-455f-a178-d15d7c97fa55 None None] Ext name="Quota details management support" alias="quota_details" description="Expose functions for quotas usage statistics per project" updated="2017-02-10T10:00:00-00:00" {{(pid=103196) _check_extension /opt/stack/neutron/neutron/api/extensions.py:415}}
Jun 18 07:18:59.859899 np0000181904 devstack@neutron-api.service[103194]: DEBUG neutron.api.extensions [None req-d2474a31-f56d-441e-8c18-67a7c550c4b9 None None] Loading extension file: address_scope.py {{(pid=103194) _load_all_extensions_from_path /opt/stack/neutron/neutron/api/extensions.py:449}}
Jun 18 07:18:59.860167 np0000181904 devstack@neutron-api.service[103196]: INFO neutron.api.extensions [None req-78c5bd72-d3e8-455f-a178-d15d7c97fa55 None None] Loaded extension: quota_details
Jun 18 07:18:59.860167 np0000181904 devstack@neutron-api.service[103196]: DEBUG neutron.api.extensions [None req-78c5bd72-d3e8-455f-a178-d15d7c97fa55 None None] Loading extension file: rbac.py {{(pid=103196) _load_all_extensions_from_path /opt/stack/neutron/neutron/api/extensions.py:449}}
Jun 18 07:18:59.860487 np0000181904 devstack@neutron-api.service[103193]: DEBUG neutron.api.extensions [None req-4c45ed72-59e6-43c6-9d4a-6a9533d647f7 None None] Ext name="EVPN" alias="evpn" description="Router extension to support EVPN Type-5 route advertisement" updated="2026-04-28T00:00:00-00:00" {{(pid=103193) _check_extension /opt/stack/neutron/neutron/api/extensions.py:415}}
Jun 18 07:18:59.860754 np0000181904 devstack@neutron-api.service[103194]: DEBUG neutron.api.extensions [None req-d2474a31-f56d-441e-8c18-67a7c550c4b9 None None] Ext name="Address scope" alias="address-scope" description="Address scopes extension." updated="2015-07-26T10:00:00-00:00" {{(pid=103194) _check_extension /opt/stack/neutron/neutron/api/extensions.py:415}}
Jun 18 07:18:59.860754 np0000181904 devstack@neutron-api.service[103194]: INFO neutron.api.extensions [None req-d2474a31-f56d-441e-8c18-67a7c550c4b9 None None] Loaded extension: address-scope
Jun 18 07:18:59.860754 np0000181904 devstack@neutron-api.service[103194]: DEBUG neutron.api.extensions [None req-d2474a31-f56d-441e-8c18-67a7c550c4b9 None None] Loading extension file: admin_state_down_before_update.py {{(pid=103194) _load_all_extensions_from_path /opt/stack/neutron/neutron/api/extensions.py:449}}
Jun 18 07:18:59.861120 np0000181904 devstack@neutron-api.service[103196]: DEBUG neutron.api.extensions [None req-78c5bd72-d3e8-455f-a178-d15d7c97fa55 None None] Ext name="RBAC Policies" alias="rbac-policies" description="Allows creation and modification of policies that control project access to resources." updated="2015-06-17T12:15:12-00:00" {{(pid=103196) _check_extension /opt/stack/neutron/neutron/api/extensions.py:415}}
Jun 18 07:18:59.861403 np0000181904 devstack@neutron-api.service[103193]: INFO neutron.api.extensions [None req-4c45ed72-59e6-43c6-9d4a-6a9533d647f7 None None] Extension evpn not supported by any of loaded plugins
Jun 18 07:18:59.861861 np0000181904 devstack@neutron-api.service[103196]: INFO neutron.api.extensions [None req-78c5bd72-d3e8-455f-a178-d15d7c97fa55 None None] Loaded extension: rbac-policies
Jun 18 07:18:59.861997 np0000181904 devstack@neutron-api.service[103194]: DEBUG neutron.api.extensions [None req-d2474a31-f56d-441e-8c18-67a7c550c4b9 None None] Ext name="Enforce Router's Admin State Down Before Update Extension" alias="router-admin-state-down-before-update" description="Ensure that the admin state of a router is DOWN (admin_state_up=False) before updating the distributed attribute" updated="2019-07-02T15:56:00" {{(pid=103194) _check_extension /opt/stack/neutron/neutron/api/extensions.py:415}}
Jun 18 07:18:59.862137 np0000181904 devstack@neutron-api.service[103196]: DEBUG neutron.api.extensions [None req-78c5bd72-d3e8-455f-a178-d15d7c97fa55 None None] Loading extension file: rbac_address_group.py {{(pid=103196) _load_all_extensions_from_path /opt/stack/neutron/neutron/api/extensions.py:449}}
Jun 18 07:18:59.862245 np0000181904 devstack@neutron-api.service[103193]: DEBUG neutron.api.extensions [None req-4c45ed72-59e6-43c6-9d4a-6a9533d647f7 None None] Loading extension file: expose_l3_conntrack_helper.py {{(pid=103193) _load_all_extensions_from_path /opt/stack/neutron/neutron/api/extensions.py:449}}
Jun 18 07:18:59.862610 np0000181904 devstack@neutron-api.service[103194]: INFO neutron.api.extensions [None req-d2474a31-f56d-441e-8c18-67a7c550c4b9 None None] Extension router-admin-state-down-before-update not supported by any of loaded plugins
Jun 18 07:18:59.862717 np0000181904 devstack@neutron-api.service[103196]: DEBUG neutron.api.extensions [None req-78c5bd72-d3e8-455f-a178-d15d7c97fa55 None None] Ext name="Add address_group type to RBAC" alias="rbac-address-group" description="Add address_group type to network RBAC" updated="2021-01-20T00:00:00-00:00" {{(pid=103196) _check_extension /opt/stack/neutron/neutron/api/extensions.py:415}}
Jun 18 07:18:59.862837 np0000181904 devstack@neutron-api.service[103194]: DEBUG neutron.api.extensions [None req-d2474a31-f56d-441e-8c18-67a7c550c4b9 None None] Loading extension file: agent.py {{(pid=103194) _load_all_extensions_from_path /opt/stack/neutron/neutron/api/extensions.py:449}}
Jun 18 07:18:59.862932 np0000181904 devstack@neutron-api.service[103196]: INFO neutron.api.extensions [None req-78c5bd72-d3e8-455f-a178-d15d7c97fa55 None None] Extension rbac-address-group not supported by any of loaded plugins
Jun 18 07:18:59.862932 np0000181904 devstack@neutron-api.service[103196]: DEBUG neutron.api.extensions [None req-78c5bd72-d3e8-455f-a178-d15d7c97fa55 None None] Loading extension file: rbac_address_scope.py {{(pid=103196) _load_all_extensions_from_path /opt/stack/neutron/neutron/api/extensions.py:449}}
Jun 18 07:18:59.863079 np0000181904 devstack@neutron-api.service[103194]: DEBUG neutron.api.extensions [None req-d2474a31-f56d-441e-8c18-67a7c550c4b9 None None] Ext name="agent" alias="agent" description="The agent management extension." updated="2013-02-03T10:00:00-00:00" {{(pid=103194) _check_extension /opt/stack/neutron/neutron/api/extensions.py:415}}
Jun 18 07:18:59.863417 np0000181904 devstack@neutron-api.service[103193]: DEBUG neutron.api.extensions [None req-4c45ed72-59e6-43c6-9d4a-6a9533d647f7 None None] Ext name="Expose CT target rules for conntrack helper" alias="expose-l3-conntrack-helper" description="Expose allow adding CT target rules for conntrack helper" updated="2019-04-04T10:00:00-00:00" {{(pid=103193) _check_extension /opt/stack/neutron/neutron/api/extensions.py:415}}
Jun 18 07:18:59.863561 np0000181904 devstack@neutron-api.service[103196]: DEBUG neutron.api.extensions [None req-78c5bd72-d3e8-455f-a178-d15d7c97fa55 None None] Ext name="Add address_scope type to RBAC" alias="rbac-address-scope" description="Add address_scope type to RBAC" updated="2020-02-12T00:00:00-00:00" {{(pid=103196) _check_extension /opt/stack/neutron/neutron/api/extensions.py:415}}
Jun 18 07:18:59.863888 np0000181904 devstack@neutron-api.service[103194]: INFO neutron.api.extensions [None req-d2474a31-f56d-441e-8c18-67a7c550c4b9 None None] Loaded extension: agent
Jun 18 07:18:59.864014 np0000181904 devstack@neutron-api.service[103196]: INFO neutron.api.extensions [None req-78c5bd72-d3e8-455f-a178-d15d7c97fa55 None None] Loaded extension: rbac-address-scope
Jun 18 07:18:59.864014 np0000181904 devstack@neutron-api.service[103196]: DEBUG neutron.api.extensions [None req-78c5bd72-d3e8-455f-a178-d15d7c97fa55 None None] Loading extension file: rbac_security_groups.py {{(pid=103196) _load_all_extensions_from_path /opt/stack/neutron/neutron/api/extensions.py:449}}
Jun 18 07:18:59.864378 np0000181904 devstack@neutron-api.service[103194]: DEBUG neutron.api.extensions [None req-d2474a31-f56d-441e-8c18-67a7c550c4b9 None None] Loading extension file: agent_resources_synced.py {{(pid=103194) _load_all_extensions_from_path /opt/stack/neutron/neutron/api/extensions.py:449}}
Jun 18 07:18:59.864506 np0000181904 devstack@neutron-api.service[103193]: INFO neutron.api.extensions [None req-4c45ed72-59e6-43c6-9d4a-6a9533d647f7 None None] Extension expose-l3-conntrack-helper not supported by any of loaded plugins
Jun 18 07:18:59.864846 np0000181904 devstack@neutron-api.service[103196]: DEBUG neutron.api.extensions [None req-78c5bd72-d3e8-455f-a178-d15d7c97fa55 None None] Ext name="Add security_group type to network RBAC" alias="rbac-security-groups" description="Add security_group type to network RBAC" updated="2019-02-14T00:00:00-00:00" {{(pid=103196) _check_extension /opt/stack/neutron/neutron/api/extensions.py:415}}
Jun 18 07:18:59.864949 np0000181904 devstack@neutron-api.service[103193]: DEBUG neutron.api.extensions [None req-4c45ed72-59e6-43c6-9d4a-6a9533d647f7 None None] Loading extension file: expose_port_forwarding_in_fip.py {{(pid=103193) _load_all_extensions_from_path /opt/stack/neutron/neutron/api/extensions.py:449}}
Jun 18 07:18:59.865319 np0000181904 devstack@neutron-api.service[103194]: DEBUG neutron.api.extensions [None req-d2474a31-f56d-441e-8c18-67a7c550c4b9 None None] Ext name="Agent's Resource View Synced to Placement" alias="agent-resources-synced" description="Stores success/failure of last sync to Placement" updated="2018-12-19T00:00:00-00:00" {{(pid=103194) _check_extension /opt/stack/neutron/neutron/api/extensions.py:415}}
Jun 18 07:18:59.865416 np0000181904 devstack@neutron-api.service[103196]: INFO neutron.api.extensions [None req-78c5bd72-d3e8-455f-a178-d15d7c97fa55 None None] Loaded extension: rbac-security-groups
Jun 18 07:18:59.865416 np0000181904 devstack@neutron-api.service[103196]: DEBUG neutron.api.extensions [None req-78c5bd72-d3e8-455f-a178-d15d7c97fa55 None None] Loading extension file: rbac_subnetpool.py {{(pid=103196) _load_all_extensions_from_path /opt/stack/neutron/neutron/api/extensions.py:449}}
