Jun 18 07:19:38.898554 np0000181904 devstack@n-api-meta.service[108405]: DEBUG nova.api.openstack.wsgi_app [None req-36bab12a-438d-4ff0-b219-210b90819195 None None] oslo_messaging_rabbit.conn_pool_ttl = 1200 {{(pid=108405) log_opt_values /opt/stack/data/venv/lib/python3.12/site-packages/oslo_config/cfg.py:3253}}
Jun 18 07:19:38.898742 np0000181904 devstack@n-api-meta.service[108405]: DEBUG nova.api.openstack.wsgi_app [None req-36bab12a-438d-4ff0-b219-210b90819195 None None] oslo_messaging_rabbit.direct_mandatory_flag = True {{(pid=108405) log_opt_values /opt/stack/data/venv/lib/python3.12/site-packages/oslo_config/cfg.py:3253}}
Jun 18 07:19:38.898887 np0000181904 devstack@n-api-meta.service[108405]: DEBUG nova.api.openstack.wsgi_app [None req-36bab12a-438d-4ff0-b219-210b90819195 None None] oslo_messaging_rabbit.enable_cancel_on_failover = False {{(pid=108405) log_opt_values /opt/stack/data/venv/lib/python3.12/site-packages/oslo_config/cfg.py:3253}}
Jun 18 07:19:38.899026 np0000181904 devstack@n-api-meta.service[108405]: DEBUG nova.api.openstack.wsgi_app [None req-36bab12a-438d-4ff0-b219-210b90819195 None None] oslo_messaging_rabbit.heartbeat_rate = 3 {{(pid=108405) log_opt_values /opt/stack/data/venv/lib/python3.12/site-packages/oslo_config/cfg.py:3253}}
Jun 18 07:19:38.899156 np0000181904 devstack@n-api-meta.service[108405]: DEBUG nova.api.openstack.wsgi_app [None req-36bab12a-438d-4ff0-b219-210b90819195 None None] oslo_messaging_rabbit.heartbeat_timeout_threshold = 60 {{(pid=108405) log_opt_values /opt/stack/data/venv/lib/python3.12/site-packages/oslo_config/cfg.py:3253}}
Jun 18 07:19:38.899296 np0000181904 devstack@n-api-meta.service[108405]: DEBUG nova.api.openstack.wsgi_app [None req-36bab12a-438d-4ff0-b219-210b90819195 None None] oslo_messaging_rabbit.hostname = np0000181904 {{(pid=108405) log_opt_values /opt/stack/data/venv/lib/python3.12/site-packages/oslo_config/cfg.py:3253}}
Jun 18 07:19:38.899427 np0000181904 devstack@n-api-meta.service[108405]: DEBUG nova.api.openstack.wsgi_app [None req-36bab12a-438d-4ff0-b219-210b90819195 None None] oslo_messaging_rabbit.kombu_compression = None {{(pid=108405) log_opt_values /opt/stack/data/venv/lib/python3.12/site-packages/oslo_config/cfg.py:3253}}
Jun 18 07:19:38.899589 np0000181904 devstack@n-api-meta.service[108405]: DEBUG nova.api.openstack.wsgi_app [None req-36bab12a-438d-4ff0-b219-210b90819195 None None] oslo_messaging_rabbit.kombu_failover_strategy = round-robin {{(pid=108405) log_opt_values /opt/stack/data/venv/lib/python3.12/site-packages/oslo_config/cfg.py:3253}}
Jun 18 07:19:38.899731 np0000181904 devstack@n-api-meta.service[108405]: DEBUG nova.api.openstack.wsgi_app [None req-36bab12a-438d-4ff0-b219-210b90819195 None None] oslo_messaging_rabbit.kombu_missing_consumer_retry_timeout = 60 {{(pid=108405) log_opt_values /opt/stack/data/venv/lib/python3.12/site-packages/oslo_config/cfg.py:3253}}
Jun 18 07:19:38.899865 np0000181904 devstack@n-api-meta.service[108405]: DEBUG nova.api.openstack.wsgi_app [None req-36bab12a-438d-4ff0-b219-210b90819195 None None] oslo_messaging_rabbit.kombu_reconnect_delay = 1.0 {{(pid=108405) log_opt_values /opt/stack/data/venv/lib/python3.12/site-packages/oslo_config/cfg.py:3253}}
Jun 18 07:19:38.899999 np0000181904 devstack@n-api-meta.service[108405]: DEBUG nova.api.openstack.wsgi_app [None req-36bab12a-438d-4ff0-b219-210b90819195 None None] oslo_messaging_rabbit.kombu_reconnect_splay = 0.0 {{(pid=108405) log_opt_values /opt/stack/data/venv/lib/python3.12/site-packages/oslo_config/cfg.py:3253}}
Jun 18 07:19:38.900137 np0000181904 devstack@n-api-meta.service[108405]: DEBUG nova.api.openstack.wsgi_app [None req-36bab12a-438d-4ff0-b219-210b90819195 None None] oslo_messaging_rabbit.processname = uwsgi {{(pid=108405) log_opt_values /opt/stack/data/venv/lib/python3.12/site-packages/oslo_config/cfg.py:3253}}
Jun 18 07:19:38.900268 np0000181904 devstack@n-api-meta.service[108405]: DEBUG nova.api.openstack.wsgi_app [None req-36bab12a-438d-4ff0-b219-210b90819195 None None] oslo_messaging_rabbit.rabbit_ha_queues = False {{(pid=108405) log_opt_values /opt/stack/data/venv/lib/python3.12/site-packages/oslo_config/cfg.py:3253}}
Jun 18 07:19:38.900399 np0000181904 devstack@n-api-meta.service[108405]: DEBUG nova.api.openstack.wsgi_app [None req-36bab12a-438d-4ff0-b219-210b90819195 None None] oslo_messaging_rabbit.rabbit_interval_max = 30 {{(pid=108405) log_opt_values /opt/stack/data/venv/lib/python3.12/site-packages/oslo_config/cfg.py:3253}}
Jun 18 07:19:38.900553 np0000181904 devstack@n-api-meta.service[108405]: DEBUG nova.api.openstack.wsgi_app [None req-36bab12a-438d-4ff0-b219-210b90819195 None None] oslo_messaging_rabbit.rabbit_login_method = AMQPLAIN {{(pid=108405) log_opt_values /opt/stack/data/venv/lib/python3.12/site-packages/oslo_config/cfg.py:3253}}
Jun 18 07:19:38.900696 np0000181904 devstack@n-api-meta.service[108405]: DEBUG nova.api.openstack.wsgi_app [None req-36bab12a-438d-4ff0-b219-210b90819195 None None] oslo_messaging_rabbit.rabbit_qos_prefetch_count = 0 {{(pid=108405) log_opt_values /opt/stack/data/venv/lib/python3.12/site-packages/oslo_config/cfg.py:3253}}
Jun 18 07:19:38.900829 np0000181904 devstack@n-api-meta.service[108405]: DEBUG nova.api.openstack.wsgi_app [None req-36bab12a-438d-4ff0-b219-210b90819195 None None] oslo_messaging_rabbit.rabbit_quorum_delivery_limit = 0 {{(pid=108405) log_opt_values /opt/stack/data/venv/lib/python3.12/site-packages/oslo_config/cfg.py:3253}}
Jun 18 07:19:38.900957 np0000181904 devstack@n-api-meta.service[108405]: DEBUG nova.api.openstack.wsgi_app [None req-36bab12a-438d-4ff0-b219-210b90819195 None None] oslo_messaging_rabbit.rabbit_quorum_max_memory_bytes = 0 {{(pid=108405) log_opt_values /opt/stack/data/venv/lib/python3.12/site-packages/oslo_config/cfg.py:3253}}
Jun 18 07:19:38.901087 np0000181904 devstack@n-api-meta.service[108405]: DEBUG nova.api.openstack.wsgi_app [None req-36bab12a-438d-4ff0-b219-210b90819195 None None] oslo_messaging_rabbit.rabbit_quorum_max_memory_length = 0 {{(pid=108405) log_opt_values /opt/stack/data/venv/lib/python3.12/site-packages/oslo_config/cfg.py:3253}}
Jun 18 07:19:38.901216 np0000181904 devstack@n-api-meta.service[108405]: DEBUG nova.api.openstack.wsgi_app [None req-36bab12a-438d-4ff0-b219-210b90819195 None None] oslo_messaging_rabbit.rabbit_quorum_queue = False {{(pid=108405) log_opt_values /opt/stack/data/venv/lib/python3.12/site-packages/oslo_config/cfg.py:3253}}
Jun 18 07:19:38.901345 np0000181904 devstack@n-api-meta.service[108405]: DEBUG nova.api.openstack.wsgi_app [None req-36bab12a-438d-4ff0-b219-210b90819195 None None] oslo_messaging_rabbit.rabbit_retry_backoff = 2 {{(pid=108405) log_opt_values /opt/stack/data/venv/lib/python3.12/site-packages/oslo_config/cfg.py:3253}}
Jun 18 07:19:38.901481 np0000181904 devstack@n-api-meta.service[108405]: DEBUG nova.api.openstack.wsgi_app [None req-36bab12a-438d-4ff0-b219-210b90819195 None None] oslo_messaging_rabbit.rabbit_retry_interval = 1 {{(pid=108405) log_opt_values /opt/stack/data/venv/lib/python3.12/site-packages/oslo_config/cfg.py:3253}}
Jun 18 07:19:38.901628 np0000181904 devstack@n-api-meta.service[108405]: DEBUG nova.api.openstack.wsgi_app [None req-36bab12a-438d-4ff0-b219-210b90819195 None None] oslo_messaging_rabbit.rabbit_stream_fanout = False {{(pid=108405) log_opt_values /opt/stack/data/venv/lib/python3.12/site-packages/oslo_config/cfg.py:3253}}
Jun 18 07:19:38.901789 np0000181904 devstack@n-api-meta.service[108405]: DEBUG nova.api.openstack.wsgi_app [None req-36bab12a-438d-4ff0-b219-210b90819195 None None] oslo_messaging_rabbit.rabbit_transient_queues_ttl = 1800 {{(pid=108405) log_opt_values /opt/stack/data/venv/lib/python3.12/site-packages/oslo_config/cfg.py:3253}}
Jun 18 07:19:38.901937 np0000181904 devstack@n-api-meta.service[108405]: DEBUG nova.api.openstack.wsgi_app [None req-36bab12a-438d-4ff0-b219-210b90819195 None None] oslo_messaging_rabbit.rabbit_transient_quorum_queue = False {{(pid=108405) log_opt_values /opt/stack/data/venv/lib/python3.12/site-packages/oslo_config/cfg.py:3253}}
Jun 18 07:19:38.902084 np0000181904 devstack@n-api-meta.service[108405]: DEBUG nova.api.openstack.wsgi_app [None req-36bab12a-438d-4ff0-b219-210b90819195 None None] oslo_messaging_rabbit.rpc_conn_pool_size = 30 {{(pid=108405) log_opt_values /opt/stack/data/venv/lib/python3.12/site-packages/oslo_config/cfg.py:3253}}
Jun 18 07:19:38.902224 np0000181904 devstack@n-api-meta.service[108405]: DEBUG nova.api.openstack.wsgi_app [None req-36bab12a-438d-4ff0-b219-210b90819195 None None] oslo_messaging_rabbit.ssl = False {{(pid=108405) log_opt_values /opt/stack/data/venv/lib/python3.12/site-packages/oslo_config/cfg.py:3253}}
Jun 18 07:19:38.902363 np0000181904 devstack@n-api-meta.service[108405]: DEBUG nova.api.openstack.wsgi_app [None req-36bab12a-438d-4ff0-b219-210b90819195 None None] oslo_messaging_rabbit.ssl_ca_file = {{(pid=108405) log_opt_values /opt/stack/data/venv/lib/python3.12/site-packages/oslo_config/cfg.py:3253}}
Jun 18 07:19:38.902516 np0000181904 devstack@n-api-meta.service[108405]: DEBUG nova.api.openstack.wsgi_app [None req-36bab12a-438d-4ff0-b219-210b90819195 None None] oslo_messaging_rabbit.ssl_cert_file = {{(pid=108405) log_opt_values /opt/stack/data/venv/lib/python3.12/site-packages/oslo_config/cfg.py:3253}}
Jun 18 07:19:38.902654 np0000181904 devstack@n-api-meta.service[108405]: DEBUG nova.api.openstack.wsgi_app [None req-36bab12a-438d-4ff0-b219-210b90819195 None None] oslo_messaging_rabbit.ssl_enforce_fips_mode = False {{(pid=108405) log_opt_values /opt/stack/data/venv/lib/python3.12/site-packages/oslo_config/cfg.py:3253}}
Jun 18 07:19:38.902912 np0000181904 devstack@n-api-meta.service[108405]: DEBUG nova.api.openstack.wsgi_app [None req-36bab12a-438d-4ff0-b219-210b90819195 None None] oslo_messaging_rabbit.ssl_enforce_hostname_verification = True {{(pid=108405) log_opt_values /opt/stack/data/venv/lib/python3.12/site-packages/oslo_config/cfg.py:3253}}
Jun 18 07:19:38.903058 np0000181904 devstack@n-api-meta.service[108405]: DEBUG nova.api.openstack.wsgi_app [None req-36bab12a-438d-4ff0-b219-210b90819195 None None] oslo_messaging_rabbit.ssl_key_file = {{(pid=108405) log_opt_values /opt/stack/data/venv/lib/python3.12/site-packages/oslo_config/cfg.py:3253}}
Jun 18 07:19:38.903201 np0000181904 devstack@n-api-meta.service[108405]: DEBUG nova.api.openstack.wsgi_app [None req-36bab12a-438d-4ff0-b219-210b90819195 None None] oslo_messaging_rabbit.ssl_version = {{(pid=108405) log_opt_values /opt/stack/data/venv/lib/python3.12/site-packages/oslo_config/cfg.py:3253}}
Jun 18 07:19:38.903329 np0000181904 devstack@n-api-meta.service[108405]: DEBUG nova.api.openstack.wsgi_app [None req-36bab12a-438d-4ff0-b219-210b90819195 None None] oslo_messaging_rabbit.use_queue_manager = False {{(pid=108405) log_opt_values /opt/stack/data/venv/lib/python3.12/site-packages/oslo_config/cfg.py:3253}}
Jun 18 07:19:38.903484 np0000181904 devstack@n-api-meta.service[108405]: DEBUG nova.api.openstack.wsgi_app [None req-36bab12a-438d-4ff0-b219-210b90819195 None None] oslo_messaging_notifications.driver = ['messagingv2'] {{(pid=108405) log_opt_values /opt/stack/data/venv/lib/python3.12/site-packages/oslo_config/cfg.py:3253}}
Jun 18 07:19:38.903630 np0000181904 devstack@n-api-meta.service[108405]: DEBUG nova.api.openstack.wsgi_app [None req-36bab12a-438d-4ff0-b219-210b90819195 None None] oslo_messaging_notifications.retry = -1 {{(pid=108405) log_opt_values /opt/stack/data/venv/lib/python3.12/site-packages/oslo_config/cfg.py:3253}}
Jun 18 07:19:38.903776 np0000181904 devstack@n-api-meta.service[108405]: DEBUG nova.api.openstack.wsgi_app [None req-36bab12a-438d-4ff0-b219-210b90819195 None None] oslo_messaging_notifications.topics = ['notifications'] {{(pid=108405) log_opt_values /opt/stack/data/venv/lib/python3.12/site-packages/oslo_config/cfg.py:3253}}
Jun 18 07:19:38.903912 np0000181904 devstack@n-api-meta.service[108405]: DEBUG nova.api.openstack.wsgi_app [None req-36bab12a-438d-4ff0-b219-210b90819195 None None] oslo_messaging_notifications.transport_url = **** {{(pid=108405) log_opt_values /opt/stack/data/venv/lib/python3.12/site-packages/oslo_config/cfg.py:3253}}
Jun 18 07:19:38.904046 np0000181904 devstack@n-api-meta.service[108405]: DEBUG nova.api.openstack.wsgi_app [None req-36bab12a-438d-4ff0-b219-210b90819195 None None] oslo_reports.file_event_handler = None {{(pid=108405) log_opt_values /opt/stack/data/venv/lib/python3.12/site-packages/oslo_config/cfg.py:3253}}
Jun 18 07:19:38.904171 np0000181904 devstack@n-api-meta.service[108405]: DEBUG nova.api.openstack.wsgi_app [None req-36bab12a-438d-4ff0-b219-210b90819195 None None] oslo_reports.file_event_handler_interval = 1 {{(pid=108405) log_opt_values /opt/stack/data/venv/lib/python3.12/site-packages/oslo_config/cfg.py:3253}}
Jun 18 07:19:38.904298 np0000181904 devstack@n-api-meta.service[108405]: DEBUG nova.api.openstack.wsgi_app [None req-36bab12a-438d-4ff0-b219-210b90819195 None None] oslo_reports.log_dir = None {{(pid=108405) log_opt_values /opt/stack/data/venv/lib/python3.12/site-packages/oslo_config/cfg.py:3253}}
Jun 18 07:19:38.904403 np0000181904 devstack@n-api-meta.service[108405]: DEBUG nova.api.openstack.wsgi_app [None req-36bab12a-438d-4ff0-b219-210b90819195 None None] ******************************************************************************** {{(pid=108405) log_opt_values /opt/stack/data/venv/lib/python3.12/site-packages/oslo_config/cfg.py:3260}}
Jun 18 07:19:38.904487 np0000181904 devstack@n-api-meta.service[108405]: WSGI app 0 (mountpoint='') ready in 2 seconds on interpreter 0x70ed0c4a3668 pid: 108405 (default app)
Jun 18 07:19:48.411647 np0000181904 devstack@n-api-meta.service[108403]: DEBUG dbcounter [-] [108403] Writing DB stats nova_api:SELECT=1 {{(pid=108403) stat_writer /opt/stack/data/venv/lib/python3.12/site-packages/dbcounter.py:115}}
Jun 18 07:19:48.418792 np0000181904 devstack@n-api-meta.service[108405]: DEBUG dbcounter [-] [108405] Writing DB stats nova_api:SELECT=1 {{(pid=108405) stat_writer /opt/stack/data/venv/lib/python3.12/site-packages/dbcounter.py:115}}
Jun 18 07:19:48.439127 np0000181904 devstack@n-api-meta.service[108404]: DEBUG dbcounter [-] [108404] Writing DB stats nova_api:SELECT=1 {{(pid=108404) stat_writer /opt/stack/data/venv/lib/python3.12/site-packages/dbcounter.py:115}}
Jun 18 07:19:48.451804 np0000181904 devstack@n-api-meta.service[108406]: DEBUG dbcounter [-] [108406] Writing DB stats nova_api:SELECT=1 {{(pid=108406) stat_writer /opt/stack/data/venv/lib/python3.12/site-packages/dbcounter.py:115}}
Jun 18 07:19:48.574988 np0000181904 devstack@n-api-meta.service[108403]: DEBUG dbcounter [-] [108403] Writing DB stats nova_cell0:SELECT=1 {{(pid=108403) stat_writer /opt/stack/data/venv/lib/python3.12/site-packages/dbcounter.py:115}}
Jun 18 07:19:48.580514 np0000181904 devstack@n-api-meta.service[108403]: DEBUG dbcounter [-] [108403] Writing DB stats nova_cell1:SELECT=1 {{(pid=108403) stat_writer /opt/stack/data/venv/lib/python3.12/site-packages/dbcounter.py:115}}
Jun 18 07:19:48.593787 np0000181904 devstack@n-api-meta.service[108404]: DEBUG dbcounter [-] [108404] Writing DB stats nova_cell0:SELECT=1 {{(pid=108404) stat_writer /opt/stack/data/venv/lib/python3.12/site-packages/dbcounter.py:115}}
Jun 18 07:19:48.599489 np0000181904 devstack@n-api-meta.service[108404]: DEBUG dbcounter [-] [108404] Writing DB stats nova_cell1:SELECT=1 {{(pid=108404) stat_writer /opt/stack/data/venv/lib/python3.12/site-packages/dbcounter.py:115}}
Jun 18 07:19:48.611715 np0000181904 devstack@n-api-meta.service[108405]: DEBUG dbcounter [-] [108405] Writing DB stats nova_cell1:SELECT=1 {{(pid=108405) stat_writer /opt/stack/data/venv/lib/python3.12/site-packages/dbcounter.py:115}}
Jun 18 07:19:48.617174 np0000181904 devstack@n-api-meta.service[108406]: DEBUG dbcounter [-] [108406] Writing DB stats nova_cell1:SELECT=1 {{(pid=108406) stat_writer /opt/stack/data/venv/lib/python3.12/site-packages/dbcounter.py:115}}
Jun 18 07:19:48.619365 np0000181904 devstack@n-api-meta.service[108405]: DEBUG dbcounter [-] [108405] Writing DB stats nova_cell0:SELECT=1 {{(pid=108405) stat_writer /opt/stack/data/venv/lib/python3.12/site-packages/dbcounter.py:115}}
Jun 18 07:19:48.625756 np0000181904 devstack@n-api-meta.service[108406]: DEBUG dbcounter [-] [108406] Writing DB stats nova_cell0:SELECT=1 {{(pid=108406) stat_writer /opt/stack/data/venv/lib/python3.12/site-packages/dbcounter.py:115}}
Jun 18 07:19:48.647784 np0000181904 devstack@n-api-meta.service[108403]: DEBUG dbcounter [-] [108403] Writing DB stats nova_cell0:SELECT=2,nova_cell0:INSERT=1 {{(pid=108403) stat_writer /opt/stack/data/venv/lib/python3.12/site-packages/dbcounter.py:115}}
Jun 18 07:19:48.662091 np0000181904 devstack@n-api-meta.service[108404]: DEBUG dbcounter [-] [108404] Writing DB stats nova_cell0:SELECT=2,nova_cell0:INSERT=1 {{(pid=108404) stat_writer /opt/stack/data/venv/lib/python3.12/site-packages/dbcounter.py:115}}
Jun 18 07:19:48.695777 np0000181904 devstack@n-api-meta.service[108405]: DEBUG dbcounter [-] [108405] Writing DB stats nova_cell0:SELECT=1 {{(pid=108405) stat_writer /opt/stack/data/venv/lib/python3.12/site-packages/dbcounter.py:115}}
Jun 18 07:19:48.701754 np0000181904 devstack@n-api-meta.service[108406]: DEBUG dbcounter [-] [108406] Writing DB stats nova_cell0:SELECT=1 {{(pid=108406) stat_writer /opt/stack/data/venv/lib/python3.12/site-packages/dbcounter.py:115}}
Jun 18 07:27:41.184431 np0000181904 devstack@n-api-meta.service[108403]: DEBUG nova.api.metadata.handler [None req-a1993539-1536-42a7-9009-e71bfd12d119 None None] Metadata request headers: {'Host': '199.204.45.35:8775', 'User-Agent': 'python-requests/2.34.2', 'Accept-Encoding': 'gzip, deflate', 'Accept': '*/*', 'Connection': 'keep-alive', 'X-Forwarded-For': '192.168.24.230', 'X-Instance-Id': '1d2583f8-a49b-440d-a23b-b3aaf4a539f1', 'X-Tenant-Id': 'b1975aeb900e40558e2f076e217b54eb', 'X-Instance-Id-Signature': '333c2117303e4dbe994f18ae9493f419b967b69cf59b96b3c015bf95a90f57e4'} {{(pid=108403) __call__ /opt/stack/nova/nova/api/metadata/handler.py:109}}
Jun 18 07:27:41.196662 np0000181904 devstack@n-api-meta.service[108403]: DEBUG oslo_concurrency.lockutils [None req-531c52b7-c4ab-4d8d-adea-b5b18a9c1d74 None None] Acquiring lock "e4e02b37-759c-4bc2-b6f1-1f152ec8bea3" by "nova.context.set_target_cell..get_or_set_cached_cell_and_set_connections" {{(pid=108403) inner /opt/stack/data/venv/lib/python3.12/site-packages/oslo_concurrency/lockutils.py:511}}
Jun 18 07:27:41.196797 np0000181904 devstack@n-api-meta.service[108403]: DEBUG oslo_concurrency.lockutils [None req-531c52b7-c4ab-4d8d-adea-b5b18a9c1d74 None None] Lock "e4e02b37-759c-4bc2-b6f1-1f152ec8bea3" acquired by "nova.context.set_target_cell..get_or_set_cached_cell_and_set_connections" :: waited 0.000s {{(pid=108403) inner /opt/stack/data/venv/lib/python3.12/site-packages/oslo_concurrency/lockutils.py:524}}
Jun 18 07:27:41.196895 np0000181904 devstack@n-api-meta.service[108403]: DEBUG oslo_concurrency.lockutils [None req-531c52b7-c4ab-4d8d-adea-b5b18a9c1d74 None None] Lock "e4e02b37-759c-4bc2-b6f1-1f152ec8bea3" "released" by "nova.context.set_target_cell..get_or_set_cached_cell_and_set_connections" :: held 0.000s {{(pid=108403) inner /opt/stack/data/venv/lib/python3.12/site-packages/oslo_concurrency/lockutils.py:543}}
Jun 18 07:27:41.256801 np0000181904 devstack@n-api-meta.service[108403]: WARNING neutronclient.v2_0.client [None req-531c52b7-c4ab-4d8d-adea-b5b18a9c1d74 None None] The python binding code in neutronclient is deprecated in favor of OpenstackSDK, please use that as this will be removed in a future release.
Jun 18 07:27:41.689801 np0000181904 devstack@n-api-meta.service[108403]: [pid: 108403|app: 0|req: 1/1] 199.204.45.35 () {40 vars in 641 bytes} [Thu Jun 18 07:27:41 2026] GET /openstack => generated 116 bytes in 507 msecs (HTTP/1.1 200) 3 headers in 100 bytes (1 switches on core 0)
Jun 18 07:27:41.710927 np0000181904 devstack@n-api-meta.service[108406]: DEBUG nova.api.metadata.handler [None req-c0876a2c-4b0d-4dcb-9562-1b973186dd9e None None] Metadata request headers: {'Host': '199.204.45.35:8775', 'User-Agent': 'python-requests/2.34.2', 'Accept-Encoding': 'gzip, deflate', 'Accept': '*/*', 'Connection': 'keep-alive', 'X-Forwarded-For': '192.168.24.230', 'X-Instance-Id': '1d2583f8-a49b-440d-a23b-b3aaf4a539f1', 'X-Tenant-Id': 'b1975aeb900e40558e2f076e217b54eb', 'X-Instance-Id-Signature': '333c2117303e4dbe994f18ae9493f419b967b69cf59b96b3c015bf95a90f57e4'} {{(pid=108406) __call__ /opt/stack/nova/nova/api/metadata/handler.py:109}}
Jun 18 07:27:41.716250 np0000181904 devstack@n-api-meta.service[108406]: DEBUG nova.api.metadata.handler [None req-c0876a2c-4b0d-4dcb-9562-1b973186dd9e None None] Using cached metadata for instance 1d2583f8-a49b-440d-a23b-b3aaf4a539f1 {{(pid=108406) get_metadata_by_instance_id /opt/stack/nova/nova/api/metadata/handler.py:84}}
Jun 18 07:27:41.717027 np0000181904 devstack@n-api-meta.service[108406]: [pid: 108406|app: 0|req: 1/2] 199.204.45.35 () {40 vars in 641 bytes} [Thu Jun 18 07:27:41 2026] GET /openstack => generated 116 bytes in 7 msecs (HTTP/1.1 200) 3 headers in 100 bytes (1 switches on core 0)
Jun 18 07:27:41.729345 np0000181904 devstack@n-api-meta.service[108404]: DEBUG nova.api.metadata.handler [None req-61ace4ca-c259-4663-855a-04307d578cab None None] Metadata request headers: {'Host': '199.204.45.35:8775', 'User-Agent': 'python-requests/2.34.2', 'Accept-Encoding': 'gzip, deflate', 'Accept': '*/*', 'Connection': 'keep-alive', 'X-Forwarded-For': '192.168.24.230', 'X-Instance-Id': '1d2583f8-a49b-440d-a23b-b3aaf4a539f1', 'X-Tenant-Id': 'b1975aeb900e40558e2f076e217b54eb', 'X-Instance-Id-Signature': '333c2117303e4dbe994f18ae9493f419b967b69cf59b96b3c015bf95a90f57e4'} {{(pid=108404) __call__ /opt/stack/nova/nova/api/metadata/handler.py:109}}
Jun 18 07:27:41.734487 np0000181904 devstack@n-api-meta.service[108404]: DEBUG nova.api.metadata.handler [None req-61ace4ca-c259-4663-855a-04307d578cab None None] Using cached metadata for instance 1d2583f8-a49b-440d-a23b-b3aaf4a539f1 {{(pid=108404) get_metadata_by_instance_id /opt/stack/nova/nova/api/metadata/handler.py:84}}
Jun 18 07:27:41.735380 np0000181904 devstack@n-api-meta.service[108404]: [pid: 108404|app: 0|req: 1/3] 199.204.45.35 () {40 vars in 693 bytes} [Thu Jun 18 07:27:41 2026] GET /openstack/2018-08-27/meta_data.json => generated 946 bytes in 8 msecs (HTTP/1.1 200) 3 headers in 91 bytes (1 switches on core 0)
Jun 18 07:27:41.745603 np0000181904 devstack@n-api-meta.service[108405]: DEBUG nova.api.metadata.handler [None req-36bab12a-438d-4ff0-b219-210b90819195 None None] Metadata request headers: {'Host': '199.204.45.35:8775', 'User-Agent': 'python-requests/2.34.2', 'Accept-Encoding': 'gzip, deflate', 'Accept': '*/*', 'Connection': 'keep-alive', 'X-Forwarded-For': '192.168.24.230', 'X-Instance-Id': '1d2583f8-a49b-440d-a23b-b3aaf4a539f1', 'X-Tenant-Id': 'b1975aeb900e40558e2f076e217b54eb', 'X-Instance-Id-Signature': '333c2117303e4dbe994f18ae9493f419b967b69cf59b96b3c015bf95a90f57e4'} {{(pid=108405) __call__ /opt/stack/nova/nova/api/metadata/handler.py:109}}
Jun 18 07:27:41.751223 np0000181904 devstack@n-api-meta.service[108405]: DEBUG nova.api.metadata.handler [None req-36bab12a-438d-4ff0-b219-210b90819195 None None] Using cached metadata for instance 1d2583f8-a49b-440d-a23b-b3aaf4a539f1 {{(pid=108405) get_metadata_by_instance_id /opt/stack/nova/nova/api/metadata/handler.py:84}}
Jun 18 07:27:41.751582 np0000181904 devstack@n-api-meta.service[108405]: [pid: 108405|app: 0|req: 1/4] 199.204.45.35 () {40 vars in 683 bytes} [Thu Jun 18 07:27:41 2026] GET /openstack/2018-08-27/user_data => generated 26373 bytes in 6 msecs (HTTP/1.1 200) 3 headers in 102 bytes (1 switches on core 0)
Jun 18 07:27:41.761564 np0000181904 devstack@n-api-meta.service[108403]: DEBUG nova.api.metadata.handler [None req-531c52b7-c4ab-4d8d-adea-b5b18a9c1d74 None None] Metadata request headers: {'Host': '199.204.45.35:8775', 'User-Agent': 'python-requests/2.34.2', 'Accept-Encoding': 'gzip, deflate', 'Accept': '*/*', 'Connection': 'keep-alive', 'X-Forwarded-For': '192.168.24.230', 'X-Instance-Id': '1d2583f8-a49b-440d-a23b-b3aaf4a539f1', 'X-Tenant-Id': 'b1975aeb900e40558e2f076e217b54eb', 'X-Instance-Id-Signature': '333c2117303e4dbe994f18ae9493f419b967b69cf59b96b3c015bf95a90f57e4'} {{(pid=108403) __call__ /opt/stack/nova/nova/api/metadata/handler.py:109}}
Jun 18 07:27:41.763523 np0000181904 devstack@n-api-meta.service[108403]: DEBUG nova.api.metadata.handler [None req-531c52b7-c4ab-4d8d-adea-b5b18a9c1d74 None None] Using cached metadata for instance 1d2583f8-a49b-440d-a23b-b3aaf4a539f1 {{(pid=108403) get_metadata_by_instance_id /opt/stack/nova/nova/api/metadata/handler.py:84}}
Jun 18 07:27:41.764050 np0000181904 devstack@n-api-meta.service[108403]: [pid: 108403|app: 0|req: 2/5] 199.204.45.35 () {40 vars in 697 bytes} [Thu Jun 18 07:27:41 2026] GET /openstack/2018-08-27/vendor_data.json => generated 2 bytes in 3 msecs (HTTP/1.1 200) 3 headers in 89 bytes (1 switches on core 0)
Jun 18 07:27:41.773613 np0000181904 devstack@n-api-meta.service[108406]: DEBUG nova.api.metadata.handler [None req-c0876a2c-4b0d-4dcb-9562-1b973186dd9e None None] Metadata request headers: {'Host': '199.204.45.35:8775', 'User-Agent': 'python-requests/2.34.2', 'Accept-Encoding': 'gzip, deflate', 'Accept': '*/*', 'Connection': 'keep-alive', 'X-Forwarded-For': '192.168.24.230', 'X-Instance-Id': '1d2583f8-a49b-440d-a23b-b3aaf4a539f1', 'X-Tenant-Id': 'b1975aeb900e40558e2f076e217b54eb', 'X-Instance-Id-Signature': '333c2117303e4dbe994f18ae9493f419b967b69cf59b96b3c015bf95a90f57e4'} {{(pid=108406) __call__ /opt/stack/nova/nova/api/metadata/handler.py:109}}
Jun 18 07:27:41.776907 np0000181904 devstack@n-api-meta.service[108406]: DEBUG nova.api.metadata.handler [None req-c0876a2c-4b0d-4dcb-9562-1b973186dd9e None None] Using cached metadata for instance 1d2583f8-a49b-440d-a23b-b3aaf4a539f1 {{(pid=108406) get_metadata_by_instance_id /opt/stack/nova/nova/api/metadata/handler.py:84}}
Jun 18 07:27:41.777791 np0000181904 devstack@n-api-meta.service[108406]: [pid: 108406|app: 0|req: 2/6] 199.204.45.35 () {40 vars in 699 bytes} [Thu Jun 18 07:27:41 2026] GET /openstack/2018-08-27/vendor_data2.json => generated 14 bytes in 5 msecs (HTTP/1.1 200) 3 headers in 90 bytes (1 switches on core 0)
Jun 18 07:27:41.786506 np0000181904 devstack@n-api-meta.service[108404]: DEBUG nova.api.metadata.handler [None req-61ace4ca-c259-4663-855a-04307d578cab None None] Metadata request headers: {'Host': '199.204.45.35:8775', 'User-Agent': 'python-requests/2.34.2', 'Accept-Encoding': 'gzip, deflate', 'Accept': '*/*', 'Connection': 'keep-alive', 'X-Forwarded-For': '192.168.24.230', 'X-Instance-Id': '1d2583f8-a49b-440d-a23b-b3aaf4a539f1', 'X-Tenant-Id': 'b1975aeb900e40558e2f076e217b54eb', 'X-Instance-Id-Signature': '333c2117303e4dbe994f18ae9493f419b967b69cf59b96b3c015bf95a90f57e4'} {{(pid=108404) __call__ /opt/stack/nova/nova/api/metadata/handler.py:109}}
Jun 18 07:27:41.789379 np0000181904 devstack@n-api-meta.service[108404]: DEBUG nova.api.metadata.handler [None req-61ace4ca-c259-4663-855a-04307d578cab None None] Using cached metadata for instance 1d2583f8-a49b-440d-a23b-b3aaf4a539f1 {{(pid=108404) get_metadata_by_instance_id /opt/stack/nova/nova/api/metadata/handler.py:84}}
Jun 18 07:27:41.790213 np0000181904 devstack@n-api-meta.service[108404]: [pid: 108404|app: 0|req: 2/7] 199.204.45.35 () {40 vars in 699 bytes} [Thu Jun 18 07:27:41 2026] GET /openstack/2018-08-27/network_data.json => generated 348 bytes in 4 msecs (HTTP/1.1 200) 3 headers in 100 bytes (1 switches on core 0)
Jun 18 07:27:41.800870 np0000181904 devstack@n-api-meta.service[108405]: DEBUG nova.api.metadata.handler [None req-36bab12a-438d-4ff0-b219-210b90819195 None None] Metadata request headers: {'Host': '199.204.45.35:8775', 'User-Agent': 'python-requests/2.34.2', 'Accept-Encoding': 'gzip, deflate', 'Accept': '*/*', 'Connection': 'keep-alive', 'X-Forwarded-For': '192.168.24.230', 'X-Instance-Id': '1d2583f8-a49b-440d-a23b-b3aaf4a539f1', 'X-Tenant-Id': 'b1975aeb900e40558e2f076e217b54eb', 'X-Instance-Id-Signature': '333c2117303e4dbe994f18ae9493f419b967b69cf59b96b3c015bf95a90f57e4'} {{(pid=108405) __call__ /opt/stack/nova/nova/api/metadata/handler.py:109}}
Jun 18 07:27:41.803701 np0000181904 devstack@n-api-meta.service[108405]: DEBUG nova.api.metadata.handler [None req-36bab12a-438d-4ff0-b219-210b90819195 None None] Using cached metadata for instance 1d2583f8-a49b-440d-a23b-b3aaf4a539f1 {{(pid=108405) get_metadata_by_instance_id /opt/stack/nova/nova/api/metadata/handler.py:84}}
Jun 18 07:27:41.804568 np0000181904 devstack@n-api-meta.service[108405]: [pid: 108405|app: 0|req: 2/8] 199.204.45.35 () {40 vars in 657 bytes} [Thu Jun 18 07:27:41 2026] GET /latest/meta-data/ => generated 210 bytes in 4 msecs (HTTP/1.1 200) 3 headers in 100 bytes (1 switches on core 0)
Jun 18 07:27:41.812128 np0000181904 devstack@n-api-meta.service[108403]: DEBUG nova.api.metadata.handler [None req-531c52b7-c4ab-4d8d-adea-b5b18a9c1d74 None None] Metadata request headers: {'Host': '199.204.45.35:8775', 'User-Agent': 'python-requests/2.34.2', 'Accept-Encoding': 'gzip, deflate', 'Accept': '*/*', 'Connection': 'keep-alive', 'X-Forwarded-For': '192.168.24.230', 'X-Instance-Id': '1d2583f8-a49b-440d-a23b-b3aaf4a539f1', 'X-Tenant-Id': 'b1975aeb900e40558e2f076e217b54eb', 'X-Instance-Id-Signature': '333c2117303e4dbe994f18ae9493f419b967b69cf59b96b3c015bf95a90f57e4'} {{(pid=108403) __call__ /opt/stack/nova/nova/api/metadata/handler.py:109}}
Jun 18 07:27:41.814746 np0000181904 devstack@n-api-meta.service[108403]: DEBUG nova.api.metadata.handler [None req-531c52b7-c4ab-4d8d-adea-b5b18a9c1d74 None None] Using cached metadata for instance 1d2583f8-a49b-440d-a23b-b3aaf4a539f1 {{(pid=108403) get_metadata_by_instance_id /opt/stack/nova/nova/api/metadata/handler.py:84}}
Jun 18 07:27:41.815286 np0000181904 devstack@n-api-meta.service[108403]: [pid: 108403|app: 0|req: 3/9] 199.204.45.35 () {40 vars in 699 bytes} [Thu Jun 18 07:27:41 2026] GET /latest/meta-data/block-device-mapping/ => generated 8 bytes in 4 msecs (HTTP/1.1 200) 3 headers in 98 bytes (1 switches on core 0)
Jun 18 07:27:41.824664 np0000181904 devstack@n-api-meta.service[108406]: DEBUG nova.api.metadata.handler [None req-c0876a2c-4b0d-4dcb-9562-1b973186dd9e None None] Metadata request headers: {'Host': '199.204.45.35:8775', 'User-Agent': 'python-requests/2.34.2', 'Accept-Encoding': 'gzip, deflate', 'Accept': '*/*', 'Connection': 'keep-alive', 'X-Forwarded-For': '192.168.24.230', 'X-Instance-Id': '1d2583f8-a49b-440d-a23b-b3aaf4a539f1', 'X-Tenant-Id': 'b1975aeb900e40558e2f076e217b54eb', 'X-Instance-Id-Signature': '333c2117303e4dbe994f18ae9493f419b967b69cf59b96b3c015bf95a90f57e4'} {{(pid=108406) __call__ /opt/stack/nova/nova/api/metadata/handler.py:109}}
Jun 18 07:27:41.827710 np0000181904 devstack@n-api-meta.service[108406]: DEBUG nova.api.metadata.handler [None req-c0876a2c-4b0d-4dcb-9562-1b973186dd9e None None] Using cached metadata for instance 1d2583f8-a49b-440d-a23b-b3aaf4a539f1 {{(pid=108406) get_metadata_by_instance_id /opt/stack/nova/nova/api/metadata/handler.py:84}}
Jun 18 07:27:41.828813 np0000181904 devstack@n-api-meta.service[108406]: [pid: 108406|app: 0|req: 3/10] 199.204.45.35 () {40 vars in 705 bytes} [Thu Jun 18 07:27:41 2026] GET /latest/meta-data/block-device-mapping/ami => generated 3 bytes in 5 msecs (HTTP/1.1 200) 3 headers in 98 bytes (1 switches on core 0)
Jun 18 07:27:41.889333 np0000181904 devstack@n-api-meta.service[108404]: DEBUG nova.api.metadata.handler [None req-61ace4ca-c259-4663-855a-04307d578cab None None] Metadata request headers: {'Host': '199.204.45.35:8775', 'User-Agent': 'python-requests/2.34.2', 'Accept-Encoding': 'gzip, deflate', 'Accept': '*/*', 'Connection': 'keep-alive', 'X-Forwarded-For': '192.168.24.230', 'X-Instance-Id': '1d2583f8-a49b-440d-a23b-b3aaf4a539f1', 'X-Tenant-Id': 'b1975aeb900e40558e2f076e217b54eb', 'X-Instance-Id-Signature': '333c2117303e4dbe994f18ae9493f419b967b69cf59b96b3c015bf95a90f57e4'} {{(pid=108404) __call__ /opt/stack/nova/nova/api/metadata/handler.py:109}}
Jun 18 07:27:41.890678 np0000181904 devstack@n-api-meta.service[108404]: DEBUG nova.api.metadata.handler [None req-61ace4ca-c259-4663-855a-04307d578cab None None] Using cached metadata for instance 1d2583f8-a49b-440d-a23b-b3aaf4a539f1 {{(pid=108404) get_metadata_by_instance_id /opt/stack/nova/nova/api/metadata/handler.py:84}}
Jun 18 07:27:41.891009 np0000181904 devstack@n-api-meta.service[108404]: [pid: 108404|app: 0|req: 3/11] 199.204.45.35 () {40 vars in 707 bytes} [Thu Jun 18 07:27:41 2026] GET /latest/meta-data/block-device-mapping/root => generated 8 bytes in 2 msecs (HTTP/1.1 200) 3 headers in 98 bytes (1 switches on core 0)
Jun 18 07:27:41.901262 np0000181904 devstack@n-api-meta.service[108405]: DEBUG nova.api.metadata.handler [None req-36bab12a-438d-4ff0-b219-210b90819195 None None] Metadata request headers: {'Host': '199.204.45.35:8775', 'User-Agent': 'python-requests/2.34.2', 'Accept-Encoding': 'gzip, deflate', 'Accept': '*/*', 'Connection': 'keep-alive', 'X-Forwarded-For': '192.168.24.230', 'X-Instance-Id': '1d2583f8-a49b-440d-a23b-b3aaf4a539f1', 'X-Tenant-Id': 'b1975aeb900e40558e2f076e217b54eb', 'X-Instance-Id-Signature': '333c2117303e4dbe994f18ae9493f419b967b69cf59b96b3c015bf95a90f57e4'} {{(pid=108405) __call__ /opt/stack/nova/nova/api/metadata/handler.py:109}}
Jun 18 07:27:41.904192 np0000181904 devstack@n-api-meta.service[108405]: DEBUG nova.api.metadata.handler [None req-36bab12a-438d-4ff0-b219-210b90819195 None None] Using cached metadata for instance 1d2583f8-a49b-440d-a23b-b3aaf4a539f1 {{(pid=108405) get_metadata_by_instance_id /opt/stack/nova/nova/api/metadata/handler.py:84}}
Jun 18 07:27:41.904913 np0000181904 devstack@n-api-meta.service[108405]: [pid: 108405|app: 0|req: 3/12] 199.204.45.35 () {40 vars in 677 bytes} [Thu Jun 18 07:27:41 2026] GET /latest/meta-data/placement/ => generated 17 bytes in 4 msecs (HTTP/1.1 200) 3 headers in 99 bytes (1 switches on core 0)
Jun 18 07:27:41.911543 np0000181904 devstack@n-api-meta.service[108403]: DEBUG nova.api.metadata.handler [None req-531c52b7-c4ab-4d8d-adea-b5b18a9c1d74 None None] Metadata request headers: {'Host': '199.204.45.35:8775', 'User-Agent': 'python-requests/2.34.2', 'Accept-Encoding': 'gzip, deflate', 'Accept': '*/*', 'Connection': 'keep-alive', 'X-Forwarded-For': '192.168.24.230', 'X-Instance-Id': '1d2583f8-a49b-440d-a23b-b3aaf4a539f1', 'X-Tenant-Id': 'b1975aeb900e40558e2f076e217b54eb', 'X-Instance-Id-Signature': '333c2117303e4dbe994f18ae9493f419b967b69cf59b96b3c015bf95a90f57e4'} {{(pid=108403) __call__ /opt/stack/nova/nova/api/metadata/handler.py:109}}
Jun 18 07:27:41.913613 np0000181904 devstack@n-api-meta.service[108403]: DEBUG nova.api.metadata.handler [None req-531c52b7-c4ab-4d8d-adea-b5b18a9c1d74 None None] Using cached metadata for instance 1d2583f8-a49b-440d-a23b-b3aaf4a539f1 {{(pid=108403) get_metadata_by_instance_id /opt/stack/nova/nova/api/metadata/handler.py:84}}
Jun 18 07:27:41.914300 np0000181904 devstack@n-api-meta.service[108403]: [pid: 108403|app: 0|req: 4/13] 199.204.45.35 () {40 vars in 711 bytes} [Thu Jun 18 07:27:41 2026] GET /latest/meta-data/placement/availability-zone => generated 4 bytes in 3 msecs (HTTP/1.1 200) 3 headers in 98 bytes (1 switches on core 0)
Jun 18 07:27:41.923756 np0000181904 devstack@n-api-meta.service[108406]: DEBUG nova.api.metadata.handler [None req-c0876a2c-4b0d-4dcb-9562-1b973186dd9e None None] Metadata request headers: {'Host': '199.204.45.35:8775', 'User-Agent': 'python-requests/2.34.2', 'Accept-Encoding': 'gzip, deflate', 'Accept': '*/*', 'Connection': 'keep-alive', 'X-Forwarded-For': '192.168.24.230', 'X-Instance-Id': '1d2583f8-a49b-440d-a23b-b3aaf4a539f1', 'X-Tenant-Id': 'b1975aeb900e40558e2f076e217b54eb', 'X-Instance-Id-Signature': '333c2117303e4dbe994f18ae9493f419b967b69cf59b96b3c015bf95a90f57e4'} {{(pid=108406) __call__ /opt/stack/nova/nova/api/metadata/handler.py:109}}
Jun 18 07:27:41.924482 np0000181904 devstack@n-api-meta.service[108406]: DEBUG nova.api.metadata.handler [None req-c0876a2c-4b0d-4dcb-9562-1b973186dd9e None None] Using cached metadata for instance 1d2583f8-a49b-440d-a23b-b3aaf4a539f1 {{(pid=108406) get_metadata_by_instance_id /opt/stack/nova/nova/api/metadata/handler.py:84}}
Jun 18 07:27:41.924937 np0000181904 devstack@n-api-meta.service[108406]: [pid: 108406|app: 0|req: 4/14] 199.204.45.35 () {40 vars in 669 bytes} [Thu Jun 18 07:27:41 2026] GET /latest/meta-data/ami-id => generated 12 bytes in 3 msecs (HTTP/1.1 200) 3 headers in 99 bytes (1 switches on core 0)
Jun 18 07:27:41.933001 np0000181904 devstack@n-api-meta.service[108404]: DEBUG nova.api.metadata.handler [None req-61ace4ca-c259-4663-855a-04307d578cab None None] Metadata request headers: {'Host': '199.204.45.35:8775', 'User-Agent': 'python-requests/2.34.2', 'Accept-Encoding': 'gzip, deflate', 'Accept': '*/*', 'Connection': 'keep-alive', 'X-Forwarded-For': '192.168.24.230', 'X-Instance-Id': '1d2583f8-a49b-440d-a23b-b3aaf4a539f1', 'X-Tenant-Id': 'b1975aeb900e40558e2f076e217b54eb', 'X-Instance-Id-Signature': '333c2117303e4dbe994f18ae9493f419b967b69cf59b96b3c015bf95a90f57e4'} {{(pid=108404) __call__ /opt/stack/nova/nova/api/metadata/handler.py:109}}
Jun 18 07:27:41.934300 np0000181904 devstack@n-api-meta.service[108404]: DEBUG nova.api.metadata.handler [None req-61ace4ca-c259-4663-855a-04307d578cab None None] Using cached metadata for instance 1d2583f8-a49b-440d-a23b-b3aaf4a539f1 {{(pid=108404) get_metadata_by_instance_id /opt/stack/nova/nova/api/metadata/handler.py:84}}
Jun 18 07:27:41.934669 np0000181904 devstack@n-api-meta.service[108404]: [pid: 108404|app: 0|req: 4/15] 199.204.45.35 () {40 vars in 689 bytes} [Thu Jun 18 07:27:41 2026] GET /latest/meta-data/ami-launch-index => generated 1 bytes in 2 msecs (HTTP/1.1 200) 3 headers in 98 bytes (1 switches on core 0)
Jun 18 07:27:41.941489 np0000181904 devstack@n-api-meta.service[108405]: DEBUG nova.api.metadata.handler [None req-36bab12a-438d-4ff0-b219-210b90819195 None None] Metadata request headers: {'Host': '199.204.45.35:8775', 'User-Agent': 'python-requests/2.34.2', 'Accept-Encoding': 'gzip, deflate', 'Accept': '*/*', 'Connection': 'keep-alive', 'X-Forwarded-For': '192.168.24.230', 'X-Instance-Id': '1d2583f8-a49b-440d-a23b-b3aaf4a539f1', 'X-Tenant-Id': 'b1975aeb900e40558e2f076e217b54eb', 'X-Instance-Id-Signature': '333c2117303e4dbe994f18ae9493f419b967b69cf59b96b3c015bf95a90f57e4'} {{(pid=108405) __call__ /opt/stack/nova/nova/api/metadata/handler.py:109}}
Jun 18 07:27:41.943407 np0000181904 devstack@n-api-meta.service[108405]: DEBUG nova.api.metadata.handler [None req-36bab12a-438d-4ff0-b219-210b90819195 None None] Using cached metadata for instance 1d2583f8-a49b-440d-a23b-b3aaf4a539f1 {{(pid=108405) get_metadata_by_instance_id /opt/stack/nova/nova/api/metadata/handler.py:84}}
Jun 18 07:27:41.943824 np0000181904 devstack@n-api-meta.service[108405]: [pid: 108405|app: 0|req: 4/16] 199.204.45.35 () {40 vars in 691 bytes} [Thu Jun 18 07:27:41 2026] GET /latest/meta-data/ami-manifest-path => generated 5 bytes in 3 msecs (HTTP/1.1 200) 3 headers in 98 bytes (1 switches on core 0)
Jun 18 07:27:41.953447 np0000181904 devstack@n-api-meta.service[108403]: DEBUG nova.api.metadata.handler [None req-531c52b7-c4ab-4d8d-adea-b5b18a9c1d74 None None] Metadata request headers: {'Host': '199.204.45.35:8775', 'User-Agent': 'python-requests/2.34.2', 'Accept-Encoding': 'gzip, deflate', 'Accept': '*/*', 'Connection': 'keep-alive', 'X-Forwarded-For': '192.168.24.230', 'X-Instance-Id': '1d2583f8-a49b-440d-a23b-b3aaf4a539f1', 'X-Tenant-Id': 'b1975aeb900e40558e2f076e217b54eb', 'X-Instance-Id-Signature': '333c2117303e4dbe994f18ae9493f419b967b69cf59b96b3c015bf95a90f57e4'} {{(pid=108403) __call__ /opt/stack/nova/nova/api/metadata/handler.py:109}}
Jun 18 07:27:41.956315 np0000181904 devstack@n-api-meta.service[108403]: DEBUG nova.api.metadata.handler [None req-531c52b7-c4ab-4d8d-adea-b5b18a9c1d74 None None] Using cached metadata for instance 1d2583f8-a49b-440d-a23b-b3aaf4a539f1 {{(pid=108403) get_metadata_by_instance_id /opt/stack/nova/nova/api/metadata/handler.py:84}}
Jun 18 07:27:41.957078 np0000181904 devstack@n-api-meta.service[108403]: [pid: 108403|app: 0|req: 5/17] 199.204.45.35 () {40 vars in 673 bytes} [Thu Jun 18 07:27:41 2026] GET /latest/meta-data/hostname => generated 32 bytes in 4 msecs (HTTP/1.1 200) 3 headers in 99 bytes (1 switches on core 0)
Jun 18 07:27:41.966559 np0000181904 devstack@n-api-meta.service[108406]: DEBUG nova.api.metadata.handler [None req-c0876a2c-4b0d-4dcb-9562-1b973186dd9e None None] Metadata request headers: {'Host': '199.204.45.35:8775', 'User-Agent': 'python-requests/2.34.2', 'Accept-Encoding': 'gzip, deflate', 'Accept': '*/*', 'Connection': 'keep-alive', 'X-Forwarded-For': '192.168.24.230', 'X-Instance-Id': '1d2583f8-a49b-440d-a23b-b3aaf4a539f1', 'X-Tenant-Id': 'b1975aeb900e40558e2f076e217b54eb', 'X-Instance-Id-Signature': '333c2117303e4dbe994f18ae9493f419b967b69cf59b96b3c015bf95a90f57e4'} {{(pid=108406) __call__ /opt/stack/nova/nova/api/metadata/handler.py:109}}
Jun 18 07:27:41.968408 np0000181904 devstack@n-api-meta.service[108406]: DEBUG nova.api.metadata.handler [None req-c0876a2c-4b0d-4dcb-9562-1b973186dd9e None None] Using cached metadata for instance 1d2583f8-a49b-440d-a23b-b3aaf4a539f1 {{(pid=108406) get_metadata_by_instance_id /opt/stack/nova/nova/api/metadata/handler.py:84}}
Jun 18 07:27:41.968913 np0000181904 devstack@n-api-meta.service[108406]: [pid: 108406|app: 0|req: 5/18] 199.204.45.35 () {40 vars in 687 bytes} [Thu Jun 18 07:27:41 2026] GET /latest/meta-data/instance-action => generated 4 bytes in 3 msecs (HTTP/1.1 200) 3 headers in 98 bytes (1 switches on core 0)
Jun 18 07:27:41.977105 np0000181904 devstack@n-api-meta.service[108404]: DEBUG nova.api.metadata.handler [None req-61ace4ca-c259-4663-855a-04307d578cab None None] Metadata request headers: {'Host': '199.204.45.35:8775', 'User-Agent': 'python-requests/2.34.2', 'Accept-Encoding': 'gzip, deflate', 'Accept': '*/*', 'Connection': 'keep-alive', 'X-Forwarded-For': '192.168.24.230', 'X-Instance-Id': '1d2583f8-a49b-440d-a23b-b3aaf4a539f1', 'X-Tenant-Id': 'b1975aeb900e40558e2f076e217b54eb', 'X-Instance-Id-Signature': '333c2117303e4dbe994f18ae9493f419b967b69cf59b96b3c015bf95a90f57e4'} {{(pid=108404) __call__ /opt/stack/nova/nova/api/metadata/handler.py:109}}
Jun 18 07:27:41.979968 np0000181904 devstack@n-api-meta.service[108404]: DEBUG nova.api.metadata.handler [None req-61ace4ca-c259-4663-855a-04307d578cab None None] Using cached metadata for instance 1d2583f8-a49b-440d-a23b-b3aaf4a539f1 {{(pid=108404) get_metadata_by_instance_id /opt/stack/nova/nova/api/metadata/handler.py:84}}
Jun 18 07:27:41.980696 np0000181904 devstack@n-api-meta.service[108404]: [pid: 108404|app: 0|req: 5/19] 199.204.45.35 () {40 vars in 679 bytes} [Thu Jun 18 07:27:41 2026] GET /latest/meta-data/instance-id => generated 10 bytes in 4 msecs (HTTP/1.1 200) 3 headers in 99 bytes (1 switches on core 0)
Jun 18 07:27:41.991675 np0000181904 devstack@n-api-meta.service[108405]: DEBUG nova.api.metadata.handler [None req-36bab12a-438d-4ff0-b219-210b90819195 None None] Metadata request headers: {'Host': '199.204.45.35:8775', 'User-Agent': 'python-requests/2.34.2', 'Accept-Encoding': 'gzip, deflate', 'Accept': '*/*', 'Connection': 'keep-alive', 'X-Forwarded-For': '192.168.24.230', 'X-Instance-Id': '1d2583f8-a49b-440d-a23b-b3aaf4a539f1', 'X-Tenant-Id': 'b1975aeb900e40558e2f076e217b54eb', 'X-Instance-Id-Signature': '333c2117303e4dbe994f18ae9493f419b967b69cf59b96b3c015bf95a90f57e4'} {{(pid=108405) __call__ /opt/stack/nova/nova/api/metadata/handler.py:109}}
Jun 18 07:27:41.994570 np0000181904 devstack@n-api-meta.service[108405]: DEBUG nova.api.metadata.handler [None req-36bab12a-438d-4ff0-b219-210b90819195 None None] Using cached metadata for instance 1d2583f8-a49b-440d-a23b-b3aaf4a539f1 {{(pid=108405) get_metadata_by_instance_id /opt/stack/nova/nova/api/metadata/handler.py:84}}
Jun 18 07:27:41.995246 np0000181904 devstack@n-api-meta.service[108405]: [pid: 108405|app: 0|req: 5/20] 199.204.45.35 () {40 vars in 683 bytes} [Thu Jun 18 07:27:41 2026] GET /latest/meta-data/instance-type => generated 8 bytes in 4 msecs (HTTP/1.1 200) 3 headers in 98 bytes (1 switches on core 0)
Jun 18 07:27:42.006094 np0000181904 devstack@n-api-meta.service[108403]: DEBUG nova.api.metadata.handler [None req-531c52b7-c4ab-4d8d-adea-b5b18a9c1d74 None None] Metadata request headers: {'Host': '199.204.45.35:8775', 'User-Agent': 'python-requests/2.34.2', 'Accept-Encoding': 'gzip, deflate', 'Accept': '*/*', 'Connection': 'keep-alive', 'X-Forwarded-For': '192.168.24.230', 'X-Instance-Id': '1d2583f8-a49b-440d-a23b-b3aaf4a539f1', 'X-Tenant-Id': 'b1975aeb900e40558e2f076e217b54eb', 'X-Instance-Id-Signature': '333c2117303e4dbe994f18ae9493f419b967b69cf59b96b3c015bf95a90f57e4'} {{(pid=108403) __call__ /opt/stack/nova/nova/api/metadata/handler.py:109}}
Jun 18 07:27:42.010123 np0000181904 devstack@n-api-meta.service[108403]: DEBUG nova.api.metadata.handler [None req-531c52b7-c4ab-4d8d-adea-b5b18a9c1d74 None None] Using cached metadata for instance 1d2583f8-a49b-440d-a23b-b3aaf4a539f1 {{(pid=108403) get_metadata_by_instance_id /opt/stack/nova/nova/api/metadata/handler.py:84}}
Jun 18 07:27:42.011079 np0000181904 devstack@n-api-meta.service[108403]: [pid: 108403|app: 0|req: 6/21] 199.204.45.35 () {40 vars in 685 bytes} [Thu Jun 18 07:27:42 2026] GET /latest/meta-data/local-hostname => generated 32 bytes in 6 msecs (HTTP/1.1 200) 3 headers in 99 bytes (1 switches on core 0)
Jun 18 07:27:42.019141 np0000181904 devstack@n-api-meta.service[108406]: DEBUG nova.api.metadata.handler [None req-c0876a2c-4b0d-4dcb-9562-1b973186dd9e None None] Metadata request headers: {'Host': '199.204.45.35:8775', 'User-Agent': 'python-requests/2.34.2', 'Accept-Encoding': 'gzip, deflate', 'Accept': '*/*', 'Connection': 'keep-alive', 'X-Forwarded-For': '192.168.24.230', 'X-Instance-Id': '1d2583f8-a49b-440d-a23b-b3aaf4a539f1', 'X-Tenant-Id': 'b1975aeb900e40558e2f076e217b54eb', 'X-Instance-Id-Signature': '333c2117303e4dbe994f18ae9493f419b967b69cf59b96b3c015bf95a90f57e4'} {{(pid=108406) __call__ /opt/stack/nova/nova/api/metadata/handler.py:109}}
Jun 18 07:27:42.021067 np0000181904 devstack@n-api-meta.service[108406]: DEBUG nova.api.metadata.handler [None req-c0876a2c-4b0d-4dcb-9562-1b973186dd9e None None] Using cached metadata for instance 1d2583f8-a49b-440d-a23b-b3aaf4a539f1 {{(pid=108406) get_metadata_by_instance_id /opt/stack/nova/nova/api/metadata/handler.py:84}}
Jun 18 07:27:42.021498 np0000181904 devstack@n-api-meta.service[108406]: [pid: 108406|app: 0|req: 6/22] 199.204.45.35 () {40 vars in 677 bytes} [Thu Jun 18 07:27:42 2026] GET /latest/meta-data/local-ipv4 => generated 14 bytes in 3 msecs (HTTP/1.1 200) 3 headers in 99 bytes (1 switches on core 0)
Jun 18 07:27:42.030372 np0000181904 devstack@n-api-meta.service[108404]: DEBUG nova.api.metadata.handler [None req-61ace4ca-c259-4663-855a-04307d578cab None None] Metadata request headers: {'Host': '199.204.45.35:8775', 'User-Agent': 'python-requests/2.34.2', 'Accept-Encoding': 'gzip, deflate', 'Accept': '*/*', 'Connection': 'keep-alive', 'X-Forwarded-For': '192.168.24.230', 'X-Instance-Id': '1d2583f8-a49b-440d-a23b-b3aaf4a539f1', 'X-Tenant-Id': 'b1975aeb900e40558e2f076e217b54eb', 'X-Instance-Id-Signature': '333c2117303e4dbe994f18ae9493f419b967b69cf59b96b3c015bf95a90f57e4'} {{(pid=108404) __call__ /opt/stack/nova/nova/api/metadata/handler.py:109}}
Jun 18 07:27:42.032168 np0000181904 devstack@n-api-meta.service[108404]: DEBUG nova.api.metadata.handler [None req-61ace4ca-c259-4663-855a-04307d578cab None None] Using cached metadata for instance 1d2583f8-a49b-440d-a23b-b3aaf4a539f1 {{(pid=108404) get_metadata_by_instance_id /opt/stack/nova/nova/api/metadata/handler.py:84}}
Jun 18 07:27:42.032685 np0000181904 devstack@n-api-meta.service[108404]: [pid: 108404|app: 0|req: 6/23] 199.204.45.35 () {40 vars in 687 bytes} [Thu Jun 18 07:27:42 2026] GET /latest/meta-data/public-hostname => generated 32 bytes in 3 msecs (HTTP/1.1 200) 3 headers in 99 bytes (1 switches on core 0)
Jun 18 07:27:42.041180 np0000181904 devstack@n-api-meta.service[108405]: DEBUG nova.api.metadata.handler [None req-36bab12a-438d-4ff0-b219-210b90819195 None None] Metadata request headers: {'Host': '199.204.45.35:8775', 'User-Agent': 'python-requests/2.34.2', 'Accept-Encoding': 'gzip, deflate', 'Accept': '*/*', 'Connection': 'keep-alive', 'X-Forwarded-For': '192.168.24.230', 'X-Instance-Id': '1d2583f8-a49b-440d-a23b-b3aaf4a539f1', 'X-Tenant-Id': 'b1975aeb900e40558e2f076e217b54eb', 'X-Instance-Id-Signature': '333c2117303e4dbe994f18ae9493f419b967b69cf59b96b3c015bf95a90f57e4'} {{(pid=108405) __call__ /opt/stack/nova/nova/api/metadata/handler.py:109}}
Jun 18 07:27:42.043020 np0000181904 devstack@n-api-meta.service[108405]: DEBUG nova.api.metadata.handler [None req-36bab12a-438d-4ff0-b219-210b90819195 None None] Using cached metadata for instance 1d2583f8-a49b-440d-a23b-b3aaf4a539f1 {{(pid=108405) get_metadata_by_instance_id /opt/stack/nova/nova/api/metadata/handler.py:84}}
Jun 18 07:27:42.043429 np0000181904 devstack@n-api-meta.service[108405]: [pid: 108405|app: 0|req: 6/24] 199.204.45.35 () {40 vars in 679 bytes} [Thu Jun 18 07:27:42 2026] GET /latest/meta-data/public-ipv4 => generated 0 bytes in 3 msecs (HTTP/1.1 200) 3 headers in 98 bytes (1 switches on core 0)
