Apr 02 14:43:24.790347 np0000163020 neutron-periodic-workers[103920]: DEBUG cotyledon.oslo_config_glue [-] ml2.type_drivers = ['local', 'flat', 'vlan', 'geneve'] {{(pid=103920) log_opt_values /opt/stack/data/venv/lib/python3.12/site-packages/oslo_config/cfg.py:3006}}
Apr 02 14:43:24.790484 np0000163020 neutron-periodic-workers[103920]: DEBUG cotyledon.oslo_config_glue [-] ml2_type_flat.flat_networks = ['public'] {{(pid=103920) log_opt_values /opt/stack/data/venv/lib/python3.12/site-packages/oslo_config/cfg.py:3006}}
Apr 02 14:43:24.790578 np0000163020 neutron-periodic-workers[103920]: DEBUG cotyledon.oslo_config_glue [-] ml2_type_geneve.max_header_size = 38 {{(pid=103920) log_opt_values /opt/stack/data/venv/lib/python3.12/site-packages/oslo_config/cfg.py:3006}}
Apr 02 14:43:24.790666 np0000163020 neutron-periodic-workers[103920]: DEBUG cotyledon.oslo_config_glue [-] ml2_type_geneve.vni_ranges = ['1:65536'] {{(pid=103920) log_opt_values /opt/stack/data/venv/lib/python3.12/site-packages/oslo_config/cfg.py:3006}}
Apr 02 14:43:24.790764 np0000163020 neutron-periodic-workers[103920]: DEBUG cotyledon.oslo_config_glue [-] ml2_type_vlan.network_vlan_ranges = ['public'] {{(pid=103920) log_opt_values /opt/stack/data/venv/lib/python3.12/site-packages/oslo_config/cfg.py:3006}}
Apr 02 14:43:24.790870 np0000163020 neutron-periodic-workers[103920]: DEBUG cotyledon.oslo_config_glue [-] network_log.burst_limit = 25 {{(pid=103920) log_opt_values /opt/stack/data/venv/lib/python3.12/site-packages/oslo_config/cfg.py:3006}}
Apr 02 14:43:24.790956 np0000163020 neutron-periodic-workers[103920]: DEBUG cotyledon.oslo_config_glue [-] network_log.local_output_log_base = None {{(pid=103920) log_opt_values /opt/stack/data/venv/lib/python3.12/site-packages/oslo_config/cfg.py:3006}}
Apr 02 14:43:24.791035 np0000163020 neutron-periodic-workers[103920]: DEBUG cotyledon.oslo_config_glue [-] network_log.rate_limit = 100 {{(pid=103920) log_opt_values /opt/stack/data/venv/lib/python3.12/site-packages/oslo_config/cfg.py:3006}}
Apr 02 14:43:24.791156 np0000163020 neutron-periodic-workers[103920]: DEBUG cotyledon.oslo_config_glue [-] database.asyncio_connection = **** {{(pid=103920) log_opt_values /opt/stack/data/venv/lib/python3.12/site-packages/oslo_config/cfg.py:3006}}
Apr 02 14:43:24.791233 np0000163020 neutron-periodic-workers[103920]: DEBUG cotyledon.oslo_config_glue [-] database.asyncio_slave_connection = **** {{(pid=103920) log_opt_values /opt/stack/data/venv/lib/python3.12/site-packages/oslo_config/cfg.py:3006}}
Apr 02 14:43:24.791536 np0000163020 neutron-periodic-workers[103920]: DEBUG cotyledon.oslo_config_glue [-] database.backend = sqlalchemy {{(pid=103920) log_opt_values /opt/stack/data/venv/lib/python3.12/site-packages/oslo_config/cfg.py:3006}}
Apr 02 14:43:24.791648 np0000163020 neutron-periodic-workers[103920]: DEBUG cotyledon.oslo_config_glue [-] database.connection = **** {{(pid=103920) log_opt_values /opt/stack/data/venv/lib/python3.12/site-packages/oslo_config/cfg.py:3006}}
Apr 02 14:43:24.791741 np0000163020 neutron-periodic-workers[103920]: DEBUG cotyledon.oslo_config_glue [-] database.connection_debug = 0 {{(pid=103920) log_opt_values /opt/stack/data/venv/lib/python3.12/site-packages/oslo_config/cfg.py:3006}}
Apr 02 14:43:24.791822 np0000163020 neutron-periodic-workers[103920]: DEBUG cotyledon.oslo_config_glue [-] database.connection_parameters = {{(pid=103920) log_opt_values /opt/stack/data/venv/lib/python3.12/site-packages/oslo_config/cfg.py:3006}}
Apr 02 14:43:24.791916 np0000163020 neutron-periodic-workers[103920]: DEBUG cotyledon.oslo_config_glue [-] database.connection_recycle_time = 3600 {{(pid=103920) log_opt_values /opt/stack/data/venv/lib/python3.12/site-packages/oslo_config/cfg.py:3006}}
Apr 02 14:43:24.792004 np0000163020 neutron-periodic-workers[103920]: DEBUG cotyledon.oslo_config_glue [-] database.connection_trace = False {{(pid=103920) log_opt_values /opt/stack/data/venv/lib/python3.12/site-packages/oslo_config/cfg.py:3006}}
Apr 02 14:43:24.792092 np0000163020 neutron-periodic-workers[103920]: DEBUG cotyledon.oslo_config_glue [-] database.db_inc_retry_interval = True {{(pid=103920) log_opt_values /opt/stack/data/venv/lib/python3.12/site-packages/oslo_config/cfg.py:3006}}
Apr 02 14:43:24.792170 np0000163020 neutron-periodic-workers[103920]: DEBUG cotyledon.oslo_config_glue [-] database.db_max_retries = 20 {{(pid=103920) log_opt_values /opt/stack/data/venv/lib/python3.12/site-packages/oslo_config/cfg.py:3006}}
Apr 02 14:43:24.792552 np0000163020 neutron-periodic-workers[103920]: DEBUG cotyledon.oslo_config_glue [-] database.db_max_retry_interval = 10 {{(pid=103920) log_opt_values /opt/stack/data/venv/lib/python3.12/site-packages/oslo_config/cfg.py:3006}}
Apr 02 14:43:24.792552 np0000163020 neutron-periodic-workers[103920]: DEBUG cotyledon.oslo_config_glue [-] database.db_retry_interval = 1 {{(pid=103920) log_opt_values /opt/stack/data/venv/lib/python3.12/site-packages/oslo_config/cfg.py:3006}}
Apr 02 14:43:24.792552 np0000163020 neutron-periodic-workers[103920]: DEBUG cotyledon.oslo_config_glue [-] database.max_overflow = 50 {{(pid=103920) log_opt_values /opt/stack/data/venv/lib/python3.12/site-packages/oslo_config/cfg.py:3006}}
Apr 02 14:43:24.792552 np0000163020 neutron-periodic-workers[103920]: DEBUG cotyledon.oslo_config_glue [-] database.max_pool_size = 5 {{(pid=103920) log_opt_values /opt/stack/data/venv/lib/python3.12/site-packages/oslo_config/cfg.py:3006}}
Apr 02 14:43:24.792552 np0000163020 neutron-periodic-workers[103920]: DEBUG cotyledon.oslo_config_glue [-] database.max_retries = 10 {{(pid=103920) log_opt_values /opt/stack/data/venv/lib/python3.12/site-packages/oslo_config/cfg.py:3006}}
Apr 02 14:43:24.792552 np0000163020 neutron-periodic-workers[103920]: DEBUG cotyledon.oslo_config_glue [-] database.mysql_sql_mode = TRADITIONAL {{(pid=103920) log_opt_values /opt/stack/data/venv/lib/python3.12/site-packages/oslo_config/cfg.py:3006}}
Apr 02 14:43:24.792552 np0000163020 neutron-periodic-workers[103920]: DEBUG cotyledon.oslo_config_glue [-] database.mysql_wsrep_sync_wait = None {{(pid=103920) log_opt_values /opt/stack/data/venv/lib/python3.12/site-packages/oslo_config/cfg.py:3006}}
Apr 02 14:43:24.792917 np0000163020 neutron-periodic-workers[103920]: DEBUG cotyledon.oslo_config_glue [-] database.pool_timeout = None {{(pid=103920) log_opt_values /opt/stack/data/venv/lib/python3.12/site-packages/oslo_config/cfg.py:3006}}
Apr 02 14:43:24.792917 np0000163020 neutron-periodic-workers[103920]: DEBUG cotyledon.oslo_config_glue [-] database.retry_interval = 10 {{(pid=103920) log_opt_values /opt/stack/data/venv/lib/python3.12/site-packages/oslo_config/cfg.py:3006}}
Apr 02 14:43:24.792917 np0000163020 neutron-periodic-workers[103920]: DEBUG cotyledon.oslo_config_glue [-] database.slave_connection = **** {{(pid=103920) log_opt_values /opt/stack/data/venv/lib/python3.12/site-packages/oslo_config/cfg.py:3006}}
Apr 02 14:43:24.792995 np0000163020 neutron-periodic-workers[103920]: DEBUG cotyledon.oslo_config_glue [-] database.sqlite_synchronous = True {{(pid=103920) log_opt_values /opt/stack/data/venv/lib/python3.12/site-packages/oslo_config/cfg.py:3006}}
Apr 02 14:43:24.793107 np0000163020 neutron-periodic-workers[103920]: DEBUG cotyledon.oslo_config_glue [-] database.synchronous_reader = True {{(pid=103920) log_opt_values /opt/stack/data/venv/lib/python3.12/site-packages/oslo_config/cfg.py:3006}}
Apr 02 14:43:24.793148 np0000163020 neutron-periodic-workers[103920]: DEBUG cotyledon.oslo_config_glue [-] database.use_db_reconnect = False {{(pid=103920) log_opt_values /opt/stack/data/venv/lib/python3.12/site-packages/oslo_config/cfg.py:3006}}
Apr 02 14:43:24.793305 np0000163020 neutron-periodic-workers[103920]: DEBUG cotyledon.oslo_config_glue [-] ovn.bfd_min_rx = 1000 {{(pid=103920) log_opt_values /opt/stack/data/venv/lib/python3.12/site-packages/oslo_config/cfg.py:3006}}
Apr 02 14:43:24.793413 np0000163020 neutron-periodic-workers[103920]: DEBUG cotyledon.oslo_config_glue [-] ovn.bfd_min_tx = 100 {{(pid=103920) log_opt_values /opt/stack/data/venv/lib/python3.12/site-packages/oslo_config/cfg.py:3006}}
Apr 02 14:43:24.793521 np0000163020 neutron-periodic-workers[103920]: DEBUG cotyledon.oslo_config_glue [-] ovn.bfd_mult = 3 {{(pid=103920) log_opt_values /opt/stack/data/venv/lib/python3.12/site-packages/oslo_config/cfg.py:3006}}
Apr 02 14:43:24.793629 np0000163020 neutron-periodic-workers[103920]: DEBUG cotyledon.oslo_config_glue [-] ovn.broadcast_arps_to_all_routers = True {{(pid=103920) log_opt_values /opt/stack/data/venv/lib/python3.12/site-packages/oslo_config/cfg.py:3006}}
Apr 02 14:43:24.793723 np0000163020 neutron-periodic-workers[103920]: DEBUG cotyledon.oslo_config_glue [-] ovn.dhcp_default_lease_time = 43200 {{(pid=103920) log_opt_values /opt/stack/data/venv/lib/python3.12/site-packages/oslo_config/cfg.py:3006}}
Apr 02 14:43:24.793816 np0000163020 neutron-periodic-workers[103920]: DEBUG cotyledon.oslo_config_glue [-] ovn.disable_ovn_dhcp_for_baremetal_ports = False {{(pid=103920) log_opt_values /opt/stack/data/venv/lib/python3.12/site-packages/oslo_config/cfg.py:3006}}
Apr 02 14:43:24.793910 np0000163020 neutron-periodic-workers[103920]: DEBUG cotyledon.oslo_config_glue [-] ovn.dns_records_ovn_owned = False {{(pid=103920) log_opt_values /opt/stack/data/venv/lib/python3.12/site-packages/oslo_config/cfg.py:3006}}
Apr 02 14:43:24.794007 np0000163020 neutron-periodic-workers[103920]: DEBUG cotyledon.oslo_config_glue [-] ovn.dns_servers = [] {{(pid=103920) log_opt_values /opt/stack/data/venv/lib/python3.12/site-packages/oslo_config/cfg.py:3006}}
Apr 02 14:43:24.794117 np0000163020 neutron-periodic-workers[103920]: DEBUG cotyledon.oslo_config_glue [-] ovn.enable_distributed_floating_ip = False {{(pid=103920) log_opt_values /opt/stack/data/venv/lib/python3.12/site-packages/oslo_config/cfg.py:3006}}
Apr 02 14:43:24.794227 np0000163020 neutron-periodic-workers[103920]: DEBUG cotyledon.oslo_config_glue [-] ovn.fdb_age_threshold = 300 {{(pid=103920) log_opt_values /opt/stack/data/venv/lib/python3.12/site-packages/oslo_config/cfg.py:3006}}
Apr 02 14:43:24.794362 np0000163020 neutron-periodic-workers[103920]: DEBUG cotyledon.oslo_config_glue [-] ovn.ha_failover_strategy = normal {{(pid=103920) log_opt_values /opt/stack/data/venv/lib/python3.12/site-packages/oslo_config/cfg.py:3006}}
Apr 02 14:43:24.794482 np0000163020 neutron-periodic-workers[103920]: DEBUG cotyledon.oslo_config_glue [-] ovn.live_migration_activation_strategy = rarp {{(pid=103920) log_opt_values /opt/stack/data/venv/lib/python3.12/site-packages/oslo_config/cfg.py:3006}}
Apr 02 14:43:24.794593 np0000163020 neutron-periodic-workers[103920]: DEBUG cotyledon.oslo_config_glue [-] ovn.localnet_learn_fdb = False {{(pid=103920) log_opt_values /opt/stack/data/venv/lib/python3.12/site-packages/oslo_config/cfg.py:3006}}
Apr 02 14:43:24.794696 np0000163020 neutron-periodic-workers[103920]: DEBUG cotyledon.oslo_config_glue [-] ovn.mac_binding_age_threshold = 300 {{(pid=103920) log_opt_values /opt/stack/data/venv/lib/python3.12/site-packages/oslo_config/cfg.py:3006}}
Apr 02 14:43:24.794811 np0000163020 neutron-periodic-workers[103920]: DEBUG cotyledon.oslo_config_glue [-] ovn.neutron_sync_mode = log {{(pid=103920) log_opt_values /opt/stack/data/venv/lib/python3.12/site-packages/oslo_config/cfg.py:3006}}
Apr 02 14:43:24.794931 np0000163020 neutron-periodic-workers[103920]: DEBUG cotyledon.oslo_config_glue [-] ovn.ovn_dhcp4_global_options = {} {{(pid=103920) log_opt_values /opt/stack/data/venv/lib/python3.12/site-packages/oslo_config/cfg.py:3006}}
Apr 02 14:43:24.795050 np0000163020 neutron-periodic-workers[103920]: DEBUG cotyledon.oslo_config_glue [-] ovn.ovn_dhcp6_global_options = {} {{(pid=103920) log_opt_values /opt/stack/data/venv/lib/python3.12/site-packages/oslo_config/cfg.py:3006}}
Apr 02 14:43:24.795165 np0000163020 neutron-periodic-workers[103920]: DEBUG cotyledon.oslo_config_glue [-] ovn.ovn_l3_scheduler = leastloaded {{(pid=103920) log_opt_values /opt/stack/data/venv/lib/python3.12/site-packages/oslo_config/cfg.py:3006}}
Apr 02 14:43:24.795273 np0000163020 neutron-periodic-workers[103920]: DEBUG cotyledon.oslo_config_glue [-] ovn.ovn_metadata_enabled = True {{(pid=103920) log_opt_values /opt/stack/data/venv/lib/python3.12/site-packages/oslo_config/cfg.py:3006}}
Apr 02 14:43:24.795410 np0000163020 neutron-periodic-workers[103920]: DEBUG cotyledon.oslo_config_glue [-] ovn.ovn_nb_ca_cert = /opt/stack/data/CA/int-ca/ca-chain.pem {{(pid=103920) log_opt_values /opt/stack/data/venv/lib/python3.12/site-packages/oslo_config/cfg.py:3006}}
Apr 02 14:43:24.795557 np0000163020 neutron-periodic-workers[103920]: DEBUG cotyledon.oslo_config_glue [-] ovn.ovn_nb_certificate = /opt/stack/data/CA/int-ca/devstack-cert.crt {{(pid=103920) log_opt_values /opt/stack/data/venv/lib/python3.12/site-packages/oslo_config/cfg.py:3006}}
Apr 02 14:43:24.795687 np0000163020 neutron-periodic-workers[103920]: DEBUG cotyledon.oslo_config_glue [-] ovn.ovn_nb_connection = ['ssl:199.204.45.132:6641'] {{(pid=103920) log_opt_values /opt/stack/data/venv/lib/python3.12/site-packages/oslo_config/cfg.py:3006}}
Apr 02 14:43:24.795770 np0000163020 neutron-periodic-workers[103920]: DEBUG cotyledon.oslo_config_glue [-] ovn.ovn_nb_private_key = /opt/stack/data/CA/int-ca/private/devstack-cert.key {{(pid=103920) log_opt_values /opt/stack/data/venv/lib/python3.12/site-packages/oslo_config/cfg.py:3006}}
Apr 02 14:43:24.795850 np0000163020 neutron-periodic-workers[103920]: DEBUG cotyledon.oslo_config_glue [-] ovn.ovn_router_indirect_snat = False {{(pid=103920) log_opt_values /opt/stack/data/venv/lib/python3.12/site-packages/oslo_config/cfg.py:3006}}
Apr 02 14:43:24.795929 np0000163020 neutron-periodic-workers[103920]: DEBUG cotyledon.oslo_config_glue [-] ovn.ovn_sb_ca_cert = /opt/stack/data/CA/int-ca/ca-chain.pem {{(pid=103920) log_opt_values /opt/stack/data/venv/lib/python3.12/site-packages/oslo_config/cfg.py:3006}}
Apr 02 14:43:24.796013 np0000163020 neutron-periodic-workers[103920]: DEBUG cotyledon.oslo_config_glue [-] ovn.ovn_sb_certificate = /opt/stack/data/CA/int-ca/devstack-cert.crt {{(pid=103920) log_opt_values /opt/stack/data/venv/lib/python3.12/site-packages/oslo_config/cfg.py:3006}}
Apr 02 14:43:24.796095 np0000163020 neutron-periodic-workers[103920]: DEBUG cotyledon.oslo_config_glue [-] ovn.ovn_sb_connection = ['ssl:199.204.45.132:6642'] {{(pid=103920) log_opt_values /opt/stack/data/venv/lib/python3.12/site-packages/oslo_config/cfg.py:3006}}
Apr 02 14:43:24.796174 np0000163020 neutron-periodic-workers[103920]: DEBUG cotyledon.oslo_config_glue [-] ovn.ovn_sb_private_key = /opt/stack/data/CA/int-ca/private/devstack-cert.key {{(pid=103920) log_opt_values /opt/stack/data/venv/lib/python3.12/site-packages/oslo_config/cfg.py:3006}}
Apr 02 14:43:24.796253 np0000163020 neutron-periodic-workers[103920]: DEBUG cotyledon.oslo_config_glue [-] ovn.ovs_create_tap = False {{(pid=103920) log_opt_values /opt/stack/data/venv/lib/python3.12/site-packages/oslo_config/cfg.py:3006}}
Apr 02 14:43:24.796347 np0000163020 neutron-periodic-workers[103920]: DEBUG cotyledon.oslo_config_glue [-] ovn.ovsdb_connection_timeout = 180 {{(pid=103920) log_opt_values /opt/stack/data/venv/lib/python3.12/site-packages/oslo_config/cfg.py:3006}}
Apr 02 14:43:24.796442 np0000163020 neutron-periodic-workers[103920]: DEBUG cotyledon.oslo_config_glue [-] ovn.ovsdb_log_level = INFO {{(pid=103920) log_opt_values /opt/stack/data/venv/lib/python3.12/site-packages/oslo_config/cfg.py:3006}}
Apr 02 14:43:24.796523 np0000163020 neutron-periodic-workers[103920]: DEBUG cotyledon.oslo_config_glue [-] ovn.ovsdb_probe_interval = 60000 {{(pid=103920) log_opt_values /opt/stack/data/venv/lib/python3.12/site-packages/oslo_config/cfg.py:3006}}
Apr 02 14:43:24.796604 np0000163020 neutron-periodic-workers[103920]: DEBUG cotyledon.oslo_config_glue [-] ovn.ovsdb_retry_max_interval = 180 {{(pid=103920) log_opt_values /opt/stack/data/venv/lib/python3.12/site-packages/oslo_config/cfg.py:3006}}
Apr 02 14:43:24.796684 np0000163020 neutron-periodic-workers[103920]: DEBUG cotyledon.oslo_config_glue [-] ovn.stateless_nat_enabled = False {{(pid=103920) log_opt_values /opt/stack/data/venv/lib/python3.12/site-packages/oslo_config/cfg.py:3006}}
Apr 02 14:43:24.796774 np0000163020 neutron-periodic-workers[103920]: DEBUG cotyledon.oslo_config_glue [-] ovn.vhost_sock_dir = /var/run/openvswitch {{(pid=103920) log_opt_values /opt/stack/data/venv/lib/python3.12/site-packages/oslo_config/cfg.py:3006}}
Apr 02 14:43:24.796881 np0000163020 neutron-periodic-workers[103920]: DEBUG cotyledon.oslo_config_glue [-] OVS.bridge_mac_table_size = 50000 {{(pid=103920) log_opt_values /opt/stack/data/venv/lib/python3.12/site-packages/oslo_config/cfg.py:3006}}
Apr 02 14:43:24.796964 np0000163020 neutron-periodic-workers[103920]: DEBUG cotyledon.oslo_config_glue [-] OVS.igmp_flood = False {{(pid=103920) log_opt_values /opt/stack/data/venv/lib/python3.12/site-packages/oslo_config/cfg.py:3006}}
Apr 02 14:43:24.797051 np0000163020 neutron-periodic-workers[103920]: DEBUG cotyledon.oslo_config_glue [-] OVS.igmp_flood_reports = True {{(pid=103920) log_opt_values /opt/stack/data/venv/lib/python3.12/site-packages/oslo_config/cfg.py:3006}}
Apr 02 14:43:24.797138 np0000163020 neutron-periodic-workers[103920]: DEBUG cotyledon.oslo_config_glue [-] OVS.igmp_flood_unregistered = False {{(pid=103920) log_opt_values /opt/stack/data/venv/lib/python3.12/site-packages/oslo_config/cfg.py:3006}}
Apr 02 14:43:24.797226 np0000163020 neutron-periodic-workers[103920]: DEBUG cotyledon.oslo_config_glue [-] OVS.igmp_snooping_enable = False {{(pid=103920) log_opt_values /opt/stack/data/venv/lib/python3.12/site-packages/oslo_config/cfg.py:3006}}
Apr 02 14:43:24.797476 np0000163020 neutron-periodic-workers[103920]: DEBUG cotyledon.oslo_config_glue [-] OVS.ovsdb_timeout = 10 {{(pid=103920) log_opt_values /opt/stack/data/venv/lib/python3.12/site-packages/oslo_config/cfg.py:3006}}
Apr 02 14:43:24.797588 np0000163020 neutron-periodic-workers[103920]: DEBUG cotyledon.oslo_config_glue [-] ovn_nb_global.fdb_removal_limit = 0 {{(pid=103920) log_opt_values /opt/stack/data/venv/lib/python3.12/site-packages/oslo_config/cfg.py:3006}}
Apr 02 14:43:24.797676 np0000163020 neutron-periodic-workers[103920]: DEBUG cotyledon.oslo_config_glue [-] ovn_nb_global.ignore_lsp_down = False {{(pid=103920) log_opt_values /opt/stack/data/venv/lib/python3.12/site-packages/oslo_config/cfg.py:3006}}
Apr 02 14:43:24.797763 np0000163020 neutron-periodic-workers[103920]: DEBUG cotyledon.oslo_config_glue [-] ovn_nb_global.mac_binding_removal_limit = 0 {{(pid=103920) log_opt_values /opt/stack/data/venv/lib/python3.12/site-packages/oslo_config/cfg.py:3006}}
Apr 02 14:43:24.797841 np0000163020 neutron-periodic-workers[103920]: DEBUG cotyledon.oslo_config_glue [-] ******************************************************************************** {{(pid=103920) log_opt_values /opt/stack/data/venv/lib/python3.12/site-packages/oslo_config/cfg.py:3013}}
Apr 02 14:43:24.798072 np0000163020 neutron-periodic-workers[103920]: DEBUG cotyledon._service_worker [-] Run service ServiceWrapper(0) [103920] {{(pid=103920) wait_forever /opt/stack/data/venv/lib/python3.12/site-packages/cotyledon/_service_worker.py:218}}
Apr 02 14:43:34.382710 np0000163020 neutron-periodic-workers[103063]: DEBUG dbcounter [-] [103063] Writing DB stats neutron:SELECT=4 {{(pid=103063) stat_writer /opt/stack/data/venv/lib/python3.12/site-packages/dbcounter.py:115}}
Apr 02 14:44:27.769005 np0000163020 neutron-periodic-workers[103912]: DEBUG oslo_db.sqlalchemy.engines [None req-f4adc6ef-5f42-430c-934f-40817881070d None None] Parent process 103063 forked (103912) with an open database connection, which is being discarded and recreated. {{(pid=103912) checkout /opt/stack/data/venv/lib/python3.12/site-packages/oslo_db/sqlalchemy/engines.py:402}}
Apr 02 14:44:27.776733 np0000163020 neutron-periodic-workers[103912]: DEBUG dbcounter [-] [103912] Writer thread running {{(pid=103912) stat_writer /opt/stack/data/venv/lib/python3.12/site-packages/dbcounter.py:102}}
Apr 02 14:44:27.779937 np0000163020 neutron-periodic-workers[103912]: DEBUG neutron.db.agents_db [None req-f4adc6ef-5f42-430c-934f-40817881070d None None] Agent healthcheck: found 0 active agents {{(pid=103912) agent_health_check /opt/stack/neutron/neutron/db/agents_db.py:317}}
Apr 02 14:44:27.780103 np0000163020 neutron-periodic-workers[103912]: DEBUG oslo.service.backend._threading.loopingcall [None req-f4adc6ef-5f42-430c-934f-40817881070d None None] Fixed interval looping call 'neutron.plugins.ml2.plugin.AgentDbMixin.agent_health_check' sleeping for 36.98 seconds {{(pid=103912) _run_loop /opt/stack/data/venv/lib/python3.12/site-packages/oslo_service/backend/_threading/loopingcall.py:125}}
Apr 02 14:44:36.757526 np0000163020 neutron-periodic-workers[103900]: DEBUG dbcounter [-] [103900] Writer thread running {{(pid=103900) stat_writer /opt/stack/data/venv/lib/python3.12/site-packages/dbcounter.py:102}}
Apr 02 14:44:36.959068 np0000163020 neutron-periodic-workers[103900]: DEBUG oslo.service.backend._threading.loopingcall [None req-214f652d-6d32-41e4-89a6-3d6970080d85 None None] Fixed interval looping call 'neutron.services.ovn_l3.plugin.L3_NAT_dbonly_mixin._clean_garbage' sleeping for 299.76 seconds {{(pid=103900) _run_loop /opt/stack/data/venv/lib/python3.12/site-packages/oslo_service/backend/_threading/loopingcall.py:125}}
Apr 02 14:44:37.761839 np0000163020 neutron-periodic-workers[103906]: DEBUG dbcounter [-] [103906] Writer thread running {{(pid=103906) stat_writer /opt/stack/data/venv/lib/python3.12/site-packages/dbcounter.py:102}}
Apr 02 14:44:37.777490 np0000163020 neutron-periodic-workers[103912]: DEBUG dbcounter [-] [103912] Writing DB stats neutron:SELECT=1 {{(pid=103912) stat_writer /opt/stack/data/venv/lib/python3.12/site-packages/dbcounter.py:115}}
Apr 02 14:44:37.811477 np0000163020 neutron-periodic-workers[103906]: DEBUG oslo.service.backend._threading.loopingcall [None req-d3824a1a-958c-40a0-b8d7-cdf98a1fd2fc None None] Fixed interval looping call 'neutron.plugins.ml2.plugin.DhcpAgentSchedulerDbMixin.remove_networks_from_down_agents' sleeping for 36.93 seconds {{(pid=103906) _run_loop /opt/stack/data/venv/lib/python3.12/site-packages/oslo_service/backend/_threading/loopingcall.py:125}}
Apr 02 14:44:46.758313 np0000163020 neutron-periodic-workers[103900]: DEBUG dbcounter [-] [103900] Writing DB stats neutron:SELECT=1 {{(pid=103900) stat_writer /opt/stack/data/venv/lib/python3.12/site-packages/dbcounter.py:115}}
Apr 02 14:44:47.810183 np0000163020 neutron-periodic-workers[103906]: DEBUG dbcounter [-] [103906] Writing DB stats neutron:SELECT=3 {{(pid=103906) stat_writer /opt/stack/data/venv/lib/python3.12/site-packages/dbcounter.py:115}}
Apr 02 14:45:04.765052 np0000163020 neutron-periodic-workers[103912]: DEBUG neutron.db.agents_db [None req-f4adc6ef-5f42-430c-934f-40817881070d None None] Agent healthcheck: found 0 active agents {{(pid=103912) agent_health_check /opt/stack/neutron/neutron/db/agents_db.py:317}}
Apr 02 14:45:04.765629 np0000163020 neutron-periodic-workers[103912]: DEBUG oslo.service.backend._threading.loopingcall [None req-f4adc6ef-5f42-430c-934f-40817881070d None None] Fixed interval looping call 'neutron.plugins.ml2.plugin.AgentDbMixin.agent_health_check' sleeping for 37.00 seconds {{(pid=103912) _run_loop /opt/stack/data/venv/lib/python3.12/site-packages/oslo_service/backend/_threading/loopingcall.py:125}}
Apr 02 14:45:14.752881 np0000163020 neutron-periodic-workers[103906]: DEBUG oslo.service.backend._threading.loopingcall [None req-d3824a1a-958c-40a0-b8d7-cdf98a1fd2fc None None] Fixed interval looping call 'neutron.plugins.ml2.plugin.DhcpAgentSchedulerDbMixin.remove_networks_from_down_agents' sleeping for 36.99 seconds {{(pid=103906) _run_loop /opt/stack/data/venv/lib/python3.12/site-packages/oslo_service/backend/_threading/loopingcall.py:125}}
Apr 02 14:45:14.763301 np0000163020 neutron-periodic-workers[103912]: DEBUG dbcounter [-] [103912] Writing DB stats neutron:SELECT=1 {{(pid=103912) stat_writer /opt/stack/data/venv/lib/python3.12/site-packages/dbcounter.py:115}}
Apr 02 14:45:24.755578 np0000163020 neutron-periodic-workers[103906]: DEBUG dbcounter [-] [103906] Writing DB stats neutron:SELECT=3 {{(pid=103906) stat_writer /opt/stack/data/venv/lib/python3.12/site-packages/dbcounter.py:115}}
Apr 02 14:45:24.815539 np0000163020 neutron-periodic-workers[103920]: DEBUG dbcounter [-] [103920] Writer thread running {{(pid=103920) stat_writer /opt/stack/data/venv/lib/python3.12/site-packages/dbcounter.py:102}}
Apr 02 14:45:24.817510 np0000163020 neutron-periodic-workers[103920]: DEBUG oslo.service.backend._threading.loopingcall [None req-dd6c1ca1-6287-4f2a-bea6-8294cc923493 None None] Fixed interval looping call 'neutron.db.quota.driver_nolock.DbQuotaNoLockDriver._remove_expired_reservations' sleeping for 119.98 seconds {{(pid=103920) _run_loop /opt/stack/data/venv/lib/python3.12/site-packages/oslo_service/backend/_threading/loopingcall.py:125}}
Apr 02 14:45:34.816189 np0000163020 neutron-periodic-workers[103920]: DEBUG dbcounter [-] [103920] Writing DB stats neutron:DELETE=1 {{(pid=103920) stat_writer /opt/stack/data/venv/lib/python3.12/site-packages/dbcounter.py:115}}
Apr 02 14:45:41.770655 np0000163020 neutron-periodic-workers[103912]: DEBUG neutron.db.agents_db [None req-f4adc6ef-5f42-430c-934f-40817881070d None None] Agent healthcheck: found 0 active agents {{(pid=103912) agent_health_check /opt/stack/neutron/neutron/db/agents_db.py:317}}
Apr 02 14:45:41.771280 np0000163020 neutron-periodic-workers[103912]: DEBUG oslo.service.backend._threading.loopingcall [None req-f4adc6ef-5f42-430c-934f-40817881070d None None] Fixed interval looping call 'neutron.plugins.ml2.plugin.AgentDbMixin.agent_health_check' sleeping for 36.99 seconds {{(pid=103912) _run_loop /opt/stack/data/venv/lib/python3.12/site-packages/oslo_service/backend/_threading/loopingcall.py:125}}
Apr 02 14:45:51.751013 np0000163020 neutron-periodic-workers[103906]: DEBUG oslo.service.backend._threading.loopingcall [None req-d3824a1a-958c-40a0-b8d7-cdf98a1fd2fc None None] Fixed interval looping call 'neutron.plugins.ml2.plugin.DhcpAgentSchedulerDbMixin.remove_networks_from_down_agents' sleeping for 36.99 seconds {{(pid=103906) _run_loop /opt/stack/data/venv/lib/python3.12/site-packages/oslo_service/backend/_threading/loopingcall.py:125}}
Apr 02 14:45:51.769190 np0000163020 neutron-periodic-workers[103912]: DEBUG dbcounter [-] [103912] Writing DB stats neutron:SELECT=1 {{(pid=103912) stat_writer /opt/stack/data/venv/lib/python3.12/site-packages/dbcounter.py:115}}
Apr 02 14:46:01.750074 np0000163020 neutron-periodic-workers[103906]: DEBUG dbcounter [-] [103906] Writing DB stats neutron:SELECT=3 {{(pid=103906) stat_writer /opt/stack/data/venv/lib/python3.12/site-packages/dbcounter.py:115}}
Apr 02 14:46:18.766596 np0000163020 neutron-periodic-workers[103912]: DEBUG neutron.db.agents_db [None req-f4adc6ef-5f42-430c-934f-40817881070d None None] Agent healthcheck: found 0 active agents {{(pid=103912) agent_health_check /opt/stack/neutron/neutron/db/agents_db.py:317}}
Apr 02 14:46:18.767039 np0000163020 neutron-periodic-workers[103912]: DEBUG oslo.service.backend._threading.loopingcall [None req-f4adc6ef-5f42-430c-934f-40817881070d None None] Fixed interval looping call 'neutron.plugins.ml2.plugin.AgentDbMixin.agent_health_check' sleeping for 36.99 seconds {{(pid=103912) _run_loop /opt/stack/data/venv/lib/python3.12/site-packages/oslo_service/backend/_threading/loopingcall.py:125}}
Apr 02 14:46:28.751062 np0000163020 neutron-periodic-workers[103906]: DEBUG oslo.service.backend._threading.loopingcall [None req-d3824a1a-958c-40a0-b8d7-cdf98a1fd2fc None None] Fixed interval looping call 'neutron.plugins.ml2.plugin.DhcpAgentSchedulerDbMixin.remove_networks_from_down_agents' sleeping for 36.99 seconds {{(pid=103906) _run_loop /opt/stack/data/venv/lib/python3.12/site-packages/oslo_service/backend/_threading/loopingcall.py:125}}
Apr 02 14:46:28.764831 np0000163020 neutron-periodic-workers[103912]: DEBUG dbcounter [-] [103912] Writing DB stats neutron:SELECT=1 {{(pid=103912) stat_writer /opt/stack/data/venv/lib/python3.12/site-packages/dbcounter.py:115}}
Apr 02 14:46:38.749331 np0000163020 neutron-periodic-workers[103906]: DEBUG dbcounter [-] [103906] Writing DB stats neutron:SELECT=3 {{(pid=103906) stat_writer /opt/stack/data/venv/lib/python3.12/site-packages/dbcounter.py:115}}
Apr 02 14:46:55.764249 np0000163020 neutron-periodic-workers[103912]: DEBUG neutron.db.agents_db [None req-f4adc6ef-5f42-430c-934f-40817881070d None None] Agent healthcheck: found 0 active agents {{(pid=103912) agent_health_check /opt/stack/neutron/neutron/db/agents_db.py:317}}
Apr 02 14:46:55.765049 np0000163020 neutron-periodic-workers[103912]: DEBUG oslo.service.backend._threading.loopingcall [None req-f4adc6ef-5f42-430c-934f-40817881070d None None] Fixed interval looping call 'neutron.plugins.ml2.plugin.AgentDbMixin.agent_health_check' sleeping for 36.99 seconds {{(pid=103912) _run_loop /opt/stack/data/venv/lib/python3.12/site-packages/oslo_service/backend/_threading/loopingcall.py:125}}
Apr 02 14:47:05.750138 np0000163020 neutron-periodic-workers[103906]: DEBUG oslo.service.backend._threading.loopingcall [None req-d3824a1a-958c-40a0-b8d7-cdf98a1fd2fc None None] Fixed interval looping call 'neutron.plugins.ml2.plugin.DhcpAgentSchedulerDbMixin.remove_networks_from_down_agents' sleeping for 36.99 seconds {{(pid=103906) _run_loop /opt/stack/data/venv/lib/python3.12/site-packages/oslo_service/backend/_threading/loopingcall.py:125}}
Apr 02 14:47:05.761019 np0000163020 neutron-periodic-workers[103912]: DEBUG dbcounter [-] [103912] Writing DB stats neutron:SELECT=1 {{(pid=103912) stat_writer /opt/stack/data/venv/lib/python3.12/site-packages/dbcounter.py:115}}
Apr 02 14:47:15.749385 np0000163020 neutron-periodic-workers[103906]: DEBUG dbcounter [-] [103906] Writing DB stats neutron:SELECT=3 {{(pid=103906) stat_writer /opt/stack/data/venv/lib/python3.12/site-packages/dbcounter.py:115}}
Apr 02 14:47:24.803314 np0000163020 neutron-periodic-workers[103920]: DEBUG oslo.service.backend._threading.loopingcall [None req-dd6c1ca1-6287-4f2a-bea6-8294cc923493 None None] Fixed interval looping call 'neutron.db.quota.driver_nolock.DbQuotaNoLockDriver._remove_expired_reservations' sleeping for 119.99 seconds {{(pid=103920) _run_loop /opt/stack/data/venv/lib/python3.12/site-packages/oslo_service/backend/_threading/loopingcall.py:125}}
Apr 02 14:47:32.759717 np0000163020 neutron-periodic-workers[103912]: DEBUG neutron.db.agents_db [None req-f4adc6ef-5f42-430c-934f-40817881070d None None] Agent healthcheck: found 0 active agents {{(pid=103912) agent_health_check /opt/stack/neutron/neutron/db/agents_db.py:317}}
Apr 02 14:47:32.760422 np0000163020 neutron-periodic-workers[103912]: DEBUG oslo.service.backend._threading.loopingcall [None req-f4adc6ef-5f42-430c-934f-40817881070d None None] Fixed interval looping call 'neutron.plugins.ml2.plugin.AgentDbMixin.agent_health_check' sleeping for 37.00 seconds {{(pid=103912) _run_loop /opt/stack/data/venv/lib/python3.12/site-packages/oslo_service/backend/_threading/loopingcall.py:125}}
Apr 02 14:47:34.801759 np0000163020 neutron-periodic-workers[103920]: DEBUG dbcounter [-] [103920] Writing DB stats neutron:DELETE=1 {{(pid=103920) stat_writer /opt/stack/data/venv/lib/python3.12/site-packages/dbcounter.py:115}}
Apr 02 14:47:42.750161 np0000163020 neutron-periodic-workers[103906]: DEBUG oslo.service.backend._threading.loopingcall [None req-d3824a1a-958c-40a0-b8d7-cdf98a1fd2fc None None] Fixed interval looping call 'neutron.plugins.ml2.plugin.DhcpAgentSchedulerDbMixin.remove_networks_from_down_agents' sleeping for 36.99 seconds {{(pid=103906) _run_loop /opt/stack/data/venv/lib/python3.12/site-packages/oslo_service/backend/_threading/loopingcall.py:125}}
Apr 02 14:47:42.757954 np0000163020 neutron-periodic-workers[103912]: DEBUG dbcounter [-] [103912] Writing DB stats neutron:SELECT=1 {{(pid=103912) stat_writer /opt/stack/data/venv/lib/python3.12/site-packages/dbcounter.py:115}}
Apr 02 14:47:52.749306 np0000163020 neutron-periodic-workers[103906]: DEBUG dbcounter [-] [103906] Writing DB stats neutron:SELECT=3 {{(pid=103906) stat_writer /opt/stack/data/venv/lib/python3.12/site-packages/dbcounter.py:115}}
Apr 02 14:48:09.765573 np0000163020 neutron-periodic-workers[103912]: DEBUG neutron.db.agents_db [None req-f4adc6ef-5f42-430c-934f-40817881070d None None] Agent healthcheck: found 0 active agents {{(pid=103912) agent_health_check /opt/stack/neutron/neutron/db/agents_db.py:317}}
Apr 02 14:48:09.765573 np0000163020 neutron-periodic-workers[103912]: DEBUG oslo.service.backend._threading.loopingcall [None req-f4adc6ef-5f42-430c-934f-40817881070d None None] Fixed interval looping call 'neutron.plugins.ml2.plugin.AgentDbMixin.agent_health_check' sleeping for 36.99 seconds {{(pid=103912) _run_loop /opt/stack/data/venv/lib/python3.12/site-packages/oslo_service/backend/_threading/loopingcall.py:125}}
Apr 02 14:48:19.749980 np0000163020 neutron-periodic-workers[103906]: DEBUG oslo.service.backend._threading.loopingcall [None req-d3824a1a-958c-40a0-b8d7-cdf98a1fd2fc None None] Fixed interval looping call 'neutron.plugins.ml2.plugin.DhcpAgentSchedulerDbMixin.remove_networks_from_down_agents' sleeping for 36.99 seconds {{(pid=103906) _run_loop /opt/stack/data/venv/lib/python3.12/site-packages/oslo_service/backend/_threading/loopingcall.py:125}}
Apr 02 14:48:19.763805 np0000163020 neutron-periodic-workers[103912]: DEBUG dbcounter [-] [103912] Writing DB stats neutron:SELECT=1 {{(pid=103912) stat_writer /opt/stack/data/venv/lib/python3.12/site-packages/dbcounter.py:115}}
Apr 02 14:48:29.748865 np0000163020 neutron-periodic-workers[103906]: DEBUG dbcounter [-] [103906] Writing DB stats neutron:SELECT=3 {{(pid=103906) stat_writer /opt/stack/data/venv/lib/python3.12/site-packages/dbcounter.py:115}}
Apr 02 14:48:46.762196 np0000163020 neutron-periodic-workers[103912]: DEBUG neutron.db.agents_db [None req-f4adc6ef-5f42-430c-934f-40817881070d None None] Agent healthcheck: found 0 active agents {{(pid=103912) agent_health_check /opt/stack/neutron/neutron/db/agents_db.py:317}}
Apr 02 14:48:46.762754 np0000163020 neutron-periodic-workers[103912]: DEBUG oslo.service.backend._threading.loopingcall [None req-f4adc6ef-5f42-430c-934f-40817881070d None None] Fixed interval looping call 'neutron.plugins.ml2.plugin.AgentDbMixin.agent_health_check' sleeping for 36.99 seconds {{(pid=103912) _run_loop /opt/stack/data/venv/lib/python3.12/site-packages/oslo_service/backend/_threading/loopingcall.py:125}}
Apr 02 14:48:56.750807 np0000163020 neutron-periodic-workers[103906]: DEBUG oslo.service.backend._threading.loopingcall [None req-d3824a1a-958c-40a0-b8d7-cdf98a1fd2fc None None] Fixed interval looping call 'neutron.plugins.ml2.plugin.DhcpAgentSchedulerDbMixin.remove_networks_from_down_agents' sleeping for 36.99 seconds {{(pid=103906) _run_loop /opt/stack/data/venv/lib/python3.12/site-packages/oslo_service/backend/_threading/loopingcall.py:125}}
Apr 02 14:48:56.760280 np0000163020 neutron-periodic-workers[103912]: DEBUG dbcounter [-] [103912] Writing DB stats neutron:SELECT=1 {{(pid=103912) stat_writer /opt/stack/data/venv/lib/python3.12/site-packages/dbcounter.py:115}}
Apr 02 14:49:06.749211 np0000163020 neutron-periodic-workers[103906]: DEBUG dbcounter [-] [103906] Writing DB stats neutron:SELECT=3 {{(pid=103906) stat_writer /opt/stack/data/venv/lib/python3.12/site-packages/dbcounter.py:115}}
Apr 02 14:49:23.758397 np0000163020 neutron-periodic-workers[103912]: DEBUG neutron.db.agents_db [None req-f4adc6ef-5f42-430c-934f-40817881070d None None] Agent healthcheck: found 0 active agents {{(pid=103912) agent_health_check /opt/stack/neutron/neutron/db/agents_db.py:317}}
Apr 02 14:49:23.759161 np0000163020 neutron-periodic-workers[103912]: DEBUG oslo.service.backend._threading.loopingcall [None req-f4adc6ef-5f42-430c-934f-40817881070d None None] Fixed interval looping call 'neutron.plugins.ml2.plugin.AgentDbMixin.agent_health_check' sleeping for 36.99 seconds {{(pid=103912) _run_loop /opt/stack/data/venv/lib/python3.12/site-packages/oslo_service/backend/_threading/loopingcall.py:125}}
Apr 02 14:49:24.800358 np0000163020 neutron-periodic-workers[103920]: DEBUG oslo.service.backend._threading.loopingcall [None req-dd6c1ca1-6287-4f2a-bea6-8294cc923493 None None] Fixed interval looping call 'neutron.db.quota.driver_nolock.DbQuotaNoLockDriver._remove_expired_reservations' sleeping for 120.00 seconds {{(pid=103920) _run_loop /opt/stack/data/venv/lib/python3.12/site-packages/oslo_service/backend/_threading/loopingcall.py:125}}
Apr 02 14:49:33.751451 np0000163020 neutron-periodic-workers[103906]: DEBUG oslo.service.backend._threading.loopingcall [None req-d3824a1a-958c-40a0-b8d7-cdf98a1fd2fc None None] Fixed interval looping call 'neutron.plugins.ml2.plugin.DhcpAgentSchedulerDbMixin.remove_networks_from_down_agents' sleeping for 36.99 seconds {{(pid=103906) _run_loop /opt/stack/data/venv/lib/python3.12/site-packages/oslo_service/backend/_threading/loopingcall.py:125}}
Apr 02 14:49:33.755893 np0000163020 neutron-periodic-workers[103912]: DEBUG dbcounter [-] [103912] Writing DB stats neutron:SELECT=1 {{(pid=103912) stat_writer /opt/stack/data/venv/lib/python3.12/site-packages/dbcounter.py:115}}
Apr 02 14:49:34.798691 np0000163020 neutron-periodic-workers[103920]: DEBUG dbcounter [-] [103920] Writing DB stats neutron:DELETE=1 {{(pid=103920) stat_writer /opt/stack/data/venv/lib/python3.12/site-packages/dbcounter.py:115}}
Apr 02 14:49:36.731168 np0000163020 neutron-periodic-workers[103900]: DEBUG oslo.service.backend._threading.loopingcall [None req-214f652d-6d32-41e4-89a6-3d6970080d85 None None] Fixed interval looping call 'neutron.services.ovn_l3.plugin.L3_NAT_dbonly_mixin._clean_garbage' sleeping for 299.99 seconds {{(pid=103900) _run_loop /opt/stack/data/venv/lib/python3.12/site-packages/oslo_service/backend/_threading/loopingcall.py:125}}
Apr 02 14:49:43.750017 np0000163020 neutron-periodic-workers[103906]: DEBUG dbcounter [-] [103906] Writing DB stats neutron:SELECT=3 {{(pid=103906) stat_writer /opt/stack/data/venv/lib/python3.12/site-packages/dbcounter.py:115}}
Apr 02 14:49:46.722946 np0000163020 neutron-periodic-workers[103900]: DEBUG dbcounter [-] [103900] Writing DB stats neutron:SELECT=1 {{(pid=103900) stat_writer /opt/stack/data/venv/lib/python3.12/site-packages/dbcounter.py:115}}
Apr 02 14:50:00.754962 np0000163020 neutron-periodic-workers[103912]: DEBUG neutron.db.agents_db [None req-f4adc6ef-5f42-430c-934f-40817881070d None None] Agent healthcheck: found 0 active agents {{(pid=103912) agent_health_check /opt/stack/neutron/neutron/db/agents_db.py:317}}
Apr 02 14:50:00.755540 np0000163020 neutron-periodic-workers[103912]: DEBUG oslo.service.backend._threading.loopingcall [None req-f4adc6ef-5f42-430c-934f-40817881070d None None] Fixed interval looping call 'neutron.plugins.ml2.plugin.AgentDbMixin.agent_health_check' sleeping for 36.99 seconds {{(pid=103912) _run_loop /opt/stack/data/venv/lib/python3.12/site-packages/oslo_service/backend/_threading/loopingcall.py:125}}
Apr 02 14:50:10.750694 np0000163020 neutron-periodic-workers[103906]: DEBUG oslo.service.backend._threading.loopingcall [None req-d3824a1a-958c-40a0-b8d7-cdf98a1fd2fc None None] Fixed interval looping call 'neutron.plugins.ml2.plugin.DhcpAgentSchedulerDbMixin.remove_networks_from_down_agents' sleeping for 36.99 seconds {{(pid=103906) _run_loop /opt/stack/data/venv/lib/python3.12/site-packages/oslo_service/backend/_threading/loopingcall.py:125}}
Apr 02 14:50:10.752856 np0000163020 neutron-periodic-workers[103912]: DEBUG dbcounter [-] [103912] Writing DB stats neutron:SELECT=1 {{(pid=103912) stat_writer /opt/stack/data/venv/lib/python3.12/site-packages/dbcounter.py:115}}
Apr 02 14:50:20.750138 np0000163020 neutron-periodic-workers[103906]: DEBUG dbcounter [-] [103906] Writing DB stats neutron:SELECT=3 {{(pid=103906) stat_writer /opt/stack/data/venv/lib/python3.12/site-packages/dbcounter.py:115}}
Apr 02 14:50:37.750724 np0000163020 neutron-periodic-workers[103912]: DEBUG neutron.db.agents_db [None req-f4adc6ef-5f42-430c-934f-40817881070d None None] Agent healthcheck: found 0 active agents {{(pid=103912) agent_health_check /opt/stack/neutron/neutron/db/agents_db.py:317}}
Apr 02 14:50:37.751489 np0000163020 neutron-periodic-workers[103912]: DEBUG oslo.service.backend._threading.loopingcall [None req-f4adc6ef-5f42-430c-934f-40817881070d None None] Fixed interval looping call 'neutron.plugins.ml2.plugin.AgentDbMixin.agent_health_check' sleeping for 36.99 seconds {{(pid=103912) _run_loop /opt/stack/data/venv/lib/python3.12/site-packages/oslo_service/backend/_threading/loopingcall.py:125}}
Apr 02 14:50:47.748816 np0000163020 neutron-periodic-workers[103912]: DEBUG dbcounter [-] [103912] Writing DB stats neutron:SELECT=1 {{(pid=103912) stat_writer /opt/stack/data/venv/lib/python3.12/site-packages/dbcounter.py:115}}
Apr 02 14:50:47.750256 np0000163020 neutron-periodic-workers[103906]: DEBUG oslo.service.backend._threading.loopingcall [None req-d3824a1a-958c-40a0-b8d7-cdf98a1fd2fc None None] Fixed interval looping call 'neutron.plugins.ml2.plugin.DhcpAgentSchedulerDbMixin.remove_networks_from_down_agents' sleeping for 36.99 seconds {{(pid=103906) _run_loop /opt/stack/data/venv/lib/python3.12/site-packages/oslo_service/backend/_threading/loopingcall.py:125}}
Apr 02 14:50:57.749608 np0000163020 neutron-periodic-workers[103906]: DEBUG dbcounter [-] [103906] Writing DB stats neutron:SELECT=3 {{(pid=103906) stat_writer /opt/stack/data/venv/lib/python3.12/site-packages/dbcounter.py:115}}
Apr 02 14:51:14.746088 np0000163020 neutron-periodic-workers[103912]: DEBUG neutron.db.agents_db [None req-f4adc6ef-5f42-430c-934f-40817881070d None None] Agent healthcheck: found 0 active agents {{(pid=103912) agent_health_check /opt/stack/neutron/neutron/db/agents_db.py:317}}
Apr 02 14:51:14.746617 np0000163020 neutron-periodic-workers[103912]: DEBUG oslo.service.backend._threading.loopingcall [None req-f4adc6ef-5f42-430c-934f-40817881070d None None] Fixed interval looping call 'neutron.plugins.ml2.plugin.AgentDbMixin.agent_health_check' sleeping for 37.00 seconds {{(pid=103912) _run_loop /opt/stack/data/venv/lib/python3.12/site-packages/oslo_service/backend/_threading/loopingcall.py:125}}
Apr 02 14:51:24.744603 np0000163020 neutron-periodic-workers[103912]: DEBUG dbcounter [-] [103912] Writing DB stats neutron:SELECT=1 {{(pid=103912) stat_writer /opt/stack/data/venv/lib/python3.12/site-packages/dbcounter.py:115}}
Apr 02 14:51:24.749840 np0000163020 neutron-periodic-workers[103906]: DEBUG oslo.service.backend._threading.loopingcall [None req-d3824a1a-958c-40a0-b8d7-cdf98a1fd2fc None None] Fixed interval looping call 'neutron.plugins.ml2.plugin.DhcpAgentSchedulerDbMixin.remove_networks_from_down_agents' sleeping for 36.99 seconds {{(pid=103906) _run_loop /opt/stack/data/venv/lib/python3.12/site-packages/oslo_service/backend/_threading/loopingcall.py:125}}
Apr 02 14:51:24.805298 np0000163020 neutron-periodic-workers[103920]: DEBUG oslo.service.backend._threading.loopingcall [None req-dd6c1ca1-6287-4f2a-bea6-8294cc923493 None None] Fixed interval looping call 'neutron.db.quota.driver_nolock.DbQuotaNoLockDriver._remove_expired_reservations' sleeping for 120.00 seconds {{(pid=103920) _run_loop /opt/stack/data/venv/lib/python3.12/site-packages/oslo_service/backend/_threading/loopingcall.py:125}}
Apr 02 14:51:34.748784 np0000163020 neutron-periodic-workers[103906]: DEBUG dbcounter [-] [103906] Writing DB stats neutron:SELECT=3 {{(pid=103906) stat_writer /opt/stack/data/venv/lib/python3.12/site-packages/dbcounter.py:115}}
Apr 02 14:51:34.804052 np0000163020 neutron-periodic-workers[103920]: DEBUG dbcounter [-] [103920] Writing DB stats neutron:DELETE=1 {{(pid=103920) stat_writer /opt/stack/data/venv/lib/python3.12/site-packages/dbcounter.py:115}}
Apr 02 14:51:51.751451 np0000163020 neutron-periodic-workers[103912]: DEBUG neutron.db.agents_db [None req-f4adc6ef-5f42-430c-934f-40817881070d None None] Agent healthcheck: found 0 active agents {{(pid=103912) agent_health_check /opt/stack/neutron/neutron/db/agents_db.py:317}}
Apr 02 14:51:51.752104 np0000163020 neutron-periodic-workers[103912]: DEBUG oslo.service.backend._threading.loopingcall [None req-f4adc6ef-5f42-430c-934f-40817881070d None None] Fixed interval looping call 'neutron.plugins.ml2.plugin.AgentDbMixin.agent_health_check' sleeping for 36.99 seconds {{(pid=103912) _run_loop /opt/stack/data/venv/lib/python3.12/site-packages/oslo_service/backend/_threading/loopingcall.py:125}}
Apr 02 14:52:01.748584 np0000163020 neutron-periodic-workers[103906]: DEBUG oslo.service.backend._threading.loopingcall [None req-d3824a1a-958c-40a0-b8d7-cdf98a1fd2fc None None] Fixed interval looping call 'neutron.plugins.ml2.plugin.DhcpAgentSchedulerDbMixin.remove_networks_from_down_agents' sleeping for 36.99 seconds {{(pid=103906) _run_loop /opt/stack/data/venv/lib/python3.12/site-packages/oslo_service/backend/_threading/loopingcall.py:125}}
Apr 02 14:52:01.749816 np0000163020 neutron-periodic-workers[103912]: DEBUG dbcounter [-] [103912] Writing DB stats neutron:SELECT=1 {{(pid=103912) stat_writer /opt/stack/data/venv/lib/python3.12/site-packages/dbcounter.py:115}}
Apr 02 14:52:11.748184 np0000163020 neutron-periodic-workers[103906]: DEBUG dbcounter [-] [103906] Writing DB stats neutron:SELECT=3 {{(pid=103906) stat_writer /opt/stack/data/venv/lib/python3.12/site-packages/dbcounter.py:115}}
Apr 02 14:52:28.747763 np0000163020 neutron-periodic-workers[103912]: DEBUG neutron.db.agents_db [None req-f4adc6ef-5f42-430c-934f-40817881070d None None] Agent healthcheck: found 0 active agents {{(pid=103912) agent_health_check /opt/stack/neutron/neutron/db/agents_db.py:317}}
Apr 02 14:52:28.747763 np0000163020 neutron-periodic-workers[103912]: DEBUG oslo.service.backend._threading.loopingcall [None req-f4adc6ef-5f42-430c-934f-40817881070d None None] Fixed interval looping call 'neutron.plugins.ml2.plugin.AgentDbMixin.agent_health_check' sleeping for 36.99 seconds {{(pid=103912) _run_loop /opt/stack/data/venv/lib/python3.12/site-packages/oslo_service/backend/_threading/loopingcall.py:125}}
Apr 02 14:52:38.745266 np0000163020 neutron-periodic-workers[103912]: DEBUG dbcounter [-] [103912] Writing DB stats neutron:SELECT=1 {{(pid=103912) stat_writer /opt/stack/data/venv/lib/python3.12/site-packages/dbcounter.py:115}}
Apr 02 14:52:38.752723 np0000163020 neutron-periodic-workers[103906]: DEBUG oslo.service.backend._threading.loopingcall [None req-d3824a1a-958c-40a0-b8d7-cdf98a1fd2fc None None] Fixed interval looping call 'neutron.plugins.ml2.plugin.DhcpAgentSchedulerDbMixin.remove_networks_from_down_agents' sleeping for 36.99 seconds {{(pid=103906) _run_loop /opt/stack/data/venv/lib/python3.12/site-packages/oslo_service/backend/_threading/loopingcall.py:125}}
Apr 02 14:52:48.751253 np0000163020 neutron-periodic-workers[103906]: DEBUG dbcounter [-] [103906] Writing DB stats neutron:SELECT=3 {{(pid=103906) stat_writer /opt/stack/data/venv/lib/python3.12/site-packages/dbcounter.py:115}}
Apr 02 14:53:05.743406 np0000163020 neutron-periodic-workers[103912]: DEBUG neutron.db.agents_db [None req-f4adc6ef-5f42-430c-934f-40817881070d None None] Agent healthcheck: found 0 active agents {{(pid=103912) agent_health_check /opt/stack/neutron/neutron/db/agents_db.py:317}}
Apr 02 14:53:05.744172 np0000163020 neutron-periodic-workers[103912]: DEBUG oslo.service.backend._threading.loopingcall [None req-f4adc6ef-5f42-430c-934f-40817881070d None None] Fixed interval looping call 'neutron.plugins.ml2.plugin.AgentDbMixin.agent_health_check' sleeping for 36.99 seconds {{(pid=103912) _run_loop /opt/stack/data/venv/lib/python3.12/site-packages/oslo_service/backend/_threading/loopingcall.py:125}}
Apr 02 14:53:15.743112 np0000163020 neutron-periodic-workers[103912]: DEBUG dbcounter [-] [103912] Writing DB stats neutron:SELECT=1 {{(pid=103912) stat_writer /opt/stack/data/venv/lib/python3.12/site-packages/dbcounter.py:115}}
Apr 02 14:53:15.748604 np0000163020 neutron-periodic-workers[103906]: DEBUG oslo.service.backend._threading.loopingcall [None req-d3824a1a-958c-40a0-b8d7-cdf98a1fd2fc None None] Fixed interval looping call 'neutron.plugins.ml2.plugin.DhcpAgentSchedulerDbMixin.remove_networks_from_down_agents' sleeping for 36.99 seconds {{(pid=103906) _run_loop /opt/stack/data/venv/lib/python3.12/site-packages/oslo_service/backend/_threading/loopingcall.py:125}}
Apr 02 14:53:24.810434 np0000163020 neutron-periodic-workers[103920]: DEBUG oslo.service.backend._threading.loopingcall [None req-dd6c1ca1-6287-4f2a-bea6-8294cc923493 None None] Fixed interval looping call 'neutron.db.quota.driver_nolock.DbQuotaNoLockDriver._remove_expired_reservations' sleeping for 120.00 seconds {{(pid=103920) _run_loop /opt/stack/data/venv/lib/python3.12/site-packages/oslo_service/backend/_threading/loopingcall.py:125}}
Apr 02 14:53:25.748275 np0000163020 neutron-periodic-workers[103906]: DEBUG dbcounter [-] [103906] Writing DB stats neutron:SELECT=3 {{(pid=103906) stat_writer /opt/stack/data/venv/lib/python3.12/site-packages/dbcounter.py:115}}
Apr 02 14:53:34.809412 np0000163020 neutron-periodic-workers[103920]: DEBUG dbcounter [-] [103920] Writing DB stats neutron:DELETE=1 {{(pid=103920) stat_writer /opt/stack/data/venv/lib/python3.12/site-packages/dbcounter.py:115}}
Apr 02 14:53:42.739265 np0000163020 neutron-periodic-workers[103912]: DEBUG neutron.db.agents_db [None req-f4adc6ef-5f42-430c-934f-40817881070d None None] Agent healthcheck: found 0 active agents {{(pid=103912) agent_health_check /opt/stack/neutron/neutron/db/agents_db.py:317}}
