2026-06-16 11:38:48.441 7 WARNING neutron.api.rpc.agentnotifiers.dhcp_rpc_agent_api [None req-ff2bf6bc-e1ea-4c4c-bf5d-640eda2f455b fc5edb58753a476d8184af527b8ce2a6 583f7d46f4654a5a8755dbd0b851853d - - default default] Unable to schedule network ba8a7a43-4a09-45e4-b098-2b7805aa75bf: no agents available; will retry on subsequent port and subnet creation events. [pid: 7|app: 0|req: 1406/2690] 10.0.0.21 () {34 vars in 674 bytes} [Tue Jun 16 11:38:48 2026] POST /v2.0/floatingips => generated 552 bytes in 569 msecs (HTTP/1.1 201) 4 headers in 162 bytes (1 switches on core 0) [pid: 8|app: 0|req: 1285/2691] 10.0.0.21 () {34 vars in 757 bytes} [Tue Jun 16 11:38:48 2026] PUT /v2.0/floatingips/90639bec-0b04-4329-bd13-dca062d9437c/tags => generated 17 bytes in 47 msecs (HTTP/1.1 200) 4 headers in 156 bytes (1 switches on core 0) [pid: 7|app: 0|req: 1407/2692] 10.0.0.21 () {34 vars in 757 bytes} [Tue Jun 16 11:38:48 2026] PUT /v2.0/floatingips/a395edfa-34aa-46a8-ae1d-91d8d8e75ee5/tags => generated 25 bytes in 48 msecs (HTTP/1.1 200) 4 headers in 156 bytes (1 switches on core 0) [pid: 8|app: 0|req: 1286/2693] 10.0.0.21 () {34 vars in 757 bytes} [Tue Jun 16 11:38:48 2026] PUT /v2.0/floatingips/ed078580-e13c-4fa5-830a-5ea80bed7d47/tags => generated 34 bytes in 57 msecs (HTTP/1.1 200) 4 headers in 156 bytes (1 switches on core 0) [pid: 7|app: 0|req: 1408/2694] 10.0.0.21 () {34 vars in 757 bytes} [Tue Jun 16 11:38:48 2026] PUT /v2.0/floatingips/dca1974d-aac4-4323-8bfb-c2af6528db04/tags => generated 19 bytes in 59 msecs (HTTP/1.1 200) 4 headers in 156 bytes (1 switches on core 0) [pid: 8|app: 0|req: 1287/2695] 10.0.0.21 () {32 vars in 670 bytes} [Tue Jun 16 11:38:49 2026] GET /v2.0/floatingips?tags=red => generated 1671 bytes in 52 msecs (HTTP/1.1 200) 4 headers in 158 bytes (1 switches on core 0) [pid: 7|app: 0|req: 1409/2696] 10.0.0.21 () {32 vars in 684 bytes} [Tue Jun 16 11:38:49 2026] GET /v2.0/floatingips?tags=red%2Cblue => generated 1128 bytes in 55 msecs (HTTP/1.1 200) 4 headers in 158 bytes (1 switches on core 0) [pid: 8|app: 0|req: 1288/2697] 10.0.0.21 () {32 vars in 680 bytes} [Tue Jun 16 11:38:49 2026] GET /v2.0/floatingips?tags-any=blue => generated 1128 bytes in 50 msecs (HTTP/1.1 200) 4 headers in 158 bytes (1 switches on core 0) [pid: 7|app: 0|req: 1410/2698] 10.0.0.21 () {32 vars in 692 bytes} [Tue Jun 16 11:38:49 2026] GET /v2.0/floatingips?tags-any=red%2Cblue => generated 1671 bytes in 63 msecs (HTTP/1.1 200) 4 headers in 158 bytes (1 switches on core 0) [pid: 8|app: 0|req: 1289/2699] 10.0.0.21 () {32 vars in 678 bytes} [Tue Jun 16 11:38:49 2026] GET /v2.0/floatingips?not-tags=red => generated 1100 bytes in 50 msecs (HTTP/1.1 200) 4 headers in 158 bytes (1 switches on core 0) [pid: 7|app: 0|req: 1411/2700] 10.0.0.21 () {32 vars in 692 bytes} [Tue Jun 16 11:38:49 2026] GET /v2.0/floatingips?not-tags=red%2Cblue => generated 1643 bytes in 55 msecs (HTTP/1.1 200) 4 headers in 158 bytes (1 switches on core 0) [pid: 8|app: 0|req: 1290/2701] 10.0.0.21 () {32 vars in 688 bytes} [Tue Jun 16 11:38:49 2026] GET /v2.0/floatingips?not-tags-any=blue => generated 1643 bytes in 46 msecs (HTTP/1.1 200) 4 headers in 158 bytes (1 switches on core 0) [pid: 7|app: 0|req: 1412/2702] 10.0.0.21 () {32 vars in 700 bytes} [Tue Jun 16 11:38:49 2026] GET /v2.0/floatingips?not-tags-any=red%2Cblue => generated 1100 bytes in 50 msecs (HTTP/1.1 200) 4 headers in 158 bytes (1 switches on core 0)
2026-06-16 11:38:49.591 8 INFO neutron_taas.services.taas.taas_plugin [None req-35cdd7c2-c440-43df-bab0-12f4f7421a9c fc5edb58753a476d8184af527b8ce2a6 583f7d46f4654a5a8755dbd0b851853d - - default default] TaaS: Handle Delete Port: 60ab7338-5e81-4701-aad7-a07dfb9d3fbc
2026-06-16 11:38:49.594 8 INFO neutron_taas.services.taas.tap_mirror_plugin [None req-35cdd7c2-c440-43df-bab0-12f4f7421a9c fc5edb58753a476d8184af527b8ce2a6 583f7d46f4654a5a8755dbd0b851853d - - default default] Tap Mirror: Handle Delete Port: 60ab7338-5e81-4701-aad7-a07dfb9d3fbc [pid: 8|app: 0|req: 1291/2703] 10.0.0.21 () {32 vars in 730 bytes} [Tue Jun 16 11:38:49 2026] DELETE /v2.0/floatingips/90639bec-0b04-4329-bd13-dca062d9437c => generated 0 bytes in 301 msecs (HTTP/1.1 204) 2 headers in 112 bytes (1 switches on core 0)
2026-06-16 11:38:49.908 7 INFO neutron_taas.services.taas.taas_plugin [None req-17e72458-9987-43d8-9652-b10cc44ac130 fc5edb58753a476d8184af527b8ce2a6 583f7d46f4654a5a8755dbd0b851853d - - default default] TaaS: Handle Delete Port: 1fab194f-eb6d-414d-b72a-9d5495232dab
2026-06-16 11:38:49.911 7 INFO neutron_taas.services.taas.tap_mirror_plugin [None req-17e72458-9987-43d8-9652-b10cc44ac130 fc5edb58753a476d8184af527b8ce2a6 583f7d46f4654a5a8755dbd0b851853d - - default default] Tap Mirror: Handle Delete Port: 1fab194f-eb6d-414d-b72a-9d5495232dab [pid: 7|app: 0|req: 1413/2704] 10.0.0.21 () {32 vars in 730 bytes} [Tue Jun 16 11:38:49 2026] DELETE /v2.0/floatingips/a395edfa-34aa-46a8-ae1d-91d8d8e75ee5 => generated 0 bytes in 290 msecs (HTTP/1.1 204) 2 headers in 112 bytes (1 switches on core 0)
2026-06-16 11:38:50.191 8 INFO neutron_taas.services.taas.taas_plugin [None req-4fe72aa6-e2e9-4f4d-8225-1f5163638358 fc5edb58753a476d8184af527b8ce2a6 583f7d46f4654a5a8755dbd0b851853d - - default default] TaaS: Handle Delete Port: bc0a841a-bd6b-4592-91e6-e202ee8c9edc
2026-06-16 11:38:50.194 8 INFO neutron_taas.services.taas.tap_mirror_plugin [None req-4fe72aa6-e2e9-4f4d-8225-1f5163638358 fc5edb58753a476d8184af527b8ce2a6 583f7d46f4654a5a8755dbd0b851853d - - default default] Tap Mirror: Handle Delete Port: bc0a841a-bd6b-4592-91e6-e202ee8c9edc [pid: 8|app: 0|req: 1292/2705] 10.0.0.21 () {32 vars in 730 bytes} [Tue Jun 16 11:38:50 2026] DELETE /v2.0/floatingips/ed078580-e13c-4fa5-830a-5ea80bed7d47 => generated 0 bytes in 272 msecs (HTTP/1.1 204) 2 headers in 112 bytes (1 switches on core 0)
2026-06-16 11:38:50.459 7 INFO neutron_taas.services.taas.taas_plugin [None req-0c41047e-d414-46f4-8904-e9b30ad091d3 fc5edb58753a476d8184af527b8ce2a6 583f7d46f4654a5a8755dbd0b851853d - - default default] TaaS: Handle Delete Port: 0076392e-af5c-436e-bdd3-13c88247bdd8
2026-06-16 11:38:50.461 7 INFO neutron_taas.services.taas.tap_mirror_plugin [None req-0c41047e-d414-46f4-8904-e9b30ad091d3 fc5edb58753a476d8184af527b8ce2a6 583f7d46f4654a5a8755dbd0b851853d - - default default] Tap Mirror: Handle Delete Port: 0076392e-af5c-436e-bdd3-13c88247bdd8 [pid: 7|app: 0|req: 1414/2706] 10.0.0.21 () {32 vars in 730 bytes} [Tue Jun 16 11:38:50 2026] DELETE /v2.0/floatingips/dca1974d-aac4-4323-8bfb-c2af6528db04 => generated 0 bytes in 273 msecs (HTTP/1.1 204) 2 headers in 112 bytes (1 switches on core 0)
2026-06-16 11:38:50.767 8 INFO neutron_taas.services.taas.taas_plugin [None req-105775a1-1a51-4a58-89c4-c7e9aca103c0 fc5edb58753a476d8184af527b8ce2a6 583f7d46f4654a5a8755dbd0b851853d - - default default] TaaS: Handle Delete Port: c1b90976-a4c5-4dcb-8329-c0698700fcaf
2026-06-16 11:38:50.769 8 INFO neutron_taas.services.taas.tap_mirror_plugin [None req-105775a1-1a51-4a58-89c4-c7e9aca103c0 fc5edb58753a476d8184af527b8ce2a6 583f7d46f4654a5a8755dbd0b851853d - - default default] Tap Mirror: Handle Delete Port: c1b90976-a4c5-4dcb-8329-c0698700fcaf [pid: 8|app: 0|req: 1293/2707] 10.0.0.21 () {32 vars in 730 bytes} [Tue Jun 16 11:38:50 2026] DELETE /v2.0/floatingips/75b8cff4-c27d-4044-82f2-d67f1b87c60a => generated 0 bytes in 280 msecs (HTTP/1.1 204) 2 headers in 112 bytes (1 switches on core 0)
2026-06-16 11:38:51.229 7 INFO neutron.db.ovn_revision_numbers_db [None req-d64fff83-2c44-4beb-97e4-abb67d7edebb 7b31f50b026346b58d6fb637a6204487 18843add1ca746bdb441e37ce5d63e93 - - default default] Successfully bumped revision number for resource 8750bee6-401c-4b16-9586-77e58a324293 (type: security_groups) to 1
2026-06-16 11:38:51.243 7 INFO neutron.db.ovn_revision_numbers_db [None req-d64fff83-2c44-4beb-97e4-abb67d7edebb 7b31f50b026346b58d6fb637a6204487 18843add1ca746bdb441e37ce5d63e93 - - default default] Successfully bumped revision number for resource 8340f1ce-3678-45d6-bc90-9b92b5b8e243 (type: security_group_rules) to 0
2026-06-16 11:38:51.256 7 INFO neutron.db.ovn_revision_numbers_db [None req-d64fff83-2c44-4beb-97e4-abb67d7edebb 7b31f50b026346b58d6fb637a6204487 18843add1ca746bdb441e37ce5d63e93 - - default default] Successfully bumped revision number for resource 958e24f0-6de1-4dae-be94-d28497b532fc (type: security_group_rules) to 0
2026-06-16 11:38:51.272 7 INFO neutron.db.ovn_revision_numbers_db [None req-d64fff83-2c44-4beb-97e4-abb67d7edebb 7b31f50b026346b58d6fb637a6204487 18843add1ca746bdb441e37ce5d63e93 - - default default] Successfully bumped revision number for resource 9d36be81-e405-44c0-a865-25167a0ef264 (type: security_group_rules) to 0
2026-06-16 11:38:51.283 7 INFO neutron.db.ovn_revision_numbers_db [None req-d64fff83-2c44-4beb-97e4-abb67d7edebb 7b31f50b026346b58d6fb637a6204487 18843add1ca746bdb441e37ce5d63e93 - - default default] Successfully bumped revision number for resource f370bdad-b3ba-4e84-b3bb-22f32ec37062 (type: security_group_rules) to 0
2026-06-16 11:38:51.365 7 INFO neutron.db.segments_db [None req-d64fff83-2c44-4beb-97e4-abb67d7edebb 7b31f50b026346b58d6fb637a6204487 18843add1ca746bdb441e37ce5d63e93 - - default default] Added segment 6f0125d8-634b-484f-afa1-7db0735f611f of type geneve for network 30d01dcb-ee14-4ce8-a8f4-fb274c58779f
2026-06-16 11:38:51.486 7 INFO neutron.db.ovn_revision_numbers_db [None req-d64fff83-2c44-4beb-97e4-abb67d7edebb 7b31f50b026346b58d6fb637a6204487 18843add1ca746bdb441e37ce5d63e93 - - default default] Successfully bumped revision number for resource 30d01dcb-ee14-4ce8-a8f4-fb274c58779f (type: networks) to 1
2026-06-16 11:38:51.663 7 WARNING neutron.scheduler.dhcp_agent_scheduler [None req-d64fff83-2c44-4beb-97e4-abb67d7edebb 7b31f50b026346b58d6fb637a6204487 18843add1ca746bdb441e37ce5d63e93 - - default default] No more DHCP agents
2026-06-16 11:38:51.664 7 WARNING neutron.api.rpc.agentnotifiers.dhcp_rpc_agent_api [None req-d64fff83-2c44-4beb-97e4-abb67d7edebb 7b31f50b026346b58d6fb637a6204487 18843add1ca746bdb441e37ce5d63e93 - - default default] Unable to schedule network 30d01dcb-ee14-4ce8-a8f4-fb274c58779f: no agents available; will retry on subsequent port and subnet creation events.
2026-06-16 11:38:51.721 7 INFO neutron.plugins.ml2.drivers.ovn.mech_driver.mech_driver [None req-81dab489-32a4-49a6-a404-f0f4594e1adb - - - - - -] OVN reports status down for port: 6eb62573-5d24-4e41-b9b2-93eed16a4cf2
2026-06-16 11:38:51.785 7 INFO neutron.db.ovn_revision_numbers_db [None req-d64fff83-2c44-4beb-97e4-abb67d7edebb 7b31f50b026346b58d6fb637a6204487 18843add1ca746bdb441e37ce5d63e93 - - default default] Successfully bumped revision number for resource 6eb62573-5d24-4e41-b9b2-93eed16a4cf2 (type: ports) to 1 [pid: 7|app: 0|req: 1415/2708] 10.0.0.21 () {34 vars in 668 bytes} [Tue Jun 16 11:38:50 2026] POST /v2.0/networks => generated 645 bytes in 942 msecs (HTTP/1.1 201) 4 headers in 162 bytes (1 switches on core 0)
2026-06-16 11:38:52.008 7 WARNING neutron.scheduler.dhcp_agent_scheduler [None req-72364822-d86f-422f-b43d-760c71efdb95 7b31f50b026346b58d6fb637a6204487 18843add1ca746bdb441e37ce5d63e93 - - default default] No more DHCP agents
2026-06-16 11:38:52.012 7 WARNING neutron.api.rpc.agentnotifiers.dhcp_rpc_agent_api [None req-72364822-d86f-422f-b43d-760c71efdb95 7b31f50b026346b58d6fb637a6204487 18843add1ca746bdb441e37ce5d63e93 - - default default] Unable to schedule network 30d01dcb-ee14-4ce8-a8f4-fb274c58779f: no agents available; will retry on subsequent port and subnet creation events.
2026-06-16 11:38:52.142 8 INFO neutron.db.ovn_revision_numbers_db [None req-5c97f0d4-6c4a-43e1-b0eb-4e47c356a81d 42e1fd11b27741a9af6bd99e343bf992 1cbdcc9d74fa4021931f99e7ec33bd4e - - default default] Successfully bumped revision number for resource a0de0b65-328f-4f1c-bdb8-bd9a49f75c46 (type: security_groups) to 1
2026-06-16 11:38:52.157 8 INFO neutron.db.ovn_revision_numbers_db [None req-5c97f0d4-6c4a-43e1-b0eb-4e47c356a81d 42e1fd11b27741a9af6bd99e343bf992 1cbdcc9d74fa4021931f99e7ec33bd4e - - default default] Successfully bumped revision number for resource 02922bd1-bfed-4679-8e74-16964cec9b82 (type: security_group_rules) to 0
2026-06-16 11:38:52.169 8 INFO neutron.db.ovn_revision_numbers_db [None req-5c97f0d4-6c4a-43e1-b0eb-4e47c356a81d 42e1fd11b27741a9af6bd99e343bf992 1cbdcc9d74fa4021931f99e7ec33bd4e - - default default] Successfully bumped revision number for resource 1dd78477-deeb-4cfe-993e-e1e6c8202a9b (type: security_group_rules) to 0
2026-06-16 11:38:52.183 8 INFO neutron.db.ovn_revision_numbers_db [None req-5c97f0d4-6c4a-43e1-b0eb-4e47c356a81d 42e1fd11b27741a9af6bd99e343bf992 1cbdcc9d74fa4021931f99e7ec33bd4e - - default default] Successfully bumped revision number for resource ac2d2373-b242-42d0-8703-f7cccbbbcf77 (type: security_group_rules) to 0
2026-06-16 11:38:52.195 8 INFO neutron.db.ovn_revision_numbers_db [None req-5c97f0d4-6c4a-43e1-b0eb-4e47c356a81d 42e1fd11b27741a9af6bd99e343bf992 1cbdcc9d74fa4021931f99e7ec33bd4e - - default default] Successfully bumped revision number for resource f4124270-100c-4517-9873-735f29e167a6 (type: security_group_rules) to 0 [pid: 8|app: 0|req: 1294/2709] 10.0.0.21 () {32 vars in 772 bytes} [Tue Jun 16 11:38:51 2026] GET /v2.0/security-groups?tenant_id=c791a339437f423fbae08cf18ee0ded0&name=default => generated 2929 bytes in 410 msecs (HTTP/1.1 200) 4 headers in 158 bytes (1 switches on core 0)
2026-06-16 11:38:52.466 7 INFO neutron.db.ovn_revision_numbers_db [None req-3f5d3a05-dcae-4257-834f-7c69b9f0f166 - - - - - -] Successfully bumped revision number for resource 6eb62573-5d24-4e41-b9b2-93eed16a4cf2 (type: ports) to 2
2026-06-16 11:38:52.505 7 INFO neutron.db.ovn_revision_numbers_db [None req-3f5d3a05-dcae-4257-834f-7c69b9f0f166 - - - - - -] Successfully bumped revision number for resource 19476bf5-6cf0-4bf6-93c4-297993844dd2 (type: subnets) to 0 [pid: 8|app: 0|req: 1295/2710] 10.0.0.21 () {32 vars in 738 bytes} [Tue Jun 16 11:38:52 2026] DELETE /v2.0/security-groups/a0de0b65-328f-4f1c-bdb8-bd9a49f75c46 => generated 0 bytes in 273 msecs (HTTP/1.1 204) 2 headers in 112 bytes (1 switches on core 0) [pid: 7|app: 0|req: 1416/2711] 10.0.0.21 () {34 vars in 667 bytes} [Tue Jun 16 11:38:51 2026] POST /v2.0/subnets => generated 626 bytes in 681 msecs (HTTP/1.1 201) 4 headers in 162 bytes (1 switches on core 0)
2026-06-16 11:38:52.758 7 INFO neutron.db.ovn_revision_numbers_db [None req-2f3aef7b-fd63-4801-91c2-93646ce826ed 42e1fd11b27741a9af6bd99e343bf992 1cbdcc9d74fa4021931f99e7ec33bd4e - - default default] Successfully bumped revision number for resource ac72f3c7-3750-413a-91aa-33ffb0dccd9d (type: security_groups) to 1
2026-06-16 11:38:52.775 7 INFO neutron.db.ovn_revision_numbers_db [None req-2f3aef7b-fd63-4801-91c2-93646ce826ed 42e1fd11b27741a9af6bd99e343bf992 1cbdcc9d74fa4021931f99e7ec33bd4e - - default default] Successfully bumped revision number for resource 10d0464d-fa9c-4b18-b0d6-0330cd922802 (type: security_group_rules) to 0
2026-06-16 11:38:52.789 7 INFO neutron.db.ovn_revision_numbers_db [None req-2f3aef7b-fd63-4801-91c2-93646ce826ed 42e1fd11b27741a9af6bd99e343bf992 1cbdcc9d74fa4021931f99e7ec33bd4e - - default default] Successfully bumped revision number for resource 3464c9c4-e1a7-428f-93ae-089012c85f11 (type: security_group_rules) to 0
2026-06-16 11:38:52.799 7 INFO neutron.db.ovn_revision_numbers_db [None req-2f3aef7b-fd63-4801-91c2-93646ce826ed 42e1fd11b27741a9af6bd99e343bf992 1cbdcc9d74fa4021931f99e7ec33bd4e - - default default] Successfully bumped revision number for resource 4063b634-01d7-4ceb-bafb-3b753ab35ed4 (type: security_group_rules) to 0
2026-06-16 11:38:52.825 7 INFO neutron.db.ovn_revision_numbers_db [None req-2f3aef7b-fd63-4801-91c2-93646ce826ed 42e1fd11b27741a9af6bd99e343bf992 1cbdcc9d74fa4021931f99e7ec33bd4e - - default default] Successfully bumped revision number for resource 6bab9e56-fd15-424c-9ff1-49714d091d79 (type: security_group_rules) to 0 [pid: 7|app: 0|req: 1417/2712] 10.0.0.21 () {32 vars in 772 bytes} [Tue Jun 16 11:38:52 2026] GET /v2.0/security-groups?tenant_id=60dc973b9bfe4800ac78d9ffdf636828&name=default => generated 2929 bytes in 255 msecs (HTTP/1.1 200) 4 headers in 158 bytes (1 switches on core 0)
2026-06-16 11:38:52.996 8 WARNING neutron.scheduler.dhcp_agent_scheduler [None req-74192bdc-8844-49de-846e-cdd761c0ad61 7b31f50b026346b58d6fb637a6204487 18843add1ca746bdb441e37ce5d63e93 - - default default] No more DHCP agents
2026-06-16 11:38:52.997 8 WARNING neutron.api.rpc.agentnotifiers.dhcp_rpc_agent_api [None req-74192bdc-8844-49de-846e-cdd761c0ad61 7b31f50b026346b58d6fb637a6204487 18843add1ca746bdb441e37ce5d63e93 - - default default] Unable to schedule network ba8a7a43-4a09-45e4-b098-2b7805aa75bf: no agents available; will retry on subsequent port and subnet creation events. [pid: 7|app: 0|req: 1418/2713] 10.0.0.21 () {32 vars in 738 bytes} [Tue Jun 16 11:38:52 2026] DELETE /v2.0/security-groups/ac72f3c7-3750-413a-91aa-33ffb0dccd9d => generated 0 bytes in 219 msecs (HTTP/1.1 204) 2 headers in 112 bytes (1 switches on core 0)
2026-06-16 11:38:53.125 8 INFO neutron.plugins.ml2.drivers.ovn.mech_driver.mech_driver [None req-623e328b-82b1-46dd-b477-690e99ca8c6b - - - - - -] OVN reports status down for port: cc399159-20d7-4217-a587-8c5fb288daed
2026-06-16 11:38:53.194 8 INFO neutron.db.ovn_revision_numbers_db [None req-74192bdc-8844-49de-846e-cdd761c0ad61 7b31f50b026346b58d6fb637a6204487 18843add1ca746bdb441e37ce5d63e93 - - default default] Successfully bumped revision number for resource cc399159-20d7-4217-a587-8c5fb288daed (type: ports) to 1
2026-06-16 11:38:53.350 7 INFO neutron.db.ovn_revision_numbers_db [None req-21b157bc-e71f-45d5-b351-eadb0f1f442d 42e1fd11b27741a9af6bd99e343bf992 1cbdcc9d74fa4021931f99e7ec33bd4e - - default default] Successfully bumped revision number for resource f195203f-e312-4bf6-8059-1ec73854dfe7 (type: security_groups) to 1
2026-06-16 11:38:53.361 7 INFO neutron.db.ovn_revision_numbers_db [None req-21b157bc-e71f-45d5-b351-eadb0f1f442d 42e1fd11b27741a9af6bd99e343bf992 1cbdcc9d74fa4021931f99e7ec33bd4e - - default default] Successfully bumped revision number for resource 00345660-3361-4877-aa7d-84371ae778cc (type: security_group_rules) to 0
2026-06-16 11:38:53.373 7 INFO neutron.db.ovn_revision_numbers_db [None req-21b157bc-e71f-45d5-b351-eadb0f1f442d 42e1fd11b27741a9af6bd99e343bf992 1cbdcc9d74fa4021931f99e7ec33bd4e - - default default] Successfully bumped revision number for resource 52e95ee2-32d7-4af5-af3d-461863a15d3c (type: security_group_rules) to 0
2026-06-16 11:38:53.384 7 INFO neutron.db.ovn_revision_numbers_db [None req-21b157bc-e71f-45d5-b351-eadb0f1f442d 42e1fd11b27741a9af6bd99e343bf992 1cbdcc9d74fa4021931f99e7ec33bd4e - - default default] Successfully bumped revision number for resource 69db9d77-2c7d-4fa9-b4d5-d2d9f1308afc (type: security_group_rules) to 0
2026-06-16 11:38:53.398 7 INFO neutron.db.ovn_revision_numbers_db [None req-21b157bc-e71f-45d5-b351-eadb0f1f442d 42e1fd11b27741a9af6bd99e343bf992 1cbdcc9d74fa4021931f99e7ec33bd4e - - default default] Successfully bumped revision number for resource ee420f80-47d4-4143-9ded-dde9dd595aa2 (type: security_group_rules) to 0 [pid: 7|app: 0|req: 1419/2714] 10.0.0.21 () {32 vars in 772 bytes} [Tue Jun 16 11:38:53 2026] GET /v2.0/security-groups?tenant_id=583f7d46f4654a5a8755dbd0b851853d&name=default => generated 2929 bytes in 204 msecs (HTTP/1.1 200) 4 headers in 158 bytes (1 switches on core 0) [pid: 7|app: 0|req: 1420/2715] 10.0.0.21 () {32 vars in 738 bytes} [Tue Jun 16 11:38:53 2026] DELETE /v2.0/security-groups/f195203f-e312-4bf6-8059-1ec73854dfe7 => generated 0 bytes in 276 msecs (HTTP/1.1 204) 2 headers in 112 bytes (1 switches on core 0)
2026-06-16 11:38:53.872 8 INFO neutron.plugins.ml2.drivers.ovn.mech_driver.ovsdb.commands [None req-806b691c-8e98-41c4-8248-a9dc83d8bbf5 - - - - - -] Schedule LRP lrp-cc399159-20d7-4217-a587-8c5fb288daed on gateway 15f1f28e-0585-4fc5-bcce-ddb479a9bdd4 with priority 1
2026-06-16 11:38:53.927 8 INFO neutron.plugins.ml2.drivers.ovn.mech_driver.mech_driver [None req-623e328b-82b1-46dd-b477-690e99ca8c6b - - - - - -] OVN reports status up for port: cc399159-20d7-4217-a587-8c5fb288daed
2026-06-16 11:38:53.960 8 INFO neutron.plugins.ml2.plugin [None req-623e328b-82b1-46dd-b477-690e99ca8c6b - - - - - -] Attempt 1 to provision port cc399159-20d7-4217-a587-8c5fb288daed
2026-06-16 11:38:53.985 8 INFO neutron.db.ovn_revision_numbers_db [None req-74192bdc-8844-49de-846e-cdd761c0ad61 7b31f50b026346b58d6fb637a6204487 18843add1ca746bdb441e37ce5d63e93 - - default default] Successfully bumped revision number for resource cc399159-20d7-4217-a587-8c5fb288daed (type: router_ports) to 1
2026-06-16 11:38:54.127 8 INFO neutron.db.ovn_revision_numbers_db [None req-74192bdc-8844-49de-846e-cdd761c0ad61 7b31f50b026346b58d6fb637a6204487 18843add1ca746bdb441e37ce5d63e93 - - default default] Successfully bumped revision number for resource 44563540-1c35-4770-90a9-30053e316841 (type: routers) to 2 [pid: 8|app: 0|req: 1296/2716] 10.0.0.21 () {34 vars in 667 bytes} [Tue Jun 16 11:38:52 2026] POST /v2.0/routers => generated 936 bytes in 1624 msecs (HTTP/1.1 201) 4 headers in 162 bytes (1 switches on core 0)
2026-06-16 11:38:54.676 7 WARNING neutron.scheduler.dhcp_agent_scheduler [None req-7ecafd12-106c-44fb-958d-24545548cf91 7b31f50b026346b58d6fb637a6204487 18843add1ca746bdb441e37ce5d63e93 - - default default] No more DHCP agents
2026-06-16 11:38:54.678 7 WARNING neutron.api.rpc.agentnotifiers.dhcp_rpc_agent_api [None req-7ecafd12-106c-44fb-958d-24545548cf91 7b31f50b026346b58d6fb637a6204487 18843add1ca746bdb441e37ce5d63e93 - - default default] Unable to schedule network 30d01dcb-ee14-4ce8-a8f4-fb274c58779f: no agents available; will retry on subsequent port and subnet creation events.
2026-06-16 11:38:54.826 7 INFO neutron.db.ovn_revision_numbers_db [None req-7ecafd12-106c-44fb-958d-24545548cf91 7b31f50b026346b58d6fb637a6204487 18843add1ca746bdb441e37ce5d63e93 - - default default] Successfully bumped revision number for resource 693b6f08-b917-425f-a6e9-7adbfa59d679 (type: ports) to 1
2026-06-16 11:38:55.556 7 WARNING neutron.scheduler.dhcp_agent_scheduler [None req-7ecafd12-106c-44fb-958d-24545548cf91 7b31f50b026346b58d6fb637a6204487 18843add1ca746bdb441e37ce5d63e93 - - default default] No more DHCP agents
2026-06-16 11:38:55.557 7 WARNING neutron.api.rpc.agentnotifiers.dhcp_rpc_agent_api [None req-7ecafd12-106c-44fb-958d-24545548cf91 7b31f50b026346b58d6fb637a6204487 18843add1ca746bdb441e37ce5d63e93 - - default default] Unable to schedule network 30d01dcb-ee14-4ce8-a8f4-fb274c58779f: no agents available; will retry on subsequent port and subnet creation events.
2026-06-16 11:38:55.926 7 INFO neutron.db.ovn_revision_numbers_db [None req-7ecafd12-106c-44fb-958d-24545548cf91 7b31f50b026346b58d6fb637a6204487 18843add1ca746bdb441e37ce5d63e93 - - default default] Successfully bumped revision number for resource 693b6f08-b917-425f-a6e9-7adbfa59d679 (type: router_ports) to 1 [pid: 7|app: 0|req: 1421/2719] 10.0.0.21 () {34 vars in 781 bytes} [Tue Jun 16 11:38:54 2026] PUT /v2.0/routers/44563540-1c35-4770-90a9-30053e316841/add_router_interface => generated 309 bytes in 1778 msecs (HTTP/1.1 200) 4 headers in 157 bytes (1 switches on core 0)
2026-06-16 11:38:56.603 8 WARNING neutron.scheduler.dhcp_agent_scheduler [None req-bf681b9c-46c7-4aab-b1f8-51296cc0ab5b - - - - - -] No more DHCP agents
2026-06-16 11:38:56.604 8 WARNING neutron.api.rpc.agentnotifiers.dhcp_rpc_agent_api [None req-bf681b9c-46c7-4aab-b1f8-51296cc0ab5b - - - - - -] Unable to schedule network ba8a7a43-4a09-45e4-b098-2b7805aa75bf: no agents available; will retry on subsequent port and subnet creation events.
2026-06-16 11:38:56.784 8 INFO neutron.db.ovn_revision_numbers_db [None req-bf681b9c-46c7-4aab-b1f8-51296cc0ab5b - - - - - -] Successfully bumped revision number for resource 9f5d0633-eef4-48e0-b87d-8816f037e858 (type: ports) to 1
2026-06-16 11:38:57.011 8 INFO neutron.db.ovn_revision_numbers_db [None req-bf681b9c-46c7-4aab-b1f8-51296cc0ab5b - - - - - -] Successfully bumped revision number for resource 9f5d0633-eef4-48e0-b87d-8816f037e858 (type: ports) to 3
2026-06-16 11:38:57.073 8 INFO neutron.db.segments_db [None req-bf681b9c-46c7-4aab-b1f8-51296cc0ab5b - - - - - -] Added segment 4902ea25-80e1-44c6-bf96-fc30b122d6d3 of type geneve for network 176dd46c-d818-4b37-acf5-e15abedbb51d
2026-06-16 11:38:57.198 8 INFO neutron.db.ovn_revision_numbers_db [None req-5a87bf61-fd56-49df-9c9a-b0b2701c6b3b - - - - - -] Successfully bumped revision number for resource 176dd46c-d818-4b37-acf5-e15abedbb51d (type: networks) to 1
2026-06-16 11:38:57.358 8 WARNING neutron.scheduler.dhcp_agent_scheduler [None req-5a87bf61-fd56-49df-9c9a-b0b2701c6b3b - - - - - -] No more DHCP agents
2026-06-16 11:38:57.359 8 WARNING neutron.api.rpc.agentnotifiers.dhcp_rpc_agent_api [None req-5a87bf61-fd56-49df-9c9a-b0b2701c6b3b - - - - - -] Unable to schedule network 176dd46c-d818-4b37-acf5-e15abedbb51d: no agents available; will retry on subsequent port and subnet creation events.
2026-06-16 11:38:57.398 7 INFO neutron.plugins.ml2.drivers.ovn.mech_driver.mech_driver [None req-81dab489-32a4-49a6-a404-f0f4594e1adb - - - - - -] OVN reports status down for port: 6ab890e5-443c-4859-82c0-410f1628cb72
2026-06-16 11:38:57.435 8 INFO neutron.db.ovn_revision_numbers_db [None req-5a87bf61-fd56-49df-9c9a-b0b2701c6b3b - - - - - -] Successfully bumped revision number for resource 6ab890e5-443c-4859-82c0-410f1628cb72 (type: ports) to 1
2026-06-16 11:38:57.592 8 WARNING neutron.scheduler.dhcp_agent_scheduler [None req-5a87bf61-fd56-49df-9c9a-b0b2701c6b3b - - - - - -] No more DHCP agents
2026-06-16 11:38:57.594 8 WARNING neutron.api.rpc.agentnotifiers.dhcp_rpc_agent_api [None req-5a87bf61-fd56-49df-9c9a-b0b2701c6b3b - - - - - -] Unable to schedule network 176dd46c-d818-4b37-acf5-e15abedbb51d: no agents available; will retry on subsequent port and subnet creation events.
2026-06-16 11:38:57.621 8 INFO neutron.db.ovn_revision_numbers_db [None req-5a87bf61-fd56-49df-9c9a-b0b2701c6b3b - - - - - -] Successfully bumped revision number for resource 16114fd3-6966-442f-8569-230fd25aeea4 (type: subnets) to 0
2026-06-16 11:38:58.038 8 WARNING neutron.scheduler.dhcp_agent_scheduler [None req-5a87bf61-fd56-49df-9c9a-b0b2701c6b3b - - - - - -] No more DHCP agents
2026-06-16 11:38:58.039 8 WARNING neutron.api.rpc.agentnotifiers.dhcp_rpc_agent_api [None req-5a87bf61-fd56-49df-9c9a-b0b2701c6b3b - - - - - -] Unable to schedule network 176dd46c-d818-4b37-acf5-e15abedbb51d: no agents available; will retry on subsequent port and subnet creation events.
2026-06-16 11:38:58.072 7 INFO neutron.db.ovn_revision_numbers_db [None req-3fdd4ca1-6b2e-4798-a380-2809f1dd56a8 f8b276d317f6499ba66538640bc45a41 c5329249260e40f388f22b97993c0ffd - - default default] Successfully bumped revision number for resource b9a63bdd-7371-407e-96c5-eadbddc3731d (type: security_groups) to 1
2026-06-16 11:38:58.084 7 INFO neutron.db.ovn_revision_numbers_db [None req-3fdd4ca1-6b2e-4798-a380-2809f1dd56a8 f8b276d317f6499ba66538640bc45a41 c5329249260e40f388f22b97993c0ffd - - default default] Successfully bumped revision number for resource 2d068a93-3051-4f93-b9fe-0f0dd2fe6ef6 (type: security_group_rules) to 0
2026-06-16 11:38:58.100 7 INFO neutron.db.ovn_revision_numbers_db [None req-3fdd4ca1-6b2e-4798-a380-2809f1dd56a8 f8b276d317f6499ba66538640bc45a41 c5329249260e40f388f22b97993c0ffd - - default default] Successfully bumped revision number for resource 77eb6955-2607-4d11-a2e3-2f66e9f7400a (type: security_group_rules) to 0
2026-06-16 11:38:58.114 7 INFO neutron.db.ovn_revision_numbers_db [None req-3fdd4ca1-6b2e-4798-a380-2809f1dd56a8 f8b276d317f6499ba66538640bc45a41 c5329249260e40f388f22b97993c0ffd - - default default] Successfully bumped revision number for resource bb008417-6f02-4e62-93d4-e6a842bb4d05 (type: security_group_rules) to 0
2026-06-16 11:38:58.126 7 INFO neutron.db.ovn_revision_numbers_db [None req-3fdd4ca1-6b2e-4798-a380-2809f1dd56a8 f8b276d317f6499ba66538640bc45a41 c5329249260e40f388f22b97993c0ffd - - default default] Successfully bumped revision number for resource db8595f2-42b5-4411-8880-821f1c05b6b1 (type: security_group_rules) to 0
2026-06-16 11:38:58.203 8 INFO neutron.db.ovn_revision_numbers_db [None req-5a87bf61-fd56-49df-9c9a-b0b2701c6b3b - - - - - -] Successfully bumped revision number for resource 37907a8e-0f50-4a01-b5a4-8e159291ac85 (type: ports) to 1
2026-06-16 11:38:58.216 7 INFO neutron.db.segments_db [None req-3fdd4ca1-6b2e-4798-a380-2809f1dd56a8 f8b276d317f6499ba66538640bc45a41 c5329249260e40f388f22b97993c0ffd - - default default] Added segment d11529b5-acc0-4008-9f19-2f3b23221e1b of type geneve for network 586e380d-98d2-4b03-9a49-4e962d55e29d
2026-06-16 11:38:58.335 7 INFO neutron.db.ovn_revision_numbers_db [None req-3fdd4ca1-6b2e-4798-a380-2809f1dd56a8 f8b276d317f6499ba66538640bc45a41 c5329249260e40f388f22b97993c0ffd - - default default] Successfully bumped revision number for resource 586e380d-98d2-4b03-9a49-4e962d55e29d (type: networks) to 1
2026-06-16 11:38:58.529 7 WARNING neutron.scheduler.dhcp_agent_scheduler [None req-3fdd4ca1-6b2e-4798-a380-2809f1dd56a8 f8b276d317f6499ba66538640bc45a41 c5329249260e40f388f22b97993c0ffd - - default default] No more DHCP agents
2026-06-16 11:38:58.530 7 WARNING neutron.api.rpc.agentnotifiers.dhcp_rpc_agent_api [None req-3fdd4ca1-6b2e-4798-a380-2809f1dd56a8 f8b276d317f6499ba66538640bc45a41 c5329249260e40f388f22b97993c0ffd - - default default] Unable to schedule network 586e380d-98d2-4b03-9a49-4e962d55e29d: no agents available; will retry on subsequent port and subnet creation events.
2026-06-16 11:38:58.588 7 INFO neutron.plugins.ml2.drivers.ovn.mech_driver.mech_driver [None req-81dab489-32a4-49a6-a404-f0f4594e1adb - - - - - -] OVN reports status down for port: 599771bf-1ead-474c-b2e8-e6b19dca3a09
2026-06-16 11:38:58.667 7 INFO neutron.db.ovn_revision_numbers_db [None req-3fdd4ca1-6b2e-4798-a380-2809f1dd56a8 f8b276d317f6499ba66538640bc45a41 c5329249260e40f388f22b97993c0ffd - - default default] Successfully bumped revision number for resource 599771bf-1ead-474c-b2e8-e6b19dca3a09 (type: ports) to 1 [pid: 7|app: 0|req: 1422/2720] 10.0.0.21 () {34 vars in 668 bytes} [Tue Jun 16 11:38:57 2026] POST /v2.0/networks => generated 651 bytes in 970 msecs (HTTP/1.1 201) 4 headers in 162 bytes (1 switches on core 0)
2026-06-16 11:38:58.831 7 INFO neutron.db.segments_db [None req-42328166-7850-4af8-87f1-85278bb3018e f8b276d317f6499ba66538640bc45a41 c5329249260e40f388f22b97993c0ffd - - default default] Added segment b0ce0e2c-96d6-407b-ba6c-e6121a96ee18 of type geneve for network eaecf9e5-d5e6-4821-8a71-c7240b510fb7
2026-06-16 11:38:58.951 7 INFO neutron.db.ovn_revision_numbers_db [None req-42328166-7850-4af8-87f1-85278bb3018e f8b276d317f6499ba66538640bc45a41 c5329249260e40f388f22b97993c0ffd - - default default] Successfully bumped revision number for resource eaecf9e5-d5e6-4821-8a71-c7240b510fb7 (type: networks) to 1
2026-06-16 11:38:58.963 8 WARNING neutron.scheduler.dhcp_agent_scheduler [None req-5a87bf61-fd56-49df-9c9a-b0b2701c6b3b - - - - - -] No more DHCP agents
2026-06-16 11:38:58.964 8 WARNING neutron.api.rpc.agentnotifiers.dhcp_rpc_agent_api [None req-5a87bf61-fd56-49df-9c9a-b0b2701c6b3b - - - - - -] Unable to schedule network 176dd46c-d818-4b37-acf5-e15abedbb51d: no agents available; will retry on subsequent port and subnet creation events.
2026-06-16 11:38:59.030 8 WARNING neutron.plugins.ml2.drivers.ovn.mech_driver.ovsdb.ovn_client [None req-623e328b-82b1-46dd-b477-690e99ca8c6b - - - - - -] No hosting information found for port cc399159-20d7-4217-a587-8c5fb288daed: RuntimeError: No hosting information found for port cc399159-20d7-4217-a587-8c5fb288daed
2026-06-16 11:38:59.030 8 INFO neutron.plugins.ml2.drivers.ovn.mech_driver.mech_driver [None req-623e328b-82b1-46dd-b477-690e99ca8c6b - - - - - -] OVN reports status down for port: 693b6f08-b917-425f-a6e9-7adbfa59d679
2026-06-16 11:38:59.131 8 WARNING neutron.plugins.ml2.drivers.ovn.mech_driver.ovsdb.ovn_client [None req-623e328b-82b1-46dd-b477-690e99ca8c6b - - - - - -] Logical_Switch_Port %s host information not removed, the port state is up
2026-06-16 11:38:59.134 8 INFO neutron.plugins.ml2.drivers.ovn.mech_driver.mech_driver [None req-623e328b-82b1-46dd-b477-690e99ca8c6b - - - - - -] OVN reports status up for port: 693b6f08-b917-425f-a6e9-7adbfa59d679
2026-06-16 11:38:59.145 7 WARNING neutron.scheduler.dhcp_agent_scheduler [None req-42328166-7850-4af8-87f1-85278bb3018e f8b276d317f6499ba66538640bc45a41 c5329249260e40f388f22b97993c0ffd - - default default] No more DHCP agents
2026-06-16 11:38:59.147 7 WARNING neutron.api.rpc.agentnotifiers.dhcp_rpc_agent_api [None req-42328166-7850-4af8-87f1-85278bb3018e f8b276d317f6499ba66538640bc45a41 c5329249260e40f388f22b97993c0ffd - - default default] Unable to schedule network eaecf9e5-d5e6-4821-8a71-c7240b510fb7: no agents available; will retry on subsequent port and subnet creation events.
2026-06-16 11:38:59.154 8 INFO neutron.plugins.ml2.plugin [None req-623e328b-82b1-46dd-b477-690e99ca8c6b - - - - - -] Attempt 1 to provision port 693b6f08-b917-425f-a6e9-7adbfa59d679
2026-06-16 11:38:59.237 7 INFO neutron.db.ovn_revision_numbers_db [None req-42328166-7850-4af8-87f1-85278bb3018e f8b276d317f6499ba66538640bc45a41 c5329249260e40f388f22b97993c0ffd - - default default] Successfully bumped revision number for resource 09bb60ff-7e06-4c01-b769-cac5c1afd54a (type: ports) to 1 [pid: 7|app: 0|req: 1423/2721] 10.0.0.21 () {34 vars in 668 bytes} [Tue Jun 16 11:38:58 2026] POST /v2.0/networks => generated 650 bytes in 517 msecs (HTTP/1.1 201) 4 headers in 162 bytes (1 switches on core 0)
2026-06-16 11:38:59.357 7 INFO neutron.db.segments_db [None req-1d5badae-67c2-4d04-a450-30b876fb65ca f8b276d317f6499ba66538640bc45a41 c5329249260e40f388f22b97993c0ffd - - default default] Added segment 8ec76ba6-e3f8-4e27-9053-d6e02cef7685 of type geneve for network 2c20d086-1e20-4382-8214-452a97f1736c
2026-06-16 11:38:59.466 7 INFO neutron.db.ovn_revision_numbers_db [None req-1d5badae-67c2-4d04-a450-30b876fb65ca f8b276d317f6499ba66538640bc45a41 c5329249260e40f388f22b97993c0ffd - - default default] Successfully bumped revision number for resource 2c20d086-1e20-4382-8214-452a97f1736c (type: networks) to 1
2026-06-16 11:38:59.637 7 WARNING neutron.scheduler.dhcp_agent_scheduler [None req-1d5badae-67c2-4d04-a450-30b876fb65ca f8b276d317f6499ba66538640bc45a41 c5329249260e40f388f22b97993c0ffd - - default default] No more DHCP agents
2026-06-16 11:38:59.638 7 WARNING neutron.api.rpc.agentnotifiers.dhcp_rpc_agent_api [None req-1d5badae-67c2-4d04-a450-30b876fb65ca f8b276d317f6499ba66538640bc45a41 c5329249260e40f388f22b97993c0ffd - - default default] Unable to schedule network 2c20d086-1e20-4382-8214-452a97f1736c: no agents available; will retry on subsequent port and subnet creation events.
2026-06-16 11:38:59.729 7 INFO neutron.db.ovn_revision_numbers_db [None req-1d5badae-67c2-4d04-a450-30b876fb65ca f8b276d317f6499ba66538640bc45a41 c5329249260e40f388f22b97993c0ffd - - default default] Successfully bumped revision number for resource d5f2d0dd-3233-41ce-8900-cad21144487d (type: ports) to 1 [pid: 7|app: 0|req: 1424/2722] 10.0.0.21 () {34 vars in 668 bytes} [Tue Jun 16 11:38:59 2026] POST /v2.0/networks => generated 651 bytes in 511 msecs (HTTP/1.1 201) 4 headers in 162 bytes (1 switches on core 0)
2026-06-16 11:38:59.880 7 INFO neutron.db.segments_db [None req-c59b0907-5229-460d-ba48-4edf3382fe6b f8b276d317f6499ba66538640bc45a41 c5329249260e40f388f22b97993c0ffd - - default default] Added segment eee0d18b-b5bd-412e-8f96-62ee060d737b of type geneve for network 2bc591a1-726d-4cc6-a4d2-9070330c70d7
2026-06-16 11:38:59.894 8 INFO neutron.db.ovn_revision_numbers_db [None req-5a87bf61-fd56-49df-9c9a-b0b2701c6b3b - - - - - -] Successfully bumped revision number for resource 37907a8e-0f50-4a01-b5a4-8e159291ac85 (type: router_ports) to 1
2026-06-16 11:39:00.000 7 INFO neutron.db.ovn_revision_numbers_db [None req-c59b0907-5229-460d-ba48-4edf3382fe6b f8b276d317f6499ba66538640bc45a41 c5329249260e40f388f22b97993c0ffd - - default default] Successfully bumped revision number for resource 2bc591a1-726d-4cc6-a4d2-9070330c70d7 (type: networks) to 1
2026-06-16 11:39:00.175 7 WARNING neutron.scheduler.dhcp_agent_scheduler [None req-c59b0907-5229-460d-ba48-4edf3382fe6b f8b276d317f6499ba66538640bc45a41 c5329249260e40f388f22b97993c0ffd - - default default] No more DHCP agents
2026-06-16 11:39:00.177 7 WARNING neutron.api.rpc.agentnotifiers.dhcp_rpc_agent_api [None req-c59b0907-5229-460d-ba48-4edf3382fe6b f8b276d317f6499ba66538640bc45a41 c5329249260e40f388f22b97993c0ffd - - default default] Unable to schedule network 2bc591a1-726d-4cc6-a4d2-9070330c70d7: no agents available; will retry on subsequent port and subnet creation events.
2026-06-16 11:39:00.188 8 INFO neutron.db.ovn_revision_numbers_db [None req-623e328b-82b1-46dd-b477-690e99ca8c6b - - - - - -] Successfully bumped revision number for resource 693b6f08-b917-425f-a6e9-7adbfa59d679 (type: ports) to 2
2026-06-16 11:39:00.235 7 INFO neutron.plugins.ml2.drivers.ovn.mech_driver.mech_driver [None req-81dab489-32a4-49a6-a404-f0f4594e1adb - - - - - -] OVN reports status down for port: 8672827c-d32d-4dc1-9370-c8a6bf27cd5b
2026-06-16 11:39:00.310 7 INFO neutron.db.ovn_revision_numbers_db [None req-c59b0907-5229-460d-ba48-4edf3382fe6b f8b276d317f6499ba66538640bc45a41 c5329249260e40f388f22b97993c0ffd - - default default] Successfully bumped revision number for resource 8672827c-d32d-4dc1-9370-c8a6bf27cd5b (type: ports) to 1 [pid: 7|app: 0|req: 1425/2723] 10.0.0.21 () {34 vars in 668 bytes} [Tue Jun 16 11:38:59 2026] POST /v2.0/networks => generated 650 bytes in 570 msecs (HTTP/1.1 201) 4 headers in 162 bytes (1 switches on core 0)
2026-06-16 11:39:00.367 8 WARNING neutron.scheduler.dhcp_agent_scheduler [None req-5a87bf61-fd56-49df-9c9a-b0b2701c6b3b - - - - - -] No more DHCP agents
2026-06-16 11:39:00.368 8 WARNING neutron.api.rpc.agentnotifiers.dhcp_rpc_agent_api [None req-5a87bf61-fd56-49df-9c9a-b0b2701c6b3b - - - - - -] Unable to schedule network 176dd46c-d818-4b37-acf5-e15abedbb51d: no agents available; will retry on subsequent port and subnet creation events.
2026-06-16 11:39:00.471 7 INFO neutron.db.segments_db [None req-6abd0f07-b192-4adb-930f-7592984b79d1 f8b276d317f6499ba66538640bc45a41 c5329249260e40f388f22b97993c0ffd - - default default] Added segment 62d55ff3-c909-478a-b14f-16919ac5244d of type geneve for network 48c358dd-2d28-439b-9510-739069bdad95
2026-06-16 11:39:00.559 8 INFO neutron.db.ovn_revision_numbers_db [None req-5a87bf61-fd56-49df-9c9a-b0b2701c6b3b - - - - - -] Successfully bumped revision number for resource e7356771-3d61-404d-a672-615ed76db7b7 (type: ports) to 1
2026-06-16 11:39:00.621 7 INFO neutron.db.ovn_revision_numbers_db [None req-6abd0f07-b192-4adb-930f-7592984b79d1 f8b276d317f6499ba66538640bc45a41 c5329249260e40f388f22b97993c0ffd - - default default] Successfully bumped revision number for resource 48c358dd-2d28-439b-9510-739069bdad95 (type: networks) to 1
2026-06-16 11:39:00.802 7 WARNING neutron.scheduler.dhcp_agent_scheduler [None req-6abd0f07-b192-4adb-930f-7592984b79d1 f8b276d317f6499ba66538640bc45a41 c5329249260e40f388f22b97993c0ffd - - default default] No more DHCP agents
2026-06-16 11:39:00.804 7 WARNING neutron.api.rpc.agentnotifiers.dhcp_rpc_agent_api [None req-6abd0f07-b192-4adb-930f-7592984b79d1 f8b276d317f6499ba66538640bc45a41 c5329249260e40f388f22b97993c0ffd - - default default] Unable to schedule network 48c358dd-2d28-439b-9510-739069bdad95: no agents available; will retry on subsequent port and subnet creation events.
2026-06-16 11:39:00.833 8 INFO neutron.db.ovn_revision_numbers_db [None req-5a87bf61-fd56-49df-9c9a-b0b2701c6b3b - - - - - -] Successfully bumped revision number for resource e7356771-3d61-404d-a672-615ed76db7b7 (type: ports) to 3
2026-06-16 11:39:00.862 7 INFO neutron.plugins.ml2.drivers.ovn.mech_driver.mech_driver [None req-81dab489-32a4-49a6-a404-f0f4594e1adb - - - - - -] OVN reports status down for port: 19fd1e54-99ce-4f68-8b41-99045699c7ab
2026-06-16 11:39:00.913 7 INFO neutron.db.ovn_revision_numbers_db [None req-6abd0f07-b192-4adb-930f-7592984b79d1 f8b276d317f6499ba66538640bc45a41 c5329249260e40f388f22b97993c0ffd - - default default] Successfully bumped revision number for resource 19fd1e54-99ce-4f68-8b41-99045699c7ab (type: ports) to 1 [pid: 7|app: 0|req: 1426/2724] 10.0.0.21 () {34 vars in 668 bytes} [Tue Jun 16 11:39:00 2026] POST /v2.0/networks => generated 651 bytes in 598 msecs (HTTP/1.1 201) 4 headers in 162 bytes (1 switches on core 0) [pid: 7|app: 0|req: 1427/2725] 10.0.0.21 () {34 vars in 751 bytes} [Tue Jun 16 11:39:00 2026] PUT /v2.0/networks/586e380d-98d2-4b03-9a49-4e962d55e29d/tags => generated 17 bytes in 75 msecs (HTTP/1.1 200) 4 headers in 156 bytes (1 switches on core 0) [pid: 7|app: 0|req: 1428/2726] 10.0.0.21 () {34 vars in 751 bytes} [Tue Jun 16 11:39:01 2026] PUT /v2.0/networks/eaecf9e5-d5e6-4821-8a71-c7240b510fb7/tags => generated 25 bytes in 58 msecs (HTTP/1.1 200) 4 headers in 156 bytes (1 switches on core 0) [pid: 8|app: 0|req: 1299/2727] 10.0.0.21 () {34 vars in 683 bytes} [Tue Jun 16 11:38:55 2026] POST /v2.0/vpn/vpnservices => generated 457 bytes in 5168 msecs (HTTP/1.1 201) 4 headers in 162 bytes (1 switches on core 0) [pid: 7|app: 0|req: 1429/2728] 10.0.0.21 () {34 vars in 751 bytes} [Tue Jun 16 11:39:01 2026] PUT /v2.0/networks/2c20d086-1e20-4382-8214-452a97f1736c/tags => generated 34 bytes in 66 msecs (HTTP/1.1 200) 4 headers in 156 bytes (1 switches on core 0) [pid: 7|app: 0|req: 1430/2729] 10.0.0.21 () {34 vars in 751 bytes} [Tue Jun 16 11:39:01 2026] PUT /v2.0/networks/2bc591a1-726d-4cc6-a4d2-9070330c70d7/tags => generated 19 bytes in 66 msecs (HTTP/1.1 200) 4 headers in 156 bytes (1 switches on core 0) [pid: 7|app: 0|req: 1431/2730] 10.0.0.21 () {32 vars in 664 bytes} [Tue Jun 16 11:39:01 2026] GET /v2.0/networks?tags=red => generated 1988 bytes in 55 msecs (HTTP/1.1 200) 4 headers in 158 bytes (1 switches on core 0) [pid: 7|app: 0|req: 1432/2731] 10.0.0.21 () {32 vars in 678 bytes} [Tue Jun 16 11:39:01 2026] GET /v2.0/networks?tags=red%2Cblue => generated 1337 bytes in 57 msecs (HTTP/1.1 200) 4 headers in 158 bytes (1 switches on core 0) [pid: 7|app: 0|req: 1433/2732] 10.0.0.21 () {32 vars in 674 bytes} [Tue Jun 16 11:39:01 2026] GET /v2.0/networks?tags-any=blue => generated 1337 bytes in 55 msecs (HTTP/1.1 200) 4 headers in 158 bytes (1 switches on core 0) [pid: 8|app: 0|req: 1300/2733] 10.0.0.21 () {34 vars in 683 bytes} [Tue Jun 16 11:39:01 2026] POST /v2.0/vpn/vpnservices => generated 424 bytes in 361 msecs (HTTP/1.1 201) 4 headers in 162 bytes (1 switches on core 0) [pid: 7|app: 0|req: 1434/2734] 10.0.0.21 () {32 vars in 686 bytes} [Tue Jun 16 11:39:01 2026] GET /v2.0/networks?tags-any=red%2Cblue => generated 1988 bytes in 57 msecs (HTTP/1.1 200) 4 headers in 158 bytes (1 switches on core 0) [pid: 8|app: 0|req: 1301/2735] 10.0.0.21 () {34 vars in 682 bytes} [Tue Jun 16 11:39:01 2026] POST /v2.0/vpn/ikepolicies => generated 404 bytes in 44 msecs (HTTP/1.1 201) 4 headers in 162 bytes (1 switches on core 0) [pid: 7|app: 0|req: 1435/2736] 10.0.0.21 () {32 vars in 672 bytes} [Tue Jun 16 11:39:01 2026] GET /v2.0/networks?not-tags=red => generated 1987 bytes in 58 msecs (HTTP/1.1 200) 4 headers in 158 bytes (1 switches on core 0) [pid: 8|app: 0|req: 1302/2737] 10.0.0.21 () {34 vars in 686 bytes} [Tue Jun 16 11:39:01 2026] POST /v2.0/vpn/ipsecpolicies => generated 413 bytes in 56 msecs (HTTP/1.1 201) 4 headers in 162 bytes (1 switches on core 0) [pid: 7|app: 0|req: 1436/2738] 10.0.0.21 () {32 vars in 686 bytes} [Tue Jun 16 11:39:01 2026] GET /v2.0/networks?not-tags=red%2Cblue => generated 2638 bytes in 67 msecs (HTTP/1.1 200) 4 headers in 158 bytes (1 switches on core 0) [pid: 8|app: 0|req: 1303/2739] 10.0.0.21 () {34 vars in 691 bytes} [Tue Jun 16 11:39:01 2026] POST /v2.0/vpn/endpoint-groups => generated 329 bytes in 65 msecs (HTTP/1.1 201) 4 headers in 162 bytes (1 switches on core 0) [pid: 7|app: 0|req: 1437/2740] 10.0.0.21 () {32 vars in 682 bytes} [Tue Jun 16 11:39:01 2026] GET /v2.0/networks?not-tags-any=blue => generated 2638 bytes in 66 msecs (HTTP/1.1 200) 4 headers in 158 bytes (1 switches on core 0) [pid: 8|app: 0|req: 1304/2741] 10.0.0.21 () {34 vars in 691 bytes} [Tue Jun 16 11:39:01 2026] POST /v2.0/vpn/endpoint-groups => generated 319 bytes in 50 msecs (HTTP/1.1 201) 4 headers in 162 bytes (1 switches on core 0) [pid: 7|app: 0|req: 1438/2742] 10.0.0.21 () {32 vars in 694 bytes} [Tue Jun 16 11:39:01 2026] GET /v2.0/networks?not-tags-any=red%2Cblue => generated 1987 bytes in 46 msecs (HTTP/1.1 200) 4 headers in 158 bytes (1 switches on core 0)
2026-06-16 11:39:01.859 7 INFO neutron_taas.services.taas.taas_plugin [None req-d444b837-79b6-4f25-8536-c134d358ee7f f8b276d317f6499ba66538640bc45a41 c5329249260e40f388f22b97993c0ffd - - default default] TaaS: Handle Delete Port: 599771bf-1ead-474c-b2e8-e6b19dca3a09
2026-06-16 11:39:01.861 7 INFO neutron_taas.services.taas.tap_mirror_plugin [None req-d444b837-79b6-4f25-8536-c134d358ee7f f8b276d317f6499ba66538640bc45a41 c5329249260e40f388f22b97993c0ffd - - default default] Tap Mirror: Handle Delete Port: 599771bf-1ead-474c-b2e8-e6b19dca3a09
2026-06-16 11:39:02.042 7 INFO neutron.services.segments.plugin [-] Segment d11529b5-acc0-4008-9f19-2f3b23221e1b resource provider aggregate not found
2026-06-16 11:39:02.047 7 INFO neutron.services.segments.plugin [-] Segment d11529b5-acc0-4008-9f19-2f3b23221e1b resource provider aggregate not found
2026-06-16 11:39:02.064 7 INFO neutron.services.segments.plugin [-] Segment d11529b5-acc0-4008-9f19-2f3b23221e1b resource provider not found; error: Placement Client Error (4xx): {"errors": [{"status": 404, "title": "Not Found", "detail": "The resource could not be found.\n\n No resource provider with uuid d11529b5-acc0-4008-9f19-2f3b23221e1b found for delete ", "request_id": "req-182bcf25-4d82-4de7-8d36-eece263c49c0"}]}
2026-06-16 11:39:02.065 7 INFO neutron.services.segments.plugin [-] Segment d11529b5-acc0-4008-9f19-2f3b23221e1b resource provider not found; error: Placement Client Error (4xx): {"errors": [{"status": 404, "title": "Not Found", "detail": "The resource could not be found.\n\n No resource provider with uuid d11529b5-acc0-4008-9f19-2f3b23221e1b found for delete ", "request_id": "req-277f3865-4ad7-45fb-b31e-93766253f136"}]} [pid: 7|app: 0|req: 1439/2743] 10.0.0.21 () {32 vars in 724 bytes} [Tue Jun 16 11:39:01 2026] DELETE /v2.0/networks/586e380d-98d2-4b03-9a49-4e962d55e29d => generated 0 bytes in 332 msecs (HTTP/1.1 204) 3 headers in 131 bytes (1 switches on core 0)
2026-06-16 11:39:02.208 7 INFO neutron_taas.services.taas.taas_plugin [None req-4d4fd117-70c3-4199-b87e-b0bfc635c3b6 f8b276d317f6499ba66538640bc45a41 c5329249260e40f388f22b97993c0ffd - - default default] TaaS: Handle Delete Port: 09bb60ff-7e06-4c01-b769-cac5c1afd54a
2026-06-16 11:39:02.210 7 INFO neutron_taas.services.taas.tap_mirror_plugin [None req-4d4fd117-70c3-4199-b87e-b0bfc635c3b6 f8b276d317f6499ba66538640bc45a41 c5329249260e40f388f22b97993c0ffd - - default default] Tap Mirror: Handle Delete Port: 09bb60ff-7e06-4c01-b769-cac5c1afd54a [pid: 7|app: 0|req: 1440/2744] 10.0.0.21 () {32 vars in 724 bytes} [Tue Jun 16 11:39:02 2026] DELETE /v2.0/networks/eaecf9e5-d5e6-4821-8a71-c7240b510fb7 => generated 0 bytes in 260 msecs (HTTP/1.1 204) 3 headers in 131 bytes (1 switches on core 0)
2026-06-16 11:39:02.432 8 INFO neutron.db.ovn_revision_numbers_db [None req-94c518ee-bd29-42c4-bd3b-04889e0c6e7d 7b31f50b026346b58d6fb637a6204487 18843add1ca746bdb441e37ce5d63e93 - - default default] Successfully bumped revision number for resource 44563540-1c35-4770-90a9-30053e316841 (type: routers) to 5
2026-06-16 11:39:02.465 7 INFO neutron_taas.services.taas.taas_plugin [None req-710cf911-8f58-47de-af25-8da63022d2cb f8b276d317f6499ba66538640bc45a41 c5329249260e40f388f22b97993c0ffd - - default default] TaaS: Handle Delete Port: d5f2d0dd-3233-41ce-8900-cad21144487d
2026-06-16 11:39:02.468 7 INFO neutron_taas.services.taas.tap_mirror_plugin [None req-710cf911-8f58-47de-af25-8da63022d2cb f8b276d317f6499ba66538640bc45a41 c5329249260e40f388f22b97993c0ffd - - default default] Tap Mirror: Handle Delete Port: d5f2d0dd-3233-41ce-8900-cad21144487d [pid: 8|app: 0|req: 1305/2745] 10.0.0.21 () {34 vars in 705 bytes} [Tue Jun 16 11:39:01 2026] POST /v2.0/vpn/ipsec-site-connections => generated 802 bytes in 758 msecs (HTTP/1.1 201) 4 headers in 162 bytes (1 switches on core 0) [pid: 8|app: 0|req: 1306/2746] 10.0.0.21 () {34 vars in 691 bytes} [Tue Jun 16 11:39:02 2026] POST /v2.0/vpn/endpoint-groups => generated 289 bytes in 41 msecs (HTTP/1.1 201) 4 headers in 162 bytes (1 switches on core 0) [pid: 8|app: 0|req: 1307/2747] 10.0.0.21 () {32 vars in 746 bytes} [Tue Jun 16 11:39:02 2026] DELETE /v2.0/vpn/endpoint-groups/fa7a9089-169f-450f-bdcc-2670c6ffe708 => generated 0 bytes in 60 msecs (HTTP/1.1 204) 2 headers in 112 bytes (1 switches on core 0) [pid: 8|app: 0|req: 1308/2748] 10.0.0.21 () {32 vars in 669 bytes} [Tue Jun 16 11:39:02 2026] GET /v2.0/vpn/endpoint-groups => generated 633 bytes in 14 msecs (HTTP/1.1 200) 4 headers in 157 bytes (1 switches on core 0) [pid: 8|app: 0|req: 1309/2749] 10.0.0.21 () {32 vars in 669 bytes} [Tue Jun 16 11:39:02 2026] GET /v2.0/vpn/endpoint-groups => generated 633 bytes in 14 msecs (HTTP/1.1 200) 4 headers in 157 bytes (1 switches on core 0) [pid: 7|app: 0|req: 1441/2750] 10.0.0.21 () {32 vars in 724 bytes} [Tue Jun 16 11:39:02 2026] DELETE /v2.0/networks/2c20d086-1e20-4382-8214-452a97f1736c => generated 0 bytes in 264 msecs (HTTP/1.1 204) 3 headers in 131 bytes (1 switches on core 0)
