2026-06-16 11:36:05.192 7 WARNING neutron.api.rpc.agentnotifiers.dhcp_rpc_agent_api [None req-13a01bbe-56e5-449f-ad42-36af6d27bda5 7df78db9a5cc44b9a82b37cde847104b 60a60973c1714b4da5aee5280e3c0f3d - - default default] Unable to schedule network ba8a7a43-4a09-45e4-b098-2b7805aa75bf: no agents available; will retry on subsequent port and subnet creation events.
2026-06-16 11:36:05.314 7 INFO neutron.db.ovn_revision_numbers_db [None req-13a01bbe-56e5-449f-ad42-36af6d27bda5 7df78db9a5cc44b9a82b37cde847104b 60a60973c1714b4da5aee5280e3c0f3d - - default default] Successfully bumped revision number for resource dd7bdf54-81bd-445e-a237-efdb25f9541f (type: ports) to 1
2026-06-16 11:36:05.851 7 INFO neutron.plugins.ml2.drivers.ovn.mech_driver.ovsdb.commands [None req-9be49a91-cf11-4422-8fb0-8875efe22dd2 - - - - - -] Schedule LRP lrp-dd7bdf54-81bd-445e-a237-efdb25f9541f on gateway 15f1f28e-0585-4fc5-bcce-ddb479a9bdd4 with priority 1
2026-06-16 11:36:05.930 7 INFO neutron.db.ovn_revision_numbers_db [None req-13a01bbe-56e5-449f-ad42-36af6d27bda5 7df78db9a5cc44b9a82b37cde847104b 60a60973c1714b4da5aee5280e3c0f3d - - default default] Successfully bumped revision number for resource dd7bdf54-81bd-445e-a237-efdb25f9541f (type: router_ports) to 1
2026-06-16 11:36:05.978 8 INFO neutron.db.ovn_revision_numbers_db [None req-7f6ac33d-aac1-4def-a873-052a91106ced 42e1fd11b27741a9af6bd99e343bf992 1cbdcc9d74fa4021931f99e7ec33bd4e - - default default] Successfully bumped revision number for resource b7da4430-f62a-4216-aece-13ed010fae83 (type: security_groups) to 1
2026-06-16 11:36:05.990 8 INFO neutron.db.ovn_revision_numbers_db [None req-7f6ac33d-aac1-4def-a873-052a91106ced 42e1fd11b27741a9af6bd99e343bf992 1cbdcc9d74fa4021931f99e7ec33bd4e - - default default] Successfully bumped revision number for resource 65756cbc-de0d-487d-8e07-25557493e28f (type: security_group_rules) to 0
2026-06-16 11:36:06.002 8 INFO neutron.db.ovn_revision_numbers_db [None req-7f6ac33d-aac1-4def-a873-052a91106ced 42e1fd11b27741a9af6bd99e343bf992 1cbdcc9d74fa4021931f99e7ec33bd4e - - default default] Successfully bumped revision number for resource 6744e7e1-ef4c-4b08-8c65-4172ec21ccd8 (type: security_group_rules) to 0
2026-06-16 11:36:06.004 7 INFO neutron.db.ovn_revision_numbers_db [None req-13a01bbe-56e5-449f-ad42-36af6d27bda5 7df78db9a5cc44b9a82b37cde847104b 60a60973c1714b4da5aee5280e3c0f3d - - default default] Successfully bumped revision number for resource 834482df-7017-4ea4-8ddb-068993145e6e (type: routers) to 2 [pid: 7|app: 0|req: 723/1363] 10.0.0.21 () {34 vars in 667 bytes} [Tue Jun 16 11:36:04 2026] POST /v2.0/routers => generated 951 bytes in 1203 msecs (HTTP/1.1 201) 4 headers in 162 bytes (1 switches on core 0)
2026-06-16 11:36:06.023 8 INFO neutron.db.ovn_revision_numbers_db [None req-7f6ac33d-aac1-4def-a873-052a91106ced 42e1fd11b27741a9af6bd99e343bf992 1cbdcc9d74fa4021931f99e7ec33bd4e - - default default] Successfully bumped revision number for resource 77ceed35-43b9-4684-a7ec-21c496cbffae (type: security_group_rules) to 0
2026-06-16 11:36:06.037 8 INFO neutron.db.ovn_revision_numbers_db [None req-7f6ac33d-aac1-4def-a873-052a91106ced 42e1fd11b27741a9af6bd99e343bf992 1cbdcc9d74fa4021931f99e7ec33bd4e - - default default] Successfully bumped revision number for resource ba4a1559-894b-47e4-bbd5-099dd0b95f24 (type: security_group_rules) to 0 [pid: 8|app: 0|req: 641/1364] 10.0.0.21 () {32 vars in 772 bytes} [Tue Jun 16 11:36:05 2026] GET /v2.0/security-groups?tenant_id=8032fa405c304e08bb8dcaca40d02e5f&name=default => generated 2925 bytes in 438 msecs (HTTP/1.1 200) 4 headers in 158 bytes (1 switches on core 0) [pid: 7|app: 0|req: 724/1365] 10.0.0.183 () {34 vars in 989 bytes} [Tue Jun 16 11:36:06 2026] GET /v2.0/ports?device_id=2d37d031-b091-4d81-a293-96368aa8a6d5 => generated 971 bytes in 86 msecs (HTTP/1.1 200) 4 headers in 157 bytes (1 switches on core 0) [pid: 8|app: 0|req: 642/1366] 10.0.0.21 () {32 vars in 719 bytes} [Tue Jun 16 11:36:06 2026] GET /v2.0/routers/834482df-7017-4ea4-8ddb-068993145e6e => generated 957 bytes in 60 msecs (HTTP/1.1 200) 4 headers in 157 bytes (1 switches on core 0) [pid: 8|app: 0|req: 643/1367] 10.0.0.183 () {34 vars in 1039 bytes} [Tue Jun 16 11:36:06 2026] GET /v2.0/security-groups?id=bf855450-8629-45c5-bc0a-8ee5784d305f&fields=id&fields=name => generated 114 bytes in 28 msecs (HTTP/1.1 200) 4 headers in 157 bytes (1 switches on core 0) [pid: 8|app: 0|req: 644/1368] 10.0.0.21 () {32 vars in 645 bytes} [Tue Jun 16 11:36:06 2026] GET /v2.0/routers => generated 960 bytes in 108 msecs (HTTP/1.1 200) 4 headers in 157 bytes (1 switches on core 0) [pid: 7|app: 0|req: 725/1369] 10.0.0.21 () {32 vars in 738 bytes} [Tue Jun 16 11:36:06 2026] DELETE /v2.0/security-groups/b7da4430-f62a-4216-aece-13ed010fae83 => generated 0 bytes in 202 msecs (HTTP/1.1 204) 2 headers in 112 bytes (1 switches on core 0)
2026-06-16 11:36:06.477 8 INFO neutron.db.ovn_revision_numbers_db [None req-8e68a700-9f6f-4491-8615-425aaa6981fd 42e1fd11b27741a9af6bd99e343bf992 1cbdcc9d74fa4021931f99e7ec33bd4e - - default default] Successfully bumped revision number for resource bdbb80f6-a49b-429b-8f21-5324740aed9c (type: security_groups) to 1
2026-06-16 11:36:06.489 8 INFO neutron.db.ovn_revision_numbers_db [None req-8e68a700-9f6f-4491-8615-425aaa6981fd 42e1fd11b27741a9af6bd99e343bf992 1cbdcc9d74fa4021931f99e7ec33bd4e - - default default] Successfully bumped revision number for resource 4ffdc928-971c-4849-9bf2-27e8df64365b (type: security_group_rules) to 0
2026-06-16 11:36:06.503 8 INFO neutron.db.ovn_revision_numbers_db [None req-8e68a700-9f6f-4491-8615-425aaa6981fd 42e1fd11b27741a9af6bd99e343bf992 1cbdcc9d74fa4021931f99e7ec33bd4e - - default default] Successfully bumped revision number for resource afd6fd77-d7a0-453e-8789-c5db7ffc15a8 (type: security_group_rules) to 0
2026-06-16 11:36:06.514 8 INFO neutron.db.ovn_revision_numbers_db [None req-8e68a700-9f6f-4491-8615-425aaa6981fd 42e1fd11b27741a9af6bd99e343bf992 1cbdcc9d74fa4021931f99e7ec33bd4e - - default default] Successfully bumped revision number for resource fa34dca4-cfee-47eb-af60-8843021aae28 (type: security_group_rules) to 0
2026-06-16 11:36:06.525 8 INFO neutron.db.ovn_revision_numbers_db [None req-8e68a700-9f6f-4491-8615-425aaa6981fd 42e1fd11b27741a9af6bd99e343bf992 1cbdcc9d74fa4021931f99e7ec33bd4e - - default default] Successfully bumped revision number for resource fb0f209f-f608-49fc-b252-8356889809aa (type: security_group_rules) to 0 [pid: 8|app: 0|req: 645/1370] 10.0.0.21 () {32 vars in 772 bytes} [Tue Jun 16 11:36:06 2026] GET /v2.0/security-groups?tenant_id=dc00fd7c26774906b3a432bec75b9b47&name=default => generated 2925 bytes in 292 msecs (HTTP/1.1 200) 4 headers in 158 bytes (1 switches on core 0) [pid: 8|app: 0|req: 646/1371] 10.0.0.183 () {34 vars in 989 bytes} [Tue Jun 16 11:36:06 2026] GET /v2.0/ports?device_id=2d37d031-b091-4d81-a293-96368aa8a6d5 => generated 971 bytes in 86 msecs (HTTP/1.1 200) 4 headers in 157 bytes (1 switches on core 0)
2026-06-16 11:36:06.757 7 INFO neutron.db.ovn_revision_numbers_db [None req-2d7aecba-f137-4bfe-a50a-6cc87c088076 7df78db9a5cc44b9a82b37cde847104b 60a60973c1714b4da5aee5280e3c0f3d - - default default] Successfully bumped revision number for resource 834482df-7017-4ea4-8ddb-068993145e6e (type: routers) to 3 [pid: 7|app: 0|req: 726/1372] 10.0.0.21 () {34 vars in 739 bytes} [Tue Jun 16 11:36:06 2026] PUT /v2.0/routers/834482df-7017-4ea4-8ddb-068993145e6e => generated 964 bytes in 457 msecs (HTTP/1.1 200) 4 headers in 157 bytes (1 switches on core 0) [pid: 7|app: 0|req: 727/1373] 10.0.0.183 () {34 vars in 1039 bytes} [Tue Jun 16 11:36:06 2026] GET /v2.0/security-groups?id=bf855450-8629-45c5-bc0a-8ee5784d305f&fields=id&fields=name => generated 114 bytes in 47 msecs (HTTP/1.1 200) 4 headers in 157 bytes (1 switches on core 0) [pid: 7|app: 0|req: 728/1374] 10.0.0.21 () {32 vars in 719 bytes} [Tue Jun 16 11:36:06 2026] GET /v2.0/routers/834482df-7017-4ea4-8ddb-068993145e6e => generated 964 bytes in 72 msecs (HTTP/1.1 200) 4 headers in 157 bytes (1 switches on core 0) [pid: 8|app: 0|req: 647/1375] 10.0.0.21 () {32 vars in 738 bytes} [Tue Jun 16 11:36:06 2026] DELETE /v2.0/security-groups/bdbb80f6-a49b-429b-8f21-5324740aed9c => generated 0 bytes in 244 msecs (HTTP/1.1 204) 2 headers in 112 bytes (1 switches on core 0) [pid: 7|app: 0|req: 729/1376] 10.0.0.21 () {32 vars in 734 bytes} [Tue Jun 16 11:36:06 2026] GET /v2.0/ports?device_id=834482df-7017-4ea4-8ddb-068993145e6e => generated 12 bytes in 19 msecs (HTTP/1.1 200) 4 headers in 156 bytes (1 switches on core 0)
2026-06-16 11:36:07.141 7 INFO neutron.db.ovn_revision_numbers_db [None req-4fa8dddd-048d-4b5e-9fb1-c1eda4a6fd91 42e1fd11b27741a9af6bd99e343bf992 1cbdcc9d74fa4021931f99e7ec33bd4e - - default default] Successfully bumped revision number for resource 9436a143-e2d7-4ed2-96fc-cc8bc3241c07 (type: security_groups) to 1
2026-06-16 11:36:07.157 7 INFO neutron.db.ovn_revision_numbers_db [None req-4fa8dddd-048d-4b5e-9fb1-c1eda4a6fd91 42e1fd11b27741a9af6bd99e343bf992 1cbdcc9d74fa4021931f99e7ec33bd4e - - default default] Successfully bumped revision number for resource 2082ea62-d15f-46f4-8016-ee7e404a09da (type: security_group_rules) to 0
2026-06-16 11:36:07.170 7 INFO neutron.db.ovn_revision_numbers_db [None req-4fa8dddd-048d-4b5e-9fb1-c1eda4a6fd91 42e1fd11b27741a9af6bd99e343bf992 1cbdcc9d74fa4021931f99e7ec33bd4e - - default default] Successfully bumped revision number for resource 27853862-80a2-4cba-a2d4-f92cf970aaae (type: security_group_rules) to 0
2026-06-16 11:36:07.182 7 INFO neutron.db.ovn_revision_numbers_db [None req-4fa8dddd-048d-4b5e-9fb1-c1eda4a6fd91 42e1fd11b27741a9af6bd99e343bf992 1cbdcc9d74fa4021931f99e7ec33bd4e - - default default] Successfully bumped revision number for resource 57aec263-d2f6-4951-a0cd-3d5d4ab5b01d (type: security_group_rules) to 0
2026-06-16 11:36:07.197 7 INFO neutron.db.ovn_revision_numbers_db [None req-4fa8dddd-048d-4b5e-9fb1-c1eda4a6fd91 42e1fd11b27741a9af6bd99e343bf992 1cbdcc9d74fa4021931f99e7ec33bd4e - - default default] Successfully bumped revision number for resource 58bdb70d-716f-498d-b038-be0c34dfe4f3 (type: security_group_rules) to 0 [pid: 7|app: 0|req: 730/1377] 10.0.0.21 () {32 vars in 772 bytes} [Tue Jun 16 11:36:07 2026] GET /v2.0/security-groups?tenant_id=ec3ff285006d465ca08146b4fa895898&name=default => generated 2925 bytes in 247 msecs (HTTP/1.1 200) 4 headers in 158 bytes (1 switches on core 0) [pid: 7|app: 0|req: 731/1378] 10.0.0.21 () {32 vars in 738 bytes} [Tue Jun 16 11:36:07 2026] DELETE /v2.0/security-groups/9436a143-e2d7-4ed2-96fc-cc8bc3241c07 => generated 0 bytes in 209 msecs (HTTP/1.1 204) 2 headers in 112 bytes (1 switches on core 0)
2026-06-16 11:36:07.715 8 INFO neutron_taas.services.taas.taas_plugin [None req-0f405e16-5baa-4998-8c2b-15f6553faee5 7df78db9a5cc44b9a82b37cde847104b 60a60973c1714b4da5aee5280e3c0f3d - - default default] TaaS: Handle Delete Port: dd7bdf54-81bd-445e-a237-efdb25f9541f
2026-06-16 11:36:07.718 8 INFO neutron_taas.services.taas.tap_mirror_plugin [None req-0f405e16-5baa-4998-8c2b-15f6553faee5 7df78db9a5cc44b9a82b37cde847104b 60a60973c1714b4da5aee5280e3c0f3d - - default default] Tap Mirror: Handle Delete Port: dd7bdf54-81bd-445e-a237-efdb25f9541f [pid: 7|app: 0|req: 732/1379] 10.0.0.183 () {34 vars in 989 bytes} [Tue Jun 16 11:36:07 2026] GET /v2.0/ports?device_id=2d37d031-b091-4d81-a293-96368aa8a6d5 => generated 971 bytes in 38 msecs (HTTP/1.1 200) 4 headers in 157 bytes (1 switches on core 0) [pid: 7|app: 0|req: 733/1380] 10.0.0.183 () {34 vars in 1039 bytes} [Tue Jun 16 11:36:07 2026] GET /v2.0/security-groups?id=bf855450-8629-45c5-bc0a-8ee5784d305f&fields=id&fields=name => generated 114 bytes in 29 msecs (HTTP/1.1 200) 4 headers in 157 bytes (1 switches on core 0) [pid: 8|app: 0|req: 648/1381] 10.0.0.21 () {32 vars in 722 bytes} [Tue Jun 16 11:36:06 2026] DELETE /v2.0/routers/834482df-7017-4ea4-8ddb-068993145e6e => generated 0 bytes in 1206 msecs (HTTP/1.1 204) 2 headers in 112 bytes (1 switches on core 0) [pid: 8|app: 0|req: 649/1382] 10.0.0.21 () {32 vars in 734 bytes} [Tue Jun 16 11:36:08 2026] GET /v2.0/ports?device_id=834482df-7017-4ea4-8ddb-068993145e6e => generated 12 bytes in 16 msecs (HTTP/1.1 200) 4 headers in 156 bytes (1 switches on core 0)
2026-06-16 11:36:08.163 8 INFO neutron.api.v2.resource [None req-d153cd5b-f3c1-45ba-844e-f137d456334b 7df78db9a5cc44b9a82b37cde847104b 60a60973c1714b4da5aee5280e3c0f3d - - default default] delete failed (client error): The resource could not be found. [pid: 8|app: 0|req: 650/1383] 10.0.0.21 () {32 vars in 722 bytes} [Tue Jun 16 11:36:08 2026] DELETE /v2.0/routers/834482df-7017-4ea4-8ddb-068993145e6e => generated 135 bytes in 17 msecs (HTTP/1.1 404) 4 headers in 164 bytes (1 switches on core 0) [pid: 8|app: 0|req: 651/1384] 10.0.0.21 () {32 vars in 734 bytes} [Tue Jun 16 11:36:08 2026] GET /v2.0/ports?device_id=8c303d02-b3d2-4c6a-96c0-78463a8b9afd => generated 12 bytes in 19 msecs (HTTP/1.1 200) 4 headers in 156 bytes (1 switches on core 0)
2026-06-16 11:36:08.216 8 INFO neutron.api.v2.resource [None req-de800512-a577-4cdc-8747-52cadce13908 7df78db9a5cc44b9a82b37cde847104b 60a60973c1714b4da5aee5280e3c0f3d - - default default] delete failed (client error): The resource could not be found. [pid: 8|app: 0|req: 652/1385] 10.0.0.21 () {32 vars in 722 bytes} [Tue Jun 16 11:36:08 2026] DELETE /v2.0/routers/8c303d02-b3d2-4c6a-96c0-78463a8b9afd => generated 135 bytes in 24 msecs (HTTP/1.1 404) 4 headers in 164 bytes (1 switches on core 0)
2026-06-16 11:36:08.233 8 INFO neutron.pecan_wsgi.hooks.translation [None req-5b91b383-6e65-4df8-bf03-2240a4853de3 7df78db9a5cc44b9a82b37cde847104b 60a60973c1714b4da5aee5280e3c0f3d - - default default] DELETE failed (client error): The resource could not be found. [pid: 8|app: 0|req: 653/1386] 10.0.0.21 () {32 vars in 722 bytes} [Tue Jun 16 11:36:08 2026] DELETE /v2.0/subnets/d46ae09a-59f9-4b05-9e15-3520322a65fb => generated 136 bytes in 14 msecs (HTTP/1.1 404) 4 headers in 164 bytes (1 switches on core 0) [pid: 8|app: 0|req: 654/1387] 10.0.0.21 () {32 vars in 734 bytes} [Tue Jun 16 11:36:08 2026] GET /v2.0/ports?device_id=4a9699dc-930c-4a12-99ba-82511f8681e9 => generated 12 bytes in 17 msecs (HTTP/1.1 200) 4 headers in 156 bytes (1 switches on core 0)
2026-06-16 11:36:08.278 8 INFO neutron.api.v2.resource [None req-8fd33163-e0ee-4abb-ad54-1d16b4cd59e7 7df78db9a5cc44b9a82b37cde847104b 60a60973c1714b4da5aee5280e3c0f3d - - default default] delete failed (client error): The resource could not be found. [pid: 8|app: 0|req: 655/1388] 10.0.0.21 () {32 vars in 722 bytes} [Tue Jun 16 11:36:08 2026] DELETE /v2.0/routers/4a9699dc-930c-4a12-99ba-82511f8681e9 => generated 135 bytes in 18 msecs (HTTP/1.1 404) 4 headers in 164 bytes (1 switches on core 0)
2026-06-16 11:36:08.295 8 INFO neutron.pecan_wsgi.hooks.translation [None req-222f1583-a915-44f1-b30a-80f4d270b533 7df78db9a5cc44b9a82b37cde847104b 60a60973c1714b4da5aee5280e3c0f3d - - default default] DELETE failed (client error): The resource could not be found. [pid: 8|app: 0|req: 656/1389] 10.0.0.21 () {32 vars in 722 bytes} [Tue Jun 16 11:36:08 2026] DELETE /v2.0/subnets/9aa8e90d-3e79-4de9-ab4a-3391be2f2b0a => generated 136 bytes in 14 msecs (HTTP/1.1 404) 4 headers in 164 bytes (1 switches on core 0) [pid: 8|app: 0|req: 657/1390] 10.0.0.21 () {32 vars in 734 bytes} [Tue Jun 16 11:36:08 2026] GET /v2.0/ports?device_id=9449b485-9cf6-4e8d-a895-02ce6b739138 => generated 12 bytes in 17 msecs (HTTP/1.1 200) 4 headers in 156 bytes (1 switches on core 0)
2026-06-16 11:36:08.338 8 INFO neutron.api.v2.resource [None req-c630f359-c577-4048-8f60-a327d384b523 7df78db9a5cc44b9a82b37cde847104b 60a60973c1714b4da5aee5280e3c0f3d - - default default] delete failed (client error): The resource could not be found. [pid: 8|app: 0|req: 658/1391] 10.0.0.21 () {32 vars in 722 bytes} [Tue Jun 16 11:36:08 2026] DELETE /v2.0/routers/9449b485-9cf6-4e8d-a895-02ce6b739138 => generated 135 bytes in 16 msecs (HTTP/1.1 404) 4 headers in 164 bytes (1 switches on core 0)
2026-06-16 11:36:08.364 8 INFO neutron.pecan_wsgi.hooks.translation [None req-f0843b95-0b25-4e48-ba9b-adedfa5b89d5 7df78db9a5cc44b9a82b37cde847104b 60a60973c1714b4da5aee5280e3c0f3d - - default default] DELETE failed (client error): The resource could not be found. [pid: 8|app: 0|req: 659/1392] 10.0.0.21 () {32 vars in 722 bytes} [Tue Jun 16 11:36:08 2026] DELETE /v2.0/subnets/510cbba9-3323-45b4-bb65-f61ac3f74af5 => generated 136 bytes in 25 msecs (HTTP/1.1 404) 4 headers in 164 bytes (1 switches on core 0)
2026-06-16 11:36:08.386 8 INFO neutron.pecan_wsgi.hooks.translation [None req-7b487dc1-3030-495d-970f-cd984f9954f7 7df78db9a5cc44b9a82b37cde847104b 60a60973c1714b4da5aee5280e3c0f3d - - default default] DELETE failed (client error): The resource could not be found. [pid: 8|app: 0|req: 660/1393] 10.0.0.21 () {32 vars in 722 bytes} [Tue Jun 16 11:36:08 2026] DELETE /v2.0/subnets/436750e9-1e67-43d8-997d-684af44de97d => generated 136 bytes in 15 msecs (HTTP/1.1 404) 4 headers in 164 bytes (1 switches on core 0)
2026-06-16 11:36:08.391 7 INFO neutron.db.ovn_revision_numbers_db [None req-3ecb88d0-dc7b-47c9-becc-f426154d6c8e 42e1fd11b27741a9af6bd99e343bf992 1cbdcc9d74fa4021931f99e7ec33bd4e - - default default] Successfully bumped revision number for resource 18d695c9-20b2-499b-915e-19eaceee13f6 (type: security_groups) to 1
2026-06-16 11:36:08.404 7 INFO neutron.db.ovn_revision_numbers_db [None req-3ecb88d0-dc7b-47c9-becc-f426154d6c8e 42e1fd11b27741a9af6bd99e343bf992 1cbdcc9d74fa4021931f99e7ec33bd4e - - default default] Successfully bumped revision number for resource 4d9b0605-22e4-4a21-ad58-bb0c500498af (type: security_group_rules) to 0
2026-06-16 11:36:08.415 7 INFO neutron.db.ovn_revision_numbers_db [None req-3ecb88d0-dc7b-47c9-becc-f426154d6c8e 42e1fd11b27741a9af6bd99e343bf992 1cbdcc9d74fa4021931f99e7ec33bd4e - - default default] Successfully bumped revision number for resource 6b78bc26-62f8-425e-abb8-25b70c12167e (type: security_group_rules) to 0
2026-06-16 11:36:08.436 7 INFO neutron.db.ovn_revision_numbers_db [None req-3ecb88d0-dc7b-47c9-becc-f426154d6c8e 42e1fd11b27741a9af6bd99e343bf992 1cbdcc9d74fa4021931f99e7ec33bd4e - - default default] Successfully bumped revision number for resource 890c0813-b52e-4d85-adb7-7327f8023373 (type: security_group_rules) to 0
2026-06-16 11:36:08.451 7 INFO neutron.db.ovn_revision_numbers_db [None req-3ecb88d0-dc7b-47c9-becc-f426154d6c8e 42e1fd11b27741a9af6bd99e343bf992 1cbdcc9d74fa4021931f99e7ec33bd4e - - default default] Successfully bumped revision number for resource a0606e91-7a3c-459e-bc09-fbe33dd1936d (type: security_group_rules) to 0
2026-06-16 11:36:08.536 7 INFO neutron.db.segments_db [None req-3ecb88d0-dc7b-47c9-becc-f426154d6c8e 42e1fd11b27741a9af6bd99e343bf992 1cbdcc9d74fa4021931f99e7ec33bd4e - - default default] Added segment 8fecd19b-d371-4d05-8aa3-36226b873e50 of type geneve for network 584efc9f-927c-47fd-9bb3-613bcc794c60 [pid: 8|app: 0|req: 661/1394] 199.204.45.210 () {34 vars in 993 bytes} [Tue Jun 16 11:36:08 2026] GET /v2.0/ports?device_id=2d37d031-b091-4d81-a293-96368aa8a6d5 => generated 971 bytes in 59 msecs (HTTP/1.1 200) 4 headers in 157 bytes (1 switches on core 0)
2026-06-16 11:36:08.684 7 INFO neutron.db.ovn_revision_numbers_db [None req-3ecb88d0-dc7b-47c9-becc-f426154d6c8e 42e1fd11b27741a9af6bd99e343bf992 1cbdcc9d74fa4021931f99e7ec33bd4e - - default default] Successfully bumped revision number for resource 584efc9f-927c-47fd-9bb3-613bcc794c60 (type: networks) to 1
2026-06-16 11:36:08.770 7 WARNING neutron.plugins.ml2.drivers.ovn.mech_driver.ovsdb.ovn_client [None req-b0818d73-4c7f-4aa6-bb7f-705f95da2872 - - - - - -] No port found with ID 3d9ba11e-7897-4eb7-b573-1bbeaae786c6: RuntimeError: No port found with ID 3d9ba11e-7897-4eb7-b573-1bbeaae786c6
2026-06-16 11:36:08.793 8 INFO neutron_taas.services.taas.taas_plugin [req-22d31f68-118c-414c-b3a6-35543658170e req-37dfdd97-db82-43a2-af13-4f703dd445aa d7345420313c4057b36f094f210ffa97 ce0975fd2e58403290bae8351ad541e6 - - default default] TaaS: Handle Delete Port: df5a8d75-b8b6-4337-871a-a184eb6e8176
2026-06-16 11:36:08.796 8 INFO neutron_taas.services.taas.tap_mirror_plugin [req-22d31f68-118c-414c-b3a6-35543658170e req-37dfdd97-db82-43a2-af13-4f703dd445aa d7345420313c4057b36f094f210ffa97 ce0975fd2e58403290bae8351ad541e6 - - default default] Tap Mirror: Handle Delete Port: df5a8d75-b8b6-4337-871a-a184eb6e8176
2026-06-16 11:36:08.810 7 INFO neutron.plugins.ml2.drivers.ovn.mech_driver.mech_driver [None req-b0818d73-4c7f-4aa6-bb7f-705f95da2872 - - - - - -] OVN reports status down for port: dd7bdf54-81bd-445e-a237-efdb25f9541f
2026-06-16 11:36:08.827 7 INFO neutron.plugins.ml2.drivers.ovn.mech_driver.mech_driver [None req-b0818d73-4c7f-4aa6-bb7f-705f95da2872 - - - - - -] OVN reports status up for port: dd7bdf54-81bd-445e-a237-efdb25f9541f
2026-06-16 11:36:08.853 7 INFO neutron.plugins.ml2.drivers.ovn.mech_driver.mech_driver [None req-b0818d73-4c7f-4aa6-bb7f-705f95da2872 - - - - - -] OVN reports status down for port: df5a8d75-b8b6-4337-871a-a184eb6e8176
2026-06-16 11:36:08.986 8 INFO neutron.db.l3_db [req-22d31f68-118c-414c-b3a6-35543658170e req-37dfdd97-db82-43a2-af13-4f703dd445aa d7345420313c4057b36f094f210ffa97 ce0975fd2e58403290bae8351ad541e6 - - default default] Floating IP 76d627d9-d7c8-4451-82aa-5d3dcce81b37 disassociated. External IP: 10.96.250.212, port: df5a8d75-b8b6-4337-871a-a184eb6e8176.
2026-06-16 11:36:08.994 7 WARNING neutron.scheduler.dhcp_agent_scheduler [None req-3ecb88d0-dc7b-47c9-becc-f426154d6c8e 42e1fd11b27741a9af6bd99e343bf992 1cbdcc9d74fa4021931f99e7ec33bd4e - - default default] No more DHCP agents
2026-06-16 11:36:09.000 7 WARNING neutron.api.rpc.agentnotifiers.dhcp_rpc_agent_api [None req-3ecb88d0-dc7b-47c9-becc-f426154d6c8e 42e1fd11b27741a9af6bd99e343bf992 1cbdcc9d74fa4021931f99e7ec33bd4e - - default default] Unable to schedule network 584efc9f-927c-47fd-9bb3-613bcc794c60: no agents available; will retry on subsequent port and subnet creation events.
2026-06-16 11:36:09.096 8 INFO neutron.plugins.ml2.drivers.ovn.mech_driver.mech_driver [None req-bf14439c-9c7c-4a73-82ae-958a848db863 - - - - - -] OVN reports status down for port: 0c0b4500-caa3-45ab-a261-a80405269b7f
2026-06-16 11:36:09.118 7 INFO neutron.db.ovn_revision_numbers_db [None req-3ecb88d0-dc7b-47c9-becc-f426154d6c8e 42e1fd11b27741a9af6bd99e343bf992 1cbdcc9d74fa4021931f99e7ec33bd4e - - default default] Successfully bumped revision number for resource 0c0b4500-caa3-45ab-a261-a80405269b7f (type: ports) to 1 [pid: 7|app: 0|req: 734/1395] 10.0.0.21 () {34 vars in 669 bytes} [Tue Jun 16 11:36:08 2026] POST /v2.0/networks => generated 762 bytes in 1072 msecs (HTTP/1.1 201) 4 headers in 162 bytes (1 switches on core 0) [pid: 8|app: 0|req: 662/1396] 199.204.45.210 () {36 vars in 996 bytes} [Tue Jun 16 11:36:08 2026] DELETE /v2.0/ports/df5a8d75-b8b6-4337-871a-a184eb6e8176 => generated 0 bytes in 606 msecs (HTTP/1.1 204) 3 headers in 131 bytes (1 switches on core 0) [pid: 8|app: 0|req: 663/1397] 10.0.0.183 () {34 vars in 989 bytes} [Tue Jun 16 11:36:09 2026] GET /v2.0/ports?device_id=2d37d031-b091-4d81-a293-96368aa8a6d5 => generated 12 bytes in 33 msecs (HTTP/1.1 200) 4 headers in 156 bytes (1 switches on core 0)
2026-06-16 11:36:09.297 8 INFO neutron.notifiers.nova [-] Nova event matching ['req-8222fe27-1d0d-429a-b13d-1fa0e78139ad'] response: {'server_uuid': '2d37d031-b091-4d81-a293-96368aa8a6d5', 'name': 'network-vif-deleted', 'tag': 'df5a8d75-b8b6-4337-871a-a184eb6e8176', 'status': 'completed', 'code': 200} [pid: 7|app: 0|req: 735/1398] 10.0.0.21 () {32 vars in 772 bytes} [Tue Jun 16 11:36:09 2026] GET /v2.0/security-groups?tenant_id=60a60973c1714b4da5aee5280e3c0f3d&name=default => generated 2925 bytes in 163 msecs (HTTP/1.1 200) 4 headers in 158 bytes (1 switches on core 0)
2026-06-16 11:36:09.455 8 WARNING neutron.scheduler.dhcp_agent_scheduler [None req-639ce6ae-ec41-4505-818c-7acd7257bb9c 42e1fd11b27741a9af6bd99e343bf992 1cbdcc9d74fa4021931f99e7ec33bd4e - - default default] No more DHCP agents
2026-06-16 11:36:09.456 8 WARNING neutron.api.rpc.agentnotifiers.dhcp_rpc_agent_api [None req-639ce6ae-ec41-4505-818c-7acd7257bb9c 42e1fd11b27741a9af6bd99e343bf992 1cbdcc9d74fa4021931f99e7ec33bd4e - - default default] Unable to schedule network 584efc9f-927c-47fd-9bb3-613bcc794c60: no agents available; will retry on subsequent port and subnet creation events. [pid: 7|app: 0|req: 736/1399] 10.0.0.21 () {32 vars in 738 bytes} [Tue Jun 16 11:36:09 2026] DELETE /v2.0/security-groups/e47b4096-1d3d-48a1-a31f-19d6f3576ab2 => generated 0 bytes in 262 msecs (HTTP/1.1 204) 2 headers in 112 bytes (1 switches on core 0)
2026-06-16 11:36:09.618 7 ERROR ovsdbapp.backend.ovs_idl.command [None req-b0818d73-4c7f-4aa6-bb7f-705f95da2872 - - - - - -] Error executing command (LspGetUpCommand): ovsdbapp.backend.ovs_idl.idlutils.RowNotFound: Cannot find Logical_Switch_Port with name=df5a8d75-b8b6-4337-871a-a184eb6e8176
2026-06-16 11:36:09.618 7 ERROR ovsdbapp.backend.ovs_idl.command
Traceback (most recent call last):
2026-06-16 11:36:09.618 7 ERROR ovsdbapp.backend.ovs_idl.command
File "/var/lib/openstack/lib/python3.12/site-packages/ovsdbapp/backend/ovs_idl/command.py", line 47, in execute
2026-06-16 11:36:09.618 7 ERROR ovsdbapp.backend.ovs_idl.command self.run_idl(None)
2026-06-16 11:36:09.618 7 ERROR ovsdbapp.backend.ovs_idl.command
File "/var/lib/openstack/lib/python3.12/site-packages/ovsdbapp/schema/ovn_northbound/commands.py", line 681, in run_idl
2026-06-16 11:36:09.618 7 ERROR ovsdbapp.backend.ovs_idl.command lsp = self.api.lookup('Logical_Switch_Port', self.port)
2026-06-16 11:36:09.618 7 ERROR ovsdbapp.backend.ovs_idl.command ^^^^^^^^^^^^^^^^^^^^^^^^^^^^^^^^^^^^^^^^^^^^^^^^^
2026-06-16 11:36:09.618 7 ERROR ovsdbapp.backend.ovs_idl.command
File "/var/lib/openstack/lib/python3.12/site-packages/ovsdbapp/backend/ovs_idl/__init__.py", line 184, in lookup
2026-06-16 11:36:09.618 7 ERROR ovsdbapp.backend.ovs_idl.command return self._lookup(table, record)
2026-06-16 11:36:09.618 7 ERROR ovsdbapp.backend.ovs_idl.command ^^^^^^^^^^^^^^^^^^^^^^^^^^^
2026-06-16 11:36:09.618 7 ERROR ovsdbapp.backend.ovs_idl.command
File "/var/lib/openstack/lib/python3.12/site-packages/ovsdbapp/backend/ovs_idl/__init__.py", line 235, in _lookup
2026-06-16 11:36:09.618 7 ERROR ovsdbapp.backend.ovs_idl.command row = idlutils.row_by_value(self, rl.table, rl.column, record)
2026-06-16 11:36:09.618 7 ERROR ovsdbapp.backend.ovs_idl.command ^^^^^^^^^^^^^^^^^^^^^^^^^^^^^^^^^^^^^^^^^^^^^^^^^^^^^^^^
2026-06-16 11:36:09.618 7 ERROR ovsdbapp.backend.ovs_idl.command
File "/var/lib/openstack/lib/python3.12/site-packages/ovsdbapp/backend/ovs_idl/idlutils.py", line 114, in row_by_value
2026-06-16 11:36:09.618 7 ERROR ovsdbapp.backend.ovs_idl.command raise RowNotFound(table=table, col=column, match=match)
2026-06-16 11:36:09.618 7 ERROR ovsdbapp.backend.ovs_idl.command ovsdbapp.backend.ovs_idl.idlutils.RowNotFound: Cannot find Logical_Switch_Port with name=df5a8d75-b8b6-4337-871a-a184eb6e8176
2026-06-16 11:36:09.618 7 ERROR ovsdbapp.backend.ovs_idl.command
2026-06-16 11:36:09.621 7 ERROR ovsdbapp.event [None req-b0818d73-4c7f-4aa6-bb7f-705f95da2872 - - - - - -] Unexpected exception in notify_loop: ovsdbapp.backend.ovs_idl.idlutils.RowNotFound: Cannot find Logical_Switch_Port with name=df5a8d75-b8b6-4337-871a-a184eb6e8176
2026-06-16 11:36:09.621 7 ERROR ovsdbapp.event
Traceback (most recent call last):
2026-06-16 11:36:09.621 7 ERROR ovsdbapp.event
File "/var/lib/openstack/lib/python3.12/site-packages/ovsdbapp/event.py", line 177, in notify_loop
2026-06-16 11:36:09.621 7 ERROR ovsdbapp.event match.run(event, row, updates)
2026-06-16 11:36:09.621 7 ERROR ovsdbapp.event
File "/var/lib/openstack/lib/python3.12/site-packages/neutron/plugins/ml2/drivers/ovn/mech_driver/ovsdb/ovsdb_monitor.py", line 567, in run
2026-06-16 11:36:09.621 7 ERROR ovsdbapp.event self.driver.set_port_status_down(row.name)
2026-06-16 11:36:09.621 7 ERROR ovsdbapp.event
File "/var/lib/openstack/lib/python3.12/site-packages/neutron/plugins/ml2/drivers/ovn/mech_driver/mech_driver.py", line 1379, in set_port_status_down
2026-06-16 11:36:09.621 7 ERROR ovsdbapp.event self._ovn_client.update_lsp_host_info(
2026-06-16 11:36:09.621 7 ERROR ovsdbapp.event
File "/var/lib/openstack/lib/python3.12/site-packages/neutron/plugins/ml2/drivers/ovn/mech_driver/ovsdb/ovn_client.py", line 305, in update_lsp_host_info
2026-06-16 11:36:09.621 7 ERROR ovsdbapp.event port_up = self._nb_idl.lsp_get_up(db_port.id).execute(
2026-06-16 11:36:09.621 7 ERROR ovsdbapp.event ^^^^^^^^^^^^^^^^^^^^^^^^^^^^^^^^^^^^^^^^^^^^
2026-06-16 11:36:09.621 7 ERROR ovsdbapp.event
File "/var/lib/openstack/lib/python3.12/site-packages/ovsdbapp/backend/ovs_idl/command.py", line 47, in execute
2026-06-16 11:36:09.621 7 ERROR ovsdbapp.event self.run_idl(None)
2026-06-16 11:36:09.621 7 ERROR ovsdbapp.event
File "/var/lib/openstack/lib/python3.12/site-packages/ovsdbapp/schema/ovn_northbound/commands.py", line 681, in run_idl
2026-06-16 11:36:09.621 7 ERROR ovsdbapp.event lsp = self.api.lookup('Logical_Switch_Port', self.port)
2026-06-16 11:36:09.621 7 ERROR ovsdbapp.event ^^^^^^^^^^^^^^^^^^^^^^^^^^^^^^^^^^^^^^^^^^^^^^^^^
2026-06-16 11:36:09.621 7 ERROR ovsdbapp.event
File "/var/lib/openstack/lib/python3.12/site-packages/ovsdbapp/backend/ovs_idl/__init__.py", line 184, in lookup
2026-06-16 11:36:09.621 7 ERROR ovsdbapp.event return self._lookup(table, record)
2026-06-16 11:36:09.621 7 ERROR ovsdbapp.event ^^^^^^^^^^^^^^^^^^^^^^^^^^^
2026-06-16 11:36:09.621 7 ERROR ovsdbapp.event
File "/var/lib/openstack/lib/python3.12/site-packages/ovsdbapp/backend/ovs_idl/__init__.py", line 235, in _lookup
2026-06-16 11:36:09.621 7 ERROR ovsdbapp.event row = idlutils.row_by_value(self, rl.table, rl.column, record)
2026-06-16 11:36:09.621 7 ERROR ovsdbapp.event ^^^^^^^^^^^^^^^^^^^^^^^^^^^^^^^^^^^^^^^^^^^^^^^^^^^^^^^^
2026-06-16 11:36:09.621 7 ERROR ovsdbapp.event
File "/var/lib/openstack/lib/python3.12/site-packages/ovsdbapp/backend/ovs_idl/idlutils.py", line 114, in row_by_value
2026-06-16 11:36:09.621 7 ERROR ovsdbapp.event raise RowNotFound(table=table, col=column, match=match)
2026-06-16 11:36:09.621 7 ERROR ovsdbapp.event ovsdbapp.backend.ovs_idl.idlutils.RowNotFound: Cannot find Logical_Switch_Port with name=df5a8d75-b8b6-4337-871a-a184eb6e8176
2026-06-16 11:36:09.621 7 ERROR ovsdbapp.event
2026-06-16 11:36:09.661 7 INFO neutron.notifiers.nova [-] Nova event matching ['req-f4a79218-6f0a-4e0f-af2f-2e3981ef6753'] response: {'server_uuid': '2d37d031-b091-4d81-a293-96368aa8a6d5', 'name': 'network-vif-unplugged', 'status': 'completed', 'tag': 'df5a8d75-b8b6-4337-871a-a184eb6e8176', 'code': 200}
2026-06-16 11:36:09.974 8 INFO neutron.db.ovn_revision_numbers_db [None req-ad30ded5-7872-417e-aa4f-08a9ffb24909 - - - - - -] Successfully bumped revision number for resource 0c0b4500-caa3-45ab-a261-a80405269b7f (type: ports) to 2
2026-06-16 11:36:10.015 8 INFO neutron.db.ovn_revision_numbers_db [None req-ad30ded5-7872-417e-aa4f-08a9ffb24909 - - - - - -] Successfully bumped revision number for resource 60c40f1d-dfb3-4a54-a5d7-fcf53c64e974 (type: subnets) to 0 [pid: 8|app: 0|req: 664/1400] 10.0.0.21 () {34 vars in 667 bytes} [Tue Jun 16 11:36:09 2026] POST /v2.0/subnets => generated 688 bytes in 750 msecs (HTTP/1.1 201) 4 headers in 162 bytes (1 switches on core 0) /var/lib/openstack/lib/python3.12/site-packages/pycadf/identifier.py:70: UserWarning: Invalid uuid: neutron. To ensure interoperability, identifiers should be a valid uuid. warnings.warn(('Invalid uuid: %s. To ensure interoperability, ' [pid: 7|app: 0|req: 737/1401] 10.0.0.7 () {28 vars in 580 bytes} [Tue Jun 16 11:36:09 2026] GET /v2.0/subnets => generated 2667 bytes in 313 msecs (HTTP/1.1 200) 4 headers in 158 bytes (1 switches on core 0) [pid: 7|app: 0|req: 738/1402] 10.0.0.7 () {28 vars in 580 bytes} [Tue Jun 16 11:36:10 2026] GET /v2.0/routers => generated 1589 bytes in 73 msecs (HTTP/1.1 200) 4 headers in 158 bytes (1 switches on core 0) [pid: 7|app: 0|req: 739/1403] 10.0.0.7 () {28 vars in 621 bytes} [Tue Jun 16 11:36:10 2026] GET /v2.0/agents?binary=ovn-controller => generated 416 bytes in 10 msecs (HTTP/1.1 200) 4 headers in 157 bytes (1 switches on core 0) [pid: 7|app: 0|req: 740/1404] 10.0.0.7 () {28 vars in 596 bytes} [Tue Jun 16 11:36:10 2026] GET /v2.0/security-groups => generated 26075 bytes in 39 msecs (HTTP/1.1 200) 4 headers in 159 bytes (1 switches on core 0) [pid: 7|app: 0|req: 741/1405] 10.0.0.7 () {28 vars in 578 bytes} [Tue Jun 16 11:36:10 2026] GET /v2.0/agents => generated 1214 bytes in 17 msecs (HTTP/1.1 200) 4 headers in 158 bytes (1 switches on core 0) [pid: 7|app: 0|req: 742/1406] 10.0.0.7 () {28 vars in 616 bytes} [Tue Jun 16 11:36:10 2026] GET /v2.0/network-ip-availabilities => generated 2054 bytes in 17 msecs (HTTP/1.1 200) 4 headers in 158 bytes (1 switches on core 0) [pid: 7|app: 0|req: 743/1407] 10.0.0.183 () {34 vars in 989 bytes} [Tue Jun 16 11:36:10 2026] GET /v2.0/ports?device_id=2d37d031-b091-4d81-a293-96368aa8a6d5 => generated 12 bytes in 22 msecs (HTTP/1.1 200) 4 headers in 156 bytes (1 switches on core 0) [pid: 7|app: 0|req: 744/1408] 10.0.0.7 () {28 vars in 588 bytes} [Tue Jun 16 11:36:10 2026] GET /v2.0/floatingips => generated 555 bytes in 24 msecs (HTTP/1.1 200) 4 headers in 157 bytes (1 switches on core 0) [pid: 7|app: 0|req: 745/1409] 10.0.0.7 () {28 vars in 576 bytes} [Tue Jun 16 11:36:10 2026] GET /v2.0/ports => generated 10445 bytes in 66 msecs (HTTP/1.1 200) 4 headers in 159 bytes (1 switches on core 0)
2026-06-16 11:36:10.496 8 WARNING neutron.scheduler.dhcp_agent_scheduler [None req-3848dd91-ef62-461f-900b-78d304c9d5de 42e1fd11b27741a9af6bd99e343bf992 1cbdcc9d74fa4021931f99e7ec33bd4e - - default default] No more DHCP agents
2026-06-16 11:36:10.498 8 WARNING neutron.api.rpc.agentnotifiers.dhcp_rpc_agent_api [None req-3848dd91-ef62-461f-900b-78d304c9d5de 42e1fd11b27741a9af6bd99e343bf992 1cbdcc9d74fa4021931f99e7ec33bd4e - - default default] Unable to schedule network ba8a7a43-4a09-45e4-b098-2b7805aa75bf: no agents available; will retry on subsequent port and subnet creation events. [pid: 7|app: 0|req: 746/1410] 10.0.0.7 () {28 vars in 582 bytes} [Tue Jun 16 11:36:10 2026] GET /v2.0/networks => generated 3881 bytes in 61 msecs (HTTP/1.1 200) 4 headers in 158 bytes (1 switches on core 0) [pid: 7|app: 0|req: 747/1411] 10.0.0.7 () {28 vars in 580 bytes} [Tue Jun 16 11:36:10 2026] GET /v2.0/subnets => generated 2667 bytes in 35 msecs (HTTP/1.1 200) 4 headers in 158 bytes (1 switches on core 0) [pid: 7|app: 0|req: 748/1412] 10.0.0.7 () {28 vars in 588 bytes} [Tue Jun 16 11:36:10 2026] GET /v2.0/subnetpools => generated 19 bytes in 28 msecs (HTTP/1.1 200) 4 headers in 156 bytes (1 switches on core 0)
2026-06-16 11:36:10.638 7 INFO neutron.plugins.ml2.drivers.ovn.mech_driver.mech_driver [None req-b0818d73-4c7f-4aa6-bb7f-705f95da2872 - - - - - -] OVN reports status down for port: fde253bd-1286-418e-b4e7-e1fa378b0c08
2026-06-16 11:36:10.684 8 INFO neutron.db.ovn_revision_numbers_db [None req-3848dd91-ef62-461f-900b-78d304c9d5de 42e1fd11b27741a9af6bd99e343bf992 1cbdcc9d74fa4021931f99e7ec33bd4e - - default default] Successfully bumped revision number for resource fde253bd-1286-418e-b4e7-e1fa378b0c08 (type: ports) to 1
2026-06-16 11:36:11.381 8 INFO neutron.plugins.ml2.drivers.ovn.mech_driver.ovsdb.commands [None req-806b691c-8e98-41c4-8248-a9dc83d8bbf5 - - - - - -] Schedule LRP lrp-fde253bd-1286-418e-b4e7-e1fa378b0c08 on gateway 15f1f28e-0585-4fc5-bcce-ddb479a9bdd4 with priority 1
2026-06-16 11:36:11.395 7 INFO neutron.plugins.ml2.drivers.ovn.mech_driver.mech_driver [None req-b0818d73-4c7f-4aa6-bb7f-705f95da2872 - - - - - -] OVN reports status up for port: fde253bd-1286-418e-b4e7-e1fa378b0c08
2026-06-16 11:36:11.413 7 INFO neutron.plugins.ml2.drivers.ovn.mech_driver.ovsdb.ovsdb_monitor [None req-0904d5f9-16dc-4326-a789-d4a0fb1bcb73 - - - - - -] Router d2d8902a-3f44-4eee-acc3-c55453c90efc is bound to host instance
2026-06-16 11:36:11.414 7 INFO neutron.plugins.ml2.plugin [None req-b0818d73-4c7f-4aa6-bb7f-705f95da2872 - - - - - -] Attempt 1 to provision port fde253bd-1286-418e-b4e7-e1fa378b0c08
2026-06-16 11:36:11.442 8 INFO neutron.db.ovn_revision_numbers_db [None req-3848dd91-ef62-461f-900b-78d304c9d5de 42e1fd11b27741a9af6bd99e343bf992 1cbdcc9d74fa4021931f99e7ec33bd4e - - default default] Successfully bumped revision number for resource fde253bd-1286-418e-b4e7-e1fa378b0c08 (type: router_ports) to 1
2026-06-16 11:36:11.526 8 INFO neutron.db.ovn_revision_numbers_db [None req-3848dd91-ef62-461f-900b-78d304c9d5de 42e1fd11b27741a9af6bd99e343bf992 1cbdcc9d74fa4021931f99e7ec33bd4e - - default default] Successfully bumped revision number for resource d2d8902a-3f44-4eee-acc3-c55453c90efc (type: routers) to 2 [pid: 8|app: 0|req: 665/1415] 10.0.0.21 () {34 vars in 667 bytes} [Tue Jun 16 11:36:10 2026] POST /v2.0/routers => generated 966 bytes in 1510 msecs (HTTP/1.1 201) 4 headers in 162 bytes (1 switches on core 0) [pid: 8|app: 0|req: 666/1416] 10.0.0.183 () {34 vars in 989 bytes} [Tue Jun 16 11:36:11 2026] GET /v2.0/ports?device_id=2d37d031-b091-4d81-a293-96368aa8a6d5 => generated 12 bytes in 23 msecs (HTTP/1.1 200) 4 headers in 156 bytes (1 switches on core 0)
2026-06-16 11:36:11.822 7 INFO neutron.db.ovn_revision_numbers_db [None req-ad24c705-5294-4b3b-a4d1-1c3fda22f376 66dfb5ab3e0846c2b8c2ea27a8594e77 5aeeae0007644b69ade54008e2eaef2f - - default default] Successfully bumped revision number for resource 056f5ffc-18cb-4ae9-9581-f0a235c9cf08 (type: security_groups) to 1
2026-06-16 11:36:11.861 7 INFO neutron.db.ovn_revision_numbers_db [None req-ad24c705-5294-4b3b-a4d1-1c3fda22f376 66dfb5ab3e0846c2b8c2ea27a8594e77 5aeeae0007644b69ade54008e2eaef2f - - default default] Successfully bumped revision number for resource 1a44e3b5-bf0d-4161-a1d1-464dc6fc4cf2 (type: security_group_rules) to 0
2026-06-16 11:36:11.897 7 INFO neutron.db.ovn_revision_numbers_db [None req-ad24c705-5294-4b3b-a4d1-1c3fda22f376 66dfb5ab3e0846c2b8c2ea27a8594e77 5aeeae0007644b69ade54008e2eaef2f - - default default] Successfully bumped revision number for resource c80d263d-9bbe-46d7-a49b-609c8d15950a (type: security_group_rules) to 0
2026-06-16 11:36:11.916 7 INFO neutron.db.ovn_revision_numbers_db [None req-ad24c705-5294-4b3b-a4d1-1c3fda22f376 66dfb5ab3e0846c2b8c2ea27a8594e77 5aeeae0007644b69ade54008e2eaef2f - - default default] Successfully bumped revision number for resource cfbb72fe-e331-4875-916b-16d682593874 (type: security_group_rules) to 0
2026-06-16 11:36:11.935 7 INFO neutron.db.ovn_revision_numbers_db [None req-ad24c705-5294-4b3b-a4d1-1c3fda22f376 66dfb5ab3e0846c2b8c2ea27a8594e77 5aeeae0007644b69ade54008e2eaef2f - - default default] Successfully bumped revision number for resource ee3f324a-dcf9-4a91-ab0a-36ea4a4c028c (type: security_group_rules) to 0
2026-06-16 11:36:12.052 8 WARNING neutron.scheduler.dhcp_agent_scheduler [None req-47a0232e-5642-4bb5-aa99-1077e94ca520 42e1fd11b27741a9af6bd99e343bf992 1cbdcc9d74fa4021931f99e7ec33bd4e - - default default] No more DHCP agents
2026-06-16 11:36:12.053 8 WARNING neutron.api.rpc.agentnotifiers.dhcp_rpc_agent_api [None req-47a0232e-5642-4bb5-aa99-1077e94ca520 42e1fd11b27741a9af6bd99e343bf992 1cbdcc9d74fa4021931f99e7ec33bd4e - - default default] Unable to schedule network 584efc9f-927c-47fd-9bb3-613bcc794c60: no agents available; will retry on subsequent port and subnet creation events.
2026-06-16 11:36:12.090 7 INFO neutron.db.ovn_revision_numbers_db [None req-ad24c705-5294-4b3b-a4d1-1c3fda22f376 66dfb5ab3e0846c2b8c2ea27a8594e77 5aeeae0007644b69ade54008e2eaef2f - - default default] Successfully bumped revision number for resource 16a89d4e-1b13-41ef-8206-2e6e5b4cd1f7 (type: security_groups) to 1
2026-06-16 11:36:12.107 7 INFO neutron.db.ovn_revision_numbers_db [None req-ad24c705-5294-4b3b-a4d1-1c3fda22f376 66dfb5ab3e0846c2b8c2ea27a8594e77 5aeeae0007644b69ade54008e2eaef2f - - default default] Successfully bumped revision number for resource c3e258e3-5a0f-4c13-8558-57ff9224020a (type: security_group_rules) to 0
2026-06-16 11:36:12.132 7 INFO neutron.db.ovn_revision_numbers_db [None req-ad24c705-5294-4b3b-a4d1-1c3fda22f376 66dfb5ab3e0846c2b8c2ea27a8594e77 5aeeae0007644b69ade54008e2eaef2f - - default default] Successfully bumped revision number for resource ccca5661-d33a-4a77-84ee-72b0860a5450 (type: security_group_rules) to 0
2026-06-16 11:36:12.188 8 INFO neutron.db.ovn_revision_numbers_db [None req-47a0232e-5642-4bb5-aa99-1077e94ca520 42e1fd11b27741a9af6bd99e343bf992 1cbdcc9d74fa4021931f99e7ec33bd4e - - default default] Successfully bumped revision number for resource 1fd1c1fa-80eb-4183-a7a9-2f4808bd75ca (type: ports) to 1 [pid: 7|app: 0|req: 751/1417] 10.0.0.21 () {34 vars in 682 bytes} [Tue Jun 16 11:36:11 2026] POST /v2.0/security-groups => generated 1625 bytes in 890 msecs (HTTP/1.1 201) 4 headers in 163 bytes (1 switches on core 0) [pid: 7|app: 0|req: 752/1418] 10.0.0.21 () {32 vars in 661 bytes} [Tue Jun 16 11:36:12 2026] GET /v2.0/security-groups => generated 4530 bytes in 49 msecs (HTTP/1.1 200) 4 headers in 158 bytes (1 switches on core 0)
2026-06-16 11:36:12.402 7 INFO neutron.db.ovn_revision_numbers_db [None req-022b9336-fd62-455c-9598-06e133bb21d8 66dfb5ab3e0846c2b8c2ea27a8594e77 5aeeae0007644b69ade54008e2eaef2f - - default default] Successfully bumped revision number for resource 16a89d4e-1b13-41ef-8206-2e6e5b4cd1f7 (type: security_groups) to 2 [pid: 7|app: 0|req: 753/1419] 10.0.0.21 () {34 vars in 756 bytes} [Tue Jun 16 11:36:12 2026] PUT /v2.0/security-groups/16a89d4e-1b13-41ef-8206-2e6e5b4cd1f7 => generated 1664 bytes in 169 msecs (HTTP/1.1 200) 4 headers in 158 bytes (1 switches on core 0) [pid: 7|app: 0|req: 754/1420] 10.0.0.21 () {32 vars in 735 bytes} [Tue Jun 16 11:36:12 2026] GET /v2.0/security-groups/16a89d4e-1b13-41ef-8206-2e6e5b4cd1f7 => generated 1664 bytes in 46 msecs (HTTP/1.1 200) 4 headers in 158 bytes (1 switches on core 0) [pid: 7|app: 0|req: 755/1421] 10.0.0.21 () {32 vars in 738 bytes} [Tue Jun 16 11:36:12 2026] DELETE /v2.0/security-groups/16a89d4e-1b13-41ef-8206-2e6e5b4cd1f7 => generated 0 bytes in 248 msecs (HTTP/1.1 204) 2 headers in 112 bytes (1 switches on core 0)
2026-06-16 11:36:12.859 8 WARNING neutron.scheduler.dhcp_agent_scheduler [None req-47a0232e-5642-4bb5-aa99-1077e94ca520 42e1fd11b27741a9af6bd99e343bf992 1cbdcc9d74fa4021931f99e7ec33bd4e - - default default] No more DHCP agents
2026-06-16 11:36:12.861 8 WARNING neutron.api.rpc.agentnotifiers.dhcp_rpc_agent_api [None req-47a0232e-5642-4bb5-aa99-1077e94ca520 42e1fd11b27741a9af6bd99e343bf992 1cbdcc9d74fa4021931f99e7ec33bd4e - - default default] Unable to schedule network 584efc9f-927c-47fd-9bb3-613bcc794c60: no agents available; will retry on subsequent port and subnet creation events.
2026-06-16 11:36:12.896 7 INFO neutron.db.ovn_revision_numbers_db [None req-1a99d6ca-a9a1-47e0-8965-8f364a62fc11 - - - - - -] Successfully bumped revision number for resource fde253bd-1286-418e-b4e7-e1fa378b0c08 (type: ports) to 4 [pid: 7|app: 0|req: 756/1422] 10.0.0.21 () {32 vars in 738 bytes} [Tue Jun 16 11:36:12 2026] DELETE /v2.0/security-groups/bf855450-8629-45c5-bc0a-8ee5784d305f => generated 0 bytes in 253 msecs (HTTP/1.1 204) 2 headers in 112 bytes (1 switches on core 0) [pid: 7|app: 0|req: 757/1423] 10.0.0.21 () {32 vars in 661 bytes} [Tue Jun 16 11:36:13 2026] GET /v2.0/security-groups => generated 2925 bytes in 57 msecs (HTTP/1.1 200) 4 headers in 158 bytes (1 switches on core 0)
2026-06-16 11:36:13.095 7 INFO neutron.api.v2.resource [None req-77b57732-eb0d-4885-87be-1d0661e9f141 d7345420313c4057b36f094f210ffa97 ce0975fd2e58403290bae8351ad541e6 - - default default] show failed (client error): The resource could not be found. [pid: 7|app: 0|req: 758/1424] 10.0.0.21 () {32 vars in 735 bytes} [Tue Jun 16 11:36:13 2026] GET /v2.0/security-groups/bf855450-8629-45c5-bc0a-8ee5784d305f => generated 146 bytes in 23 msecs (HTTP/1.1 404) 4 headers in 164 bytes (1 switches on core 0)
2026-06-16 11:36:13.125 7 INFO neutron.api.v2.resource [None req-5bac592d-329e-4347-b38b-cd21e8d3cfb5 66dfb5ab3e0846c2b8c2ea27a8594e77 5aeeae0007644b69ade54008e2eaef2f - - default default] delete failed (client error): The resource could not be found. [pid: 7|app: 0|req: 759/1425] 10.0.0.21 () {32 vars in 738 bytes} [Tue Jun 16 11:36:13 2026] DELETE /v2.0/security-groups/16a89d4e-1b13-41ef-8206-2e6e5b4cd1f7 => generated 146 bytes in 29 msecs (HTTP/1.1 404) 4 headers in 164 bytes (1 switches on core 0)
2026-06-16 11:36:13.398 8 INFO neutron.db.ovn_revision_numbers_db [None req-47a0232e-5642-4bb5-aa99-1077e94ca520 42e1fd11b27741a9af6bd99e343bf992 1cbdcc9d74fa4021931f99e7ec33bd4e - - default default] Successfully bumped revision number for resource 1fd1c1fa-80eb-4183-a7a9-2f4808bd75ca (type: router_ports) to 1 [pid: 8|app: 0|req: 667/1426] 10.0.0.21 () {34 vars in 781 bytes} [Tue Jun 16 11:36:11 2026] PUT /v2.0/routers/d2d8902a-3f44-4eee-acc3-c55453c90efc/add_router_interface => generated 309 bytes in 1834 msecs (HTTP/1.1 200) 4 headers in 157 bytes (1 switches on core 0)
2026-06-16 11:36:13.504 8 INFO neutron.db.ovn_revision_numbers_db [None req-64a930fc-4ccf-415b-bcf8-223c2edc68bd 66dfb5ab3e0846c2b8c2ea27a8594e77 5aeeae0007644b69ade54008e2eaef2f - - default default] Successfully bumped revision number for resource e8396be7-9681-4105-ae63-9c792cff8062 (type: security_groups) to 1
2026-06-16 11:36:13.520 8 INFO neutron.db.ovn_revision_numbers_db [None req-64a930fc-4ccf-415b-bcf8-223c2edc68bd 66dfb5ab3e0846c2b8c2ea27a8594e77 5aeeae0007644b69ade54008e2eaef2f - - default default] Successfully bumped revision number for resource 6885b622-8410-4136-835c-a60702c474db (type: security_group_rules) to 0
2026-06-16 11:36:13.537 8 INFO neutron.db.ovn_revision_numbers_db [None req-64a930fc-4ccf-415b-bcf8-223c2edc68bd 66dfb5ab3e0846c2b8c2ea27a8594e77 5aeeae0007644b69ade54008e2eaef2f - - default default] Successfully bumped revision number for resource da039141-c2ad-481f-9ef3-226ac988374f (type: security_group_rules) to 0
2026-06-16 11:36:13.538 7 INFO neutron_taas.services.taas.taas_plugin [None req-2790ce29-3bb4-4052-b657-9c441f223538 d7345420313c4057b36f094f210ffa97 ce0975fd2e58403290bae8351ad541e6 - - default default] TaaS: Handle Delete Port: 43f97111-9a9e-4de3-beac-c62b9b3fe574
2026-06-16 11:36:13.549 7 INFO neutron_taas.services.taas.tap_mirror_plugin [None req-2790ce29-3bb4-4052-b657-9c441f223538 d7345420313c4057b36f094f210ffa97 ce0975fd2e58403290bae8351ad541e6 - - default default] Tap Mirror: Handle Delete Port: 43f97111-9a9e-4de3-beac-c62b9b3fe574 [pid: 8|app: 0|req: 668/1427] 10.0.0.21 () {34 vars in 682 bytes} [Tue Jun 16 11:36:13 2026] POST /v2.0/security-groups => generated 1624 bytes in 175 msecs (HTTP/1.1 201) 4 headers in 163 bytes (1 switches on core 0)
2026-06-16 11:36:13.594 7 INFO neutron.db.ovn_revision_numbers_db [None req-1a99d6ca-a9a1-47e0-8965-8f364a62fc11 - - - - - -] Successfully bumped revision number for resource fde253bd-1286-418e-b4e7-e1fa378b0c08 (type: ports) to 5
2026-06-16 11:36:13.817 7 INFO neutron.plugins.ml2.drivers.ovn.mech_driver.mech_driver [None req-b0818d73-4c7f-4aa6-bb7f-705f95da2872 - - - - - -] OVN reports status down for port: 1fd1c1fa-80eb-4183-a7a9-2f4808bd75ca [pid: 7|app: 0|req: 760/1428] 10.0.0.21 () {32 vars in 730 bytes} [Tue Jun 16 11:36:13 2026] DELETE /v2.0/floatingips/76d627d9-d7c8-4451-82aa-5d3dcce81b37 => generated 0 bytes in 701 msecs (HTTP/1.1 204) 2 headers in 112 bytes (1 switches on core 0)
2026-06-16 11:36:13.880 8 INFO neutron.db.ovn_revision_numbers_db [None req-295d6048-1e75-465a-a9c9-5a6e5df153cc 42e1fd11b27741a9af6bd99e343bf992 1cbdcc9d74fa4021931f99e7ec33bd4e - - default default] Successfully bumped revision number for resource 77270d3e-1ecd-4734-b839-174ba705037c (type: security_groups) to 1
2026-06-16 11:36:13.894 8 INFO neutron.db.ovn_revision_numbers_db [None req-295d6048-1e75-465a-a9c9-5a6e5df153cc 42e1fd11b27741a9af6bd99e343bf992 1cbdcc9d74fa4021931f99e7ec33bd4e - - default default] Successfully bumped revision number for resource 1dfe90c3-7501-4919-8a5d-58238e189201 (type: security_group_rules) to 0
2026-06-16 11:36:13.921 8 INFO neutron.db.ovn_revision_numbers_db [None req-295d6048-1e75-465a-a9c9-5a6e5df153cc 42e1fd11b27741a9af6bd99e343bf992 1cbdcc9d74fa4021931f99e7ec33bd4e - - default default] Successfully bumped revision number for resource 741e7a9d-e6f9-435b-968c-910bf896e443 (type: security_group_rules) to 0
2026-06-16 11:36:13.937 8 INFO neutron.db.ovn_revision_numbers_db [None req-295d6048-1e75-465a-a9c9-5a6e5df153cc 42e1fd11b27741a9af6bd99e343bf992 1cbdcc9d74fa4021931f99e7ec33bd4e - - default default] Successfully bumped revision number for resource 9984bf06-7b33-45dd-ab7e-290f170b4b10 (type: security_group_rules) to 0
2026-06-16 11:36:13.948 7 WARNING neutron.plugins.ml2.drivers.ovn.mech_driver.ovsdb.ovn_client [None req-b0818d73-4c7f-4aa6-bb7f-705f95da2872 - - - - - -] Logical_Switch_Port %s host information not removed, the port state is up
2026-06-16 11:36:13.948 7 INFO neutron.plugins.ml2.drivers.ovn.mech_driver.mech_driver [None req-b0818d73-4c7f-4aa6-bb7f-705f95da2872 - - - - - -] OVN reports status up for port: 1fd1c1fa-80eb-4183-a7a9-2f4808bd75ca
2026-06-16 11:36:13.949 8 INFO neutron.db.ovn_revision_numbers_db [None req-295d6048-1e75-465a-a9c9-5a6e5df153cc 42e1fd11b27741a9af6bd99e343bf992 1cbdcc9d74fa4021931f99e7ec33bd4e - - default default] Successfully bumped revision number for resource f18d6c10-ffae-4bc6-966b-e3a2e0aa9f1e (type: security_group_rules) to 0
