Mar 23 17:26:15.484765 np0000160375 devstack@neutron-api.service[102407]: INFO neutron.api.extensions [None req-8cdcfa86-ccf4-4a10-a901-fcb85b1a2b11 None None] Extension qos-rule-type-details not supported by any of loaded plugins
Mar 23 17:26:15.484791 np0000160375 devstack@neutron-api.service[102405]: DEBUG neutron.api.extensions [None req-9806a0fc-909c-4c27-b3e0-4689572c9749 None None] Loading extension file: port_mac_address_regenerate.py {{(pid=102405) _load_all_extensions_from_path /opt/stack/neutron/neutron/api/extensions.py:449}}
Mar 23 17:26:15.484850 np0000160375 devstack@neutron-api.service[102407]: DEBUG neutron.api.extensions [None req-8cdcfa86-ccf4-4a10-a901-fcb85b1a2b11 None None] Loading extension file: qos_rule_type_filter.py {{(pid=102407) _load_all_extensions_from_path /opt/stack/neutron/neutron/api/extensions.py:449}}
Mar 23 17:26:15.484880 np0000160375 devstack@neutron-api.service[102406]: DEBUG neutron.quota.resource_registry [None req-6618a25b-d8ab-4521-b4fd-2632e6dc7064 None None] Tracking information for resource: router configured {{(pid=102406) set_tracked_resource /opt/stack/neutron/neutron/quota/resource_registry.py:203}}
Mar 23 17:26:15.484946 np0000160375 devstack@neutron-api.service[102406]: DEBUG neutron.quota.resource_registry [None req-6618a25b-d8ab-4521-b4fd-2632e6dc7064 None None] Tracking information for resource: floatingip configured {{(pid=102406) set_tracked_resource /opt/stack/neutron/neutron/quota/resource_registry.py:203}}
Mar 23 17:26:15.485056 np0000160375 devstack@neutron-api.service[102405]: DEBUG neutron.api.extensions [None req-9806a0fc-909c-4c27-b3e0-4689572c9749 None None] Ext name="Neutron Port MAC address regenerate" alias="port-mac-address-regenerate" description="Network port MAC address regenerate" updated="2018-05-03T10:00:00-00:00" {{(pid=102405) _check_extension /opt/stack/neutron/neutron/api/extensions.py:415}}
Mar 23 17:26:15.485136 np0000160375 devstack@neutron-api.service[102406]: INFO neutron.services.ovn_l3.plugin [None req-6618a25b-d8ab-4521-b4fd-2632e6dc7064 None None] Starting OVNL3RouterPlugin
Mar 23 17:26:15.485162 np0000160375 devstack@neutron-api.service[102407]: DEBUG neutron.api.extensions [None req-8cdcfa86-ccf4-4a10-a901-fcb85b1a2b11 None None] Ext name="Allow to filter the list of QoS rule types" alias="qos-rule-type-filter" description="Allows to filter the QoS rule type list adding two new flags. "all_rules" prints all implemented QoS rule types."all_supported" prints all supported QoS rule types by the loaded mechanism drivers" updated="2022-02-02T10:00:00-00:00" {{(pid=102407) _check_extension /opt/stack/neutron/neutron/api/extensions.py:415}}
Mar 23 17:26:15.485238 np0000160375 devstack@neutron-api.service[102405]: INFO neutron.api.extensions [None req-9806a0fc-909c-4c27-b3e0-4689572c9749 None None] Loaded extension: port-mac-address-regenerate
Mar 23 17:26:15.485297 np0000160375 devstack@neutron-api.service[102407]: INFO neutron.api.extensions [None req-8cdcfa86-ccf4-4a10-a901-fcb85b1a2b11 None None] Extension qos-rule-type-filter not supported by any of loaded plugins
Mar 23 17:26:15.485330 np0000160375 devstack@neutron-api.service[102406]: DEBUG neutron_lib.callbacks.manager [None req-6618a25b-d8ab-4521-b4fd-2632e6dc7064 None None] Subscribe: > port_forwarding_plugin after_init 55550000, False {{(pid=102406) subscribe /opt/stack/data/venv/lib/python3.12/site-packages/neutron_lib/callbacks/manager.py:52}}
Mar 23 17:26:15.485387 np0000160375 devstack@neutron-api.service[102405]: DEBUG neutron.api.extensions [None req-9806a0fc-909c-4c27-b3e0-4689572c9749 None None] Loading extension file: port_numa_affinity_policy.py {{(pid=102405) _load_all_extensions_from_path /opt/stack/neutron/neutron/api/extensions.py:449}}
Mar 23 17:26:15.485439 np0000160375 devstack@neutron-api.service[102407]: DEBUG neutron.api.extensions [None req-8cdcfa86-ccf4-4a10-a901-fcb85b1a2b11 None None] Loading extension file: qos_rules_alias.py {{(pid=102407) _load_all_extensions_from_path /opt/stack/neutron/neutron/api/extensions.py:449}}
Mar 23 17:26:15.485472 np0000160375 devstack@neutron-api.service[102406]: DEBUG neutron_lib.callbacks.manager [None req-6618a25b-d8ab-4521-b4fd-2632e6dc7064 None None] Subscribe: > router before_create 55550100, False {{(pid=102406) subscribe /opt/stack/data/venv/lib/python3.12/site-packages/neutron_lib/callbacks/manager.py:52}}
Mar 23 17:26:15.485534 np0000160375 devstack@neutron-api.service[102405]: DEBUG neutron.api.extensions [None req-9806a0fc-909c-4c27-b3e0-4689572c9749 None None] Ext name="Port NUMA affinity policy" alias="port-numa-affinity-policy" description="Expose the port NUMA affinity policy" updated="2020-07-08T10:00:00-00:00" {{(pid=102405) _check_extension /opt/stack/neutron/neutron/api/extensions.py:415}}
Mar 23 17:26:15.485592 np0000160375 devstack@neutron-api.service[102407]: DEBUG neutron.api.extensions [None req-8cdcfa86-ccf4-4a10-a901-fcb85b1a2b11 None None] Ext name="Quality of Service rules alias API" alias="qos-rules-alias" description="API to enable GET, PUT and DELETE operations on QoS policy rules without specifying policy ID" updated="2018-10-07T10:00:00-00:00" {{(pid=102407) _check_extension /opt/stack/neutron/neutron/api/extensions.py:415}}
Mar 23 17:26:15.485650 np0000160375 devstack@neutron-api.service[102406]: DEBUG neutron_lib.callbacks.manager [None req-6618a25b-d8ab-4521-b4fd-2632e6dc7064 None None] Subscribe: > router precommit_delete 55550100, False {{(pid=102406) subscribe /opt/stack/data/venv/lib/python3.12/site-packages/neutron_lib/callbacks/manager.py:52}}
Mar 23 17:26:15.485678 np0000160375 devstack@neutron-api.service[102406]: DEBUG neutron_lib.callbacks.manager [None req-6618a25b-d8ab-4521-b4fd-2632e6dc7064 None None] Subscribe: > router precommit_create 55550100, False {{(pid=102406) subscribe /opt/stack/data/venv/lib/python3.12/site-packages/neutron_lib/callbacks/manager.py:52}}
Mar 23 17:26:15.485740 np0000160375 devstack@neutron-api.service[102405]: INFO neutron.api.extensions [None req-9806a0fc-909c-4c27-b3e0-4689572c9749 None None] Loaded extension: port-numa-affinity-policy
Mar 23 17:26:15.485770 np0000160375 devstack@neutron-api.service[102407]: INFO neutron.api.extensions [None req-8cdcfa86-ccf4-4a10-a901-fcb85b1a2b11 None None] Extension qos-rules-alias not supported by any of loaded plugins
Mar 23 17:26:15.485848 np0000160375 devstack@neutron-api.service[102405]: DEBUG neutron.api.extensions [None req-9806a0fc-909c-4c27-b3e0-4689572c9749 None None] Loading extension file: port_numa_affinity_policy_socket.py {{(pid=102405) _load_all_extensions_from_path /opt/stack/neutron/neutron/api/extensions.py:449}}
Mar 23 17:26:15.485875 np0000160375 devstack@neutron-api.service[102406]: DEBUG neutron_lib.callbacks.manager [None req-6618a25b-d8ab-4521-b4fd-2632e6dc7064 None None] Subscribe: > router precommit_update 55550100, False {{(pid=102406) subscribe /opt/stack/data/venv/lib/python3.12/site-packages/neutron_lib/callbacks/manager.py:52}}
Mar 23 17:26:15.485904 np0000160375 devstack@neutron-api.service[102407]: DEBUG neutron.api.extensions [None req-8cdcfa86-ccf4-4a10-a901-fcb85b1a2b11 None None] Loading extension file: quota_check_limit.py {{(pid=102407) _load_all_extensions_from_path /opt/stack/neutron/neutron/api/extensions.py:449}}
Mar 23 17:26:15.486018 np0000160375 devstack@neutron-api.service[102405]: DEBUG neutron.api.extensions [None req-9806a0fc-909c-4c27-b3e0-4689572c9749 None None] Ext name="Port NUMA affinity policy "socket"" alias="port-numa-affinity-policy-socket" description="Adds "socket" to the supported port NUMA affinity policies" updated="2024-02-09T10:00:00-00:00" {{(pid=102405) _check_extension /opt/stack/neutron/neutron/api/extensions.py:415}}
Mar 23 17:26:15.486049 np0000160375 devstack@neutron-api.service[102407]: DEBUG neutron.api.extensions [None req-8cdcfa86-ccf4-4a10-a901-fcb85b1a2b11 None None] Ext name="Quota engine limit check" alias="quota-check-limit" description="Support for checking the resource usage before applying a new quota limit" updated="2021-09-08T16:00:00-00:00" {{(pid=102407) _check_extension /opt/stack/neutron/neutron/api/extensions.py:415}}
Mar 23 17:26:15.486200 np0000160375 devstack@neutron-api.service[102405]: INFO neutron.api.extensions [None req-9806a0fc-909c-4c27-b3e0-4689572c9749 None None] Loaded extension: port-numa-affinity-policy-socket
Mar 23 17:26:15.486233 np0000160375 devstack@neutron-api.service[102407]: INFO neutron.api.extensions [None req-8cdcfa86-ccf4-4a10-a901-fcb85b1a2b11 None None] Loaded extension: quota-check-limit
Mar 23 17:26:15.486287 np0000160375 devstack@neutron-api.service[102405]: DEBUG neutron.api.extensions [None req-9806a0fc-909c-4c27-b3e0-4689572c9749 None None] Loading extension file: port_resource_request.py {{(pid=102405) _load_all_extensions_from_path /opt/stack/neutron/neutron/api/extensions.py:449}}
Mar 23 17:26:15.486315 np0000160375 devstack@neutron-api.service[102407]: DEBUG neutron.api.extensions [None req-8cdcfa86-ccf4-4a10-a901-fcb85b1a2b11 None None] Loading extension file: quota_check_limit_default.py {{(pid=102407) _load_all_extensions_from_path /opt/stack/neutron/neutron/api/extensions.py:449}}
Mar 23 17:26:15.486520 np0000160375 devstack@neutron-api.service[102405]: DEBUG neutron.api.extensions [None req-9806a0fc-909c-4c27-b3e0-4689572c9749 None None] Ext name="Port Resource Request" alias="port-resource-request" description="Expose resource request to Port" updated="2018-05-08T10:00:00-00:00" {{(pid=102405) _check_extension /opt/stack/neutron/neutron/api/extensions.py:415}}
Mar 23 17:26:15.486554 np0000160375 devstack@neutron-api.service[102407]: DEBUG neutron.api.extensions [None req-8cdcfa86-ccf4-4a10-a901-fcb85b1a2b11 None None] Ext name="Quota engine limit check by default" alias="quota-check-limit-default" description="By default, the Neutron quota engine checks the resource usage before applying a new quota limit" updated="2024-08-21T16:00:00-00:00" {{(pid=102407) _check_extension /opt/stack/neutron/neutron/api/extensions.py:415}}
Mar 23 17:26:15.486689 np0000160375 devstack@neutron-api.service[102405]: INFO neutron.api.extensions [None req-9806a0fc-909c-4c27-b3e0-4689572c9749 None None] Extension port-resource-request not supported by any of loaded plugins
Mar 23 17:26:15.486717 np0000160375 devstack@neutron-api.service[102407]: INFO neutron.api.extensions [None req-8cdcfa86-ccf4-4a10-a901-fcb85b1a2b11 None None] Loaded extension: quota-check-limit-default
Mar 23 17:26:15.486803 np0000160375 devstack@neutron-api.service[102405]: DEBUG neutron.api.extensions [None req-9806a0fc-909c-4c27-b3e0-4689572c9749 None None] Loading extension file: port_resource_request_groups.py {{(pid=102405) _load_all_extensions_from_path /opt/stack/neutron/neutron/api/extensions.py:449}}
Mar 23 17:26:15.486833 np0000160375 devstack@neutron-api.service[102407]: DEBUG neutron.api.extensions [None req-8cdcfa86-ccf4-4a10-a901-fcb85b1a2b11 None None] Loading extension file: quotasv2.py {{(pid=102407) _load_all_extensions_from_path /opt/stack/neutron/neutron/api/extensions.py:449}}
Mar 23 17:26:15.487051 np0000160375 devstack@neutron-api.service[102405]: DEBUG neutron.api.extensions [None req-9806a0fc-909c-4c27-b3e0-4689572c9749 None None] Ext name="Port Resource Request Groups" alias="port-resource-request-groups" description="Support requesting multiple groups of resources and traits from the same RP subtree in resource_request" updated="2021-08-02T10:00:00-00:00" {{(pid=102405) _check_extension /opt/stack/neutron/neutron/api/extensions.py:415}}
Mar 23 17:26:15.487256 np0000160375 devstack@neutron-api.service[102405]: INFO neutron.api.extensions [None req-9806a0fc-909c-4c27-b3e0-4689572c9749 None None] Extension port-resource-request-groups not supported by any of loaded plugins
Mar 23 17:26:15.487344 np0000160375 devstack@neutron-api.service[102405]: DEBUG neutron.api.extensions [None req-9806a0fc-909c-4c27-b3e0-4689572c9749 None None] Loading extension file: port_trusted_vif.py {{(pid=102405) _load_all_extensions_from_path /opt/stack/neutron/neutron/api/extensions.py:449}}
Mar 23 17:26:15.487492 np0000160375 devstack@neutron-api.service[102407]: DEBUG neutron.api.extensions [None req-8cdcfa86-ccf4-4a10-a901-fcb85b1a2b11 None None] Ext name="Quota management support" alias="quotas" description="Expose functions for quotas management per project" updated="2012-07-29T10:00:00-00:00" {{(pid=102407) _check_extension /opt/stack/neutron/neutron/api/extensions.py:415}}
Mar 23 17:26:15.487544 np0000160375 devstack@neutron-api.service[102405]: DEBUG neutron.api.extensions [None req-9806a0fc-909c-4c27-b3e0-4689572c9749 None None] Ext name="Port trusted vif" alias="port-trusted-vif" description="Expose port 'trusted' attribute in the API" updated="2024-07-10T10:00:00-00:00" {{(pid=102405) _check_extension /opt/stack/neutron/neutron/api/extensions.py:415}}
Mar 23 17:26:15.487600 np0000160375 devstack@neutron-api.service[102407]: INFO neutron.api.extensions [None req-8cdcfa86-ccf4-4a10-a901-fcb85b1a2b11 None None] Loaded extension: quotas
Mar 23 17:26:15.487660 np0000160375 devstack@neutron-api.service[102407]: DEBUG neutron.api.extensions [None req-8cdcfa86-ccf4-4a10-a901-fcb85b1a2b11 None None] Loading extension file: quotasv2_detail.py {{(pid=102407) _load_all_extensions_from_path /opt/stack/neutron/neutron/api/extensions.py:449}}
Mar 23 17:26:15.487717 np0000160375 devstack@neutron-api.service[102405]: INFO neutron.api.extensions [None req-9806a0fc-909c-4c27-b3e0-4689572c9749 None None] Extension port-trusted-vif not supported by any of loaded plugins
Mar 23 17:26:15.487832 np0000160375 devstack@neutron-api.service[102405]: DEBUG neutron.api.extensions [None req-9806a0fc-909c-4c27-b3e0-4689572c9749 None None] Loading extension file: portbindings.py {{(pid=102405) _load_all_extensions_from_path /opt/stack/neutron/neutron/api/extensions.py:449}}
Mar 23 17:26:15.488061 np0000160375 devstack@neutron-api.service[102407]: DEBUG neutron.api.extensions [None req-8cdcfa86-ccf4-4a10-a901-fcb85b1a2b11 None None] Ext name="Quota details management support" alias="quota_details" description="Expose functions for quotas usage statistics per project" updated="2017-02-10T10:00:00-00:00" {{(pid=102407) _check_extension /opt/stack/neutron/neutron/api/extensions.py:415}}
Mar 23 17:26:15.488094 np0000160375 devstack@neutron-api.service[102405]: DEBUG neutron.api.extensions [None req-9806a0fc-909c-4c27-b3e0-4689572c9749 None None] Ext name="Port Binding" alias="binding" description="Expose port bindings of a virtual port to external application" updated="2014-02-03T10:00:00-00:00" {{(pid=102405) _check_extension /opt/stack/neutron/neutron/api/extensions.py:415}}
Mar 23 17:26:15.488157 np0000160375 devstack@neutron-api.service[102407]: INFO neutron.api.extensions [None req-8cdcfa86-ccf4-4a10-a901-fcb85b1a2b11 None None] Loaded extension: quota_details
Mar 23 17:26:15.488217 np0000160375 devstack@neutron-api.service[102407]: DEBUG neutron.api.extensions [None req-8cdcfa86-ccf4-4a10-a901-fcb85b1a2b11 None None] Loading extension file: rbac.py {{(pid=102407) _load_all_extensions_from_path /opt/stack/neutron/neutron/api/extensions.py:449}}
Mar 23 17:26:15.488243 np0000160375 devstack@neutron-api.service[102405]: INFO neutron.api.extensions [None req-9806a0fc-909c-4c27-b3e0-4689572c9749 None None] Loaded extension: binding
Mar 23 17:26:15.488339 np0000160375 devstack@neutron-api.service[102405]: DEBUG neutron.api.extensions [None req-9806a0fc-909c-4c27-b3e0-4689572c9749 None None] Loading extension file: portbindings_extended.py {{(pid=102405) _load_all_extensions_from_path /opt/stack/neutron/neutron/api/extensions.py:449}}
Mar 23 17:26:15.488598 np0000160375 devstack@neutron-api.service[102405]: DEBUG neutron.api.extensions [None req-9806a0fc-909c-4c27-b3e0-4689572c9749 None None] Ext name="Port Bindings Extended" alias="binding-extended" description="Expose port bindings of a virtual port to external application" updated="2017-07-17T10:00:00-00:00" {{(pid=102405) _check_extension /opt/stack/neutron/neutron/api/extensions.py:415}}
Mar 23 17:26:15.488677 np0000160375 devstack@neutron-api.service[102407]: DEBUG neutron.api.extensions [None req-8cdcfa86-ccf4-4a10-a901-fcb85b1a2b11 None None] Ext name="RBAC Policies" alias="rbac-policies" description="Allows creation and modification of policies that control tenant access to resources." updated="2015-06-17T12:15:12-00:00" {{(pid=102407) _check_extension /opt/stack/neutron/neutron/api/extensions.py:415}}
Mar 23 17:26:15.488768 np0000160375 devstack@neutron-api.service[102405]: INFO neutron.api.extensions [None req-9806a0fc-909c-4c27-b3e0-4689572c9749 None None] Loaded extension: binding-extended
Mar 23 17:26:15.488859 np0000160375 devstack@neutron-api.service[102405]: DEBUG neutron.api.extensions [None req-9806a0fc-909c-4c27-b3e0-4689572c9749 None None] Loading extension file: portsecurity.py {{(pid=102405) _load_all_extensions_from_path /opt/stack/neutron/neutron/api/extensions.py:449}}
Mar 23 17:26:15.488912 np0000160375 devstack@neutron-api.service[102407]: INFO neutron.api.extensions [None req-8cdcfa86-ccf4-4a10-a901-fcb85b1a2b11 None None] Loaded extension: rbac-policies
Mar 23 17:26:15.489018 np0000160375 devstack@neutron-api.service[102407]: DEBUG neutron.api.extensions [None req-8cdcfa86-ccf4-4a10-a901-fcb85b1a2b11 None None] Loading extension file: rbac_address_group.py {{(pid=102407) _load_all_extensions_from_path /opt/stack/neutron/neutron/api/extensions.py:449}}
Mar 23 17:26:15.489139 np0000160375 devstack@neutron-api.service[102405]: DEBUG neutron.api.extensions [None req-9806a0fc-909c-4c27-b3e0-4689572c9749 None None] Ext name="Port Security" alias="port-security" description="Provides port security" updated="2012-07-23T10:00:00-00:00" {{(pid=102405) _check_extension /opt/stack/neutron/neutron/api/extensions.py:415}}
Mar 23 17:26:15.489208 np0000160375 devstack@neutron-api.service[102407]: DEBUG neutron.api.extensions [None req-8cdcfa86-ccf4-4a10-a901-fcb85b1a2b11 None None] Ext name="Add address_group type to RBAC" alias="rbac-address-group" description="Add address_group type to network RBAC" updated="2021-01-20T00:00:00-00:00" {{(pid=102407) _check_extension /opt/stack/neutron/neutron/api/extensions.py:415}}
Mar 23 17:26:15.489234 np0000160375 devstack@neutron-api.service[102406]: DEBUG neutron.services.provider_configuration [None req-6618a25b-d8ab-4521-b4fd-2632e6dc7064 None None] Service providers = [] {{(pid=102406) parse_service_provider_opt /opt/stack/neutron/neutron/services/provider_configuration.py:171}}
Mar 23 17:26:15.489285 np0000160375 devstack@neutron-api.service[102405]: INFO neutron.api.extensions [None req-9806a0fc-909c-4c27-b3e0-4689572c9749 None None] Loaded extension: port-security
Mar 23 17:26:15.489377 np0000160375 devstack@neutron-api.service[102407]: INFO neutron.api.extensions [None req-8cdcfa86-ccf4-4a10-a901-fcb85b1a2b11 None None] Extension rbac-address-group not supported by any of loaded plugins
Mar 23 17:26:15.489419 np0000160375 devstack@neutron-api.service[102405]: DEBUG neutron.api.extensions [None req-9806a0fc-909c-4c27-b3e0-4689572c9749 None None] Loading extension file: project_id.py {{(pid=102405) _load_all_extensions_from_path /opt/stack/neutron/neutron/api/extensions.py:449}}
Mar 23 17:26:15.489474 np0000160375 devstack@neutron-api.service[102406]: DEBUG neutron.db.servicetype_db [None req-6618a25b-d8ab-4521-b4fd-2632e6dc7064 None None] Adding provider configuration for service L3_ROUTER_NAT {{(pid=102406) add_provider_configuration /opt/stack/neutron/neutron/db/servicetype_db.py:42}}
Mar 23 17:26:15.489499 np0000160375 devstack@neutron-api.service[102407]: DEBUG neutron.api.extensions [None req-8cdcfa86-ccf4-4a10-a901-fcb85b1a2b11 None None] Loading extension file: rbac_address_scope.py {{(pid=102407) _load_all_extensions_from_path /opt/stack/neutron/neutron/api/extensions.py:449}}
Mar 23 17:26:15.489617 np0000160375 devstack@neutron-api.service[102405]: DEBUG neutron.api.extensions [None req-9806a0fc-909c-4c27-b3e0-4689572c9749 None None] Ext name="project_id field enabled" alias="project-id" description="Extension that indicates that project_id field is enabled." updated="2016-09-09T09:09:09-09:09" {{(pid=102405) _check_extension /opt/stack/neutron/neutron/api/extensions.py:415}}
Mar 23 17:26:15.489680 np0000160375 devstack@neutron-api.service[102407]: DEBUG neutron.api.extensions [None req-8cdcfa86-ccf4-4a10-a901-fcb85b1a2b11 None None] Ext name="Add address_scope type to RBAC" alias="rbac-address-scope" description="Add address_scope type to RBAC" updated="2020-02-12T00:00:00-00:00" {{(pid=102407) _check_extension /opt/stack/neutron/neutron/api/extensions.py:415}}
Mar 23 17:26:15.489708 np0000160375 devstack@neutron-api.service[102405]: INFO neutron.api.extensions [None req-9806a0fc-909c-4c27-b3e0-4689572c9749 None None] Loaded extension: project-id
Mar 23 17:26:15.489779 np0000160375 devstack@neutron-api.service[102405]: DEBUG neutron.api.extensions [None req-9806a0fc-909c-4c27-b3e0-4689572c9749 None None] Loading extension file: providernet.py {{(pid=102405) _load_all_extensions_from_path /opt/stack/neutron/neutron/api/extensions.py:449}}
Mar 23 17:26:15.489854 np0000160375 devstack@neutron-api.service[102407]: INFO neutron.api.extensions [None req-8cdcfa86-ccf4-4a10-a901-fcb85b1a2b11 None None] Loaded extension: rbac-address-scope
Mar 23 17:26:15.489957 np0000160375 devstack@neutron-api.service[102407]: DEBUG neutron.api.extensions [None req-8cdcfa86-ccf4-4a10-a901-fcb85b1a2b11 None None] Loading extension file: rbac_security_groups.py {{(pid=102407) _load_all_extensions_from_path /opt/stack/neutron/neutron/api/extensions.py:449}}
Mar 23 17:26:15.490035 np0000160375 devstack@neutron-api.service[102405]: DEBUG neutron.api.extensions [None req-9806a0fc-909c-4c27-b3e0-4689572c9749 None None] Ext name="Provider Network" alias="provider" description="Expose mapping of virtual networks to physical networks" updated="2012-09-07T10:00:00-00:00" {{(pid=102405) _check_extension /opt/stack/neutron/neutron/api/extensions.py:415}}
Mar 23 17:26:15.490172 np0000160375 devstack@neutron-api.service[102407]: DEBUG neutron.api.extensions [None req-8cdcfa86-ccf4-4a10-a901-fcb85b1a2b11 None None] Ext name="Add security_group type to network RBAC" alias="rbac-security-groups" description="Add security_group type to network RBAC" updated="2019-02-14T00:00:00-00:00" {{(pid=102407) _check_extension /opt/stack/neutron/neutron/api/extensions.py:415}}
Mar 23 17:26:15.490208 np0000160375 devstack@neutron-api.service[102405]: INFO neutron.api.extensions [None req-9806a0fc-909c-4c27-b3e0-4689572c9749 None None] Loaded extension: provider
Mar 23 17:26:15.490301 np0000160375 devstack@neutron-api.service[102405]: DEBUG neutron.api.extensions [None req-9806a0fc-909c-4c27-b3e0-4689572c9749 None None] Loading extension file: qinq.py {{(pid=102405) _load_all_extensions_from_path /opt/stack/neutron/neutron/api/extensions.py:449}}
Mar 23 17:26:15.490328 np0000160375 devstack@neutron-api.service[102407]: INFO neutron.api.extensions [None req-8cdcfa86-ccf4-4a10-a901-fcb85b1a2b11 None None] Loaded extension: rbac-security-groups
Mar 23 17:26:15.490463 np0000160375 devstack@neutron-api.service[102407]: DEBUG neutron.api.extensions [None req-8cdcfa86-ccf4-4a10-a901-fcb85b1a2b11 None None] Loading extension file: rbac_subnetpool.py {{(pid=102407) _load_all_extensions_from_path /opt/stack/neutron/neutron/api/extensions.py:449}}
Mar 23 17:26:15.490558 np0000160375 devstack@neutron-api.service[102405]: DEBUG neutron.api.extensions [None req-9806a0fc-909c-4c27-b3e0-4689572c9749 None None] Ext name="QinQ networks" alias="qinq" description="Expose network 'qinq' attribute in the API. This allows to configure network to allow vlan in vlan configuration using 0x8a88 ethertype (QinQ)." updated="2024-12-02T10:00:00-00:00" {{(pid=102405) _check_extension /opt/stack/neutron/neutron/api/extensions.py:415}}
Mar 23 17:26:15.490642 np0000160375 devstack@neutron-api.service[102407]: DEBUG neutron.api.extensions [None req-8cdcfa86-ccf4-4a10-a901-fcb85b1a2b11 None None] Ext name="Add subnetpool type to RBAC" alias="rbac-subnetpool" description="Add subnetpool type to RBAC" updated="2020-02-05T00:00:00-00:00" {{(pid=102407) _check_extension /opt/stack/neutron/neutron/api/extensions.py:415}}
Mar 23 17:26:15.490703 np0000160375 devstack@neutron-api.service[102406]: DEBUG neutron_lib.callbacks.manager [None req-6618a25b-d8ab-4521-b4fd-2632e6dc7064 None None] Subscribe: > router precommit_create 55549900, False {{(pid=102406) subscribe /opt/stack/data/venv/lib/python3.12/site-packages/neutron_lib/callbacks/manager.py:52}}
Mar 23 17:26:15.490730 np0000160375 devstack@neutron-api.service[102405]: INFO neutron.api.extensions [None req-9806a0fc-909c-4c27-b3e0-4689572c9749 None None] Loaded extension: qinq
Mar 23 17:26:15.490782 np0000160375 devstack@neutron-api.service[102406]: DEBUG neutron_lib.callbacks.manager [None req-6618a25b-d8ab-4521-b4fd-2632e6dc7064 None None] Subscribe: > router_interface after_create 55550000, False {{(pid=102406) subscribe /opt/stack/data/venv/lib/python3.12/site-packages/neutron_lib/callbacks/manager.py:52}}
Mar 23 17:26:15.490808 np0000160375 devstack@neutron-api.service[102407]: INFO neutron.api.extensions [None req-8cdcfa86-ccf4-4a10-a901-fcb85b1a2b11 None None] Extension rbac-subnetpool not supported by any of loaded plugins
Mar 23 17:26:15.490835 np0000160375 devstack@neutron-api.service[102405]: DEBUG neutron.api.extensions [None req-9806a0fc-909c-4c27-b3e0-4689572c9749 None None] Loading extension file: qos.py {{(pid=102405) _load_all_extensions_from_path /opt/stack/neutron/neutron/api/extensions.py:449}}
Mar 23 17:26:15.490952 np0000160375 devstack@neutron-api.service[102406]: DEBUG neutron_lib.callbacks.manager [None req-6618a25b-d8ab-4521-b4fd-2632e6dc7064 None None] Subscribe: > floatingip after_create 55550000, False {{(pid=102406) subscribe /opt/stack/data/venv/lib/python3.12/site-packages/neutron_lib/callbacks/manager.py:52}}
Mar 23 17:26:15.490982 np0000160375 devstack@neutron-api.service[102407]: DEBUG neutron.api.extensions [None req-8cdcfa86-ccf4-4a10-a901-fcb85b1a2b11 None None] Loading extension file: revisionifmatch.py {{(pid=102407) _load_all_extensions_from_path /opt/stack/neutron/neutron/api/extensions.py:449}}
Mar 23 17:26:15.491057 np0000160375 devstack@neutron-api.service[102406]: DEBUG neutron_lib.callbacks.manager [None req-6618a25b-d8ab-4521-b4fd-2632e6dc7064 None None] Subscribe: > floatingip precommit_create 55550000, False {{(pid=102406) subscribe /opt/stack/data/venv/lib/python3.12/site-packages/neutron_lib/callbacks/manager.py:52}}
Mar 23 17:26:15.491132 np0000160375 devstack@neutron-api.service[102406]: DEBUG neutron_lib.callbacks.manager [None req-6618a25b-d8ab-4521-b4fd-2632e6dc7064 None None] Subscribe: > floatingip precommit_update 55550000, False {{(pid=102406) subscribe /opt/stack/data/venv/lib/python3.12/site-packages/neutron_lib/callbacks/manager.py:52}}
Mar 23 17:26:15.491164 np0000160375 devstack@neutron-api.service[102407]: DEBUG neutron.api.extensions [None req-8cdcfa86-ccf4-4a10-a901-fcb85b1a2b11 None None] Ext name="If-Match constraints based on revision_number" alias="revision-if-match" description="Extension indicating that If-Match based on revision_number is supported." updated="2016-12-11T00:00:00-00:00" {{(pid=102407) _check_extension /opt/stack/neutron/neutron/api/extensions.py:415}}
Mar 23 17:26:15.491196 np0000160375 devstack@neutron-api.service[102406]: DEBUG neutron_lib.callbacks.manager [None req-6618a25b-d8ab-4521-b4fd-2632e6dc7064 None None] Subscribe: > floatingip after_delete 55550000, False {{(pid=102406) subscribe /opt/stack/data/venv/lib/python3.12/site-packages/neutron_lib/callbacks/manager.py:52}}
Mar 23 17:26:15.491298 np0000160375 devstack@neutron-api.service[102406]: DEBUG neutron_lib.callbacks.manager [None req-6618a25b-d8ab-4521-b4fd-2632e6dc7064 None None] Subscribe: > floatingip after_status_update 55550000, False {{(pid=102406) subscribe /opt/stack/data/venv/lib/python3.12/site-packages/neutron_lib/callbacks/manager.py:52}}
Mar 23 17:26:15.491325 np0000160375 devstack@neutron-api.service[102407]: INFO neutron.api.extensions [None req-8cdcfa86-ccf4-4a10-a901-fcb85b1a2b11 None None] Loaded extension: revision-if-match
Mar 23 17:26:15.491382 np0000160375 devstack@neutron-api.service[102407]: DEBUG neutron.api.extensions [None req-8cdcfa86-ccf4-4a10-a901-fcb85b1a2b11 None None] Loading extension file: revisions.py {{(pid=102407) _load_all_extensions_from_path /opt/stack/neutron/neutron/api/extensions.py:449}}
Mar 23 17:26:15.491413 np0000160375 devstack@neutron-api.service[102406]: DEBUG neutron_lib.callbacks.manager [None req-6618a25b-d8ab-4521-b4fd-2632e6dc7064 None None] Subscribe: > floatingip after_update 55550000, False {{(pid=102406) subscribe /opt/stack/data/venv/lib/python3.12/site-packages/neutron_lib/callbacks/manager.py:52}}
Mar 23 17:26:15.491548 np0000160375 devstack@neutron-api.service[102406]: DEBUG neutron_lib.callbacks.manager [None req-6618a25b-d8ab-4521-b4fd-2632e6dc7064 None None] Subscribe: > port_forwarding after_create 55550000, False {{(pid=102406) subscribe /opt/stack/data/venv/lib/python3.12/site-packages/neutron_lib/callbacks/manager.py:52}}
Mar 23 17:26:15.491644 np0000160375 devstack@neutron-api.service[102407]: DEBUG neutron.api.extensions [None req-8cdcfa86-ccf4-4a10-a901-fcb85b1a2b11 None None] Ext name="Resource revision numbers" alias="standard-attr-revisions" description="This extension will display the revision number of neutron resources." updated="2016-04-11T10:00:00-00:00" {{(pid=102407) _check_extension /opt/stack/neutron/neutron/api/extensions.py:415}}
Mar 23 17:26:15.491711 np0000160375 devstack@neutron-api.service[102405]: DEBUG neutron.api.extensions [None req-9806a0fc-909c-4c27-b3e0-4689572c9749 None None] Ext name="Quality of Service" alias="qos" description="The Quality of Service extension." updated="2015-06-08T10:00:00-00:00" {{(pid=102405) _check_extension /opt/stack/neutron/neutron/api/extensions.py:415}}
Mar 23 17:26:15.491742 np0000160375 devstack@neutron-api.service[102406]: DEBUG neutron_lib.callbacks.manager [None req-6618a25b-d8ab-4521-b4fd-2632e6dc7064 None None] Subscribe: > router_interface after_delete 55550000, False {{(pid=102406) subscribe /opt/stack/data/venv/lib/python3.12/site-packages/neutron_lib/callbacks/manager.py:52}}
Mar 23 17:26:15.491800 np0000160375 devstack@neutron-api.service[102406]: DEBUG neutron_lib.callbacks.manager [None req-6618a25b-d8ab-4521-b4fd-2632e6dc7064 None None] Subscribe: > router after_create 55550000, False {{(pid=102406) subscribe /opt/stack/data/venv/lib/python3.12/site-packages/neutron_lib/callbacks/manager.py:52}}
Mar 23 17:26:15.491827 np0000160375 devstack@neutron-api.service[102407]: INFO neutron.api.extensions [None req-8cdcfa86-ccf4-4a10-a901-fcb85b1a2b11 None None] Loaded extension: standard-attr-revisions
Mar 23 17:26:15.491888 np0000160375 devstack@neutron-api.service[102405]: INFO neutron.api.extensions [None req-9806a0fc-909c-4c27-b3e0-4689572c9749 None None] Extension qos not supported by any of loaded plugins
Mar 23 17:26:15.491921 np0000160375 devstack@neutron-api.service[102406]: DEBUG neutron_lib.callbacks.manager [None req-6618a25b-d8ab-4521-b4fd-2632e6dc7064 None None] Subscribe: > router precommit_create 55550000, False {{(pid=102406) subscribe /opt/stack/data/venv/lib/python3.12/site-packages/neutron_lib/callbacks/manager.py:52}}
Mar 23 17:26:15.491979 np0000160375 devstack@neutron-api.service[102407]: DEBUG neutron.api.extensions [None req-8cdcfa86-ccf4-4a10-a901-fcb85b1a2b11 None None] Loading extension file: router_availability_zone.py {{(pid=102407) _load_all_extensions_from_path /opt/stack/neutron/neutron/api/extensions.py:449}}
Mar 23 17:26:15.492006 np0000160375 devstack@neutron-api.service[102405]: DEBUG neutron.api.extensions [None req-9806a0fc-909c-4c27-b3e0-4689572c9749 None None] Loading extension file: qos_bw_limit_direction.py {{(pid=102405) _load_all_extensions_from_path /opt/stack/neutron/neutron/api/extensions.py:449}}
Mar 23 17:26:15.492044 np0000160375 devstack@neutron-api.service[102406]: DEBUG neutron_lib.callbacks.manager [None req-6618a25b-d8ab-4521-b4fd-2632e6dc7064 None None] Subscribe: > router after_delete 55550000, False {{(pid=102406) subscribe /opt/stack/data/venv/lib/python3.12/site-packages/neutron_lib/callbacks/manager.py:52}}
Mar 23 17:26:15.492104 np0000160375 devstack@neutron-api.service[102406]: DEBUG neutron_lib.callbacks.manager [None req-6618a25b-d8ab-4521-b4fd-2632e6dc7064 None None] Subscribe: > router after_update 55550000, False {{(pid=102406) subscribe /opt/stack/data/venv/lib/python3.12/site-packages/neutron_lib/callbacks/manager.py:52}}
Mar 23 17:26:15.492181 np0000160375 devstack@neutron-api.service[102407]: DEBUG neutron.api.extensions [None req-8cdcfa86-ccf4-4a10-a901-fcb85b1a2b11 None None] Ext name="Router Availability Zone" alias="router_availability_zone" description="Availability zone support for router." updated="2015-01-01T10:00:00-00:00" {{(pid=102407) _check_extension /opt/stack/neutron/neutron/api/extensions.py:415}}
Mar 23 17:26:15.492210 np0000160375 devstack@neutron-api.service[102406]: DEBUG neutron.services.service_base [None req-6618a25b-d8ab-4521-b4fd-2632e6dc7064 None None] Loaded 'neutron.services.ovn_l3.service_providers.ovn.OvnDriver' provider for service L3_ROUTER_NAT {{(pid=102406) load_drivers /opt/stack/neutron/neutron/services/service_base.py:49}}
Mar 23 17:26:15.492278 np0000160375 devstack@neutron-api.service[102405]: DEBUG neutron.api.extensions [None req-9806a0fc-909c-4c27-b3e0-4689572c9749 None None] Ext name="Direction for QoS bandwidth limit rule" alias="qos-bw-limit-direction" description="Allow to configure QoS bandwidth limit rule with specific direction: ingress or egress" updated="2017-04-10T10:00:00-00:00" {{(pid=102405) _check_extension /opt/stack/neutron/neutron/api/extensions.py:415}}
Mar 23 17:26:15.492337 np0000160375 devstack@neutron-api.service[102406]: DEBUG neutron_lib.callbacks.manager [None req-6618a25b-d8ab-4521-b4fd-2632e6dc7064 None None] Subscribe: > process after_init 55550001, True {{(pid=102406) subscribe /opt/stack/data/venv/lib/python3.12/site-packages/neutron_lib/callbacks/manager.py:52}}
Mar 23 17:26:15.492369 np0000160375 devstack@neutron-api.service[102407]: INFO neutron.api.extensions [None req-8cdcfa86-ccf4-4a10-a901-fcb85b1a2b11 None None] Loaded extension: router_availability_zone
Mar 23 17:26:15.492428 np0000160375 devstack@neutron-api.service[102405]: INFO neutron.api.extensions [None req-9806a0fc-909c-4c27-b3e0-4689572c9749 None None] Extension qos-bw-limit-direction not supported by any of loaded plugins
Mar 23 17:26:15.492459 np0000160375 devstack@neutron-api.service[102407]: DEBUG neutron.api.extensions [None req-8cdcfa86-ccf4-4a10-a901-fcb85b1a2b11 None None] Loading extension file: router_enable_snat.py {{(pid=102407) _load_all_extensions_from_path /opt/stack/neutron/neutron/api/extensions.py:449}}
Mar 23 17:26:15.492514 np0000160375 devstack@neutron-api.service[102406]: DEBUG neutron.manager [None req-6618a25b-d8ab-4521-b4fd-2632e6dc7064 None None] Successfully loaded L3_ROUTER_NAT plugin. Description: L3 Router Service Plugin for basic L3 forwarding using OVN {{(pid=102406) _create_and_add_service_plugin /opt/stack/neutron/neutron/manager.py:239}}
Mar 23 17:26:15.492540 np0000160375 devstack@neutron-api.service[102405]: DEBUG neutron.api.extensions [None req-9806a0fc-909c-4c27-b3e0-4689572c9749 None None] Loading extension file: qos_bw_minimum_ingress.py {{(pid=102405) _load_all_extensions_from_path /opt/stack/neutron/neutron/api/extensions.py:449}}
Mar 23 17:26:15.492598 np0000160375 devstack@neutron-api.service[102406]: INFO neutron.manager [None req-6618a25b-d8ab-4521-b4fd-2632e6dc7064 None None] Loading Plugin: auto_allocate
Mar 23 17:26:15.492650 np0000160375 devstack@neutron-api.service[102407]: DEBUG neutron.api.extensions [None req-8cdcfa86-ccf4-4a10-a901-fcb85b1a2b11 None None] Ext name="Exposes the router "enable_snat" read-only configuration flag" alias="router-enable-snat" description="Exposes the router "enable_snat" read-only configuration flag" updated="2025-09-18T18:00:00-00:00" {{(pid=102407) _check_extension /opt/stack/neutron/neutron/api/extensions.py:415}}
Mar 23 17:26:15.492743 np0000160375 devstack@neutron-api.service[102405]: DEBUG neutron.api.extensions [None req-9806a0fc-909c-4c27-b3e0-4689572c9749 None None] Ext name="Ingress direction for QoS minimum bandwidth rule" alias="qos-bw-minimum-ingress" description="Allow to configure QoS minumum bandwidth rule with ingress direction." updated="2018-07-09T10:00:00-00:00" {{(pid=102405) _check_extension /opt/stack/neutron/neutron/api/extensions.py:415}}
Mar 23 17:26:15.492825 np0000160375 devstack@neutron-api.service[102407]: INFO neutron.api.extensions [None req-8cdcfa86-ccf4-4a10-a901-fcb85b1a2b11 None None] Loaded extension: router-enable-snat
Mar 23 17:26:15.492911 np0000160375 devstack@neutron-api.service[102405]: INFO neutron.api.extensions [None req-9806a0fc-909c-4c27-b3e0-4689572c9749 None None] Extension qos-bw-minimum-ingress not supported by any of loaded plugins
Mar 23 17:26:15.492962 np0000160375 devstack@neutron-api.service[102407]: DEBUG neutron.api.extensions [None req-8cdcfa86-ccf4-4a10-a901-fcb85b1a2b11 None None] Loading extension file: routerservicetype.py {{(pid=102407) _load_all_extensions_from_path /opt/stack/neutron/neutron/api/extensions.py:449}}
Mar 23 17:26:15.493062 np0000160375 devstack@neutron-api.service[102405]: DEBUG neutron.api.extensions [None req-9806a0fc-909c-4c27-b3e0-4689572c9749 None None] Loading extension file: qos_default.py {{(pid=102405) _load_all_extensions_from_path /opt/stack/neutron/neutron/api/extensions.py:449}}
Mar 23 17:26:15.493220 np0000160375 devstack@neutron-api.service[102407]: DEBUG neutron.api.extensions [None req-8cdcfa86-ccf4-4a10-a901-fcb85b1a2b11 None None] Ext name="Router Service Type" alias="router-service-type" description="Provides router service type" updated="2013-01-29T00:00:00-00:00" {{(pid=102407) _check_extension /opt/stack/neutron/neutron/api/extensions.py:415}}
Mar 23 17:26:15.493310 np0000160375 devstack@neutron-api.service[102405]: DEBUG neutron.api.extensions [None req-9806a0fc-909c-4c27-b3e0-4689572c9749 None None] Ext name="QoS default policy" alias="qos-default" description="Expose the QoS default policy per project" updated="2017-041-06T10:00:00-00:00" {{(pid=102405) _check_extension /opt/stack/neutron/neutron/api/extensions.py:415}}
Mar 23 17:26:15.493360 np0000160375 devstack@neutron-api.service[102407]: INFO neutron.api.extensions [None req-8cdcfa86-ccf4-4a10-a901-fcb85b1a2b11 None None] Extension router-service-type not supported by any of loaded plugins
Mar 23 17:26:15.493450 np0000160375 devstack@neutron-api.service[102407]: DEBUG neutron.api.extensions [None req-8cdcfa86-ccf4-4a10-a901-fcb85b1a2b11 None None] Loading extension file: security_groups_default_rules.py {{(pid=102407) _load_all_extensions_from_path /opt/stack/neutron/neutron/api/extensions.py:449}}
Mar 23 17:26:15.493479 np0000160375 devstack@neutron-api.service[102405]: INFO neutron.api.extensions [None req-9806a0fc-909c-4c27-b3e0-4689572c9749 None None] Extension qos-default not supported by any of loaded plugins
Mar 23 17:26:15.493565 np0000160375 devstack@neutron-api.service[102406]: DEBUG neutron_lib.callbacks.manager [None req-6618a25b-d8ab-4521-b4fd-2632e6dc7064 None None] Subscribe: network precommit_update 55550000, False {{(pid=102406) subscribe /opt/stack/data/venv/lib/python3.12/site-packages/neutron_lib/callbacks/manager.py:52}}
Mar 23 17:26:15.493591 np0000160375 devstack@neutron-api.service[102405]: DEBUG neutron.api.extensions [None req-9806a0fc-909c-4c27-b3e0-4689572c9749 None None] Loading extension file: qos_fip.py {{(pid=102405) _load_all_extensions_from_path /opt/stack/neutron/neutron/api/extensions.py:449}}
Mar 23 17:26:15.493617 np0000160375 devstack@neutron-api.service[102406]: DEBUG neutron_lib.callbacks.manager [None req-6618a25b-d8ab-4521-b4fd-2632e6dc7064 None None] Subscribe: network precommit_create 55550000, False {{(pid=102406) subscribe /opt/stack/data/venv/lib/python3.12/site-packages/neutron_lib/callbacks/manager.py:52}}
Mar 23 17:26:15.493776 np0000160375 devstack@neutron-api.service[102405]: DEBUG neutron.api.extensions [None req-9806a0fc-909c-4c27-b3e0-4689572c9749 None None] Ext name="Floating IP QoS" alias="qos-fip" description="The floating IP Quality of Service extension" updated="2017-07-20T00:00:00-00:00" {{(pid=102405) _check_extension /opt/stack/neutron/neutron/api/extensions.py:415}}
Mar 23 17:26:15.493837 np0000160375 devstack@neutron-api.service[102406]: DEBUG neutron.manager [None req-6618a25b-d8ab-4521-b4fd-2632e6dc7064 None None] Successfully loaded auto-allocated-topology plugin. Description: Auto Allocated Topology - aka get me a network. {{(pid=102406) _create_and_add_service_plugin /opt/stack/neutron/neutron/manager.py:239}}
Mar 23 17:26:15.493895 np0000160375 devstack@neutron-api.service[102407]: DEBUG neutron.api.extensions [None req-8cdcfa86-ccf4-4a10-a901-fcb85b1a2b11 None None] Ext name="Default rules for security groups" alias="security-groups-default-rules" description="Configure set of security group rules used as default rules for every new security group" updated="2022-12-19T10:00:00-00:00" {{(pid=102407) _check_extension /opt/stack/neutron/neutron/api/extensions.py:415}}
Mar 23 17:26:15.493921 np0000160375 devstack@neutron-api.service[102406]: INFO neutron.manager [None req-6618a25b-d8ab-4521-b4fd-2632e6dc7064 None None] Loading Plugin: tag
Mar 23 17:26:15.493944 np0000160375 devstack@neutron-api.service[102405]: INFO neutron.api.extensions [None req-9806a0fc-909c-4c27-b3e0-4689572c9749 None None] Extension qos-fip not supported by any of loaded plugins
Mar 23 17:26:15.494065 np0000160375 devstack@neutron-api.service[102405]: DEBUG neutron.api.extensions [None req-9806a0fc-909c-4c27-b3e0-4689572c9749 None None] Loading extension file: qos_fip_network_policy.py {{(pid=102405) _load_all_extensions_from_path /opt/stack/neutron/neutron/api/extensions.py:449}}
Mar 23 17:26:15.494129 np0000160375 devstack@neutron-api.service[102407]: INFO neutron.api.extensions [None req-8cdcfa86-ccf4-4a10-a901-fcb85b1a2b11 None None] Loaded extension: security-groups-default-rules
Mar 23 17:26:15.494156 np0000160375 devstack@neutron-api.service[102407]: DEBUG neutron.api.extensions [None req-8cdcfa86-ccf4-4a10-a901-fcb85b1a2b11 None None] Loading extension file: security_groups_normalized_cidr.py {{(pid=102407) _load_all_extensions_from_path /opt/stack/neutron/neutron/api/extensions.py:449}}
Mar 23 17:26:15.494290 np0000160375 devstack@neutron-api.service[102405]: DEBUG neutron.api.extensions [None req-9806a0fc-909c-4c27-b3e0-4689572c9749 None None] Ext name="QoS floating IP network policy ID" alias="qos-fip-network-policy" description="Adds a the QoS network ID to the floating IP definition" updated="2021-11-15T10:00:00-00:00" {{(pid=102405) _check_extension /opt/stack/neutron/neutron/api/extensions.py:415}}
Mar 23 17:26:15.494392 np0000160375 devstack@neutron-api.service[102407]: DEBUG neutron.api.extensions [None req-8cdcfa86-ccf4-4a10-a901-fcb85b1a2b11 None None] Ext name="Normalized CIDR field for security group rules" alias="security-groups-normalized-cidr" description="Add new field with normalized remote_ip_prefix cidr in SG rule" updated="2020-07-28T10:00:00-00:00" {{(pid=102407) _check_extension /opt/stack/neutron/neutron/api/extensions.py:415}}
Mar 23 17:26:15.494464 np0000160375 devstack@neutron-api.service[102405]: INFO neutron.api.extensions [None req-9806a0fc-909c-4c27-b3e0-4689572c9749 None None] Extension qos-fip-network-policy not supported by any of loaded plugins
Mar 23 17:26:15.494550 np0000160375 devstack@neutron-api.service[102405]: DEBUG neutron.api.extensions [None req-9806a0fc-909c-4c27-b3e0-4689572c9749 None None] Loading extension file: qos_gateway_ip.py {{(pid=102405) _load_all_extensions_from_path /opt/stack/neutron/neutron/api/extensions.py:449}}
Mar 23 17:26:15.494583 np0000160375 devstack@neutron-api.service[102407]: INFO neutron.api.extensions [None req-8cdcfa86-ccf4-4a10-a901-fcb85b1a2b11 None None] Loaded extension: security-groups-normalized-cidr
Mar 23 17:26:15.494693 np0000160375 devstack@neutron-api.service[102407]: DEBUG neutron.api.extensions [None req-8cdcfa86-ccf4-4a10-a901-fcb85b1a2b11 None None] Loading extension file: security_groups_port_filtering.py {{(pid=102407) _load_all_extensions_from_path /opt/stack/neutron/neutron/api/extensions.py:449}}
Mar 23 17:26:15.494782 np0000160375 devstack@neutron-api.service[102405]: DEBUG neutron.api.extensions [None req-9806a0fc-909c-4c27-b3e0-4689572c9749 None None] Ext name="Router gateway IP QoS" alias="qos-gateway-ip" description="The Router gateway IP Quality of Service extension" updated="2018-02-24T00:00:00-00:00" {{(pid=102405) _check_extension /opt/stack/neutron/neutron/api/extensions.py:415}}
Mar 23 17:26:15.494873 np0000160375 devstack@neutron-api.service[102407]: DEBUG neutron.api.extensions [None req-8cdcfa86-ccf4-4a10-a901-fcb85b1a2b11 None None] Ext name="Port filtering on security groups" alias="port-security-groups-filtering" description="Provides security groups filtering when listing ports" updated="2018-01-09T09:00:00-00:00" {{(pid=102407) _check_extension /opt/stack/neutron/neutron/api/extensions.py:415}}
Mar 23 17:26:15.494942 np0000160375 devstack@neutron-api.service[102405]: INFO neutron.api.extensions [None req-9806a0fc-909c-4c27-b3e0-4689572c9749 None None] Extension qos-gateway-ip not supported by any of loaded plugins
Mar 23 17:26:15.495075 np0000160375 devstack@neutron-api.service[102407]: INFO neutron.api.extensions [None req-8cdcfa86-ccf4-4a10-a901-fcb85b1a2b11 None None] Extension port-security-groups-filtering not supported by any of loaded plugins
Mar 23 17:26:15.495107 np0000160375 devstack@neutron-api.service[102405]: DEBUG neutron.api.extensions [None req-9806a0fc-909c-4c27-b3e0-4689572c9749 None None] Loading extension file: qos_port_network_policy.py {{(pid=102405) _load_all_extensions_from_path /opt/stack/neutron/neutron/api/extensions.py:449}}
Mar 23 17:26:15.495192 np0000160375 devstack@neutron-api.service[102407]: DEBUG neutron.api.extensions [None req-8cdcfa86-ccf4-4a10-a901-fcb85b1a2b11 None None] Loading extension file: security_groups_remote_address_group.py {{(pid=102407) _load_all_extensions_from_path /opt/stack/neutron/neutron/api/extensions.py:449}}
Mar 23 17:26:15.495315 np0000160375 devstack@neutron-api.service[102405]: DEBUG neutron.api.extensions [None req-9806a0fc-909c-4c27-b3e0-4689572c9749 None None] Ext name="QoS port network policy ID" alias="qos-port-network-policy" description="Adds a the QoS network ID to the port definition" updated="2019-11-01T10:00:00-00:00" {{(pid=102405) _check_extension /opt/stack/neutron/neutron/api/extensions.py:415}}
Mar 23 17:26:15.495392 np0000160375 devstack@neutron-api.service[102407]: DEBUG neutron.api.extensions [None req-8cdcfa86-ccf4-4a10-a901-fcb85b1a2b11 None None] Ext name="Remote address group id field for security group rules" alias="security-groups-remote-address-group" description="Add new field of remote address group id in SG rules" updated="2020-08-25T10:00:00-00:00" {{(pid=102407) _check_extension /opt/stack/neutron/neutron/api/extensions.py:415}}
Mar 23 17:26:15.495471 np0000160375 devstack@neutron-api.service[102405]: INFO neutron.api.extensions [None req-9806a0fc-909c-4c27-b3e0-4689572c9749 None None] Extension qos-port-network-policy not supported by any of loaded plugins
Mar 23 17:26:15.495566 np0000160375 devstack@neutron-api.service[102407]: INFO neutron.api.extensions [None req-8cdcfa86-ccf4-4a10-a901-fcb85b1a2b11 None None] Loaded extension: security-groups-remote-address-group
Mar 23 17:26:15.495594 np0000160375 devstack@neutron-api.service[102405]: DEBUG neutron.api.extensions [None req-9806a0fc-909c-4c27-b3e0-4689572c9749 None None] Loading extension file: qos_pps_minimum_rule.py {{(pid=102405) _load_all_extensions_from_path /opt/stack/neutron/neutron/api/extensions.py:449}}
Mar 23 17:26:15.495652 np0000160375 devstack@neutron-api.service[102407]: DEBUG neutron.api.extensions [None req-8cdcfa86-ccf4-4a10-a901-fcb85b1a2b11 None None] Loading extension file: security_groups_rules_belongs_to_default_sg.py {{(pid=102407) _load_all_extensions_from_path /opt/stack/neutron/neutron/api/extensions.py:449}}
Mar 23 17:26:15.495795 np0000160375 devstack@neutron-api.service[102405]: DEBUG neutron.api.extensions [None req-9806a0fc-909c-4c27-b3e0-4689572c9749 None None] Ext name="QoS minimum packet rate rule" alias="qos-pps-minimum" description="Allow to configure QoS minimum packet rate rule." updated="2021-07-14T10:00:00-00:00" {{(pid=102405) _check_extension /opt/stack/neutron/neutron/api/extensions.py:415}}
Mar 23 17:26:15.495851 np0000160375 devstack@neutron-api.service[102407]: DEBUG neutron.api.extensions [None req-8cdcfa86-ccf4-4a10-a901-fcb85b1a2b11 None None] Ext name="Security group rule belongs to the project's default security group" alias="security-groups-rules-belongs-to-default-sg" description="Flag to determine if the security group rule belongs to the project's default security group" updated="2023-05-23T10:00:00-00:00" {{(pid=102407) _check_extension /opt/stack/neutron/neutron/api/extensions.py:415}}
Mar 23 17:26:15.495972 np0000160375 devstack@neutron-api.service[102405]: INFO neutron.api.extensions [None req-9806a0fc-909c-4c27-b3e0-4689572c9749 None None] Extension qos-pps-minimum not supported by any of loaded plugins
