2026-07-08 06:18:27.845 9 INFO neutron.wsgi [None req-b3bab47b-4a1f-40dd-9a11-720c13a8095b 4b0ff074956b498fa3b130b08ed1bc60 f25d7983d1c749f694fddf4565515b36 - - default default] 10.0.0.36 "DELETE /v2.0/security-groups/f9032225-e640-4928-bcc0-0e16a7298048 HTTP/1.1" status: 204 len: 168 time: 0.1452887
2026-07-08 06:18:28.260 9 INFO neutron.wsgi [None req-62cefc3a-eb57-4a18-acbe-6f6eb50b7517 4b0ff074956b498fa3b130b08ed1bc60 f25d7983d1c749f694fddf4565515b36 - - default default] 10.0.0.36 "DELETE /v2.0/floatingips/f87b582c-6652-4c4e-8cd5-830fbbd0a4e4 HTTP/1.1" status: 204 len: 168 time: 0.3665576
2026-07-08 06:18:28.373 10 INFO neutron.wsgi [None req-f9642bb1-0b9c-46a1-b577-0c65c7f2ec95 bbaffa6a46794cb8b975960c43862411 393f828261674b64b016440782fe8fc1 - - default default] 10.0.0.36 "POST /v2.0/qos/policies HTTP/1.1" status: 201 len: 558 time: 0.2057319
2026-07-08 06:18:28.430 10 INFO neutron.wsgi [None req-ae9b531b-c186-438d-9359-9be6f0ee0c90 bbaffa6a46794cb8b975960c43862411 393f828261674b64b016440782fe8fc1 - - default default] 10.0.0.36 "PUT /v2.0/policies/eb32f31f-ed82-431e-8330-c95720661ca1/tags HTTP/1.1" status: 200 len: 218 time: 0.0503576
2026-07-08 06:18:28.457 9 INFO neutron.wsgi [None req-75edad04-0e54-49b9-bfa4-0102ec4c985c bbaffa6a46794cb8b975960c43862411 393f828261674b64b016440782fe8fc1 - - default default] 10.0.0.36 "GET /v2.0/policies/eb32f31f-ed82-431e-8330-c95720661ca1/tags HTTP/1.1" status: 200 len: 218 time: 0.0219095
2026-07-08 06:18:28.495 10 INFO neutron.wsgi [None req-fcd74c02-209d-47db-b9e1-8fceeba0f673 bbaffa6a46794cb8b975960c43862411 393f828261674b64b016440782fe8fc1 - - default default] 10.0.0.36 "PUT /v2.0/policies/eb32f31f-ed82-431e-8330-c95720661ca1/tags/green HTTP/1.1" status: 201 len: 201 time: 0.0318336
2026-07-08 06:18:28.518 10 INFO neutron.wsgi [None req-c8698621-c5c1-4bf4-af8f-4bf74f3d223e bbaffa6a46794cb8b975960c43862411 393f828261674b64b016440782fe8fc1 - - default default] 10.0.0.36 "GET /v2.0/policies/eb32f31f-ed82-431e-8330-c95720661ca1/tags HTTP/1.1" status: 200 len: 227 time: 0.0164568
2026-07-08 06:18:28.540 9 INFO neutron.plugins.ml2.drivers.ovn.mech_driver.mech_driver [None req-41e60fba-ef33-4b33-94db-723173586111 - - - - - -] OVN reports status down for port: 5302258c-be20-41d9-b352-d09920fede68
2026-07-08 06:18:28.541 10 INFO neutron.wsgi [None req-014f8ce8-c202-430e-85a8-a68aa4b62260 bbaffa6a46794cb8b975960c43862411 393f828261674b64b016440782fe8fc1 - - default default] 10.0.0.36 "PUT /v2.0/policies/eb32f31f-ed82-431e-8330-c95720661ca1/tags/red HTTP/1.1" status: 201 len: 201 time: 0.0201380
2026-07-08 06:18:28.561 10 INFO neutron.wsgi [None req-972061f3-84f9-4000-8bb2-4d79d3700575 bbaffa6a46794cb8b975960c43862411 393f828261674b64b016440782fe8fc1 - - default default] 10.0.0.36 "GET /v2.0/policies/eb32f31f-ed82-431e-8330-c95720661ca1/tags HTTP/1.1" status: 200 len: 227 time: 0.0130877
2026-07-08 06:18:28.561 9 INFO neutron.wsgi [req-ad1efe7d-0093-4a0e-b730-b692a0874450 req-441482bf-9bda-4dae-9c43-b4f073f592f5 4b0ff074956b498fa3b130b08ed1bc60 f25d7983d1c749f694fddf4565515b36 - - default default] 10.0.0.153 "GET /v2.0/ports?device_id=e5da69be-228a-43e4-bedf-fd7eff1a52c8 HTTP/1.1" status: 200 len: 1170 time: 0.0997021
2026-07-08 06:18:28.595 10 INFO neutron.wsgi [None req-5bcf0f08-d040-4edf-b514-0262200c0265 bbaffa6a46794cb8b975960c43862411 393f828261674b64b016440782fe8fc1 - - default default] 10.0.0.36 "PUT /v2.0/policies/eb32f31f-ed82-431e-8330-c95720661ca1/tags/black.or.white HTTP/1.1" status: 201 len: 201 time: 0.0294311
2026-07-08 06:18:28.629 9 INFO neutron.wsgi [req-ad1efe7d-0093-4a0e-b730-b692a0874450 req-d2512352-c9c9-47a4-b3c8-5aa17b093ebb 4b0ff074956b498fa3b130b08ed1bc60 f25d7983d1c749f694fddf4565515b36 - - default default] 10.0.0.153 "GET /v2.0/security-groups?id=725074b1-1c2a-4b47-a0d5-111ba329196a&fields=id&fields=name HTTP/1.1" status: 200 len: 313 time: 0.0571451
2026-07-08 06:18:28.632 9 INFO neutron.wsgi [None req-963ef34a-9f91-4a40-8134-3c597ea01029 bbaffa6a46794cb8b975960c43862411 393f828261674b64b016440782fe8fc1 - - default default] 10.0.0.36 "GET /v2.0/policies/eb32f31f-ed82-431e-8330-c95720661ca1/tags HTTP/1.1" status: 200 len: 245 time: 0.0288842
2026-07-08 06:18:28.693 9 INFO neutron.wsgi [None req-aa260107-60ab-4e26-ad30-dfc643b12bfc bbaffa6a46794cb8b975960c43862411 393f828261674b64b016440782fe8fc1 - - default default] 10.0.0.36 "PUT /v2.0/policies/eb32f31f-ed82-431e-8330-c95720661ca1/tags HTTP/1.1" status: 200 len: 230 time: 0.0541260
2026-07-08 06:18:28.701 9 INFO neutron.notifiers.nova [-] Nova event matching ['req-24dd70c5-d37b-425e-85cb-629be4dcfb8e'] response: {'server_uuid': 'e5da69be-228a-43e4-bedf-fd7eff1a52c8', 'name': 'network-vif-unplugged', 'status': 'completed', 'tag': '5302258c-be20-41d9-b352-d09920fede68', 'code': 200}
2026-07-08 06:18:28.742 9 INFO neutron.wsgi [None req-e19c7bac-3a55-4095-89e7-16015a2de4db bbaffa6a46794cb8b975960c43862411 393f828261674b64b016440782fe8fc1 - - default default] 10.0.0.36 "GET /v2.0/policies/eb32f31f-ed82-431e-8330-c95720661ca1/tags HTTP/1.1" status: 200 len: 230 time: 0.0434628
2026-07-08 06:18:28.770 10 INFO neutron.wsgi [None req-096203ba-23c8-401f-b90e-7b5233b93c35 bbaffa6a46794cb8b975960c43862411 393f828261674b64b016440782fe8fc1 - - default default] 10.0.0.36 "GET /v2.0/policies/eb32f31f-ed82-431e-8330-c95720661ca1/tags/red HTTP/1.1" status: 204 len: 168 time: 0.0217133
2026-07-08 06:18:28.792 10 INFO neutron.api.v2.resource [None req-503ca8a3-ca0f-4463-8852-664d3fd9dde1 bbaffa6a46794cb8b975960c43862411 393f828261674b64b016440782fe8fc1 - - default default] show failed (client error): The resource could not be found.
2026-07-08 06:18:28.794 10 INFO neutron.wsgi [None req-503ca8a3-ca0f-4463-8852-664d3fd9dde1 bbaffa6a46794cb8b975960c43862411 393f828261674b64b016440782fe8fc1 - - default default] 10.0.0.36 "GET /v2.0/policies/eb32f31f-ed82-431e-8330-c95720661ca1/tags/green HTTP/1.1" status: 404 len: 299 time: 0.0180016
2026-07-08 06:18:28.851 10 INFO neutron.wsgi [req-f88c7e1f-4265-4acb-9683-299accfac808 req-1e6ce796-beae-4f80-8ab2-0dbb82e0f7af 4b0ff074956b498fa3b130b08ed1bc60 f25d7983d1c749f694fddf4565515b36 - - default default] 199.204.45.89 "GET /v2.0/ports?device_id=e5da69be-228a-43e4-bedf-fd7eff1a52c8 HTTP/1.1" status: 200 len: 1168 time: 0.0371835
2026-07-08 06:18:28.862 10 INFO neutron.wsgi [None req-7f4e7161-a7af-455b-ba38-3ac9a63508f2 bbaffa6a46794cb8b975960c43862411 393f828261674b64b016440782fe8fc1 - - default default] 10.0.0.36 "DELETE /v2.0/policies/eb32f31f-ed82-431e-8330-c95720661ca1/tags/red HTTP/1.1" status: 204 len: 168 time: 0.0548079
2026-07-08 06:18:28.889 9 INFO neutron.wsgi [None req-df7c5703-718d-4349-813b-46a6b074d6fb bbaffa6a46794cb8b975960c43862411 393f828261674b64b016440782fe8fc1 - - default default] 10.0.0.36 "GET /v2.0/policies/eb32f31f-ed82-431e-8330-c95720661ca1/tags HTTP/1.1" status: 200 len: 223 time: 0.0205872
2026-07-08 06:18:28.922 10 INFO neutron.api.v2.resource [None req-d3fe1a6b-ccd9-4488-b94c-54ea3787a041 bbaffa6a46794cb8b975960c43862411 393f828261674b64b016440782fe8fc1 - - default default] delete failed (client error): The resource could not be found.
2026-07-08 06:18:28.923 9 INFO neutron.db.ovn_revision_numbers_db [None req-41e60fba-ef33-4b33-94db-723173586111 - - - - - -] Successfully bumped revision number for resource 5302258c-be20-41d9-b352-d09920fede68 (type: ports) to 5
2026-07-08 06:18:28.923 10 INFO neutron.wsgi [None req-d3fe1a6b-ccd9-4488-b94c-54ea3787a041 bbaffa6a46794cb8b975960c43862411 393f828261674b64b016440782fe8fc1 - - default default] 10.0.0.36 "DELETE /v2.0/policies/eb32f31f-ed82-431e-8330-c95720661ca1/tags/green HTTP/1.1" status: 404 len: 299 time: 0.0269811
2026-07-08 06:18:28.962 10 INFO neutron.wsgi [None req-56380a1c-68bb-4d74-86d4-760de81343de bbaffa6a46794cb8b975960c43862411 393f828261674b64b016440782fe8fc1 - - default default] 10.0.0.36 "DELETE /v2.0/policies/eb32f31f-ed82-431e-8330-c95720661ca1/tags HTTP/1.1" status: 204 len: 168 time: 0.0334890
2026-07-08 06:18:28.998 10 INFO neutron.wsgi [None req-576e5345-4b22-47d7-ba1a-38c82d4af102 bbaffa6a46794cb8b975960c43862411 393f828261674b64b016440782fe8fc1 - - default default] 10.0.0.36 "GET /v2.0/policies/eb32f31f-ed82-431e-8330-c95720661ca1/tags HTTP/1.1" status: 200 len: 205 time: 0.0297651 /var/lib/openstack/lib/python3.10/site-packages/pycadf/identifier.py:71: UserWarning: Invalid uuid: neutron. To ensure interoperability, identifiers should be a valid uuid. warnings.warn(('Invalid uuid: %s. To ensure interoperability, '
2026-07-08 06:18:29.073 9 INFO neutron.wsgi [None req-62f07df4-0df1-4a5e-aab3-cd57e09e6d97 bbaffa6a46794cb8b975960c43862411 393f828261674b64b016440782fe8fc1 - - default default] 10.0.0.36 "DELETE /v2.0/qos/policies/eb32f31f-ed82-431e-8330-c95720661ca1 HTTP/1.1" status: 204 len: 168 time: 0.0682936
2026-07-08 06:18:29.157 10 INFO neutron.wsgi [req-f88c7e1f-4265-4acb-9683-299accfac808 req-f16f573d-2da7-442a-af8b-a27063959fa3 4b0ff074956b498fa3b130b08ed1bc60 f25d7983d1c749f694fddf4565515b36 - - default default] 199.204.45.89 "DELETE /v2.0/ports/5302258c-be20-41d9-b352-d09920fede68 HTTP/1.1" status: 204 len: 173 time: 0.3020847
2026-07-08 06:18:29.677 10 INFO neutron.notifiers.nova [-] Nova event matching ['req-6e641e19-bf5d-45fc-9397-2b8da397698c'] response: {'server_uuid': 'e5da69be-228a-43e4-bedf-fd7eff1a52c8', 'name': 'network-vif-deleted', 'tag': '5302258c-be20-41d9-b352-d09920fede68', 'status': 'completed', 'code': 200}
2026-07-08 06:18:29.852 10 INFO neutron.wsgi [None req-35bbce35-5041-4454-924f-9b88a9f95074 4b0ff074956b498fa3b130b08ed1bc60 f25d7983d1c749f694fddf4565515b36 - - default default] 10.0.0.36 "DELETE /v2.0/security-groups/725074b1-1c2a-4b47-a0d5-111ba329196a HTTP/1.1" status: 204 len: 168 time: 0.1480026
2026-07-08 06:18:30.003 10 INFO neutron.db.ovn_revision_numbers_db [None req-ba7d4544-9689-4c3b-afec-7d7915c58b2c f9d0012c80a44f34981be525aa95de34 31c8531259d447fa8358eb34b21b7e43 - - default default] Successfully bumped revision number for resource b78de121-6229-4d9d-8531-7e33190bbfb3 (type: security_groups) to 1
2026-07-08 06:18:30.018 10 INFO neutron.db.ovn_revision_numbers_db [None req-ba7d4544-9689-4c3b-afec-7d7915c58b2c f9d0012c80a44f34981be525aa95de34 31c8531259d447fa8358eb34b21b7e43 - - default default] Successfully bumped revision number for resource 3923e318-ccda-4a2c-921b-d1308e8cf287 (type: security_group_rules) to 0
2026-07-08 06:18:30.031 9 INFO neutron.wsgi [req-e9a1445f-faf7-49b1-8f86-669b8eeeb870 req-f98dcd8c-8115-487c-9513-26f6d921f53d a83e80ad31c44cecb513e1b54ba6e508 ee4023e8008b4a9f9791fe2c69bb72d7 - - default default] 10.0.0.153 "GET /v2.0/networks?id=faa46dae-55bb-4b53-a70c-ff64b1623d67 HTTP/1.1" status: 200 len: 871 time: 0.0956457
2026-07-08 06:18:30.044 10 INFO neutron.db.ovn_revision_numbers_db [None req-ba7d4544-9689-4c3b-afec-7d7915c58b2c f9d0012c80a44f34981be525aa95de34 31c8531259d447fa8358eb34b21b7e43 - - default default] Successfully bumped revision number for resource 4181f430-1fa0-4177-a942-4320b99e3295 (type: security_group_rules) to 0
2026-07-08 06:18:30.055 9 INFO neutron.wsgi [req-e9a1445f-faf7-49b1-8f86-669b8eeeb870 req-36328f73-ecec-4e91-b1b2-8ff2b96926a9 a83e80ad31c44cecb513e1b54ba6e508 ee4023e8008b4a9f9791fe2c69bb72d7 - - default default] 10.0.0.153 "GET /v2.0/quotas/ee4023e8008b4a9f9791fe2c69bb72d7 HTTP/1.1" status: 200 len: 386 time: 0.0180845
2026-07-08 06:18:30.059 10 INFO neutron.db.ovn_revision_numbers_db [None req-ba7d4544-9689-4c3b-afec-7d7915c58b2c f9d0012c80a44f34981be525aa95de34 31c8531259d447fa8358eb34b21b7e43 - - default default] Successfully bumped revision number for resource 79ffe234-73fc-4eb7-aeeb-d7278608a007 (type: security_group_rules) to 0
2026-07-08 06:18:30.074 10 INFO neutron.db.ovn_revision_numbers_db [None req-ba7d4544-9689-4c3b-afec-7d7915c58b2c f9d0012c80a44f34981be525aa95de34 31c8531259d447fa8358eb34b21b7e43 - - default default] Successfully bumped revision number for resource 9a9096d1-2785-4e05-9c65-554cbe22f06d (type: security_group_rules) to 0
2026-07-08 06:18:30.100 10 INFO neutron.wsgi [None req-ba7d4544-9689-4c3b-afec-7d7915c58b2c f9d0012c80a44f34981be525aa95de34 31c8531259d447fa8358eb34b21b7e43 - - default default] 10.0.0.36 "GET /v2.0/security-groups?tenant_id=4c55efd807ee4577ab1c96101dfdb507&name=default HTTP/1.1" status: 200 len: 2996 time: 0.3255527
2026-07-08 06:18:30.204 9 INFO neutron.wsgi [req-e9a1445f-faf7-49b1-8f86-669b8eeeb870 req-36452e5d-fae1-4c56-ba96-9bf8473606c4 a83e80ad31c44cecb513e1b54ba6e508 ee4023e8008b4a9f9791fe2c69bb72d7 - - default default] 10.0.0.153 "GET /v2.0/ports?tenant_id=ee4023e8008b4a9f9791fe2c69bb72d7&fields=id HTTP/1.1" status: 200 len: 302 time: 0.1385674
2026-07-08 06:18:30.311 9 INFO neutron.wsgi [req-e9a1445f-faf7-49b1-8f86-669b8eeeb870 req-65add53c-ba6b-4de7-959a-b205654069b6 26ca87b1b3324dddb79ad44d6e826bf6 47f08c3366dd447e8c92d7b83369e780 - - ee583b710bfd4bb2bf2b0a42e9676962 ee583b710bfd4bb2bf2b0a42e9676962] 10.0.0.153 "GET /v2.0/networks/faa46dae-55bb-4b53-a70c-ff64b1623d67?fields=segments HTTP/1.1" status: 200 len: 212 time: 0.0945153
2026-07-08 06:18:30.326 10 INFO neutron.wsgi [None req-ee81f81e-1b7d-40c8-9218-c05a86aa7c8d f9d0012c80a44f34981be525aa95de34 31c8531259d447fa8358eb34b21b7e43 - - default default] 10.0.0.36 "DELETE /v2.0/security-groups/b78de121-6229-4d9d-8531-7e33190bbfb3 HTTP/1.1" status: 204 len: 168 time: 0.2201922
2026-07-08 06:18:30.403 9 INFO neutron.wsgi [req-e9a1445f-faf7-49b1-8f86-669b8eeeb870 req-85b44171-1575-4677-a77e-f08ee4bf884f 26ca87b1b3324dddb79ad44d6e826bf6 47f08c3366dd447e8c92d7b83369e780 - - ee583b710bfd4bb2bf2b0a42e9676962 ee583b710bfd4bb2bf2b0a42e9676962] 10.0.0.153 "GET /v2.0/networks/faa46dae-55bb-4b53-a70c-ff64b1623d67?fields=provider%3Aphysical_network&fields=provider%3Anetwork_type HTTP/1.1" status: 200 len: 277 time: 0.0828035
2026-07-08 06:18:30.521 10 INFO neutron.wsgi [req-6498244c-a8fe-43a1-b6b8-ec1b510d6f39 req-ed83c1f3-c84a-42e4-95f1-1b254da122ea a83e80ad31c44cecb513e1b54ba6e508 ee4023e8008b4a9f9791fe2c69bb72d7 - - default default] 10.0.0.153 "GET /v2.0/ports?device_id=2851b511-c2c9-493c-88de-ac0c6959b8c6 HTTP/1.1" status: 200 len: 210 time: 0.0198727
2026-07-08 06:18:30.569 10 INFO neutron.db.ovn_revision_numbers_db [None req-23820167-c00a-4da9-a37f-cc143be8dee3 f9d0012c80a44f34981be525aa95de34 31c8531259d447fa8358eb34b21b7e43 - - default default] Successfully bumped revision number for resource fc05e38f-748b-4b47-94e4-73a4ad1e4c56 (type: security_groups) to 1
2026-07-08 06:18:30.583 10 INFO neutron.db.ovn_revision_numbers_db [None req-23820167-c00a-4da9-a37f-cc143be8dee3 f9d0012c80a44f34981be525aa95de34 31c8531259d447fa8358eb34b21b7e43 - - default default] Successfully bumped revision number for resource 5994141f-9ac1-4cb2-9762-a80ee485b594 (type: security_group_rules) to 0
2026-07-08 06:18:30.596 10 INFO neutron.db.ovn_revision_numbers_db [None req-23820167-c00a-4da9-a37f-cc143be8dee3 f9d0012c80a44f34981be525aa95de34 31c8531259d447fa8358eb34b21b7e43 - - default default] Successfully bumped revision number for resource b7a12f98-b4d9-4dfd-b789-2f5e171439d6 (type: security_group_rules) to 0
2026-07-08 06:18:30.610 10 INFO neutron.db.ovn_revision_numbers_db [None req-23820167-c00a-4da9-a37f-cc143be8dee3 f9d0012c80a44f34981be525aa95de34 31c8531259d447fa8358eb34b21b7e43 - - default default] Successfully bumped revision number for resource c8126bac-a824-45e5-90a7-35f67c1e9e4c (type: security_group_rules) to 0
2026-07-08 06:18:30.622 10 INFO neutron.db.ovn_revision_numbers_db [None req-23820167-c00a-4da9-a37f-cc143be8dee3 f9d0012c80a44f34981be525aa95de34 31c8531259d447fa8358eb34b21b7e43 - - default default] Successfully bumped revision number for resource e9243fa6-f161-449c-9887-85689fa1fb10 (type: security_group_rules) to 0
2026-07-08 06:18:30.644 10 INFO neutron.wsgi [None req-23820167-c00a-4da9-a37f-cc143be8dee3 f9d0012c80a44f34981be525aa95de34 31c8531259d447fa8358eb34b21b7e43 - - default default] 10.0.0.36 "GET /v2.0/security-groups?tenant_id=393f828261674b64b016440782fe8fc1&name=default HTTP/1.1" status: 200 len: 2996 time: 0.1923013
2026-07-08 06:18:30.730 9 INFO neutron.notifiers.nova [-] Nova event matching ['req-875e92e5-592d-4245-959c-8b575cf118ff'] response: {'server_uuid': 'e5da69be-228a-43e4-bedf-fd7eff1a52c8', 'name': 'network-vif-plugged', 'status': 'completed', 'tag': '5302258c-be20-41d9-b352-d09920fede68', 'code': 200}
2026-07-08 06:18:30.837 10 INFO neutron.wsgi [None req-be63099b-38f7-4373-a537-c5c8d57fc6a9 f9d0012c80a44f34981be525aa95de34 31c8531259d447fa8358eb34b21b7e43 - - default default] 10.0.0.36 "DELETE /v2.0/security-groups/fc05e38f-748b-4b47-94e4-73a4ad1e4c56 HTTP/1.1" status: 204 len: 168 time: 0.1887319
2026-07-08 06:18:30.849 9 INFO neutron.wsgi [None req-d55323fa-bed4-4ce5-adfa-1dff16ea5688 4b0ff074956b498fa3b130b08ed1bc60 f25d7983d1c749f694fddf4565515b36 - - default default] 10.0.0.36 "PUT /v2.0/routers/e89fe978-3da9-4a81-8ad8-eb30acbb18a3/remove_router_interface HTTP/1.1" status: 200 len: 503 time: 0.9693110 /var/lib/openstack/lib/python3.10/site-packages/pycadf/identifier.py:71: UserWarning: Invalid uuid: neutron. To ensure interoperability, identifiers should be a valid uuid. warnings.warn(('Invalid uuid: %s. To ensure interoperability, '
2026-07-08 06:18:31.053 9 INFO neutron.wsgi [None req-5d75a75c-c134-4f2b-93e9-3105aa624abd 4b0ff074956b498fa3b130b08ed1bc60 f25d7983d1c749f694fddf4565515b36 - - default default] 10.0.0.36 "DELETE /v2.0/subnets/c501ad1c-4c94-40b0-8ad5-b2d0ca64c582 HTTP/1.1" status: 204 len: 168 time: 0.1991909
2026-07-08 06:18:31.237 10 INFO neutron.wsgi [req-e9a1445f-faf7-49b1-8f86-669b8eeeb870 req-37e81efc-c964-4cfe-ad1b-da48e47a72d1 a83e80ad31c44cecb513e1b54ba6e508 ee4023e8008b4a9f9791fe2c69bb72d7 - - default default] 199.204.45.89 "GET /v2.0/networks?id=faa46dae-55bb-4b53-a70c-ff64b1623d67 HTTP/1.1" status: 200 len: 871 time: 0.0859993
2026-07-08 06:18:31.343 10 WARNING neutron.plugins.ml2.drivers.ovn.mech_driver.ovsdb.ovn_client [None req-1f3ac1b1-c9eb-4667-a03d-cc9a1820faa9 - - - - - -] No hosting information found for port b74aa5e8-adaa-4aac-a73a-8299ffae22ca: RuntimeError: No hosting information found for port b74aa5e8-adaa-4aac-a73a-8299ffae22ca /var/lib/openstack/lib/python3.10/site-packages/pycadf/identifier.py:71: UserWarning: Invalid uuid: neutron. To ensure interoperability, identifiers should be a valid uuid. warnings.warn(('Invalid uuid: %s. To ensure interoperability, '
2026-07-08 06:18:31.615 10 WARNING neutron.scheduler.dhcp_agent_scheduler [req-e9a1445f-faf7-49b1-8f86-669b8eeeb870 req-57973a89-b160-4b51-b353-a5fa6e6eb44a a83e80ad31c44cecb513e1b54ba6e508 ee4023e8008b4a9f9791fe2c69bb72d7 - - default default] No more DHCP agents
2026-07-08 06:18:31.629 10 WARNING neutron.api.rpc.agentnotifiers.dhcp_rpc_agent_api [req-e9a1445f-faf7-49b1-8f86-669b8eeeb870 req-57973a89-b160-4b51-b353-a5fa6e6eb44a a83e80ad31c44cecb513e1b54ba6e508 ee4023e8008b4a9f9791fe2c69bb72d7 - - default default] Unable to schedule network faa46dae-55bb-4b53-a70c-ff64b1623d67: no agents available; will retry on subsequent port and subnet creation events.
2026-07-08 06:18:31.649 9 INFO neutron.wsgi [None req-06d6af75-8b75-4e48-a53b-19b90bf5867a 4b0ff074956b498fa3b130b08ed1bc60 f25d7983d1c749f694fddf4565515b36 - - default default] 10.0.0.36 "DELETE /v2.0/routers/e89fe978-3da9-4a81-8ad8-eb30acbb18a3 HTTP/1.1" status: 204 len: 168 time: 0.5898533
2026-07-08 06:18:31.719 10 INFO neutron.wsgi [req-2179fc83-dd7d-4f7c-a9ae-b0f32646e4f5 req-9de09462-ba54-4cd7-a6d5-e6c59a9ba976 a83e80ad31c44cecb513e1b54ba6e508 ee4023e8008b4a9f9791fe2c69bb72d7 - - default default] 10.0.0.153 "GET /v2.0/ports?device_id=2851b511-c2c9-493c-88de-ac0c6959b8c6 HTTP/1.1" status: 200 len: 1156 time: 0.1216340 /var/lib/openstack/lib/python3.10/site-packages/pycadf/identifier.py:71: UserWarning: Invalid uuid: neutron. To ensure interoperability, identifiers should be a valid uuid. warnings.warn(('Invalid uuid: %s. To ensure interoperability, '
2026-07-08 06:18:31.786 10 INFO neutron.wsgi [req-2179fc83-dd7d-4f7c-a9ae-b0f32646e4f5 req-3b611916-cff5-45a2-84f6-b6f18ed68ece a83e80ad31c44cecb513e1b54ba6e508 ee4023e8008b4a9f9791fe2c69bb72d7 - - default default] 10.0.0.153 "GET /v2.0/security-groups?id=ed017956-7dbd-40bb-bcd4-e7747d8553bb&fields=id&fields=name HTTP/1.1" status: 200 len: 286 time: 0.0609756
2026-07-08 06:18:31.849 10 INFO neutron.db.ovn_revision_numbers_db [req-e9a1445f-faf7-49b1-8f86-669b8eeeb870 req-57973a89-b160-4b51-b353-a5fa6e6eb44a a83e80ad31c44cecb513e1b54ba6e508 ee4023e8008b4a9f9791fe2c69bb72d7 - - default default] Successfully bumped revision number for resource 406e9e40-e2f2-4153-bc34-ac45c52d49d3 (type: ports) to 1
2026-07-08 06:18:31.879 10 INFO neutron.wsgi [req-e9a1445f-faf7-49b1-8f86-669b8eeeb870 req-57973a89-b160-4b51-b353-a5fa6e6eb44a a83e80ad31c44cecb513e1b54ba6e508 ee4023e8008b4a9f9791fe2c69bb72d7 - - default default] 199.204.45.89 "POST /v2.0/ports HTTP/1.1" status: 201 len: 1158 time: 0.6255779
2026-07-08 06:18:32.265 9 INFO neutron.services.segments.plugin [-] Segment 18f51cc0-9bd3-43a2-9f25-f9f92b0d39a6 resource provider aggregate not found
2026-07-08 06:18:32.270 9 INFO neutron.services.segments.plugin [-] Segment 18f51cc0-9bd3-43a2-9f25-f9f92b0d39a6 resource provider aggregate not found
2026-07-08 06:18:32.291 9 INFO neutron.services.segments.plugin [-] Segment 18f51cc0-9bd3-43a2-9f25-f9f92b0d39a6 resource provider not found; error: Placement Client Error (4xx): {"errors": [{"status": 404, "title": "Not Found", "detail": "The resource could not be found.\n\n No resource provider with uuid 18f51cc0-9bd3-43a2-9f25-f9f92b0d39a6 found for delete ", "request_id": "req-463586e2-8c15-49a3-97c9-03e4eb0c8a8b"}]}
2026-07-08 06:18:32.292 9 INFO neutron.services.segments.plugin [-] Segment 18f51cc0-9bd3-43a2-9f25-f9f92b0d39a6 resource provider not found; error: Placement Client Error (4xx): {"errors": [{"status": 404, "title": "Not Found", "detail": "The resource could not be found.\n\n No resource provider with uuid 18f51cc0-9bd3-43a2-9f25-f9f92b0d39a6 found for delete ", "request_id": "req-b34136a5-be16-408e-bbe7-b2e819307698"}]}
2026-07-08 06:18:32.316 9 INFO neutron.wsgi [None req-8ee9b9a0-3daf-42ae-8e19-ed3461a4957c 4b0ff074956b498fa3b130b08ed1bc60 f25d7983d1c749f694fddf4565515b36 - - default default] 10.0.0.36 "DELETE /v2.0/networks/6099ae19-7412-48fc-9b12-277e15f58f50 HTTP/1.1" status: 204 len: 168 time: 0.6629488
2026-07-08 06:18:32.376 10 INFO neutron.db.ovn_revision_numbers_db [req-e9a1445f-faf7-49b1-8f86-669b8eeeb870 req-0c9da9c0-b7a0-45f3-be5e-5a3e5c467274 26ca87b1b3324dddb79ad44d6e826bf6 47f08c3366dd447e8c92d7b83369e780 - - ee583b710bfd4bb2bf2b0a42e9676962 ee583b710bfd4bb2bf2b0a42e9676962] Successfully bumped revision number for resource 406e9e40-e2f2-4153-bc34-ac45c52d49d3 (type: ports) to 2
2026-07-08 06:18:32.483 10 WARNING neutron.scheduler.dhcp_agent_scheduler [None req-4ffddb99-9b80-4e6e-9743-cab62e685f01 bd4c9ab59e51447fb320599504487853 c1c00bd5bb7a432682239cabef854592 - - default default] No more DHCP agents
2026-07-08 06:18:32.486 10 WARNING neutron.api.rpc.agentnotifiers.dhcp_rpc_agent_api [None req-4ffddb99-9b80-4e6e-9743-cab62e685f01 bd4c9ab59e51447fb320599504487853 c1c00bd5bb7a432682239cabef854592 - - default default] Unable to schedule network 4655023a-9bbe-40d8-8914-37a82927b034: no agents available; will retry on subsequent port and subnet creation events.
2026-07-08 06:18:32.685 10 INFO neutron.db.ovn_revision_numbers_db [req-e9a1445f-faf7-49b1-8f86-669b8eeeb870 req-0c9da9c0-b7a0-45f3-be5e-5a3e5c467274 26ca87b1b3324dddb79ad44d6e826bf6 47f08c3366dd447e8c92d7b83369e780 - - ee583b710bfd4bb2bf2b0a42e9676962 ee583b710bfd4bb2bf2b0a42e9676962] Successfully bumped revision number for resource 406e9e40-e2f2-4153-bc34-ac45c52d49d3 (type: ports) to 2
2026-07-08 06:18:32.724 10 INFO neutron.wsgi [req-e9a1445f-faf7-49b1-8f86-669b8eeeb870 req-0c9da9c0-b7a0-45f3-be5e-5a3e5c467274 26ca87b1b3324dddb79ad44d6e826bf6 47f08c3366dd447e8c92d7b83369e780 - - ee583b710bfd4bb2bf2b0a42e9676962 ee583b710bfd4bb2bf2b0a42e9676962] 199.204.45.89 "PUT /v2.0/ports/406e9e40-e2f2-4153-bc34-ac45c52d49d3 HTTP/1.1" status: 200 len: 1376 time: 0.8362067
2026-07-08 06:18:32.759 10 INFO neutron.notifiers.nova [-] Nova event matching ['req-1634e1c4-b274-46ed-997c-4df483ca85eb'] response: {'name': 'network-changed', 'server_uuid': '2851b511-c2c9-493c-88de-ac0c6959b8c6', 'tag': '406e9e40-e2f2-4153-bc34-ac45c52d49d3', 'status': 'completed', 'code': 200} /var/lib/openstack/lib/python3.10/site-packages/pycadf/identifier.py:71: UserWarning: Invalid uuid: neutron. To ensure interoperability, identifiers should be a valid uuid. warnings.warn(('Invalid uuid: %s. To ensure interoperability, '
2026-07-08 06:18:32.816 10 INFO neutron.wsgi [req-e9a1445f-faf7-49b1-8f86-669b8eeeb870 req-1a32053c-2a0b-4fec-bbb1-6b0a80e20b23 26ca87b1b3324dddb79ad44d6e826bf6 47f08c3366dd447e8c92d7b83369e780 - - ee583b710bfd4bb2bf2b0a42e9676962 ee583b710bfd4bb2bf2b0a42e9676962] 199.204.45.89 "GET /v2.0/ports?tenant_id=ee4023e8008b4a9f9791fe2c69bb72d7&device_id=2851b511-c2c9-493c-88de-ac0c6959b8c6 HTTP/1.1" status: 200 len: 1407 time: 0.0482590
2026-07-08 06:18:32.845 10 INFO neutron.wsgi [req-e9a1445f-faf7-49b1-8f86-669b8eeeb870 req-9fe79c2f-c5ce-4937-ba88-c157ce9efaae 26ca87b1b3324dddb79ad44d6e826bf6 47f08c3366dd447e8c92d7b83369e780 - - ee583b710bfd4bb2bf2b0a42e9676962 ee583b710bfd4bb2bf2b0a42e9676962] 199.204.45.89 "GET /v2.0/floatingips?fixed_ip_address=10.100.0.7&port_id=406e9e40-e2f2-4153-bc34-ac45c52d49d3 HTTP/1.1" status: 200 len: 217 time: 0.0224473
2026-07-08 06:18:32.905 10 INFO neutron.wsgi [req-4575cede-ad22-44b6-8336-ba7f3a26e8cc req-0faf49ac-b51c-4ede-86d3-c977bdbbfedb a83e80ad31c44cecb513e1b54ba6e508 ee4023e8008b4a9f9791fe2c69bb72d7 - - default default] 10.0.0.153 "GET /v2.0/ports?device_id=2851b511-c2c9-493c-88de-ac0c6959b8c6 HTTP/1.1" status: 200 len: 1168 time: 0.0518057
2026-07-08 06:18:32.918 10 INFO neutron.wsgi [req-e9a1445f-faf7-49b1-8f86-669b8eeeb870 req-cd67d58d-5e49-4c6e-96c3-0e8bd43a0219 26ca87b1b3324dddb79ad44d6e826bf6 47f08c3366dd447e8c92d7b83369e780 - - ee583b710bfd4bb2bf2b0a42e9676962 ee583b710bfd4bb2bf2b0a42e9676962] 199.204.45.89 "GET /v2.0/subnets?id=f36874b2-7b2e-44cf-bf72-aa8b25694fb6 HTTP/1.1" status: 200 len: 865 time: 0.0683010
2026-07-08 06:18:32.956 10 INFO neutron.wsgi [req-e9a1445f-faf7-49b1-8f86-669b8eeeb870 req-285ff7ef-f02f-408a-b4e1-df1f335a79e4 26ca87b1b3324dddb79ad44d6e826bf6 47f08c3366dd447e8c92d7b83369e780 - - ee583b710bfd4bb2bf2b0a42e9676962 ee583b710bfd4bb2bf2b0a42e9676962] 199.204.45.89 "GET /v2.0/ports?network_id=faa46dae-55bb-4b53-a70c-ff64b1623d67&device_owner=network%3Adhcp HTTP/1.1" status: 200 len: 210 time: 0.0305526
2026-07-08 06:18:32.990 10 INFO neutron.wsgi [req-4575cede-ad22-44b6-8336-ba7f3a26e8cc req-bc3ced38-9488-4b16-b595-84f52c6f499f a83e80ad31c44cecb513e1b54ba6e508 ee4023e8008b4a9f9791fe2c69bb72d7 - - default default] 10.0.0.153 "GET /v2.0/security-groups?id=ed017956-7dbd-40bb-bcd4-e7747d8553bb&fields=id&fields=name HTTP/1.1" status: 200 len: 286 time: 0.0741513
2026-07-08 06:18:33.196 9 INFO neutron.wsgi [None req-6d3c793d-9bd4-4349-b04f-b0397dae6d38 f9d0012c80a44f34981be525aa95de34 31c8531259d447fa8358eb34b21b7e43 - - default default] 10.0.0.36 "GET /v2.0/security-groups?tenant_id=f25d7983d1c749f694fddf4565515b36&name=default HTTP/1.1" status: 200 len: 2996 time: 0.2221999
2026-07-08 06:18:33.253 10 INFO neutron.db.ovn_revision_numbers_db [None req-4ffddb99-9b80-4e6e-9743-cab62e685f01 bd4c9ab59e51447fb320599504487853 c1c00bd5bb7a432682239cabef854592 - - default default] Successfully bumped revision number for resource be90effb-8b7f-49bf-aff2-ccbde12437df (type: floatingips) to 0
2026-07-08 06:18:33.260 10 INFO neutron.wsgi [req-e9a1445f-faf7-49b1-8f86-669b8eeeb870 req-dcace700-4c20-487d-8237-d9862330e43e 26ca87b1b3324dddb79ad44d6e826bf6 47f08c3366dd447e8c92d7b83369e780 - - ee583b710bfd4bb2bf2b0a42e9676962 ee583b710bfd4bb2bf2b0a42e9676962] 199.204.45.89 "GET /v2.0/networks/faa46dae-55bb-4b53-a70c-ff64b1623d67?fields=segments HTTP/1.1" status: 200 len: 212 time: 0.2926748
2026-07-08 06:18:33.275 10 INFO neutron.wsgi [None req-4ffddb99-9b80-4e6e-9743-cab62e685f01 bd4c9ab59e51447fb320599504487853 c1c00bd5bb7a432682239cabef854592 - - default default] 10.0.0.36 "POST /v2.0/floatingips HTTP/1.1" status: 201 len: 751 time: 1.3485761
2026-07-08 06:18:33.338 10 INFO neutron.wsgi [req-e9a1445f-faf7-49b1-8f86-669b8eeeb870 req-ae8d857b-ce6a-4e43-960b-111478daaa41 26ca87b1b3324dddb79ad44d6e826bf6 47f08c3366dd447e8c92d7b83369e780 - - ee583b710bfd4bb2bf2b0a42e9676962 ee583b710bfd4bb2bf2b0a42e9676962] 199.204.45.89 "GET /v2.0/networks/faa46dae-55bb-4b53-a70c-ff64b1623d67?fields=provider%3Aphysical_network&fields=provider%3Anetwork_type HTTP/1.1" status: 200 len: 277 time: 0.0699100
2026-07-08 06:18:33.411 10 INFO neutron.wsgi [req-ec5fe306-7dc7-4656-b861-a946412636bf req-928295a5-9312-4e66-9514-55a0e9631a32 26ca87b1b3324dddb79ad44d6e826bf6 47f08c3366dd447e8c92d7b83369e780 - - ee583b710bfd4bb2bf2b0a42e9676962 ee583b710bfd4bb2bf2b0a42e9676962] 199.204.45.89 "GET /v2.0/ports?tenant_id=ee4023e8008b4a9f9791fe2c69bb72d7&device_id=2851b511-c2c9-493c-88de-ac0c6959b8c6 HTTP/1.1" status: 200 len: 1407 time: 0.0356350
2026-07-08 06:18:33.483 10 INFO neutron.wsgi [req-ec5fe306-7dc7-4656-b861-a946412636bf req-2e51bafd-b603-49a0-ac6a-b75d5b356bc2 26ca87b1b3324dddb79ad44d6e826bf6 47f08c3366dd447e8c92d7b83369e780 - - ee583b710bfd4bb2bf2b0a42e9676962 ee583b710bfd4bb2bf2b0a42e9676962] 199.204.45.89 "GET /v2.0/networks?id=faa46dae-55bb-4b53-a70c-ff64b1623d67 HTTP/1.1" status: 200 len: 970 time: 0.0676374
2026-07-08 06:18:33.502 9 INFO neutron.wsgi [None req-f611090f-1db9-4bd2-9b5b-d2f66d0ee332 f9d0012c80a44f34981be525aa95de34 31c8531259d447fa8358eb34b21b7e43 - - default default] 10.0.0.36 "DELETE /v2.0/security-groups/e1c6df0f-352c-47a2-a2de-3ffac24ee6f0 HTTP/1.1" status: 204 len: 168 time: 0.3007691
2026-07-08 06:18:33.514 10 INFO neutron.wsgi [req-ec5fe306-7dc7-4656-b861-a946412636bf req-54cdb1a5-a045-4a7d-9706-2a9af0bbdb0d 26ca87b1b3324dddb79ad44d6e826bf6 47f08c3366dd447e8c92d7b83369e780 - - ee583b710bfd4bb2bf2b0a42e9676962 ee583b710bfd4bb2bf2b0a42e9676962] 199.204.45.89 "GET /v2.0/floatingips?fixed_ip_address=10.100.0.7&port_id=406e9e40-e2f2-4153-bc34-ac45c52d49d3 HTTP/1.1" status: 200 len: 217 time: 0.0259564
2026-07-08 06:18:33.536 10 INFO neutron.plugins.ml2.drivers.ovn.mech_driver.mech_driver [None req-1f3ac1b1-c9eb-4667-a03d-cc9a1820faa9 - - - - - -] OVN reports status up for port: 406e9e40-e2f2-4153-bc34-ac45c52d49d3
2026-07-08 06:18:33.558 10 INFO neutron.plugins.ml2.plugin [None req-1f3ac1b1-c9eb-4667-a03d-cc9a1820faa9 - - - - - -] Attempt 1 to provision port 406e9e40-e2f2-4153-bc34-ac45c52d49d3
2026-07-08 06:18:33.562 10 INFO neutron.wsgi [req-ec5fe306-7dc7-4656-b861-a946412636bf req-db768394-ae4f-47d8-8ecf-d7f98ac789fa 26ca87b1b3324dddb79ad44d6e826bf6 47f08c3366dd447e8c92d7b83369e780 - - ee583b710bfd4bb2bf2b0a42e9676962 ee583b710bfd4bb2bf2b0a42e9676962] 199.204.45.89 "GET /v2.0/subnets?id=f36874b2-7b2e-44cf-bf72-aa8b25694fb6 HTTP/1.1" status: 200 len: 865 time: 0.0407541
2026-07-08 06:18:33.594 9 WARNING neutron.scheduler.dhcp_agent_scheduler [None req-dc90702f-3afa-4557-af60-10b9635ef2b9 bd4c9ab59e51447fb320599504487853 c1c00bd5bb7a432682239cabef854592 - - default default] No more DHCP agents
2026-07-08 06:18:33.595 9 WARNING neutron.api.rpc.agentnotifiers.dhcp_rpc_agent_api [None req-dc90702f-3afa-4557-af60-10b9635ef2b9 bd4c9ab59e51447fb320599504487853 c1c00bd5bb7a432682239cabef854592 - - default default] Unable to schedule network 4655023a-9bbe-40d8-8914-37a82927b034: no agents available; will retry on subsequent port and subnet creation events.
2026-07-08 06:18:33.598 10 INFO neutron.wsgi [req-ec5fe306-7dc7-4656-b861-a946412636bf req-71531410-870e-4afa-83a1-02d365b42316 26ca87b1b3324dddb79ad44d6e826bf6 47f08c3366dd447e8c92d7b83369e780 - - ee583b710bfd4bb2bf2b0a42e9676962 ee583b710bfd4bb2bf2b0a42e9676962] 199.204.45.89 "GET /v2.0/ports?network_id=faa46dae-55bb-4b53-a70c-ff64b1623d67&device_owner=network%3Adhcp HTTP/1.1" status: 200 len: 210 time: 0.0249486
2026-07-08 06:18:33.667 10 INFO neutron.wsgi [req-ec5fe306-7dc7-4656-b861-a946412636bf req-fec0f225-3d72-4de2-8749-4d5b0693e7ab 26ca87b1b3324dddb79ad44d6e826bf6 47f08c3366dd447e8c92d7b83369e780 - - ee583b710bfd4bb2bf2b0a42e9676962 ee583b710bfd4bb2bf2b0a42e9676962] 199.204.45.89 "GET /v2.0/networks/faa46dae-55bb-4b53-a70c-ff64b1623d67?fields=segments HTTP/1.1" status: 200 len: 212 time: 0.0620351
2026-07-08 06:18:33.749 10 INFO neutron.wsgi [req-ec5fe306-7dc7-4656-b861-a946412636bf req-b0db468a-45a2-47b9-9c2c-d9f40ec88513 26ca87b1b3324dddb79ad44d6e826bf6 47f08c3366dd447e8c92d7b83369e780 - - ee583b710bfd4bb2bf2b0a42e9676962 ee583b710bfd4bb2bf2b0a42e9676962] 199.204.45.89 "GET /v2.0/networks/faa46dae-55bb-4b53-a70c-ff64b1623d67?fields=provider%3Aphysical_network&fields=provider%3Anetwork_type HTTP/1.1" status: 200 len: 277 time: 0.0739353
2026-07-08 06:18:33.901 9 INFO neutron.db.ovn_revision_numbers_db [None req-c7a7134d-de26-4315-ac45-01e05ec6ed82 f9d0012c80a44f34981be525aa95de34 31c8531259d447fa8358eb34b21b7e43 - - default default] Successfully bumped revision number for resource 37ce7d34-6a9a-4856-85de-2b0f6d9ed05f (type: security_groups) to 1
2026-07-08 06:18:33.915 10 INFO neutron.db.ovn_revision_numbers_db [None req-1f3ac1b1-c9eb-4667-a03d-cc9a1820faa9 - - - - - -] Successfully bumped revision number for resource 406e9e40-e2f2-4153-bc34-ac45c52d49d3 (type: ports) to 4
2026-07-08 06:18:33.942 9 INFO neutron.db.ovn_revision_numbers_db [None req-c7a7134d-de26-4315-ac45-01e05ec6ed82 f9d0012c80a44f34981be525aa95de34 31c8531259d447fa8358eb34b21b7e43 - - default default] Successfully bumped revision number for resource 1c0ec85b-20a1-4687-b171-ce57b3f67da4 (type: security_group_rules) to 0
2026-07-08 06:18:33.969 9 INFO neutron.db.ovn_revision_numbers_db [None req-c7a7134d-de26-4315-ac45-01e05ec6ed82 f9d0012c80a44f34981be525aa95de34 31c8531259d447fa8358eb34b21b7e43 - - default default] Successfully bumped revision number for resource 6532f637-02c8-4738-856e-e8eb3aa2832e (type: security_group_rules) to 0
2026-07-08 06:18:33.983 9 INFO neutron.db.ovn_revision_numbers_db [None req-c7a7134d-de26-4315-ac45-01e05ec6ed82 f9d0012c80a44f34981be525aa95de34 31c8531259d447fa8358eb34b21b7e43 - - default default] Successfully bumped revision number for resource a5ef3333-9a18-4c1e-a019-5646c7bcb528 (type: security_group_rules) to 0
2026-07-08 06:18:34.016 9 INFO neutron.db.ovn_revision_numbers_db [None req-c7a7134d-de26-4315-ac45-01e05ec6ed82 f9d0012c80a44f34981be525aa95de34 31c8531259d447fa8358eb34b21b7e43 - - default default] Successfully bumped revision number for resource bb48a88f-ce3c-4898-b497-f671ba776ddc (type: security_group_rules) to 0
2026-07-08 06:18:34.027 9 INFO neutron.db.ovn_revision_numbers_db [None req-dc90702f-3afa-4557-af60-10b9635ef2b9 bd4c9ab59e51447fb320599504487853 c1c00bd5bb7a432682239cabef854592 - - default default] Successfully bumped revision number for resource 3de2092a-699f-4ee6-bd94-39c304b805cd (type: floatingips) to 0
2026-07-08 06:18:34.033 9 INFO neutron.wsgi [None req-c7a7134d-de26-4315-ac45-01e05ec6ed82 f9d0012c80a44f34981be525aa95de34 31c8531259d447fa8358eb34b21b7e43 - - default default] 10.0.0.36 "GET /v2.0/security-groups?tenant_id=24b711d6babd45eda157ecc283011522&name=default HTTP/1.1" status: 200 len: 2996 time: 0.3103771 /var/lib/openstack/lib/python3.10/site-packages/pycadf/identifier.py:71: UserWarning: Invalid uuid: neutron. To ensure interoperability, identifiers should be a valid uuid. warnings.warn(('Invalid uuid: %s. To ensure interoperability, '
2026-07-08 06:18:34.045 9 INFO neutron.wsgi [None req-dc90702f-3afa-4557-af60-10b9635ef2b9 bd4c9ab59e51447fb320599504487853 c1c00bd5bb7a432682239cabef854592 - - default default] 10.0.0.36 "POST /v2.0/floatingips HTTP/1.1" status: 201 len: 751 time: 0.7583649
2026-07-08 06:18:34.084 9 INFO neutron.wsgi [req-48e111ce-1ab2-4315-983e-4e750abf2371 req-b51638a2-2e35-44b4-aa35-6e3b5cfe009e a83e80ad31c44cecb513e1b54ba6e508 ee4023e8008b4a9f9791fe2c69bb72d7 - - default default] 10.0.0.153 "GET /v2.0/ports?device_id=2851b511-c2c9-493c-88de-ac0c6959b8c6 HTTP/1.1" status: 200 len: 1170 time: 0.0327551
2026-07-08 06:18:34.129 9 INFO neutron.wsgi [req-48e111ce-1ab2-4315-983e-4e750abf2371 req-018c3658-34b7-4945-b909-2ba8f97d4af9 a83e80ad31c44cecb513e1b54ba6e508 ee4023e8008b4a9f9791fe2c69bb72d7 - - default default] 10.0.0.153 "GET /v2.0/security-groups?id=ed017956-7dbd-40bb-bcd4-e7747d8553bb&fields=id&fields=name HTTP/1.1" status: 200 len: 286 time: 0.0371439
2026-07-08 06:18:34.353 10 INFO neutron.wsgi [None req-dd2f8100-bbf2-43ad-892b-e53c637186a3 f9d0012c80a44f34981be525aa95de34 31c8531259d447fa8358eb34b21b7e43 - - default default] 10.0.0.36 "DELETE /v2.0/security-groups/37ce7d34-6a9a-4856-85de-2b0f6d9ed05f HTTP/1.1" status: 204 len: 168 time: 0.3143737
2026-07-08 06:18:34.362 10 WARNING neutron.scheduler.dhcp_agent_scheduler [None req-8a7d8f7b-5057-43f3-945f-3223a5fe4aa8 bd4c9ab59e51447fb320599504487853 c1c00bd5bb7a432682239cabef854592 - - default default] No more DHCP agents
2026-07-08 06:18:34.364 10 WARNING neutron.api.rpc.agentnotifiers.dhcp_rpc_agent_api [None req-8a7d8f7b-5057-43f3-945f-3223a5fe4aa8 bd4c9ab59e51447fb320599504487853 c1c00bd5bb7a432682239cabef854592 - - default default] Unable to schedule network 4655023a-9bbe-40d8-8914-37a82927b034: no agents available; will retry on subsequent port and subnet creation events.
2026-07-08 06:18:34.443 9 INFO neutron.db.ovn_revision_numbers_db [None req-5f36f7d2-f8a2-4a55-a653-976c93a33642 3f11c6c0de584bb781f64d3d95b554fd 18fcf337920941fca2f7531ab992aef1 - - default default] Successfully bumped revision number for resource 555d68c3-c42c-4fad-a2e1-6e5d84cd8015 (type: security_groups) to 1
2026-07-08 06:18:34.456 9 INFO neutron.db.ovn_revision_numbers_db [None req-5f36f7d2-f8a2-4a55-a653-976c93a33642 3f11c6c0de584bb781f64d3d95b554fd 18fcf337920941fca2f7531ab992aef1 - - default default] Successfully bumped revision number for resource 14e2b93e-2317-4772-aa6c-78e6919b8be9 (type: security_group_rules) to 0
2026-07-08 06:18:34.469 9 INFO neutron.db.ovn_revision_numbers_db [None req-5f36f7d2-f8a2-4a55-a653-976c93a33642 3f11c6c0de584bb781f64d3d95b554fd 18fcf337920941fca2f7531ab992aef1 - - default default] Successfully bumped revision number for resource 693bc7ac-7030-46a3-a863-d10fb41ae942 (type: security_group_rules) to 0
2026-07-08 06:18:34.482 9 INFO neutron.db.ovn_revision_numbers_db [None req-5f36f7d2-f8a2-4a55-a653-976c93a33642 3f11c6c0de584bb781f64d3d95b554fd 18fcf337920941fca2f7531ab992aef1 - - default default] Successfully bumped revision number for resource 92a5d051-63e3-49fc-ba13-97901e90f906 (type: security_group_rules) to 0
2026-07-08 06:18:34.494 9 INFO neutron.db.ovn_revision_numbers_db [None req-5f36f7d2-f8a2-4a55-a653-976c93a33642 3f11c6c0de584bb781f64d3d95b554fd 18fcf337920941fca2f7531ab992aef1 - - default default] Successfully bumped revision number for resource e4ff4b47-a381-40ce-a2f0-a6ef56945f5a (type: security_group_rules) to 0
2026-07-08 06:18:34.539 9 INFO neutron.db.segments_db [None req-5f36f7d2-f8a2-4a55-a653-976c93a33642 3f11c6c0de584bb781f64d3d95b554fd 18fcf337920941fca2f7531ab992aef1 - - default default] Added segment 67e5554c-1a66-4784-a65a-786a73f3b567 of type geneve for network dff9e8a2-d203-48f5-8cfc-d8be8a27a6bc
2026-07-08 06:18:34.675 10 INFO neutron.db.ovn_revision_numbers_db [None req-8a7d8f7b-5057-43f3-945f-3223a5fe4aa8 bd4c9ab59e51447fb320599504487853 c1c00bd5bb7a432682239cabef854592 - - default default] Successfully bumped revision number for resource f05827bc-8b80-4235-9c93-d98377b4f0b1 (type: floatingips) to 0
2026-07-08 06:18:34.694 9 INFO neutron.db.ovn_revision_numbers_db [None req-5f36f7d2-f8a2-4a55-a653-976c93a33642 3f11c6c0de584bb781f64d3d95b554fd 18fcf337920941fca2f7531ab992aef1 - - default default] Successfully bumped revision number for resource dff9e8a2-d203-48f5-8cfc-d8be8a27a6bc (type: networks) to 1
2026-07-08 06:18:34.695 10 INFO neutron.wsgi [None req-8a7d8f7b-5057-43f3-945f-3223a5fe4aa8 bd4c9ab59e51447fb320599504487853 c1c00bd5bb7a432682239cabef854592 - - default default] 10.0.0.36 "POST /v2.0/floatingips HTTP/1.1" status: 201 len: 751 time: 0.6460800
2026-07-08 06:18:34.799 10 INFO neutron.notifiers.nova [-] Nova event matching ['req-aca38b86-a1c9-4101-8007-99e159077528'] response: {'server_uuid': '2851b511-c2c9-493c-88de-ac0c6959b8c6', 'name': 'network-vif-plugged', 'status': 'completed', 'tag': '406e9e40-e2f2-4153-bc34-ac45c52d49d3', 'code': 200}
2026-07-08 06:18:34.799 10 INFO neutron.notifiers.nova [-] Nova event matching ['req-aca38b86-a1c9-4101-8007-99e159077528'] response: {'server_uuid': '2851b511-c2c9-493c-88de-ac0c6959b8c6', 'name': 'network-vif-plugged', 'status': 'completed', 'tag': '406e9e40-e2f2-4153-bc34-ac45c52d49d3', 'code': 200}
2026-07-08 06:18:34.854 9 WARNING neutron.scheduler.dhcp_agent_scheduler [None req-5f36f7d2-f8a2-4a55-a653-976c93a33642 3f11c6c0de584bb781f64d3d95b554fd 18fcf337920941fca2f7531ab992aef1 - - default default] No more DHCP agents
2026-07-08 06:18:34.857 9 WARNING neutron.api.rpc.agentnotifiers.dhcp_rpc_agent_api [None req-5f36f7d2-f8a2-4a55-a653-976c93a33642 3f11c6c0de584bb781f64d3d95b554fd 18fcf337920941fca2f7531ab992aef1 - - default default] Unable to schedule network dff9e8a2-d203-48f5-8cfc-d8be8a27a6bc: no agents available; will retry on subsequent port and subnet creation events.
2026-07-08 06:18:34.942 9 INFO neutron.db.ovn_revision_numbers_db [None req-5f36f7d2-f8a2-4a55-a653-976c93a33642 3f11c6c0de584bb781f64d3d95b554fd 18fcf337920941fca2f7531ab992aef1 - - default default] Successfully bumped revision number for resource 10629bdf-3015-4ff9-9ae6-b3c3e7bbe930 (type: ports) to 1
2026-07-08 06:18:34.961 9 INFO neutron.wsgi [None req-5f36f7d2-f8a2-4a55-a653-976c93a33642 3f11c6c0de584bb781f64d3d95b554fd 18fcf337920941fca2f7531ab992aef1 - - default default] 10.0.0.36 "POST /v2.0/networks HTTP/1.1" status: 201 len: 831 time: 0.7952411
2026-07-08 06:18:34.993 10 WARNING neutron.scheduler.dhcp_agent_scheduler [None req-3bf6daf7-743c-4ece-ae53-9a985b2744b6 bd4c9ab59e51447fb320599504487853 c1c00bd5bb7a432682239cabef854592 - - default default] No more DHCP agents
2026-07-08 06:18:34.998 10 WARNING neutron.api.rpc.agentnotifiers.dhcp_rpc_agent_api [None req-3bf6daf7-743c-4ece-ae53-9a985b2744b6 bd4c9ab59e51447fb320599504487853 c1c00bd5bb7a432682239cabef854592 - - default default] Unable to schedule network 4655023a-9bbe-40d8-8914-37a82927b034: no agents available; will retry on subsequent port and subnet creation events.
2026-07-08 06:18:35.077 10 INFO neutron.wsgi [req-505d95fb-c760-40cb-87b9-7d5594ae7d3f req-20db5ebc-cccc-493a-8f8e-8533bf34f305 26ca87b1b3324dddb79ad44d6e826bf6 47f08c3366dd447e8c92d7b83369e780 - - ee583b710bfd4bb2bf2b0a42e9676962 ee583b710bfd4bb2bf2b0a42e9676962] 199.204.45.89 "GET /v2.0/ports?device_id=2851b511-c2c9-493c-88de-ac0c6959b8c6&fields=binding%3Ahost_id&fields=binding%3Avif_type HTTP/1.1" status: 200 len: 265 time: 0.0524063
2026-07-08 06:18:35.178 10 INFO neutron.wsgi [req-505d95fb-c760-40cb-87b9-7d5594ae7d3f req-4e67fd15-a250-48f3-8360-ed74120ed429 26ca87b1b3324dddb79ad44d6e826bf6 47f08c3366dd447e8c92d7b83369e780 - - ee583b710bfd4bb2bf2b0a42e9676962 ee583b710bfd4bb2bf2b0a42e9676962] 199.204.45.89 "GET /v2.0/ports?tenant_id=ee4023e8008b4a9f9791fe2c69bb72d7&device_id=2851b511-c2c9-493c-88de-ac0c6959b8c6 HTTP/1.1" status: 200 len: 1409 time: 0.0602441
2026-07-08 06:18:35.287 9 WARNING neutron.scheduler.dhcp_agent_scheduler [None req-b548f734-532b-4436-a1e5-1573a8b9d241 3f11c6c0de584bb781f64d3d95b554fd 18fcf337920941fca2f7531ab992aef1 - - default default] No more DHCP agents
2026-07-08 06:18:35.292 9 WARNING neutron.api.rpc.agentnotifiers.dhcp_rpc_agent_api [None req-b548f734-532b-4436-a1e5-1573a8b9d241 3f11c6c0de584bb781f64d3d95b554fd 18fcf337920941fca2f7531ab992aef1 - - default default] Unable to schedule network dff9e8a2-d203-48f5-8cfc-d8be8a27a6bc: no agents available; will retry on subsequent port and subnet creation events.
2026-07-08 06:18:35.370 10 INFO neutron.wsgi [req-505d95fb-c760-40cb-87b9-7d5594ae7d3f req-854e2c3e-3526-48db-b94e-1e92cc8181a0 26ca87b1b3324dddb79ad44d6e826bf6 47f08c3366dd447e8c92d7b83369e780 - - ee583b710bfd4bb2bf2b0a42e9676962 ee583b710bfd4bb2bf2b0a42e9676962] 199.204.45.89 "GET /v2.0/networks?id=faa46dae-55bb-4b53-a70c-ff64b1623d67 HTTP/1.1" status: 200 len: 970 time: 0.1583178
2026-07-08 06:18:35.398 9 INFO neutron.wsgi [req-f19f50e6-582a-4a03-a43a-8879a7cd08b0 req-9bc28e52-28dc-4450-bcc0-66c687569863 a83e80ad31c44cecb513e1b54ba6e508 ee4023e8008b4a9f9791fe2c69bb72d7 - - default default] 10.0.0.153 "GET /v2.0/ports?device_id=2851b511-c2c9-493c-88de-ac0c6959b8c6 HTTP/1.1" status: 200 len: 1170 time: 0.1936040
2026-07-08 06:18:35.404 10 INFO neutron.wsgi [req-505d95fb-c760-40cb-87b9-7d5594ae7d3f req-3e9ca8df-b339-44e9-84e1-63b02503fb74 26ca87b1b3324dddb79ad44d6e826bf6 47f08c3366dd447e8c92d7b83369e780 - - ee583b710bfd4bb2bf2b0a42e9676962 ee583b710bfd4bb2bf2b0a42e9676962] 199.204.45.89 "GET /v2.0/floatingips?fixed_ip_address=10.100.0.7&port_id=406e9e40-e2f2-4153-bc34-ac45c52d49d3 HTTP/1.1" status: 200 len: 217 time: 0.0207024
2026-07-08 06:18:35.453 10 INFO neutron.wsgi [req-505d95fb-c760-40cb-87b9-7d5594ae7d3f req-e183d737-fd5c-4717-950c-a254dca39ffb 26ca87b1b3324dddb79ad44d6e826bf6 47f08c3366dd447e8c92d7b83369e780 - - ee583b710bfd4bb2bf2b0a42e9676962 ee583b710bfd4bb2bf2b0a42e9676962] 199.204.45.89 "GET /v2.0/subnets?id=f36874b2-7b2e-44cf-bf72-aa8b25694fb6 HTTP/1.1" status: 200 len: 865 time: 0.0446856
2026-07-08 06:18:35.455 9 INFO neutron.wsgi [req-f19f50e6-582a-4a03-a43a-8879a7cd08b0 req-cc1e2d52-60b3-4508-850b-dd12dafc1ce4 a83e80ad31c44cecb513e1b54ba6e508 ee4023e8008b4a9f9791fe2c69bb72d7 - - default default] 10.0.0.153 "GET /v2.0/security-groups?id=ed017956-7dbd-40bb-bcd4-e7747d8553bb&fields=id&fields=name HTTP/1.1" status: 200 len: 286 time: 0.0512669
2026-07-08 06:18:35.487 10 INFO neutron.wsgi [req-505d95fb-c760-40cb-87b9-7d5594ae7d3f req-0ce8b4e8-474d-4e8f-8442-1b0ebc5d0bb0 26ca87b1b3324dddb79ad44d6e826bf6 47f08c3366dd447e8c92d7b83369e780 - - ee583b710bfd4bb2bf2b0a42e9676962 ee583b710bfd4bb2bf2b0a42e9676962] 199.204.45.89 "GET /v2.0/ports?network_id=faa46dae-55bb-4b53-a70c-ff64b1623d67&device_owner=network%3Adhcp HTTP/1.1" status: 200 len: 210 time: 0.0280752
2026-07-08 06:18:35.582 10 INFO neutron.wsgi [req-505d95fb-c760-40cb-87b9-7d5594ae7d3f req-181a9df2-ca7e-4b19-9d0a-25f80c0bcfd4 26ca87b1b3324dddb79ad44d6e826bf6 47f08c3366dd447e8c92d7b83369e780 - - ee583b710bfd4bb2bf2b0a42e9676962 ee583b710bfd4bb2bf2b0a42e9676962] 199.204.45.89 "GET /v2.0/networks/faa46dae-55bb-4b53-a70c-ff64b1623d67?fields=segments HTTP/1.1" status: 200 len: 212 time: 0.0901785
2026-07-08 06:18:35.641 10 INFO neutron.db.ovn_revision_numbers_db [None req-3bf6daf7-743c-4ece-ae53-9a985b2744b6 bd4c9ab59e51447fb320599504487853 c1c00bd5bb7a432682239cabef854592 - - default default] Successfully bumped revision number for resource a8d33c46-7677-40df-8ff4-bc12c2f1cc62 (type: floatingips) to 0
2026-07-08 06:18:35.661 10 INFO neutron.wsgi [None req-3bf6daf7-743c-4ece-ae53-9a985b2744b6 bd4c9ab59e51447fb320599504487853 c1c00bd5bb7a432682239cabef854592 - - default default] 10.0.0.36 "POST /v2.0/floatingips HTTP/1.1" status: 201 len: 751 time: 0.9606748
2026-07-08 06:18:35.673 10 INFO neutron.wsgi [req-505d95fb-c760-40cb-87b9-7d5594ae7d3f req-a9e573f2-6894-4599-90f5-ff30e64f714e 26ca87b1b3324dddb79ad44d6e826bf6 47f08c3366dd447e8c92d7b83369e780 - - ee583b710bfd4bb2bf2b0a42e9676962 ee583b710bfd4bb2bf2b0a42e9676962] 199.204.45.89 "GET /v2.0/networks/faa46dae-55bb-4b53-a70c-ff64b1623d67?fields=provider%3Aphysical_network&fields=provider%3Anetwork_type HTTP/1.1" status: 200 len: 277 time: 0.0842228
2026-07-08 06:18:35.821 9 INFO neutron.db.ovn_revision_numbers_db [None req-b548f734-532b-4436-a1e5-1573a8b9d241 3f11c6c0de584bb781f64d3d95b554fd 18fcf337920941fca2f7531ab992aef1 - - default default] Successfully bumped revision number for resource 10629bdf-3015-4ff9-9ae6-b3c3e7bbe930 (type: ports) to 2
2026-07-08 06:18:35.862 9 INFO neutron.db.ovn_revision_numbers_db [None req-b548f734-532b-4436-a1e5-1573a8b9d241 3f11c6c0de584bb781f64d3d95b554fd 18fcf337920941fca2f7531ab992aef1 - - default default] Successfully bumped revision number for resource 107d715a-88e0-4be7-88de-51db2e8a18c7 (type: subnets) to 0
2026-07-08 06:18:35.877 9 INFO neutron.wsgi [None req-b548f734-532b-4436-a1e5-1573a8b9d241 3f11c6c0de584bb781f64d3d95b554fd 18fcf337920941fca2f7531ab992aef1 - - default default] 10.0.0.36 "POST /v2.0/subnets HTTP/1.1" status: 201 len: 801 time: 0.9096291
2026-07-08 06:18:35.963 9 INFO neutron.wsgi [None req-8dc7f85f-81e8-4c6c-8bde-44ff418b49cd 3f11c6c0de584bb781f64d3d95b554fd 18fcf337920941fca2f7531ab992aef1 - - default default] 10.0.0.36 "PUT /v2.0/subnets/107d715a-88e0-4be7-88de-51db2e8a18c7/tags HTTP/1.1" status: 200 len: 218 time: 0.0800033
2026-07-08 06:18:36.004 9 INFO neutron.wsgi [req-18d28a3c-115a-4815-b5ee-7fbf1d55997a req-772438fc-df36-4eb1-b415-f39b99999a2d a83e80ad31c44cecb513e1b54ba6e508 ee4023e8008b4a9f9791fe2c69bb72d7 - - default default] 10.0.0.153 "GET /v2.0/ports?device_id=2851b511-c2c9-493c-88de-ac0c6959b8c6 HTTP/1.1" status: 200 len: 1170 time: 0.0538459
2026-07-08 06:18:36.005 10 INFO neutron.plugins.ml2.drivers.ovn.mech_driver.mech_driver [None req-1f3ac1b1-c9eb-4667-a03d-cc9a1820faa9 - - - - - -] OVN reports status down for port: 406e9e40-e2f2-4153-bc34-ac45c52d49d3
2026-07-08 06:18:36.040 10 WARNING neutron.scheduler.dhcp_agent_scheduler [None req-121ad393-0c0b-40ae-9614-fe7bef61a64a bd4c9ab59e51447fb320599504487853 c1c00bd5bb7a432682239cabef854592 - - default default] No more DHCP agents
