2026-07-08 06:17:22.262 9 INFO neutron.wsgi [None req-404fd862-ed09-45a4-bcca-2d047f24b98c d0b5cc56eba44c7f9508999e651ab043 ccc10ab6b6a44542ab55e86654298cb6 - - default default] 10.0.0.36 "POST /v2.0/subnets HTTP/1.1" status: 201 len: 802 time: 0.6371987
2026-07-08 06:17:22.424 10 INFO neutron.wsgi [None req-16e124ae-98a3-4cb8-9d6e-0e7a26a62ccd 7d74924410ba4024aee37c2b0e4315d2 b02356ed0e2a43a784ec4d0fca7e6274 - - default default] 10.0.0.36 "DELETE /v2.0/networks/4f6a733f-661e-4735-844b-9f016d49c732 HTTP/1.1" status: 204 len: 168 time: 0.6057014
2026-07-08 06:17:22.874 9 INFO neutron.plugins.ml2.drivers.ovn.mech_driver.mech_driver [None req-41e60fba-ef33-4b33-94db-723173586111 - - - - - -] OVN reports status up for port: 79338bd9-616f-4b98-abaa-108a289b87a5
2026-07-08 06:17:22.895 9 INFO neutron.plugins.ml2.drivers.ovn.mech_driver.ovsdb.ovsdb_monitor [None req-28c0b583-fa2a-41d3-906a-04423994c10c - - - - - -] Router e89fe978-3da9-4a81-8ad8-eb30acbb18a3 is bound to host instance
2026-07-08 06:17:23.001 9 INFO neutron.db.ovn_revision_numbers_db [None req-c55f3bdc-078c-46f8-a97f-2495b506abfe 4b0ff074956b498fa3b130b08ed1bc60 f25d7983d1c749f694fddf4565515b36 - - default default] Successfully bumped revision number for resource 79338bd9-616f-4b98-abaa-108a289b87a5 (type: router_ports) to 1
2026-07-08 06:17:23.040 9 INFO neutron.plugins.ml2.plugin [None req-41e60fba-ef33-4b33-94db-723173586111 - - - - - -] Attempt 1 to provision port 79338bd9-616f-4b98-abaa-108a289b87a5
2026-07-08 06:17:23.439 9 INFO neutron.db.ovn_revision_numbers_db [None req-c55f3bdc-078c-46f8-a97f-2495b506abfe 4b0ff074956b498fa3b130b08ed1bc60 f25d7983d1c749f694fddf4565515b36 - - default default] Successfully bumped revision number for resource e89fe978-3da9-4a81-8ad8-eb30acbb18a3 (type: routers) to 2
2026-07-08 06:17:23.481 9 INFO neutron.wsgi [None req-c55f3bdc-078c-46f8-a97f-2495b506abfe 4b0ff074956b498fa3b130b08ed1bc60 f25d7983d1c749f694fddf4565515b36 - - default default] 10.0.0.36 "POST /v2.0/routers HTTP/1.1" status: 201 len: 875 time: 2.8519924
2026-07-08 06:17:23.533 9 WARNING neutron.scheduler.dhcp_agent_scheduler [None req-f8ea4cd1-69ef-43ea-88a2-6d4dfc272d6f 85aa530b22e145b28dd3bc54f53014bc 813d7a541c064e20b1b35f0107af01bc - - default default] No more DHCP agents
2026-07-08 06:17:23.547 9 WARNING neutron.api.rpc.agentnotifiers.dhcp_rpc_agent_api [None req-f8ea4cd1-69ef-43ea-88a2-6d4dfc272d6f 85aa530b22e145b28dd3bc54f53014bc 813d7a541c064e20b1b35f0107af01bc - - default default] Unable to schedule network e8139233-8976-4fd8-98b3-6c42786fb1b2: no agents available; will retry on subsequent port and subnet creation events.
2026-07-08 06:17:23.587 10 INFO neutron.wsgi [None req-a01967bf-e52e-4d75-bfbd-b65d1da00087 9e7aa15d97814f1999f8a622e4328d6e 24b711d6babd45eda157ecc283011522 - - default default] 10.0.0.36 "GET /v2.0/subnets?project_id=f25d7983d1c749f694fddf4565515b36&cidr=10.100.0.0%2F28 HTTP/1.1" status: 200 len: 207 time: 0.1004381
2026-07-08 06:17:23.629 10 INFO neutron.wsgi [-] 10.0.0.203 "GET / HTTP/1.1" status: 200 len: 247 time: 0.0017242
2026-07-08 06:17:23.650 9 INFO neutron.wsgi [-] 10.0.0.203 "GET / HTTP/1.1" status: 200 len: 247 time: 0.0015996
2026-07-08 06:17:23.696 10 INFO neutron.wsgi [None req-f4fd1837-18bf-454d-9b1a-3483950ac164 9e7aa15d97814f1999f8a622e4328d6e 24b711d6babd45eda157ecc283011522 - - default default] 10.0.0.36 "GET /v2.0/networks?router%3Aexternal=True HTTP/1.1" status: 200 len: 947 time: 0.1045194
2026-07-08 06:17:23.720 10 INFO neutron.wsgi [None req-e9cb4fa9-c13d-4ccf-a427-b0dfecc64402 9e7aa15d97814f1999f8a622e4328d6e 24b711d6babd45eda157ecc283011522 - - default default] 10.0.0.36 "GET /v2.0/subnets?network_id=4655023a-9bbe-40d8-8914-37a82927b034&cidr=10.100.0.0%2F28 HTTP/1.1" status: 200 len: 207 time: 0.0193684
2026-07-08 06:17:23.806 9 WARNING neutron.scheduler.dhcp_agent_scheduler [None req-73c98cca-4955-4e3f-b26d-d166bf58cb3e d0b5cc56eba44c7f9508999e651ab043 ccc10ab6b6a44542ab55e86654298cb6 - - default default] No more DHCP agents
2026-07-08 06:17:23.812 9 WARNING neutron.api.rpc.agentnotifiers.dhcp_rpc_agent_api [None req-73c98cca-4955-4e3f-b26d-d166bf58cb3e d0b5cc56eba44c7f9508999e651ab043 ccc10ab6b6a44542ab55e86654298cb6 - - default default] Unable to schedule network 4655023a-9bbe-40d8-8914-37a82927b034: no agents available; will retry on subsequent port and subnet creation events.
2026-07-08 06:17:23.824 10 INFO neutron.services.segments.plugin [-] Segment db3838fe-2ed1-4f48-b0ad-4b9437e37a17 resource provider aggregate not found
2026-07-08 06:17:23.827 9 INFO neutron.services.segments.plugin [-] Segment 61665552-5bdd-4835-8069-c34ae9c6fc1a resource provider aggregate not found
2026-07-08 06:17:23.832 10 INFO neutron.services.segments.plugin [-] Segment db3838fe-2ed1-4f48-b0ad-4b9437e37a17 resource provider aggregate not found
2026-07-08 06:17:23.835 9 INFO neutron.services.segments.plugin [-] Segment 61665552-5bdd-4835-8069-c34ae9c6fc1a resource provider aggregate not found
2026-07-08 06:17:23.839 10 INFO neutron.services.segments.plugin [-] Segment db3838fe-2ed1-4f48-b0ad-4b9437e37a17 resource provider not found; error: Placement Client Error (4xx): {"errors": [{"status": 404, "title": "Not Found", "detail": "The resource could not be found.\n\n No resource provider with uuid db3838fe-2ed1-4f48-b0ad-4b9437e37a17 found for delete ", "request_id": "req-06380fe5-8aec-4ce0-9f5f-e46195aea693"}]}
2026-07-08 06:17:23.848 10 INFO neutron.services.segments.plugin [-] Segment db3838fe-2ed1-4f48-b0ad-4b9437e37a17 resource provider not found; error: Placement Client Error (4xx): {"errors": [{"status": 404, "title": "Not Found", "detail": "The resource could not be found.\n\n No resource provider with uuid db3838fe-2ed1-4f48-b0ad-4b9437e37a17 found for delete ", "request_id": "req-74389275-6038-47af-80ad-ec6efa5dbbc7"}]}
2026-07-08 06:17:23.858 9 INFO neutron.services.segments.plugin [-] Segment 61665552-5bdd-4835-8069-c34ae9c6fc1a resource provider not found; error: Placement Client Error (4xx): {"errors": [{"status": 404, "title": "Not Found", "detail": "The resource could not be found.\n\n No resource provider with uuid 61665552-5bdd-4835-8069-c34ae9c6fc1a found for delete ", "request_id": "req-d1d0898f-fa2a-4089-9059-4e6a7d50c75f"}]}
2026-07-08 06:17:23.859 9 INFO neutron.services.segments.plugin [-] Segment 61665552-5bdd-4835-8069-c34ae9c6fc1a resource provider not found; error: Placement Client Error (4xx): {"errors": [{"status": 404, "title": "Not Found", "detail": "The resource could not be found.\n\n No resource provider with uuid 61665552-5bdd-4835-8069-c34ae9c6fc1a found for delete ", "request_id": "req-a223c4b2-a832-4733-9aff-a69cbf4e7068"}]}
2026-07-08 06:17:23.941 9 INFO neutron.db.ovn_revision_numbers_db [None req-f8ea4cd1-69ef-43ea-88a2-6d4dfc272d6f 85aa530b22e145b28dd3bc54f53014bc 813d7a541c064e20b1b35f0107af01bc - - default default] Successfully bumped revision number for resource ad81d068-014f-4868-811d-edde928f8b7d (type: ports) to 1
2026-07-08 06:17:23.963 9 INFO neutron.wsgi [None req-bf31b695-4be1-42f2-91f4-351023fbaba8 7d74924410ba4024aee37c2b0e4315d2 b02356ed0e2a43a784ec4d0fca7e6274 - - default default] 10.0.0.36 "DELETE /v2.0/networks/2e0cf954-e328-4c5f-85cd-499e983ea14e HTTP/1.1" status: 204 len: 168 time: 1.5324416
2026-07-08 06:17:23.989 10 WARNING neutron.scheduler.dhcp_agent_scheduler [None req-aeecf9a9-8add-491b-b8d6-002a86e1864f 4b0ff074956b498fa3b130b08ed1bc60 f25d7983d1c749f694fddf4565515b36 - - default default] No more DHCP agents
2026-07-08 06:17:23.994 10 WARNING neutron.api.rpc.agentnotifiers.dhcp_rpc_agent_api [None req-aeecf9a9-8add-491b-b8d6-002a86e1864f 4b0ff074956b498fa3b130b08ed1bc60 f25d7983d1c749f694fddf4565515b36 - - default default] Unable to schedule network 6099ae19-7412-48fc-9b12-277e15f58f50: no agents available; will retry on subsequent port and subnet creation events.
2026-07-08 06:17:24.188 9 INFO neutron.db.ovn_revision_numbers_db [None req-73c98cca-4955-4e3f-b26d-d166bf58cb3e d0b5cc56eba44c7f9508999e651ab043 ccc10ab6b6a44542ab55e86654298cb6 - - default default] Successfully bumped revision number for resource aa19d97d-2ba0-4ecb-8fbd-2be6a910498b (type: ports) to 1
2026-07-08 06:17:24.465 10 INFO neutron.wsgi [None req-93a293b5-5f31-4438-8030-ea233f768bf2 7d74924410ba4024aee37c2b0e4315d2 b02356ed0e2a43a784ec4d0fca7e6274 - - default default] 10.0.0.36 "DELETE /v2.0/networks/76b6b166-a931-4699-90b5-27c2b04cfbb2 HTTP/1.1" status: 204 len: 168 time: 0.4954736
2026-07-08 06:17:24.476 9 INFO neutron.db.ovn_revision_numbers_db [None req-28c0b583-fa2a-41d3-906a-04423994c10c - - - - - -] Successfully bumped revision number for resource 79338bd9-616f-4b98-abaa-108a289b87a5 (type: ports) to 1
2026-07-08 06:17:24.560 10 INFO neutron.db.ovn_revision_numbers_db [None req-aeecf9a9-8add-491b-b8d6-002a86e1864f 4b0ff074956b498fa3b130b08ed1bc60 f25d7983d1c749f694fddf4565515b36 - - default default] Successfully bumped revision number for resource 41f28b5b-138f-49f0-b565-4184b5344c1d (type: ports) to 2
2026-07-08 06:17:24.591 10 INFO neutron.db.ovn_revision_numbers_db [None req-aeecf9a9-8add-491b-b8d6-002a86e1864f 4b0ff074956b498fa3b130b08ed1bc60 f25d7983d1c749f694fddf4565515b36 - - default default] Successfully bumped revision number for resource c501ad1c-4c94-40b0-8ad5-b2d0ca64c582 (type: subnets) to 0
2026-07-08 06:17:24.606 10 INFO neutron.wsgi [None req-aeecf9a9-8add-491b-b8d6-002a86e1864f 4b0ff074956b498fa3b130b08ed1bc60 f25d7983d1c749f694fddf4565515b36 - - default default] 10.0.0.36 "POST /v2.0/subnets HTTP/1.1" status: 201 len: 832 time: 0.8815782
2026-07-08 06:17:24.926 9 INFO neutron.db.ovn_revision_numbers_db [None req-f8ea4cd1-69ef-43ea-88a2-6d4dfc272d6f 85aa530b22e145b28dd3bc54f53014bc 813d7a541c064e20b1b35f0107af01bc - - default default] Successfully bumped revision number for resource ad81d068-014f-4868-811d-edde928f8b7d (type: router_ports) to 1
2026-07-08 06:17:25.103 10 INFO neutron.wsgi [None req-832f13d7-e928-4a99-9a1d-75bfdd32366d f9d0012c80a44f34981be525aa95de34 31c8531259d447fa8358eb34b21b7e43 - - default default] 10.0.0.36 "GET /v2.0/security-groups?tenant_id=b02356ed0e2a43a784ec4d0fca7e6274&name=default HTTP/1.1" status: 200 len: 2996 time: 0.1517467
2026-07-08 06:17:25.108 9 INFO neutron.db.ovn_revision_numbers_db [None req-28c0b583-fa2a-41d3-906a-04423994c10c - - - - - -] Successfully bumped revision number for resource 79338bd9-616f-4b98-abaa-108a289b87a5 (type: router_ports) to 3
2026-07-08 06:17:25.140 9 INFO neutron.db.ovn_revision_numbers_db [None req-f8ea4cd1-69ef-43ea-88a2-6d4dfc272d6f 85aa530b22e145b28dd3bc54f53014bc 813d7a541c064e20b1b35f0107af01bc - - default default] Successfully bumped revision number for resource ad81d068-014f-4868-811d-edde928f8b7d (type: ports) to 1
2026-07-08 06:17:25.213 10 WARNING neutron.scheduler.dhcp_agent_scheduler [None req-a54ee082-9792-4eed-a22f-1d979a63f818 4b0ff074956b498fa3b130b08ed1bc60 f25d7983d1c749f694fddf4565515b36 - - default default] No more DHCP agents
2026-07-08 06:17:25.215 10 WARNING neutron.api.rpc.agentnotifiers.dhcp_rpc_agent_api [None req-a54ee082-9792-4eed-a22f-1d979a63f818 4b0ff074956b498fa3b130b08ed1bc60 f25d7983d1c749f694fddf4565515b36 - - default default] Unable to schedule network 6099ae19-7412-48fc-9b12-277e15f58f50: no agents available; will retry on subsequent port and subnet creation events.
2026-07-08 06:17:25.317 9 WARNING neutron.scheduler.dhcp_agent_scheduler [None req-f8ea4cd1-69ef-43ea-88a2-6d4dfc272d6f 85aa530b22e145b28dd3bc54f53014bc 813d7a541c064e20b1b35f0107af01bc - - default default] No more DHCP agents
2026-07-08 06:17:25.327 9 WARNING neutron.api.rpc.agentnotifiers.dhcp_rpc_agent_api [None req-f8ea4cd1-69ef-43ea-88a2-6d4dfc272d6f 85aa530b22e145b28dd3bc54f53014bc 813d7a541c064e20b1b35f0107af01bc - - default default] Unable to schedule network e8139233-8976-4fd8-98b3-6c42786fb1b2: no agents available; will retry on subsequent port and subnet creation events.
2026-07-08 06:17:25.388 10 INFO neutron.db.ovn_revision_numbers_db [None req-a54ee082-9792-4eed-a22f-1d979a63f818 4b0ff074956b498fa3b130b08ed1bc60 f25d7983d1c749f694fddf4565515b36 - - default default] Successfully bumped revision number for resource bb23a519-323b-45da-b757-166f580d3870 (type: ports) to 1
2026-07-08 06:17:25.453 9 INFO neutron.db.ovn_revision_numbers_db [None req-28c0b583-fa2a-41d3-906a-04423994c10c - - - - - -] Successfully bumped revision number for resource 79338bd9-616f-4b98-abaa-108a289b87a5 (type: ports) to 2
2026-07-08 06:17:25.495 9 INFO neutron.db.ovn_revision_numbers_db [None req-73c98cca-4955-4e3f-b26d-d166bf58cb3e d0b5cc56eba44c7f9508999e651ab043 ccc10ab6b6a44542ab55e86654298cb6 - - default default] Successfully bumped revision number for resource aa19d97d-2ba0-4ecb-8fbd-2be6a910498b (type: router_ports) to 1
2026-07-08 06:17:25.595 9 INFO neutron.db.ovn_revision_numbers_db [None req-73c98cca-4955-4e3f-b26d-d166bf58cb3e d0b5cc56eba44c7f9508999e651ab043 ccc10ab6b6a44542ab55e86654298cb6 - - default default] Successfully bumped revision number for resource 9608175b-a7c6-4f8c-844d-4f1673665b30 (type: routers) to 2
2026-07-08 06:17:25.616 9 INFO neutron.wsgi [None req-f0d30525-9257-4c32-9468-718235d6603c f9d0012c80a44f34981be525aa95de34 31c8531259d447fa8358eb34b21b7e43 - - default default] 10.0.0.36 "DELETE /v2.0/security-groups/a9031b77-291a-4685-9fc8-113f313f800a HTTP/1.1" status: 204 len: 168 time: 0.5069854
2026-07-08 06:17:25.628 9 INFO neutron.wsgi [None req-73c98cca-4955-4e3f-b26d-d166bf58cb3e d0b5cc56eba44c7f9508999e651ab043 ccc10ab6b6a44542ab55e86654298cb6 - - default default] 10.0.0.36 "POST /v2.0/routers HTTP/1.1" status: 201 len: 874 time: 3.3598607
2026-07-08 06:17:25.685 9 INFO neutron.db.ovn_revision_numbers_db [None req-f8ea4cd1-69ef-43ea-88a2-6d4dfc272d6f 85aa530b22e145b28dd3bc54f53014bc 813d7a541c064e20b1b35f0107af01bc - - default default] Successfully bumped revision number for resource ad81d068-014f-4868-811d-edde928f8b7d (type: router_ports) to 1
2026-07-08 06:17:25.687 9 INFO neutron.wsgi [None req-f8ea4cd1-69ef-43ea-88a2-6d4dfc272d6f 85aa530b22e145b28dd3bc54f53014bc 813d7a541c064e20b1b35f0107af01bc - - default default] 10.0.0.36 "PUT /v2.0/routers/1603d802-365c-4c6f-b4ba-a6c3ec44f116/add_router_interface HTTP/1.1" status: 200 len: 503 time: 3.4781206
2026-07-08 06:17:25.811 10 INFO neutron.wsgi [None req-4de66f46-42d5-4f4a-b6a1-efddca20eb88 85aa530b22e145b28dd3bc54f53014bc 813d7a541c064e20b1b35f0107af01bc - - default default] 10.0.0.36 "GET /v2.0/ports/ad81d068-014f-4868-811d-edde928f8b7d HTTP/1.1" status: 200 len: 1139 time: 0.1187637
2026-07-08 06:17:25.839 9 INFO neutron.db.ovn_revision_numbers_db [None req-28c0b583-fa2a-41d3-906a-04423994c10c - - - - - -] Successfully bumped revision number for resource 79338bd9-616f-4b98-abaa-108a289b87a5 (type: ports) to 4
2026-07-08 06:17:25.869 10 INFO neutron.services.segments.plugin [-] Segment 887a36c4-5e89-49a8-a736-2a994e9e7ee5 resource provider aggregate not found
2026-07-08 06:17:25.874 10 INFO neutron.services.segments.plugin [-] Segment 887a36c4-5e89-49a8-a736-2a994e9e7ee5 resource provider aggregate not found
2026-07-08 06:17:25.888 10 INFO neutron.services.segments.plugin [-] Segment 887a36c4-5e89-49a8-a736-2a994e9e7ee5 resource provider not found; error: Placement Client Error (4xx): {"errors": [{"status": 404, "title": "Not Found", "detail": "The resource could not be found.\n\n No resource provider with uuid 887a36c4-5e89-49a8-a736-2a994e9e7ee5 found for delete ", "request_id": "req-ecebdc46-9904-4e4d-9bec-623f5b6e4e7f"}]}
2026-07-08 06:17:26.184 10 INFO neutron.services.segments.plugin [-] Segment 887a36c4-5e89-49a8-a736-2a994e9e7ee5 resource provider not found; error: Placement Client Error (4xx): {"errors": [{"status": 404, "title": "Not Found", "detail": "The resource could not be found.\n\n No resource provider with uuid 887a36c4-5e89-49a8-a736-2a994e9e7ee5 found for delete ", "request_id": "req-30869bb5-0fc4-4429-9c3f-02becb1596f7"}]}
2026-07-08 06:17:26.230 9 INFO neutron.plugins.ml2.drivers.ovn.mech_driver.mech_driver [None req-41e60fba-ef33-4b33-94db-723173586111 - - - - - -] OVN reports status up for port: ad81d068-014f-4868-811d-edde928f8b7d
2026-07-08 06:17:26.249 9 INFO neutron.plugins.ml2.plugin [None req-41e60fba-ef33-4b33-94db-723173586111 - - - - - -] Attempt 1 to provision port ad81d068-014f-4868-811d-edde928f8b7d
2026-07-08 06:17:26.284 10 INFO neutron.db.ovn_revision_numbers_db [None req-a54ee082-9792-4eed-a22f-1d979a63f818 4b0ff074956b498fa3b130b08ed1bc60 f25d7983d1c749f694fddf4565515b36 - - default default] Successfully bumped revision number for resource bb23a519-323b-45da-b757-166f580d3870 (type: router_ports) to 1
2026-07-08 06:17:26.398 9 INFO neutron.db.ovn_revision_numbers_db [None req-28c0b583-fa2a-41d3-906a-04423994c10c - - - - - -] Successfully bumped revision number for resource 79338bd9-616f-4b98-abaa-108a289b87a5 (type: router_ports) to 4
2026-07-08 06:17:26.530 9 WARNING neutron.scheduler.dhcp_agent_scheduler [None req-0441f842-454a-4a6b-893b-bd583015080a d0b5cc56eba44c7f9508999e651ab043 ccc10ab6b6a44542ab55e86654298cb6 - - default default] No more DHCP agents
2026-07-08 06:17:26.534 10 INFO neutron.db.ovn_revision_numbers_db [None req-a54ee082-9792-4eed-a22f-1d979a63f818 4b0ff074956b498fa3b130b08ed1bc60 f25d7983d1c749f694fddf4565515b36 - - default default] Successfully bumped revision number for resource bb23a519-323b-45da-b757-166f580d3870 (type: ports) to 1
2026-07-08 06:17:26.540 9 WARNING neutron.api.rpc.agentnotifiers.dhcp_rpc_agent_api [None req-0441f842-454a-4a6b-893b-bd583015080a d0b5cc56eba44c7f9508999e651ab043 ccc10ab6b6a44542ab55e86654298cb6 - - default default] Unable to schedule network 902e126e-a19a-46d2-9fe5-53b66061b049: no agents available; will retry on subsequent port and subnet creation events.
2026-07-08 06:17:26.618 10 WARNING neutron.scheduler.dhcp_agent_scheduler [None req-a54ee082-9792-4eed-a22f-1d979a63f818 4b0ff074956b498fa3b130b08ed1bc60 f25d7983d1c749f694fddf4565515b36 - - default default] No more DHCP agents
2026-07-08 06:17:26.630 10 WARNING neutron.api.rpc.agentnotifiers.dhcp_rpc_agent_api [None req-a54ee082-9792-4eed-a22f-1d979a63f818 4b0ff074956b498fa3b130b08ed1bc60 f25d7983d1c749f694fddf4565515b36 - - default default] Unable to schedule network 6099ae19-7412-48fc-9b12-277e15f58f50: no agents available; will retry on subsequent port and subnet creation events.
2026-07-08 06:17:26.661 9 INFO neutron.db.ovn_revision_numbers_db [None req-41e60fba-ef33-4b33-94db-723173586111 - - - - - -] Successfully bumped revision number for resource ad81d068-014f-4868-811d-edde928f8b7d (type: ports) to 2
2026-07-08 06:17:26.724 10 WARNING neutron.scheduler.dhcp_agent_scheduler [None req-00139dfc-ece5-49ec-9b43-c4123b7e3a15 85aa530b22e145b28dd3bc54f53014bc 813d7a541c064e20b1b35f0107af01bc - - default default] No more DHCP agents
2026-07-08 06:17:26.729 10 WARNING neutron.api.rpc.agentnotifiers.dhcp_rpc_agent_api [None req-00139dfc-ece5-49ec-9b43-c4123b7e3a15 85aa530b22e145b28dd3bc54f53014bc 813d7a541c064e20b1b35f0107af01bc - - default default] Unable to schedule network 08c3b0c3-b2f2-4931-93c9-150568fb1cef: no agents available; will retry on subsequent port and subnet creation events.
2026-07-08 06:17:26.765 9 INFO neutron.db.ovn_revision_numbers_db [None req-0441f842-454a-4a6b-893b-bd583015080a d0b5cc56eba44c7f9508999e651ab043 ccc10ab6b6a44542ab55e86654298cb6 - - default default] Successfully bumped revision number for resource 06e7e9f1-5c25-47e0-a23b-7e501d5bf8da (type: ports) to 1
2026-07-08 06:17:26.810 9 INFO neutron.db.ovn_revision_numbers_db [None req-41e60fba-ef33-4b33-94db-723173586111 - - - - - -] Successfully bumped revision number for resource ad81d068-014f-4868-811d-edde928f8b7d (type: router_ports) to 2
2026-07-08 06:17:26.857 10 INFO neutron.db.ovn_revision_numbers_db [None req-00139dfc-ece5-49ec-9b43-c4123b7e3a15 85aa530b22e145b28dd3bc54f53014bc 813d7a541c064e20b1b35f0107af01bc - - default default] Successfully bumped revision number for resource 50d00aa7-d830-4d8c-86b3-01de7d0e2e1e (type: ports) to 1
2026-07-08 06:17:27.032 10 INFO neutron.db.ovn_revision_numbers_db [None req-a54ee082-9792-4eed-a22f-1d979a63f818 4b0ff074956b498fa3b130b08ed1bc60 f25d7983d1c749f694fddf4565515b36 - - default default] Successfully bumped revision number for resource bb23a519-323b-45da-b757-166f580d3870 (type: router_ports) to 1
2026-07-08 06:17:27.035 10 INFO neutron.wsgi [None req-a54ee082-9792-4eed-a22f-1d979a63f818 4b0ff074956b498fa3b130b08ed1bc60 f25d7983d1c749f694fddf4565515b36 - - default default] 10.0.0.36 "PUT /v2.0/routers/e89fe978-3da9-4a81-8ad8-eb30acbb18a3/add_router_interface HTTP/1.1" status: 200 len: 503 time: 2.4231479
2026-07-08 06:17:27.121 10 INFO neutron.wsgi [None req-648b45e4-9349-4c5f-b895-2b3f00bc2552 9e7aa15d97814f1999f8a622e4328d6e 24b711d6babd45eda157ecc283011522 - - default default] 10.0.0.36 "GET /v2.0/networks HTTP/1.1" status: 200 len: 5370 time: 0.0787206
2026-07-08 06:17:27.168 10 INFO neutron.wsgi [None req-3bc8dde0-c3e1-4aa7-af99-1ba03ca927f6 9e7aa15d97814f1999f8a622e4328d6e 24b711d6babd45eda157ecc283011522 - - default default] 10.0.0.36 "GET /v2.0/subnets HTTP/1.1" status: 200 len: 3977 time: 0.0410590
2026-07-08 06:17:27.279 9 INFO neutron.wsgi [None req-e9339b50-51e4-4c72-9ba2-73209b8c9c52 9e7aa15d97814f1999f8a622e4328d6e 24b711d6babd45eda157ecc283011522 - - default default] 10.0.0.36 "GET /v2.0/routers HTTP/1.1" status: 200 len: 2039 time: 0.1062644
2026-07-08 06:17:27.369 10 INFO neutron.plugins.ml2.drivers.ovn.mech_driver.mech_driver [None req-1f3ac1b1-c9eb-4667-a03d-cc9a1820faa9 - - - - - -] OVN reports status up for port: 06e7e9f1-5c25-47e0-a23b-7e501d5bf8da
2026-07-08 06:17:27.381 10 INFO neutron.plugins.ml2.plugin [None req-1f3ac1b1-c9eb-4667-a03d-cc9a1820faa9 - - - - - -] Attempt 1 to provision port 06e7e9f1-5c25-47e0-a23b-7e501d5bf8da
2026-07-08 06:17:27.390 9 INFO neutron.db.ovn_revision_numbers_db [None req-0441f842-454a-4a6b-893b-bd583015080a d0b5cc56eba44c7f9508999e651ab043 ccc10ab6b6a44542ab55e86654298cb6 - - default default] Successfully bumped revision number for resource 06e7e9f1-5c25-47e0-a23b-7e501d5bf8da (type: router_ports) to 1
2026-07-08 06:17:27.428 10 INFO neutron.db.ovn_revision_numbers_db [None req-00139dfc-ece5-49ec-9b43-c4123b7e3a15 85aa530b22e145b28dd3bc54f53014bc 813d7a541c064e20b1b35f0107af01bc - - default default] Successfully bumped revision number for resource 50d00aa7-d830-4d8c-86b3-01de7d0e2e1e (type: router_ports) to 1
2026-07-08 06:17:27.560 9 INFO neutron.db.ovn_revision_numbers_db [None req-0441f842-454a-4a6b-893b-bd583015080a d0b5cc56eba44c7f9508999e651ab043 ccc10ab6b6a44542ab55e86654298cb6 - - default default] Successfully bumped revision number for resource 06e7e9f1-5c25-47e0-a23b-7e501d5bf8da (type: ports) to 1
2026-07-08 06:17:27.601 10 INFO neutron.db.ovn_revision_numbers_db [None req-528e0049-d70a-4724-85bc-b3faf7977f34 4b0ff074956b498fa3b130b08ed1bc60 f25d7983d1c749f694fddf4565515b36 - - default default] Successfully bumped revision number for resource 725074b1-1c2a-4b47-a0d5-111ba329196a (type: security_groups) to 1
2026-07-08 06:17:27.622 9 WARNING neutron.scheduler.dhcp_agent_scheduler [None req-0441f842-454a-4a6b-893b-bd583015080a d0b5cc56eba44c7f9508999e651ab043 ccc10ab6b6a44542ab55e86654298cb6 - - default default] No more DHCP agents
2026-07-08 06:17:27.623 9 WARNING neutron.api.rpc.agentnotifiers.dhcp_rpc_agent_api [None req-0441f842-454a-4a6b-893b-bd583015080a d0b5cc56eba44c7f9508999e651ab043 ccc10ab6b6a44542ab55e86654298cb6 - - default default] Unable to schedule network 902e126e-a19a-46d2-9fe5-53b66061b049: no agents available; will retry on subsequent port and subnet creation events.
2026-07-08 06:17:27.633 10 INFO neutron.db.ovn_revision_numbers_db [None req-00139dfc-ece5-49ec-9b43-c4123b7e3a15 85aa530b22e145b28dd3bc54f53014bc 813d7a541c064e20b1b35f0107af01bc - - default default] Successfully bumped revision number for resource 50d00aa7-d830-4d8c-86b3-01de7d0e2e1e (type: ports) to 1
2026-07-08 06:17:27.638 10 INFO neutron.db.ovn_revision_numbers_db [None req-528e0049-d70a-4724-85bc-b3faf7977f34 4b0ff074956b498fa3b130b08ed1bc60 f25d7983d1c749f694fddf4565515b36 - - default default] Successfully bumped revision number for resource 4e4454d6-a50e-4e34-b9b0-0711087f04bf (type: security_group_rules) to 0
2026-07-08 06:17:27.671 10 INFO neutron.db.ovn_revision_numbers_db [None req-528e0049-d70a-4724-85bc-b3faf7977f34 4b0ff074956b498fa3b130b08ed1bc60 f25d7983d1c749f694fddf4565515b36 - - default default] Successfully bumped revision number for resource a6a68da3-f7ea-4ecc-9143-0bb19281fe22 (type: security_group_rules) to 0
2026-07-08 06:17:27.722 10 INFO neutron.wsgi [None req-528e0049-d70a-4724-85bc-b3faf7977f34 4b0ff074956b498fa3b130b08ed1bc60 f25d7983d1c749f694fddf4565515b36 - - default default] 10.0.0.36 "POST /v2.0/security-groups HTTP/1.1" status: 201 len: 1811 time: 0.3664134
2026-07-08 06:17:27.773 10 WARNING neutron.scheduler.dhcp_agent_scheduler [None req-00139dfc-ece5-49ec-9b43-c4123b7e3a15 85aa530b22e145b28dd3bc54f53014bc 813d7a541c064e20b1b35f0107af01bc - - default default] No more DHCP agents
2026-07-08 06:17:27.776 10 WARNING neutron.api.rpc.agentnotifiers.dhcp_rpc_agent_api [None req-00139dfc-ece5-49ec-9b43-c4123b7e3a15 85aa530b22e145b28dd3bc54f53014bc 813d7a541c064e20b1b35f0107af01bc - - default default] Unable to schedule network 08c3b0c3-b2f2-4931-93c9-150568fb1cef: no agents available; will retry on subsequent port and subnet creation events.
2026-07-08 06:17:27.799 10 INFO neutron.db.ovn_revision_numbers_db [None req-84ab39de-6167-4880-83b6-4f830752a4ec 61978d0226c2476ea8df14ed6d069c00 ec2bcafa97084a45a245da54660d1c26 - - default default] Successfully bumped revision number for resource 9b57ec01-bef4-4d4d-8cca-56975d99eed8 (type: security_groups) to 1
2026-07-08 06:17:27.837 10 INFO neutron.db.ovn_revision_numbers_db [None req-84ab39de-6167-4880-83b6-4f830752a4ec 61978d0226c2476ea8df14ed6d069c00 ec2bcafa97084a45a245da54660d1c26 - - default default] Successfully bumped revision number for resource 5a38d04a-9f6a-4a34-af3f-97ccdbc9d93e (type: security_group_rules) to 0
2026-07-08 06:17:27.869 10 INFO neutron.db.ovn_revision_numbers_db [None req-1f3ac1b1-c9eb-4667-a03d-cc9a1820faa9 - - - - - -] Successfully bumped revision number for resource 06e7e9f1-5c25-47e0-a23b-7e501d5bf8da (type: ports) to 2
2026-07-08 06:17:27.872 10 INFO neutron.db.ovn_revision_numbers_db [None req-84ab39de-6167-4880-83b6-4f830752a4ec 61978d0226c2476ea8df14ed6d069c00 ec2bcafa97084a45a245da54660d1c26 - - default default] Successfully bumped revision number for resource 7b83bcb3-e3e1-49f9-afc4-6dcf645d767e (type: security_group_rules) to 0
2026-07-08 06:17:27.891 9 INFO neutron.db.ovn_revision_numbers_db [None req-32ed6e94-a429-444b-bd82-281dd3f19e9b 4b0ff074956b498fa3b130b08ed1bc60 f25d7983d1c749f694fddf4565515b36 - - default default] Successfully bumped revision number for resource 1df0b4dd-6b7b-4fe7-9d97-58f7a8841530 (type: security_group_rules) to 0
2026-07-08 06:17:27.912 10 INFO neutron.db.ovn_revision_numbers_db [None req-84ab39de-6167-4880-83b6-4f830752a4ec 61978d0226c2476ea8df14ed6d069c00 ec2bcafa97084a45a245da54660d1c26 - - default default] Successfully bumped revision number for resource 89565d77-be03-4620-81c8-41a905b2ec9a (type: security_group_rules) to 0
2026-07-08 06:17:27.943 9 INFO neutron.wsgi [None req-32ed6e94-a429-444b-bd82-281dd3f19e9b 4b0ff074956b498fa3b130b08ed1bc60 f25d7983d1c749f694fddf4565515b36 - - default default] 10.0.0.36 "POST /v2.0/security-group-rules HTTP/1.1" status: 201 len: 764 time: 0.2165542
2026-07-08 06:17:27.963 10 INFO neutron.db.ovn_revision_numbers_db [None req-84ab39de-6167-4880-83b6-4f830752a4ec 61978d0226c2476ea8df14ed6d069c00 ec2bcafa97084a45a245da54660d1c26 - - default default] Successfully bumped revision number for resource e7276365-c87f-4db8-aa4c-5d5a17486e64 (type: security_group_rules) to 0
2026-07-08 06:17:28.008 9 INFO neutron.db.ovn_revision_numbers_db [None req-0441f842-454a-4a6b-893b-bd583015080a d0b5cc56eba44c7f9508999e651ab043 ccc10ab6b6a44542ab55e86654298cb6 - - default default] Successfully bumped revision number for resource 06e7e9f1-5c25-47e0-a23b-7e501d5bf8da (type: router_ports) to 2
2026-07-08 06:17:28.010 9 INFO neutron.wsgi [None req-0441f842-454a-4a6b-893b-bd583015080a d0b5cc56eba44c7f9508999e651ab043 ccc10ab6b6a44542ab55e86654298cb6 - - default default] 10.0.0.36 "PUT /v2.0/routers/9608175b-a7c6-4f8c-844d-4f1673665b30/add_router_interface HTTP/1.1" status: 200 len: 503 time: 2.3770142
2026-07-08 06:17:28.028 10 INFO neutron.db.segments_db [None req-84ab39de-6167-4880-83b6-4f830752a4ec 61978d0226c2476ea8df14ed6d069c00 ec2bcafa97084a45a245da54660d1c26 - - default default] Added segment 54cc1b76-5c23-4b9e-accc-6dd7ef0d4e95 of type geneve for network c5d2eecf-23df-47db-b6c8-12ee08b13b8c
2026-07-08 06:17:28.029 10 INFO neutron.db.ovn_revision_numbers_db [None req-00139dfc-ece5-49ec-9b43-c4123b7e3a15 85aa530b22e145b28dd3bc54f53014bc 813d7a541c064e20b1b35f0107af01bc - - default default] Successfully bumped revision number for resource 50d00aa7-d830-4d8c-86b3-01de7d0e2e1e (type: router_ports) to 1
2026-07-08 06:17:28.031 10 INFO neutron.wsgi [None req-00139dfc-ece5-49ec-9b43-c4123b7e3a15 85aa530b22e145b28dd3bc54f53014bc 813d7a541c064e20b1b35f0107af01bc - - default default] 10.0.0.36 "PUT /v2.0/routers/1603d802-365c-4c6f-b4ba-a6c3ec44f116/add_router_interface HTTP/1.1" status: 200 len: 503 time: 2.2144113
2026-07-08 06:17:28.167 9 INFO neutron.wsgi [None req-ec426ca0-8df6-4d3c-a452-e4b5a72fcc46 85aa530b22e145b28dd3bc54f53014bc 813d7a541c064e20b1b35f0107af01bc - - default default] 10.0.0.36 "GET /v2.0/ports/50d00aa7-d830-4d8c-86b3-01de7d0e2e1e HTTP/1.1" status: 200 len: 1147 time: 0.1301146
2026-07-08 06:17:28.168 9 INFO neutron.db.ovn_revision_numbers_db [None req-3a6d4546-63e6-4947-85d3-366bf6e9461b 4b0ff074956b498fa3b130b08ed1bc60 f25d7983d1c749f694fddf4565515b36 - - default default] Successfully bumped revision number for resource 8bd5e382-03ac-4382-b7c8-a65e52b0ba5e (type: security_group_rules) to 0
2026-07-08 06:17:28.191 10 INFO neutron.db.ovn_revision_numbers_db [None req-84ab39de-6167-4880-83b6-4f830752a4ec 61978d0226c2476ea8df14ed6d069c00 ec2bcafa97084a45a245da54660d1c26 - - default default] Successfully bumped revision number for resource c5d2eecf-23df-47db-b6c8-12ee08b13b8c (type: networks) to 1
2026-07-08 06:17:28.203 9 INFO neutron.wsgi [None req-3a6d4546-63e6-4947-85d3-366bf6e9461b 4b0ff074956b498fa3b130b08ed1bc60 f25d7983d1c749f694fddf4565515b36 - - default default] 10.0.0.36 "POST /v2.0/security-group-rules HTTP/1.1" status: 201 len: 763 time: 0.2555153
2026-07-08 06:17:28.381 9 INFO neutron.db.ovn_revision_numbers_db [None req-ec564b50-4898-4aa6-b24e-9c15d2926013 4b0ff074956b498fa3b130b08ed1bc60 f25d7983d1c749f694fddf4565515b36 - - default default] Successfully bumped revision number for resource 3641148c-e2e6-494c-8ab3-02fe9169482e (type: security_group_rules) to 0
2026-07-08 06:17:28.409 9 INFO neutron.wsgi [None req-ec564b50-4898-4aa6-b24e-9c15d2926013 4b0ff074956b498fa3b130b08ed1bc60 f25d7983d1c749f694fddf4565515b36 - - default default] 10.0.0.36 "POST /v2.0/security-group-rules HTTP/1.1" status: 201 len: 769 time: 0.2016377 /var/lib/openstack/lib/python3.10/site-packages/pycadf/identifier.py:71: UserWarning: Invalid uuid: neutron. To ensure interoperability, identifiers should be a valid uuid. warnings.warn(('Invalid uuid: %s. To ensure interoperability, '
2026-07-08 06:17:28.445 9 WARNING neutron.scheduler.dhcp_agent_scheduler [None req-570dbc58-2b79-4abc-b691-a7ee00c1b28d d0b5cc56eba44c7f9508999e651ab043 ccc10ab6b6a44542ab55e86654298cb6 - - default default] No more DHCP agents
2026-07-08 06:17:28.449 9 WARNING neutron.api.rpc.agentnotifiers.dhcp_rpc_agent_api [None req-570dbc58-2b79-4abc-b691-a7ee00c1b28d d0b5cc56eba44c7f9508999e651ab043 ccc10ab6b6a44542ab55e86654298cb6 - - default default] Unable to schedule network 902e126e-a19a-46d2-9fe5-53b66061b049: no agents available; will retry on subsequent port and subnet creation events.
2026-07-08 06:17:28.475 10 INFO neutron.wsgi [None req-3d25df3a-d004-441c-93c2-388bbd5104ca 85aa530b22e145b28dd3bc54f53014bc 813d7a541c064e20b1b35f0107af01bc - - default default] 10.0.0.36 "GET /v2.0/ports/50d00aa7-d830-4d8c-86b3-01de7d0e2e1e HTTP/1.1" status: 200 len: 1147 time: 0.3045399
2026-07-08 06:17:28.592 9 INFO neutron.db.ovn_revision_numbers_db [None req-1479686b-657e-4fe7-a6c7-4488e4b55591 4b0ff074956b498fa3b130b08ed1bc60 f25d7983d1c749f694fddf4565515b36 - - default default] Successfully bumped revision number for resource 2f2772e3-60ce-4a55-bb79-07c8c4f729a1 (type: security_group_rules) to 0
2026-07-08 06:17:28.611 10 WARNING neutron.scheduler.dhcp_agent_scheduler [None req-84ab39de-6167-4880-83b6-4f830752a4ec 61978d0226c2476ea8df14ed6d069c00 ec2bcafa97084a45a245da54660d1c26 - - default default] No more DHCP agents
2026-07-08 06:17:28.613 10 WARNING neutron.api.rpc.agentnotifiers.dhcp_rpc_agent_api [None req-84ab39de-6167-4880-83b6-4f830752a4ec 61978d0226c2476ea8df14ed6d069c00 ec2bcafa97084a45a245da54660d1c26 - - default default] Unable to schedule network c5d2eecf-23df-47db-b6c8-12ee08b13b8c: no agents available; will retry on subsequent port and subnet creation events.
2026-07-08 06:17:28.626 9 INFO neutron.wsgi [None req-1479686b-657e-4fe7-a6c7-4488e4b55591 4b0ff074956b498fa3b130b08ed1bc60 f25d7983d1c749f694fddf4565515b36 - - default default] 10.0.0.36 "POST /v2.0/security-group-rules HTTP/1.1" status: 201 len: 768 time: 0.2076430
2026-07-08 06:17:28.627 9 INFO neutron.db.ovn_revision_numbers_db [None req-570dbc58-2b79-4abc-b691-a7ee00c1b28d d0b5cc56eba44c7f9508999e651ab043 ccc10ab6b6a44542ab55e86654298cb6 - - default default] Successfully bumped revision number for resource 1552b0fb-7d3b-4cc2-a92d-bbb1ce1d903c (type: ports) to 1 /var/lib/openstack/lib/python3.10/site-packages/pycadf/identifier.py:71: UserWarning: Invalid uuid: neutron. To ensure interoperability, identifiers should be a valid uuid. warnings.warn(('Invalid uuid: %s. To ensure interoperability, '
2026-07-08 06:17:28.655 9 INFO neutron.wsgi [None req-570dbc58-2b79-4abc-b691-a7ee00c1b28d d0b5cc56eba44c7f9508999e651ab043 ccc10ab6b6a44542ab55e86654298cb6 - - default default] 10.0.0.36 "POST /v2.0/ports HTTP/1.1" status: 201 len: 1158 time: 0.6397643
2026-07-08 06:17:28.656 9 INFO neutron.db.securitygroups_db [None req-dbf6dcc4-c234-4aa0-84e7-753a172a8635 4b0ff074956b498fa3b130b08ed1bc60 f25d7983d1c749f694fddf4565515b36 - - default default] Project f25d7983d1c749f694fddf4565515b36 added a security group rule with legacy IPv6 ICMP protocol name icmp, ipv6-icmp should be used instead. It was automatically converted.
2026-07-08 06:17:28.691 10 INFO neutron.db.ovn_revision_numbers_db [None req-84ab39de-6167-4880-83b6-4f830752a4ec 61978d0226c2476ea8df14ed6d069c00 ec2bcafa97084a45a245da54660d1c26 - - default default] Successfully bumped revision number for resource 590f1e25-83e6-4e2e-b380-71eecf4eac91 (type: ports) to 1
2026-07-08 06:17:28.709 10 INFO neutron.wsgi [None req-84ab39de-6167-4880-83b6-4f830752a4ec 61978d0226c2476ea8df14ed6d069c00 ec2bcafa97084a45a245da54660d1c26 - - default default] 10.0.0.36 "POST /v2.0/networks HTTP/1.1" status: 201 len: 847 time: 1.4087441
2026-07-08 06:17:28.781 9 INFO neutron.db.ovn_revision_numbers_db [None req-dbf6dcc4-c234-4aa0-84e7-753a172a8635 4b0ff074956b498fa3b130b08ed1bc60 f25d7983d1c749f694fddf4565515b36 - - default default] Successfully bumped revision number for resource 6469ae08-343a-4460-bdc0-189ad5804e4e (type: security_group_rules) to 0
2026-07-08 06:17:28.820 9 INFO neutron.wsgi [None req-dbf6dcc4-c234-4aa0-84e7-753a172a8635 4b0ff074956b498fa3b130b08ed1bc60 f25d7983d1c749f694fddf4565515b36 - - default default] 10.0.0.36 "POST /v2.0/security-group-rules HTTP/1.1" status: 201 len: 774 time: 0.1885223
2026-07-08 06:17:28.846 10 INFO neutron.db.securitygroups_db [None req-08bd4fb6-f225-473b-a86b-32e15579de9c 4b0ff074956b498fa3b130b08ed1bc60 f25d7983d1c749f694fddf4565515b36 - - default default] Project f25d7983d1c749f694fddf4565515b36 added a security group rule with legacy IPv6 ICMP protocol name icmp, ipv6-icmp should be used instead. It was automatically converted.
2026-07-08 06:17:28.948 10 INFO neutron.db.ovn_revision_numbers_db [None req-08bd4fb6-f225-473b-a86b-32e15579de9c 4b0ff074956b498fa3b130b08ed1bc60 f25d7983d1c749f694fddf4565515b36 - - default default] Successfully bumped revision number for resource 13a2a591-148e-4308-a313-4897b3ae93e2 (type: security_group_rules) to 0
2026-07-08 06:17:28.970 10 INFO neutron.wsgi [None req-08bd4fb6-f225-473b-a86b-32e15579de9c 4b0ff074956b498fa3b130b08ed1bc60 f25d7983d1c749f694fddf4565515b36 - - default default] 10.0.0.36 "POST /v2.0/security-group-rules HTTP/1.1" status: 201 len: 773 time: 0.1450336
2026-07-08 06:17:29.013 9 WARNING neutron.scheduler.dhcp_agent_scheduler [None req-eb147880-0634-4881-aea2-c034bc0b4ed3 d0b5cc56eba44c7f9508999e651ab043 ccc10ab6b6a44542ab55e86654298cb6 - - default default] No more DHCP agents
2026-07-08 06:17:29.014 9 WARNING neutron.api.rpc.agentnotifiers.dhcp_rpc_agent_api [None req-eb147880-0634-4881-aea2-c034bc0b4ed3 d0b5cc56eba44c7f9508999e651ab043 ccc10ab6b6a44542ab55e86654298cb6 - - default default] Unable to schedule network 902e126e-a19a-46d2-9fe5-53b66061b049: no agents available; will retry on subsequent port and subnet creation events.
2026-07-08 06:17:29.182 9 INFO neutron.db.ovn_revision_numbers_db [None req-eb147880-0634-4881-aea2-c034bc0b4ed3 d0b5cc56eba44c7f9508999e651ab043 ccc10ab6b6a44542ab55e86654298cb6 - - default default] Successfully bumped revision number for resource 7f00140b-722c-4a53-9707-7af6308e7871 (type: ports) to 1
2026-07-08 06:17:29.203 9 INFO neutron.wsgi [None req-eb147880-0634-4881-aea2-c034bc0b4ed3 d0b5cc56eba44c7f9508999e651ab043 ccc10ab6b6a44542ab55e86654298cb6 - - default default] 10.0.0.36 "POST /v2.0/ports HTTP/1.1" status: 201 len: 1154 time: 0.5350094 /var/lib/openstack/lib/python3.10/site-packages/pycadf/identifier.py:71: UserWarning: Invalid uuid: neutron. To ensure interoperability, identifiers should be a valid uuid. warnings.warn(('Invalid uuid: %s. To ensure interoperability, '
2026-07-08 06:17:29.418 10 WARNING neutron.scheduler.dhcp_agent_scheduler [None req-10f450c1-0aa2-4886-b217-5491e7e84f5f 61978d0226c2476ea8df14ed6d069c00 ec2bcafa97084a45a245da54660d1c26 - - default default] No more DHCP agents
2026-07-08 06:17:29.422 10 WARNING neutron.api.rpc.agentnotifiers.dhcp_rpc_agent_api [None req-10f450c1-0aa2-4886-b217-5491e7e84f5f 61978d0226c2476ea8df14ed6d069c00 ec2bcafa97084a45a245da54660d1c26 - - default default] Unable to schedule network c5d2eecf-23df-47db-b6c8-12ee08b13b8c: no agents available; will retry on subsequent port and subnet creation events.
2026-07-08 06:17:29.450 10 INFO neutron.db.ovn_revision_numbers_db [None req-10f450c1-0aa2-4886-b217-5491e7e84f5f 61978d0226c2476ea8df14ed6d069c00 ec2bcafa97084a45a245da54660d1c26 - - default default] Successfully bumped revision number for resource a060af53-29b9-4b64-8373-9ec3f34c43a7 (type: subnets) to 0
2026-07-08 06:17:29.464 10 INFO neutron.wsgi [None req-10f450c1-0aa2-4886-b217-5491e7e84f5f 61978d0226c2476ea8df14ed6d069c00 ec2bcafa97084a45a245da54660d1c26 - - default default] 10.0.0.36 "POST /v2.0/subnets HTTP/1.1" status: 201 len: 848 time: 0.2932019
2026-07-08 06:17:29.468 9 INFO neutron.wsgi [None req-b7c94411-c1f4-4924-95e7-9b3e5e8b105c 4b0ff074956b498fa3b130b08ed1bc60 f25d7983d1c749f694fddf4565515b36 - - default default] 10.0.0.36 "GET /v2.0/networks HTTP/1.1" status: 200 len: 1492 time: 0.1244080
2026-07-08 06:17:29.518 10 INFO neutron.wsgi [None req-b94181ed-572e-4623-b825-7df697cbdc64 85aa530b22e145b28dd3bc54f53014bc 813d7a541c064e20b1b35f0107af01bc - - default default] 10.0.0.36 "GET /v2.0/ports/50d00aa7-d830-4d8c-86b3-01de7d0e2e1e HTTP/1.1" status: 200 len: 1147 time: 0.0333898
2026-07-08 06:17:29.539 9 WARNING neutron.scheduler.dhcp_agent_scheduler [None req-7a689ccf-a836-439d-b2c3-ca9af16c0115 d0b5cc56eba44c7f9508999e651ab043 ccc10ab6b6a44542ab55e86654298cb6 - - default default] No more DHCP agents
2026-07-08 06:17:29.541 9 WARNING neutron.api.rpc.agentnotifiers.dhcp_rpc_agent_api [None req-7a689ccf-a836-439d-b2c3-ca9af16c0115 d0b5cc56eba44c7f9508999e651ab043 ccc10ab6b6a44542ab55e86654298cb6 - - default default] Unable to schedule network 4655023a-9bbe-40d8-8914-37a82927b034: no agents available; will retry on subsequent port and subnet creation events.
2026-07-08 06:17:29.584 9 INFO neutron.db.segments_db [None req-a3c929f6-6023-4861-98ba-c2c8ba7f4d0c 61978d0226c2476ea8df14ed6d069c00 ec2bcafa97084a45a245da54660d1c26 - - default default] Added segment c7637eab-c356-4e6b-9edd-6bdc6382801c of type geneve for network 11b73b7a-ae82-4ef9-813b-de4ccc479f53
2026-07-08 06:17:29.902 9 INFO neutron.wsgi [req-d6a40dc3-9809-48f3-a72c-3f85498e4ff8 req-e122cee5-6c51-4793-a3b0-eeb487b4fa4f 4b0ff074956b498fa3b130b08ed1bc60 f25d7983d1c749f694fddf4565515b36 - - default default] 10.0.0.153 "GET /v2.0/security-groups?name=tempest-secgroup-smoke-1570424176&fields=id&tenant_id=f25d7983d1c749f694fddf4565515b36 HTTP/1.1" status: 200 len: 267 time: 0.2732036
2026-07-08 06:17:29.997 9 INFO neutron.db.ovn_revision_numbers_db [None req-a3c929f6-6023-4861-98ba-c2c8ba7f4d0c 61978d0226c2476ea8df14ed6d069c00 ec2bcafa97084a45a245da54660d1c26 - - default default] Successfully bumped revision number for resource 11b73b7a-ae82-4ef9-813b-de4ccc479f53 (type: networks) to 1
2026-07-08 06:17:30.018 9 INFO neutron.wsgi [req-d6a40dc3-9809-48f3-a72c-3f85498e4ff8 req-36081776-3293-46d7-8dae-e3214510cfdb 4b0ff074956b498fa3b130b08ed1bc60 f25d7983d1c749f694fddf4565515b36 - - default default] 10.0.0.153 "GET /v2.0/networks?id=6099ae19-7412-48fc-9b12-277e15f58f50 HTTP/1.1" status: 200 len: 859 time: 0.0931103
2026-07-08 06:17:30.041 9 INFO neutron.wsgi [req-d6a40dc3-9809-48f3-a72c-3f85498e4ff8 req-adbd1afb-9163-4639-a4f2-0a5564976c65 4b0ff074956b498fa3b130b08ed1bc60 f25d7983d1c749f694fddf4565515b36 - - default default] 10.0.0.153 "GET /v2.0/quotas/f25d7983d1c749f694fddf4565515b36 HTTP/1.1" status: 200 len: 386 time: 0.0144002
2026-07-08 06:17:30.189 9 INFO neutron.wsgi [req-d6a40dc3-9809-48f3-a72c-3f85498e4ff8 req-4ed198a9-4192-43eb-b082-858d890248c3 4b0ff074956b498fa3b130b08ed1bc60 f25d7983d1c749f694fddf4565515b36 - - default default] 10.0.0.153 "GET /v2.0/ports?tenant_id=f25d7983d1c749f694fddf4565515b36&fields=id HTTP/1.1" status: 200 len: 302 time: 0.1414001
2026-07-08 06:17:30.291 9 WARNING neutron.scheduler.dhcp_agent_scheduler [None req-a3c929f6-6023-4861-98ba-c2c8ba7f4d0c 61978d0226c2476ea8df14ed6d069c00 ec2bcafa97084a45a245da54660d1c26 - - default default] No more DHCP agents
2026-07-08 06:17:30.297 9 WARNING neutron.api.rpc.agentnotifiers.dhcp_rpc_agent_api [None req-a3c929f6-6023-4861-98ba-c2c8ba7f4d0c 61978d0226c2476ea8df14ed6d069c00 ec2bcafa97084a45a245da54660d1c26 - - default default] Unable to schedule network 11b73b7a-ae82-4ef9-813b-de4ccc479f53: no agents available; will retry on subsequent port and subnet creation events.
2026-07-08 06:17:30.325 9 INFO neutron.wsgi [req-d6a40dc3-9809-48f3-a72c-3f85498e4ff8 req-509c27d5-ccf9-4770-a2db-5459f97e791d 26ca87b1b3324dddb79ad44d6e826bf6 47f08c3366dd447e8c92d7b83369e780 - - ee583b710bfd4bb2bf2b0a42e9676962 ee583b710bfd4bb2bf2b0a42e9676962] 10.0.0.153 "GET /v2.0/networks/6099ae19-7412-48fc-9b12-277e15f58f50?fields=segments HTTP/1.1" status: 200 len: 212 time: 0.1205578
2026-07-08 06:17:30.397 9 INFO neutron.db.l3_db [None req-7a689ccf-a836-439d-b2c3-ca9af16c0115 d0b5cc56eba44c7f9508999e651ab043 ccc10ab6b6a44542ab55e86654298cb6 - - default default] Floating IP 78567021-37c5-40cd-8a76-35553644e9db associated. External IP: 10.96.250.209, port: 7f00140b-722c-4a53-9707-7af6308e7871.
2026-07-08 06:17:30.447 9 INFO neutron.wsgi [req-d6a40dc3-9809-48f3-a72c-3f85498e4ff8 req-402c137e-79fe-48ca-805d-7719785a2050 26ca87b1b3324dddb79ad44d6e826bf6 47f08c3366dd447e8c92d7b83369e780 - - ee583b710bfd4bb2bf2b0a42e9676962 ee583b710bfd4bb2bf2b0a42e9676962] 10.0.0.153 "GET /v2.0/networks/6099ae19-7412-48fc-9b12-277e15f58f50?fields=provider%3Aphysical_network&fields=provider%3Anetwork_type HTTP/1.1" status: 200 len: 277 time: 0.1107686
2026-07-08 06:17:30.454 9 INFO neutron.db.ovn_revision_numbers_db [None req-a3c929f6-6023-4861-98ba-c2c8ba7f4d0c 61978d0226c2476ea8df14ed6d069c00 ec2bcafa97084a45a245da54660d1c26 - - default default] Successfully bumped revision number for resource ef7603da-f6af-4800-b943-0b5607dc2184 (type: ports) to 1
2026-07-08 06:17:30.488 9 INFO neutron.wsgi [None req-a3c929f6-6023-4861-98ba-c2c8ba7f4d0c 61978d0226c2476ea8df14ed6d069c00 ec2bcafa97084a45a245da54660d1c26 - - default default] 10.0.0.36 "POST /v2.0/networks HTTP/1.1" status: 201 len: 847 time: 1.0184259
2026-07-08 06:17:30.558 9 INFO neutron.wsgi [None req-d7d276d9-4b11-41bb-8d4c-f36fa1262416 85aa530b22e145b28dd3bc54f53014bc 813d7a541c064e20b1b35f0107af01bc - - default default] 10.0.0.36 "GET /v2.0/ports/50d00aa7-d830-4d8c-86b3-01de7d0e2e1e HTTP/1.1" status: 200 len: 1147 time: 0.0338631
2026-07-08 06:17:30.595 9 INFO neutron.db.ovn_revision_numbers_db [None req-7a689ccf-a836-439d-b2c3-ca9af16c0115 d0b5cc56eba44c7f9508999e651ab043 ccc10ab6b6a44542ab55e86654298cb6 - - default default] Successfully bumped revision number for resource 78567021-37c5-40cd-8a76-35553644e9db (type: floatingips) to 0
2026-07-08 06:17:30.601 10 INFO neutron.wsgi [req-0d583b9b-e208-4777-9a3f-a1a8c78aa39a req-bd3661d1-0eeb-46c2-8281-e4215ec489c5 4b0ff074956b498fa3b130b08ed1bc60 f25d7983d1c749f694fddf4565515b36 - - default default] 10.0.0.153 "GET /v2.0/ports?device_id=e5da69be-228a-43e4-bedf-fd7eff1a52c8 HTTP/1.1" status: 200 len: 210 time: 0.0331061
2026-07-08 06:17:30.723 9 INFO neutron.db.ovn_revision_numbers_db [None req-7a689ccf-a836-439d-b2c3-ca9af16c0115 d0b5cc56eba44c7f9508999e651ab043 ccc10ab6b6a44542ab55e86654298cb6 - - default default] Successfully bumped revision number for resource 78567021-37c5-40cd-8a76-35553644e9db (type: floatingips) to 1
2026-07-08 06:17:30.732 10 INFO neutron.db.ovn_revision_numbers_db [None req-40e67af6-cf31-4b43-93b2-c235aba87fd9 61978d0226c2476ea8df14ed6d069c00 ec2bcafa97084a45a245da54660d1c26 - - default default] Successfully bumped revision number for resource 11b73b7a-ae82-4ef9-813b-de4ccc479f53 (type: networks) to 2
2026-07-08 06:17:30.736 10 INFO neutron.wsgi [None req-40e67af6-cf31-4b43-93b2-c235aba87fd9 61978d0226c2476ea8df14ed6d069c00 ec2bcafa97084a45a245da54660d1c26 - - default default] 10.0.0.36 "PUT /v2.0/networks/11b73b7a-ae82-4ef9-813b-de4ccc479f53 HTTP/1.1" status: 200 len: 792 time: 0.2402523
2026-07-08 06:17:30.755 9 INFO neutron.wsgi [None req-7a689ccf-a836-439d-b2c3-ca9af16c0115 d0b5cc56eba44c7f9508999e651ab043 ccc10ab6b6a44542ab55e86654298cb6 - - default default] 10.0.0.36 "POST /v2.0/floatingips HTTP/1.1" status: 201 len: 1041 time: 1.5432661
2026-07-08 06:17:30.884 9 INFO neutron.db.l3_db [None req-383f8fee-ebb5-4f57-99c1-81ccb7f5a134 d0b5cc56eba44c7f9508999e651ab043 ccc10ab6b6a44542ab55e86654298cb6 - - default default] Floating IP 78567021-37c5-40cd-8a76-35553644e9db disassociated. External IP: 10.96.250.209, port: 7f00140b-722c-4a53-9707-7af6308e7871.
2026-07-08 06:17:30.933 9 INFO neutron.db.ovn_revision_numbers_db [None req-383f8fee-ebb5-4f57-99c1-81ccb7f5a134 d0b5cc56eba44c7f9508999e651ab043 ccc10ab6b6a44542ab55e86654298cb6 - - default default] Successfully bumped revision number for resource 78567021-37c5-40cd-8a76-35553644e9db (type: floatingips) to 2
2026-07-08 06:17:30.935 10 WARNING neutron.scheduler.dhcp_agent_scheduler [None req-ecde4fea-eb28-4668-aa7b-237ef5773c92 61978d0226c2476ea8df14ed6d069c00 ec2bcafa97084a45a245da54660d1c26 - - default default] No more DHCP agents
2026-07-08 06:17:30.937 10 WARNING neutron.api.rpc.agentnotifiers.dhcp_rpc_agent_api [None req-ecde4fea-eb28-4668-aa7b-237ef5773c92 61978d0226c2476ea8df14ed6d069c00 ec2bcafa97084a45a245da54660d1c26 - - default default] Unable to schedule network 11b73b7a-ae82-4ef9-813b-de4ccc479f53: no agents available; will retry on subsequent port and subnet creation events.
2026-07-08 06:17:30.965 10 INFO neutron.db.ovn_revision_numbers_db [None req-ecde4fea-eb28-4668-aa7b-237ef5773c92 61978d0226c2476ea8df14ed6d069c00 ec2bcafa97084a45a245da54660d1c26 - - default default] Successfully bumped revision number for resource 541dee96-46a0-4f9e-af6a-a38d43adf126 (type: subnets) to 0
2026-07-08 06:17:30.978 10 INFO neutron.wsgi [None req-ecde4fea-eb28-4668-aa7b-237ef5773c92 61978d0226c2476ea8df14ed6d069c00 ec2bcafa97084a45a245da54660d1c26 - - default default] 10.0.0.36 "POST /v2.0/subnets HTTP/1.1" status: 201 len: 821 time: 0.2368848
2026-07-08 06:17:30.996 9 INFO neutron.wsgi [None req-383f8fee-ebb5-4f57-99c1-81ccb7f5a134 d0b5cc56eba44c7f9508999e651ab043 ccc10ab6b6a44542ab55e86654298cb6 - - default default] 10.0.0.36 "PUT /v2.0/floatingips/78567021-37c5-40cd-8a76-35553644e9db HTTP/1.1" status: 200 len: 748 time: 0.2349975
2026-07-08 06:17:31.274 10 INFO neutron.wsgi [req-d6a40dc3-9809-48f3-a72c-3f85498e4ff8 req-03c0cc0d-e626-4f73-bbdd-c5ee1e2ae646 4b0ff074956b498fa3b130b08ed1bc60 f25d7983d1c749f694fddf4565515b36 - - default default] 199.204.45.89 "GET /v2.0/networks?id=6099ae19-7412-48fc-9b12-277e15f58f50 HTTP/1.1" status: 200 len: 859 time: 0.1102564
2026-07-08 06:17:31.345 9 INFO neutron.wsgi [None req-523230aa-6766-4337-9ad7-8609f16dbb74 d0b5cc56eba44c7f9508999e651ab043 ccc10ab6b6a44542ab55e86654298cb6 - - default default] 10.0.0.36 "DELETE /v2.0/floatingips/78567021-37c5-40cd-8a76-35553644e9db HTTP/1.1" status: 204 len: 168 time: 0.3442104
2026-07-08 06:17:31.359 10 INFO neutron.wsgi [req-d6a40dc3-9809-48f3-a72c-3f85498e4ff8 req-2e2f238b-1eb1-451a-a63d-c7ce7be8b788 4b0ff074956b498fa3b130b08ed1bc60 f25d7983d1c749f694fddf4565515b36 - - default default] 199.204.45.89 "GET /v2.0/security-groups?fields=id&fields=name&tenant_id=f25d7983d1c749f694fddf4565515b36 HTTP/1.1" status: 200 len: 380 time: 0.0769095
