2026-07-08 06:18:07.604 10 INFO neutron.db.ovn_revision_numbers_db [None req-e55d1ca3-e0d9-41ed-b0c1-6117e715cb3c 4b0ff074956b498fa3b130b08ed1bc60 f25d7983d1c749f694fddf4565515b36 - - default default] Successfully bumped revision number for resource 75d089a1-be7c-4ee1-9248-e6cde020e2ee (type: security_group_rules) to 0
2026-07-08 06:18:07.629 10 INFO neutron.wsgi [None req-e55d1ca3-e0d9-41ed-b0c1-6117e715cb3c 4b0ff074956b498fa3b130b08ed1bc60 f25d7983d1c749f694fddf4565515b36 - - default default] 10.0.0.36 "POST /v2.0/security-group-rules HTTP/1.1" status: 201 len: 774 time: 0.1973133
2026-07-08 06:18:07.655 10 INFO neutron.db.securitygroups_db [None req-2976cf1a-28c3-4bd2-b884-bc279f1a90f3 4b0ff074956b498fa3b130b08ed1bc60 f25d7983d1c749f694fddf4565515b36 - - default default] Project f25d7983d1c749f694fddf4565515b36 added a security group rule with legacy IPv6 ICMP protocol name icmp, ipv6-icmp should be used instead. It was automatically converted.
2026-07-08 06:18:07.768 10 INFO neutron.db.ovn_revision_numbers_db [None req-2976cf1a-28c3-4bd2-b884-bc279f1a90f3 4b0ff074956b498fa3b130b08ed1bc60 f25d7983d1c749f694fddf4565515b36 - - default default] Successfully bumped revision number for resource fdaa41f8-1a12-41ce-b00c-f73cf2bd179b (type: security_group_rules) to 0
2026-07-08 06:18:07.798 10 INFO neutron.wsgi [None req-2976cf1a-28c3-4bd2-b884-bc279f1a90f3 4b0ff074956b498fa3b130b08ed1bc60 f25d7983d1c749f694fddf4565515b36 - - default default] 10.0.0.36 "POST /v2.0/security-group-rules HTTP/1.1" status: 201 len: 773 time: 0.1639922
2026-07-08 06:18:08.267 9 INFO neutron.wsgi [None req-20490e1b-02ba-4257-af0b-482b4b15be90 b00b53b42b464be78d8c1355f816846c 0acc8688d26d4c0a8a95ebbfa8e0cafa - - default default] 10.0.0.36 "PUT /v2.0/routers/45f60803-5b0f-477d-940b-89c11b6a0581/remove_router_interface HTTP/1.1" status: 200 len: 503 time: 0.6839666 /var/lib/openstack/lib/python3.10/site-packages/pycadf/identifier.py:71: UserWarning: Invalid uuid: neutron. To ensure interoperability, identifiers should be a valid uuid. warnings.warn(('Invalid uuid: %s. To ensure interoperability, '
2026-07-08 06:18:08.300 9 INFO neutron.wsgi [None req-b611b153-eef0-4c02-88cb-6e020c06e2eb b00b53b42b464be78d8c1355f816846c 0acc8688d26d4c0a8a95ebbfa8e0cafa - - default default] 10.0.0.36 "GET /v2.0/ports?device_id=45f60803-5b0f-477d-940b-89c11b6a0581 HTTP/1.1" status: 200 len: 205 time: 0.0284820
2026-07-08 06:18:08.413 10 INFO neutron.wsgi [None req-f3725929-399a-49f4-a9d3-1e8a17cde4d5 4b0ff074956b498fa3b130b08ed1bc60 f25d7983d1c749f694fddf4565515b36 - - default default] 10.0.0.36 "GET /v2.0/networks HTTP/1.1" status: 200 len: 1492 time: 0.2321196
2026-07-08 06:18:08.534 10 INFO neutron.wsgi [req-f5a18a45-3acb-4461-9afe-e2d22288cfcc req-8b3e21a6-cd0f-487a-8740-81875edb7b77 4b0ff074956b498fa3b130b08ed1bc60 f25d7983d1c749f694fddf4565515b36 - - default default] 10.0.0.153 "GET /v2.0/security-groups?name=tempest-secgroup-smoke-8180072&fields=id&tenant_id=f25d7983d1c749f694fddf4565515b36 HTTP/1.1" status: 200 len: 267 time: 0.0428662
2026-07-08 06:18:08.552 9 INFO neutron.wsgi [None req-ae08e8f3-8eb9-4f57-a44c-63c3e77fab90 b00b53b42b464be78d8c1355f816846c 0acc8688d26d4c0a8a95ebbfa8e0cafa - - default default] 10.0.0.36 "DELETE /v2.0/routers/45f60803-5b0f-477d-940b-89c11b6a0581 HTTP/1.1" status: 204 len: 168 time: 0.2437551
2026-07-08 06:18:08.619 10 INFO neutron.wsgi [req-f5a18a45-3acb-4461-9afe-e2d22288cfcc req-d0528012-5273-4cf8-87fd-516e3b64c571 4b0ff074956b498fa3b130b08ed1bc60 f25d7983d1c749f694fddf4565515b36 - - default default] 10.0.0.153 "GET /v2.0/networks?id=6099ae19-7412-48fc-9b12-277e15f58f50 HTTP/1.1" status: 200 len: 859 time: 0.0752459
2026-07-08 06:18:08.629 9 INFO neutron.wsgi [-] 10.0.0.203 "GET / HTTP/1.1" status: 200 len: 247 time: 0.0017066
2026-07-08 06:18:08.632 9 INFO neutron.wsgi [-] 10.0.0.203 "GET / HTTP/1.1" status: 200 len: 247 time: 0.0020897
2026-07-08 06:18:08.648 10 INFO neutron.wsgi [req-f5a18a45-3acb-4461-9afe-e2d22288cfcc req-9e389160-61a9-4189-9c24-8d15eb810f67 4b0ff074956b498fa3b130b08ed1bc60 f25d7983d1c749f694fddf4565515b36 - - default default] 10.0.0.153 "GET /v2.0/quotas/f25d7983d1c749f694fddf4565515b36 HTTP/1.1" status: 200 len: 386 time: 0.0216959
2026-07-08 06:18:08.755 10 INFO neutron.wsgi [req-f5a18a45-3acb-4461-9afe-e2d22288cfcc req-76f711fa-9edd-4684-b8a7-349284606d18 4b0ff074956b498fa3b130b08ed1bc60 f25d7983d1c749f694fddf4565515b36 - - default default] 10.0.0.153 "GET /v2.0/ports?tenant_id=f25d7983d1c749f694fddf4565515b36&fields=id HTTP/1.1" status: 200 len: 348 time: 0.0982809
2026-07-08 06:18:08.793 9 INFO neutron.wsgi [None req-573972d7-f138-4609-bde4-e556cb436947 b00b53b42b464be78d8c1355f816846c 0acc8688d26d4c0a8a95ebbfa8e0cafa - - default default] 10.0.0.36 "DELETE /v2.0/subnets/b4c4d694-c00a-4b89-ba2f-e76bd851af40 HTTP/1.1" status: 204 len: 168 time: 0.2364650
2026-07-08 06:18:08.856 10 INFO neutron.wsgi [req-f5a18a45-3acb-4461-9afe-e2d22288cfcc req-3b5e42e8-ee0c-44b7-8589-8481cb148cde 26ca87b1b3324dddb79ad44d6e826bf6 47f08c3366dd447e8c92d7b83369e780 - - ee583b710bfd4bb2bf2b0a42e9676962 ee583b710bfd4bb2bf2b0a42e9676962] 10.0.0.153 "GET /v2.0/networks/6099ae19-7412-48fc-9b12-277e15f58f50?fields=segments HTTP/1.1" status: 200 len: 212 time: 0.0855994
2026-07-08 06:18:08.939 10 INFO neutron.wsgi [req-f5a18a45-3acb-4461-9afe-e2d22288cfcc req-03a1a240-a52f-4f81-b3a2-24df3f325eb3 26ca87b1b3324dddb79ad44d6e826bf6 47f08c3366dd447e8c92d7b83369e780 - - ee583b710bfd4bb2bf2b0a42e9676962 ee583b710bfd4bb2bf2b0a42e9676962] 10.0.0.153 "GET /v2.0/networks/6099ae19-7412-48fc-9b12-277e15f58f50?fields=provider%3Aphysical_network&fields=provider%3Anetwork_type HTTP/1.1" status: 200 len: 277 time: 0.0753787
2026-07-08 06:18:09.081 9 INFO neutron.wsgi [req-5218a8ac-eda1-4ce5-9bfa-0eb807daee9d req-12efb38f-d32b-4b68-837c-bd0e4f1dbe69 4b0ff074956b498fa3b130b08ed1bc60 f25d7983d1c749f694fddf4565515b36 - - default default] 10.0.0.153 "GET /v2.0/ports?device_id=ce94846e-570f-494a-af6c-d14df3229802 HTTP/1.1" status: 200 len: 210 time: 0.0181665
2026-07-08 06:18:09.172 9 INFO neutron.services.segments.plugin [-] Segment 17c774c8-aa03-4e30-9c3b-3c71e8bb4ef9 resource provider aggregate not found
2026-07-08 06:18:09.177 9 INFO neutron.services.segments.plugin [-] Segment 17c774c8-aa03-4e30-9c3b-3c71e8bb4ef9 resource provider aggregate not found
2026-07-08 06:18:09.185 9 INFO neutron.services.segments.plugin [-] Segment 17c774c8-aa03-4e30-9c3b-3c71e8bb4ef9 resource provider not found; error: Placement Client Error (4xx): {"errors": [{"status": 404, "title": "Not Found", "detail": "The resource could not be found.\n\n No resource provider with uuid 17c774c8-aa03-4e30-9c3b-3c71e8bb4ef9 found for delete ", "request_id": "req-460325e9-7058-4d8b-a0e8-33640b23c754"}]}
2026-07-08 06:18:09.190 9 INFO neutron.services.segments.plugin [-] Segment 17c774c8-aa03-4e30-9c3b-3c71e8bb4ef9 resource provider not found; error: Placement Client Error (4xx): {"errors": [{"status": 404, "title": "Not Found", "detail": "The resource could not be found.\n\n No resource provider with uuid 17c774c8-aa03-4e30-9c3b-3c71e8bb4ef9 found for delete ", "request_id": "req-c31f2fca-b8fc-41ba-92f0-d0e36ac2b32b"}]}
2026-07-08 06:18:09.212 9 INFO neutron.wsgi [None req-9fa43de3-a544-4cbf-bb0b-454575356d19 b00b53b42b464be78d8c1355f816846c 0acc8688d26d4c0a8a95ebbfa8e0cafa - - default default] 10.0.0.36 "DELETE /v2.0/networks/a225abaf-ec52-44ff-a833-3cc1dfd8ef6d HTTP/1.1" status: 204 len: 168 time: 0.4143629
2026-07-08 06:18:09.678 10 WARNING neutron.scheduler.dhcp_agent_scheduler [None req-b73e9514-8f67-4b05-a707-e396459754e4 b00b53b42b464be78d8c1355f816846c 0acc8688d26d4c0a8a95ebbfa8e0cafa - - default default] No more DHCP agents
2026-07-08 06:18:09.680 10 WARNING neutron.api.rpc.agentnotifiers.dhcp_rpc_agent_api [None req-b73e9514-8f67-4b05-a707-e396459754e4 b00b53b42b464be78d8c1355f816846c 0acc8688d26d4c0a8a95ebbfa8e0cafa - - default default] Unable to schedule network 4655023a-9bbe-40d8-8914-37a82927b034: no agents available; will retry on subsequent port and subnet creation events.
2026-07-08 06:18:09.855 10 INFO neutron.db.ovn_revision_numbers_db [None req-d69467b0-9931-404b-8f19-d7fd6305628d f9d0012c80a44f34981be525aa95de34 31c8531259d447fa8358eb34b21b7e43 - - default default] Successfully bumped revision number for resource aaa22211-5553-419b-ab16-85ba26825df2 (type: security_groups) to 1
2026-07-08 06:18:09.889 10 INFO neutron.db.ovn_revision_numbers_db [None req-d69467b0-9931-404b-8f19-d7fd6305628d f9d0012c80a44f34981be525aa95de34 31c8531259d447fa8358eb34b21b7e43 - - default default] Successfully bumped revision number for resource 192902e1-3c11-4ffb-96cd-e278c580517b (type: security_group_rules) to 0
2026-07-08 06:18:09.895 10 INFO neutron.db.ovn_revision_numbers_db [None req-b73e9514-8f67-4b05-a707-e396459754e4 b00b53b42b464be78d8c1355f816846c 0acc8688d26d4c0a8a95ebbfa8e0cafa - - default default] Successfully bumped revision number for resource e1cb132a-9259-4771-b10a-25cf0da784f7 (type: ports) to 1
2026-07-08 06:18:09.907 10 INFO neutron.wsgi [req-f5a18a45-3acb-4461-9afe-e2d22288cfcc req-cdeb3728-e476-46e1-a4cb-cf97ab8343e3 4b0ff074956b498fa3b130b08ed1bc60 f25d7983d1c749f694fddf4565515b36 - - default default] 199.204.45.89 "GET /v2.0/networks?id=6099ae19-7412-48fc-9b12-277e15f58f50 HTTP/1.1" status: 200 len: 859 time: 0.0818889
2026-07-08 06:18:09.911 10 INFO neutron.db.ovn_revision_numbers_db [None req-d69467b0-9931-404b-8f19-d7fd6305628d f9d0012c80a44f34981be525aa95de34 31c8531259d447fa8358eb34b21b7e43 - - default default] Successfully bumped revision number for resource 6dfbaed9-8e1b-4832-a243-fe3a31290e49 (type: security_group_rules) to 0
2026-07-08 06:18:09.949 10 INFO neutron.db.ovn_revision_numbers_db [None req-d69467b0-9931-404b-8f19-d7fd6305628d f9d0012c80a44f34981be525aa95de34 31c8531259d447fa8358eb34b21b7e43 - - default default] Successfully bumped revision number for resource e046c7a7-2935-4b2f-9f49-016ed1e79b13 (type: security_group_rules) to 0
2026-07-08 06:18:09.981 10 INFO neutron.db.ovn_revision_numbers_db [None req-d69467b0-9931-404b-8f19-d7fd6305628d f9d0012c80a44f34981be525aa95de34 31c8531259d447fa8358eb34b21b7e43 - - default default] Successfully bumped revision number for resource e3f5aa71-d03e-4316-abbd-f3223e554954 (type: security_group_rules) to 0
2026-07-08 06:18:10.018 10 INFO neutron.wsgi [req-f5a18a45-3acb-4461-9afe-e2d22288cfcc req-63a68d5d-d7dd-4d91-bbb2-444ce9ed7645 4b0ff074956b498fa3b130b08ed1bc60 f25d7983d1c749f694fddf4565515b36 - - default default] 199.204.45.89 "GET /v2.0/security-groups?fields=id&fields=name&tenant_id=f25d7983d1c749f694fddf4565515b36 HTTP/1.1" status: 200 len: 470 time: 0.0957825
2026-07-08 06:18:10.037 10 INFO neutron.wsgi [None req-d69467b0-9931-404b-8f19-d7fd6305628d f9d0012c80a44f34981be525aa95de34 31c8531259d447fa8358eb34b21b7e43 - - default default] 10.0.0.36 "GET /v2.0/security-groups?tenant_id=73bb8b26de8e42ce947b00fef56ae986&name=default HTTP/1.1" status: 200 len: 2996 time: 0.4481916
2026-07-08 06:18:10.188 10 INFO neutron.wsgi [req-37f8c705-6560-42fe-9d03-f229e4b49bd5 req-a4e690ae-63c7-4999-8eef-3618e6f65a8c 4b0ff074956b498fa3b130b08ed1bc60 f25d7983d1c749f694fddf4565515b36 - - default default] 10.0.0.153 "GET /v2.0/ports?device_id=ce94846e-570f-494a-af6c-d14df3229802 HTTP/1.1" status: 200 len: 210 time: 0.0334351
2026-07-08 06:18:10.247 9 INFO neutron.wsgi [None req-14ed0ce5-1400-4dd0-97e9-ffc024228ce3 f9d0012c80a44f34981be525aa95de34 31c8531259d447fa8358eb34b21b7e43 - - default default] 10.0.0.36 "DELETE /v2.0/security-groups/aaa22211-5553-419b-ab16-85ba26825df2 HTTP/1.1" status: 204 len: 168 time: 0.2046332
2026-07-08 06:18:10.456 10 WARNING neutron.scheduler.dhcp_agent_scheduler [req-f5a18a45-3acb-4461-9afe-e2d22288cfcc req-dd497d02-8e04-4ca1-bc64-b3dfc89cee93 4b0ff074956b498fa3b130b08ed1bc60 f25d7983d1c749f694fddf4565515b36 - - default default] No more DHCP agents
2026-07-08 06:18:10.460 9 INFO neutron.db.ovn_revision_numbers_db [None req-e382777b-2239-4365-9a60-0a73f5ae01a1 f9d0012c80a44f34981be525aa95de34 31c8531259d447fa8358eb34b21b7e43 - - default default] Successfully bumped revision number for resource ace7b50b-854c-40bc-a2f7-a7d3615331b7 (type: security_groups) to 1
2026-07-08 06:18:10.461 10 WARNING neutron.api.rpc.agentnotifiers.dhcp_rpc_agent_api [req-f5a18a45-3acb-4461-9afe-e2d22288cfcc req-dd497d02-8e04-4ca1-bc64-b3dfc89cee93 4b0ff074956b498fa3b130b08ed1bc60 f25d7983d1c749f694fddf4565515b36 - - default default] Unable to schedule network 6099ae19-7412-48fc-9b12-277e15f58f50: no agents available; will retry on subsequent port and subnet creation events.
2026-07-08 06:18:10.481 9 INFO neutron.db.ovn_revision_numbers_db [None req-e382777b-2239-4365-9a60-0a73f5ae01a1 f9d0012c80a44f34981be525aa95de34 31c8531259d447fa8358eb34b21b7e43 - - default default] Successfully bumped revision number for resource 29ce0918-fcff-4821-b2bd-45ce8960bf23 (type: security_group_rules) to 0
2026-07-08 06:18:10.494 9 INFO neutron.db.ovn_revision_numbers_db [None req-e382777b-2239-4365-9a60-0a73f5ae01a1 f9d0012c80a44f34981be525aa95de34 31c8531259d447fa8358eb34b21b7e43 - - default default] Successfully bumped revision number for resource 46d5dd23-a6f9-4792-bf38-2c04b8de9a80 (type: security_group_rules) to 0
2026-07-08 06:18:10.505 9 INFO neutron.db.ovn_revision_numbers_db [None req-e382777b-2239-4365-9a60-0a73f5ae01a1 f9d0012c80a44f34981be525aa95de34 31c8531259d447fa8358eb34b21b7e43 - - default default] Successfully bumped revision number for resource 5b5f656a-6dca-482a-adaa-36cdef146870 (type: security_group_rules) to 0
2026-07-08 06:18:10.518 9 INFO neutron.db.ovn_revision_numbers_db [None req-e382777b-2239-4365-9a60-0a73f5ae01a1 f9d0012c80a44f34981be525aa95de34 31c8531259d447fa8358eb34b21b7e43 - - default default] Successfully bumped revision number for resource 61fa9e35-2c9b-4a06-baa7-5ef96c453a42 (type: security_group_rules) to 0
2026-07-08 06:18:10.542 9 INFO neutron.wsgi [None req-e382777b-2239-4365-9a60-0a73f5ae01a1 f9d0012c80a44f34981be525aa95de34 31c8531259d447fa8358eb34b21b7e43 - - default default] 10.0.0.36 "GET /v2.0/security-groups?tenant_id=adbc844a0b8d40e58d51009d5b72f56c&name=default HTTP/1.1" status: 200 len: 2996 time: 0.1873658
2026-07-08 06:18:10.683 10 INFO neutron.db.ovn_revision_numbers_db [req-f5a18a45-3acb-4461-9afe-e2d22288cfcc req-dd497d02-8e04-4ca1-bc64-b3dfc89cee93 4b0ff074956b498fa3b130b08ed1bc60 f25d7983d1c749f694fddf4565515b36 - - default default] Successfully bumped revision number for resource 3d470de9-44d1-4910-9e86-15b9037e100b (type: ports) to 1
2026-07-08 06:18:10.693 10 INFO neutron.db.ovn_revision_numbers_db [None req-b73e9514-8f67-4b05-a707-e396459754e4 b00b53b42b464be78d8c1355f816846c 0acc8688d26d4c0a8a95ebbfa8e0cafa - - default default] Successfully bumped revision number for resource e1cb132a-9259-4771-b10a-25cf0da784f7 (type: router_ports) to 1
2026-07-08 06:18:10.719 10 INFO neutron.wsgi [req-f5a18a45-3acb-4461-9afe-e2d22288cfcc req-dd497d02-8e04-4ca1-bc64-b3dfc89cee93 4b0ff074956b498fa3b130b08ed1bc60 f25d7983d1c749f694fddf4565515b36 - - default default] 199.204.45.89 "POST /v2.0/ports HTTP/1.1" status: 201 len: 1158 time: 0.6893778 /var/lib/openstack/lib/python3.10/site-packages/pycadf/identifier.py:71: UserWarning: Invalid uuid: neutron. To ensure interoperability, identifiers should be a valid uuid. warnings.warn(('Invalid uuid: %s. To ensure interoperability, '
2026-07-08 06:18:10.746 9 INFO neutron.wsgi [None req-b630cb3a-700e-48bf-9727-d51bf1b08ed4 f9d0012c80a44f34981be525aa95de34 31c8531259d447fa8358eb34b21b7e43 - - default default] 10.0.0.36 "DELETE /v2.0/security-groups/ace7b50b-854c-40bc-a2f7-a7d3615331b7 HTTP/1.1" status: 204 len: 168 time: 0.1983755
2026-07-08 06:18:10.784 10 INFO neutron.db.ovn_revision_numbers_db [None req-b73e9514-8f67-4b05-a707-e396459754e4 b00b53b42b464be78d8c1355f816846c 0acc8688d26d4c0a8a95ebbfa8e0cafa - - default default] Successfully bumped revision number for resource fcf93b92-3d59-4fa3-92e7-ddabdd4dfa96 (type: routers) to 2
2026-07-08 06:18:10.804 10 INFO neutron.wsgi [None req-b73e9514-8f67-4b05-a707-e396459754e4 b00b53b42b464be78d8c1355f816846c 0acc8688d26d4c0a8a95ebbfa8e0cafa - - default default] 10.0.0.36 "POST /v2.0/routers HTTP/1.1" status: 201 len: 867 time: 1.5864933
2026-07-08 06:18:10.883 9 INFO neutron.wsgi [None req-f640403a-6247-4153-8532-1a55f5c913c1 b00b53b42b464be78d8c1355f816846c 0acc8688d26d4c0a8a95ebbfa8e0cafa - - default default] 10.0.0.36 "GET /v2.0/routers/fcf93b92-3d59-4fa3-92e7-ddabdd4dfa96 HTTP/1.1" status: 200 len: 868 time: 0.0728636
2026-07-08 06:18:10.990 9 INFO neutron.wsgi [None req-f518d9a1-37c6-430a-833c-821dfe4f81d0 b00b53b42b464be78d8c1355f816846c 0acc8688d26d4c0a8a95ebbfa8e0cafa - - default default] 10.0.0.36 "GET /v2.0/routers HTTP/1.1" status: 200 len: 871 time: 0.1010561
2026-07-08 06:18:11.123 10 INFO neutron.db.ovn_revision_numbers_db [req-f5a18a45-3acb-4461-9afe-e2d22288cfcc req-7a4fd806-3401-4709-b7b5-b35226427d86 26ca87b1b3324dddb79ad44d6e826bf6 47f08c3366dd447e8c92d7b83369e780 - - ee583b710bfd4bb2bf2b0a42e9676962 ee583b710bfd4bb2bf2b0a42e9676962] Successfully bumped revision number for resource 3d470de9-44d1-4910-9e86-15b9037e100b (type: ports) to 2
2026-07-08 06:18:11.370 10 INFO neutron.db.ovn_revision_numbers_db [req-f5a18a45-3acb-4461-9afe-e2d22288cfcc req-7a4fd806-3401-4709-b7b5-b35226427d86 26ca87b1b3324dddb79ad44d6e826bf6 47f08c3366dd447e8c92d7b83369e780 - - ee583b710bfd4bb2bf2b0a42e9676962 ee583b710bfd4bb2bf2b0a42e9676962] Successfully bumped revision number for resource 3d470de9-44d1-4910-9e86-15b9037e100b (type: ports) to 2
2026-07-08 06:18:11.385 10 INFO neutron.wsgi [req-f5a18a45-3acb-4461-9afe-e2d22288cfcc req-7a4fd806-3401-4709-b7b5-b35226427d86 26ca87b1b3324dddb79ad44d6e826bf6 47f08c3366dd447e8c92d7b83369e780 - - ee583b710bfd4bb2bf2b0a42e9676962 ee583b710bfd4bb2bf2b0a42e9676962] 199.204.45.89 "PUT /v2.0/ports/3d470de9-44d1-4910-9e86-15b9037e100b HTTP/1.1" status: 200 len: 1376 time: 0.6550848 /var/lib/openstack/lib/python3.10/site-packages/pycadf/identifier.py:71: UserWarning: Invalid uuid: neutron. To ensure interoperability, identifiers should be a valid uuid. warnings.warn(('Invalid uuid: %s. To ensure interoperability, '
2026-07-08 06:18:11.427 10 INFO neutron.notifiers.nova [-] Nova event matching ['req-3472659f-f26c-43cc-97d8-37c6b750d2f0'] response: {'name': 'network-changed', 'server_uuid': 'ce94846e-570f-494a-af6c-d14df3229802', 'tag': '3d470de9-44d1-4910-9e86-15b9037e100b', 'status': 'completed', 'code': 200}
2026-07-08 06:18:11.452 10 INFO neutron.wsgi [req-f5a18a45-3acb-4461-9afe-e2d22288cfcc req-a13f8cbe-1754-4f9c-afdf-42c724686cbc 26ca87b1b3324dddb79ad44d6e826bf6 47f08c3366dd447e8c92d7b83369e780 - - ee583b710bfd4bb2bf2b0a42e9676962 ee583b710bfd4bb2bf2b0a42e9676962] 199.204.45.89 "GET /v2.0/ports?tenant_id=f25d7983d1c749f694fddf4565515b36&device_id=ce94846e-570f-494a-af6c-d14df3229802 HTTP/1.1" status: 200 len: 1407 time: 0.0355885
2026-07-08 06:18:11.482 10 INFO neutron.wsgi [req-f5a18a45-3acb-4461-9afe-e2d22288cfcc req-a88be08c-54c5-4c1f-b321-1c527ef4d3ef 26ca87b1b3324dddb79ad44d6e826bf6 47f08c3366dd447e8c92d7b83369e780 - - ee583b710bfd4bb2bf2b0a42e9676962 ee583b710bfd4bb2bf2b0a42e9676962] 199.204.45.89 "GET /v2.0/floatingips?fixed_ip_address=10.100.0.5&port_id=3d470de9-44d1-4910-9e86-15b9037e100b HTTP/1.1" status: 200 len: 217 time: 0.0209277
2026-07-08 06:18:11.517 10 INFO neutron.wsgi [req-f5a18a45-3acb-4461-9afe-e2d22288cfcc req-8ef86a61-6628-47e2-b58a-6bc67b8bd418 26ca87b1b3324dddb79ad44d6e826bf6 47f08c3366dd447e8c92d7b83369e780 - - ee583b710bfd4bb2bf2b0a42e9676962 ee583b710bfd4bb2bf2b0a42e9676962] 199.204.45.89 "GET /v2.0/subnets?id=c501ad1c-4c94-40b0-8ad5-b2d0ca64c582 HTTP/1.1" status: 200 len: 853 time: 0.0279286
2026-07-08 06:18:11.543 10 INFO neutron.wsgi [req-f5a18a45-3acb-4461-9afe-e2d22288cfcc req-f72002e9-2d0e-4ccc-acac-54bd09c5140d 26ca87b1b3324dddb79ad44d6e826bf6 47f08c3366dd447e8c92d7b83369e780 - - ee583b710bfd4bb2bf2b0a42e9676962 ee583b710bfd4bb2bf2b0a42e9676962] 199.204.45.89 "GET /v2.0/ports?network_id=6099ae19-7412-48fc-9b12-277e15f58f50&device_owner=network%3Adhcp HTTP/1.1" status: 200 len: 210 time: 0.0196240
2026-07-08 06:18:11.592 9 INFO neutron.wsgi [req-b7104d69-3135-46e9-9392-9d320a4a7bc6 req-ef006d71-e187-4204-9ad4-e25191f2628c 4b0ff074956b498fa3b130b08ed1bc60 f25d7983d1c749f694fddf4565515b36 - - default default] 10.0.0.153 "GET /v2.0/ports?device_id=ce94846e-570f-494a-af6c-d14df3229802 HTTP/1.1" status: 200 len: 1168 time: 0.0979047
2026-07-08 06:18:11.654 9 INFO neutron.wsgi [req-b7104d69-3135-46e9-9392-9d320a4a7bc6 req-f9d910fa-e595-477c-9384-7b21aa0c4b2e 4b0ff074956b498fa3b130b08ed1bc60 f25d7983d1c749f694fddf4565515b36 - - default default] 10.0.0.153 "GET /v2.0/security-groups?id=f9032225-e640-4928-bcc0-0e16a7298048&fields=id&fields=name HTTP/1.1" status: 200 len: 310 time: 0.0432112
2026-07-08 06:18:11.675 9 INFO neutron.db.ovn_revision_numbers_db [None req-709157db-2ffd-4d4d-bd52-e2c8eb6a356c b00b53b42b464be78d8c1355f816846c 0acc8688d26d4c0a8a95ebbfa8e0cafa - - default default] Successfully bumped revision number for resource fcf93b92-3d59-4fa3-92e7-ddabdd4dfa96 (type: routers) to 3
2026-07-08 06:18:11.678 9 INFO neutron.wsgi [None req-709157db-2ffd-4d4d-bd52-e2c8eb6a356c b00b53b42b464be78d8c1355f816846c 0acc8688d26d4c0a8a95ebbfa8e0cafa - - default default] 10.0.0.36 "PUT /v2.0/routers/fcf93b92-3d59-4fa3-92e7-ddabdd4dfa96 HTTP/1.1" status: 200 len: 875 time: 0.6827369
2026-07-08 06:18:11.746 9 INFO neutron.wsgi [None req-3f9dc354-a4ea-460e-85a0-34a6a54e728d b00b53b42b464be78d8c1355f816846c 0acc8688d26d4c0a8a95ebbfa8e0cafa - - default default] 10.0.0.36 "GET /v2.0/routers/fcf93b92-3d59-4fa3-92e7-ddabdd4dfa96 HTTP/1.1" status: 200 len: 875 time: 0.0613880
2026-07-08 06:18:11.781 9 INFO neutron.wsgi [None req-9e2788cb-1d8e-4a65-bbd6-fd95f3af11be b00b53b42b464be78d8c1355f816846c 0acc8688d26d4c0a8a95ebbfa8e0cafa - - default default] 10.0.0.36 "GET /v2.0/ports?device_id=fcf93b92-3d59-4fa3-92e7-ddabdd4dfa96 HTTP/1.1" status: 200 len: 205 time: 0.0257792
2026-07-08 06:18:11.834 10 INFO neutron.wsgi [req-f5a18a45-3acb-4461-9afe-e2d22288cfcc req-5dd545bc-ff53-4834-a476-3f34c7e999de 26ca87b1b3324dddb79ad44d6e826bf6 47f08c3366dd447e8c92d7b83369e780 - - ee583b710bfd4bb2bf2b0a42e9676962 ee583b710bfd4bb2bf2b0a42e9676962] 199.204.45.89 "GET /v2.0/networks/6099ae19-7412-48fc-9b12-277e15f58f50?fields=segments HTTP/1.1" status: 200 len: 212 time: 0.2826846
2026-07-08 06:18:11.913 10 INFO neutron.wsgi [req-f5a18a45-3acb-4461-9afe-e2d22288cfcc req-55ef48f6-6f17-4a84-8bc1-59b622f7bbc1 26ca87b1b3324dddb79ad44d6e826bf6 47f08c3366dd447e8c92d7b83369e780 - - ee583b710bfd4bb2bf2b0a42e9676962 ee583b710bfd4bb2bf2b0a42e9676962] 199.204.45.89 "GET /v2.0/networks/6099ae19-7412-48fc-9b12-277e15f58f50?fields=provider%3Aphysical_network&fields=provider%3Anetwork_type HTTP/1.1" status: 200 len: 277 time: 0.0711439
2026-07-08 06:18:11.926 10 INFO neutron.db.ovn_revision_numbers_db [None req-9be5bee7-eb19-41f1-8b86-8884f61ca9a6 f9d0012c80a44f34981be525aa95de34 31c8531259d447fa8358eb34b21b7e43 - - default default] Successfully bumped revision number for resource 6a561494-0aa6-44c3-88ca-317f9640490f (type: security_groups) to 1
2026-07-08 06:18:11.942 10 INFO neutron.db.ovn_revision_numbers_db [None req-9be5bee7-eb19-41f1-8b86-8884f61ca9a6 f9d0012c80a44f34981be525aa95de34 31c8531259d447fa8358eb34b21b7e43 - - default default] Successfully bumped revision number for resource 0b8f36e1-7986-49ca-960c-a5aad41b8f1b (type: security_group_rules) to 0
2026-07-08 06:18:11.976 10 INFO neutron.db.ovn_revision_numbers_db [None req-9be5bee7-eb19-41f1-8b86-8884f61ca9a6 f9d0012c80a44f34981be525aa95de34 31c8531259d447fa8358eb34b21b7e43 - - default default] Successfully bumped revision number for resource 3d004c31-f9d7-42a1-8850-18f66450a8e0 (type: security_group_rules) to 0
2026-07-08 06:18:11.993 10 INFO neutron.db.ovn_revision_numbers_db [None req-9be5bee7-eb19-41f1-8b86-8884f61ca9a6 f9d0012c80a44f34981be525aa95de34 31c8531259d447fa8358eb34b21b7e43 - - default default] Successfully bumped revision number for resource 739e3729-ce77-40ce-8ca3-c7b9dcb99f33 (type: security_group_rules) to 0
2026-07-08 06:18:12.000 10 INFO neutron.wsgi [req-32dafb91-ca25-4b7e-8133-f87c30286cfe req-7d38694b-a065-45ad-bfc6-edcdf396f9a3 26ca87b1b3324dddb79ad44d6e826bf6 47f08c3366dd447e8c92d7b83369e780 - - ee583b710bfd4bb2bf2b0a42e9676962 ee583b710bfd4bb2bf2b0a42e9676962] 199.204.45.89 "GET /v2.0/ports?tenant_id=f25d7983d1c749f694fddf4565515b36&device_id=ce94846e-570f-494a-af6c-d14df3229802 HTTP/1.1" status: 200 len: 1407 time: 0.0480592
2026-07-08 06:18:12.013 10 INFO neutron.db.ovn_revision_numbers_db [None req-9be5bee7-eb19-41f1-8b86-8884f61ca9a6 f9d0012c80a44f34981be525aa95de34 31c8531259d447fa8358eb34b21b7e43 - - default default] Successfully bumped revision number for resource 8109d0ed-e1b2-4883-b010-f5a87f1186e8 (type: security_group_rules) to 0
2026-07-08 06:18:12.050 10 INFO neutron.wsgi [None req-9be5bee7-eb19-41f1-8b86-8884f61ca9a6 f9d0012c80a44f34981be525aa95de34 31c8531259d447fa8358eb34b21b7e43 - - default default] 10.0.0.36 "GET /v2.0/security-groups?tenant_id=65de5d35777c4767ba370b8d5d2b734a&name=default HTTP/1.1" status: 200 len: 2996 time: 0.6203029
2026-07-08 06:18:12.087 10 INFO neutron.wsgi [req-32dafb91-ca25-4b7e-8133-f87c30286cfe req-8a00812e-fd7d-4ae1-8368-461584a974b4 26ca87b1b3324dddb79ad44d6e826bf6 47f08c3366dd447e8c92d7b83369e780 - - ee583b710bfd4bb2bf2b0a42e9676962 ee583b710bfd4bb2bf2b0a42e9676962] 199.204.45.89 "GET /v2.0/networks?id=6099ae19-7412-48fc-9b12-277e15f58f50 HTTP/1.1" status: 200 len: 958 time: 0.0818479
2026-07-08 06:18:12.106 10 INFO neutron.plugins.ml2.drivers.ovn.mech_driver.mech_driver [None req-1f3ac1b1-c9eb-4667-a03d-cc9a1820faa9 - - - - - -] OVN reports status up for port: 3d470de9-44d1-4910-9e86-15b9037e100b
2026-07-08 06:18:12.120 10 INFO neutron.wsgi [req-32dafb91-ca25-4b7e-8133-f87c30286cfe req-fff38af3-2958-4e02-8df0-f40c7aedaed7 26ca87b1b3324dddb79ad44d6e826bf6 47f08c3366dd447e8c92d7b83369e780 - - ee583b710bfd4bb2bf2b0a42e9676962 ee583b710bfd4bb2bf2b0a42e9676962] 199.204.45.89 "GET /v2.0/floatingips?fixed_ip_address=10.100.0.5&port_id=3d470de9-44d1-4910-9e86-15b9037e100b HTTP/1.1" status: 200 len: 217 time: 0.0272455
2026-07-08 06:18:12.135 10 INFO neutron.plugins.ml2.plugin [None req-1f3ac1b1-c9eb-4667-a03d-cc9a1820faa9 - - - - - -] Attempt 1 to provision port 3d470de9-44d1-4910-9e86-15b9037e100b
2026-07-08 06:18:12.180 10 INFO neutron.wsgi [req-32dafb91-ca25-4b7e-8133-f87c30286cfe req-748905f7-d8a5-48e6-a609-5520442db7f0 26ca87b1b3324dddb79ad44d6e826bf6 47f08c3366dd447e8c92d7b83369e780 - - ee583b710bfd4bb2bf2b0a42e9676962 ee583b710bfd4bb2bf2b0a42e9676962] 199.204.45.89 "GET /v2.0/subnets?id=c501ad1c-4c94-40b0-8ad5-b2d0ca64c582 HTTP/1.1" status: 200 len: 853 time: 0.0520980
2026-07-08 06:18:12.222 10 INFO neutron.wsgi [req-32dafb91-ca25-4b7e-8133-f87c30286cfe req-9015df5e-401c-41ff-a3ec-0acc6c5e3180 26ca87b1b3324dddb79ad44d6e826bf6 47f08c3366dd447e8c92d7b83369e780 - - ee583b710bfd4bb2bf2b0a42e9676962 ee583b710bfd4bb2bf2b0a42e9676962] 199.204.45.89 "GET /v2.0/ports?network_id=6099ae19-7412-48fc-9b12-277e15f58f50&device_owner=network%3Adhcp HTTP/1.1" status: 200 len: 210 time: 0.0325906
2026-07-08 06:18:12.299 9 WARNING neutron.plugins.ml2.drivers.ovn.mech_driver.ovsdb.ovn_client [None req-41e60fba-ef33-4b33-94db-723173586111 - - - - - -] No port found with ID b928f7a7-1344-48e6-97fd-00fa35001418: RuntimeError: No port found with ID b928f7a7-1344-48e6-97fd-00fa35001418
2026-07-08 06:18:12.299 9 INFO neutron.plugins.ml2.drivers.ovn.mech_driver.mech_driver [None req-41e60fba-ef33-4b33-94db-723173586111 - - - - - -] OVN reports status up for port: e1cb132a-9259-4771-b10a-25cf0da784f7
2026-07-08 06:18:12.323 10 INFO neutron.wsgi [req-32dafb91-ca25-4b7e-8133-f87c30286cfe req-1e15ca09-6e99-404a-ac23-70b28efbdd85 26ca87b1b3324dddb79ad44d6e826bf6 47f08c3366dd447e8c92d7b83369e780 - - ee583b710bfd4bb2bf2b0a42e9676962 ee583b710bfd4bb2bf2b0a42e9676962] 199.204.45.89 "GET /v2.0/networks/6099ae19-7412-48fc-9b12-277e15f58f50?fields=segments HTTP/1.1" status: 200 len: 212 time: 0.0934694
2026-07-08 06:18:12.432 10 INFO neutron.wsgi [req-32dafb91-ca25-4b7e-8133-f87c30286cfe req-dbf30b23-45e9-4850-8b67-0f08dfba36c3 26ca87b1b3324dddb79ad44d6e826bf6 47f08c3366dd447e8c92d7b83369e780 - - ee583b710bfd4bb2bf2b0a42e9676962 ee583b710bfd4bb2bf2b0a42e9676962] 199.204.45.89 "GET /v2.0/networks/6099ae19-7412-48fc-9b12-277e15f58f50?fields=provider%3Aphysical_network&fields=provider%3Anetwork_type HTTP/1.1" status: 200 len: 277 time: 0.0972807
2026-07-08 06:18:12.449 10 INFO neutron.wsgi [None req-bb741075-26d0-4720-af65-9d4b7605ea32 f9d0012c80a44f34981be525aa95de34 31c8531259d447fa8358eb34b21b7e43 - - default default] 10.0.0.36 "DELETE /v2.0/security-groups/6a561494-0aa6-44c3-88ca-317f9640490f HTTP/1.1" status: 204 len: 168 time: 0.3904393
2026-07-08 06:18:12.469 9 INFO neutron.wsgi [None req-1d5d617c-a4f6-4d9b-90db-5148a4332da1 b00b53b42b464be78d8c1355f816846c 0acc8688d26d4c0a8a95ebbfa8e0cafa - - default default] 10.0.0.36 "DELETE /v2.0/routers/fcf93b92-3d59-4fa3-92e7-ddabdd4dfa96 HTTP/1.1" status: 204 len: 168 time: 0.6828537
2026-07-08 06:18:12.493 10 INFO neutron.wsgi [None req-effec18e-b5f3-4614-872a-b29809c8226c b00b53b42b464be78d8c1355f816846c 0acc8688d26d4c0a8a95ebbfa8e0cafa - - default default] 10.0.0.36 "GET /v2.0/ports?device_id=fcf93b92-3d59-4fa3-92e7-ddabdd4dfa96 HTTP/1.1" status: 200 len: 205 time: 0.0170419
2026-07-08 06:18:12.521 9 INFO neutron.api.v2.resource [None req-15ba15b4-cb5c-4b14-b29f-86fa95ca0ebe b00b53b42b464be78d8c1355f816846c 0acc8688d26d4c0a8a95ebbfa8e0cafa - - default default] delete failed (client error): The resource could not be found.
2026-07-08 06:18:12.522 9 INFO neutron.wsgi [None req-15ba15b4-cb5c-4b14-b29f-86fa95ca0ebe b00b53b42b464be78d8c1355f816846c 0acc8688d26d4c0a8a95ebbfa8e0cafa - - default default] 10.0.0.36 "DELETE /v2.0/routers/fcf93b92-3d59-4fa3-92e7-ddabdd4dfa96 HTTP/1.1" status: 404 len: 336 time: 0.0247498
2026-07-08 06:18:12.539 10 INFO neutron.db.ovn_revision_numbers_db [None req-1f3ac1b1-c9eb-4667-a03d-cc9a1820faa9 - - - - - -] Successfully bumped revision number for resource 3d470de9-44d1-4910-9e86-15b9037e100b (type: ports) to 4
2026-07-08 06:18:12.542 9 INFO neutron.wsgi [None req-084627bf-a9a8-464e-9eb5-94787520f50e b00b53b42b464be78d8c1355f816846c 0acc8688d26d4c0a8a95ebbfa8e0cafa - - default default] 10.0.0.36 "GET /v2.0/ports?device_id=45f60803-5b0f-477d-940b-89c11b6a0581 HTTP/1.1" status: 200 len: 205 time: 0.0166504
2026-07-08 06:18:12.567 9 INFO neutron.api.v2.resource [None req-5cd580a0-a9ef-4c35-9cba-f86ffe18a64c b00b53b42b464be78d8c1355f816846c 0acc8688d26d4c0a8a95ebbfa8e0cafa - - default default] delete failed (client error): The resource could not be found.
2026-07-08 06:18:12.569 9 INFO neutron.wsgi [None req-5cd580a0-a9ef-4c35-9cba-f86ffe18a64c b00b53b42b464be78d8c1355f816846c 0acc8688d26d4c0a8a95ebbfa8e0cafa - - default default] 10.0.0.36 "DELETE /v2.0/routers/45f60803-5b0f-477d-940b-89c11b6a0581 HTTP/1.1" status: 404 len: 336 time: 0.0217524
2026-07-08 06:18:12.591 9 INFO neutron.pecan_wsgi.hooks.translation [None req-fca72434-07ab-46bc-a5aa-bfa36921c351 b00b53b42b464be78d8c1355f816846c 0acc8688d26d4c0a8a95ebbfa8e0cafa - - default default] DELETE failed (client error): The resource could not be found.
2026-07-08 06:18:12.594 9 INFO neutron.wsgi [None req-fca72434-07ab-46bc-a5aa-bfa36921c351 b00b53b42b464be78d8c1355f816846c 0acc8688d26d4c0a8a95ebbfa8e0cafa - - default default] 10.0.0.36 "DELETE /v2.0/subnets/b4c4d694-c00a-4b89-ba2f-e76bd851af40 HTTP/1.1" status: 404 len: 337 time: 0.0211091 /var/lib/openstack/lib/python3.10/site-packages/pycadf/identifier.py:71: UserWarning: Invalid uuid: neutron. To ensure interoperability, identifiers should be a valid uuid. warnings.warn(('Invalid uuid: %s. To ensure interoperability, '
2026-07-08 06:18:12.625 10 INFO neutron.wsgi [None req-dc9d7ed9-69bf-4810-b508-c83f0b5b21c7 b00b53b42b464be78d8c1355f816846c 0acc8688d26d4c0a8a95ebbfa8e0cafa - - default default] 10.0.0.36 "GET /v2.0/ports?device_id=340b54c1-5147-4516-bfc2-07361f33bd57 HTTP/1.1" status: 200 len: 205 time: 0.0258813
2026-07-08 06:18:12.653 10 INFO neutron.api.v2.resource [None req-c32c071b-2b0d-4892-9ee4-721e304b34bd b00b53b42b464be78d8c1355f816846c 0acc8688d26d4c0a8a95ebbfa8e0cafa - - default default] delete failed (client error): The resource could not be found.
2026-07-08 06:18:12.654 10 INFO neutron.wsgi [None req-c32c071b-2b0d-4892-9ee4-721e304b34bd b00b53b42b464be78d8c1355f816846c 0acc8688d26d4c0a8a95ebbfa8e0cafa - - default default] 10.0.0.36 "DELETE /v2.0/routers/340b54c1-5147-4516-bfc2-07361f33bd57 HTTP/1.1" status: 404 len: 336 time: 0.0238037
2026-07-08 06:18:12.675 10 INFO neutron.pecan_wsgi.hooks.translation [None req-4e159171-5789-4615-84e7-2347ad882755 b00b53b42b464be78d8c1355f816846c 0acc8688d26d4c0a8a95ebbfa8e0cafa - - default default] DELETE failed (client error): The resource could not be found.
2026-07-08 06:18:12.678 10 INFO neutron.wsgi [None req-4e159171-5789-4615-84e7-2347ad882755 b00b53b42b464be78d8c1355f816846c 0acc8688d26d4c0a8a95ebbfa8e0cafa - - default default] 10.0.0.36 "DELETE /v2.0/subnets/0c455334-e66d-49a8-9ef9-b79ff695faaf HTTP/1.1" status: 404 len: 337 time: 0.0195427
2026-07-08 06:18:12.701 10 INFO neutron.wsgi [None req-4616b6fa-2dac-4eaa-9f76-2912b8d88d33 b00b53b42b464be78d8c1355f816846c 0acc8688d26d4c0a8a95ebbfa8e0cafa - - default default] 10.0.0.36 "GET /v2.0/ports?device_id=7738dc69-de7e-4f33-8702-f5525ef68807 HTTP/1.1" status: 200 len: 205 time: 0.0172565
2026-07-08 06:18:12.739 10 INFO neutron.api.v2.resource [None req-56ea1340-cdce-475a-ac08-2a355fed2615 b00b53b42b464be78d8c1355f816846c 0acc8688d26d4c0a8a95ebbfa8e0cafa - - default default] delete failed (client error): The resource could not be found.
2026-07-08 06:18:12.740 10 INFO neutron.wsgi [None req-56ea1340-cdce-475a-ac08-2a355fed2615 b00b53b42b464be78d8c1355f816846c 0acc8688d26d4c0a8a95ebbfa8e0cafa - - default default] 10.0.0.36 "DELETE /v2.0/routers/7738dc69-de7e-4f33-8702-f5525ef68807 HTTP/1.1" status: 404 len: 336 time: 0.0344522
2026-07-08 06:18:12.764 9 INFO neutron.pecan_wsgi.hooks.translation [None req-fb6aa723-e697-4388-9c58-a8d4fe8274fd b00b53b42b464be78d8c1355f816846c 0acc8688d26d4c0a8a95ebbfa8e0cafa - - default default] DELETE failed (client error): The resource could not be found.
2026-07-08 06:18:12.764 10 INFO neutron.wsgi [req-b7d04e63-e6da-419c-ad35-3d168b9ce7df req-ed1af56a-238e-4b94-87e2-ba061e54b1e8 4b0ff074956b498fa3b130b08ed1bc60 f25d7983d1c749f694fddf4565515b36 - - default default] 10.0.0.153 "GET /v2.0/ports?device_id=ce94846e-570f-494a-af6c-d14df3229802 HTTP/1.1" status: 200 len: 1170 time: 0.0317502
2026-07-08 06:18:12.766 9 INFO neutron.wsgi [None req-fb6aa723-e697-4388-9c58-a8d4fe8274fd b00b53b42b464be78d8c1355f816846c 0acc8688d26d4c0a8a95ebbfa8e0cafa - - default default] 10.0.0.36 "DELETE /v2.0/subnets/2097a04b-6aba-4458-8ced-360390721f61 HTTP/1.1" status: 404 len: 337 time: 0.0207224
2026-07-08 06:18:12.783 9 INFO neutron.pecan_wsgi.hooks.translation [None req-8875a549-b9f4-4fad-80d0-1e38fcdd651a b00b53b42b464be78d8c1355f816846c 0acc8688d26d4c0a8a95ebbfa8e0cafa - - default default] DELETE failed (client error): The resource could not be found.
2026-07-08 06:18:12.785 9 INFO neutron.wsgi [None req-8875a549-b9f4-4fad-80d0-1e38fcdd651a b00b53b42b464be78d8c1355f816846c 0acc8688d26d4c0a8a95ebbfa8e0cafa - - default default] 10.0.0.36 "DELETE /v2.0/subnets/cae1427c-328b-4a7d-adb2-df6b6bdb9ed8 HTTP/1.1" status: 404 len: 337 time: 0.0151498
2026-07-08 06:18:12.802 10 INFO neutron.wsgi [req-b7d04e63-e6da-419c-ad35-3d168b9ce7df req-53d3ba9f-f1a0-4121-9cd6-9004fd1d82d6 4b0ff074956b498fa3b130b08ed1bc60 f25d7983d1c749f694fddf4565515b36 - - default default] 10.0.0.153 "GET /v2.0/security-groups?id=f9032225-e640-4928-bcc0-0e16a7298048&fields=id&fields=name HTTP/1.1" status: 200 len: 310 time: 0.0319438
2026-07-08 06:18:13.468 10 INFO neutron.notifiers.nova [-] Nova event matching ['req-32d44e06-b5b7-4004-8926-43ffc60f69db'] response: {'server_uuid': 'ce94846e-570f-494a-af6c-d14df3229802', 'name': 'network-vif-plugged', 'status': 'completed', 'tag': '3d470de9-44d1-4910-9e86-15b9037e100b', 'code': 200}
2026-07-08 06:18:13.469 10 INFO neutron.notifiers.nova [-] Nova event matching ['req-32d44e06-b5b7-4004-8926-43ffc60f69db'] response: {'server_uuid': 'ce94846e-570f-494a-af6c-d14df3229802', 'name': 'network-vif-plugged', 'status': 'completed', 'tag': '3d470de9-44d1-4910-9e86-15b9037e100b', 'code': 200}
2026-07-08 06:18:13.547 9 INFO neutron.wsgi [None req-231a008e-109a-40cd-9938-cc33401c0c13 f9d0012c80a44f34981be525aa95de34 31c8531259d447fa8358eb34b21b7e43 - - default default] 10.0.0.36 "GET /v2.0/security-groups?tenant_id=0acc8688d26d4c0a8a95ebbfa8e0cafa&name=default HTTP/1.1" status: 200 len: 2996 time: 0.3125944
2026-07-08 06:18:13.773 9 INFO neutron.wsgi [None req-f9503ebf-e0cd-4456-955e-5b5d1d2dd533 f9d0012c80a44f34981be525aa95de34 31c8531259d447fa8358eb34b21b7e43 - - default default] 10.0.0.36 "DELETE /v2.0/security-groups/33697377-5429-415e-99dd-873419738cbd HTTP/1.1" status: 204 len: 168 time: 0.2233243
2026-07-08 06:18:13.968 10 INFO neutron.wsgi [req-594ff563-135d-420f-a25f-b3f85609ba03 req-f46c43c1-96f6-4b30-892c-b83bd0b1858d 4b0ff074956b498fa3b130b08ed1bc60 f25d7983d1c749f694fddf4565515b36 - - default default] 10.0.0.153 "GET /v2.0/ports?device_id=ce94846e-570f-494a-af6c-d14df3229802 HTTP/1.1" status: 200 len: 1170 time: 0.0879226
2026-07-08 06:18:14.022 10 INFO neutron.wsgi [req-594ff563-135d-420f-a25f-b3f85609ba03 req-5957bc4f-2bfa-4766-ae07-458af1781f4a 4b0ff074956b498fa3b130b08ed1bc60 f25d7983d1c749f694fddf4565515b36 - - default default] 10.0.0.153 "GET /v2.0/security-groups?id=f9032225-e640-4928-bcc0-0e16a7298048&fields=id&fields=name HTTP/1.1" status: 200 len: 310 time: 0.0468593
2026-07-08 06:18:14.116 9 INFO neutron.wsgi [req-531075eb-35bd-4efe-8e04-5d893c35c985 req-f4447dec-29c4-4f27-8c85-8261eed83fbf 4b0ff074956b498fa3b130b08ed1bc60 f25d7983d1c749f694fddf4565515b36 - - default default] 10.0.0.153 "GET /v2.0/ports?device_id=ce94846e-570f-494a-af6c-d14df3229802 HTTP/1.1" status: 200 len: 1170 time: 0.0305073
2026-07-08 06:18:14.161 9 INFO neutron.wsgi [req-531075eb-35bd-4efe-8e04-5d893c35c985 req-339dc86d-a201-4234-bde3-b65cd17fe258 4b0ff074956b498fa3b130b08ed1bc60 f25d7983d1c749f694fddf4565515b36 - - default default] 10.0.0.153 "GET /v2.0/security-groups?id=f9032225-e640-4928-bcc0-0e16a7298048&fields=id&fields=name HTTP/1.1" status: 200 len: 310 time: 0.0428884
2026-07-08 06:18:14.230 10 INFO neutron.wsgi [None req-bd245ea9-40f2-41ba-bcf5-43599959aec9 9e7aa15d97814f1999f8a622e4328d6e 24b711d6babd45eda157ecc283011522 - - default default] 10.0.0.36 "GET /v2.0/ports?device_id=ce94846e-570f-494a-af6c-d14df3229802 HTTP/1.1" status: 200 len: 1404 time: 0.0432508
2026-07-08 06:18:14.497 10 INFO neutron.db.l3_db [None req-835007af-c4ff-4a39-9b76-1968e26e6466 4b0ff074956b498fa3b130b08ed1bc60 f25d7983d1c749f694fddf4565515b36 - - default default] Floating IP f87b582c-6652-4c4e-8cd5-830fbbd0a4e4 associated. External IP: 10.96.250.206, port: 3d470de9-44d1-4910-9e86-15b9037e100b.
2026-07-08 06:18:14.714 10 INFO neutron.db.ovn_revision_numbers_db [None req-835007af-c4ff-4a39-9b76-1968e26e6466 4b0ff074956b498fa3b130b08ed1bc60 f25d7983d1c749f694fddf4565515b36 - - default default] Successfully bumped revision number for resource f87b582c-6652-4c4e-8cd5-830fbbd0a4e4 (type: floatingips) to 4
2026-07-08 06:18:14.858 10 INFO neutron.db.ovn_revision_numbers_db [None req-835007af-c4ff-4a39-9b76-1968e26e6466 4b0ff074956b498fa3b130b08ed1bc60 f25d7983d1c749f694fddf4565515b36 - - default default] Successfully bumped revision number for resource f87b582c-6652-4c4e-8cd5-830fbbd0a4e4 (type: floatingips) to 5
2026-07-08 06:18:14.883 10 INFO neutron.wsgi [None req-835007af-c4ff-4a39-9b76-1968e26e6466 4b0ff074956b498fa3b130b08ed1bc60 f25d7983d1c749f694fddf4565515b36 - - default default] 10.0.0.36 "PUT /v2.0/floatingips/f87b582c-6652-4c4e-8cd5-830fbbd0a4e4 HTTP/1.1" status: 200 len: 1049 time: 0.6473968
2026-07-08 06:18:14.928 10 INFO neutron.wsgi [None req-3c933546-219a-4158-9f41-b5a01eb55f0b 4b0ff074956b498fa3b130b08ed1bc60 f25d7983d1c749f694fddf4565515b36 - - default default] 10.0.0.36 "GET /v2.0/floatingips/f87b582c-6652-4c4e-8cd5-830fbbd0a4e4 HTTP/1.1" status: 200 len: 1051 time: 0.0362344 /var/lib/openstack/lib/python3.10/site-packages/pycadf/identifier.py:71: UserWarning: Invalid uuid: neutron. To ensure interoperability, identifiers should be a valid uuid. warnings.warn(('Invalid uuid: %s. To ensure interoperability, '
2026-07-08 06:18:15.508 10 INFO neutron.notifiers.nova [-] Nova event matching ['req-e110db95-772c-4fb3-8f97-59c0a2d59d0b'] response: {'name': 'network-changed', 'server_uuid': 'ce94846e-570f-494a-af6c-d14df3229802', 'tag': '3d470de9-44d1-4910-9e86-15b9037e100b', 'status': 'completed', 'code': 200}
2026-07-08 06:18:15.548 9 INFO neutron.db.ovn_revision_numbers_db [None req-9c515653-35e1-49fe-adc3-563074888e06 f9d0012c80a44f34981be525aa95de34 31c8531259d447fa8358eb34b21b7e43 - - default default] Successfully bumped revision number for resource 3d9850a8-8531-4bc9-93f1-92bd1bce115f (type: security_groups) to 1
2026-07-08 06:18:15.559 10 INFO neutron.wsgi [req-9b7d5386-0f79-4ba5-85a5-a1ef9e009635 req-54f3bef9-fbe6-4c2d-b0ee-9ff8719e20d7 26ca87b1b3324dddb79ad44d6e826bf6 47f08c3366dd447e8c92d7b83369e780 - - ee583b710bfd4bb2bf2b0a42e9676962 ee583b710bfd4bb2bf2b0a42e9676962] 199.204.45.89 "GET /v2.0/ports?tenant_id=f25d7983d1c749f694fddf4565515b36&device_id=ce94846e-570f-494a-af6c-d14df3229802 HTTP/1.1" status: 200 len: 1409 time: 0.0323505
2026-07-08 06:18:15.564 9 INFO neutron.db.ovn_revision_numbers_db [None req-9c515653-35e1-49fe-adc3-563074888e06 f9d0012c80a44f34981be525aa95de34 31c8531259d447fa8358eb34b21b7e43 - - default default] Successfully bumped revision number for resource 7ddf176f-1ca2-471d-b742-55dda9aa42ad (type: security_group_rules) to 0
2026-07-08 06:18:15.583 9 INFO neutron.db.ovn_revision_numbers_db [None req-9c515653-35e1-49fe-adc3-563074888e06 f9d0012c80a44f34981be525aa95de34 31c8531259d447fa8358eb34b21b7e43 - - default default] Successfully bumped revision number for resource 86449115-e56f-4a16-ab33-c6196d04d759 (type: security_group_rules) to 0
2026-07-08 06:18:15.625 9 INFO neutron.db.ovn_revision_numbers_db [None req-9c515653-35e1-49fe-adc3-563074888e06 f9d0012c80a44f34981be525aa95de34 31c8531259d447fa8358eb34b21b7e43 - - default default] Successfully bumped revision number for resource 9c53b92a-2e17-45e6-94ba-761ddcc41584 (type: security_group_rules) to 0
2026-07-08 06:18:15.632 10 INFO neutron.wsgi [req-9b7d5386-0f79-4ba5-85a5-a1ef9e009635 req-7db03af1-eeed-4bd7-8ea3-9a9bea6d80db 26ca87b1b3324dddb79ad44d6e826bf6 47f08c3366dd447e8c92d7b83369e780 - - ee583b710bfd4bb2bf2b0a42e9676962 ee583b710bfd4bb2bf2b0a42e9676962] 199.204.45.89 "GET /v2.0/networks?id=6099ae19-7412-48fc-9b12-277e15f58f50 HTTP/1.1" status: 200 len: 958 time: 0.0644352
2026-07-08 06:18:15.641 9 INFO neutron.db.ovn_revision_numbers_db [None req-9c515653-35e1-49fe-adc3-563074888e06 f9d0012c80a44f34981be525aa95de34 31c8531259d447fa8358eb34b21b7e43 - - default default] Successfully bumped revision number for resource c436f621-5485-4c91-bf52-755a0906f2ba (type: security_group_rules) to 0
2026-07-08 06:18:15.665 9 INFO neutron.wsgi [None req-9c515653-35e1-49fe-adc3-563074888e06 f9d0012c80a44f34981be525aa95de34 31c8531259d447fa8358eb34b21b7e43 - - default default] 10.0.0.36 "GET /v2.0/security-groups?tenant_id=8067bb480257448892556ebc51e9645a&name=default HTTP/1.1" status: 200 len: 2996 time: 0.3431358
2026-07-08 06:18:15.677 10 INFO neutron.wsgi [req-9b7d5386-0f79-4ba5-85a5-a1ef9e009635 req-e702162e-c6fa-4cb4-a1bf-8493941db723 26ca87b1b3324dddb79ad44d6e826bf6 47f08c3366dd447e8c92d7b83369e780 - - ee583b710bfd4bb2bf2b0a42e9676962 ee583b710bfd4bb2bf2b0a42e9676962] 199.204.45.89 "GET /v2.0/floatingips?fixed_ip_address=10.100.0.5&port_id=3d470de9-44d1-4910-9e86-15b9037e100b HTTP/1.1" status: 200 len: 1059 time: 0.0345120
2026-07-08 06:18:15.722 10 INFO neutron.wsgi [req-9b7d5386-0f79-4ba5-85a5-a1ef9e009635 req-902f2c56-c0a1-46e4-8eec-11459b132d89 26ca87b1b3324dddb79ad44d6e826bf6 47f08c3366dd447e8c92d7b83369e780 - - ee583b710bfd4bb2bf2b0a42e9676962 ee583b710bfd4bb2bf2b0a42e9676962] 199.204.45.89 "GET /v2.0/subnets?id=c501ad1c-4c94-40b0-8ad5-b2d0ca64c582 HTTP/1.1" status: 200 len: 853 time: 0.0392530
2026-07-08 06:18:15.761 10 INFO neutron.wsgi [req-9b7d5386-0f79-4ba5-85a5-a1ef9e009635 req-50031b8c-3702-4b51-8a14-ecb507fcac16 26ca87b1b3324dddb79ad44d6e826bf6 47f08c3366dd447e8c92d7b83369e780 - - ee583b710bfd4bb2bf2b0a42e9676962 ee583b710bfd4bb2bf2b0a42e9676962] 199.204.45.89 "GET /v2.0/ports?network_id=6099ae19-7412-48fc-9b12-277e15f58f50&device_owner=network%3Adhcp HTTP/1.1" status: 200 len: 210 time: 0.0314639
2026-07-08 06:18:15.805 10 INFO neutron.wsgi [None req-29218600-89d5-44e5-8ce0-319e9f3e7ef2 9e00394ed724487b9f6c0efa70023e59 c361c3d3f37b48fc805970cdcc790969 - - default default] 10.0.0.36 "POST /v2.0/subnetpools HTTP/1.1" status: 201 len: 748 time: 0.2196298
2026-07-08 06:18:15.836 9 INFO neutron.wsgi [None req-be46df4a-4088-4d77-99ac-79aafccc5cf1 9e00394ed724487b9f6c0efa70023e59 c361c3d3f37b48fc805970cdcc790969 - - default default] 10.0.0.36 "GET /v2.0/subnetpools/104b5d07-f251-4c26-b6ab-6b8c0ad00655 HTTP/1.1" status: 200 len: 743 time: 0.0240903
2026-07-08 06:18:15.844 10 INFO neutron.wsgi [req-9b7d5386-0f79-4ba5-85a5-a1ef9e009635 req-d5868297-f5b0-47ac-afd4-37dad28c801d 26ca87b1b3324dddb79ad44d6e826bf6 47f08c3366dd447e8c92d7b83369e780 - - ee583b710bfd4bb2bf2b0a42e9676962 ee583b710bfd4bb2bf2b0a42e9676962] 199.204.45.89 "GET /v2.0/networks/6099ae19-7412-48fc-9b12-277e15f58f50?fields=segments HTTP/1.1" status: 200 len: 212 time: 0.0758595
2026-07-08 06:18:15.892 9 INFO neutron.wsgi [None req-330a8df1-c7c7-4fa6-a20e-52209e6b9f1e f9d0012c80a44f34981be525aa95de34 31c8531259d447fa8358eb34b21b7e43 - - default default] 10.0.0.36 "DELETE /v2.0/security-groups/3d9850a8-8531-4bc9-93f1-92bd1bce115f HTTP/1.1" status: 204 len: 168 time: 0.2224388
2026-07-08 06:18:15.914 10 INFO neutron.wsgi [req-9b7d5386-0f79-4ba5-85a5-a1ef9e009635 req-f16c583a-5c29-4c9b-8157-ad5babe5aa85 26ca87b1b3324dddb79ad44d6e826bf6 47f08c3366dd447e8c92d7b83369e780 - - ee583b710bfd4bb2bf2b0a42e9676962 ee583b710bfd4bb2bf2b0a42e9676962] 199.204.45.89 "GET /v2.0/networks/6099ae19-7412-48fc-9b12-277e15f58f50?fields=provider%3Aphysical_network&fields=provider%3Anetwork_type HTTP/1.1" status: 200 len: 277 time: 0.0634835
2026-07-08 06:18:15.916 9 INFO neutron.wsgi [None req-6a5629f5-b9ca-4be2-9f7c-dc6c707b8120 9e00394ed724487b9f6c0efa70023e59 c361c3d3f37b48fc805970cdcc790969 - - default default] 10.0.0.36 "PUT /v2.0/subnetpools/104b5d07-f251-4c26-b6ab-6b8c0ad00655 HTTP/1.1" status: 200 len: 694 time: 0.0767448
2026-07-08 06:18:15.977 9 INFO neutron.wsgi [None req-1bfa50b2-0490-4aae-bb70-13fd035d3ec0 9e00394ed724487b9f6c0efa70023e59 c361c3d3f37b48fc805970cdcc790969 - - default default] 10.0.0.36 "DELETE /v2.0/subnetpools/104b5d07-f251-4c26-b6ab-6b8c0ad00655 HTTP/1.1" status: 204 len: 168 time: 0.0560043
2026-07-08 06:18:15.993 9 INFO neutron.api.v2.resource [None req-5413570e-96a6-45a8-be77-e91f4be8d252 9e00394ed724487b9f6c0efa70023e59 c361c3d3f37b48fc805970cdcc790969 - - default default] show failed (client error): The resource could not be found.
2026-07-08 06:18:15.994 9 INFO neutron.wsgi [None req-5413570e-96a6-45a8-be77-e91f4be8d252 9e00394ed724487b9f6c0efa70023e59 c361c3d3f37b48fc805970cdcc790969 - - default default] 10.0.0.36 "GET /v2.0/subnetpools/104b5d07-f251-4c26-b6ab-6b8c0ad00655 HTTP/1.1" status: 404 len: 346 time: 0.0106511
2026-07-08 06:18:16.006 9 INFO neutron.api.v2.resource [None req-b2de553f-d8d1-4110-a231-1717a999c70c 9e00394ed724487b9f6c0efa70023e59 c361c3d3f37b48fc805970cdcc790969 - - default default] delete failed (client error): The resource could not be found.
2026-07-08 06:18:16.008 9 INFO neutron.wsgi [None req-b2de553f-d8d1-4110-a231-1717a999c70c 9e00394ed724487b9f6c0efa70023e59 c361c3d3f37b48fc805970cdcc790969 - - default default] 10.0.0.36 "DELETE /v2.0/subnetpools/104b5d07-f251-4c26-b6ab-6b8c0ad00655 HTTP/1.1" status: 404 len: 346 time: 0.0092192
2026-07-08 06:18:16.718 9 INFO neutron.db.ovn_revision_numbers_db [None req-df53fa58-b004-47b7-bfbd-4ccd12cfda9b f9d0012c80a44f34981be525aa95de34 31c8531259d447fa8358eb34b21b7e43 - - default default] Successfully bumped revision number for resource e3806da4-b76c-4e2e-8df8-33e22f1faa05 (type: security_groups) to 1
2026-07-08 06:18:16.740 9 INFO neutron.db.ovn_revision_numbers_db [None req-df53fa58-b004-47b7-bfbd-4ccd12cfda9b f9d0012c80a44f34981be525aa95de34 31c8531259d447fa8358eb34b21b7e43 - - default default] Successfully bumped revision number for resource 4a814b86-a202-4645-9c54-b0c676afc28a (type: security_group_rules) to 0
2026-07-08 06:18:16.759 9 INFO neutron.db.ovn_revision_numbers_db [None req-df53fa58-b004-47b7-bfbd-4ccd12cfda9b f9d0012c80a44f34981be525aa95de34 31c8531259d447fa8358eb34b21b7e43 - - default default] Successfully bumped revision number for resource 5272ec2c-201b-4aeb-928c-e15c1cac7eb4 (type: security_group_rules) to 0
2026-07-08 06:18:16.776 9 INFO neutron.db.ovn_revision_numbers_db [None req-df53fa58-b004-47b7-bfbd-4ccd12cfda9b f9d0012c80a44f34981be525aa95de34 31c8531259d447fa8358eb34b21b7e43 - - default default] Successfully bumped revision number for resource 94600a99-9b71-4ce2-9cbf-f405e955437a (type: security_group_rules) to 0
2026-07-08 06:18:16.802 9 INFO neutron.db.ovn_revision_numbers_db [None req-df53fa58-b004-47b7-bfbd-4ccd12cfda9b f9d0012c80a44f34981be525aa95de34 31c8531259d447fa8358eb34b21b7e43 - - default default] Successfully bumped revision number for resource 9882853d-209f-466d-a829-4c8d07e5e66d (type: security_group_rules) to 0
