2026-07-08 06:19:29.535 9 INFO neutron.db.ovn_revision_numbers_db [None req-6df38540-549a-434d-8757-fb7d0fa9b1ba 2533ad4d2433471daecf610dd2af07f8 9b66eb079a6042828ef42424ca3c3bca - - default default] Successfully bumped revision number for resource 12af847d-5804-445c-a6ab-0662aedcc808 (type: floatingips) to 1
2026-07-08 06:19:29.574 10 INFO neutron.db.ovn_revision_numbers_db [None req-3e07b171-11b1-4238-aea8-70239f1a86ac f9d0012c80a44f34981be525aa95de34 31c8531259d447fa8358eb34b21b7e43 - - default default] Successfully bumped revision number for resource 65dd9859-40c9-4a94-a592-5dc21cd404a5 (type: security_groups) to 1
2026-07-08 06:19:29.575 9 INFO neutron.wsgi [None req-6df38540-549a-434d-8757-fb7d0fa9b1ba 2533ad4d2433471daecf610dd2af07f8 9b66eb079a6042828ef42424ca3c3bca - - default default] 10.0.0.36 "POST /v2.0/floatingips HTTP/1.1" status: 201 len: 1053 time: 1.1637228
2026-07-08 06:19:29.588 10 INFO neutron.db.ovn_revision_numbers_db [None req-3e07b171-11b1-4238-aea8-70239f1a86ac f9d0012c80a44f34981be525aa95de34 31c8531259d447fa8358eb34b21b7e43 - - default default] Successfully bumped revision number for resource 15affc41-0586-4cc2-b1b6-58a8ccc1b67a (type: security_group_rules) to 0
2026-07-08 06:19:29.601 10 INFO neutron.db.ovn_revision_numbers_db [None req-3e07b171-11b1-4238-aea8-70239f1a86ac f9d0012c80a44f34981be525aa95de34 31c8531259d447fa8358eb34b21b7e43 - - default default] Successfully bumped revision number for resource 2cf83d6a-29fd-4434-966f-328fa5ee2346 (type: security_group_rules) to 0
2026-07-08 06:19:29.613 9 INFO neutron.notifiers.nova [-] Nova event matching ['req-cc5bdaea-a312-417f-a9ca-161cc9336518'] response: {'name': 'network-changed', 'server_uuid': '3dc8c53d-198b-457c-b61a-8cc652d07dad', 'tag': '781b503b-76f4-483b-8620-f87a8d9c34dd', 'status': 'completed', 'code': 200}
2026-07-08 06:19:29.615 10 INFO neutron.db.ovn_revision_numbers_db [None req-3e07b171-11b1-4238-aea8-70239f1a86ac f9d0012c80a44f34981be525aa95de34 31c8531259d447fa8358eb34b21b7e43 - - default default] Successfully bumped revision number for resource 88746364-5760-49ac-b264-191cb7eaff3f (type: security_group_rules) to 0
2026-07-08 06:19:29.631 10 INFO neutron.db.ovn_revision_numbers_db [None req-3e07b171-11b1-4238-aea8-70239f1a86ac f9d0012c80a44f34981be525aa95de34 31c8531259d447fa8358eb34b21b7e43 - - default default] Successfully bumped revision number for resource c24e8f47-01b0-456a-aa12-84572487739c (type: security_group_rules) to 0
2026-07-08 06:19:29.680 10 INFO neutron.wsgi [None req-3e07b171-11b1-4238-aea8-70239f1a86ac f9d0012c80a44f34981be525aa95de34 31c8531259d447fa8358eb34b21b7e43 - - default default] 10.0.0.36 "GET /v2.0/security-groups?tenant_id=534ec58ffa5342eeaa5a1e09d2bb044f&name=default HTTP/1.1" status: 200 len: 2999 time: 0.2223995 /var/lib/openstack/lib/python3.10/site-packages/pycadf/identifier.py:71: UserWarning: Invalid uuid: neutron. To ensure interoperability, identifiers should be a valid uuid. warnings.warn(('Invalid uuid: %s. To ensure interoperability, '
2026-07-08 06:19:29.689 10 INFO neutron.wsgi [req-d5885402-0cb7-47b8-bcd9-59a85b9d7c85 req-9fa30ece-6794-4bdb-8889-9e262fc7241f 26ca87b1b3324dddb79ad44d6e826bf6 47f08c3366dd447e8c92d7b83369e780 - - ee583b710bfd4bb2bf2b0a42e9676962 ee583b710bfd4bb2bf2b0a42e9676962] 199.204.45.89 "GET /v2.0/ports?tenant_id=9b66eb079a6042828ef42424ca3c3bca&device_id=3dc8c53d-198b-457c-b61a-8cc652d07dad HTTP/1.1" status: 200 len: 1630 time: 0.0535572
2026-07-08 06:19:29.719 10 INFO neutron.wsgi [req-3e321a9d-ad08-4e29-add3-8b877a2f931d req-13ce67d9-9b6f-4999-9e34-1e2222dec46d 2533ad4d2433471daecf610dd2af07f8 9b66eb079a6042828ef42424ca3c3bca - - default default] 10.0.0.153 "GET /v2.0/security-groups?name=tempest-lb_member_SG-1384744131&fields=id&tenant_id=9b66eb079a6042828ef42424ca3c3bca HTTP/1.1" status: 200 len: 267 time: 0.0680718
2026-07-08 06:19:29.786 10 INFO neutron.wsgi [req-d5885402-0cb7-47b8-bcd9-59a85b9d7c85 req-c32f039a-fbe9-4d73-b56e-04f78a650f38 26ca87b1b3324dddb79ad44d6e826bf6 47f08c3366dd447e8c92d7b83369e780 - - ee583b710bfd4bb2bf2b0a42e9676962 ee583b710bfd4bb2bf2b0a42e9676962] 199.204.45.89 "GET /v2.0/networks?id=99b5808b-9e71-4ed8-974e-6cbf953d27e8 HTTP/1.1" status: 200 len: 1000 time: 0.0898216
2026-07-08 06:19:29.822 10 INFO neutron.wsgi [req-3e321a9d-ad08-4e29-add3-8b877a2f931d req-5eeb677e-4132-4c7c-aa85-2240aef503ad 2533ad4d2433471daecf610dd2af07f8 9b66eb079a6042828ef42424ca3c3bca - - default default] 10.0.0.153 "GET /v2.0/networks?id=03ebc2ab-ac5d-493c-b665-75cfa9bc2481 HTTP/1.1" status: 200 len: 904 time: 0.0857828
2026-07-08 06:19:29.839 10 INFO neutron.wsgi [req-d5885402-0cb7-47b8-bcd9-59a85b9d7c85 req-f9c49eb5-d111-4fa6-9c57-6cce546e5a12 26ca87b1b3324dddb79ad44d6e826bf6 47f08c3366dd447e8c92d7b83369e780 - - ee583b710bfd4bb2bf2b0a42e9676962 ee583b710bfd4bb2bf2b0a42e9676962] 199.204.45.89 "GET /v2.0/floatingips?fixed_ip_address=10.2.1.46&port_id=781b503b-76f4-483b-8620-f87a8d9c34dd HTTP/1.1" status: 200 len: 1058 time: 0.0466583
2026-07-08 06:19:29.841 10 INFO neutron.wsgi [req-3e321a9d-ad08-4e29-add3-8b877a2f931d req-a9c5f483-d4d6-4495-8595-fa0c978397ac 2533ad4d2433471daecf610dd2af07f8 9b66eb079a6042828ef42424ca3c3bca - - default default] 10.0.0.153 "GET /v2.0/quotas/9b66eb079a6042828ef42424ca3c3bca HTTP/1.1" status: 200 len: 386 time: 0.0145116
2026-07-08 06:19:29.863 10 INFO neutron.wsgi [req-d5885402-0cb7-47b8-bcd9-59a85b9d7c85 req-eb32dc27-3289-4c6f-9322-fc4ec02cdfd8 26ca87b1b3324dddb79ad44d6e826bf6 47f08c3366dd447e8c92d7b83369e780 - - ee583b710bfd4bb2bf2b0a42e9676962 ee583b710bfd4bb2bf2b0a42e9676962] 199.204.45.89 "GET /v2.0/floatingips?fixed_ip_address=fd7b%3Af9f7%3Afff%3A4eca%3A%3A8a&port_id=781b503b-76f4-483b-8620-f87a8d9c34dd HTTP/1.1" status: 200 len: 217 time: 0.0194428
2026-07-08 06:19:29.898 9 INFO neutron.wsgi [None req-61b7981b-4720-4124-b986-5726ea199c33 f9d0012c80a44f34981be525aa95de34 31c8531259d447fa8358eb34b21b7e43 - - default default] 10.0.0.36 "DELETE /v2.0/security-groups/65dd9859-40c9-4a94-a592-5dc21cd404a5 HTTP/1.1" status: 204 len: 168 time: 0.2126129
2026-07-08 06:19:29.910 10 INFO neutron.wsgi [req-d5885402-0cb7-47b8-bcd9-59a85b9d7c85 req-8e84f524-94d8-4627-a8f5-835e58c7e26b 26ca87b1b3324dddb79ad44d6e826bf6 47f08c3366dd447e8c92d7b83369e780 - - ee583b710bfd4bb2bf2b0a42e9676962 ee583b710bfd4bb2bf2b0a42e9676962] 199.204.45.89 "GET /v2.0/subnets?id=c97e51e3-93c8-4646-b0e1-23b84dc3f8f4&id=a93a86da-0160-4bd7-8451-4aeddb752d1b HTTP/1.1" status: 200 len: 1562 time: 0.0391042
2026-07-08 06:19:29.936 10 INFO neutron.wsgi [req-d5885402-0cb7-47b8-bcd9-59a85b9d7c85 req-d320d76e-612e-4564-9900-d9e2d681f7bc 26ca87b1b3324dddb79ad44d6e826bf6 47f08c3366dd447e8c92d7b83369e780 - - ee583b710bfd4bb2bf2b0a42e9676962 ee583b710bfd4bb2bf2b0a42e9676962] 199.204.45.89 "GET /v2.0/ports?network_id=99b5808b-9e71-4ed8-974e-6cbf953d27e8&device_owner=network%3Adhcp HTTP/1.1" status: 200 len: 210 time: 0.0188138
2026-07-08 06:19:29.963 10 INFO neutron.wsgi [req-d5885402-0cb7-47b8-bcd9-59a85b9d7c85 req-f379bf0a-5431-4713-ad35-37a8ab629857 26ca87b1b3324dddb79ad44d6e826bf6 47f08c3366dd447e8c92d7b83369e780 - - ee583b710bfd4bb2bf2b0a42e9676962 ee583b710bfd4bb2bf2b0a42e9676962] 199.204.45.89 "GET /v2.0/ports?network_id=99b5808b-9e71-4ed8-974e-6cbf953d27e8&device_owner=network%3Adhcp HTTP/1.1" status: 200 len: 210 time: 0.0206146
2026-07-08 06:19:30.025 10 INFO neutron.wsgi [req-3e321a9d-ad08-4e29-add3-8b877a2f931d req-2df7c1a5-0fd9-4005-b08c-8098caeb117f 2533ad4d2433471daecf610dd2af07f8 9b66eb079a6042828ef42424ca3c3bca - - default default] 10.0.0.153 "GET /v2.0/ports?tenant_id=9b66eb079a6042828ef42424ca3c3bca&fields=id HTTP/1.1" status: 200 len: 532 time: 0.1771328
2026-07-08 06:19:30.035 10 INFO neutron.wsgi [req-d5885402-0cb7-47b8-bcd9-59a85b9d7c85 req-2832d3a0-faa9-4b92-abae-e405ec272685 26ca87b1b3324dddb79ad44d6e826bf6 47f08c3366dd447e8c92d7b83369e780 - - ee583b710bfd4bb2bf2b0a42e9676962 ee583b710bfd4bb2bf2b0a42e9676962] 199.204.45.89 "GET /v2.0/networks/99b5808b-9e71-4ed8-974e-6cbf953d27e8?fields=segments HTTP/1.1" status: 200 len: 212 time: 0.0641737
2026-07-08 06:19:30.373 10 INFO neutron.wsgi [req-3e321a9d-ad08-4e29-add3-8b877a2f931d req-8430b81a-b3e7-41b8-9ccc-92a835a4fe25 26ca87b1b3324dddb79ad44d6e826bf6 47f08c3366dd447e8c92d7b83369e780 - - ee583b710bfd4bb2bf2b0a42e9676962 ee583b710bfd4bb2bf2b0a42e9676962] 10.0.0.153 "GET /v2.0/networks/03ebc2ab-ac5d-493c-b665-75cfa9bc2481?fields=segments HTTP/1.1" status: 200 len: 212 time: 0.3352609
2026-07-08 06:19:30.380 10 INFO neutron.wsgi [req-d5885402-0cb7-47b8-bcd9-59a85b9d7c85 req-bd6aa94e-2b3b-47e9-a9b6-23a36d568821 26ca87b1b3324dddb79ad44d6e826bf6 47f08c3366dd447e8c92d7b83369e780 - - ee583b710bfd4bb2bf2b0a42e9676962 ee583b710bfd4bb2bf2b0a42e9676962] 199.204.45.89 "GET /v2.0/networks/99b5808b-9e71-4ed8-974e-6cbf953d27e8?fields=provider%3Aphysical_network&fields=provider%3Anetwork_type HTTP/1.1" status: 200 len: 277 time: 0.3351450
2026-07-08 06:19:30.437 10 INFO neutron.wsgi [req-3e321a9d-ad08-4e29-add3-8b877a2f931d req-41c6f9a7-4b2b-4878-bb32-8e91076efd50 26ca87b1b3324dddb79ad44d6e826bf6 47f08c3366dd447e8c92d7b83369e780 - - ee583b710bfd4bb2bf2b0a42e9676962 ee583b710bfd4bb2bf2b0a42e9676962] 10.0.0.153 "GET /v2.0/networks/03ebc2ab-ac5d-493c-b665-75cfa9bc2481?fields=provider%3Aphysical_network&fields=provider%3Anetwork_type HTTP/1.1" status: 200 len: 277 time: 0.0569787
2026-07-08 06:19:30.588 9 INFO neutron.wsgi [req-2b06b246-7ea9-4f38-a58b-aa183395faf9 req-27a9a2c8-ca53-45dc-a2df-ab5b8dc7fd1f 2533ad4d2433471daecf610dd2af07f8 9b66eb079a6042828ef42424ca3c3bca - - default default] 10.0.0.153 "GET /v2.0/ports?device_id=11abcf0c-aeb5-4c13-af9a-da2e17759e9d HTTP/1.1" status: 200 len: 210 time: 0.0331802
2026-07-08 06:19:31.364 10 INFO neutron.wsgi [req-3e321a9d-ad08-4e29-add3-8b877a2f931d req-590cff05-86c7-430a-bfe6-b6eb4c997e40 2533ad4d2433471daecf610dd2af07f8 9b66eb079a6042828ef42424ca3c3bca - - default default] 199.204.45.89 "GET /v2.0/networks?id=03ebc2ab-ac5d-493c-b665-75cfa9bc2481 HTTP/1.1" status: 200 len: 904 time: 0.0890818
2026-07-08 06:19:31.419 10 INFO neutron.wsgi [req-3e321a9d-ad08-4e29-add3-8b877a2f931d req-c0d7bc72-4b1d-4db7-a126-122f2f4c9adc 2533ad4d2433471daecf610dd2af07f8 9b66eb079a6042828ef42424ca3c3bca - - default default] 199.204.45.89 "GET /v2.0/security-groups?fields=id&fields=name&tenant_id=9b66eb079a6042828ef42424ca3c3bca HTTP/1.1" status: 200 len: 378 time: 0.0457380
2026-07-08 06:19:31.834 10 WARNING neutron.scheduler.dhcp_agent_scheduler [req-3e321a9d-ad08-4e29-add3-8b877a2f931d req-df96fab3-f7f4-442a-a601-9fb3c3149484 2533ad4d2433471daecf610dd2af07f8 9b66eb079a6042828ef42424ca3c3bca - - default default] No more DHCP agents
2026-07-08 06:19:31.836 10 WARNING neutron.api.rpc.agentnotifiers.dhcp_rpc_agent_api [req-3e321a9d-ad08-4e29-add3-8b877a2f931d req-df96fab3-f7f4-442a-a601-9fb3c3149484 2533ad4d2433471daecf610dd2af07f8 9b66eb079a6042828ef42424ca3c3bca - - default default] Unable to schedule network 03ebc2ab-ac5d-493c-b665-75cfa9bc2481: no agents available; will retry on subsequent port and subnet creation events.
2026-07-08 06:19:32.002 10 INFO neutron.db.ovn_revision_numbers_db [req-3e321a9d-ad08-4e29-add3-8b877a2f931d req-df96fab3-f7f4-442a-a601-9fb3c3149484 2533ad4d2433471daecf610dd2af07f8 9b66eb079a6042828ef42424ca3c3bca - - default default] Successfully bumped revision number for resource 4c3d2bd4-ad6a-484b-94e3-02cbee1d950d (type: ports) to 1
2026-07-08 06:19:32.022 10 INFO neutron.wsgi [req-3e321a9d-ad08-4e29-add3-8b877a2f931d req-df96fab3-f7f4-442a-a601-9fb3c3149484 2533ad4d2433471daecf610dd2af07f8 9b66eb079a6042828ef42424ca3c3bca - - default default] 199.204.45.89 "POST /v2.0/ports HTTP/1.1" status: 201 len: 1388 time: 0.5821137 /var/lib/openstack/lib/python3.10/site-packages/pycadf/identifier.py:71: UserWarning: Invalid uuid: neutron. To ensure interoperability, identifiers should be a valid uuid. warnings.warn(('Invalid uuid: %s. To ensure interoperability, '
2026-07-08 06:19:32.428 10 INFO neutron.db.ovn_revision_numbers_db [req-3e321a9d-ad08-4e29-add3-8b877a2f931d req-a7314286-38ba-43df-9a35-4cac5d42608c 26ca87b1b3324dddb79ad44d6e826bf6 47f08c3366dd447e8c92d7b83369e780 - - ee583b710bfd4bb2bf2b0a42e9676962 ee583b710bfd4bb2bf2b0a42e9676962] Successfully bumped revision number for resource 4c3d2bd4-ad6a-484b-94e3-02cbee1d950d (type: ports) to 2
2026-07-08 06:19:32.594 10 INFO neutron.db.ovn_revision_numbers_db [req-3e321a9d-ad08-4e29-add3-8b877a2f931d req-a7314286-38ba-43df-9a35-4cac5d42608c 26ca87b1b3324dddb79ad44d6e826bf6 47f08c3366dd447e8c92d7b83369e780 - - ee583b710bfd4bb2bf2b0a42e9676962 ee583b710bfd4bb2bf2b0a42e9676962] Successfully bumped revision number for resource 4c3d2bd4-ad6a-484b-94e3-02cbee1d950d (type: ports) to 2
2026-07-08 06:19:32.605 10 INFO neutron.wsgi [req-3e321a9d-ad08-4e29-add3-8b877a2f931d req-a7314286-38ba-43df-9a35-4cac5d42608c 26ca87b1b3324dddb79ad44d6e826bf6 47f08c3366dd447e8c92d7b83369e780 - - ee583b710bfd4bb2bf2b0a42e9676962 ee583b710bfd4bb2bf2b0a42e9676962] 199.204.45.89 "PUT /v2.0/ports/4c3d2bd4-ad6a-484b-94e3-02cbee1d950d HTTP/1.1" status: 200 len: 1605 time: 0.5743835
2026-07-08 06:19:32.638 10 INFO neutron.notifiers.nova [-] Nova event matching ['req-045b8b1d-4fa8-4124-8f8f-ace4b37c2510'] response: {'name': 'network-changed', 'server_uuid': '11abcf0c-aeb5-4c13-af9a-da2e17759e9d', 'tag': '4c3d2bd4-ad6a-484b-94e3-02cbee1d950d', 'status': 'completed', 'code': 200} /var/lib/openstack/lib/python3.10/site-packages/pycadf/identifier.py:71: UserWarning: Invalid uuid: neutron. To ensure interoperability, identifiers should be a valid uuid. warnings.warn(('Invalid uuid: %s. To ensure interoperability, '
2026-07-08 06:19:32.670 10 INFO neutron.wsgi [req-3e321a9d-ad08-4e29-add3-8b877a2f931d req-7062d40c-833c-480c-9598-8135a83707c0 26ca87b1b3324dddb79ad44d6e826bf6 47f08c3366dd447e8c92d7b83369e780 - - ee583b710bfd4bb2bf2b0a42e9676962 ee583b710bfd4bb2bf2b0a42e9676962] 199.204.45.89 "GET /v2.0/ports?tenant_id=9b66eb079a6042828ef42424ca3c3bca&device_id=11abcf0c-aeb5-4c13-af9a-da2e17759e9d HTTP/1.1" status: 200 len: 1636 time: 0.0255675
2026-07-08 06:19:32.696 10 INFO neutron.wsgi [req-3e321a9d-ad08-4e29-add3-8b877a2f931d req-188b58c8-8126-448a-8376-ae37053a911b 26ca87b1b3324dddb79ad44d6e826bf6 47f08c3366dd447e8c92d7b83369e780 - - ee583b710bfd4bb2bf2b0a42e9676962 ee583b710bfd4bb2bf2b0a42e9676962] 199.204.45.89 "GET /v2.0/floatingips?fixed_ip_address=10.2.2.26&port_id=4c3d2bd4-ad6a-484b-94e3-02cbee1d950d HTTP/1.1" status: 200 len: 217 time: 0.0195706
2026-07-08 06:19:32.738 10 INFO neutron.wsgi [req-3e321a9d-ad08-4e29-add3-8b877a2f931d req-cca02271-eec8-4149-b1e6-58a5aa82b6bc 26ca87b1b3324dddb79ad44d6e826bf6 47f08c3366dd447e8c92d7b83369e780 - - ee583b710bfd4bb2bf2b0a42e9676962 ee583b710bfd4bb2bf2b0a42e9676962] 199.204.45.89 "GET /v2.0/floatingips?fixed_ip_address=fd77%3A1457%3A4cf0%3A26a8%3A%3A309&port_id=4c3d2bd4-ad6a-484b-94e3-02cbee1d950d HTTP/1.1" status: 200 len: 217 time: 0.0354376
2026-07-08 06:19:32.777 10 INFO neutron.wsgi [req-3e321a9d-ad08-4e29-add3-8b877a2f931d req-9de7fe97-5ba8-42ce-acde-08a2ed828fde 26ca87b1b3324dddb79ad44d6e826bf6 47f08c3366dd447e8c92d7b83369e780 - - ee583b710bfd4bb2bf2b0a42e9676962 ee583b710bfd4bb2bf2b0a42e9676962] 199.204.45.89 "GET /v2.0/subnets?id=d23dbbbf-51c5-4d75-8281-42095485e74c&id=5aee2d04-4f79-40ba-b021-5a7b7fa8f295 HTTP/1.1" status: 200 len: 1566 time: 0.0318363
2026-07-08 06:19:32.803 10 INFO neutron.wsgi [req-3e321a9d-ad08-4e29-add3-8b877a2f931d req-76540396-4199-45d9-9054-7d17d638eacd 26ca87b1b3324dddb79ad44d6e826bf6 47f08c3366dd447e8c92d7b83369e780 - - ee583b710bfd4bb2bf2b0a42e9676962 ee583b710bfd4bb2bf2b0a42e9676962] 199.204.45.89 "GET /v2.0/ports?network_id=03ebc2ab-ac5d-493c-b665-75cfa9bc2481&device_owner=network%3Adhcp HTTP/1.1" status: 200 len: 210 time: 0.0199754
2026-07-08 06:19:32.829 10 INFO neutron.wsgi [req-3e321a9d-ad08-4e29-add3-8b877a2f931d req-f31c32fa-3c94-496d-8b95-63520da1b32d 26ca87b1b3324dddb79ad44d6e826bf6 47f08c3366dd447e8c92d7b83369e780 - - ee583b710bfd4bb2bf2b0a42e9676962 ee583b710bfd4bb2bf2b0a42e9676962] 199.204.45.89 "GET /v2.0/ports?network_id=03ebc2ab-ac5d-493c-b665-75cfa9bc2481&device_owner=network%3Adhcp HTTP/1.1" status: 200 len: 210 time: 0.0188620
2026-07-08 06:19:32.901 10 INFO neutron.wsgi [req-3e321a9d-ad08-4e29-add3-8b877a2f931d req-fa3f480b-79e0-4cad-af4c-96379d86c7cc 26ca87b1b3324dddb79ad44d6e826bf6 47f08c3366dd447e8c92d7b83369e780 - - ee583b710bfd4bb2bf2b0a42e9676962 ee583b710bfd4bb2bf2b0a42e9676962] 199.204.45.89 "GET /v2.0/networks/03ebc2ab-ac5d-493c-b665-75cfa9bc2481?fields=segments HTTP/1.1" status: 200 len: 212 time: 0.0645187
2026-07-08 06:19:32.961 10 INFO neutron.wsgi [req-3e321a9d-ad08-4e29-add3-8b877a2f931d req-914215f2-30dd-4a4a-b94a-7a588a855894 26ca87b1b3324dddb79ad44d6e826bf6 47f08c3366dd447e8c92d7b83369e780 - - ee583b710bfd4bb2bf2b0a42e9676962 ee583b710bfd4bb2bf2b0a42e9676962] 199.204.45.89 "GET /v2.0/networks/03ebc2ab-ac5d-493c-b665-75cfa9bc2481?fields=provider%3Aphysical_network&fields=provider%3Anetwork_type HTTP/1.1" status: 200 len: 277 time: 0.0538421
2026-07-08 06:19:33.039 10 INFO neutron.wsgi [req-f31f1c5e-479f-48dd-9248-8f61f677889d req-9cb2c5de-9f3c-4d82-b95f-dd9c6d7a7a96 26ca87b1b3324dddb79ad44d6e826bf6 47f08c3366dd447e8c92d7b83369e780 - - ee583b710bfd4bb2bf2b0a42e9676962 ee583b710bfd4bb2bf2b0a42e9676962] 199.204.45.89 "GET /v2.0/ports?tenant_id=9b66eb079a6042828ef42424ca3c3bca&device_id=11abcf0c-aeb5-4c13-af9a-da2e17759e9d HTTP/1.1" status: 200 len: 1636 time: 0.0361812
2026-07-08 06:19:33.107 10 INFO neutron.wsgi [req-f31f1c5e-479f-48dd-9248-8f61f677889d req-134d8eab-e384-4ac5-97ad-24266c3cc17f 26ca87b1b3324dddb79ad44d6e826bf6 47f08c3366dd447e8c92d7b83369e780 - - ee583b710bfd4bb2bf2b0a42e9676962 ee583b710bfd4bb2bf2b0a42e9676962] 199.204.45.89 "GET /v2.0/networks?id=03ebc2ab-ac5d-493c-b665-75cfa9bc2481 HTTP/1.1" status: 200 len: 1003 time: 0.0601232
2026-07-08 06:19:33.140 10 INFO neutron.wsgi [req-f31f1c5e-479f-48dd-9248-8f61f677889d req-c733381b-c27d-4cb9-a433-b06f3ebdfd3c 26ca87b1b3324dddb79ad44d6e826bf6 47f08c3366dd447e8c92d7b83369e780 - - ee583b710bfd4bb2bf2b0a42e9676962 ee583b710bfd4bb2bf2b0a42e9676962] 199.204.45.89 "GET /v2.0/floatingips?fixed_ip_address=10.2.2.26&port_id=4c3d2bd4-ad6a-484b-94e3-02cbee1d950d HTTP/1.1" status: 200 len: 217 time: 0.0267904
2026-07-08 06:19:33.161 9 INFO neutron.plugins.ml2.drivers.ovn.mech_driver.mech_driver [None req-41e60fba-ef33-4b33-94db-723173586111 - - - - - -] OVN reports status up for port: 4c3d2bd4-ad6a-484b-94e3-02cbee1d950d
2026-07-08 06:19:33.173 9 INFO neutron.plugins.ml2.plugin [None req-41e60fba-ef33-4b33-94db-723173586111 - - - - - -] Attempt 1 to provision port 4c3d2bd4-ad6a-484b-94e3-02cbee1d950d
2026-07-08 06:19:33.181 10 INFO neutron.wsgi [req-f31f1c5e-479f-48dd-9248-8f61f677889d req-91af6709-f63a-4d34-80ac-cfa70d163d39 26ca87b1b3324dddb79ad44d6e826bf6 47f08c3366dd447e8c92d7b83369e780 - - ee583b710bfd4bb2bf2b0a42e9676962 ee583b710bfd4bb2bf2b0a42e9676962] 199.204.45.89 "GET /v2.0/floatingips?fixed_ip_address=fd77%3A1457%3A4cf0%3A26a8%3A%3A309&port_id=4c3d2bd4-ad6a-484b-94e3-02cbee1d950d HTTP/1.1" status: 200 len: 217 time: 0.0333228
2026-07-08 06:19:33.227 10 INFO neutron.wsgi [req-f31f1c5e-479f-48dd-9248-8f61f677889d req-38a6e6e6-b3b9-44af-a30f-98356657950b 26ca87b1b3324dddb79ad44d6e826bf6 47f08c3366dd447e8c92d7b83369e780 - - ee583b710bfd4bb2bf2b0a42e9676962 ee583b710bfd4bb2bf2b0a42e9676962] 199.204.45.89 "GET /v2.0/subnets?id=d23dbbbf-51c5-4d75-8281-42095485e74c&id=5aee2d04-4f79-40ba-b021-5a7b7fa8f295 HTTP/1.1" status: 200 len: 1566 time: 0.0392454
2026-07-08 06:19:33.251 10 INFO neutron.wsgi [req-f31f1c5e-479f-48dd-9248-8f61f677889d req-0dc96386-7650-4241-8613-544af4e63dfc 26ca87b1b3324dddb79ad44d6e826bf6 47f08c3366dd447e8c92d7b83369e780 - - ee583b710bfd4bb2bf2b0a42e9676962 ee583b710bfd4bb2bf2b0a42e9676962] 199.204.45.89 "GET /v2.0/ports?network_id=03ebc2ab-ac5d-493c-b665-75cfa9bc2481&device_owner=network%3Adhcp HTTP/1.1" status: 200 len: 210 time: 0.0193796
2026-07-08 06:19:33.280 10 INFO neutron.wsgi [req-f31f1c5e-479f-48dd-9248-8f61f677889d req-e7fd0f53-ad7b-4c1f-9324-6f156e690d2e 26ca87b1b3324dddb79ad44d6e826bf6 47f08c3366dd447e8c92d7b83369e780 - - ee583b710bfd4bb2bf2b0a42e9676962 ee583b710bfd4bb2bf2b0a42e9676962] 199.204.45.89 "GET /v2.0/ports?network_id=03ebc2ab-ac5d-493c-b665-75cfa9bc2481&device_owner=network%3Adhcp HTTP/1.1" status: 200 len: 210 time: 0.0241623
2026-07-08 06:19:33.352 9 INFO neutron.notifiers.nova [-] Nova event matching ['req-032084f7-ca6f-4ed4-9296-1e5c3964cc5b'] response: {'server_uuid': '11abcf0c-aeb5-4c13-af9a-da2e17759e9d', 'name': 'network-vif-plugged', 'status': 'completed', 'tag': '4c3d2bd4-ad6a-484b-94e3-02cbee1d950d', 'code': 200}
2026-07-08 06:19:33.381 10 INFO neutron.wsgi [req-f31f1c5e-479f-48dd-9248-8f61f677889d req-dee3ff23-3875-42e3-aad0-08c5ca970567 26ca87b1b3324dddb79ad44d6e826bf6 47f08c3366dd447e8c92d7b83369e780 - - ee583b710bfd4bb2bf2b0a42e9676962 ee583b710bfd4bb2bf2b0a42e9676962] 199.204.45.89 "GET /v2.0/networks/03ebc2ab-ac5d-493c-b665-75cfa9bc2481?fields=segments HTTP/1.1" status: 200 len: 212 time: 0.0931900
2026-07-08 06:19:33.451 10 INFO neutron.wsgi [req-f31f1c5e-479f-48dd-9248-8f61f677889d req-98d2edac-a726-4d05-9e0f-6bb027201ea4 26ca87b1b3324dddb79ad44d6e826bf6 47f08c3366dd447e8c92d7b83369e780 - - ee583b710bfd4bb2bf2b0a42e9676962 ee583b710bfd4bb2bf2b0a42e9676962] 199.204.45.89 "GET /v2.0/networks/03ebc2ab-ac5d-493c-b665-75cfa9bc2481?fields=provider%3Aphysical_network&fields=provider%3Anetwork_type HTTP/1.1" status: 200 len: 277 time: 0.0618863
2026-07-08 06:19:33.519 9 INFO neutron.db.ovn_revision_numbers_db [None req-41e60fba-ef33-4b33-94db-723173586111 - - - - - -] Successfully bumped revision number for resource 4c3d2bd4-ad6a-484b-94e3-02cbee1d950d (type: ports) to 4 /var/lib/openstack/lib/python3.10/site-packages/pycadf/identifier.py:71: UserWarning: Invalid uuid: neutron. To ensure interoperability, identifiers should be a valid uuid. warnings.warn(('Invalid uuid: %s. To ensure interoperability, '
2026-07-08 06:19:34.293 9 INFO neutron.db.ovn_revision_numbers_db [None req-90cf32d4-1162-48a9-9dca-a23cb66bf1f7 7ad39aedcef44f8d8afc2107d6fb7283 ff1041928d304fce9f33ce643629499b - - default default] Successfully bumped revision number for resource 67160b2a-6cf2-4473-bd8a-6896b96ba514 (type: security_groups) to 1
2026-07-08 06:19:34.319 9 INFO neutron.db.ovn_revision_numbers_db [None req-90cf32d4-1162-48a9-9dca-a23cb66bf1f7 7ad39aedcef44f8d8afc2107d6fb7283 ff1041928d304fce9f33ce643629499b - - default default] Successfully bumped revision number for resource 1a8e65bf-1ee5-4216-a6e3-f6f4c3141caa (type: security_group_rules) to 0
2026-07-08 06:19:34.340 9 INFO neutron.db.ovn_revision_numbers_db [None req-90cf32d4-1162-48a9-9dca-a23cb66bf1f7 7ad39aedcef44f8d8afc2107d6fb7283 ff1041928d304fce9f33ce643629499b - - default default] Successfully bumped revision number for resource 44e88e0b-7985-4fc5-b5c7-896cff4eb385 (type: security_group_rules) to 0
2026-07-08 06:19:34.359 9 INFO neutron.db.ovn_revision_numbers_db [None req-90cf32d4-1162-48a9-9dca-a23cb66bf1f7 7ad39aedcef44f8d8afc2107d6fb7283 ff1041928d304fce9f33ce643629499b - - default default] Successfully bumped revision number for resource 8bb0393e-12b6-4e56-b59c-db6cbe741689 (type: security_group_rules) to 0
2026-07-08 06:19:34.373 9 INFO neutron.db.ovn_revision_numbers_db [None req-90cf32d4-1162-48a9-9dca-a23cb66bf1f7 7ad39aedcef44f8d8afc2107d6fb7283 ff1041928d304fce9f33ce643629499b - - default default] Successfully bumped revision number for resource a38700bd-d4ae-45eb-992f-a60d4b81dd1e (type: security_group_rules) to 0
2026-07-08 06:19:34.424 9 INFO neutron.db.segments_db [None req-90cf32d4-1162-48a9-9dca-a23cb66bf1f7 7ad39aedcef44f8d8afc2107d6fb7283 ff1041928d304fce9f33ce643629499b - - default default] Added segment e1b7b0e7-5afd-4361-8d16-be1d20cb5799 of type geneve for network d202ea8d-c7e3-4705-87c2-56ed996193cf
2026-07-08 06:19:34.587 9 INFO neutron.db.ovn_revision_numbers_db [None req-90cf32d4-1162-48a9-9dca-a23cb66bf1f7 7ad39aedcef44f8d8afc2107d6fb7283 ff1041928d304fce9f33ce643629499b - - default default] Successfully bumped revision number for resource d202ea8d-c7e3-4705-87c2-56ed996193cf (type: networks) to 1
2026-07-08 06:19:35.003 9 WARNING neutron.scheduler.dhcp_agent_scheduler [None req-90cf32d4-1162-48a9-9dca-a23cb66bf1f7 7ad39aedcef44f8d8afc2107d6fb7283 ff1041928d304fce9f33ce643629499b - - default default] No more DHCP agents
2026-07-08 06:19:35.005 9 WARNING neutron.api.rpc.agentnotifiers.dhcp_rpc_agent_api [None req-90cf32d4-1162-48a9-9dca-a23cb66bf1f7 7ad39aedcef44f8d8afc2107d6fb7283 ff1041928d304fce9f33ce643629499b - - default default] Unable to schedule network d202ea8d-c7e3-4705-87c2-56ed996193cf: no agents available; will retry on subsequent port and subnet creation events.
2026-07-08 06:19:35.083 9 INFO neutron.db.ovn_revision_numbers_db [None req-90cf32d4-1162-48a9-9dca-a23cb66bf1f7 7ad39aedcef44f8d8afc2107d6fb7283 ff1041928d304fce9f33ce643629499b - - default default] Successfully bumped revision number for resource 51a5c621-df71-4594-bfd4-057bcc644424 (type: ports) to 1
2026-07-08 06:19:35.101 9 INFO neutron.wsgi [None req-90cf32d4-1162-48a9-9dca-a23cb66bf1f7 7ad39aedcef44f8d8afc2107d6fb7283 ff1041928d304fce9f33ce643629499b - - default default] 10.0.0.36 "POST /v2.0/networks HTTP/1.1" status: 201 len: 830 time: 1.1649871
2026-07-08 06:19:35.413 9 INFO neutron.notifiers.nova [-] Nova event matching ['req-c5f73715-5742-4223-866f-a90868f89c82'] response: {'server_uuid': '11abcf0c-aeb5-4c13-af9a-da2e17759e9d', 'name': 'network-vif-plugged', 'status': 'completed', 'tag': '4c3d2bd4-ad6a-484b-94e3-02cbee1d950d', 'code': 200}
2026-07-08 06:19:35.433 9 WARNING neutron.scheduler.dhcp_agent_scheduler [None req-428c5f3c-0311-4cca-b1b9-411a5ba3ddd3 7ad39aedcef44f8d8afc2107d6fb7283 ff1041928d304fce9f33ce643629499b - - default default] No more DHCP agents
2026-07-08 06:19:35.435 9 WARNING neutron.api.rpc.agentnotifiers.dhcp_rpc_agent_api [None req-428c5f3c-0311-4cca-b1b9-411a5ba3ddd3 7ad39aedcef44f8d8afc2107d6fb7283 ff1041928d304fce9f33ce643629499b - - default default] Unable to schedule network d202ea8d-c7e3-4705-87c2-56ed996193cf: no agents available; will retry on subsequent port and subnet creation events.
2026-07-08 06:19:35.783 9 INFO neutron.wsgi [req-3a519250-1b32-4647-adfa-6004fdf3b1d2 req-97a1ecde-38c3-40f6-833d-88c09e4f8178 2533ad4d2433471daecf610dd2af07f8 9b66eb079a6042828ef42424ca3c3bca - - default default] 10.0.0.153 "GET /v2.0/ports?device_id=11abcf0c-aeb5-4c13-af9a-da2e17759e9d HTTP/1.1" status: 200 len: 1400 time: 0.1192114
2026-07-08 06:19:35.840 9 INFO neutron.wsgi [req-3a519250-1b32-4647-adfa-6004fdf3b1d2 req-ed6d0e5b-b11d-40eb-9362-f32c3f225487 2533ad4d2433471daecf610dd2af07f8 9b66eb079a6042828ef42424ca3c3bca - - default default] 10.0.0.153 "GET /v2.0/security-groups?id=e7462759-b424-44e1-a088-4bdc56d76baa&fields=id&fields=name HTTP/1.1" status: 200 len: 311 time: 0.0510457
2026-07-08 06:19:35.997 10 INFO neutron.wsgi [None req-a2e41513-f309-4b65-b7ac-6607f12a6908 2533ad4d2433471daecf610dd2af07f8 9b66eb079a6042828ef42424ca3c3bca - - default default] 10.0.0.36 "GET /v2.0/ports?network_id=03ebc2ab-ac5d-493c-b665-75cfa9bc2481&mac_address=fa%3A16%3A3e%3A67%3A13%3A03 HTTP/1.1" status: 200 len: 1395 time: 0.1275439
2026-07-08 06:19:36.018 9 INFO neutron.db.ovn_revision_numbers_db [None req-428c5f3c-0311-4cca-b1b9-411a5ba3ddd3 7ad39aedcef44f8d8afc2107d6fb7283 ff1041928d304fce9f33ce643629499b - - default default] Successfully bumped revision number for resource 51a5c621-df71-4594-bfd4-057bcc644424 (type: ports) to 2
2026-07-08 06:19:36.056 9 INFO neutron.db.ovn_revision_numbers_db [None req-428c5f3c-0311-4cca-b1b9-411a5ba3ddd3 7ad39aedcef44f8d8afc2107d6fb7283 ff1041928d304fce9f33ce643629499b - - default default] Successfully bumped revision number for resource 511656e1-d27b-44d4-a002-ac8320b84cb2 (type: subnets) to 0
2026-07-08 06:19:36.077 9 INFO neutron.wsgi [None req-428c5f3c-0311-4cca-b1b9-411a5ba3ddd3 7ad39aedcef44f8d8afc2107d6fb7283 ff1041928d304fce9f33ce643629499b - - default default] 10.0.0.36 "POST /v2.0/subnets HTTP/1.1" status: 201 len: 801 time: 0.9687700
2026-07-08 06:19:36.167 9 INFO neutron.db.segments_db [None req-dfef6bec-5656-4621-9bae-ade8c7265d61 7ad39aedcef44f8d8afc2107d6fb7283 ff1041928d304fce9f33ce643629499b - - default default] Added segment 42650d95-f66f-4ce0-95a2-5d04322c209e of type geneve for network 7ba0c7cc-ca67-4edb-b951-664e0658ee00
2026-07-08 06:19:36.281 9 INFO neutron.wsgi [req-77e577e9-e901-4cbf-b529-0d1ebdf99874 req-133da958-9c7f-4ea3-b1e3-7447210a106f 26ca87b1b3324dddb79ad44d6e826bf6 47f08c3366dd447e8c92d7b83369e780 - - ee583b710bfd4bb2bf2b0a42e9676962 ee583b710bfd4bb2bf2b0a42e9676962] 10.0.0.185 "GET /v2.0/ports?device_id=3dc8c53d-198b-457c-b61a-8cc652d07dad HTTP/1.1" status: 200 len: 1630 time: 0.0638492
2026-07-08 06:19:36.301 10 WARNING neutron.scheduler.dhcp_agent_scheduler [None req-9dcf5b61-f193-4c5a-9cb4-f209ea8e6771 2533ad4d2433471daecf610dd2af07f8 9b66eb079a6042828ef42424ca3c3bca - - default default] No more DHCP agents
2026-07-08 06:19:36.306 10 WARNING neutron.api.rpc.agentnotifiers.dhcp_rpc_agent_api [None req-9dcf5b61-f193-4c5a-9cb4-f209ea8e6771 2533ad4d2433471daecf610dd2af07f8 9b66eb079a6042828ef42424ca3c3bca - - default default] Unable to schedule network 4655023a-9bbe-40d8-8914-37a82927b034: no agents available; will retry on subsequent port and subnet creation events.
2026-07-08 06:19:36.375 9 INFO neutron.wsgi [req-77e577e9-e901-4cbf-b529-0d1ebdf99874 req-cd848306-42b6-451a-a24b-38ecf98e3a55 26ca87b1b3324dddb79ad44d6e826bf6 47f08c3366dd447e8c92d7b83369e780 - - ee583b710bfd4bb2bf2b0a42e9676962 ee583b710bfd4bb2bf2b0a42e9676962] 10.0.0.185 "GET /v2.0/security-groups?id=e7462759-b424-44e1-a088-4bdc56d76baa&fields=id&fields=name HTTP/1.1" status: 200 len: 311 time: 0.0856280
2026-07-08 06:19:36.377 9 INFO neutron.db.ovn_revision_numbers_db [None req-dfef6bec-5656-4621-9bae-ade8c7265d61 7ad39aedcef44f8d8afc2107d6fb7283 ff1041928d304fce9f33ce643629499b - - default default] Successfully bumped revision number for resource 7ba0c7cc-ca67-4edb-b951-664e0658ee00 (type: networks) to 1
2026-07-08 06:19:36.564 9 WARNING neutron.scheduler.dhcp_agent_scheduler [None req-dfef6bec-5656-4621-9bae-ade8c7265d61 7ad39aedcef44f8d8afc2107d6fb7283 ff1041928d304fce9f33ce643629499b - - default default] No more DHCP agents
2026-07-08 06:19:36.566 9 WARNING neutron.api.rpc.agentnotifiers.dhcp_rpc_agent_api [None req-dfef6bec-5656-4621-9bae-ade8c7265d61 7ad39aedcef44f8d8afc2107d6fb7283 ff1041928d304fce9f33ce643629499b - - default default] Unable to schedule network 7ba0c7cc-ca67-4edb-b951-664e0658ee00: no agents available; will retry on subsequent port and subnet creation events.
2026-07-08 06:19:36.635 10 INFO neutron.wsgi [req-3e6990b4-7578-481a-96d3-93eaec49f0ff req-53748e4d-5bc7-44d6-8d1c-eee9cabe8304 26ca87b1b3324dddb79ad44d6e826bf6 47f08c3366dd447e8c92d7b83369e780 - - ee583b710bfd4bb2bf2b0a42e9676962 ee583b710bfd4bb2bf2b0a42e9676962] 199.204.45.89 "GET /v2.0/ports?device_id=3dc8c53d-198b-457c-b61a-8cc652d07dad&fields=binding%3Ahost_id&fields=binding%3Avif_type HTTP/1.1" status: 200 len: 265 time: 0.0555820
2026-07-08 06:19:36.658 9 INFO neutron.db.ovn_revision_numbers_db [None req-dfef6bec-5656-4621-9bae-ade8c7265d61 7ad39aedcef44f8d8afc2107d6fb7283 ff1041928d304fce9f33ce643629499b - - default default] Successfully bumped revision number for resource 37f5bcf2-bda3-406d-99b3-5089afeb5cc4 (type: ports) to 1
2026-07-08 06:19:36.680 9 INFO neutron.wsgi [None req-dfef6bec-5656-4621-9bae-ade8c7265d61 7ad39aedcef44f8d8afc2107d6fb7283 ff1041928d304fce9f33ce643629499b - - default default] 10.0.0.36 "POST /v2.0/networks HTTP/1.1" status: 201 len: 830 time: 0.5942283
2026-07-08 06:19:36.710 10 INFO neutron.wsgi [req-3e6990b4-7578-481a-96d3-93eaec49f0ff req-46925d5a-df2b-497d-8bdc-a2268e2608bd 26ca87b1b3324dddb79ad44d6e826bf6 47f08c3366dd447e8c92d7b83369e780 - - ee583b710bfd4bb2bf2b0a42e9676962 ee583b710bfd4bb2bf2b0a42e9676962] 199.204.45.89 "GET /v2.0/ports?tenant_id=9b66eb079a6042828ef42424ca3c3bca&device_id=3dc8c53d-198b-457c-b61a-8cc652d07dad HTTP/1.1" status: 200 len: 1630 time: 0.0394652
2026-07-08 06:19:36.798 10 INFO neutron.db.l3_db [None req-9dcf5b61-f193-4c5a-9cb4-f209ea8e6771 2533ad4d2433471daecf610dd2af07f8 9b66eb079a6042828ef42424ca3c3bca - - default default] Floating IP ae9e6806-873b-43e6-9467-289fed3476e9 associated. External IP: 10.96.250.213, port: 4c3d2bd4-ad6a-484b-94e3-02cbee1d950d.
2026-07-08 06:19:36.802 10 INFO neutron.wsgi [req-3e6990b4-7578-481a-96d3-93eaec49f0ff req-a4386dd2-74ce-416f-bf95-e9023723e740 26ca87b1b3324dddb79ad44d6e826bf6 47f08c3366dd447e8c92d7b83369e780 - - ee583b710bfd4bb2bf2b0a42e9676962 ee583b710bfd4bb2bf2b0a42e9676962] 199.204.45.89 "GET /v2.0/networks?id=99b5808b-9e71-4ed8-974e-6cbf953d27e8 HTTP/1.1" status: 200 len: 1000 time: 0.0698881
2026-07-08 06:19:36.864 10 INFO neutron.wsgi [req-3e6990b4-7578-481a-96d3-93eaec49f0ff req-602d63cc-2982-4c4a-ac38-adf6b303b543 26ca87b1b3324dddb79ad44d6e826bf6 47f08c3366dd447e8c92d7b83369e780 - - ee583b710bfd4bb2bf2b0a42e9676962 ee583b710bfd4bb2bf2b0a42e9676962] 199.204.45.89 "GET /v2.0/floatingips?fixed_ip_address=10.2.1.46&port_id=781b503b-76f4-483b-8620-f87a8d9c34dd HTTP/1.1" status: 200 len: 1058 time: 0.0438094
2026-07-08 06:19:36.893 10 INFO neutron.wsgi [req-3e6990b4-7578-481a-96d3-93eaec49f0ff req-cd3dac6e-95ea-4e1c-a79b-4f5d42d254f4 26ca87b1b3324dddb79ad44d6e826bf6 47f08c3366dd447e8c92d7b83369e780 - - ee583b710bfd4bb2bf2b0a42e9676962 ee583b710bfd4bb2bf2b0a42e9676962] 199.204.45.89 "GET /v2.0/floatingips?fixed_ip_address=fd7b%3Af9f7%3Afff%3A4eca%3A%3A8a&port_id=781b503b-76f4-483b-8620-f87a8d9c34dd HTTP/1.1" status: 200 len: 217 time: 0.0238781
2026-07-08 06:19:36.933 9 WARNING neutron.scheduler.dhcp_agent_scheduler [None req-0d0c183d-1f1e-4676-8f64-5ffd7e7e32e9 7ad39aedcef44f8d8afc2107d6fb7283 ff1041928d304fce9f33ce643629499b - - default default] No more DHCP agents
2026-07-08 06:19:36.935 9 WARNING neutron.api.rpc.agentnotifiers.dhcp_rpc_agent_api [None req-0d0c183d-1f1e-4676-8f64-5ffd7e7e32e9 7ad39aedcef44f8d8afc2107d6fb7283 ff1041928d304fce9f33ce643629499b - - default default] Unable to schedule network 7ba0c7cc-ca67-4edb-b951-664e0658ee00: no agents available; will retry on subsequent port and subnet creation events.
2026-07-08 06:19:36.949 10 INFO neutron.wsgi [req-3e6990b4-7578-481a-96d3-93eaec49f0ff req-c0cbed2d-b0e0-4bbe-b4e8-2a5e6c35763f 26ca87b1b3324dddb79ad44d6e826bf6 47f08c3366dd447e8c92d7b83369e780 - - ee583b710bfd4bb2bf2b0a42e9676962 ee583b710bfd4bb2bf2b0a42e9676962] 199.204.45.89 "GET /v2.0/subnets?id=c97e51e3-93c8-4646-b0e1-23b84dc3f8f4&id=a93a86da-0160-4bd7-8451-4aeddb752d1b HTTP/1.1" status: 200 len: 1562 time: 0.0447543
2026-07-08 06:19:36.983 10 INFO neutron.wsgi [req-3e6990b4-7578-481a-96d3-93eaec49f0ff req-ac0382ae-0304-4601-ac15-f90bb3c998f0 26ca87b1b3324dddb79ad44d6e826bf6 47f08c3366dd447e8c92d7b83369e780 - - ee583b710bfd4bb2bf2b0a42e9676962 ee583b710bfd4bb2bf2b0a42e9676962] 199.204.45.89 "GET /v2.0/ports?network_id=99b5808b-9e71-4ed8-974e-6cbf953d27e8&device_owner=network%3Adhcp HTTP/1.1" status: 200 len: 210 time: 0.0265663
2026-07-08 06:19:37.014 10 INFO neutron.wsgi [req-3e6990b4-7578-481a-96d3-93eaec49f0ff req-406e8ef4-53bc-4bb5-a5dd-1f59028939c5 26ca87b1b3324dddb79ad44d6e826bf6 47f08c3366dd447e8c92d7b83369e780 - - ee583b710bfd4bb2bf2b0a42e9676962 ee583b710bfd4bb2bf2b0a42e9676962] 199.204.45.89 "GET /v2.0/ports?network_id=99b5808b-9e71-4ed8-974e-6cbf953d27e8&device_owner=network%3Adhcp HTTP/1.1" status: 200 len: 210 time: 0.0226805 /var/lib/openstack/lib/python3.10/site-packages/pycadf/identifier.py:71: UserWarning: Invalid uuid: neutron. To ensure interoperability, identifiers should be a valid uuid. warnings.warn(('Invalid uuid: %s. To ensure interoperability, '
2026-07-08 06:19:37.111 10 INFO neutron.db.ovn_revision_numbers_db [None req-9dcf5b61-f193-4c5a-9cb4-f209ea8e6771 2533ad4d2433471daecf610dd2af07f8 9b66eb079a6042828ef42424ca3c3bca - - default default] Successfully bumped revision number for resource ae9e6806-873b-43e6-9467-289fed3476e9 (type: floatingips) to 0
2026-07-08 06:19:37.135 10 INFO neutron.wsgi [req-3e6990b4-7578-481a-96d3-93eaec49f0ff req-ff3c2e7d-d0c2-4162-88be-995a28ec2204 26ca87b1b3324dddb79ad44d6e826bf6 47f08c3366dd447e8c92d7b83369e780 - - ee583b710bfd4bb2bf2b0a42e9676962 ee583b710bfd4bb2bf2b0a42e9676962] 199.204.45.89 "GET /v2.0/networks/99b5808b-9e71-4ed8-974e-6cbf953d27e8?fields=segments HTTP/1.1" status: 200 len: 212 time: 0.0980964
2026-07-08 06:19:37.217 10 INFO neutron.wsgi [req-3e6990b4-7578-481a-96d3-93eaec49f0ff req-45ad717e-2f18-4a45-af69-b37ec49b0d28 26ca87b1b3324dddb79ad44d6e826bf6 47f08c3366dd447e8c92d7b83369e780 - - ee583b710bfd4bb2bf2b0a42e9676962 ee583b710bfd4bb2bf2b0a42e9676962] 199.204.45.89 "GET /v2.0/networks/99b5808b-9e71-4ed8-974e-6cbf953d27e8?fields=provider%3Aphysical_network&fields=provider%3Anetwork_type HTTP/1.1" status: 200 len: 277 time: 0.0749774
2026-07-08 06:19:37.253 10 INFO neutron.db.ovn_revision_numbers_db [None req-9dcf5b61-f193-4c5a-9cb4-f209ea8e6771 2533ad4d2433471daecf610dd2af07f8 9b66eb079a6042828ef42424ca3c3bca - - default default] Successfully bumped revision number for resource ae9e6806-873b-43e6-9467-289fed3476e9 (type: floatingips) to 1
2026-07-08 06:19:37.301 10 INFO neutron.wsgi [None req-9dcf5b61-f193-4c5a-9cb4-f209ea8e6771 2533ad4d2433471daecf610dd2af07f8 9b66eb079a6042828ef42424ca3c3bca - - default default] 10.0.0.36 "POST /v2.0/floatingips HTTP/1.1" status: 201 len: 1053 time: 1.2990510
2026-07-08 06:19:37.363 10 INFO neutron.notifiers.nova [-] Nova event matching ['req-9d881847-ca8c-49c9-8db8-f24c6fa199d6'] response: {'name': 'network-changed', 'server_uuid': '11abcf0c-aeb5-4c13-af9a-da2e17759e9d', 'tag': '4c3d2bd4-ad6a-484b-94e3-02cbee1d950d', 'status': 'completed', 'code': 200}
2026-07-08 06:19:37.418 10 INFO neutron.wsgi [req-9a7eff87-075f-4e2c-a28d-1a25a7735a28 req-c33ec7ea-a789-477b-b130-4a37eaa8fd2f 26ca87b1b3324dddb79ad44d6e826bf6 47f08c3366dd447e8c92d7b83369e780 - - ee583b710bfd4bb2bf2b0a42e9676962 ee583b710bfd4bb2bf2b0a42e9676962] 199.204.45.89 "GET /v2.0/ports?tenant_id=9b66eb079a6042828ef42424ca3c3bca&device_id=11abcf0c-aeb5-4c13-af9a-da2e17759e9d HTTP/1.1" status: 200 len: 1638 time: 0.0341344
2026-07-08 06:19:37.457 9 INFO neutron.db.ovn_revision_numbers_db [None req-0d0c183d-1f1e-4676-8f64-5ffd7e7e32e9 7ad39aedcef44f8d8afc2107d6fb7283 ff1041928d304fce9f33ce643629499b - - default default] Successfully bumped revision number for resource 37f5bcf2-bda3-406d-99b3-5089afeb5cc4 (type: ports) to 2
2026-07-08 06:19:37.493 10 INFO neutron.wsgi [req-9a7eff87-075f-4e2c-a28d-1a25a7735a28 req-5831d1bc-2131-433a-a4b1-5059ac29f9b2 26ca87b1b3324dddb79ad44d6e826bf6 47f08c3366dd447e8c92d7b83369e780 - - ee583b710bfd4bb2bf2b0a42e9676962 ee583b710bfd4bb2bf2b0a42e9676962] 199.204.45.89 "GET /v2.0/networks?id=03ebc2ab-ac5d-493c-b665-75cfa9bc2481 HTTP/1.1" status: 200 len: 1003 time: 0.0652525
2026-07-08 06:19:37.493 9 INFO neutron.db.ovn_revision_numbers_db [None req-0d0c183d-1f1e-4676-8f64-5ffd7e7e32e9 7ad39aedcef44f8d8afc2107d6fb7283 ff1041928d304fce9f33ce643629499b - - default default] Successfully bumped revision number for resource 39104592-d8bf-4edb-91e8-243465920035 (type: subnets) to 0
2026-07-08 06:19:37.508 9 INFO neutron.wsgi [None req-0d0c183d-1f1e-4676-8f64-5ffd7e7e32e9 7ad39aedcef44f8d8afc2107d6fb7283 ff1041928d304fce9f33ce643629499b - - default default] 10.0.0.36 "POST /v2.0/subnets HTTP/1.1" status: 201 len: 804 time: 0.8230031
2026-07-08 06:19:37.540 10 INFO neutron.wsgi [req-9a7eff87-075f-4e2c-a28d-1a25a7735a28 req-7074278d-c327-46d6-9987-615e967e8597 26ca87b1b3324dddb79ad44d6e826bf6 47f08c3366dd447e8c92d7b83369e780 - - ee583b710bfd4bb2bf2b0a42e9676962 ee583b710bfd4bb2bf2b0a42e9676962] 199.204.45.89 "GET /v2.0/floatingips?fixed_ip_address=10.2.2.26&port_id=4c3d2bd4-ad6a-484b-94e3-02cbee1d950d HTTP/1.1" status: 200 len: 1058 time: 0.0410771
2026-07-08 06:19:37.567 10 INFO neutron.wsgi [req-9a7eff87-075f-4e2c-a28d-1a25a7735a28 req-ec5804fd-b790-4867-ad69-ed2421360e24 26ca87b1b3324dddb79ad44d6e826bf6 47f08c3366dd447e8c92d7b83369e780 - - ee583b710bfd4bb2bf2b0a42e9676962 ee583b710bfd4bb2bf2b0a42e9676962] 199.204.45.89 "GET /v2.0/floatingips?fixed_ip_address=fd77%3A1457%3A4cf0%3A26a8%3A%3A309&port_id=4c3d2bd4-ad6a-484b-94e3-02cbee1d950d HTTP/1.1" status: 200 len: 217 time: 0.0208633
2026-07-08 06:19:37.593 9 INFO neutron.db.segments_db [None req-baba796d-69e5-4bcf-b0f1-e37aeb3b4ad6 7ad39aedcef44f8d8afc2107d6fb7283 ff1041928d304fce9f33ce643629499b - - default default] Added segment fa1d62d3-95b4-41fd-804e-f02a2889fb21 of type geneve for network aa78c5f4-fb25-4f25-b128-a0416a96763e
2026-07-08 06:19:37.609 10 INFO neutron.wsgi [req-9a7eff87-075f-4e2c-a28d-1a25a7735a28 req-988a9c84-adfc-47bb-a860-513c0d33e6a3 26ca87b1b3324dddb79ad44d6e826bf6 47f08c3366dd447e8c92d7b83369e780 - - ee583b710bfd4bb2bf2b0a42e9676962 ee583b710bfd4bb2bf2b0a42e9676962] 199.204.45.89 "GET /v2.0/subnets?id=d23dbbbf-51c5-4d75-8281-42095485e74c&id=5aee2d04-4f79-40ba-b021-5a7b7fa8f295 HTTP/1.1" status: 200 len: 1566 time: 0.0323207
2026-07-08 06:19:37.640 10 INFO neutron.wsgi [req-9a7eff87-075f-4e2c-a28d-1a25a7735a28 req-d290a196-252a-4137-9777-3661f43e91cb 26ca87b1b3324dddb79ad44d6e826bf6 47f08c3366dd447e8c92d7b83369e780 - - ee583b710bfd4bb2bf2b0a42e9676962 ee583b710bfd4bb2bf2b0a42e9676962] 199.204.45.89 "GET /v2.0/ports?network_id=03ebc2ab-ac5d-493c-b665-75cfa9bc2481&device_owner=network%3Adhcp HTTP/1.1" status: 200 len: 210 time: 0.0235372
2026-07-08 06:19:37.663 10 INFO neutron.wsgi [req-9a7eff87-075f-4e2c-a28d-1a25a7735a28 req-bffcfd5a-e21b-4798-ac11-bc5b568567f4 26ca87b1b3324dddb79ad44d6e826bf6 47f08c3366dd447e8c92d7b83369e780 - - ee583b710bfd4bb2bf2b0a42e9676962 ee583b710bfd4bb2bf2b0a42e9676962] 199.204.45.89 "GET /v2.0/ports?network_id=03ebc2ab-ac5d-493c-b665-75cfa9bc2481&device_owner=network%3Adhcp HTTP/1.1" status: 200 len: 210 time: 0.0170975
2026-07-08 06:19:37.721 10 INFO neutron.wsgi [req-9a7eff87-075f-4e2c-a28d-1a25a7735a28 req-b4ea89e2-3872-48a3-916b-43a933d30de7 26ca87b1b3324dddb79ad44d6e826bf6 47f08c3366dd447e8c92d7b83369e780 - - ee583b710bfd4bb2bf2b0a42e9676962 ee583b710bfd4bb2bf2b0a42e9676962] 199.204.45.89 "GET /v2.0/networks/03ebc2ab-ac5d-493c-b665-75cfa9bc2481?fields=segments HTTP/1.1" status: 200 len: 212 time: 0.0510020
2026-07-08 06:19:37.731 9 INFO neutron.db.ovn_revision_numbers_db [None req-baba796d-69e5-4bcf-b0f1-e37aeb3b4ad6 7ad39aedcef44f8d8afc2107d6fb7283 ff1041928d304fce9f33ce643629499b - - default default] Successfully bumped revision number for resource aa78c5f4-fb25-4f25-b128-a0416a96763e (type: networks) to 1
2026-07-08 06:19:37.787 10 INFO neutron.wsgi [req-9a7eff87-075f-4e2c-a28d-1a25a7735a28 req-37e2a96e-0b64-4b17-b91c-26a4bc29d1f1 26ca87b1b3324dddb79ad44d6e826bf6 47f08c3366dd447e8c92d7b83369e780 - - ee583b710bfd4bb2bf2b0a42e9676962 ee583b710bfd4bb2bf2b0a42e9676962] 199.204.45.89 "GET /v2.0/networks/03ebc2ab-ac5d-493c-b665-75cfa9bc2481?fields=provider%3Aphysical_network&fields=provider%3Anetwork_type HTTP/1.1" status: 200 len: 277 time: 0.0587254
2026-07-08 06:19:37.892 9 WARNING neutron.scheduler.dhcp_agent_scheduler [None req-baba796d-69e5-4bcf-b0f1-e37aeb3b4ad6 7ad39aedcef44f8d8afc2107d6fb7283 ff1041928d304fce9f33ce643629499b - - default default] No more DHCP agents
2026-07-08 06:19:37.894 9 WARNING neutron.api.rpc.agentnotifiers.dhcp_rpc_agent_api [None req-baba796d-69e5-4bcf-b0f1-e37aeb3b4ad6 7ad39aedcef44f8d8afc2107d6fb7283 ff1041928d304fce9f33ce643629499b - - default default] Unable to schedule network aa78c5f4-fb25-4f25-b128-a0416a96763e: no agents available; will retry on subsequent port and subnet creation events.
2026-07-08 06:19:37.957 9 INFO neutron.db.ovn_revision_numbers_db [None req-baba796d-69e5-4bcf-b0f1-e37aeb3b4ad6 7ad39aedcef44f8d8afc2107d6fb7283 ff1041928d304fce9f33ce643629499b - - default default] Successfully bumped revision number for resource a884f17d-4dda-43a1-af52-3f60db6494dd (type: ports) to 1
2026-07-08 06:19:37.973 9 INFO neutron.wsgi [None req-baba796d-69e5-4bcf-b0f1-e37aeb3b4ad6 7ad39aedcef44f8d8afc2107d6fb7283 ff1041928d304fce9f33ce643629499b - - default default] 10.0.0.36 "POST /v2.0/networks HTTP/1.1" status: 201 len: 831 time: 0.4596052
2026-07-08 06:19:38.223 9 WARNING neutron.scheduler.dhcp_agent_scheduler [None req-84e65c60-34cf-49a1-9e46-b459abad09d6 7ad39aedcef44f8d8afc2107d6fb7283 ff1041928d304fce9f33ce643629499b - - default default] No more DHCP agents
2026-07-08 06:19:38.224 9 WARNING neutron.api.rpc.agentnotifiers.dhcp_rpc_agent_api [None req-84e65c60-34cf-49a1-9e46-b459abad09d6 7ad39aedcef44f8d8afc2107d6fb7283 ff1041928d304fce9f33ce643629499b - - default default] Unable to schedule network aa78c5f4-fb25-4f25-b128-a0416a96763e: no agents available; will retry on subsequent port and subnet creation events.
2026-07-08 06:19:38.630 9 INFO neutron.wsgi [-] 10.0.0.203 "GET / HTTP/1.1" status: 200 len: 247 time: 0.0015895
2026-07-08 06:19:38.631 10 INFO neutron.wsgi [-] 10.0.0.203 "GET / HTTP/1.1" status: 200 len: 247 time: 0.0028324
2026-07-08 06:19:38.670 9 INFO neutron.db.ovn_revision_numbers_db [None req-84e65c60-34cf-49a1-9e46-b459abad09d6 7ad39aedcef44f8d8afc2107d6fb7283 ff1041928d304fce9f33ce643629499b - - default default] Successfully bumped revision number for resource a884f17d-4dda-43a1-af52-3f60db6494dd (type: ports) to 2
2026-07-08 06:19:38.700 9 INFO neutron.db.ovn_revision_numbers_db [None req-84e65c60-34cf-49a1-9e46-b459abad09d6 7ad39aedcef44f8d8afc2107d6fb7283 ff1041928d304fce9f33ce643629499b - - default default] Successfully bumped revision number for resource 5c530f4a-b3cd-4f1e-974f-54eb0f24b989 (type: subnets) to 0
2026-07-08 06:19:38.718 9 INFO neutron.wsgi [None req-84e65c60-34cf-49a1-9e46-b459abad09d6 7ad39aedcef44f8d8afc2107d6fb7283 ff1041928d304fce9f33ce643629499b - - default default] 10.0.0.36 "POST /v2.0/subnets HTTP/1.1" status: 201 len: 804 time: 0.7389798
2026-07-08 06:19:38.806 9 INFO neutron.db.segments_db [None req-ce9a4b91-0315-48dc-baf0-21af47ab3313 7ad39aedcef44f8d8afc2107d6fb7283 ff1041928d304fce9f33ce643629499b - - default default] Added segment a430be98-03c1-49ec-94f3-581c718c958b of type geneve for network 0a2e6d9d-cf08-4127-8710-e8cbf2f9aaff
2026-07-08 06:19:38.945 9 INFO neutron.db.ovn_revision_numbers_db [None req-ce9a4b91-0315-48dc-baf0-21af47ab3313 7ad39aedcef44f8d8afc2107d6fb7283 ff1041928d304fce9f33ce643629499b - - default default] Successfully bumped revision number for resource 0a2e6d9d-cf08-4127-8710-e8cbf2f9aaff (type: networks) to 1
2026-07-08 06:19:39.140 9 WARNING neutron.scheduler.dhcp_agent_scheduler [None req-ce9a4b91-0315-48dc-baf0-21af47ab3313 7ad39aedcef44f8d8afc2107d6fb7283 ff1041928d304fce9f33ce643629499b - - default default] No more DHCP agents
2026-07-08 06:19:39.142 9 WARNING neutron.api.rpc.agentnotifiers.dhcp_rpc_agent_api [None req-ce9a4b91-0315-48dc-baf0-21af47ab3313 7ad39aedcef44f8d8afc2107d6fb7283 ff1041928d304fce9f33ce643629499b - - default default] Unable to schedule network 0a2e6d9d-cf08-4127-8710-e8cbf2f9aaff: no agents available; will retry on subsequent port and subnet creation events.
2026-07-08 06:19:39.225 9 INFO neutron.db.ovn_revision_numbers_db [None req-ce9a4b91-0315-48dc-baf0-21af47ab3313 7ad39aedcef44f8d8afc2107d6fb7283 ff1041928d304fce9f33ce643629499b - - default default] Successfully bumped revision number for resource d8370309-76a2-480c-b201-8700f3896ab7 (type: ports) to 1
2026-07-08 06:19:39.248 9 INFO neutron.wsgi [None req-ce9a4b91-0315-48dc-baf0-21af47ab3313 7ad39aedcef44f8d8afc2107d6fb7283 ff1041928d304fce9f33ce643629499b - - default default] 10.0.0.36 "POST /v2.0/networks HTTP/1.1" status: 201 len: 830 time: 0.5247684
2026-07-08 06:19:39.492 9 WARNING neutron.scheduler.dhcp_agent_scheduler [None req-a51890c5-a317-4cf3-9464-b0302209f45a 7ad39aedcef44f8d8afc2107d6fb7283 ff1041928d304fce9f33ce643629499b - - default default] No more DHCP agents
2026-07-08 06:19:39.495 9 WARNING neutron.api.rpc.agentnotifiers.dhcp_rpc_agent_api [None req-a51890c5-a317-4cf3-9464-b0302209f45a 7ad39aedcef44f8d8afc2107d6fb7283 ff1041928d304fce9f33ce643629499b - - default default] Unable to schedule network 0a2e6d9d-cf08-4127-8710-e8cbf2f9aaff: no agents available; will retry on subsequent port and subnet creation events.
2026-07-08 06:19:39.961 10 INFO neutron.wsgi [req-2f502b94-e112-4540-b74c-cbf11b2f4683 req-b7ff1a2d-5803-4d09-a8fe-34d54fdc5dc2 b0e4cb4e5f0e44479b4dd4a2e22d712f 22ef3a8d64814bb681bc460586f0438f - - default default] 10.0.0.153 "GET /v2.0/ports?device_id=fad43556-c294-48f9-8d60-56c816848789 HTTP/1.1" status: 200 len: 1214 time: 0.0813148
2026-07-08 06:19:39.966 9 INFO neutron.db.ovn_revision_numbers_db [None req-a51890c5-a317-4cf3-9464-b0302209f45a 7ad39aedcef44f8d8afc2107d6fb7283 ff1041928d304fce9f33ce643629499b - - default default] Successfully bumped revision number for resource d8370309-76a2-480c-b201-8700f3896ab7 (type: ports) to 2
2026-07-08 06:19:40.015 9 INFO neutron.db.ovn_revision_numbers_db [None req-a51890c5-a317-4cf3-9464-b0302209f45a 7ad39aedcef44f8d8afc2107d6fb7283 ff1041928d304fce9f33ce643629499b - - default default] Successfully bumped revision number for resource 6e4ef865-38ef-4940-8aca-0e2a7f331928 (type: subnets) to 0
2026-07-08 06:19:40.037 10 INFO neutron.wsgi [req-2f502b94-e112-4540-b74c-cbf11b2f4683 req-7d041995-b96e-433c-a4a6-f03f85f4f42b b0e4cb4e5f0e44479b4dd4a2e22d712f 22ef3a8d64814bb681bc460586f0438f - - default default] 10.0.0.153 "GET /v2.0/security-groups?id=e70ed9dc-d764-4e8d-ab5b-664d1303aa4c&id=147dd0cf-2a67-461a-8f46-182fea927972&fields=id&fields=name HTTP/1.1" status: 200 len: 405 time: 0.0669513
2026-07-08 06:19:40.053 9 INFO neutron.wsgi [None req-a51890c5-a317-4cf3-9464-b0302209f45a 7ad39aedcef44f8d8afc2107d6fb7283 ff1041928d304fce9f33ce643629499b - - default default] 10.0.0.36 "POST /v2.0/subnets HTTP/1.1" status: 201 len: 804 time: 0.7990382
