2026-07-08 06:18:16.841 9 INFO neutron.wsgi [None req-df53fa58-b004-47b7-bfbd-4ccd12cfda9b f9d0012c80a44f34981be525aa95de34 31c8531259d447fa8358eb34b21b7e43 - - default default] 10.0.0.36 "GET /v2.0/security-groups?tenant_id=c361c3d3f37b48fc805970cdcc790969&name=default HTTP/1.1" status: 200 len: 2996 time: 0.3581846
2026-07-08 06:18:16.870 9 INFO neutron.db.ovn_revision_numbers_db [None req-e93a0988-8e24-4782-b969-48c77dc17273 b40caf8f87ff4e67bb911c0c84ae023e 8cfa1f21e0904a31983556873bdd4084 - - default default] Successfully bumped revision number for resource a6633cb2-5d72-4377-bdb3-0bc5633140a5 (type: security_groups) to 1
2026-07-08 06:18:16.892 9 INFO neutron.db.ovn_revision_numbers_db [None req-e93a0988-8e24-4782-b969-48c77dc17273 b40caf8f87ff4e67bb911c0c84ae023e 8cfa1f21e0904a31983556873bdd4084 - - default default] Successfully bumped revision number for resource 1277bf74-048a-49a1-8221-53d0e5b0b0cf (type: security_group_rules) to 0
2026-07-08 06:18:16.909 9 INFO neutron.db.ovn_revision_numbers_db [None req-e93a0988-8e24-4782-b969-48c77dc17273 b40caf8f87ff4e67bb911c0c84ae023e 8cfa1f21e0904a31983556873bdd4084 - - default default] Successfully bumped revision number for resource 60c9f184-76b5-450b-bd2a-30484e21fd9c (type: security_group_rules) to 0
2026-07-08 06:18:16.952 9 INFO neutron.db.ovn_revision_numbers_db [None req-e93a0988-8e24-4782-b969-48c77dc17273 b40caf8f87ff4e67bb911c0c84ae023e 8cfa1f21e0904a31983556873bdd4084 - - default default] Successfully bumped revision number for resource 8b3ec1ba-1d9d-4a2e-a321-f0660422a4b2 (type: security_group_rules) to 0
2026-07-08 06:18:16.969 9 INFO neutron.db.ovn_revision_numbers_db [None req-e93a0988-8e24-4782-b969-48c77dc17273 b40caf8f87ff4e67bb911c0c84ae023e 8cfa1f21e0904a31983556873bdd4084 - - default default] Successfully bumped revision number for resource c69ac89f-8676-45a9-9adc-fb420e9929bc (type: security_group_rules) to 0
2026-07-08 06:18:17.024 9 INFO neutron.db.segments_db [None req-e93a0988-8e24-4782-b969-48c77dc17273 b40caf8f87ff4e67bb911c0c84ae023e 8cfa1f21e0904a31983556873bdd4084 - - default default] Added segment 6a31344f-4910-49f5-a633-8d74b5f8703d of type geneve for network f717065c-5d1d-4226-8617-53ef3cb62841
2026-07-08 06:18:17.106 9 INFO neutron.wsgi [None req-23dbe129-9036-43ef-8617-ec974e770aa9 f9d0012c80a44f34981be525aa95de34 31c8531259d447fa8358eb34b21b7e43 - - default default] 10.0.0.36 "DELETE /v2.0/security-groups/e3806da4-b76c-4e2e-8df8-33e22f1faa05 HTTP/1.1" status: 204 len: 168 time: 0.2596827
2026-07-08 06:18:17.180 9 INFO neutron.db.ovn_revision_numbers_db [None req-e93a0988-8e24-4782-b969-48c77dc17273 b40caf8f87ff4e67bb911c0c84ae023e 8cfa1f21e0904a31983556873bdd4084 - - default default] Successfully bumped revision number for resource f717065c-5d1d-4226-8617-53ef3cb62841 (type: networks) to 1
2026-07-08 06:18:17.408 9 WARNING neutron.scheduler.dhcp_agent_scheduler [None req-e93a0988-8e24-4782-b969-48c77dc17273 b40caf8f87ff4e67bb911c0c84ae023e 8cfa1f21e0904a31983556873bdd4084 - - default default] No more DHCP agents
2026-07-08 06:18:17.409 9 WARNING neutron.api.rpc.agentnotifiers.dhcp_rpc_agent_api [None req-e93a0988-8e24-4782-b969-48c77dc17273 b40caf8f87ff4e67bb911c0c84ae023e 8cfa1f21e0904a31983556873bdd4084 - - default default] Unable to schedule network f717065c-5d1d-4226-8617-53ef3cb62841: no agents available; will retry on subsequent port and subnet creation events.
2026-07-08 06:18:17.496 9 INFO neutron.db.ovn_revision_numbers_db [None req-e93a0988-8e24-4782-b969-48c77dc17273 b40caf8f87ff4e67bb911c0c84ae023e 8cfa1f21e0904a31983556873bdd4084 - - default default] Successfully bumped revision number for resource e0031add-3a05-42a5-950c-1ac07425e904 (type: ports) to 1
2026-07-08 06:18:17.515 9 INFO neutron.wsgi [None req-e93a0988-8e24-4782-b969-48c77dc17273 b40caf8f87ff4e67bb911c0c84ae023e 8cfa1f21e0904a31983556873bdd4084 - - default default] 10.0.0.36 "POST /v2.0/networks HTTP/1.1" status: 201 len: 929 time: 0.8636796
2026-07-08 06:18:17.681 9 WARNING neutron.scheduler.dhcp_agent_scheduler [None req-281f21ff-88e4-4ef1-90d7-a0e001b86477 b40caf8f87ff4e67bb911c0c84ae023e 8cfa1f21e0904a31983556873bdd4084 - - default default] No more DHCP agents
2026-07-08 06:18:17.685 9 WARNING neutron.api.rpc.agentnotifiers.dhcp_rpc_agent_api [None req-281f21ff-88e4-4ef1-90d7-a0e001b86477 b40caf8f87ff4e67bb911c0c84ae023e 8cfa1f21e0904a31983556873bdd4084 - - default default] Unable to schedule network f717065c-5d1d-4226-8617-53ef3cb62841: no agents available; will retry on subsequent port and subnet creation events.
2026-07-08 06:18:18.196 9 INFO neutron.db.ovn_revision_numbers_db [None req-281f21ff-88e4-4ef1-90d7-a0e001b86477 b40caf8f87ff4e67bb911c0c84ae023e 8cfa1f21e0904a31983556873bdd4084 - - default default] Successfully bumped revision number for resource e0031add-3a05-42a5-950c-1ac07425e904 (type: ports) to 2
2026-07-08 06:18:18.229 9 INFO neutron.db.ovn_revision_numbers_db [None req-281f21ff-88e4-4ef1-90d7-a0e001b86477 b40caf8f87ff4e67bb911c0c84ae023e 8cfa1f21e0904a31983556873bdd4084 - - default default] Successfully bumped revision number for resource b4cc2f32-59b3-4947-af81-7ab8a27ded63 (type: subnets) to 0
2026-07-08 06:18:18.256 9 INFO neutron.wsgi [None req-281f21ff-88e4-4ef1-90d7-a0e001b86477 b40caf8f87ff4e67bb911c0c84ae023e 8cfa1f21e0904a31983556873bdd4084 - - default default] 10.0.0.36 "POST /v2.0/subnets HTTP/1.1" status: 201 len: 819 time: 0.7342300
2026-07-08 06:18:18.266 9 WARNING neutron.api.v2.base [None req-c9d7674e-8581-45a6-8c8c-ae723eb1a949 b40caf8f87ff4e67bb911c0c84ae023e 8cfa1f21e0904a31983556873bdd4084 - - default default] An exception happened while processing the request body. The exception message is [Invalid input for target_tenant. Reason: 'None' is not a valid string.].: webob.exc.HTTPBadRequest: Invalid input for target_tenant. Reason: 'None' is not a valid string.
2026-07-08 06:18:18.267 9 INFO neutron.api.v2.resource [None req-c9d7674e-8581-45a6-8c8c-ae723eb1a949 b40caf8f87ff4e67bb911c0c84ae023e 8cfa1f21e0904a31983556873bdd4084 - - default default] create failed (client error): Invalid input for target_tenant. Reason: 'None' is not a valid string.
2026-07-08 06:18:18.269 9 INFO neutron.wsgi [None req-c9d7674e-8581-45a6-8c8c-ae723eb1a949 b40caf8f87ff4e67bb911c0c84ae023e 8cfa1f21e0904a31983556873bdd4084 - - default default] 10.0.0.36 "POST /v2.0/rbac-policies HTTP/1.1" status: 400 len: 346 time: 0.0082331
2026-07-08 06:18:18.799 9 INFO neutron.services.segments.plugin [-] Segment 6a31344f-4910-49f5-a633-8d74b5f8703d resource provider aggregate not found
2026-07-08 06:18:18.805 9 INFO neutron.services.segments.plugin [-] Segment 6a31344f-4910-49f5-a633-8d74b5f8703d resource provider aggregate not found
2026-07-08 06:18:18.823 9 INFO neutron.services.segments.plugin [-] Segment 6a31344f-4910-49f5-a633-8d74b5f8703d resource provider not found; error: Placement Client Error (4xx): {"errors": [{"status": 404, "title": "Not Found", "detail": "The resource could not be found.\n\n No resource provider with uuid 6a31344f-4910-49f5-a633-8d74b5f8703d found for delete ", "request_id": "req-05c9e286-dcd8-43ef-892f-4edccc276787"}]}
2026-07-08 06:18:18.830 9 INFO neutron.services.segments.plugin [-] Segment 6a31344f-4910-49f5-a633-8d74b5f8703d resource provider not found; error: Placement Client Error (4xx): {"errors": [{"status": 404, "title": "Not Found", "detail": "The resource could not be found.\n\n No resource provider with uuid 6a31344f-4910-49f5-a633-8d74b5f8703d found for delete ", "request_id": "req-49cd459e-fa82-4cc6-977f-5c7e2c586704"}]}
2026-07-08 06:18:18.846 9 INFO neutron.wsgi [None req-f90e803c-1a94-4a93-9595-ecbb39c30149 b40caf8f87ff4e67bb911c0c84ae023e 8cfa1f21e0904a31983556873bdd4084 - - default default] 10.0.0.36 "DELETE /v2.0/networks/f717065c-5d1d-4226-8617-53ef3cb62841 HTTP/1.1" status: 204 len: 168 time: 0.5742984
2026-07-08 06:18:18.946 9 INFO neutron.db.segments_db [None req-f3c459bc-90a4-4df2-affc-d9b9dc5b01a0 b40caf8f87ff4e67bb911c0c84ae023e 8cfa1f21e0904a31983556873bdd4084 - - default default] Added segment d71d7408-4e53-4403-a932-9cd1a16ab218 of type geneve for network 89842b91-8cc9-4633-a403-92a00d4f76e4
2026-07-08 06:18:19.090 9 INFO neutron.db.ovn_revision_numbers_db [None req-f3c459bc-90a4-4df2-affc-d9b9dc5b01a0 b40caf8f87ff4e67bb911c0c84ae023e 8cfa1f21e0904a31983556873bdd4084 - - default default] Successfully bumped revision number for resource 89842b91-8cc9-4633-a403-92a00d4f76e4 (type: networks) to 1
2026-07-08 06:18:19.172 10 INFO neutron.wsgi [None req-2715ec89-52a2-44e8-a415-81862cbd0db5 4805514db20143799bb2a513fbe2a57b 9dec197a937d46728fc5f963cd178d10 - - default default] 10.0.0.116 "GET /v2.0/extensions HTTP/1.1" status: 200 len: 16525 time: 0.1949177
2026-07-08 06:18:19.286 9 WARNING neutron.scheduler.dhcp_agent_scheduler [None req-f3c459bc-90a4-4df2-affc-d9b9dc5b01a0 b40caf8f87ff4e67bb911c0c84ae023e 8cfa1f21e0904a31983556873bdd4084 - - default default] No more DHCP agents
2026-07-08 06:18:19.286 10 INFO neutron.wsgi [None req-3228883a-a83f-41b9-a35b-56d6b53fe8f0 4805514db20143799bb2a513fbe2a57b 9dec197a937d46728fc5f963cd178d10 - - default default] 10.0.0.116 "GET /v2.0/quotas/9dec197a937d46728fc5f963cd178d10/details HTTP/1.1" status: 200 len: 756 time: 0.0965724
2026-07-08 06:18:19.288 9 WARNING neutron.api.rpc.agentnotifiers.dhcp_rpc_agent_api [None req-f3c459bc-90a4-4df2-affc-d9b9dc5b01a0 b40caf8f87ff4e67bb911c0c84ae023e 8cfa1f21e0904a31983556873bdd4084 - - default default] Unable to schedule network 89842b91-8cc9-4633-a403-92a00d4f76e4: no agents available; will retry on subsequent port and subnet creation events.
2026-07-08 06:18:19.376 9 INFO neutron.db.ovn_revision_numbers_db [None req-f3c459bc-90a4-4df2-affc-d9b9dc5b01a0 b40caf8f87ff4e67bb911c0c84ae023e 8cfa1f21e0904a31983556873bdd4084 - - default default] Successfully bumped revision number for resource c1c87060-2f22-4aa1-b50c-ea093954c38b (type: ports) to 1
2026-07-08 06:18:19.393 9 INFO neutron.wsgi [None req-f3c459bc-90a4-4df2-affc-d9b9dc5b01a0 b40caf8f87ff4e67bb911c0c84ae023e 8cfa1f21e0904a31983556873bdd4084 - - default default] 10.0.0.36 "POST /v2.0/networks HTTP/1.1" status: 201 len: 928 time: 0.5385528
2026-07-08 06:18:19.494 10 INFO neutron.db.ovn_revision_numbers_db [None req-49824fd5-30ab-4b58-810d-f2cf5ef26648 f9d0012c80a44f34981be525aa95de34 31c8531259d447fa8358eb34b21b7e43 - - default default] Successfully bumped revision number for resource 0ea28157-34b1-4b5d-9e5c-1f45c6e9bb5b (type: security_groups) to 1
2026-07-08 06:18:19.507 10 INFO neutron.db.ovn_revision_numbers_db [None req-49824fd5-30ab-4b58-810d-f2cf5ef26648 f9d0012c80a44f34981be525aa95de34 31c8531259d447fa8358eb34b21b7e43 - - default default] Successfully bumped revision number for resource 786ad7d0-e659-442d-9344-da9226665e3c (type: security_group_rules) to 0
2026-07-08 06:18:19.520 10 INFO neutron.db.ovn_revision_numbers_db [None req-49824fd5-30ab-4b58-810d-f2cf5ef26648 f9d0012c80a44f34981be525aa95de34 31c8531259d447fa8358eb34b21b7e43 - - default default] Successfully bumped revision number for resource 7cf1a5ed-095a-4a56-bb0d-b2d9ada90f3c (type: security_group_rules) to 0
2026-07-08 06:18:19.529 9 WARNING neutron.scheduler.dhcp_agent_scheduler [None req-e2934361-27ff-4799-a027-03720aca4bbc b40caf8f87ff4e67bb911c0c84ae023e 8cfa1f21e0904a31983556873bdd4084 - - default default] No more DHCP agents
2026-07-08 06:18:19.532 9 WARNING neutron.api.rpc.agentnotifiers.dhcp_rpc_agent_api [None req-e2934361-27ff-4799-a027-03720aca4bbc b40caf8f87ff4e67bb911c0c84ae023e 8cfa1f21e0904a31983556873bdd4084 - - default default] Unable to schedule network 89842b91-8cc9-4633-a403-92a00d4f76e4: no agents available; will retry on subsequent port and subnet creation events.
2026-07-08 06:18:19.533 10 INFO neutron.db.ovn_revision_numbers_db [None req-49824fd5-30ab-4b58-810d-f2cf5ef26648 f9d0012c80a44f34981be525aa95de34 31c8531259d447fa8358eb34b21b7e43 - - default default] Successfully bumped revision number for resource a185b242-8b2c-40f7-8091-7122a59e0ea4 (type: security_group_rules) to 0
2026-07-08 06:18:19.549 10 INFO neutron.db.ovn_revision_numbers_db [None req-49824fd5-30ab-4b58-810d-f2cf5ef26648 f9d0012c80a44f34981be525aa95de34 31c8531259d447fa8358eb34b21b7e43 - - default default] Successfully bumped revision number for resource b28b854b-f29b-41bd-be37-dd19f7da28bf (type: security_group_rules) to 0
2026-07-08 06:18:19.570 10 INFO neutron.wsgi [None req-49824fd5-30ab-4b58-810d-f2cf5ef26648 f9d0012c80a44f34981be525aa95de34 31c8531259d447fa8358eb34b21b7e43 - - default default] 10.0.0.36 "GET /v2.0/security-groups?tenant_id=d26ff44e8d504d0090cfdd64520f86a9&name=default HTTP/1.1" status: 200 len: 2996 time: 0.2258680
2026-07-08 06:18:19.822 9 INFO neutron.wsgi [None req-a1b72d30-0efe-491a-aede-f585e6a92a05 f9d0012c80a44f34981be525aa95de34 31c8531259d447fa8358eb34b21b7e43 - - default default] 10.0.0.36 "DELETE /v2.0/security-groups/0ea28157-34b1-4b5d-9e5c-1f45c6e9bb5b HTTP/1.1" status: 204 len: 168 time: 0.2463522
2026-07-08 06:18:20.057 9 INFO neutron.db.ovn_revision_numbers_db [None req-e2934361-27ff-4799-a027-03720aca4bbc b40caf8f87ff4e67bb911c0c84ae023e 8cfa1f21e0904a31983556873bdd4084 - - default default] Successfully bumped revision number for resource c1c87060-2f22-4aa1-b50c-ea093954c38b (type: ports) to 2
2026-07-08 06:18:20.090 9 INFO neutron.db.ovn_revision_numbers_db [None req-e2934361-27ff-4799-a027-03720aca4bbc b40caf8f87ff4e67bb911c0c84ae023e 8cfa1f21e0904a31983556873bdd4084 - - default default] Successfully bumped revision number for resource 0ca5692e-7ace-4bec-b7a2-2fd2afcea35f (type: subnets) to 0
2026-07-08 06:18:20.105 9 INFO neutron.wsgi [None req-e2934361-27ff-4799-a027-03720aca4bbc b40caf8f87ff4e67bb911c0c84ae023e 8cfa1f21e0904a31983556873bdd4084 - - default default] 10.0.0.36 "POST /v2.0/subnets HTTP/1.1" status: 201 len: 822 time: 0.7062528
2026-07-08 06:18:20.115 9 WARNING neutron.api.v2.base [None req-6d11509b-8371-479d-9e02-becab045ff68 b40caf8f87ff4e67bb911c0c84ae023e 8cfa1f21e0904a31983556873bdd4084 - - default default] An exception happened while processing the request body. The exception message is [Invalid input for target_tenant. Reason: '1234123412341234123412341234123412341234123412341234123412341234123412341234123412341234123412341234123412341234123412341234123412341234123412341234123412341234123412341234123412341234123412341234123412341234123412341234123412341234123412341234123412341234123412341234123412341234123412341234123412341234123412341234123412341234123412341234123412341234123412341234123412341234123412341234123412341234' exceeds maximum length of 255.].: webob.exc.HTTPBadRequest: Invalid input for target_tenant. Reason: '1234123412341234123412341234123412341234123412341234123412341234123412341234123412341234123412341234123412341234123412341234123412341234123412341234123412341234123412341234123412341234123412341234123412341234123412341234123412341234123412341234123412341234123412341234123412341234123412341234123412341234123412341234123412341234123412341234123412341234123412341234123412341234123412341234123412341234' exceeds maximum length of 255.
2026-07-08 06:18:20.115 9 INFO neutron.api.v2.resource [None req-6d11509b-8371-479d-9e02-becab045ff68 b40caf8f87ff4e67bb911c0c84ae023e 8cfa1f21e0904a31983556873bdd4084 - - default default] create failed (client error): Invalid input for target_tenant. Reason: '1234123412341234123412341234123412341234123412341234123412341234123412341234123412341234123412341234123412341234123412341234123412341234123412341234123412341234123412341234123412341234123412341234123412341234123412341234123412341234123412341234123412341234123412341234123412341234123412341234123412341234123412341234123412341234123412341234123412341234123412341234123412341234123412341234123412341234' exceeds maximum length of 255.
2026-07-08 06:18:20.117 9 INFO neutron.wsgi [None req-6d11509b-8371-479d-9e02-becab045ff68 b40caf8f87ff4e67bb911c0c84ae023e 8cfa1f21e0904a31983556873bdd4084 - - default default] 10.0.0.36 "POST /v2.0/rbac-policies HTTP/1.1" status: 400 len: 750 time: 0.0065246
2026-07-08 06:18:20.675 9 INFO neutron.wsgi [None req-fd27554c-d2fb-4dfa-913e-5689a1be482e b40caf8f87ff4e67bb911c0c84ae023e 8cfa1f21e0904a31983556873bdd4084 - - default default] 10.0.0.36 "DELETE /v2.0/networks/89842b91-8cc9-4633-a403-92a00d4f76e4 HTTP/1.1" status: 204 len: 168 time: 0.5553937
2026-07-08 06:18:20.767 10 INFO neutron.db.segments_db [None req-f73dd3ab-05f8-4e74-b239-912466588012 b40caf8f87ff4e67bb911c0c84ae023e 8cfa1f21e0904a31983556873bdd4084 - - default default] Added segment ea2f19a1-c8b9-42bd-98a5-6b46f7a861b2 of type geneve for network f9504a7e-ff25-4b55-bead-2a6f89e9c92b
2026-07-08 06:18:20.846 9 INFO neutron.services.segments.plugin [-] Segment d71d7408-4e53-4403-a932-9cd1a16ab218 resource provider aggregate not found
2026-07-08 06:18:20.854 9 INFO neutron.services.segments.plugin [-] Segment d71d7408-4e53-4403-a932-9cd1a16ab218 resource provider aggregate not found
2026-07-08 06:18:20.873 9 INFO neutron.services.segments.plugin [-] Segment d71d7408-4e53-4403-a932-9cd1a16ab218 resource provider not found; error: Placement Client Error (4xx): {"errors": [{"status": 404, "title": "Not Found", "detail": "The resource could not be found.\n\n No resource provider with uuid d71d7408-4e53-4403-a932-9cd1a16ab218 found for delete ", "request_id": "req-b3167b49-b1e2-4576-8f4c-d63a7f9e2e8d"}]}
2026-07-08 06:18:20.882 9 INFO neutron.services.segments.plugin [-] Segment d71d7408-4e53-4403-a932-9cd1a16ab218 resource provider not found; error: Placement Client Error (4xx): {"errors": [{"status": 404, "title": "Not Found", "detail": "The resource could not be found.\n\n No resource provider with uuid d71d7408-4e53-4403-a932-9cd1a16ab218 found for delete ", "request_id": "req-767671f7-c6af-4579-afc8-a66178a714d7"}]}
2026-07-08 06:18:20.924 10 INFO neutron.db.ovn_revision_numbers_db [None req-f73dd3ab-05f8-4e74-b239-912466588012 b40caf8f87ff4e67bb911c0c84ae023e 8cfa1f21e0904a31983556873bdd4084 - - default default] Successfully bumped revision number for resource f9504a7e-ff25-4b55-bead-2a6f89e9c92b (type: networks) to 1
2026-07-08 06:18:21.076 10 WARNING neutron.scheduler.dhcp_agent_scheduler [None req-f73dd3ab-05f8-4e74-b239-912466588012 b40caf8f87ff4e67bb911c0c84ae023e 8cfa1f21e0904a31983556873bdd4084 - - default default] No more DHCP agents
2026-07-08 06:18:21.079 10 WARNING neutron.api.rpc.agentnotifiers.dhcp_rpc_agent_api [None req-f73dd3ab-05f8-4e74-b239-912466588012 b40caf8f87ff4e67bb911c0c84ae023e 8cfa1f21e0904a31983556873bdd4084 - - default default] Unable to schedule network f9504a7e-ff25-4b55-bead-2a6f89e9c92b: no agents available; will retry on subsequent port and subnet creation events.
2026-07-08 06:18:21.160 10 INFO neutron.db.ovn_revision_numbers_db [None req-f73dd3ab-05f8-4e74-b239-912466588012 b40caf8f87ff4e67bb911c0c84ae023e 8cfa1f21e0904a31983556873bdd4084 - - default default] Successfully bumped revision number for resource 0c8429cb-64f5-4f04-af15-6adec9a2ad79 (type: ports) to 1
2026-07-08 06:18:21.183 10 INFO neutron.wsgi [None req-f73dd3ab-05f8-4e74-b239-912466588012 b40caf8f87ff4e67bb911c0c84ae023e 8cfa1f21e0904a31983556873bdd4084 - - default default] 10.0.0.36 "POST /v2.0/networks HTTP/1.1" status: 201 len: 929 time: 0.5002635
2026-07-08 06:18:21.348 10 WARNING neutron.scheduler.dhcp_agent_scheduler [None req-157ada04-f91c-4fdd-b7de-00afbcb3598e b40caf8f87ff4e67bb911c0c84ae023e 8cfa1f21e0904a31983556873bdd4084 - - default default] No more DHCP agents
2026-07-08 06:18:21.352 10 WARNING neutron.api.rpc.agentnotifiers.dhcp_rpc_agent_api [None req-157ada04-f91c-4fdd-b7de-00afbcb3598e b40caf8f87ff4e67bb911c0c84ae023e 8cfa1f21e0904a31983556873bdd4084 - - default default] Unable to schedule network f9504a7e-ff25-4b55-bead-2a6f89e9c92b: no agents available; will retry on subsequent port and subnet creation events.
2026-07-08 06:18:21.659 9 INFO neutron.wsgi [None req-24a8f77a-9248-4d9b-ab4c-9036d3f1a731 4805514db20143799bb2a513fbe2a57b 9dec197a937d46728fc5f963cd178d10 - - default default] 10.0.0.116 "GET /v2.0/extensions HTTP/1.1" status: 200 len: 16525 time: 0.0067074
2026-07-08 06:18:21.777 9 INFO neutron.wsgi [None req-827c206d-ca33-48e4-81bb-487a809a5df2 4805514db20143799bb2a513fbe2a57b 9dec197a937d46728fc5f963cd178d10 - - default default] 10.0.0.116 "GET /v2.0/quotas/9dec197a937d46728fc5f963cd178d10/details HTTP/1.1" status: 200 len: 756 time: 0.1032443
2026-07-08 06:18:21.801 10 INFO neutron.db.ovn_revision_numbers_db [None req-157ada04-f91c-4fdd-b7de-00afbcb3598e b40caf8f87ff4e67bb911c0c84ae023e 8cfa1f21e0904a31983556873bdd4084 - - default default] Successfully bumped revision number for resource 0c8429cb-64f5-4f04-af15-6adec9a2ad79 (type: ports) to 2
2026-07-08 06:18:21.807 10 INFO neutron.db.ovn_revision_numbers_db [None req-8e7bfee4-4b12-4237-b58a-e90b31f2ace7 f9d0012c80a44f34981be525aa95de34 31c8531259d447fa8358eb34b21b7e43 - - default default] Successfully bumped revision number for resource ed017956-7dbd-40bb-bcd4-e7747d8553bb (type: security_groups) to 1
2026-07-08 06:18:21.828 10 INFO neutron.db.ovn_revision_numbers_db [None req-8e7bfee4-4b12-4237-b58a-e90b31f2ace7 f9d0012c80a44f34981be525aa95de34 31c8531259d447fa8358eb34b21b7e43 - - default default] Successfully bumped revision number for resource 2133152a-4cbd-4bac-bd8c-eebce5d99947 (type: security_group_rules) to 0
2026-07-08 06:18:21.837 10 INFO neutron.db.ovn_revision_numbers_db [None req-157ada04-f91c-4fdd-b7de-00afbcb3598e b40caf8f87ff4e67bb911c0c84ae023e 8cfa1f21e0904a31983556873bdd4084 - - default default] Successfully bumped revision number for resource b586f4dd-9b93-4802-805f-f648c4e5ccc4 (type: subnets) to 0
2026-07-08 06:18:21.843 10 INFO neutron.db.ovn_revision_numbers_db [None req-8e7bfee4-4b12-4237-b58a-e90b31f2ace7 f9d0012c80a44f34981be525aa95de34 31c8531259d447fa8358eb34b21b7e43 - - default default] Successfully bumped revision number for resource 5e6d015d-b5bc-43ae-b68d-7f28c25624cd (type: security_group_rules) to 0
2026-07-08 06:18:21.850 10 INFO neutron.wsgi [None req-157ada04-f91c-4fdd-b7de-00afbcb3598e b40caf8f87ff4e67bb911c0c84ae023e 8cfa1f21e0904a31983556873bdd4084 - - default default] 10.0.0.36 "POST /v2.0/subnets HTTP/1.1" status: 201 len: 822 time: 0.6611598
2026-07-08 06:18:21.861 10 INFO neutron.db.ovn_revision_numbers_db [None req-8e7bfee4-4b12-4237-b58a-e90b31f2ace7 f9d0012c80a44f34981be525aa95de34 31c8531259d447fa8358eb34b21b7e43 - - default default] Successfully bumped revision number for resource 7b63111b-c070-45c0-b705-6daa8fde5dce (type: security_group_rules) to 0
2026-07-08 06:18:21.897 10 INFO neutron.db.ovn_revision_numbers_db [None req-8e7bfee4-4b12-4237-b58a-e90b31f2ace7 f9d0012c80a44f34981be525aa95de34 31c8531259d447fa8358eb34b21b7e43 - - default default] Successfully bumped revision number for resource 982af164-6924-4cae-87eb-abb9aa4b8c33 (type: security_group_rules) to 0
2026-07-08 06:18:21.955 10 INFO neutron.db.segments_db [None req-8e7bfee4-4b12-4237-b58a-e90b31f2ace7 f9d0012c80a44f34981be525aa95de34 31c8531259d447fa8358eb34b21b7e43 - - default default] Added segment 0b871eab-edff-4eff-9411-185f24b2dfb0 of type geneve for network faa46dae-55bb-4b53-a70c-ff64b1623d67
2026-07-08 06:18:22.128 10 INFO neutron.db.ovn_revision_numbers_db [None req-8e7bfee4-4b12-4237-b58a-e90b31f2ace7 f9d0012c80a44f34981be525aa95de34 31c8531259d447fa8358eb34b21b7e43 - - default default] Successfully bumped revision number for resource faa46dae-55bb-4b53-a70c-ff64b1623d67 (type: networks) to 1
2026-07-08 06:18:22.254 10 INFO neutron.wsgi [None req-4ea06acd-b3e0-4a6a-9adb-a7d7503439e5 b40caf8f87ff4e67bb911c0c84ae023e 8cfa1f21e0904a31983556873bdd4084 - - default default] 10.0.0.36 "POST /v2.0/rbac-policies HTTP/1.1" status: 201 len: 523 time: 0.3988690
2026-07-08 06:18:22.312 10 WARNING neutron.scheduler.dhcp_agent_scheduler [None req-8e7bfee4-4b12-4237-b58a-e90b31f2ace7 f9d0012c80a44f34981be525aa95de34 31c8531259d447fa8358eb34b21b7e43 - - default default] No more DHCP agents
2026-07-08 06:18:22.313 10 WARNING neutron.api.rpc.agentnotifiers.dhcp_rpc_agent_api [None req-8e7bfee4-4b12-4237-b58a-e90b31f2ace7 f9d0012c80a44f34981be525aa95de34 31c8531259d447fa8358eb34b21b7e43 - - default default] Unable to schedule network faa46dae-55bb-4b53-a70c-ff64b1623d67: no agents available; will retry on subsequent port and subnet creation events.
2026-07-08 06:18:22.391 10 INFO neutron.db.ovn_revision_numbers_db [None req-8e7bfee4-4b12-4237-b58a-e90b31f2ace7 f9d0012c80a44f34981be525aa95de34 31c8531259d447fa8358eb34b21b7e43 - - default default] Successfully bumped revision number for resource 42913475-f2a2-474a-b9ab-39f4651fb057 (type: ports) to 1
2026-07-08 06:18:22.409 10 INFO neutron.wsgi [None req-8e7bfee4-4b12-4237-b58a-e90b31f2ace7 f9d0012c80a44f34981be525aa95de34 31c8531259d447fa8358eb34b21b7e43 - - default default] 10.0.0.36 "POST /v2.0/networks HTTP/1.1" status: 201 len: 942 time: 0.8743813
2026-07-08 06:18:22.555 10 WARNING neutron.scheduler.dhcp_agent_scheduler [None req-08f06b10-f923-4d0a-8cb1-d842687a8cd0 f9d0012c80a44f34981be525aa95de34 31c8531259d447fa8358eb34b21b7e43 - - default default] No more DHCP agents
2026-07-08 06:18:22.557 10 WARNING neutron.api.rpc.agentnotifiers.dhcp_rpc_agent_api [None req-08f06b10-f923-4d0a-8cb1-d842687a8cd0 f9d0012c80a44f34981be525aa95de34 31c8531259d447fa8358eb34b21b7e43 - - default default] Unable to schedule network faa46dae-55bb-4b53-a70c-ff64b1623d67: no agents available; will retry on subsequent port and subnet creation events.
2026-07-08 06:18:22.983 10 INFO neutron.wsgi [None req-c63e9650-e5cf-45c9-ae53-844e7a8da210 41adc104d09e4c91b706f77b2eafe0d0 0302871fdcc74b85ba3415c7481f16ff - - default default] 10.0.0.36 "GET /v2.0/networks/f9504a7e-ff25-4b55-bead-2a6f89e9c92b HTTP/1.1" status: 200 len: 849 time: 0.3735368
2026-07-08 06:18:23.315 10 INFO neutron.db.ovn_revision_numbers_db [None req-08f06b10-f923-4d0a-8cb1-d842687a8cd0 f9d0012c80a44f34981be525aa95de34 31c8531259d447fa8358eb34b21b7e43 - - default default] Successfully bumped revision number for resource 42913475-f2a2-474a-b9ab-39f4651fb057 (type: ports) to 2
2026-07-08 06:18:23.343 10 INFO neutron.db.ovn_revision_numbers_db [None req-08f06b10-f923-4d0a-8cb1-d842687a8cd0 f9d0012c80a44f34981be525aa95de34 31c8531259d447fa8358eb34b21b7e43 - - default default] Successfully bumped revision number for resource f36874b2-7b2e-44cf-bf72-aa8b25694fb6 (type: subnets) to 0
2026-07-08 06:18:23.354 10 INFO neutron.wsgi [None req-08f06b10-f923-4d0a-8cb1-d842687a8cd0 f9d0012c80a44f34981be525aa95de34 31c8531259d447fa8358eb34b21b7e43 - - default default] 10.0.0.36 "POST /v2.0/subnets HTTP/1.1" status: 201 len: 862 time: 0.9398737
2026-07-08 06:18:23.600 10 INFO neutron.wsgi [req-67f66010-8bd2-4312-a265-4e7dab5a3ac7 req-47e882d6-dc0b-4197-bbcd-3e89f6294b18 26ca87b1b3324dddb79ad44d6e826bf6 47f08c3366dd447e8c92d7b83369e780 - - ee583b710bfd4bb2bf2b0a42e9676962 ee583b710bfd4bb2bf2b0a42e9676962] 10.0.0.185 "GET /v2.0/ports?device_id=ce94846e-570f-494a-af6c-d14df3229802 HTTP/1.1" status: 200 len: 1409 time: 0.0370317
2026-07-08 06:18:23.632 10 INFO neutron.wsgi [-] 10.0.0.203 "GET / HTTP/1.1" status: 200 len: 247 time: 0.0031786
2026-07-08 06:18:23.639 10 INFO neutron.wsgi [-] 10.0.0.203 "GET / HTTP/1.1" status: 200 len: 247 time: 0.0049496
2026-07-08 06:18:23.662 9 INFO neutron.pecan_wsgi.hooks.translation [None req-bf31a069-7041-4825-9cad-374f5e49e3e5 c90a9c71be9e4277aaf64cd8b3c301aa acf0a6680f6449edb79e3673e985dced - - default default] GET failed (client error): The resource could not be found.
2026-07-08 06:18:23.665 9 INFO neutron.wsgi [None req-bf31a069-7041-4825-9cad-374f5e49e3e5 c90a9c71be9e4277aaf64cd8b3c301aa acf0a6680f6449edb79e3673e985dced - - default default] 10.0.0.36 "GET /v2.0/networks/f9504a7e-ff25-4b55-bead-2a6f89e9c92b HTTP/1.1" status: 404 len: 339 time: 0.2978773
2026-07-08 06:18:23.686 10 INFO neutron.wsgi [req-67f66010-8bd2-4312-a265-4e7dab5a3ac7 req-22089efa-1903-4810-9e0c-56667aa58fee 26ca87b1b3324dddb79ad44d6e826bf6 47f08c3366dd447e8c92d7b83369e780 - - ee583b710bfd4bb2bf2b0a42e9676962 ee583b710bfd4bb2bf2b0a42e9676962] 10.0.0.185 "GET /v2.0/security-groups?id=f9032225-e640-4928-bcc0-0e16a7298048&fields=id&fields=name HTTP/1.1" status: 200 len: 310 time: 0.0734982
2026-07-08 06:18:23.915 10 WARNING neutron.scheduler.dhcp_agent_scheduler [None req-475dc45c-3d7e-4112-9f01-acec76800296 f9d0012c80a44f34981be525aa95de34 31c8531259d447fa8358eb34b21b7e43 - - default default] No more DHCP agents
2026-07-08 06:18:23.918 10 WARNING neutron.api.rpc.agentnotifiers.dhcp_rpc_agent_api [None req-475dc45c-3d7e-4112-9f01-acec76800296 f9d0012c80a44f34981be525aa95de34 31c8531259d447fa8358eb34b21b7e43 - - default default] Unable to schedule network 4655023a-9bbe-40d8-8914-37a82927b034: no agents available; will retry on subsequent port and subnet creation events.
2026-07-08 06:18:24.091 10 INFO neutron.db.ovn_revision_numbers_db [None req-475dc45c-3d7e-4112-9f01-acec76800296 f9d0012c80a44f34981be525aa95de34 31c8531259d447fa8358eb34b21b7e43 - - default default] Successfully bumped revision number for resource afba24a9-5016-4074-8445-0a78784cefa4 (type: ports) to 1
2026-07-08 06:18:24.233 9 INFO neutron.services.segments.plugin [-] Segment ea2f19a1-c8b9-42bd-98a5-6b46f7a861b2 resource provider aggregate not found
2026-07-08 06:18:24.242 9 INFO neutron.services.segments.plugin [-] Segment ea2f19a1-c8b9-42bd-98a5-6b46f7a861b2 resource provider aggregate not found
2026-07-08 06:18:24.258 9 INFO neutron.services.segments.plugin [-] Segment ea2f19a1-c8b9-42bd-98a5-6b46f7a861b2 resource provider not found; error: Placement Client Error (4xx): {"errors": [{"status": 404, "title": "Not Found", "detail": "The resource could not be found.\n\n No resource provider with uuid ea2f19a1-c8b9-42bd-98a5-6b46f7a861b2 found for delete ", "request_id": "req-1d0cb944-a09a-4a15-8841-6b8d22df79f4"}]}
2026-07-08 06:18:24.260 9 INFO neutron.services.segments.plugin [-] Segment ea2f19a1-c8b9-42bd-98a5-6b46f7a861b2 resource provider not found; error: Placement Client Error (4xx): {"errors": [{"status": 404, "title": "Not Found", "detail": "The resource could not be found.\n\n No resource provider with uuid ea2f19a1-c8b9-42bd-98a5-6b46f7a861b2 found for delete ", "request_id": "req-99828da5-dcf2-4263-b64e-079a6991ce5f"}]}
2026-07-08 06:18:24.283 9 INFO neutron.wsgi [None req-09a50025-df5c-444e-b60f-7b786feb8615 b40caf8f87ff4e67bb911c0c84ae023e 8cfa1f21e0904a31983556873bdd4084 - - default default] 10.0.0.36 "DELETE /v2.0/networks/f9504a7e-ff25-4b55-bead-2a6f89e9c92b HTTP/1.1" status: 204 len: 168 time: 0.6121914
2026-07-08 06:18:24.308 9 INFO neutron.pecan_wsgi.hooks.translation [None req-beadaa2e-5e91-44ee-800a-70f0f5ffe21b b40caf8f87ff4e67bb911c0c84ae023e 8cfa1f21e0904a31983556873bdd4084 - - default default] DELETE failed (client error): The resource could not be found.
2026-07-08 06:18:24.310 9 INFO neutron.wsgi [None req-beadaa2e-5e91-44ee-800a-70f0f5ffe21b b40caf8f87ff4e67bb911c0c84ae023e 8cfa1f21e0904a31983556873bdd4084 - - default default] 10.0.0.36 "DELETE /v2.0/subnets/b4cc2f32-59b3-4947-af81-7ab8a27ded63 HTTP/1.1" status: 404 len: 337 time: 0.0195587
2026-07-08 06:18:24.337 9 INFO neutron.pecan_wsgi.hooks.translation [None req-3b04ef5d-b065-4ce0-a304-971153318eb8 b40caf8f87ff4e67bb911c0c84ae023e 8cfa1f21e0904a31983556873bdd4084 - - default default] DELETE failed (client error): The resource could not be found.
2026-07-08 06:18:24.339 9 INFO neutron.wsgi [None req-3b04ef5d-b065-4ce0-a304-971153318eb8 b40caf8f87ff4e67bb911c0c84ae023e 8cfa1f21e0904a31983556873bdd4084 - - default default] 10.0.0.36 "DELETE /v2.0/subnets/0ca5692e-7ace-4bec-b7a2-2fd2afcea35f HTTP/1.1" status: 404 len: 337 time: 0.0233994
2026-07-08 06:18:24.364 9 INFO neutron.pecan_wsgi.hooks.translation [None req-28c678a1-babe-42de-a262-adb89b638ff6 b40caf8f87ff4e67bb911c0c84ae023e 8cfa1f21e0904a31983556873bdd4084 - - default default] DELETE failed (client error): The resource could not be found.
2026-07-08 06:18:24.367 9 INFO neutron.wsgi [None req-28c678a1-babe-42de-a262-adb89b638ff6 b40caf8f87ff4e67bb911c0c84ae023e 8cfa1f21e0904a31983556873bdd4084 - - default default] 10.0.0.36 "DELETE /v2.0/subnets/b586f4dd-9b93-4802-805f-f648c4e5ccc4 HTTP/1.1" status: 404 len: 337 time: 0.0225179
2026-07-08 06:18:24.459 9 INFO neutron.db.ovn_revision_numbers_db [None req-d2005472-a0ce-4f99-89b9-cfebb635b2da f9d0012c80a44f34981be525aa95de34 31c8531259d447fa8358eb34b21b7e43 - - default default] Successfully bumped revision number for resource f4aa10d4-ae45-41fc-9859-d40357d6da59 (type: security_groups) to 1
2026-07-08 06:18:24.475 9 INFO neutron.db.ovn_revision_numbers_db [None req-d2005472-a0ce-4f99-89b9-cfebb635b2da f9d0012c80a44f34981be525aa95de34 31c8531259d447fa8358eb34b21b7e43 - - default default] Successfully bumped revision number for resource 97803bed-2f04-4b83-bb24-d67d6c0786bd (type: security_group_rules) to 0
2026-07-08 06:18:24.491 9 INFO neutron.db.ovn_revision_numbers_db [None req-d2005472-a0ce-4f99-89b9-cfebb635b2da f9d0012c80a44f34981be525aa95de34 31c8531259d447fa8358eb34b21b7e43 - - default default] Successfully bumped revision number for resource ee5e3b9c-4498-4180-93c2-227bfc99145f (type: security_group_rules) to 0
2026-07-08 06:18:24.508 9 INFO neutron.db.ovn_revision_numbers_db [None req-d2005472-a0ce-4f99-89b9-cfebb635b2da f9d0012c80a44f34981be525aa95de34 31c8531259d447fa8358eb34b21b7e43 - - default default] Successfully bumped revision number for resource f3e33193-dd19-4c37-93a7-08e59bb8b02a (type: security_group_rules) to 0
2026-07-08 06:18:24.522 9 INFO neutron.db.ovn_revision_numbers_db [None req-d2005472-a0ce-4f99-89b9-cfebb635b2da f9d0012c80a44f34981be525aa95de34 31c8531259d447fa8358eb34b21b7e43 - - default default] Successfully bumped revision number for resource fec05f9a-6599-446e-9e21-ae4c0936102f (type: security_group_rules) to 0
2026-07-08 06:18:24.544 9 INFO neutron.wsgi [None req-d2005472-a0ce-4f99-89b9-cfebb635b2da f9d0012c80a44f34981be525aa95de34 31c8531259d447fa8358eb34b21b7e43 - - default default] 10.0.0.36 "GET /v2.0/security-groups?tenant_id=9dec197a937d46728fc5f963cd178d10&name=default HTTP/1.1" status: 200 len: 2996 time: 0.2938101
2026-07-08 06:18:24.722 9 INFO neutron.plugins.ml2.drivers.ovn.mech_driver.mech_driver [None req-41e60fba-ef33-4b33-94db-723173586111 - - - - - -] OVN reports status up for port: afba24a9-5016-4074-8445-0a78784cefa4
2026-07-08 06:18:24.728 9 INFO neutron.plugins.ml2.drivers.ovn.mech_driver.ovsdb.ovsdb_monitor [None req-28c0b583-fa2a-41d3-906a-04423994c10c - - - - - -] Router 4e9a0725-a33c-4199-b985-13eacdff3186 is bound to host instance
2026-07-08 06:18:24.742 9 INFO neutron.plugins.ml2.plugin [None req-41e60fba-ef33-4b33-94db-723173586111 - - - - - -] Attempt 1 to provision port afba24a9-5016-4074-8445-0a78784cefa4
2026-07-08 06:18:24.750 10 INFO neutron.db.ovn_revision_numbers_db [None req-475dc45c-3d7e-4112-9f01-acec76800296 f9d0012c80a44f34981be525aa95de34 31c8531259d447fa8358eb34b21b7e43 - - default default] Successfully bumped revision number for resource afba24a9-5016-4074-8445-0a78784cefa4 (type: router_ports) to 1
2026-07-08 06:18:24.760 9 INFO neutron.wsgi [None req-d605a994-ad41-4f8d-9d6b-64057d11a3d0 f9d0012c80a44f34981be525aa95de34 31c8531259d447fa8358eb34b21b7e43 - - default default] 10.0.0.36 "DELETE /v2.0/security-groups/f4aa10d4-ae45-41fc-9859-d40357d6da59 HTTP/1.1" status: 204 len: 168 time: 0.2105031
2026-07-08 06:18:24.836 10 INFO neutron.db.ovn_revision_numbers_db [None req-475dc45c-3d7e-4112-9f01-acec76800296 f9d0012c80a44f34981be525aa95de34 31c8531259d447fa8358eb34b21b7e43 - - default default] Successfully bumped revision number for resource 4e9a0725-a33c-4199-b985-13eacdff3186 (type: routers) to 2
2026-07-08 06:18:24.854 10 INFO neutron.wsgi [None req-475dc45c-3d7e-4112-9f01-acec76800296 f9d0012c80a44f34981be525aa95de34 31c8531259d447fa8358eb34b21b7e43 - - default default] 10.0.0.36 "POST /v2.0/routers HTTP/1.1" status: 201 len: 873 time: 1.4952564
2026-07-08 06:18:25.370 10 INFO neutron.plugins.ml2.drivers.ovn.mech_driver.mech_driver [None req-1f3ac1b1-c9eb-4667-a03d-cc9a1820faa9 - - - - - -] OVN reports status down for port: 3d470de9-44d1-4910-9e86-15b9037e100b
2026-07-08 06:18:25.390 10 INFO neutron.wsgi [None req-dc6366bf-eac1-41c2-b715-25e0a910b92c f9d0012c80a44f34981be525aa95de34 31c8531259d447fa8358eb34b21b7e43 - - default default] 10.0.0.36 "GET /v2.0/security-groups?tenant_id=8cfa1f21e0904a31983556873bdd4084&name=default HTTP/1.1" status: 200 len: 2996 time: 0.2917778
2026-07-08 06:18:25.469 10 INFO neutron.wsgi [req-bb67eb9f-7d7a-488b-afab-83453c2eaccf req-4031827e-8b1a-47f7-83b5-34f30d24200b 4b0ff074956b498fa3b130b08ed1bc60 f25d7983d1c749f694fddf4565515b36 - - default default] 10.0.0.153 "GET /v2.0/ports?device_id=ce94846e-570f-494a-af6c-d14df3229802 HTTP/1.1" status: 200 len: 1170 time: 0.1483128
2026-07-08 06:18:25.508 9 INFO neutron.db.ovn_revision_numbers_db [None req-28c0b583-fa2a-41d3-906a-04423994c10c - - - - - -] Successfully bumped revision number for resource afba24a9-5016-4074-8445-0a78784cefa4 (type: ports) to 1
2026-07-08 06:18:25.523 9 WARNING neutron.scheduler.dhcp_agent_scheduler [None req-6d255b38-d22d-4244-be2a-a5ef74bfe420 f9d0012c80a44f34981be525aa95de34 31c8531259d447fa8358eb34b21b7e43 - - default default] No more DHCP agents
2026-07-08 06:18:25.524 9 WARNING neutron.api.rpc.agentnotifiers.dhcp_rpc_agent_api [None req-6d255b38-d22d-4244-be2a-a5ef74bfe420 f9d0012c80a44f34981be525aa95de34 31c8531259d447fa8358eb34b21b7e43 - - default default] Unable to schedule network faa46dae-55bb-4b53-a70c-ff64b1623d67: no agents available; will retry on subsequent port and subnet creation events.
2026-07-08 06:18:25.548 10 INFO neutron.wsgi [req-bb67eb9f-7d7a-488b-afab-83453c2eaccf req-5e17df9e-d42d-4152-8436-d500e078c29a 4b0ff074956b498fa3b130b08ed1bc60 f25d7983d1c749f694fddf4565515b36 - - default default] 10.0.0.153 "GET /v2.0/security-groups?id=f9032225-e640-4928-bcc0-0e16a7298048&fields=id&fields=name HTTP/1.1" status: 200 len: 310 time: 0.0599546
2026-07-08 06:18:25.572 10 INFO neutron.notifiers.nova [-] Nova event matching ['req-e6067dd9-81b2-41e6-8306-0caaec617201'] response: {'server_uuid': 'ce94846e-570f-494a-af6c-d14df3229802', 'name': 'network-vif-unplugged', 'status': 'completed', 'tag': '3d470de9-44d1-4910-9e86-15b9037e100b', 'code': 200}
2026-07-08 06:18:25.699 10 INFO neutron.wsgi [req-3900a0ce-26a9-43eb-a535-c6aa1ef8bc7a req-f4b42739-1be8-4f50-870d-f9f9ebc15827 4b0ff074956b498fa3b130b08ed1bc60 f25d7983d1c749f694fddf4565515b36 - - default default] 199.204.45.89 "GET /v2.0/ports?device_id=ce94846e-570f-494a-af6c-d14df3229802 HTTP/1.1" status: 200 len: 1168 time: 0.0474782
2026-07-08 06:18:25.753 10 INFO neutron.wsgi [None req-dda1ba80-0002-48de-a494-ff8145defb6d f9d0012c80a44f34981be525aa95de34 31c8531259d447fa8358eb34b21b7e43 - - default default] 10.0.0.36 "DELETE /v2.0/security-groups/a6633cb2-5d72-4377-bdb3-0bc5633140a5 HTTP/1.1" status: 204 len: 168 time: 0.3562431
2026-07-08 06:18:25.754 9 INFO neutron.db.ovn_revision_numbers_db [None req-6d255b38-d22d-4244-be2a-a5ef74bfe420 f9d0012c80a44f34981be525aa95de34 31c8531259d447fa8358eb34b21b7e43 - - default default] Successfully bumped revision number for resource b74aa5e8-adaa-4aac-a73a-8299ffae22ca (type: ports) to 1
2026-07-08 06:18:25.795 10 INFO neutron.db.ovn_revision_numbers_db [None req-1f3ac1b1-c9eb-4667-a03d-cc9a1820faa9 - - - - - -] Successfully bumped revision number for resource 3d470de9-44d1-4910-9e86-15b9037e100b (type: ports) to 5
2026-07-08 06:18:25.856 9 INFO neutron.db.ovn_revision_numbers_db [None req-28c0b583-fa2a-41d3-906a-04423994c10c - - - - - -] Successfully bumped revision number for resource afba24a9-5016-4074-8445-0a78784cefa4 (type: router_ports) to 3
2026-07-08 06:18:26.048 10 INFO neutron.db.ovn_revision_numbers_db [None req-d0d6897a-42f7-4cd0-a51f-4a1b38677e2d f9d0012c80a44f34981be525aa95de34 31c8531259d447fa8358eb34b21b7e43 - - default default] Successfully bumped revision number for resource e935a709-9a62-4982-b445-ad1022dfa3c4 (type: security_groups) to 1
2026-07-08 06:18:26.072 9 INFO neutron.db.ovn_revision_numbers_db [None req-28c0b583-fa2a-41d3-906a-04423994c10c - - - - - -] Successfully bumped revision number for resource afba24a9-5016-4074-8445-0a78784cefa4 (type: ports) to 2
2026-07-08 06:18:26.084 10 INFO neutron.db.ovn_revision_numbers_db [None req-d0d6897a-42f7-4cd0-a51f-4a1b38677e2d f9d0012c80a44f34981be525aa95de34 31c8531259d447fa8358eb34b21b7e43 - - default default] Successfully bumped revision number for resource 514466c4-df4a-45d3-9631-e37b6f81e7f9 (type: security_group_rules) to 0
2026-07-08 06:18:26.098 10 INFO neutron.db.l3_db [req-3900a0ce-26a9-43eb-a535-c6aa1ef8bc7a req-3eb1c867-457c-4c9c-bab7-dca65dc0f988 4b0ff074956b498fa3b130b08ed1bc60 f25d7983d1c749f694fddf4565515b36 - - default default] Floating IP f87b582c-6652-4c4e-8cd5-830fbbd0a4e4 disassociated. External IP: 10.96.250.206, port: 3d470de9-44d1-4910-9e86-15b9037e100b.
2026-07-08 06:18:26.123 10 INFO neutron.db.ovn_revision_numbers_db [None req-d0d6897a-42f7-4cd0-a51f-4a1b38677e2d f9d0012c80a44f34981be525aa95de34 31c8531259d447fa8358eb34b21b7e43 - - default default] Successfully bumped revision number for resource 546afa86-d060-488c-b1c6-5a394772bb13 (type: security_group_rules) to 0
2026-07-08 06:18:26.169 10 INFO neutron.db.ovn_revision_numbers_db [None req-d0d6897a-42f7-4cd0-a51f-4a1b38677e2d f9d0012c80a44f34981be525aa95de34 31c8531259d447fa8358eb34b21b7e43 - - default default] Successfully bumped revision number for resource 5aa7a80f-89f4-4e50-9995-a8bb8aba4d25 (type: security_group_rules) to 0
2026-07-08 06:18:26.215 10 INFO neutron.db.ovn_revision_numbers_db [None req-d0d6897a-42f7-4cd0-a51f-4a1b38677e2d f9d0012c80a44f34981be525aa95de34 31c8531259d447fa8358eb34b21b7e43 - - default default] Successfully bumped revision number for resource 7627f40b-4b2a-4626-81b8-2f00315c4fa3 (type: security_group_rules) to 0
2026-07-08 06:18:26.247 10 INFO neutron.wsgi [None req-d0d6897a-42f7-4cd0-a51f-4a1b38677e2d f9d0012c80a44f34981be525aa95de34 31c8531259d447fa8358eb34b21b7e43 - - default default] 10.0.0.36 "GET /v2.0/security-groups?tenant_id=0302871fdcc74b85ba3415c7481f16ff&name=default HTTP/1.1" status: 200 len: 2996 time: 0.3990362 /var/lib/openstack/lib/python3.10/site-packages/pycadf/identifier.py:71: UserWarning: Invalid uuid: neutron. To ensure interoperability, identifiers should be a valid uuid. warnings.warn(('Invalid uuid: %s. To ensure interoperability, '
2026-07-08 06:18:26.392 9 INFO neutron.db.ovn_revision_numbers_db [None req-6d255b38-d22d-4244-be2a-a5ef74bfe420 f9d0012c80a44f34981be525aa95de34 31c8531259d447fa8358eb34b21b7e43 - - default default] Successfully bumped revision number for resource b74aa5e8-adaa-4aac-a73a-8299ffae22ca (type: router_ports) to 1
2026-07-08 06:18:26.443 9 INFO neutron.db.ovn_revision_numbers_db [None req-28c0b583-fa2a-41d3-906a-04423994c10c - - - - - -] Successfully bumped revision number for resource afba24a9-5016-4074-8445-0a78784cefa4 (type: ports) to 4
2026-07-08 06:18:26.458 10 INFO neutron.plugins.ml2.drivers.ovn.mech_driver.mech_driver [None req-1f3ac1b1-c9eb-4667-a03d-cc9a1820faa9 - - - - - -] OVN reports status up for port: b74aa5e8-adaa-4aac-a73a-8299ffae22ca
2026-07-08 06:18:26.469 10 INFO neutron.plugins.ml2.plugin [None req-1f3ac1b1-c9eb-4667-a03d-cc9a1820faa9 - - - - - -] Attempt 1 to provision port b74aa5e8-adaa-4aac-a73a-8299ffae22ca
2026-07-08 06:18:26.491 10 INFO neutron.wsgi [req-3900a0ce-26a9-43eb-a535-c6aa1ef8bc7a req-3eb1c867-457c-4c9c-bab7-dca65dc0f988 4b0ff074956b498fa3b130b08ed1bc60 f25d7983d1c749f694fddf4565515b36 - - default default] 199.204.45.89 "DELETE /v2.0/ports/3d470de9-44d1-4910-9e86-15b9037e100b HTTP/1.1" status: 204 len: 173 time: 0.7862742
2026-07-08 06:18:26.578 9 INFO neutron.db.ovn_revision_numbers_db [None req-6d255b38-d22d-4244-be2a-a5ef74bfe420 f9d0012c80a44f34981be525aa95de34 31c8531259d447fa8358eb34b21b7e43 - - default default] Successfully bumped revision number for resource b74aa5e8-adaa-4aac-a73a-8299ffae22ca (type: ports) to 1
2026-07-08 06:18:26.650 10 INFO neutron.wsgi [req-e8a42994-a962-4795-ade8-93cfb87cc7b0 req-ceb90f12-3680-43f7-9a69-6ccb022a0cba 4b0ff074956b498fa3b130b08ed1bc60 f25d7983d1c749f694fddf4565515b36 - - default default] 10.0.0.153 "GET /v2.0/ports?device_id=ce94846e-570f-494a-af6c-d14df3229802 HTTP/1.1" status: 200 len: 210 time: 0.0224466
2026-07-08 06:18:26.665 9 WARNING neutron.scheduler.dhcp_agent_scheduler [None req-6d255b38-d22d-4244-be2a-a5ef74bfe420 f9d0012c80a44f34981be525aa95de34 31c8531259d447fa8358eb34b21b7e43 - - default default] No more DHCP agents
2026-07-08 06:18:26.666 9 WARNING neutron.api.rpc.agentnotifiers.dhcp_rpc_agent_api [None req-6d255b38-d22d-4244-be2a-a5ef74bfe420 f9d0012c80a44f34981be525aa95de34 31c8531259d447fa8358eb34b21b7e43 - - default default] Unable to schedule network faa46dae-55bb-4b53-a70c-ff64b1623d67: no agents available; will retry on subsequent port and subnet creation events.
2026-07-08 06:18:26.711 10 INFO neutron.wsgi [None req-d1024d4d-15a2-4022-9f65-4898d06ca349 f9d0012c80a44f34981be525aa95de34 31c8531259d447fa8358eb34b21b7e43 - - default default] 10.0.0.36 "DELETE /v2.0/security-groups/e935a709-9a62-4982-b445-ad1022dfa3c4 HTTP/1.1" status: 204 len: 168 time: 0.4601097
2026-07-08 06:18:26.806 10 INFO neutron.db.ovn_revision_numbers_db [None req-1f3ac1b1-c9eb-4667-a03d-cc9a1820faa9 - - - - - -] Successfully bumped revision number for resource b74aa5e8-adaa-4aac-a73a-8299ffae22ca (type: ports) to 2
2026-07-08 06:18:26.953 10 INFO neutron.db.ovn_revision_numbers_db [None req-1f3ac1b1-c9eb-4667-a03d-cc9a1820faa9 - - - - - -] Successfully bumped revision number for resource b74aa5e8-adaa-4aac-a73a-8299ffae22ca (type: router_ports) to 2
2026-07-08 06:18:27.034 9 INFO neutron.db.ovn_revision_numbers_db [None req-28c0b583-fa2a-41d3-906a-04423994c10c - - - - - -] Successfully bumped revision number for resource afba24a9-5016-4074-8445-0a78784cefa4 (type: router_ports) to 4
2026-07-08 06:18:27.059 10 INFO neutron.db.ovn_revision_numbers_db [None req-499c94fd-1749-430e-b6de-e1915a92e398 f9d0012c80a44f34981be525aa95de34 31c8531259d447fa8358eb34b21b7e43 - - default default] Successfully bumped revision number for resource f375c4ad-e2f9-45cf-b009-624dbab24a6c (type: security_groups) to 1
2026-07-08 06:18:27.072 10 INFO neutron.db.ovn_revision_numbers_db [None req-499c94fd-1749-430e-b6de-e1915a92e398 f9d0012c80a44f34981be525aa95de34 31c8531259d447fa8358eb34b21b7e43 - - default default] Successfully bumped revision number for resource 2558ecd5-ddb4-4e65-88b7-ebaf24f4c8da (type: security_group_rules) to 0
2026-07-08 06:18:27.084 10 INFO neutron.db.ovn_revision_numbers_db [None req-499c94fd-1749-430e-b6de-e1915a92e398 f9d0012c80a44f34981be525aa95de34 31c8531259d447fa8358eb34b21b7e43 - - default default] Successfully bumped revision number for resource 96f2e4e7-3435-42ed-aad2-6505b1e3d296 (type: security_group_rules) to 0
2026-07-08 06:18:27.098 10 INFO neutron.db.ovn_revision_numbers_db [None req-499c94fd-1749-430e-b6de-e1915a92e398 f9d0012c80a44f34981be525aa95de34 31c8531259d447fa8358eb34b21b7e43 - - default default] Successfully bumped revision number for resource b757d85e-2290-4c8b-81dc-e9aa058fdc09 (type: security_group_rules) to 0
2026-07-08 06:18:27.115 10 INFO neutron.db.ovn_revision_numbers_db [None req-499c94fd-1749-430e-b6de-e1915a92e398 f9d0012c80a44f34981be525aa95de34 31c8531259d447fa8358eb34b21b7e43 - - default default] Successfully bumped revision number for resource ca5d2866-ae4a-4ee0-9a62-28ce73148c21 (type: security_group_rules) to 0
2026-07-08 06:18:27.137 10 INFO neutron.wsgi [None req-499c94fd-1749-430e-b6de-e1915a92e398 f9d0012c80a44f34981be525aa95de34 31c8531259d447fa8358eb34b21b7e43 - - default default] 10.0.0.36 "GET /v2.0/security-groups?tenant_id=acf0a6680f6449edb79e3673e985dced&name=default HTTP/1.1" status: 200 len: 2996 time: 0.2392640
2026-07-08 06:18:27.515 9 INFO neutron.wsgi [None req-eeae41e6-7f35-48a7-821c-f13051e90ae4 f9d0012c80a44f34981be525aa95de34 31c8531259d447fa8358eb34b21b7e43 - - default default] 10.0.0.36 "DELETE /v2.0/security-groups/f375c4ad-e2f9-45cf-b009-624dbab24a6c HTTP/1.1" status: 204 len: 168 time: 0.3743465
2026-07-08 06:18:27.585 9 INFO neutron.db.ovn_revision_numbers_db [None req-6d255b38-d22d-4244-be2a-a5ef74bfe420 f9d0012c80a44f34981be525aa95de34 31c8531259d447fa8358eb34b21b7e43 - - default default] Successfully bumped revision number for resource b74aa5e8-adaa-4aac-a73a-8299ffae22ca (type: router_ports) to 2
2026-07-08 06:18:27.589 9 INFO neutron.wsgi [None req-6d255b38-d22d-4244-be2a-a5ef74bfe420 f9d0012c80a44f34981be525aa95de34 31c8531259d447fa8358eb34b21b7e43 - - default default] 10.0.0.36 "PUT /v2.0/routers/4e9a0725-a33c-4199-b985-13eacdff3186/add_router_interface HTTP/1.1" status: 200 len: 503 time: 2.7304239
2026-07-08 06:18:27.626 10 INFO neutron.notifiers.nova [-] Nova event matching ['req-729fdeb6-0eb2-42cd-a765-0677052bbea8'] response: {'server_uuid': 'ce94846e-570f-494a-af6c-d14df3229802', 'name': 'network-vif-plugged', 'status': 'completed', 'tag': '3d470de9-44d1-4910-9e86-15b9037e100b', 'code': 200}
2026-07-08 06:18:27.627 10 INFO neutron.notifiers.nova [-] Nova event matching ['req-729fdeb6-0eb2-42cd-a765-0677052bbea8'] response: {'server_uuid': 'ce94846e-570f-494a-af6c-d14df3229802', 'name': 'network-vif-deleted', 'tag': '3d470de9-44d1-4910-9e86-15b9037e100b', 'status': 'completed', 'code': 200} /var/lib/openstack/lib/python3.10/site-packages/pycadf/identifier.py:71: UserWarning: Invalid uuid: neutron. To ensure interoperability, identifiers should be a valid uuid. warnings.warn(('Invalid uuid: %s. To ensure interoperability, '
