2026-07-08 06:18:36.048 10 WARNING neutron.api.rpc.agentnotifiers.dhcp_rpc_agent_api [None req-121ad393-0c0b-40ae-9614-fe7bef61a64a bd4c9ab59e51447fb320599504487853 c1c00bd5bb7a432682239cabef854592 - - default default] Unable to schedule network 4655023a-9bbe-40d8-8914-37a82927b034: no agents available; will retry on subsequent port and subnet creation events.
2026-07-08 06:18:36.049 9 INFO neutron.wsgi [req-18d28a3c-115a-4815-b5ee-7fbf1d55997a req-c16a8fdb-ece2-4f68-84a7-bc1498115fae a83e80ad31c44cecb513e1b54ba6e508 ee4023e8008b4a9f9791fe2c69bb72d7 - - default default] 10.0.0.153 "GET /v2.0/security-groups?id=ed017956-7dbd-40bb-bcd4-e7747d8553bb&fields=id&fields=name HTTP/1.1" status: 200 len: 286 time: 0.0381444
2026-07-08 06:18:36.064 10 INFO neutron.wsgi [None req-7c231c61-9808-48f8-aa96-1e4115dfef8c 3f11c6c0de584bb781f64d3d95b554fd 18fcf337920941fca2f7531ab992aef1 - - default default] 10.0.0.36 "GET /v2.0/subnets/107d715a-88e0-4be7-88de-51db2e8a18c7/tags HTTP/1.1" status: 200 len: 218 time: 0.0874147
2026-07-08 06:18:36.141 9 INFO neutron.wsgi [None req-ae9a6729-e74d-4cd3-a5db-ff05ca7fba53 3f11c6c0de584bb781f64d3d95b554fd 18fcf337920941fca2f7531ab992aef1 - - default default] 10.0.0.36 "PUT /v2.0/subnets/107d715a-88e0-4be7-88de-51db2e8a18c7/tags/green HTTP/1.1" status: 201 len: 201 time: 0.0727692
2026-07-08 06:18:36.182 9 INFO neutron.wsgi [None req-78af9f91-8f90-4a83-9dac-c98cda42da1a 3f11c6c0de584bb781f64d3d95b554fd 18fcf337920941fca2f7531ab992aef1 - - default default] 10.0.0.36 "GET /v2.0/subnets/107d715a-88e0-4be7-88de-51db2e8a18c7/tags HTTP/1.1" status: 200 len: 227 time: 0.0367692
2026-07-08 06:18:36.251 10 INFO neutron.wsgi [None req-2fa81e0b-f7ac-4cbc-8a57-097d60a75ad8 3f11c6c0de584bb781f64d3d95b554fd 18fcf337920941fca2f7531ab992aef1 - - default default] 10.0.0.36 "PUT /v2.0/subnets/107d715a-88e0-4be7-88de-51db2e8a18c7/tags/red HTTP/1.1" status: 201 len: 201 time: 0.0647962
2026-07-08 06:18:36.310 9 INFO neutron.wsgi [None req-0b756c2c-a1dd-44f1-b404-2baf9d639de7 3f11c6c0de584bb781f64d3d95b554fd 18fcf337920941fca2f7531ab992aef1 - - default default] 10.0.0.36 "GET /v2.0/subnets/107d715a-88e0-4be7-88de-51db2e8a18c7/tags HTTP/1.1" status: 200 len: 227 time: 0.0535300
2026-07-08 06:18:36.338 10 INFO neutron.wsgi [req-4360acba-0f0a-465c-b95e-000d1afbe0d6 req-82416a4f-6b14-4255-bea4-f357c19ca1c4 a83e80ad31c44cecb513e1b54ba6e508 ee4023e8008b4a9f9791fe2c69bb72d7 - - default default] 199.204.45.89 "GET /v2.0/ports?device_id=2851b511-c2c9-493c-88de-ac0c6959b8c6 HTTP/1.1" status: 200 len: 1168 time: 0.0463488
2026-07-08 06:18:36.356 9 INFO neutron.wsgi [None req-7676f1af-44c7-42a7-abdc-bf659c73a7e0 3f11c6c0de584bb781f64d3d95b554fd 18fcf337920941fca2f7531ab992aef1 - - default default] 10.0.0.36 "PUT /v2.0/subnets/107d715a-88e0-4be7-88de-51db2e8a18c7/tags/black.or.white HTTP/1.1" status: 201 len: 201 time: 0.0410964
2026-07-08 06:18:36.391 9 INFO neutron.wsgi [None req-8c3f2592-4658-444a-bee3-dce1fd3e3415 3f11c6c0de584bb781f64d3d95b554fd 18fcf337920941fca2f7531ab992aef1 - - default default] 10.0.0.36 "GET /v2.0/subnets/107d715a-88e0-4be7-88de-51db2e8a18c7/tags HTTP/1.1" status: 200 len: 245 time: 0.0294979
2026-07-08 06:18:36.430 9 INFO neutron.wsgi [None req-951fbd9d-226e-49c9-a2b6-179902d32567 3f11c6c0de584bb781f64d3d95b554fd 18fcf337920941fca2f7531ab992aef1 - - default default] 10.0.0.36 "PUT /v2.0/subnets/107d715a-88e0-4be7-88de-51db2e8a18c7/tags HTTP/1.1" status: 200 len: 230 time: 0.0340617
2026-07-08 06:18:36.472 9 INFO neutron.wsgi [None req-492c5a96-204a-49cc-8a8c-919a216dd737 3f11c6c0de584bb781f64d3d95b554fd 18fcf337920941fca2f7531ab992aef1 - - default default] 10.0.0.36 "GET /v2.0/subnets/107d715a-88e0-4be7-88de-51db2e8a18c7/tags HTTP/1.1" status: 200 len: 230 time: 0.0384126
2026-07-08 06:18:36.501 10 INFO neutron.db.ovn_revision_numbers_db [None req-1f3ac1b1-c9eb-4667-a03d-cc9a1820faa9 - - - - - -] Successfully bumped revision number for resource 406e9e40-e2f2-4153-bc34-ac45c52d49d3 (type: ports) to 5
2026-07-08 06:18:36.515 9 INFO neutron.wsgi [None req-c49c7096-f44e-429e-ba2c-297042209cf2 3f11c6c0de584bb781f64d3d95b554fd 18fcf337920941fca2f7531ab992aef1 - - default default] 10.0.0.36 "GET /v2.0/subnets/107d715a-88e0-4be7-88de-51db2e8a18c7/tags/red HTTP/1.1" status: 204 len: 168 time: 0.0378573
2026-07-08 06:18:36.547 9 INFO neutron.api.v2.resource [None req-ffbc9657-2aa8-4b99-86fe-dc8c275d8713 3f11c6c0de584bb781f64d3d95b554fd 18fcf337920941fca2f7531ab992aef1 - - default default] show failed (client error): The resource could not be found.
2026-07-08 06:18:36.548 9 INFO neutron.wsgi [None req-ffbc9657-2aa8-4b99-86fe-dc8c275d8713 3f11c6c0de584bb781f64d3d95b554fd 18fcf337920941fca2f7531ab992aef1 - - default default] 10.0.0.36 "GET /v2.0/subnets/107d715a-88e0-4be7-88de-51db2e8a18c7/tags/green HTTP/1.1" status: 404 len: 299 time: 0.0275495
2026-07-08 06:18:36.595 9 INFO neutron.wsgi [None req-9f3c4800-c060-4435-8d36-c37c378facfa 3f11c6c0de584bb781f64d3d95b554fd 18fcf337920941fca2f7531ab992aef1 - - default default] 10.0.0.36 "DELETE /v2.0/subnets/107d715a-88e0-4be7-88de-51db2e8a18c7/tags/red HTTP/1.1" status: 204 len: 168 time: 0.0413861
2026-07-08 06:18:36.610 10 INFO neutron.db.ovn_revision_numbers_db [None req-121ad393-0c0b-40ae-9614-fe7bef61a64a bd4c9ab59e51447fb320599504487853 c1c00bd5bb7a432682239cabef854592 - - default default] Successfully bumped revision number for resource 6ba3736a-d2db-40db-abce-0d6519897ad3 (type: floatingips) to 0
2026-07-08 06:18:36.629 9 INFO neutron.wsgi [None req-1fc3b109-3c84-4802-bb0a-c9a896dfd222 3f11c6c0de584bb781f64d3d95b554fd 18fcf337920941fca2f7531ab992aef1 - - default default] 10.0.0.36 "GET /v2.0/subnets/107d715a-88e0-4be7-88de-51db2e8a18c7/tags HTTP/1.1" status: 200 len: 223 time: 0.0295186
2026-07-08 06:18:36.630 10 INFO neutron.wsgi [None req-121ad393-0c0b-40ae-9614-fe7bef61a64a bd4c9ab59e51447fb320599504487853 c1c00bd5bb7a432682239cabef854592 - - default default] 10.0.0.36 "POST /v2.0/floatingips HTTP/1.1" status: 201 len: 751 time: 0.9645340 /var/lib/openstack/lib/python3.10/site-packages/pycadf/identifier.py:71: UserWarning: Invalid uuid: neutron. To ensure interoperability, identifiers should be a valid uuid. warnings.warn(('Invalid uuid: %s. To ensure interoperability, '
2026-07-08 06:18:36.672 10 INFO neutron.api.v2.resource [None req-4abbee4e-9f01-4e38-9e9f-864c195f8607 3f11c6c0de584bb781f64d3d95b554fd 18fcf337920941fca2f7531ab992aef1 - - default default] delete failed (client error): The resource could not be found.
2026-07-08 06:18:36.673 10 INFO neutron.wsgi [None req-4abbee4e-9f01-4e38-9e9f-864c195f8607 3f11c6c0de584bb781f64d3d95b554fd 18fcf337920941fca2f7531ab992aef1 - - default default] 10.0.0.36 "DELETE /v2.0/subnets/107d715a-88e0-4be7-88de-51db2e8a18c7/tags/green HTTP/1.1" status: 404 len: 299 time: 0.0377603
2026-07-08 06:18:36.889 9 INFO neutron.wsgi [None req-81052c89-846e-4aa0-a89f-bb96bb590d38 bd4c9ab59e51447fb320599504487853 c1c00bd5bb7a432682239cabef854592 - - default default] 10.0.0.36 "PUT /v2.0/floatingips/be90effb-8b7f-49bf-aff2-ccbde12437df/tags HTTP/1.1" status: 200 len: 210 time: 0.2545927
2026-07-08 06:18:36.896 10 INFO neutron.notifiers.nova [-] Nova event matching ['req-e9970d7c-f102-4e44-a471-742ba84b8b5e'] response: {'server_uuid': '2851b511-c2c9-493c-88de-ac0c6959b8c6', 'name': 'network-vif-unplugged', 'status': 'completed', 'tag': '406e9e40-e2f2-4153-bc34-ac45c52d49d3', 'code': 200}
2026-07-08 06:18:36.897 10 INFO neutron.notifiers.nova [-] Nova event matching ['req-e9970d7c-f102-4e44-a471-742ba84b8b5e'] response: {'server_uuid': '2851b511-c2c9-493c-88de-ac0c6959b8c6', 'name': 'network-vif-plugged', 'status': 'completed', 'tag': '406e9e40-e2f2-4153-bc34-ac45c52d49d3', 'code': 200}
2026-07-08 06:18:36.902 10 INFO neutron.wsgi [None req-ad350105-c0cc-4f27-8498-39f9eb54e725 3f11c6c0de584bb781f64d3d95b554fd 18fcf337920941fca2f7531ab992aef1 - - default default] 10.0.0.36 "DELETE /v2.0/subnets/107d715a-88e0-4be7-88de-51db2e8a18c7/tags HTTP/1.1" status: 204 len: 168 time: 0.2234073
2026-07-08 06:18:36.915 10 INFO neutron.wsgi [req-4360acba-0f0a-465c-b95e-000d1afbe0d6 req-2d22a3fb-9a3d-48c8-b1ba-3afd43f6fad9 a83e80ad31c44cecb513e1b54ba6e508 ee4023e8008b4a9f9791fe2c69bb72d7 - - default default] 199.204.45.89 "DELETE /v2.0/ports/406e9e40-e2f2-4153-bc34-ac45c52d49d3 HTTP/1.1" status: 204 len: 173 time: 0.5733440
2026-07-08 06:18:36.930 9 INFO neutron.wsgi [None req-192b265e-3caf-42cd-92e6-e5dcf9aa5faa bd4c9ab59e51447fb320599504487853 c1c00bd5bb7a432682239cabef854592 - - default default] 10.0.0.36 "PUT /v2.0/floatingips/3de2092a-699f-4ee6-bd94-39c304b805cd/tags HTTP/1.1" status: 200 len: 218 time: 0.0359967
2026-07-08 06:18:36.934 10 INFO neutron.wsgi [None req-cb583b45-cfb0-4465-a093-6f8880ca7c70 3f11c6c0de584bb781f64d3d95b554fd 18fcf337920941fca2f7531ab992aef1 - - default default] 10.0.0.36 "GET /v2.0/subnets/107d715a-88e0-4be7-88de-51db2e8a18c7/tags HTTP/1.1" status: 200 len: 205 time: 0.0262823
2026-07-08 06:18:36.977 9 INFO neutron.wsgi [None req-de351714-bdce-48e4-a638-e4b00dbd86bf bd4c9ab59e51447fb320599504487853 c1c00bd5bb7a432682239cabef854592 - - default default] 10.0.0.36 "PUT /v2.0/floatingips/f05827bc-8b80-4235-9c93-d98377b4f0b1/tags HTTP/1.1" status: 200 len: 227 time: 0.0428514
2026-07-08 06:18:37.018 9 INFO neutron.wsgi [None req-c7840a6a-32f4-4ce3-b34e-331427536982 bd4c9ab59e51447fb320599504487853 c1c00bd5bb7a432682239cabef854592 - - default default] 10.0.0.36 "PUT /v2.0/floatingips/a8d33c46-7677-40df-8ff4-bc12c2f1cc62/tags HTTP/1.1" status: 200 len: 212 time: 0.0369892
2026-07-08 06:18:37.063 9 INFO neutron.wsgi [None req-b11315ca-4c1f-4cd9-aa06-7b400a4fac64 bd4c9ab59e51447fb320599504487853 c1c00bd5bb7a432682239cabef854592 - - default default] 10.0.0.36 "GET /v2.0/floatingips?tags=red HTTP/1.1" status: 200 len: 1866 time: 0.0395536
2026-07-08 06:18:37.116 9 INFO neutron.wsgi [None req-fdcb6272-2510-4da6-a055-73dc641d6c3b bd4c9ab59e51447fb320599504487853 c1c00bd5bb7a432682239cabef854592 - - default default] 10.0.0.36 "GET /v2.0/floatingips?tags=red%2Cblue HTTP/1.1" status: 200 len: 1323 time: 0.0440171
2026-07-08 06:18:37.135 10 INFO neutron.wsgi [None req-fd4fd1b5-a593-4238-85af-b02fde913527 3f11c6c0de584bb781f64d3d95b554fd 18fcf337920941fca2f7531ab992aef1 - - default default] 10.0.0.36 "DELETE /v2.0/subnets/107d715a-88e0-4be7-88de-51db2e8a18c7 HTTP/1.1" status: 204 len: 168 time: 0.1967335
2026-07-08 06:18:37.156 9 INFO neutron.wsgi [None req-61f8955a-22a6-4f77-a0c3-51e08894b7c7 bd4c9ab59e51447fb320599504487853 c1c00bd5bb7a432682239cabef854592 - - default default] 10.0.0.36 "GET /v2.0/floatingips?tags-any=blue HTTP/1.1" status: 200 len: 1323 time: 0.0350313
2026-07-08 06:18:37.157 10 INFO neutron.wsgi [req-c7c1d899-9c25-476d-a322-317ec1672bb1 req-97162d5b-6b0e-472c-bb3a-c04d9cd6c605 a83e80ad31c44cecb513e1b54ba6e508 ee4023e8008b4a9f9791fe2c69bb72d7 - - default default] 10.0.0.153 "GET /v2.0/ports?device_id=2851b511-c2c9-493c-88de-ac0c6959b8c6 HTTP/1.1" status: 200 len: 210 time: 0.0205991
2026-07-08 06:18:37.225 10 INFO neutron.wsgi [None req-eefd976e-5ca0-417d-9df1-54a51e29d04f bd4c9ab59e51447fb320599504487853 c1c00bd5bb7a432682239cabef854592 - - default default] 10.0.0.36 "GET /v2.0/floatingips?tags-any=red%2Cblue HTTP/1.1" status: 200 len: 1866 time: 0.0631163
2026-07-08 06:18:37.285 10 INFO neutron.wsgi [None req-08735b54-a1c9-4e89-a0ea-8f6d19fe1a9e bd4c9ab59e51447fb320599504487853 c1c00bd5bb7a432682239cabef854592 - - default default] 10.0.0.36 "GET /v2.0/floatingips?not-tags=red HTTP/1.1" status: 200 len: 1295 time: 0.0527325
2026-07-08 06:18:37.354 9 INFO neutron.wsgi [None req-73b0764b-ec64-4262-9706-ceb9a4fe3064 bd4c9ab59e51447fb320599504487853 c1c00bd5bb7a432682239cabef854592 - - default default] 10.0.0.36 "GET /v2.0/floatingips?not-tags=red%2Cblue HTTP/1.1" status: 200 len: 1838 time: 0.0615323
2026-07-08 06:18:37.399 9 INFO neutron.wsgi [None req-ec036337-6322-4d9f-8da5-b37e49a1733f bd4c9ab59e51447fb320599504487853 c1c00bd5bb7a432682239cabef854592 - - default default] 10.0.0.36 "GET /v2.0/floatingips?not-tags-any=blue HTTP/1.1" status: 200 len: 1838 time: 0.0393484
2026-07-08 06:18:37.438 9 INFO neutron.wsgi [None req-abc46e2b-5066-44f4-aed1-8aecdeb32d0b bd4c9ab59e51447fb320599504487853 c1c00bd5bb7a432682239cabef854592 - - default default] 10.0.0.36 "GET /v2.0/floatingips?not-tags-any=red%2Cblue HTTP/1.1" status: 200 len: 1295 time: 0.0335903
2026-07-08 06:18:37.604 10 INFO neutron.services.segments.plugin [-] Segment 67e5554c-1a66-4784-a65a-786a73f3b567 resource provider aggregate not found
2026-07-08 06:18:37.610 10 INFO neutron.services.segments.plugin [-] Segment 67e5554c-1a66-4784-a65a-786a73f3b567 resource provider aggregate not found
2026-07-08 06:18:37.619 10 INFO neutron.services.segments.plugin [-] Segment 67e5554c-1a66-4784-a65a-786a73f3b567 resource provider not found; error: Placement Client Error (4xx): {"errors": [{"status": 404, "title": "Not Found", "detail": "The resource could not be found.\n\n No resource provider with uuid 67e5554c-1a66-4784-a65a-786a73f3b567 found for delete ", "request_id": "req-bf3c93e8-b739-4ba8-bec0-ce45e52353ee"}]}
2026-07-08 06:18:37.625 10 INFO neutron.services.segments.plugin [-] Segment 67e5554c-1a66-4784-a65a-786a73f3b567 resource provider not found; error: Placement Client Error (4xx): {"errors": [{"status": 404, "title": "Not Found", "detail": "The resource could not be found.\n\n No resource provider with uuid 67e5554c-1a66-4784-a65a-786a73f3b567 found for delete ", "request_id": "req-45450291-e90e-4c97-83cc-7791f573c9a8"}]}
2026-07-08 06:18:37.666 10 INFO neutron.wsgi [None req-94a6e387-d6a1-46b7-a4e3-ebbd2eba6a53 3f11c6c0de584bb781f64d3d95b554fd 18fcf337920941fca2f7531ab992aef1 - - default default] 10.0.0.36 "DELETE /v2.0/networks/dff9e8a2-d203-48f5-8cfc-d8be8a27a6bc HTTP/1.1" status: 204 len: 168 time: 0.5218661
2026-07-08 06:18:37.813 10 INFO neutron.wsgi [None req-204f384a-4a2b-4c65-88e1-ea72ca550ba1 bd4c9ab59e51447fb320599504487853 c1c00bd5bb7a432682239cabef854592 - - default default] 10.0.0.36 "DELETE /v2.0/floatingips/be90effb-8b7f-49bf-aff2-ccbde12437df HTTP/1.1" status: 204 len: 168 time: 0.3676815
2026-07-08 06:18:38.166 10 INFO neutron.wsgi [None req-4e05a771-8469-44ec-9a83-c13c81f9e2c1 bd4c9ab59e51447fb320599504487853 c1c00bd5bb7a432682239cabef854592 - - default default] 10.0.0.36 "DELETE /v2.0/floatingips/3de2092a-699f-4ee6-bd94-39c304b805cd HTTP/1.1" status: 204 len: 168 time: 0.3477333
2026-07-08 06:18:38.544 10 INFO neutron.wsgi [None req-61ad5d70-d257-4d19-98c8-dd38d6824f89 bd4c9ab59e51447fb320599504487853 c1c00bd5bb7a432682239cabef854592 - - default default] 10.0.0.36 "DELETE /v2.0/floatingips/f05827bc-8b80-4235-9c93-d98377b4f0b1 HTTP/1.1" status: 204 len: 168 time: 0.3714755
2026-07-08 06:18:38.603 9 INFO neutron.db.ovn_revision_numbers_db [None req-4c314acb-c52b-471b-acfb-06ef1b60fc73 f9d0012c80a44f34981be525aa95de34 31c8531259d447fa8358eb34b21b7e43 - - default default] Successfully bumped revision number for resource 3fac2087-38ea-4c69-84ec-6676d3d6361f (type: security_groups) to 1
2026-07-08 06:18:38.616 9 INFO neutron.db.ovn_revision_numbers_db [None req-4c314acb-c52b-471b-acfb-06ef1b60fc73 f9d0012c80a44f34981be525aa95de34 31c8531259d447fa8358eb34b21b7e43 - - default default] Successfully bumped revision number for resource 0943818b-ec28-422f-9ade-049478b1a391 (type: security_group_rules) to 0
2026-07-08 06:18:38.629 9 INFO neutron.wsgi [-] 10.0.0.203 "GET / HTTP/1.1" status: 200 len: 247 time: 0.0012870
2026-07-08 06:18:38.631 9 INFO neutron.wsgi [-] 10.0.0.203 "GET / HTTP/1.1" status: 200 len: 247 time: 0.0013509
2026-07-08 06:18:38.632 9 INFO neutron.db.ovn_revision_numbers_db [None req-4c314acb-c52b-471b-acfb-06ef1b60fc73 f9d0012c80a44f34981be525aa95de34 31c8531259d447fa8358eb34b21b7e43 - - default default] Successfully bumped revision number for resource 41c23847-09f6-4fa5-ac55-31152142955a (type: security_group_rules) to 0
2026-07-08 06:18:38.646 9 INFO neutron.db.ovn_revision_numbers_db [None req-4c314acb-c52b-471b-acfb-06ef1b60fc73 f9d0012c80a44f34981be525aa95de34 31c8531259d447fa8358eb34b21b7e43 - - default default] Successfully bumped revision number for resource e613e6e2-d5dc-4b5a-bc64-7ad1f5899251 (type: security_group_rules) to 0
2026-07-08 06:18:38.659 9 INFO neutron.db.ovn_revision_numbers_db [None req-4c314acb-c52b-471b-acfb-06ef1b60fc73 f9d0012c80a44f34981be525aa95de34 31c8531259d447fa8358eb34b21b7e43 - - default default] Successfully bumped revision number for resource f940fbb3-6926-4af7-acba-277f592dc68c (type: security_group_rules) to 0
2026-07-08 06:18:38.681 9 INFO neutron.wsgi [None req-4c314acb-c52b-471b-acfb-06ef1b60fc73 f9d0012c80a44f34981be525aa95de34 31c8531259d447fa8358eb34b21b7e43 - - default default] 10.0.0.36 "GET /v2.0/security-groups?tenant_id=8484041989d2431f94625f21807a0196&name=default HTTP/1.1" status: 200 len: 2996 time: 0.3703511
2026-07-08 06:18:38.882 10 INFO neutron.wsgi [None req-538c909b-c520-47c2-aeaa-446ce193857a bd4c9ab59e51447fb320599504487853 c1c00bd5bb7a432682239cabef854592 - - default default] 10.0.0.36 "DELETE /v2.0/floatingips/a8d33c46-7677-40df-8ff4-bc12c2f1cc62 HTTP/1.1" status: 204 len: 168 time: 0.3313808
2026-07-08 06:18:38.911 9 INFO neutron.wsgi [None req-d72f374c-10d7-428f-b98a-6876faf6e4f5 f9d0012c80a44f34981be525aa95de34 31c8531259d447fa8358eb34b21b7e43 - - default default] 10.0.0.36 "DELETE /v2.0/security-groups/3fac2087-38ea-4c69-84ec-6676d3d6361f HTTP/1.1" status: 204 len: 168 time: 0.2222741
2026-07-08 06:18:38.947 10 INFO neutron.notifiers.nova [-] Nova event matching ['req-09647f0e-2f6e-4e1e-8ba6-e420d4e2cc89'] response: {'server_uuid': '2851b511-c2c9-493c-88de-ac0c6959b8c6', 'name': 'network-vif-deleted', 'tag': '406e9e40-e2f2-4153-bc34-ac45c52d49d3', 'status': 'completed', 'code': 200}
2026-07-08 06:18:39.061 9 INFO neutron.wsgi [None req-ac858027-d0cb-43b1-9096-f45ef43e6391 f9d0012c80a44f34981be525aa95de34 31c8531259d447fa8358eb34b21b7e43 - - default default] 10.0.0.36 "GET /v2.0/security-groups?tenant_id=18fcf337920941fca2f7531ab992aef1&name=default HTTP/1.1" status: 200 len: 2996 time: 0.0445929
2026-07-08 06:18:39.132 10 INFO neutron.db.ovn_revision_numbers_db [None req-765d6e99-7357-4f9e-95cc-92034296e39a 95e6d6c0c8494962b2a6978cfd0d2436 065881227c174c50bc4efcf1be6a6e8c - - default default] Successfully bumped revision number for resource 51014292-b8d4-4d56-843f-c90919c5f1a7 (type: security_groups) to 1
2026-07-08 06:18:39.154 10 INFO neutron.db.ovn_revision_numbers_db [None req-765d6e99-7357-4f9e-95cc-92034296e39a 95e6d6c0c8494962b2a6978cfd0d2436 065881227c174c50bc4efcf1be6a6e8c - - default default] Successfully bumped revision number for resource 0f44ff86-ff0a-4c2f-b601-8323e3ef5313 (type: security_group_rules) to 0
2026-07-08 06:18:39.186 10 INFO neutron.db.ovn_revision_numbers_db [None req-765d6e99-7357-4f9e-95cc-92034296e39a 95e6d6c0c8494962b2a6978cfd0d2436 065881227c174c50bc4efcf1be6a6e8c - - default default] Successfully bumped revision number for resource 825e8c28-5276-44e6-b37a-d409e1c2e57d (type: security_group_rules) to 0
2026-07-08 06:18:39.205 10 INFO neutron.db.ovn_revision_numbers_db [None req-765d6e99-7357-4f9e-95cc-92034296e39a 95e6d6c0c8494962b2a6978cfd0d2436 065881227c174c50bc4efcf1be6a6e8c - - default default] Successfully bumped revision number for resource a11d0fa8-9e4f-4c38-8c98-6432c01c6b05 (type: security_group_rules) to 0
2026-07-08 06:18:39.222 10 INFO neutron.db.ovn_revision_numbers_db [None req-765d6e99-7357-4f9e-95cc-92034296e39a 95e6d6c0c8494962b2a6978cfd0d2436 065881227c174c50bc4efcf1be6a6e8c - - default default] Successfully bumped revision number for resource eaeca889-dc66-4bdd-b4b5-e5819056cfb5 (type: security_group_rules) to 0
2026-07-08 06:18:39.263 10 INFO neutron.wsgi [None req-f93679f3-2366-46bd-a6e9-987093277582 bd4c9ab59e51447fb320599504487853 c1c00bd5bb7a432682239cabef854592 - - default default] 10.0.0.36 "DELETE /v2.0/floatingips/6ba3736a-d2db-40db-abce-0d6519897ad3 HTTP/1.1" status: 204 len: 168 time: 0.3753452
2026-07-08 06:18:39.276 10 INFO neutron.db.segments_db [None req-765d6e99-7357-4f9e-95cc-92034296e39a 95e6d6c0c8494962b2a6978cfd0d2436 065881227c174c50bc4efcf1be6a6e8c - - default default] Added segment 0722cf25-ea17-45a8-b048-3dceed6e5db3 of type geneve for network 3365377c-e3e2-4729-b683-2713622d60e4
2026-07-08 06:18:39.291 9 INFO neutron.wsgi [None req-bfd24485-0400-4724-980c-82a692d39cd8 f9d0012c80a44f34981be525aa95de34 31c8531259d447fa8358eb34b21b7e43 - - default default] 10.0.0.36 "DELETE /v2.0/security-groups/555d68c3-c42c-4fad-a2e1-6e5d84cd8015 HTTP/1.1" status: 204 len: 168 time: 0.2143767
2026-07-08 06:18:39.432 10 INFO neutron.db.ovn_revision_numbers_db [None req-765d6e99-7357-4f9e-95cc-92034296e39a 95e6d6c0c8494962b2a6978cfd0d2436 065881227c174c50bc4efcf1be6a6e8c - - default default] Successfully bumped revision number for resource 3365377c-e3e2-4729-b683-2713622d60e4 (type: networks) to 1
2026-07-08 06:18:39.645 10 WARNING neutron.scheduler.dhcp_agent_scheduler [None req-765d6e99-7357-4f9e-95cc-92034296e39a 95e6d6c0c8494962b2a6978cfd0d2436 065881227c174c50bc4efcf1be6a6e8c - - default default] No more DHCP agents
2026-07-08 06:18:39.646 10 WARNING neutron.api.rpc.agentnotifiers.dhcp_rpc_agent_api [None req-765d6e99-7357-4f9e-95cc-92034296e39a 95e6d6c0c8494962b2a6978cfd0d2436 065881227c174c50bc4efcf1be6a6e8c - - default default] Unable to schedule network 3365377c-e3e2-4729-b683-2713622d60e4: no agents available; will retry on subsequent port and subnet creation events.
2026-07-08 06:18:39.731 10 INFO neutron.db.ovn_revision_numbers_db [None req-765d6e99-7357-4f9e-95cc-92034296e39a 95e6d6c0c8494962b2a6978cfd0d2436 065881227c174c50bc4efcf1be6a6e8c - - default default] Successfully bumped revision number for resource bab38b95-d771-4e48-b37a-fe9383c0ae36 (type: ports) to 1
2026-07-08 06:18:39.753 10 INFO neutron.wsgi [None req-765d6e99-7357-4f9e-95cc-92034296e39a 95e6d6c0c8494962b2a6978cfd0d2436 065881227c174c50bc4efcf1be6a6e8c - - default default] 10.0.0.36 "POST /v2.0/networks HTTP/1.1" status: 201 len: 830 time: 0.8933635
2026-07-08 06:18:39.839 10 INFO neutron.db.segments_db [None req-109cc56c-404d-4e50-8327-4c82f0368aa5 95e6d6c0c8494962b2a6978cfd0d2436 065881227c174c50bc4efcf1be6a6e8c - - default default] Added segment fddee003-2971-4049-91db-f0e517b6b585 of type geneve for network 84233267-4552-4af0-a004-3f8f812b55da
2026-07-08 06:18:39.977 10 INFO neutron.db.ovn_revision_numbers_db [None req-109cc56c-404d-4e50-8327-4c82f0368aa5 95e6d6c0c8494962b2a6978cfd0d2436 065881227c174c50bc4efcf1be6a6e8c - - default default] Successfully bumped revision number for resource 84233267-4552-4af0-a004-3f8f812b55da (type: networks) to 1
2026-07-08 06:18:40.174 10 WARNING neutron.scheduler.dhcp_agent_scheduler [None req-109cc56c-404d-4e50-8327-4c82f0368aa5 95e6d6c0c8494962b2a6978cfd0d2436 065881227c174c50bc4efcf1be6a6e8c - - default default] No more DHCP agents
2026-07-08 06:18:40.178 10 WARNING neutron.api.rpc.agentnotifiers.dhcp_rpc_agent_api [None req-109cc56c-404d-4e50-8327-4c82f0368aa5 95e6d6c0c8494962b2a6978cfd0d2436 065881227c174c50bc4efcf1be6a6e8c - - default default] Unable to schedule network 84233267-4552-4af0-a004-3f8f812b55da: no agents available; will retry on subsequent port and subnet creation events.
2026-07-08 06:18:40.261 9 INFO neutron.wsgi [None req-c6392933-3c11-46fa-940c-6d800881fc3a f9d0012c80a44f34981be525aa95de34 31c8531259d447fa8358eb34b21b7e43 - - default default] 10.0.0.36 "PUT /v2.0/routers/4e9a0725-a33c-4199-b985-13eacdff3186/remove_router_interface HTTP/1.1" status: 200 len: 503 time: 0.8694313
2026-07-08 06:18:40.291 10 INFO neutron.db.ovn_revision_numbers_db [None req-109cc56c-404d-4e50-8327-4c82f0368aa5 95e6d6c0c8494962b2a6978cfd0d2436 065881227c174c50bc4efcf1be6a6e8c - - default default] Successfully bumped revision number for resource faf9085d-eac5-4c9a-a16b-365df049bd02 (type: ports) to 1
2026-07-08 06:18:40.324 10 INFO neutron.wsgi [None req-109cc56c-404d-4e50-8327-4c82f0368aa5 95e6d6c0c8494962b2a6978cfd0d2436 065881227c174c50bc4efcf1be6a6e8c - - default default] 10.0.0.36 "POST /v2.0/networks HTTP/1.1" status: 201 len: 831 time: 0.5664902 /var/lib/openstack/lib/python3.10/site-packages/pycadf/identifier.py:71: UserWarning: Invalid uuid: neutron. To ensure interoperability, identifiers should be a valid uuid. warnings.warn(('Invalid uuid: %s. To ensure interoperability, '
2026-07-08 06:18:40.436 9 INFO neutron.db.segments_db [None req-7d827356-4ce9-4ce2-a931-27b731eea1d8 95e6d6c0c8494962b2a6978cfd0d2436 065881227c174c50bc4efcf1be6a6e8c - - default default] Added segment d3f6e6c2-4625-44b3-b355-6f2872871caf of type geneve for network 66b65c40-2a53-41f5-b1a7-b761e4a01c59
2026-07-08 06:18:40.608 9 INFO neutron.db.ovn_revision_numbers_db [None req-7d827356-4ce9-4ce2-a931-27b731eea1d8 95e6d6c0c8494962b2a6978cfd0d2436 065881227c174c50bc4efcf1be6a6e8c - - default default] Successfully bumped revision number for resource 66b65c40-2a53-41f5-b1a7-b761e4a01c59 (type: networks) to 1
2026-07-08 06:18:40.725 10 INFO neutron.db.ovn_revision_numbers_db [None req-49028b29-c855-4242-93e0-3d9c1b610bc7 f9d0012c80a44f34981be525aa95de34 31c8531259d447fa8358eb34b21b7e43 - - default default] Successfully bumped revision number for resource 37897d9d-493a-44b6-9af6-a1cb7401223b (type: security_groups) to 1
2026-07-08 06:18:40.740 10 INFO neutron.db.ovn_revision_numbers_db [None req-49028b29-c855-4242-93e0-3d9c1b610bc7 f9d0012c80a44f34981be525aa95de34 31c8531259d447fa8358eb34b21b7e43 - - default default] Successfully bumped revision number for resource 323da3ca-5c52-4631-84af-124ec4b6ac46 (type: security_group_rules) to 0
2026-07-08 06:18:40.759 10 INFO neutron.db.ovn_revision_numbers_db [None req-49028b29-c855-4242-93e0-3d9c1b610bc7 f9d0012c80a44f34981be525aa95de34 31c8531259d447fa8358eb34b21b7e43 - - default default] Successfully bumped revision number for resource 8ca45f1a-1744-49d3-b473-32304c3f67d3 (type: security_group_rules) to 0
2026-07-08 06:18:40.785 9 WARNING neutron.scheduler.dhcp_agent_scheduler [None req-7d827356-4ce9-4ce2-a931-27b731eea1d8 95e6d6c0c8494962b2a6978cfd0d2436 065881227c174c50bc4efcf1be6a6e8c - - default default] No more DHCP agents
2026-07-08 06:18:40.787 9 WARNING neutron.api.rpc.agentnotifiers.dhcp_rpc_agent_api [None req-7d827356-4ce9-4ce2-a931-27b731eea1d8 95e6d6c0c8494962b2a6978cfd0d2436 065881227c174c50bc4efcf1be6a6e8c - - default default] Unable to schedule network 66b65c40-2a53-41f5-b1a7-b761e4a01c59: no agents available; will retry on subsequent port and subnet creation events.
2026-07-08 06:18:40.788 10 INFO neutron.db.ovn_revision_numbers_db [None req-49028b29-c855-4242-93e0-3d9c1b610bc7 f9d0012c80a44f34981be525aa95de34 31c8531259d447fa8358eb34b21b7e43 - - default default] Successfully bumped revision number for resource d603d1b3-eb8c-47f2-a197-b2869ec83863 (type: security_group_rules) to 0
2026-07-08 06:18:40.802 10 INFO neutron.db.ovn_revision_numbers_db [None req-49028b29-c855-4242-93e0-3d9c1b610bc7 f9d0012c80a44f34981be525aa95de34 31c8531259d447fa8358eb34b21b7e43 - - default default] Successfully bumped revision number for resource dfe01376-536a-4408-aa7e-fa9eecf8a83b (type: security_group_rules) to 0
2026-07-08 06:18:40.836 10 INFO neutron.wsgi [None req-49028b29-c855-4242-93e0-3d9c1b610bc7 f9d0012c80a44f34981be525aa95de34 31c8531259d447fa8358eb34b21b7e43 - - default default] 10.0.0.36 "GET /v2.0/security-groups?tenant_id=b3f8390cd19c4693b7ff27cf0a8a5a77&name=default HTTP/1.1" status: 200 len: 2996 time: 0.5973508
2026-07-08 06:18:41.041 10 INFO neutron.wsgi [None req-c4de4aac-a5b0-4c37-8dbc-276f60a450c5 f9d0012c80a44f34981be525aa95de34 31c8531259d447fa8358eb34b21b7e43 - - default default] 10.0.0.36 "DELETE /v2.0/routers/4e9a0725-a33c-4199-b985-13eacdff3186 HTTP/1.1" status: 204 len: 168 time: 0.7745414
2026-07-08 06:18:41.140 9 INFO neutron.db.ovn_revision_numbers_db [None req-7d827356-4ce9-4ce2-a931-27b731eea1d8 95e6d6c0c8494962b2a6978cfd0d2436 065881227c174c50bc4efcf1be6a6e8c - - default default] Successfully bumped revision number for resource 77593800-0a17-40e4-a0a6-a9a2aaa832ec (type: ports) to 1
2026-07-08 06:18:41.165 9 INFO neutron.wsgi [None req-7d827356-4ce9-4ce2-a931-27b731eea1d8 95e6d6c0c8494962b2a6978cfd0d2436 065881227c174c50bc4efcf1be6a6e8c - - default default] 10.0.0.36 "POST /v2.0/networks HTTP/1.1" status: 201 len: 830 time: 0.8315947
2026-07-08 06:18:41.260 10 INFO neutron.wsgi [None req-4f89fd47-b31e-43d0-8820-2dff0de59d57 f9d0012c80a44f34981be525aa95de34 31c8531259d447fa8358eb34b21b7e43 - - default default] 10.0.0.36 "DELETE /v2.0/subnets/f36874b2-7b2e-44cf-bf72-aa8b25694fb6 HTTP/1.1" status: 204 len: 168 time: 0.2119427
2026-07-08 06:18:41.293 9 INFO neutron.db.segments_db [None req-a6e274cc-cf1c-4020-87da-a6bb76d9d145 95e6d6c0c8494962b2a6978cfd0d2436 065881227c174c50bc4efcf1be6a6e8c - - default default] Added segment 7d7c1cb9-1872-4483-9c7f-3299ab9cd74a of type geneve for network 4828415c-45da-46d1-ab7f-298e228be180
2026-07-08 06:18:41.417 9 INFO neutron.wsgi [None req-b270eb52-0b13-4ca8-9126-8b3e0de1e658 f9d0012c80a44f34981be525aa95de34 31c8531259d447fa8358eb34b21b7e43 - - default default] 10.0.0.36 "DELETE /v2.0/security-groups/37897d9d-493a-44b6-9af6-a1cb7401223b HTTP/1.1" status: 204 len: 168 time: 0.5745835
2026-07-08 06:18:41.509 9 INFO neutron.db.ovn_revision_numbers_db [None req-a6e274cc-cf1c-4020-87da-a6bb76d9d145 95e6d6c0c8494962b2a6978cfd0d2436 065881227c174c50bc4efcf1be6a6e8c - - default default] Successfully bumped revision number for resource 4828415c-45da-46d1-ab7f-298e228be180 (type: networks) to 1
2026-07-08 06:18:41.607 10 INFO neutron.db.ovn_revision_numbers_db [None req-5d2bf379-62db-4ad9-9741-be28a81b476a f9d0012c80a44f34981be525aa95de34 31c8531259d447fa8358eb34b21b7e43 - - default default] Successfully bumped revision number for resource af25e5fc-5522-4e70-b0e2-e4c03f1c3df5 (type: security_groups) to 1
2026-07-08 06:18:41.619 10 INFO neutron.db.ovn_revision_numbers_db [None req-5d2bf379-62db-4ad9-9741-be28a81b476a f9d0012c80a44f34981be525aa95de34 31c8531259d447fa8358eb34b21b7e43 - - default default] Successfully bumped revision number for resource 5667915d-5c98-43e4-8c97-b0e940c79b0b (type: security_group_rules) to 0
2026-07-08 06:18:41.633 10 INFO neutron.db.ovn_revision_numbers_db [None req-5d2bf379-62db-4ad9-9741-be28a81b476a f9d0012c80a44f34981be525aa95de34 31c8531259d447fa8358eb34b21b7e43 - - default default] Successfully bumped revision number for resource 5a698a9a-a627-42b2-9984-65e133a2867c (type: security_group_rules) to 0
2026-07-08 06:18:41.651 10 INFO neutron.db.ovn_revision_numbers_db [None req-5d2bf379-62db-4ad9-9741-be28a81b476a f9d0012c80a44f34981be525aa95de34 31c8531259d447fa8358eb34b21b7e43 - - default default] Successfully bumped revision number for resource 93fa913c-6e2c-449b-ac22-1cae8e3e1328 (type: security_group_rules) to 0
2026-07-08 06:18:41.664 10 INFO neutron.db.ovn_revision_numbers_db [None req-5d2bf379-62db-4ad9-9741-be28a81b476a f9d0012c80a44f34981be525aa95de34 31c8531259d447fa8358eb34b21b7e43 - - default default] Successfully bumped revision number for resource 95992469-0baf-447e-a401-0697bd45a338 (type: security_group_rules) to 0
2026-07-08 06:18:41.686 10 INFO neutron.wsgi [None req-5d2bf379-62db-4ad9-9741-be28a81b476a f9d0012c80a44f34981be525aa95de34 31c8531259d447fa8358eb34b21b7e43 - - default default] 10.0.0.36 "GET /v2.0/security-groups?tenant_id=d0857144d44e476182032d355dc258b0&name=default HTTP/1.1" status: 200 len: 2996 time: 0.1813796
2026-07-08 06:18:41.703 9 WARNING neutron.scheduler.dhcp_agent_scheduler [None req-a6e274cc-cf1c-4020-87da-a6bb76d9d145 95e6d6c0c8494962b2a6978cfd0d2436 065881227c174c50bc4efcf1be6a6e8c - - default default] No more DHCP agents
2026-07-08 06:18:41.716 9 WARNING neutron.api.rpc.agentnotifiers.dhcp_rpc_agent_api [None req-a6e274cc-cf1c-4020-87da-a6bb76d9d145 95e6d6c0c8494962b2a6978cfd0d2436 065881227c174c50bc4efcf1be6a6e8c - - default default] Unable to schedule network 4828415c-45da-46d1-ab7f-298e228be180: no agents available; will retry on subsequent port and subnet creation events.
2026-07-08 06:18:41.735 9 INFO neutron.services.segments.plugin [-] Segment 0b871eab-edff-4eff-9411-185f24b2dfb0 resource provider aggregate not found
2026-07-08 06:18:41.740 9 INFO neutron.services.segments.plugin [-] Segment 0b871eab-edff-4eff-9411-185f24b2dfb0 resource provider aggregate not found
2026-07-08 06:18:41.758 9 INFO neutron.services.segments.plugin [-] Segment 0b871eab-edff-4eff-9411-185f24b2dfb0 resource provider not found; error: Placement Client Error (4xx): {"errors": [{"status": 404, "title": "Not Found", "detail": "The resource could not be found.\n\n No resource provider with uuid 0b871eab-edff-4eff-9411-185f24b2dfb0 found for delete ", "request_id": "req-dc3e5f91-e600-42a8-a9aa-f231447dcf7e"}]}
2026-07-08 06:18:41.761 9 INFO neutron.services.segments.plugin [-] Segment 0b871eab-edff-4eff-9411-185f24b2dfb0 resource provider not found; error: Placement Client Error (4xx): {"errors": [{"status": 404, "title": "Not Found", "detail": "The resource could not be found.\n\n No resource provider with uuid 0b871eab-edff-4eff-9411-185f24b2dfb0 found for delete ", "request_id": "req-367ebf24-ee64-41a5-98ba-d024c43c5c44"}]}
2026-07-08 06:18:41.790 9 INFO neutron.wsgi [None req-015913da-32df-4d8a-ae31-0aa13129ffe3 f9d0012c80a44f34981be525aa95de34 31c8531259d447fa8358eb34b21b7e43 - - default default] 10.0.0.36 "DELETE /v2.0/networks/faa46dae-55bb-4b53-a70c-ff64b1623d67 HTTP/1.1" status: 204 len: 168 time: 0.5229106
2026-07-08 06:18:41.832 9 INFO neutron.db.ovn_revision_numbers_db [None req-a6e274cc-cf1c-4020-87da-a6bb76d9d145 95e6d6c0c8494962b2a6978cfd0d2436 065881227c174c50bc4efcf1be6a6e8c - - default default] Successfully bumped revision number for resource 1992d366-034b-4e63-8503-b3dd3f44ca47 (type: ports) to 1
2026-07-08 06:18:41.853 9 INFO neutron.wsgi [None req-a6e274cc-cf1c-4020-87da-a6bb76d9d145 95e6d6c0c8494962b2a6978cfd0d2436 065881227c174c50bc4efcf1be6a6e8c - - default default] 10.0.0.36 "POST /v2.0/networks HTTP/1.1" status: 201 len: 830 time: 0.6844285
2026-07-08 06:18:41.946 10 INFO neutron.wsgi [None req-e855881e-c53e-4ecb-b140-c0562401db18 f9d0012c80a44f34981be525aa95de34 31c8531259d447fa8358eb34b21b7e43 - - default default] 10.0.0.36 "GET /v2.0/security-groups?tenant_id=ee4023e8008b4a9f9791fe2c69bb72d7&name=default HTTP/1.1" status: 200 len: 2996 time: 0.0346994
2026-07-08 06:18:41.953 10 INFO neutron.db.segments_db [None req-392a7590-b6be-450a-b1c9-7d475e018bcb 95e6d6c0c8494962b2a6978cfd0d2436 065881227c174c50bc4efcf1be6a6e8c - - default default] Added segment e22e0be4-91bb-41da-a123-2a94de532052 of type geneve for network d8987343-2fbc-495b-97a5-d0d77884a617
2026-07-08 06:18:41.968 10 INFO neutron.wsgi [None req-f98052e4-2423-4992-bec9-5e2ce818691e f9d0012c80a44f34981be525aa95de34 31c8531259d447fa8358eb34b21b7e43 - - default default] 10.0.0.36 "DELETE /v2.0/security-groups/af25e5fc-5522-4e70-b0e2-e4c03f1c3df5 HTTP/1.1" status: 204 len: 168 time: 0.2759414
2026-07-08 06:18:42.113 10 INFO neutron.db.ovn_revision_numbers_db [None req-392a7590-b6be-450a-b1c9-7d475e018bcb 95e6d6c0c8494962b2a6978cfd0d2436 065881227c174c50bc4efcf1be6a6e8c - - default default] Successfully bumped revision number for resource d8987343-2fbc-495b-97a5-d0d77884a617 (type: networks) to 1
2026-07-08 06:18:42.192 9 INFO neutron.wsgi [None req-51c173bf-2eb6-49c6-859c-9b1496cfd249 f9d0012c80a44f34981be525aa95de34 31c8531259d447fa8358eb34b21b7e43 - - default default] 10.0.0.36 "DELETE /v2.0/security-groups/ed017956-7dbd-40bb-bcd4-e7747d8553bb HTTP/1.1" status: 204 len: 168 time: 0.2411625
2026-07-08 06:18:42.296 9 INFO neutron.db.ovn_revision_numbers_db [None req-0b85f8c8-7a4d-4426-992d-fd25cd6d2d64 f9d0012c80a44f34981be525aa95de34 31c8531259d447fa8358eb34b21b7e43 - - default default] Successfully bumped revision number for resource 02c5cffe-a2fd-4e19-8ffa-eb3b6ddb1732 (type: security_groups) to 1
2026-07-08 06:18:42.318 9 INFO neutron.db.ovn_revision_numbers_db [None req-0b85f8c8-7a4d-4426-992d-fd25cd6d2d64 f9d0012c80a44f34981be525aa95de34 31c8531259d447fa8358eb34b21b7e43 - - default default] Successfully bumped revision number for resource 312c7936-b468-4417-816e-d6f83c6c893c (type: security_group_rules) to 0
2026-07-08 06:18:42.332 9 INFO neutron.db.ovn_revision_numbers_db [None req-0b85f8c8-7a4d-4426-992d-fd25cd6d2d64 f9d0012c80a44f34981be525aa95de34 31c8531259d447fa8358eb34b21b7e43 - - default default] Successfully bumped revision number for resource cbae6e04-69c7-4e58-a45f-6b66c15db80b (type: security_group_rules) to 0
2026-07-08 06:18:42.333 10 WARNING neutron.scheduler.dhcp_agent_scheduler [None req-392a7590-b6be-450a-b1c9-7d475e018bcb 95e6d6c0c8494962b2a6978cfd0d2436 065881227c174c50bc4efcf1be6a6e8c - - default default] No more DHCP agents
2026-07-08 06:18:42.336 10 WARNING neutron.api.rpc.agentnotifiers.dhcp_rpc_agent_api [None req-392a7590-b6be-450a-b1c9-7d475e018bcb 95e6d6c0c8494962b2a6978cfd0d2436 065881227c174c50bc4efcf1be6a6e8c - - default default] Unable to schedule network d8987343-2fbc-495b-97a5-d0d77884a617: no agents available; will retry on subsequent port and subnet creation events.
2026-07-08 06:18:42.350 9 INFO neutron.db.ovn_revision_numbers_db [None req-0b85f8c8-7a4d-4426-992d-fd25cd6d2d64 f9d0012c80a44f34981be525aa95de34 31c8531259d447fa8358eb34b21b7e43 - - default default] Successfully bumped revision number for resource ce8615c8-319b-4368-b5b9-fa48f949e5de (type: security_group_rules) to 0
2026-07-08 06:18:42.370 9 INFO neutron.db.ovn_revision_numbers_db [None req-0b85f8c8-7a4d-4426-992d-fd25cd6d2d64 f9d0012c80a44f34981be525aa95de34 31c8531259d447fa8358eb34b21b7e43 - - default default] Successfully bumped revision number for resource e5b2782b-4d0a-4443-ae24-30b4b3bb7c14 (type: security_group_rules) to 0
2026-07-08 06:18:42.396 9 INFO neutron.wsgi [None req-0b85f8c8-7a4d-4426-992d-fd25cd6d2d64 f9d0012c80a44f34981be525aa95de34 31c8531259d447fa8358eb34b21b7e43 - - default default] 10.0.0.36 "GET /v2.0/security-groups?tenant_id=c1c00bd5bb7a432682239cabef854592&name=default HTTP/1.1" status: 200 len: 2996 time: 0.2266793
2026-07-08 06:18:42.440 10 INFO neutron.db.ovn_revision_numbers_db [None req-392a7590-b6be-450a-b1c9-7d475e018bcb 95e6d6c0c8494962b2a6978cfd0d2436 065881227c174c50bc4efcf1be6a6e8c - - default default] Successfully bumped revision number for resource 66042eb4-afc9-442b-bc75-a943530ceaa2 (type: ports) to 1
2026-07-08 06:18:42.458 10 INFO neutron.wsgi [None req-392a7590-b6be-450a-b1c9-7d475e018bcb 95e6d6c0c8494962b2a6978cfd0d2436 065881227c174c50bc4efcf1be6a6e8c - - default default] 10.0.0.36 "POST /v2.0/networks HTTP/1.1" status: 201 len: 830 time: 0.5980437
2026-07-08 06:18:42.519 10 INFO neutron.wsgi [None req-1969a6e9-c336-4ee3-8022-72a93234e954 95e6d6c0c8494962b2a6978cfd0d2436 065881227c174c50bc4efcf1be6a6e8c - - default default] 10.0.0.36 "PUT /v2.0/networks/3365377c-e3e2-4729-b683-2713622d60e4/tags HTTP/1.1" status: 200 len: 210 time: 0.0513556
2026-07-08 06:18:42.575 10 INFO neutron.wsgi [None req-c1f46741-1e6d-4381-87da-6b8ee06d2d00 95e6d6c0c8494962b2a6978cfd0d2436 065881227c174c50bc4efcf1be6a6e8c - - default default] 10.0.0.36 "PUT /v2.0/networks/84233267-4552-4af0-a004-3f8f812b55da/tags HTTP/1.1" status: 200 len: 218 time: 0.0504341
2026-07-08 06:18:42.634 9 INFO neutron.wsgi [None req-6632a46a-bb16-428a-b7fa-19254e9fed48 95e6d6c0c8494962b2a6978cfd0d2436 065881227c174c50bc4efcf1be6a6e8c - - default default] 10.0.0.36 "PUT /v2.0/networks/66b65c40-2a53-41f5-b1a7-b761e4a01c59/tags HTTP/1.1" status: 200 len: 227 time: 0.0540478
2026-07-08 06:18:42.680 10 INFO neutron.wsgi [None req-72dde752-2c26-4f39-88ee-c8fdde04cd78 95e6d6c0c8494962b2a6978cfd0d2436 065881227c174c50bc4efcf1be6a6e8c - - default default] 10.0.0.36 "PUT /v2.0/networks/4828415c-45da-46d1-ab7f-298e228be180/tags HTTP/1.1" status: 200 len: 212 time: 0.0415041
2026-07-08 06:18:42.725 10 INFO neutron.wsgi [None req-9e1401e3-06bd-4f0b-b7f2-cb925c2ac75c f9d0012c80a44f34981be525aa95de34 31c8531259d447fa8358eb34b21b7e43 - - default default] 10.0.0.36 "DELETE /v2.0/security-groups/02c5cffe-a2fd-4e19-8ffa-eb3b6ddb1732 HTTP/1.1" status: 204 len: 168 time: 0.3185003
2026-07-08 06:18:42.773 10 INFO neutron.wsgi [None req-a1565190-66d0-4856-9986-7a1bcf8e172e 95e6d6c0c8494962b2a6978cfd0d2436 065881227c174c50bc4efcf1be6a6e8c - - default default] 10.0.0.36 "GET /v2.0/networks?tags=red HTTP/1.1" status: 200 len: 2068 time: 0.0874925
2026-07-08 06:18:42.851 10 INFO neutron.wsgi [None req-d3e68489-f5e0-4ac0-929c-1b273fb1ed54 95e6d6c0c8494962b2a6978cfd0d2436 065881227c174c50bc4efcf1be6a6e8c - - default default] 10.0.0.36 "GET /v2.0/networks?tags=red%2Cblue HTTP/1.1" status: 200 len: 1456 time: 0.0722876
2026-07-08 06:18:42.929 10 INFO neutron.wsgi [None req-e6d4697b-2a05-48f8-b836-2dec4d2c057c 95e6d6c0c8494962b2a6978cfd0d2436 065881227c174c50bc4efcf1be6a6e8c - - default default] 10.0.0.36 "GET /v2.0/networks?tags-any=blue HTTP/1.1" status: 200 len: 1456 time: 0.0710819
2026-07-08 06:18:42.974 10 INFO neutron.db.ovn_revision_numbers_db [None req-c05680d7-d188-4964-ae5a-fd9a3c3b3f9c b24b2201e82a4aa69abca312c4789a78 b03bd29af57b46f2bfa8d8ccc2bd7550 - - default default] Successfully bumped revision number for resource 22904724-8f44-4b40-9d06-c5358f8ce16d (type: security_groups) to 1
2026-07-08 06:18:42.997 10 INFO neutron.wsgi [None req-0cdb9bcd-f018-4cea-946e-eb4378a2d7ef 95e6d6c0c8494962b2a6978cfd0d2436 065881227c174c50bc4efcf1be6a6e8c - - default default] 10.0.0.36 "GET /v2.0/networks?tags-any=red%2Cblue HTTP/1.1" status: 200 len: 2068 time: 0.0623391
2026-07-08 06:18:42.998 10 INFO neutron.db.ovn_revision_numbers_db [None req-c05680d7-d188-4964-ae5a-fd9a3c3b3f9c b24b2201e82a4aa69abca312c4789a78 b03bd29af57b46f2bfa8d8ccc2bd7550 - - default default] Successfully bumped revision number for resource 3c2650e4-fc41-4f59-b37c-800af6309b3a (type: security_group_rules) to 0
2026-07-08 06:18:43.028 10 INFO neutron.db.ovn_revision_numbers_db [None req-c05680d7-d188-4964-ae5a-fd9a3c3b3f9c b24b2201e82a4aa69abca312c4789a78 b03bd29af57b46f2bfa8d8ccc2bd7550 - - default default] Successfully bumped revision number for resource 5d0563b9-b9cd-4e92-94ff-5d5fd7828897 (type: security_group_rules) to 0
2026-07-08 06:18:43.063 10 INFO neutron.db.ovn_revision_numbers_db [None req-c05680d7-d188-4964-ae5a-fd9a3c3b3f9c b24b2201e82a4aa69abca312c4789a78 b03bd29af57b46f2bfa8d8ccc2bd7550 - - default default] Successfully bumped revision number for resource 6cf7a839-97b9-4787-b642-ffa9b50cbe4a (type: security_group_rules) to 0
2026-07-08 06:18:43.084 10 INFO neutron.db.ovn_revision_numbers_db [None req-c05680d7-d188-4964-ae5a-fd9a3c3b3f9c b24b2201e82a4aa69abca312c4789a78 b03bd29af57b46f2bfa8d8ccc2bd7550 - - default default] Successfully bumped revision number for resource ce8a352a-0891-49be-a0ad-b8594ad0d9d6 (type: security_group_rules) to 0
2026-07-08 06:18:43.104 10 INFO neutron.wsgi [None req-23856216-f467-4316-a5e1-613a5333d901 95e6d6c0c8494962b2a6978cfd0d2436 065881227c174c50bc4efcf1be6a6e8c - - default default] 10.0.0.36 "GET /v2.0/networks?not-tags=red HTTP/1.1" status: 200 len: 2067 time: 0.1024163
2026-07-08 06:18:43.142 10 INFO neutron.db.segments_db [None req-c05680d7-d188-4964-ae5a-fd9a3c3b3f9c b24b2201e82a4aa69abca312c4789a78 b03bd29af57b46f2bfa8d8ccc2bd7550 - - default default] Added segment 47369a9d-c1b0-469a-a587-f0d6d45cd849 of type geneve for network fb3c04ce-4747-4bd9-ab66-e95c114268c5
2026-07-08 06:18:43.238 9 INFO neutron.wsgi [None req-4e1f44ca-32b7-4637-b86f-1ffa59d1d988 95e6d6c0c8494962b2a6978cfd0d2436 065881227c174c50bc4efcf1be6a6e8c - - default default] 10.0.0.36 "GET /v2.0/networks?not-tags=red%2Cblue HTTP/1.1" status: 200 len: 2679 time: 0.1255543
2026-07-08 06:18:43.261 10 INFO neutron.db.ovn_revision_numbers_db [None req-c05680d7-d188-4964-ae5a-fd9a3c3b3f9c b24b2201e82a4aa69abca312c4789a78 b03bd29af57b46f2bfa8d8ccc2bd7550 - - default default] Successfully bumped revision number for resource fb3c04ce-4747-4bd9-ab66-e95c114268c5 (type: networks) to 1
2026-07-08 06:18:43.390 9 INFO neutron.wsgi [None req-d361c16a-7a24-49f1-8974-3c4f3228e25a 95e6d6c0c8494962b2a6978cfd0d2436 065881227c174c50bc4efcf1be6a6e8c - - default default] 10.0.0.36 "GET /v2.0/networks?not-tags-any=blue HTTP/1.1" status: 200 len: 2679 time: 0.1452165
2026-07-08 06:18:43.476 10 WARNING neutron.scheduler.dhcp_agent_scheduler [None req-c05680d7-d188-4964-ae5a-fd9a3c3b3f9c b24b2201e82a4aa69abca312c4789a78 b03bd29af57b46f2bfa8d8ccc2bd7550 - - default default] No more DHCP agents
2026-07-08 06:18:43.479 10 WARNING neutron.api.rpc.agentnotifiers.dhcp_rpc_agent_api [None req-c05680d7-d188-4964-ae5a-fd9a3c3b3f9c b24b2201e82a4aa69abca312c4789a78 b03bd29af57b46f2bfa8d8ccc2bd7550 - - default default] Unable to schedule network fb3c04ce-4747-4bd9-ab66-e95c114268c5: no agents available; will retry on subsequent port and subnet creation events.
2026-07-08 06:18:43.504 10 INFO neutron.wsgi [None req-7af0914a-0b89-4551-bca0-25b8d46f2ac3 95e6d6c0c8494962b2a6978cfd0d2436 065881227c174c50bc4efcf1be6a6e8c - - default default] 10.0.0.36 "GET /v2.0/networks?not-tags-any=red%2Cblue HTTP/1.1" status: 200 len: 2067 time: 0.1087065
2026-07-08 06:18:43.584 10 INFO neutron.db.ovn_revision_numbers_db [None req-c05680d7-d188-4964-ae5a-fd9a3c3b3f9c b24b2201e82a4aa69abca312c4789a78 b03bd29af57b46f2bfa8d8ccc2bd7550 - - default default] Successfully bumped revision number for resource 598515b4-9667-4c4e-a68e-cc53f47d280f (type: ports) to 1
2026-07-08 06:18:43.609 10 INFO neutron.wsgi [None req-c05680d7-d188-4964-ae5a-fd9a3c3b3f9c b24b2201e82a4aa69abca312c4789a78 b03bd29af57b46f2bfa8d8ccc2bd7550 - - default default] 10.0.0.36 "POST /v2.0/networks HTTP/1.1" status: 201 len: 830 time: 1.0476251
2026-07-08 06:18:43.840 10 INFO neutron.services.segments.plugin [-] Segment 0722cf25-ea17-45a8-b048-3dceed6e5db3 resource provider aggregate not found
2026-07-08 06:18:43.844 9 WARNING neutron.scheduler.dhcp_agent_scheduler [None req-bf1d24b6-498c-4501-920e-0d9ea6d2b0e6 b24b2201e82a4aa69abca312c4789a78 b03bd29af57b46f2bfa8d8ccc2bd7550 - - default default] No more DHCP agents
2026-07-08 06:18:43.846 9 WARNING neutron.api.rpc.agentnotifiers.dhcp_rpc_agent_api [None req-bf1d24b6-498c-4501-920e-0d9ea6d2b0e6 b24b2201e82a4aa69abca312c4789a78 b03bd29af57b46f2bfa8d8ccc2bd7550 - - default default] Unable to schedule network fb3c04ce-4747-4bd9-ab66-e95c114268c5: no agents available; will retry on subsequent port and subnet creation events.
2026-07-08 06:18:43.851 10 INFO neutron.services.segments.plugin [-] Segment 0722cf25-ea17-45a8-b048-3dceed6e5db3 resource provider aggregate not found
2026-07-08 06:18:43.859 10 INFO neutron.services.segments.plugin [-] Segment 0722cf25-ea17-45a8-b048-3dceed6e5db3 resource provider not found; error: Placement Client Error (4xx): {"errors": [{"status": 404, "title": "Not Found", "detail": "The resource could not be found.\n\n No resource provider with uuid 0722cf25-ea17-45a8-b048-3dceed6e5db3 found for delete ", "request_id": "req-b3e65b66-eb9c-4718-b7a3-239f43ce342a"}]}
2026-07-08 06:18:43.866 10 INFO neutron.services.segments.plugin [-] Segment 0722cf25-ea17-45a8-b048-3dceed6e5db3 resource provider not found; error: Placement Client Error (4xx): {"errors": [{"status": 404, "title": "Not Found", "detail": "The resource could not be found.\n\n No resource provider with uuid 0722cf25-ea17-45a8-b048-3dceed6e5db3 found for delete ", "request_id": "req-5acf8788-c31b-4514-91d3-6ce39cf8a7b5"}]}
2026-07-08 06:18:43.884 10 INFO neutron.wsgi [None req-6b627a69-ccd4-40ab-a2ec-0367e1003e1c 95e6d6c0c8494962b2a6978cfd0d2436 065881227c174c50bc4efcf1be6a6e8c - - default default] 10.0.0.36 "DELETE /v2.0/networks/3365377c-e3e2-4729-b683-2713622d60e4 HTTP/1.1" status: 204 len: 168 time: 0.3733497
2026-07-08 06:18:43.931 9 INFO neutron.db.ovn_revision_numbers_db [None req-bf1d24b6-498c-4501-920e-0d9ea6d2b0e6 b24b2201e82a4aa69abca312c4789a78 b03bd29af57b46f2bfa8d8ccc2bd7550 - - default default] Successfully bumped revision number for resource 19185880-8522-4655-b6a8-e3c9f1184c07 (type: ports) to 1
2026-07-08 06:18:43.951 9 INFO neutron.wsgi [None req-bf1d24b6-498c-4501-920e-0d9ea6d2b0e6 b24b2201e82a4aa69abca312c4789a78 b03bd29af57b46f2bfa8d8ccc2bd7550 - - default default] 10.0.0.36 "POST /v2.0/ports HTTP/1.1" status: 201 len: 942 time: 0.3379371 /var/lib/openstack/lib/python3.10/site-packages/pycadf/identifier.py:71: UserWarning: Invalid uuid: neutron. To ensure interoperability, identifiers should be a valid uuid. warnings.warn(('Invalid uuid: %s. To ensure interoperability, '
2026-07-08 06:18:44.205 9 INFO neutron.wsgi [None req-631f1a27-a542-493b-a2e7-6ebcceb32447 b24b2201e82a4aa69abca312c4789a78 b03bd29af57b46f2bfa8d8ccc2bd7550 - - default default] 10.0.0.36 "POST /v2.0/trunks HTTP/1.1" status: 201 len: 608 time: 0.2493963
2026-07-08 06:18:44.240 10 INFO neutron.wsgi [None req-d4d233b2-9573-4bfc-862f-befd3b9baa65 95e6d6c0c8494962b2a6978cfd0d2436 065881227c174c50bc4efcf1be6a6e8c - - default default] 10.0.0.36 "DELETE /v2.0/networks/84233267-4552-4af0-a004-3f8f812b55da HTTP/1.1" status: 204 len: 168 time: 0.3495922
2026-07-08 06:18:44.251 9 INFO neutron.wsgi [None req-b47f1cad-9e41-450b-a557-03c871029d4e b24b2201e82a4aa69abca312c4789a78 b03bd29af57b46f2bfa8d8ccc2bd7550 - - default default] 10.0.0.36 "PUT /v2.0/trunks/d496c308-74c4-4f04-9377-26b664604807/tags HTTP/1.1" status: 200 len: 218 time: 0.0349000
2026-07-08 06:18:44.279 9 INFO neutron.wsgi [None req-0d94967a-9e4f-4796-b5de-5e67e1c6fb75 b24b2201e82a4aa69abca312c4789a78 b03bd29af57b46f2bfa8d8ccc2bd7550 - - default default] 10.0.0.36 "GET /v2.0/trunks/d496c308-74c4-4f04-9377-26b664604807/tags HTTP/1.1" status: 200 len: 218 time: 0.0159197
