2026-07-08 06:19:19.967 10 WARNING neutron.api.rpc.agentnotifiers.dhcp_rpc_agent_api [req-54a792b9-206e-4a71-851f-cca438ac0fdc req-001fa102-86fd-474f-96bf-eda0c81bf020 b0e4cb4e5f0e44479b4dd4a2e22d712f 22ef3a8d64814bb681bc460586f0438f - - default default] Unable to schedule network 17a3d2aa-f658-43b5-9b0d-7ce63915faf5: no agents available; will retry on subsequent port and subnet creation events.
2026-07-08 06:19:19.970 9 INFO neutron.db.ovn_revision_numbers_db [None req-4e10479e-477a-41da-a15e-a00c0902e3d5 f9d0012c80a44f34981be525aa95de34 31c8531259d447fa8358eb34b21b7e43 - - default default] Successfully bumped revision number for resource 7e6c9fb4-f958-4ba9-90fd-2dc5d06eb72d (type: security_group_rules) to 0
2026-07-08 06:19:19.992 9 INFO neutron.db.ovn_revision_numbers_db [None req-4e10479e-477a-41da-a15e-a00c0902e3d5 f9d0012c80a44f34981be525aa95de34 31c8531259d447fa8358eb34b21b7e43 - - default default] Successfully bumped revision number for resource e154368a-924b-44e8-9db7-83e64b2cf5e3 (type: security_group_rules) to 0
2026-07-08 06:19:19.997 10 INFO neutron.notifiers.nova [-] Nova event matching ['req-6ca64b17-935b-4a29-9946-2ca8dfeb7083'] response: {'name': 'network-changed', 'server_uuid': '3dc8c53d-198b-457c-b61a-8cc652d07dad', 'tag': '781b503b-76f4-483b-8620-f87a8d9c34dd', 'status': 'completed', 'code': 200} /var/lib/openstack/lib/python3.10/site-packages/pycadf/identifier.py:71: UserWarning: Invalid uuid: neutron. To ensure interoperability, identifiers should be a valid uuid. warnings.warn(('Invalid uuid: %s. To ensure interoperability, '
2026-07-08 06:19:20.013 9 INFO neutron.wsgi [None req-4e10479e-477a-41da-a15e-a00c0902e3d5 f9d0012c80a44f34981be525aa95de34 31c8531259d447fa8358eb34b21b7e43 - - default default] 10.0.0.36 "GET /v2.0/security-groups?tenant_id=a7c07c324f794143af655d3448a18592&name=default HTTP/1.1" status: 200 len: 2996 time: 0.2073328
2026-07-08 06:19:20.031 10 INFO neutron.wsgi [req-4fa01f27-d69a-4277-9c81-efd7ea7f27dc req-71498fc5-7b18-4d9f-8add-7aa61042478e 26ca87b1b3324dddb79ad44d6e826bf6 47f08c3366dd447e8c92d7b83369e780 - - ee583b710bfd4bb2bf2b0a42e9676962 ee583b710bfd4bb2bf2b0a42e9676962] 199.204.45.89 "GET /v2.0/ports?tenant_id=9b66eb079a6042828ef42424ca3c3bca&device_id=3dc8c53d-198b-457c-b61a-8cc652d07dad HTTP/1.1" status: 200 len: 1628 time: 0.0393410
2026-07-08 06:19:20.061 10 INFO neutron.wsgi [req-4fa01f27-d69a-4277-9c81-efd7ea7f27dc req-6ed732d0-3227-43d2-858c-5b89faad3ade 26ca87b1b3324dddb79ad44d6e826bf6 47f08c3366dd447e8c92d7b83369e780 - - ee583b710bfd4bb2bf2b0a42e9676962 ee583b710bfd4bb2bf2b0a42e9676962] 199.204.45.89 "GET /v2.0/floatingips?fixed_ip_address=10.2.1.46&port_id=781b503b-76f4-483b-8620-f87a8d9c34dd HTTP/1.1" status: 200 len: 217 time: 0.0231128
2026-07-08 06:19:20.100 10 INFO neutron.wsgi [req-4fa01f27-d69a-4277-9c81-efd7ea7f27dc req-b23c38f6-eaf6-4166-ac2c-621f58b873db 26ca87b1b3324dddb79ad44d6e826bf6 47f08c3366dd447e8c92d7b83369e780 - - ee583b710bfd4bb2bf2b0a42e9676962 ee583b710bfd4bb2bf2b0a42e9676962] 199.204.45.89 "GET /v2.0/floatingips?fixed_ip_address=fd7b%3Af9f7%3Afff%3A4eca%3A%3A8a&port_id=781b503b-76f4-483b-8620-f87a8d9c34dd HTTP/1.1" status: 200 len: 217 time: 0.0280771
2026-07-08 06:19:20.198 9 INFO neutron.wsgi [None req-abb03411-63ef-4d77-bf7d-615a708b7798 f9d0012c80a44f34981be525aa95de34 31c8531259d447fa8358eb34b21b7e43 - - default default] 10.0.0.36 "DELETE /v2.0/security-groups/493e1a9a-89b5-4e2b-84ae-bc8013d01454 HTTP/1.1" status: 204 len: 168 time: 0.1803694
2026-07-08 06:19:20.428 10 INFO neutron.wsgi [req-4fa01f27-d69a-4277-9c81-efd7ea7f27dc req-3af81d22-e254-42ec-92d3-194b62906707 26ca87b1b3324dddb79ad44d6e826bf6 47f08c3366dd447e8c92d7b83369e780 - - ee583b710bfd4bb2bf2b0a42e9676962 ee583b710bfd4bb2bf2b0a42e9676962] 199.204.45.89 "GET /v2.0/subnets?id=c97e51e3-93c8-4646-b0e1-23b84dc3f8f4&id=a93a86da-0160-4bd7-8451-4aeddb752d1b HTTP/1.1" status: 200 len: 1562 time: 0.3209255
2026-07-08 06:19:20.467 10 INFO neutron.wsgi [req-4fa01f27-d69a-4277-9c81-efd7ea7f27dc req-77b3a976-a32e-4188-ade8-6e663c3b0261 26ca87b1b3324dddb79ad44d6e826bf6 47f08c3366dd447e8c92d7b83369e780 - - ee583b710bfd4bb2bf2b0a42e9676962 ee583b710bfd4bb2bf2b0a42e9676962] 199.204.45.89 "GET /v2.0/ports?network_id=99b5808b-9e71-4ed8-974e-6cbf953d27e8&device_owner=network%3Adhcp HTTP/1.1" status: 200 len: 210 time: 0.0311358
2026-07-08 06:19:20.497 10 INFO neutron.wsgi [req-4fa01f27-d69a-4277-9c81-efd7ea7f27dc req-40c1f646-3722-4279-900c-c3a9842fb305 26ca87b1b3324dddb79ad44d6e826bf6 47f08c3366dd447e8c92d7b83369e780 - - ee583b710bfd4bb2bf2b0a42e9676962 ee583b710bfd4bb2bf2b0a42e9676962] 199.204.45.89 "GET /v2.0/ports?network_id=99b5808b-9e71-4ed8-974e-6cbf953d27e8&device_owner=network%3Adhcp HTTP/1.1" status: 200 len: 210 time: 0.0233364
2026-07-08 06:19:20.497 10 INFO neutron.db.ovn_revision_numbers_db [req-54a792b9-206e-4a71-851f-cca438ac0fdc req-001fa102-86fd-474f-96bf-eda0c81bf020 b0e4cb4e5f0e44479b4dd4a2e22d712f 22ef3a8d64814bb681bc460586f0438f - - default default] Successfully bumped revision number for resource 2bde6802-71bc-418f-b9cb-4ce6cae11dd7 (type: ports) to 1
2026-07-08 06:19:20.526 9 INFO neutron.db.ovn_revision_numbers_db [None req-6225ddf8-5bcb-4ce0-bfdb-6e20ae5fb621 f9d0012c80a44f34981be525aa95de34 31c8531259d447fa8358eb34b21b7e43 - - default default] Successfully bumped revision number for resource a0302413-2473-4032-8997-16649d003547 (type: security_groups) to 1
2026-07-08 06:19:20.537 10 INFO neutron.wsgi [req-54a792b9-206e-4a71-851f-cca438ac0fdc req-001fa102-86fd-474f-96bf-eda0c81bf020 b0e4cb4e5f0e44479b4dd4a2e22d712f 22ef3a8d64814bb681bc460586f0438f - - default default] 199.204.45.89 "POST /v2.0/ports HTTP/1.1" status: 201 len: 1201 time: 1.0008440
2026-07-08 06:19:20.544 9 INFO neutron.db.ovn_revision_numbers_db [None req-6225ddf8-5bcb-4ce0-bfdb-6e20ae5fb621 f9d0012c80a44f34981be525aa95de34 31c8531259d447fa8358eb34b21b7e43 - - default default] Successfully bumped revision number for resource 5f02d332-afb8-4cdc-95f7-6add723d18d3 (type: security_group_rules) to 0
2026-07-08 06:19:20.556 9 INFO neutron.db.ovn_revision_numbers_db [None req-6225ddf8-5bcb-4ce0-bfdb-6e20ae5fb621 f9d0012c80a44f34981be525aa95de34 31c8531259d447fa8358eb34b21b7e43 - - default default] Successfully bumped revision number for resource 795caf5b-d858-4480-8350-24a7aabd66c4 (type: security_group_rules) to 0
2026-07-08 06:19:20.571 9 INFO neutron.db.ovn_revision_numbers_db [None req-6225ddf8-5bcb-4ce0-bfdb-6e20ae5fb621 f9d0012c80a44f34981be525aa95de34 31c8531259d447fa8358eb34b21b7e43 - - default default] Successfully bumped revision number for resource 9cce03ed-ec04-4e59-9ba9-58e06e9b0e59 (type: security_group_rules) to 0
2026-07-08 06:19:20.575 10 INFO neutron.wsgi [req-4fa01f27-d69a-4277-9c81-efd7ea7f27dc req-71b1ddb7-6ccb-4e2f-8f98-ef74985642c9 26ca87b1b3324dddb79ad44d6e826bf6 47f08c3366dd447e8c92d7b83369e780 - - ee583b710bfd4bb2bf2b0a42e9676962 ee583b710bfd4bb2bf2b0a42e9676962] 199.204.45.89 "GET /v2.0/networks/99b5808b-9e71-4ed8-974e-6cbf953d27e8?fields=segments HTTP/1.1" status: 200 len: 212 time: 0.0679770
2026-07-08 06:19:20.586 9 INFO neutron.db.ovn_revision_numbers_db [None req-6225ddf8-5bcb-4ce0-bfdb-6e20ae5fb621 f9d0012c80a44f34981be525aa95de34 31c8531259d447fa8358eb34b21b7e43 - - default default] Successfully bumped revision number for resource e19ca047-f8e9-4219-bf01-f2dbc7ee9b96 (type: security_group_rules) to 0
2026-07-08 06:19:20.611 9 INFO neutron.wsgi [None req-6225ddf8-5bcb-4ce0-bfdb-6e20ae5fb621 f9d0012c80a44f34981be525aa95de34 31c8531259d447fa8358eb34b21b7e43 - - default default] 10.0.0.36 "GET /v2.0/security-groups?tenant_id=fb8560fa4fcb427f82733216474ae4f0&name=default HTTP/1.1" status: 200 len: 2996 time: 0.2139885
2026-07-08 06:19:20.664 10 INFO neutron.wsgi [req-4fa01f27-d69a-4277-9c81-efd7ea7f27dc req-d8a109e7-0b9d-4648-9359-7bc135b1abd3 26ca87b1b3324dddb79ad44d6e826bf6 47f08c3366dd447e8c92d7b83369e780 - - ee583b710bfd4bb2bf2b0a42e9676962 ee583b710bfd4bb2bf2b0a42e9676962] 199.204.45.89 "GET /v2.0/networks/99b5808b-9e71-4ed8-974e-6cbf953d27e8?fields=provider%3Aphysical_network&fields=provider%3Anetwork_type HTTP/1.1" status: 200 len: 277 time: 0.0792336
2026-07-08 06:19:20.749 10 INFO neutron.wsgi [req-6e8f7fe2-9e40-417c-aeab-d6d1de043ec7 req-f5c03e31-100b-47cf-b653-b8481875a176 26ca87b1b3324dddb79ad44d6e826bf6 47f08c3366dd447e8c92d7b83369e780 - - ee583b710bfd4bb2bf2b0a42e9676962 ee583b710bfd4bb2bf2b0a42e9676962] 199.204.45.89 "GET /v2.0/ports?tenant_id=9b66eb079a6042828ef42424ca3c3bca&device_id=3dc8c53d-198b-457c-b61a-8cc652d07dad HTTP/1.1" status: 200 len: 1628 time: 0.0408444
2026-07-08 06:19:20.798 9 INFO neutron.wsgi [None req-557443d2-751b-4398-a7bf-43d510e4989e f9d0012c80a44f34981be525aa95de34 31c8531259d447fa8358eb34b21b7e43 - - default default] 10.0.0.36 "DELETE /v2.0/security-groups/a0302413-2473-4032-8997-16649d003547 HTTP/1.1" status: 204 len: 168 time: 0.1820009
2026-07-08 06:19:20.859 10 INFO neutron.wsgi [req-6e8f7fe2-9e40-417c-aeab-d6d1de043ec7 req-5348d916-5d77-47f4-8f74-1d059acaf78e 26ca87b1b3324dddb79ad44d6e826bf6 47f08c3366dd447e8c92d7b83369e780 - - ee583b710bfd4bb2bf2b0a42e9676962 ee583b710bfd4bb2bf2b0a42e9676962] 199.204.45.89 "GET /v2.0/networks?id=99b5808b-9e71-4ed8-974e-6cbf953d27e8 HTTP/1.1" status: 200 len: 1000 time: 0.1018219
2026-07-08 06:19:20.905 10 INFO neutron.wsgi [req-6e8f7fe2-9e40-417c-aeab-d6d1de043ec7 req-eb0c2bb1-2efe-4758-a703-a52cf62e4e7d 26ca87b1b3324dddb79ad44d6e826bf6 47f08c3366dd447e8c92d7b83369e780 - - ee583b710bfd4bb2bf2b0a42e9676962 ee583b710bfd4bb2bf2b0a42e9676962] 199.204.45.89 "GET /v2.0/floatingips?fixed_ip_address=10.2.1.46&port_id=781b503b-76f4-483b-8620-f87a8d9c34dd HTTP/1.1" status: 200 len: 217 time: 0.0387857
2026-07-08 06:19:20.936 10 INFO neutron.wsgi [req-6e8f7fe2-9e40-417c-aeab-d6d1de043ec7 req-7c855c7b-4830-4a5a-aa22-2d41d950bbe9 26ca87b1b3324dddb79ad44d6e826bf6 47f08c3366dd447e8c92d7b83369e780 - - ee583b710bfd4bb2bf2b0a42e9676962 ee583b710bfd4bb2bf2b0a42e9676962] 199.204.45.89 "GET /v2.0/floatingips?fixed_ip_address=fd7b%3Af9f7%3Afff%3A4eca%3A%3A8a&port_id=781b503b-76f4-483b-8620-f87a8d9c34dd HTTP/1.1" status: 200 len: 217 time: 0.0216770 /var/lib/openstack/lib/python3.10/site-packages/pycadf/identifier.py:71: UserWarning: Invalid uuid: neutron. To ensure interoperability, identifiers should be a valid uuid. warnings.warn(('Invalid uuid: %s. To ensure interoperability, '
2026-07-08 06:19:20.982 10 INFO neutron.wsgi [req-6e8f7fe2-9e40-417c-aeab-d6d1de043ec7 req-a63e90ca-b2c8-4789-b2c6-f399ec4f0251 26ca87b1b3324dddb79ad44d6e826bf6 47f08c3366dd447e8c92d7b83369e780 - - ee583b710bfd4bb2bf2b0a42e9676962 ee583b710bfd4bb2bf2b0a42e9676962] 199.204.45.89 "GET /v2.0/subnets?id=c97e51e3-93c8-4646-b0e1-23b84dc3f8f4&id=a93a86da-0160-4bd7-8451-4aeddb752d1b HTTP/1.1" status: 200 len: 1562 time: 0.0391116
2026-07-08 06:19:20.998 9 INFO neutron.wsgi [req-8cafb795-4c71-4f81-8175-38e13e6c4f85 req-55b5cf4e-bb54-4646-9325-2f814a72faff b0e4cb4e5f0e44479b4dd4a2e22d712f 22ef3a8d64814bb681bc460586f0438f - - default default] 10.0.0.153 "GET /v2.0/ports?device_id=fad43556-c294-48f9-8d60-56c816848789 HTTP/1.1" status: 200 len: 1212 time: 0.0461609
2026-07-08 06:19:21.019 10 INFO neutron.wsgi [req-6e8f7fe2-9e40-417c-aeab-d6d1de043ec7 req-a35f30b9-ad50-49bf-8a2c-9c54176a98a8 26ca87b1b3324dddb79ad44d6e826bf6 47f08c3366dd447e8c92d7b83369e780 - - ee583b710bfd4bb2bf2b0a42e9676962 ee583b710bfd4bb2bf2b0a42e9676962] 199.204.45.89 "GET /v2.0/ports?network_id=99b5808b-9e71-4ed8-974e-6cbf953d27e8&device_owner=network%3Adhcp HTTP/1.1" status: 200 len: 210 time: 0.0299702
2026-07-08 06:19:21.055 9 INFO neutron.wsgi [req-8cafb795-4c71-4f81-8175-38e13e6c4f85 req-eaf3b5fc-7763-46c5-ab35-b30fe78fd2a2 b0e4cb4e5f0e44479b4dd4a2e22d712f 22ef3a8d64814bb681bc460586f0438f - - default default] 10.0.0.153 "GET /v2.0/security-groups?id=e70ed9dc-d764-4e8d-ab5b-664d1303aa4c&id=147dd0cf-2a67-461a-8f46-182fea927972&fields=id&fields=name HTTP/1.1" status: 200 len: 405 time: 0.0475278
2026-07-08 06:19:21.056 10 INFO neutron.wsgi [req-6e8f7fe2-9e40-417c-aeab-d6d1de043ec7 req-cb5c083e-47a8-4d15-bb7d-4e37723ad053 26ca87b1b3324dddb79ad44d6e826bf6 47f08c3366dd447e8c92d7b83369e780 - - ee583b710bfd4bb2bf2b0a42e9676962 ee583b710bfd4bb2bf2b0a42e9676962] 199.204.45.89 "GET /v2.0/ports?network_id=99b5808b-9e71-4ed8-974e-6cbf953d27e8&device_owner=network%3Adhcp HTTP/1.1" status: 200 len: 210 time: 0.0252295
2026-07-08 06:19:21.216 10 INFO neutron.wsgi [req-6e8f7fe2-9e40-417c-aeab-d6d1de043ec7 req-ee777586-3dfc-4b0f-b068-3d6213696319 26ca87b1b3324dddb79ad44d6e826bf6 47f08c3366dd447e8c92d7b83369e780 - - ee583b710bfd4bb2bf2b0a42e9676962 ee583b710bfd4bb2bf2b0a42e9676962] 199.204.45.89 "GET /v2.0/networks/99b5808b-9e71-4ed8-974e-6cbf953d27e8?fields=segments HTTP/1.1" status: 200 len: 212 time: 0.1388433
2026-07-08 06:19:21.218 10 INFO neutron.db.ovn_revision_numbers_db [req-54a792b9-206e-4a71-851f-cca438ac0fdc req-2d2e1a3d-3fc8-4bd7-bf03-47c88b359dbb 26ca87b1b3324dddb79ad44d6e826bf6 47f08c3366dd447e8c92d7b83369e780 - - ee583b710bfd4bb2bf2b0a42e9676962 ee583b710bfd4bb2bf2b0a42e9676962] Successfully bumped revision number for resource 2bde6802-71bc-418f-b9cb-4ce6cae11dd7 (type: ports) to 2
2026-07-08 06:19:21.314 10 INFO neutron.wsgi [req-6e8f7fe2-9e40-417c-aeab-d6d1de043ec7 req-925a1572-f944-4db1-8311-39671de52899 26ca87b1b3324dddb79ad44d6e826bf6 47f08c3366dd447e8c92d7b83369e780 - - ee583b710bfd4bb2bf2b0a42e9676962 ee583b710bfd4bb2bf2b0a42e9676962] 199.204.45.89 "GET /v2.0/networks/99b5808b-9e71-4ed8-974e-6cbf953d27e8?fields=provider%3Aphysical_network&fields=provider%3Anetwork_type HTTP/1.1" status: 200 len: 277 time: 0.0863206
2026-07-08 06:19:21.455 10 INFO neutron.db.ovn_revision_numbers_db [req-54a792b9-206e-4a71-851f-cca438ac0fdc req-2d2e1a3d-3fc8-4bd7-bf03-47c88b359dbb 26ca87b1b3324dddb79ad44d6e826bf6 47f08c3366dd447e8c92d7b83369e780 - - ee583b710bfd4bb2bf2b0a42e9676962 ee583b710bfd4bb2bf2b0a42e9676962] Successfully bumped revision number for resource 2bde6802-71bc-418f-b9cb-4ce6cae11dd7 (type: ports) to 2
2026-07-08 06:19:21.483 10 INFO neutron.wsgi [req-54a792b9-206e-4a71-851f-cca438ac0fdc req-2d2e1a3d-3fc8-4bd7-bf03-47c88b359dbb 26ca87b1b3324dddb79ad44d6e826bf6 47f08c3366dd447e8c92d7b83369e780 - - ee583b710bfd4bb2bf2b0a42e9676962 ee583b710bfd4bb2bf2b0a42e9676962] 199.204.45.89 "PUT /v2.0/ports/2bde6802-71bc-418f-b9cb-4ce6cae11dd7 HTTP/1.1" status: 200 len: 1419 time: 0.9399493 /var/lib/openstack/lib/python3.10/site-packages/pycadf/identifier.py:71: UserWarning: Invalid uuid: neutron. To ensure interoperability, identifiers should be a valid uuid. warnings.warn(('Invalid uuid: %s. To ensure interoperability, '
2026-07-08 06:19:21.594 10 INFO neutron.wsgi [req-54a792b9-206e-4a71-851f-cca438ac0fdc req-e7831d9d-d94f-4bed-aee4-892a1ad0efcc 26ca87b1b3324dddb79ad44d6e826bf6 47f08c3366dd447e8c92d7b83369e780 - - ee583b710bfd4bb2bf2b0a42e9676962 ee583b710bfd4bb2bf2b0a42e9676962] 199.204.45.89 "GET /v2.0/ports?tenant_id=22ef3a8d64814bb681bc460586f0438f&device_id=fad43556-c294-48f9-8d60-56c816848789 HTTP/1.1" status: 200 len: 1450 time: 0.0561666
2026-07-08 06:19:21.623 10 INFO neutron.wsgi [req-54a792b9-206e-4a71-851f-cca438ac0fdc req-d009404f-a736-4d53-aaca-2d4a7ee633ff 26ca87b1b3324dddb79ad44d6e826bf6 47f08c3366dd447e8c92d7b83369e780 - - ee583b710bfd4bb2bf2b0a42e9676962 ee583b710bfd4bb2bf2b0a42e9676962] 199.204.45.89 "GET /v2.0/floatingips?fixed_ip_address=10.100.0.13&port_id=2bde6802-71bc-418f-b9cb-4ce6cae11dd7 HTTP/1.1" status: 200 len: 217 time: 0.0235779
2026-07-08 06:19:21.663 10 INFO neutron.wsgi [req-54a792b9-206e-4a71-851f-cca438ac0fdc req-c4841661-2132-4487-9775-3c628f68dae0 26ca87b1b3324dddb79ad44d6e826bf6 47f08c3366dd447e8c92d7b83369e780 - - ee583b710bfd4bb2bf2b0a42e9676962 ee583b710bfd4bb2bf2b0a42e9676962] 199.204.45.89 "GET /v2.0/subnets?id=08ec0699-ee42-490c-99d0-e2b5d32beca8 HTTP/1.1" status: 200 len: 866 time: 0.0366404
2026-07-08 06:19:21.688 10 INFO neutron.wsgi [req-54a792b9-206e-4a71-851f-cca438ac0fdc req-b308218e-9b5a-44fd-b664-c212f9851286 26ca87b1b3324dddb79ad44d6e826bf6 47f08c3366dd447e8c92d7b83369e780 - - ee583b710bfd4bb2bf2b0a42e9676962 ee583b710bfd4bb2bf2b0a42e9676962] 199.204.45.89 "GET /v2.0/ports?network_id=17a3d2aa-f658-43b5-9b0d-7ce63915faf5&device_owner=network%3Adhcp HTTP/1.1" status: 200 len: 210 time: 0.0195315
2026-07-08 06:19:21.740 10 INFO neutron.wsgi [req-54a792b9-206e-4a71-851f-cca438ac0fdc req-7e8799a3-84a7-463f-82a3-7c60a4980afb 26ca87b1b3324dddb79ad44d6e826bf6 47f08c3366dd447e8c92d7b83369e780 - - ee583b710bfd4bb2bf2b0a42e9676962 ee583b710bfd4bb2bf2b0a42e9676962] 199.204.45.89 "GET /v2.0/networks/17a3d2aa-f658-43b5-9b0d-7ce63915faf5?fields=segments HTTP/1.1" status: 200 len: 212 time: 0.0462930
2026-07-08 06:19:21.808 10 INFO neutron.wsgi [req-54a792b9-206e-4a71-851f-cca438ac0fdc req-5e6bec2d-764a-420b-9aa8-2151bf57cff6 26ca87b1b3324dddb79ad44d6e826bf6 47f08c3366dd447e8c92d7b83369e780 - - ee583b710bfd4bb2bf2b0a42e9676962 ee583b710bfd4bb2bf2b0a42e9676962] 199.204.45.89 "GET /v2.0/networks/17a3d2aa-f658-43b5-9b0d-7ce63915faf5?fields=provider%3Aphysical_network&fields=provider%3Anetwork_type HTTP/1.1" status: 200 len: 277 time: 0.0590658
2026-07-08 06:19:21.971 10 INFO neutron.wsgi [req-a7953284-f3bb-4f00-a6d2-e43813e8a014 req-1b54bc01-1d72-4da9-9ca8-a9b189378d91 26ca87b1b3324dddb79ad44d6e826bf6 47f08c3366dd447e8c92d7b83369e780 - - ee583b710bfd4bb2bf2b0a42e9676962 ee583b710bfd4bb2bf2b0a42e9676962] 199.204.45.89 "GET /v2.0/ports?device_id=fad43556-c294-48f9-8d60-56c816848789 HTTP/1.1" status: 200 len: 1450 time: 0.0315795
2026-07-08 06:19:22.025 10 INFO neutron.wsgi [req-a7953284-f3bb-4f00-a6d2-e43813e8a014 req-68acce48-fe76-4f0a-b7fa-54faf55ea5ac 26ca87b1b3324dddb79ad44d6e826bf6 47f08c3366dd447e8c92d7b83369e780 - - ee583b710bfd4bb2bf2b0a42e9676962 ee583b710bfd4bb2bf2b0a42e9676962] 199.204.45.89 "GET /v2.0/security-groups?id=e70ed9dc-d764-4e8d-ab5b-664d1303aa4c&id=147dd0cf-2a67-461a-8f46-182fea927972&fields=id&fields=name HTTP/1.1" status: 200 len: 405 time: 0.0482001
2026-07-08 06:19:22.032 10 INFO neutron.notifiers.nova [-] Nova event matching ['req-ce9360dc-2eff-46b0-ab15-91993129652a'] response: {'name': 'network-changed', 'server_uuid': 'fad43556-c294-48f9-8d60-56c816848789', 'tag': '2bde6802-71bc-418f-b9cb-4ce6cae11dd7', 'status': 'completed', 'code': 200}
2026-07-08 06:19:22.134 10 INFO neutron.wsgi [req-40e6fe46-2c1a-45ec-8aed-7a810fecad70 req-2fed4d3a-7493-49ce-8b57-49c980c3df7b 26ca87b1b3324dddb79ad44d6e826bf6 47f08c3366dd447e8c92d7b83369e780 - - ee583b710bfd4bb2bf2b0a42e9676962 ee583b710bfd4bb2bf2b0a42e9676962] 199.204.45.89 "GET /v2.0/ports?tenant_id=22ef3a8d64814bb681bc460586f0438f&device_id=fad43556-c294-48f9-8d60-56c816848789 HTTP/1.1" status: 200 len: 1450 time: 0.0570755
2026-07-08 06:19:22.222 10 INFO neutron.wsgi [req-40e6fe46-2c1a-45ec-8aed-7a810fecad70 req-5c2540d4-40ec-4233-a152-1b020f90c29b 26ca87b1b3324dddb79ad44d6e826bf6 47f08c3366dd447e8c92d7b83369e780 - - ee583b710bfd4bb2bf2b0a42e9676962 ee583b710bfd4bb2bf2b0a42e9676962] 199.204.45.89 "GET /v2.0/networks?id=17a3d2aa-f658-43b5-9b0d-7ce63915faf5 HTTP/1.1" status: 200 len: 971 time: 0.0824330
2026-07-08 06:19:22.224 9 INFO neutron.wsgi [req-bbc4c5c8-00ac-41b5-b16f-2581392285f3 req-1112a83c-7628-4ff0-9b44-905588a4c619 b0e4cb4e5f0e44479b4dd4a2e22d712f 22ef3a8d64814bb681bc460586f0438f - - default default] 10.0.0.153 "GET /v2.0/ports?device_id=fad43556-c294-48f9-8d60-56c816848789 HTTP/1.1" status: 200 len: 1212 time: 0.0368021
2026-07-08 06:19:22.262 10 INFO neutron.wsgi [req-40e6fe46-2c1a-45ec-8aed-7a810fecad70 req-44bf4a6f-e828-44ca-ac80-ad0600be368b 26ca87b1b3324dddb79ad44d6e826bf6 47f08c3366dd447e8c92d7b83369e780 - - ee583b710bfd4bb2bf2b0a42e9676962 ee583b710bfd4bb2bf2b0a42e9676962] 199.204.45.89 "GET /v2.0/floatingips?fixed_ip_address=10.100.0.13&port_id=2bde6802-71bc-418f-b9cb-4ce6cae11dd7 HTTP/1.1" status: 200 len: 217 time: 0.0351236
2026-07-08 06:19:22.301 9 INFO neutron.wsgi [req-bbc4c5c8-00ac-41b5-b16f-2581392285f3 req-f3cc270d-1736-4af1-8bbb-a67a61d96e84 b0e4cb4e5f0e44479b4dd4a2e22d712f 22ef3a8d64814bb681bc460586f0438f - - default default] 10.0.0.153 "GET /v2.0/security-groups?id=e70ed9dc-d764-4e8d-ab5b-664d1303aa4c&id=147dd0cf-2a67-461a-8f46-182fea927972&fields=id&fields=name HTTP/1.1" status: 200 len: 405 time: 0.0716228
2026-07-08 06:19:22.318 10 INFO neutron.wsgi [req-40e6fe46-2c1a-45ec-8aed-7a810fecad70 req-ff03d9da-72c0-4949-b08f-38f9cd090819 26ca87b1b3324dddb79ad44d6e826bf6 47f08c3366dd447e8c92d7b83369e780 - - ee583b710bfd4bb2bf2b0a42e9676962 ee583b710bfd4bb2bf2b0a42e9676962] 199.204.45.89 "GET /v2.0/subnets?id=08ec0699-ee42-490c-99d0-e2b5d32beca8 HTTP/1.1" status: 200 len: 866 time: 0.0446610
2026-07-08 06:19:22.353 10 INFO neutron.wsgi [req-40e6fe46-2c1a-45ec-8aed-7a810fecad70 req-87720be3-ad12-4751-afcb-1a9e193c0f53 26ca87b1b3324dddb79ad44d6e826bf6 47f08c3366dd447e8c92d7b83369e780 - - ee583b710bfd4bb2bf2b0a42e9676962 ee583b710bfd4bb2bf2b0a42e9676962] 199.204.45.89 "GET /v2.0/ports?network_id=17a3d2aa-f658-43b5-9b0d-7ce63915faf5&device_owner=network%3Adhcp HTTP/1.1" status: 200 len: 210 time: 0.0257525
2026-07-08 06:19:22.424 10 INFO neutron.wsgi [req-40e6fe46-2c1a-45ec-8aed-7a810fecad70 req-a80064b6-0aa1-4d8b-8ecf-7f21b3efacf0 26ca87b1b3324dddb79ad44d6e826bf6 47f08c3366dd447e8c92d7b83369e780 - - ee583b710bfd4bb2bf2b0a42e9676962 ee583b710bfd4bb2bf2b0a42e9676962] 199.204.45.89 "GET /v2.0/networks/17a3d2aa-f658-43b5-9b0d-7ce63915faf5?fields=segments HTTP/1.1" status: 200 len: 212 time: 0.0598204
2026-07-08 06:19:22.517 10 INFO neutron.wsgi [req-40e6fe46-2c1a-45ec-8aed-7a810fecad70 req-1c669586-ad44-483d-9142-d0f19bc79631 26ca87b1b3324dddb79ad44d6e826bf6 47f08c3366dd447e8c92d7b83369e780 - - ee583b710bfd4bb2bf2b0a42e9676962 ee583b710bfd4bb2bf2b0a42e9676962] 199.204.45.89 "GET /v2.0/networks/17a3d2aa-f658-43b5-9b0d-7ce63915faf5?fields=provider%3Aphysical_network&fields=provider%3Anetwork_type HTTP/1.1" status: 200 len: 277 time: 0.0836980
2026-07-08 06:19:22.941 9 WARNING neutron.plugins.ml2.drivers.ovn.mech_driver.ovsdb.ovn_client [None req-41e60fba-ef33-4b33-94db-723173586111 - - - - - -] No hosting information found for port 6c077195-705f-4422-af4f-b846a08ea007: RuntimeError: No hosting information found for port 6c077195-705f-4422-af4f-b846a08ea007
2026-07-08 06:19:22.941 9 INFO neutron.plugins.ml2.drivers.ovn.mech_driver.mech_driver [None req-41e60fba-ef33-4b33-94db-723173586111 - - - - - -] OVN reports status up for port: 2bde6802-71bc-418f-b9cb-4ce6cae11dd7
2026-07-08 06:19:22.951 10 INFO neutron.wsgi [req-041dffc2-86d9-4015-8402-49a0a67fd9fa req-cfddcdce-3f5d-49a5-a63f-419a303fad40 2533ad4d2433471daecf610dd2af07f8 9b66eb079a6042828ef42424ca3c3bca - - default default] 10.0.0.153 "GET /v2.0/ports?device_id=3dc8c53d-198b-457c-b61a-8cc652d07dad HTTP/1.1" status: 200 len: 1390 time: 0.0903718
2026-07-08 06:19:22.960 9 INFO neutron.plugins.ml2.plugin [None req-41e60fba-ef33-4b33-94db-723173586111 - - - - - -] Attempt 1 to provision port 2bde6802-71bc-418f-b9cb-4ce6cae11dd7
2026-07-08 06:19:23.003 10 INFO neutron.wsgi [req-041dffc2-86d9-4015-8402-49a0a67fd9fa req-0dd1d3b7-fc26-42cf-a4e3-369cc35d3f1a 2533ad4d2433471daecf610dd2af07f8 9b66eb079a6042828ef42424ca3c3bca - - default default] 10.0.0.153 "GET /v2.0/security-groups?id=e7462759-b424-44e1-a088-4bdc56d76baa&fields=id&fields=name HTTP/1.1" status: 200 len: 311 time: 0.0477037
2026-07-08 06:19:23.073 9 INFO neutron.notifiers.nova [-] Nova event matching ['req-41ced1a2-48a9-4b30-8e4c-ef542df3e261'] response: {'server_uuid': 'fad43556-c294-48f9-8d60-56c816848789', 'name': 'network-vif-plugged', 'status': 'completed', 'tag': '2bde6802-71bc-418f-b9cb-4ce6cae11dd7', 'code': 200}
2026-07-08 06:19:23.285 10 WARNING neutron.plugins.ml2.drivers.ovn.mech_driver.ovsdb.ovn_client [None req-1f3ac1b1-c9eb-4667-a03d-cc9a1820faa9 - - - - - -] No hosting information found for port f8f0fb2d-f8ae-4dcc-bf86-2c346d4f9a52: RuntimeError: No hosting information found for port f8f0fb2d-f8ae-4dcc-bf86-2c346d4f9a52
2026-07-08 06:19:23.285 10 INFO neutron.plugins.ml2.drivers.ovn.mech_driver.mech_driver [None req-1f3ac1b1-c9eb-4667-a03d-cc9a1820faa9 - - - - - -] OVN reports status up for port: 781b503b-76f4-483b-8620-f87a8d9c34dd
2026-07-08 06:19:23.298 10 INFO neutron.plugins.ml2.plugin [None req-1f3ac1b1-c9eb-4667-a03d-cc9a1820faa9 - - - - - -] Attempt 1 to provision port 781b503b-76f4-483b-8620-f87a8d9c34dd
2026-07-08 06:19:23.311 9 INFO neutron.db.ovn_revision_numbers_db [None req-41e60fba-ef33-4b33-94db-723173586111 - - - - - -] Successfully bumped revision number for resource 2bde6802-71bc-418f-b9cb-4ce6cae11dd7 (type: ports) to 4
2026-07-08 06:19:23.465 10 INFO neutron.wsgi [req-8fc5c75b-0237-4702-a8b4-086d7431c24e req-adb6f5db-f5fa-4a5b-8c76-e281d502a61a b0e4cb4e5f0e44479b4dd4a2e22d712f 22ef3a8d64814bb681bc460586f0438f - - default default] 10.0.0.153 "GET /v2.0/ports?device_id=fad43556-c294-48f9-8d60-56c816848789 HTTP/1.1" status: 200 len: 1214 time: 0.0977070
2026-07-08 06:19:23.514 10 INFO neutron.wsgi [req-8fc5c75b-0237-4702-a8b4-086d7431c24e req-f1d1f5ef-a8c5-4ccc-8356-fb455bc0395f b0e4cb4e5f0e44479b4dd4a2e22d712f 22ef3a8d64814bb681bc460586f0438f - - default default] 10.0.0.153 "GET /v2.0/security-groups?id=e70ed9dc-d764-4e8d-ab5b-664d1303aa4c&id=147dd0cf-2a67-461a-8f46-182fea927972&fields=id&fields=name HTTP/1.1" status: 200 len: 405 time: 0.0412374 /var/lib/openstack/lib/python3.10/site-packages/pycadf/identifier.py:71: UserWarning: Invalid uuid: neutron. To ensure interoperability, identifiers should be a valid uuid. warnings.warn(('Invalid uuid: %s. To ensure interoperability, '
2026-07-08 06:19:23.630 10 INFO neutron.wsgi [-] 10.0.0.203 "GET / HTTP/1.1" status: 200 len: 247 time: 0.0015516
2026-07-08 06:19:23.632 10 INFO neutron.wsgi [-] 10.0.0.203 "GET / HTTP/1.1" status: 200 len: 247 time: 0.0012088
2026-07-08 06:19:23.637 10 INFO neutron.db.ovn_revision_numbers_db [None req-1f3ac1b1-c9eb-4667-a03d-cc9a1820faa9 - - - - - -] Successfully bumped revision number for resource 781b503b-76f4-483b-8620-f87a8d9c34dd (type: ports) to 4
2026-07-08 06:19:23.684 9 INFO neutron.wsgi [req-8184ce7e-916c-4db2-b8e7-fd086721ccbc req-48605951-d23a-48d5-9a0a-8175542bee65 b0e4cb4e5f0e44479b4dd4a2e22d712f 22ef3a8d64814bb681bc460586f0438f - - default default] 10.0.0.153 "GET /v2.0/ports?device_id=fad43556-c294-48f9-8d60-56c816848789 HTTP/1.1" status: 200 len: 1214 time: 0.1060624 /var/lib/openstack/lib/python3.10/site-packages/pycadf/identifier.py:71: UserWarning: Invalid uuid: neutron. To ensure interoperability, identifiers should be a valid uuid. warnings.warn(('Invalid uuid: %s. To ensure interoperability, '
2026-07-08 06:19:23.914 10 INFO neutron.db.l3_db [None req-8dbd8631-ffc4-48ce-a2ab-6a6ce58c2534 b0e4cb4e5f0e44479b4dd4a2e22d712f 22ef3a8d64814bb681bc460586f0438f - - default default] Floating IP e1379e2b-1baf-47ff-b119-30f8965ee7d5 associated. External IP: 10.96.250.202, port: 2bde6802-71bc-418f-b9cb-4ce6cae11dd7.
2026-07-08 06:19:24.084 10 INFO neutron.notifiers.nova [-] Nova event matching ['req-9dd02ff2-cb6b-49ac-981b-c19e3a4d2bf4'] response: {'server_uuid': '3dc8c53d-198b-457c-b61a-8cc652d07dad', 'name': 'network-vif-plugged', 'status': 'completed', 'tag': '781b503b-76f4-483b-8620-f87a8d9c34dd', 'code': 200}
2026-07-08 06:19:24.085 10 INFO neutron.notifiers.nova [-] Nova event matching ['req-9dd02ff2-cb6b-49ac-981b-c19e3a4d2bf4'] response: {'server_uuid': '3dc8c53d-198b-457c-b61a-8cc652d07dad', 'name': 'network-vif-plugged', 'status': 'completed', 'tag': '781b503b-76f4-483b-8620-f87a8d9c34dd', 'code': 200}
2026-07-08 06:19:24.123 10 INFO neutron.db.ovn_revision_numbers_db [None req-8dbd8631-ffc4-48ce-a2ab-6a6ce58c2534 b0e4cb4e5f0e44479b4dd4a2e22d712f 22ef3a8d64814bb681bc460586f0438f - - default default] Successfully bumped revision number for resource e1379e2b-1baf-47ff-b119-30f8965ee7d5 (type: floatingips) to 1
2026-07-08 06:19:24.261 10 INFO neutron.db.ovn_revision_numbers_db [None req-8dbd8631-ffc4-48ce-a2ab-6a6ce58c2534 b0e4cb4e5f0e44479b4dd4a2e22d712f 22ef3a8d64814bb681bc460586f0438f - - default default] Successfully bumped revision number for resource e1379e2b-1baf-47ff-b119-30f8965ee7d5 (type: floatingips) to 2
2026-07-08 06:19:24.287 10 INFO neutron.wsgi [None req-8dbd8631-ffc4-48ce-a2ab-6a6ce58c2534 b0e4cb4e5f0e44479b4dd4a2e22d712f 22ef3a8d64814bb681bc460586f0438f - - default default] 10.0.0.36 "PUT /v2.0/floatingips/e1379e2b-1baf-47ff-b119-30f8965ee7d5 HTTP/1.1" status: 200 len: 1050 time: 0.5898743
2026-07-08 06:19:25.120 9 INFO neutron.notifiers.nova [-] Nova event matching ['req-4e467be8-fd83-4da1-b08c-422033f63b3a'] response: {'server_uuid': 'fad43556-c294-48f9-8d60-56c816848789', 'name': 'network-vif-plugged', 'status': 'completed', 'tag': '2bde6802-71bc-418f-b9cb-4ce6cae11dd7', 'code': 200}
2026-07-08 06:19:25.381 10 INFO neutron.db.ovn_revision_numbers_db [None req-98629085-aa42-4afc-b259-e52dad941f05 5090cc6ae0244ce7b03f5152c6c9cf63 8e2418a71d644349878a05c3e46d4c9d - - default default] Successfully bumped revision number for resource 99aa82c1-6a1d-4c18-8fe0-3f23d81eede1 (type: security_groups) to 1
2026-07-08 06:19:25.397 10 INFO neutron.db.ovn_revision_numbers_db [None req-98629085-aa42-4afc-b259-e52dad941f05 5090cc6ae0244ce7b03f5152c6c9cf63 8e2418a71d644349878a05c3e46d4c9d - - default default] Successfully bumped revision number for resource 23df4b08-6c23-416b-a0ee-1be7b0771f0a (type: security_group_rules) to 0
2026-07-08 06:19:25.410 10 INFO neutron.db.ovn_revision_numbers_db [None req-98629085-aa42-4afc-b259-e52dad941f05 5090cc6ae0244ce7b03f5152c6c9cf63 8e2418a71d644349878a05c3e46d4c9d - - default default] Successfully bumped revision number for resource 3ecdba66-6f1a-48ae-9af3-b76591059466 (type: security_group_rules) to 0
2026-07-08 06:19:25.426 10 INFO neutron.db.ovn_revision_numbers_db [None req-98629085-aa42-4afc-b259-e52dad941f05 5090cc6ae0244ce7b03f5152c6c9cf63 8e2418a71d644349878a05c3e46d4c9d - - default default] Successfully bumped revision number for resource 42421f60-157b-474f-bb7f-71dd3b4aa338 (type: security_group_rules) to 0
2026-07-08 06:19:25.438 10 INFO neutron.db.ovn_revision_numbers_db [None req-98629085-aa42-4afc-b259-e52dad941f05 5090cc6ae0244ce7b03f5152c6c9cf63 8e2418a71d644349878a05c3e46d4c9d - - default default] Successfully bumped revision number for resource faf343de-aefa-4ef4-8503-eb040efe9c63 (type: security_group_rules) to 0
2026-07-08 06:19:25.509 10 INFO neutron.db.ovn_revision_numbers_db [None req-98629085-aa42-4afc-b259-e52dad941f05 5090cc6ae0244ce7b03f5152c6c9cf63 8e2418a71d644349878a05c3e46d4c9d - - default default] Successfully bumped revision number for resource b6813813-e5e1-45e7-905d-86abc39d3583 (type: security_groups) to 1
2026-07-08 06:19:25.519 10 INFO neutron.db.ovn_revision_numbers_db [None req-98629085-aa42-4afc-b259-e52dad941f05 5090cc6ae0244ce7b03f5152c6c9cf63 8e2418a71d644349878a05c3e46d4c9d - - default default] Successfully bumped revision number for resource 219ee763-d29e-4baf-bd00-1a168571c9bc (type: security_group_rules) to 0
2026-07-08 06:19:25.532 10 INFO neutron.db.ovn_revision_numbers_db [None req-98629085-aa42-4afc-b259-e52dad941f05 5090cc6ae0244ce7b03f5152c6c9cf63 8e2418a71d644349878a05c3e46d4c9d - - default default] Successfully bumped revision number for resource 542590b9-54d4-4c18-8249-6c7cab359255 (type: security_group_rules) to 0
2026-07-08 06:19:25.550 10 INFO neutron.wsgi [None req-98629085-aa42-4afc-b259-e52dad941f05 5090cc6ae0244ce7b03f5152c6c9cf63 8e2418a71d644349878a05c3e46d4c9d - - default default] 10.0.0.36 "POST /v2.0/security-groups HTTP/1.1" status: 201 len: 1737 time: 0.4947815 /var/lib/openstack/lib/python3.10/site-packages/pycadf/identifier.py:71: UserWarning: Invalid uuid: neutron. To ensure interoperability, identifiers should be a valid uuid. warnings.warn(('Invalid uuid: %s. To ensure interoperability, '
2026-07-08 06:19:25.698 9 INFO neutron.db.ovn_revision_numbers_db [None req-0158535c-90ca-4fad-af07-23f4326aa483 5090cc6ae0244ce7b03f5152c6c9cf63 8e2418a71d644349878a05c3e46d4c9d - - default default] Successfully bumped revision number for resource 303b52f3-25f9-4a1e-b82e-251168e1b05d (type: security_groups) to 1
2026-07-08 06:19:25.716 9 INFO neutron.db.ovn_revision_numbers_db [None req-0158535c-90ca-4fad-af07-23f4326aa483 5090cc6ae0244ce7b03f5152c6c9cf63 8e2418a71d644349878a05c3e46d4c9d - - default default] Successfully bumped revision number for resource 0866df01-11ba-486b-8500-08720c628618 (type: security_group_rules) to 0
2026-07-08 06:19:25.730 9 INFO neutron.db.ovn_revision_numbers_db [None req-0158535c-90ca-4fad-af07-23f4326aa483 5090cc6ae0244ce7b03f5152c6c9cf63 8e2418a71d644349878a05c3e46d4c9d - - default default] Successfully bumped revision number for resource ce8098ed-4992-496f-abab-88c3b686bda6 (type: security_group_rules) to 0
2026-07-08 06:19:25.753 9 INFO neutron.wsgi [None req-0158535c-90ca-4fad-af07-23f4326aa483 5090cc6ae0244ce7b03f5152c6c9cf63 8e2418a71d644349878a05c3e46d4c9d - - default default] 10.0.0.36 "POST /v2.0/security-groups HTTP/1.1" status: 201 len: 1737 time: 0.1948035
2026-07-08 06:19:25.856 9 INFO neutron.db.ovn_revision_numbers_db [None req-e848421e-d316-4833-9c4f-16829d6cc2ed 5090cc6ae0244ce7b03f5152c6c9cf63 8e2418a71d644349878a05c3e46d4c9d - - default default] Successfully bumped revision number for resource 4b94e2c8-bacb-4cab-b05a-cabf28c7ea44 (type: security_groups) to 1
2026-07-08 06:19:25.868 9 INFO neutron.db.ovn_revision_numbers_db [None req-e848421e-d316-4833-9c4f-16829d6cc2ed 5090cc6ae0244ce7b03f5152c6c9cf63 8e2418a71d644349878a05c3e46d4c9d - - default default] Successfully bumped revision number for resource 4fbca982-cb5e-41c4-9350-ebd559f3a7f0 (type: security_group_rules) to 0
2026-07-08 06:19:25.884 9 INFO neutron.db.ovn_revision_numbers_db [None req-e848421e-d316-4833-9c4f-16829d6cc2ed 5090cc6ae0244ce7b03f5152c6c9cf63 8e2418a71d644349878a05c3e46d4c9d - - default default] Successfully bumped revision number for resource f52c8def-ee8b-4e46-833e-566bef6fae74 (type: security_group_rules) to 0
2026-07-08 06:19:25.902 9 INFO neutron.wsgi [None req-e848421e-d316-4833-9c4f-16829d6cc2ed 5090cc6ae0244ce7b03f5152c6c9cf63 8e2418a71d644349878a05c3e46d4c9d - - default default] 10.0.0.36 "POST /v2.0/security-groups HTTP/1.1" status: 201 len: 1737 time: 0.1444809
2026-07-08 06:19:26.008 9 INFO neutron.db.ovn_revision_numbers_db [None req-f6e602ae-5cc1-4daa-8622-8c60a92bbe07 5090cc6ae0244ce7b03f5152c6c9cf63 8e2418a71d644349878a05c3e46d4c9d - - default default] Successfully bumped revision number for resource b4cce65d-dc30-41e1-bc73-6997c1e78d2d (type: security_groups) to 1
2026-07-08 06:19:26.031 9 INFO neutron.db.ovn_revision_numbers_db [None req-f6e602ae-5cc1-4daa-8622-8c60a92bbe07 5090cc6ae0244ce7b03f5152c6c9cf63 8e2418a71d644349878a05c3e46d4c9d - - default default] Successfully bumped revision number for resource 58879a95-89bf-4b8b-8206-c4ae2ad20754 (type: security_group_rules) to 0
2026-07-08 06:19:26.053 9 INFO neutron.db.ovn_revision_numbers_db [None req-f6e602ae-5cc1-4daa-8622-8c60a92bbe07 5090cc6ae0244ce7b03f5152c6c9cf63 8e2418a71d644349878a05c3e46d4c9d - - default default] Successfully bumped revision number for resource e6cd0f79-1624-4c16-90fc-a439c0b35f19 (type: security_group_rules) to 0
2026-07-08 06:19:26.081 9 INFO neutron.wsgi [None req-f6e602ae-5cc1-4daa-8622-8c60a92bbe07 5090cc6ae0244ce7b03f5152c6c9cf63 8e2418a71d644349878a05c3e46d4c9d - - default default] 10.0.0.36 "POST /v2.0/security-groups HTTP/1.1" status: 201 len: 1737 time: 0.1736307
2026-07-08 06:19:26.132 10 INFO neutron.notifiers.nova [-] Nova event matching ['req-73e4ff2d-ffbd-4ccd-a653-938902e8e4cf'] response: {'name': 'network-changed', 'server_uuid': 'fad43556-c294-48f9-8d60-56c816848789', 'tag': '2bde6802-71bc-418f-b9cb-4ce6cae11dd7', 'status': 'completed', 'code': 200}
2026-07-08 06:19:26.188 10 INFO neutron.wsgi [req-f0af9f9d-8452-409a-a122-a59131305ed7 req-55f9037f-e696-416b-8356-c27ec18fa5c3 26ca87b1b3324dddb79ad44d6e826bf6 47f08c3366dd447e8c92d7b83369e780 - - ee583b710bfd4bb2bf2b0a42e9676962 ee583b710bfd4bb2bf2b0a42e9676962] 199.204.45.89 "GET /v2.0/ports?tenant_id=22ef3a8d64814bb681bc460586f0438f&device_id=fad43556-c294-48f9-8d60-56c816848789 HTTP/1.1" status: 200 len: 1452 time: 0.0399485
2026-07-08 06:19:26.248 9 INFO neutron.db.ovn_revision_numbers_db [None req-b90d8de1-7f66-4a4a-9e0e-269c622c5df2 5090cc6ae0244ce7b03f5152c6c9cf63 8e2418a71d644349878a05c3e46d4c9d - - default default] Successfully bumped revision number for resource d86a447a-7739-4c0c-b195-0d70e149db7c (type: security_groups) to 1
2026-07-08 06:19:26.265 9 INFO neutron.db.ovn_revision_numbers_db [None req-b90d8de1-7f66-4a4a-9e0e-269c622c5df2 5090cc6ae0244ce7b03f5152c6c9cf63 8e2418a71d644349878a05c3e46d4c9d - - default default] Successfully bumped revision number for resource 5d4e7d56-ca87-4cd4-9ea1-c4365ca60047 (type: security_group_rules) to 0
2026-07-08 06:19:26.270 10 INFO neutron.wsgi [req-f0af9f9d-8452-409a-a122-a59131305ed7 req-e574eab3-7d61-4823-9b62-4f9712832942 26ca87b1b3324dddb79ad44d6e826bf6 47f08c3366dd447e8c92d7b83369e780 - - ee583b710bfd4bb2bf2b0a42e9676962 ee583b710bfd4bb2bf2b0a42e9676962] 199.204.45.89 "GET /v2.0/networks?id=17a3d2aa-f658-43b5-9b0d-7ce63915faf5 HTTP/1.1" status: 200 len: 971 time: 0.0767117
2026-07-08 06:19:26.290 9 INFO neutron.db.ovn_revision_numbers_db [None req-b90d8de1-7f66-4a4a-9e0e-269c622c5df2 5090cc6ae0244ce7b03f5152c6c9cf63 8e2418a71d644349878a05c3e46d4c9d - - default default] Successfully bumped revision number for resource c08a3ddc-cdef-4fd3-b325-200868024707 (type: security_group_rules) to 0
2026-07-08 06:19:26.323 9 INFO neutron.wsgi [None req-b90d8de1-7f66-4a4a-9e0e-269c622c5df2 5090cc6ae0244ce7b03f5152c6c9cf63 8e2418a71d644349878a05c3e46d4c9d - - default default] 10.0.0.36 "POST /v2.0/security-groups HTTP/1.1" status: 201 len: 1737 time: 0.2336743
2026-07-08 06:19:26.324 10 INFO neutron.wsgi [req-f0af9f9d-8452-409a-a122-a59131305ed7 req-2de3c850-d43a-4167-bb64-aad57c04fc73 26ca87b1b3324dddb79ad44d6e826bf6 47f08c3366dd447e8c92d7b83369e780 - - ee583b710bfd4bb2bf2b0a42e9676962 ee583b710bfd4bb2bf2b0a42e9676962] 199.204.45.89 "GET /v2.0/floatingips?fixed_ip_address=10.100.0.13&port_id=2bde6802-71bc-418f-b9cb-4ce6cae11dd7 HTTP/1.1" status: 200 len: 1060 time: 0.0470345
2026-07-08 06:19:26.360 9 INFO neutron.wsgi [None req-98b289e6-b1e7-4385-b0ff-126c44435a66 5090cc6ae0244ce7b03f5152c6c9cf63 8e2418a71d644349878a05c3e46d4c9d - - default default] 10.0.0.36 "PUT /v2.0/security-groups/b6813813-e5e1-45e7-905d-86abc39d3583/tags HTTP/1.1" status: 200 len: 210 time: 0.0333042
2026-07-08 06:19:26.362 10 INFO neutron.wsgi [req-f0af9f9d-8452-409a-a122-a59131305ed7 req-021faaa7-2ae6-4355-bd8a-a4c854d1e28e 26ca87b1b3324dddb79ad44d6e826bf6 47f08c3366dd447e8c92d7b83369e780 - - ee583b710bfd4bb2bf2b0a42e9676962 ee583b710bfd4bb2bf2b0a42e9676962] 199.204.45.89 "GET /v2.0/subnets?id=08ec0699-ee42-490c-99d0-e2b5d32beca8 HTTP/1.1" status: 200 len: 866 time: 0.0353072
2026-07-08 06:19:26.388 10 INFO neutron.wsgi [req-f0af9f9d-8452-409a-a122-a59131305ed7 req-827678f7-6813-414c-bb54-5fd0930b37b2 26ca87b1b3324dddb79ad44d6e826bf6 47f08c3366dd447e8c92d7b83369e780 - - ee583b710bfd4bb2bf2b0a42e9676962 ee583b710bfd4bb2bf2b0a42e9676962] 199.204.45.89 "GET /v2.0/ports?network_id=17a3d2aa-f658-43b5-9b0d-7ce63915faf5&device_owner=network%3Adhcp HTTP/1.1" status: 200 len: 210 time: 0.0201538
2026-07-08 06:19:26.392 9 INFO neutron.wsgi [None req-3ce4e900-8ecd-4fa0-9c61-2b705012f144 5090cc6ae0244ce7b03f5152c6c9cf63 8e2418a71d644349878a05c3e46d4c9d - - default default] 10.0.0.36 "PUT /v2.0/security-groups/303b52f3-25f9-4a1e-b82e-251168e1b05d/tags HTTP/1.1" status: 200 len: 218 time: 0.0273983
2026-07-08 06:19:26.425 9 INFO neutron.wsgi [None req-a140ca40-e59d-4fb3-8107-49bd90290a31 5090cc6ae0244ce7b03f5152c6c9cf63 8e2418a71d644349878a05c3e46d4c9d - - default default] 10.0.0.36 "PUT /v2.0/security-groups/4b94e2c8-bacb-4cab-b05a-cabf28c7ea44/tags HTTP/1.1" status: 200 len: 227 time: 0.0262046
2026-07-08 06:19:26.449 9 INFO neutron.wsgi [None req-75415b1b-6e7d-401d-ae54-f7471b7984ce 5090cc6ae0244ce7b03f5152c6c9cf63 8e2418a71d644349878a05c3e46d4c9d - - default default] 10.0.0.36 "PUT /v2.0/security-groups/b4cce65d-dc30-41e1-bc73-6997c1e78d2d/tags HTTP/1.1" status: 200 len: 212 time: 0.0203383
2026-07-08 06:19:26.458 10 INFO neutron.wsgi [req-f0af9f9d-8452-409a-a122-a59131305ed7 req-302cae8c-f03c-4316-9f40-0d32d38eb269 26ca87b1b3324dddb79ad44d6e826bf6 47f08c3366dd447e8c92d7b83369e780 - - ee583b710bfd4bb2bf2b0a42e9676962 ee583b710bfd4bb2bf2b0a42e9676962] 199.204.45.89 "GET /v2.0/networks/17a3d2aa-f658-43b5-9b0d-7ce63915faf5?fields=segments HTTP/1.1" status: 200 len: 212 time: 0.0615895
2026-07-08 06:19:26.504 9 INFO neutron.wsgi [None req-1839c119-28d9-464f-92f5-8dff9ea85252 5090cc6ae0244ce7b03f5152c6c9cf63 8e2418a71d644349878a05c3e46d4c9d - - default default] 10.0.0.36 "GET /v2.0/security-groups?tags=red HTTP/1.1" status: 200 len: 4813 time: 0.0488944
2026-07-08 06:19:26.516 10 INFO neutron.wsgi [req-f0af9f9d-8452-409a-a122-a59131305ed7 req-9efb55a4-ceab-43e6-b002-970161c6fddd 26ca87b1b3324dddb79ad44d6e826bf6 47f08c3366dd447e8c92d7b83369e780 - - ee583b710bfd4bb2bf2b0a42e9676962 ee583b710bfd4bb2bf2b0a42e9676962] 199.204.45.89 "GET /v2.0/networks/17a3d2aa-f658-43b5-9b0d-7ce63915faf5?fields=provider%3Aphysical_network&fields=provider%3Anetwork_type HTTP/1.1" status: 200 len: 277 time: 0.0536857
2026-07-08 06:19:26.550 9 INFO neutron.wsgi [None req-04733833-4294-4fce-98cf-baa7a041b82d 5090cc6ae0244ce7b03f5152c6c9cf63 8e2418a71d644349878a05c3e46d4c9d - - default default] 10.0.0.36 "GET /v2.0/security-groups?tags=red%2Cblue HTTP/1.1" status: 200 len: 3289 time: 0.0411801
2026-07-08 06:19:26.598 9 INFO neutron.wsgi [None req-5faba903-1fc9-4274-b966-da6e6349a595 5090cc6ae0244ce7b03f5152c6c9cf63 8e2418a71d644349878a05c3e46d4c9d - - default default] 10.0.0.36 "GET /v2.0/security-groups?tags-any=blue HTTP/1.1" status: 200 len: 3289 time: 0.0420356
2026-07-08 06:19:26.641 9 INFO neutron.wsgi [None req-229d4a48-3beb-453f-b8a2-5116d6944e93 5090cc6ae0244ce7b03f5152c6c9cf63 8e2418a71d644349878a05c3e46d4c9d - - default default] 10.0.0.36 "GET /v2.0/security-groups?tags-any=red%2Cblue HTTP/1.1" status: 200 len: 4813 time: 0.0369756
2026-07-08 06:19:26.689 9 INFO neutron.wsgi [None req-d9dd8771-efad-40d5-a947-f0e1dad1c2bd 5090cc6ae0244ce7b03f5152c6c9cf63 8e2418a71d644349878a05c3e46d4c9d - - default default] 10.0.0.36 "GET /v2.0/security-groups?not-tags=red HTTP/1.1" status: 200 len: 6041 time: 0.0425956
2026-07-08 06:19:26.741 9 INFO neutron.wsgi [None req-72107a2c-c7c0-4d72-8f43-0b5bdcde8769 5090cc6ae0244ce7b03f5152c6c9cf63 8e2418a71d644349878a05c3e46d4c9d - - default default] 10.0.0.36 "GET /v2.0/security-groups?not-tags=red%2Cblue HTTP/1.1" status: 200 len: 7565 time: 0.0458777
2026-07-08 06:19:26.785 9 INFO neutron.wsgi [None req-1ed6af61-6992-4292-98ca-1de8827244ea 5090cc6ae0244ce7b03f5152c6c9cf63 8e2418a71d644349878a05c3e46d4c9d - - default default] 10.0.0.36 "GET /v2.0/security-groups?not-tags-any=blue HTTP/1.1" status: 200 len: 7565 time: 0.0403168
2026-07-08 06:19:26.834 9 INFO neutron.wsgi [None req-8f70a670-95db-4aaa-a565-a4e8ed36080c 5090cc6ae0244ce7b03f5152c6c9cf63 8e2418a71d644349878a05c3e46d4c9d - - default default] 10.0.0.36 "GET /v2.0/security-groups?not-tags-any=red%2Cblue HTTP/1.1" status: 200 len: 6041 time: 0.0406313
2026-07-08 06:19:26.968 9 INFO neutron.wsgi [None req-21cd05f3-9b30-4b3c-b217-de5c8c911a93 5090cc6ae0244ce7b03f5152c6c9cf63 8e2418a71d644349878a05c3e46d4c9d - - default default] 10.0.0.36 "DELETE /v2.0/security-groups/b6813813-e5e1-45e7-905d-86abc39d3583 HTTP/1.1" status: 204 len: 168 time: 0.1264286
2026-07-08 06:19:27.096 9 INFO neutron.wsgi [None req-3622ec31-68a1-4e12-b781-7c57bd4d727e 5090cc6ae0244ce7b03f5152c6c9cf63 8e2418a71d644349878a05c3e46d4c9d - - default default] 10.0.0.36 "DELETE /v2.0/security-groups/303b52f3-25f9-4a1e-b82e-251168e1b05d HTTP/1.1" status: 204 len: 168 time: 0.1198339
2026-07-08 06:19:27.232 10 INFO neutron.wsgi [None req-1c46a770-5066-4606-add8-35eb51bca238 5090cc6ae0244ce7b03f5152c6c9cf63 8e2418a71d644349878a05c3e46d4c9d - - default default] 10.0.0.36 "DELETE /v2.0/security-groups/4b94e2c8-bacb-4cab-b05a-cabf28c7ea44 HTTP/1.1" status: 204 len: 168 time: 0.1310527
2026-07-08 06:19:27.390 10 INFO neutron.wsgi [None req-a5f6a3fa-47cd-4b97-a11e-621e42d9bda5 5090cc6ae0244ce7b03f5152c6c9cf63 8e2418a71d644349878a05c3e46d4c9d - - default default] 10.0.0.36 "DELETE /v2.0/security-groups/b4cce65d-dc30-41e1-bc73-6997c1e78d2d HTTP/1.1" status: 204 len: 168 time: 0.1503935
2026-07-08 06:19:27.535 10 INFO neutron.wsgi [None req-9ed49350-879a-4c9c-a850-d72972f83ad0 5090cc6ae0244ce7b03f5152c6c9cf63 8e2418a71d644349878a05c3e46d4c9d - - default default] 10.0.0.36 "DELETE /v2.0/security-groups/d86a447a-7739-4c0c-b195-0d70e149db7c HTTP/1.1" status: 204 len: 168 time: 0.1398485
2026-07-08 06:19:28.185 9 INFO neutron.wsgi [req-5b77fdb7-716d-4c92-8d38-8c6ae0ff48ad req-a62d7047-dc90-46e7-8e29-359e15ceca97 2533ad4d2433471daecf610dd2af07f8 9b66eb079a6042828ef42424ca3c3bca - - default default] 10.0.0.153 "GET /v2.0/ports?device_id=3dc8c53d-198b-457c-b61a-8cc652d07dad HTTP/1.1" status: 200 len: 1392 time: 0.1038396
2026-07-08 06:19:28.261 9 INFO neutron.wsgi [req-5b77fdb7-716d-4c92-8d38-8c6ae0ff48ad req-ffa6bf77-849c-407e-9cb0-73d801a73600 2533ad4d2433471daecf610dd2af07f8 9b66eb079a6042828ef42424ca3c3bca - - default default] 10.0.0.153 "GET /v2.0/security-groups?id=e7462759-b424-44e1-a088-4bdc56d76baa&fields=id&fields=name HTTP/1.1" status: 200 len: 311 time: 0.0671773
2026-07-08 06:19:28.408 10 INFO neutron.wsgi [None req-3dfc4a98-d080-441f-9288-d6b577738edd 2533ad4d2433471daecf610dd2af07f8 9b66eb079a6042828ef42424ca3c3bca - - default default] 10.0.0.36 "GET /v2.0/ports?network_id=99b5808b-9e71-4ed8-974e-6cbf953d27e8&mac_address=fa%3A16%3A3e%3A71%3Abc%3Aab HTTP/1.1" status: 200 len: 1387 time: 0.1202273
2026-07-08 06:19:28.680 10 INFO neutron.db.ovn_revision_numbers_db [None req-7d4122d4-cc1b-4461-96af-3317809fbff5 f9d0012c80a44f34981be525aa95de34 31c8531259d447fa8358eb34b21b7e43 - - default default] Successfully bumped revision number for resource 6050e531-5384-4f7e-a370-662d6e80bcac (type: security_groups) to 1
2026-07-08 06:19:28.693 10 INFO neutron.db.ovn_revision_numbers_db [None req-7d4122d4-cc1b-4461-96af-3317809fbff5 f9d0012c80a44f34981be525aa95de34 31c8531259d447fa8358eb34b21b7e43 - - default default] Successfully bumped revision number for resource 8c96e66d-bdc2-43f6-8a7d-952a6f9de86d (type: security_group_rules) to 0
2026-07-08 06:19:28.696 9 WARNING neutron.scheduler.dhcp_agent_scheduler [None req-6df38540-549a-434d-8757-fb7d0fa9b1ba 2533ad4d2433471daecf610dd2af07f8 9b66eb079a6042828ef42424ca3c3bca - - default default] No more DHCP agents
2026-07-08 06:19:28.699 9 WARNING neutron.api.rpc.agentnotifiers.dhcp_rpc_agent_api [None req-6df38540-549a-434d-8757-fb7d0fa9b1ba 2533ad4d2433471daecf610dd2af07f8 9b66eb079a6042828ef42424ca3c3bca - - default default] Unable to schedule network 4655023a-9bbe-40d8-8914-37a82927b034: no agents available; will retry on subsequent port and subnet creation events.
2026-07-08 06:19:28.707 10 INFO neutron.db.ovn_revision_numbers_db [None req-7d4122d4-cc1b-4461-96af-3317809fbff5 f9d0012c80a44f34981be525aa95de34 31c8531259d447fa8358eb34b21b7e43 - - default default] Successfully bumped revision number for resource 91dcfa59-9c73-4980-9b8d-a7962685cff1 (type: security_group_rules) to 0
2026-07-08 06:19:28.728 10 INFO neutron.db.ovn_revision_numbers_db [None req-7d4122d4-cc1b-4461-96af-3317809fbff5 f9d0012c80a44f34981be525aa95de34 31c8531259d447fa8358eb34b21b7e43 - - default default] Successfully bumped revision number for resource 969757e4-4f95-4f5b-a9d4-d904a01249f3 (type: security_group_rules) to 0
2026-07-08 06:19:28.742 10 INFO neutron.db.ovn_revision_numbers_db [None req-7d4122d4-cc1b-4461-96af-3317809fbff5 f9d0012c80a44f34981be525aa95de34 31c8531259d447fa8358eb34b21b7e43 - - default default] Successfully bumped revision number for resource a1658b37-bf74-4b42-941b-ab30e7775d00 (type: security_group_rules) to 0
2026-07-08 06:19:28.765 10 INFO neutron.wsgi [None req-7d4122d4-cc1b-4461-96af-3317809fbff5 f9d0012c80a44f34981be525aa95de34 31c8531259d447fa8358eb34b21b7e43 - - default default] 10.0.0.36 "GET /v2.0/security-groups?tenant_id=ed11a9195453410e9d1f5f3a80d55818&name=default HTTP/1.1" status: 200 len: 2996 time: 0.3467042
2026-07-08 06:19:28.950 10 INFO neutron.wsgi [None req-f0441760-d1ed-4400-898d-3fffade7a034 f9d0012c80a44f34981be525aa95de34 31c8531259d447fa8358eb34b21b7e43 - - default default] 10.0.0.36 "DELETE /v2.0/security-groups/6050e531-5384-4f7e-a370-662d6e80bcac HTTP/1.1" status: 204 len: 168 time: 0.1796064
2026-07-08 06:19:29.095 9 INFO neutron.wsgi [None req-8e9d654a-7966-497b-94b8-36b3e2307193 f9d0012c80a44f34981be525aa95de34 31c8531259d447fa8358eb34b21b7e43 - - default default] 10.0.0.36 "GET /v2.0/security-groups?tenant_id=8e2418a71d644349878a05c3e46d4c9d&name=default HTTP/1.1" status: 200 len: 2996 time: 0.0463114
2026-07-08 06:19:29.139 9 INFO neutron.db.l3_db [None req-6df38540-549a-434d-8757-fb7d0fa9b1ba 2533ad4d2433471daecf610dd2af07f8 9b66eb079a6042828ef42424ca3c3bca - - default default] Floating IP 12af847d-5804-445c-a6ab-0662aedcc808 associated. External IP: 10.96.250.208, port: 781b503b-76f4-483b-8620-f87a8d9c34dd.
2026-07-08 06:19:29.298 10 INFO neutron.wsgi [None req-9bbb12de-e164-4855-8d2d-aa77c4cafe20 f9d0012c80a44f34981be525aa95de34 31c8531259d447fa8358eb34b21b7e43 - - default default] 10.0.0.36 "DELETE /v2.0/security-groups/99aa82c1-6a1d-4c18-8fe0-3f23d81eede1 HTTP/1.1" status: 204 len: 168 time: 0.1974983
2026-07-08 06:19:29.418 9 INFO neutron.db.ovn_revision_numbers_db [None req-6df38540-549a-434d-8757-fb7d0fa9b1ba 2533ad4d2433471daecf610dd2af07f8 9b66eb079a6042828ef42424ca3c3bca - - default default] Successfully bumped revision number for resource 12af847d-5804-445c-a6ab-0662aedcc808 (type: floatingips) to 0
