2026-07-08 06:19:12.194 10 WARNING neutron.api.rpc.agentnotifiers.dhcp_rpc_agent_api [None req-c18d5a60-dc10-41c6-b2bf-6a248466813c 2533ad4d2433471daecf610dd2af07f8 9b66eb079a6042828ef42424ca3c3bca - - default default] Unable to schedule network 03ebc2ab-ac5d-493c-b665-75cfa9bc2481: no agents available; will retry on subsequent port and subnet creation events.
2026-07-08 06:19:12.200 9 WARNING neutron.scheduler.dhcp_agent_scheduler [None req-98c91d7a-9e19-45c2-a748-d83aa3bcf020 f9d0012c80a44f34981be525aa95de34 31c8531259d447fa8358eb34b21b7e43 - - default default] No more DHCP agents
2026-07-08 06:19:12.203 9 INFO neutron.wsgi [None req-71a5df92-5d77-4b56-a7a1-062cbbc88a3f 6c1b5ad7505744db9faee3ad9cc0f47f a7c07c324f794143af655d3448a18592 - - default default] 10.0.0.36 "POST /v2.0/routers HTTP/1.1" status: 201 len: 654 time: 0.1885870
2026-07-08 06:19:12.203 9 WARNING neutron.api.rpc.agentnotifiers.dhcp_rpc_agent_api [None req-98c91d7a-9e19-45c2-a748-d83aa3bcf020 f9d0012c80a44f34981be525aa95de34 31c8531259d447fa8358eb34b21b7e43 - - default default] Unable to schedule network 23212b3e-86d6-4c22-b6b6-a0fcaf6a434b: no agents available; will retry on subsequent port and subnet creation events.
2026-07-08 06:19:12.216 10 INFO neutron.db.ovn_revision_numbers_db [None req-bc3b6fc3-d246-49c8-896c-30be32f00713 - - - - - -] Successfully bumped revision number for resource a9a222cb-0e23-4362-a0ce-37567c20c7dc (type: ports) to 4
2026-07-08 06:19:12.451 10 INFO neutron.db.ovn_revision_numbers_db [None req-1f3ac1b1-c9eb-4667-a03d-cc9a1820faa9 - - - - - -] Successfully bumped revision number for resource 9e7512db-1696-4568-9991-92217336df60 (type: ports) to 2
2026-07-08 06:19:12.544 10 INFO neutron.db.ovn_revision_numbers_db [None req-c18d5a60-dc10-41c6-b2bf-6a248466813c 2533ad4d2433471daecf610dd2af07f8 9b66eb079a6042828ef42424ca3c3bca - - default default] Successfully bumped revision number for resource f8f0fb2d-f8ae-4dcc-bf86-2c346d4f9a52 (type: ports) to 1
2026-07-08 06:19:12.618 9 INFO neutron.db.ovn_revision_numbers_db [None req-2b376164-59e8-4ce7-83b1-bd5f0c2875ed 6c1b5ad7505744db9faee3ad9cc0f47f a7c07c324f794143af655d3448a18592 - - default default] Successfully bumped revision number for resource bba188f2-1e0c-405b-aa0f-01f4d0878ab4 (type: routers) to 1
2026-07-08 06:19:12.630 9 INFO neutron.wsgi [None req-2b376164-59e8-4ce7-83b1-bd5f0c2875ed 6c1b5ad7505744db9faee3ad9cc0f47f a7c07c324f794143af655d3448a18592 - - default default] 10.0.0.36 "POST /v2.0/routers HTTP/1.1" status: 201 len: 654 time: 0.4224718
2026-07-08 06:19:12.665 10 INFO neutron.db.ovn_revision_numbers_db [None req-1f3ac1b1-c9eb-4667-a03d-cc9a1820faa9 - - - - - -] Successfully bumped revision number for resource 9e7512db-1696-4568-9991-92217336df60 (type: router_ports) to 2
2026-07-08 06:19:12.699 10 INFO neutron.db.ovn_revision_numbers_db [None req-bc3b6fc3-d246-49c8-896c-30be32f00713 - - - - - -] Successfully bumped revision number for resource a9a222cb-0e23-4362-a0ce-37567c20c7dc (type: router_ports) to 4
2026-07-08 06:19:12.818 9 INFO neutron.db.ovn_revision_numbers_db [None req-7158c20e-4218-487c-8e77-d47acae750b8 6c1b5ad7505744db9faee3ad9cc0f47f a7c07c324f794143af655d3448a18592 - - default default] Successfully bumped revision number for resource 13309744-224f-4354-ad60-76ddd0869c46 (type: routers) to 1
2026-07-08 06:19:12.845 9 INFO neutron.wsgi [None req-7158c20e-4218-487c-8e77-d47acae750b8 6c1b5ad7505744db9faee3ad9cc0f47f a7c07c324f794143af655d3448a18592 - - default default] 10.0.0.36 "POST /v2.0/routers HTTP/1.1" status: 201 len: 654 time: 0.2089581
2026-07-08 06:19:12.907 10 INFO neutron.wsgi [None req-e8a13ecb-3b79-464c-8c93-4bc3f98ac791 6c1b5ad7505744db9faee3ad9cc0f47f a7c07c324f794143af655d3448a18592 - - default default] 10.0.0.36 "PUT /v2.0/routers/7847e223-b374-4636-b022-9bdacd5de179/tags HTTP/1.1" status: 200 len: 210 time: 0.0566876
2026-07-08 06:19:12.979 10 INFO neutron.wsgi [None req-9bd49597-30df-426b-a455-15bf96562cc1 6c1b5ad7505744db9faee3ad9cc0f47f a7c07c324f794143af655d3448a18592 - - default default] 10.0.0.36 "PUT /v2.0/routers/b18fd8f0-97a8-4e80-9f1d-48e1bc554496/tags HTTP/1.1" status: 200 len: 218 time: 0.0673244
2026-07-08 06:19:13.045 10 INFO neutron.wsgi [None req-c72f64c2-c3a7-4c95-b266-d434c5226597 6c1b5ad7505744db9faee3ad9cc0f47f a7c07c324f794143af655d3448a18592 - - default default] 10.0.0.36 "PUT /v2.0/routers/a5c1c47c-e01a-4080-a93b-523204c64d1c/tags HTTP/1.1" status: 200 len: 227 time: 0.0603445
2026-07-08 06:19:13.112 10 INFO neutron.wsgi [None req-b152ad86-a5e6-4128-a2a3-48508a77b42b 6c1b5ad7505744db9faee3ad9cc0f47f a7c07c324f794143af655d3448a18592 - - default default] 10.0.0.36 "PUT /v2.0/routers/bba188f2-1e0c-405b-aa0f-01f4d0878ab4/tags HTTP/1.1" status: 200 len: 212 time: 0.0608068
2026-07-08 06:19:13.191 9 INFO neutron.wsgi [None req-1d6a7e12-9595-4cdd-a7f3-8a7dc99b8595 6c1b5ad7505744db9faee3ad9cc0f47f a7c07c324f794143af655d3448a18592 - - default default] 10.0.0.36 "GET /v2.0/routers?tags=red HTTP/1.1" status: 200 len: 1601 time: 0.0745451
2026-07-08 06:19:13.239 9 INFO neutron.db.ovn_revision_numbers_db [None req-98c91d7a-9e19-45c2-a748-d83aa3bcf020 f9d0012c80a44f34981be525aa95de34 31c8531259d447fa8358eb34b21b7e43 - - default default] Successfully bumped revision number for resource 9e7512db-1696-4568-9991-92217336df60 (type: router_ports) to 2
2026-07-08 06:19:13.242 9 INFO neutron.wsgi [None req-98c91d7a-9e19-45c2-a748-d83aa3bcf020 f9d0012c80a44f34981be525aa95de34 31c8531259d447fa8358eb34b21b7e43 - - default default] 10.0.0.36 "PUT /v2.0/routers/9ee40328-864b-4dc0-963b-b9ed23022381/add_router_interface HTTP/1.1" status: 200 len: 503 time: 2.8620114
2026-07-08 06:19:13.275 10 INFO neutron.wsgi [None req-23b5ad68-c7ac-4584-a910-de8b968412e6 6c1b5ad7505744db9faee3ad9cc0f47f a7c07c324f794143af655d3448a18592 - - default default] 10.0.0.36 "GET /v2.0/routers?tags=red%2Cblue HTTP/1.1" status: 200 len: 1144 time: 0.0787184
2026-07-08 06:19:13.334 10 INFO neutron.db.ovn_revision_numbers_db [None req-c18d5a60-dc10-41c6-b2bf-6a248466813c 2533ad4d2433471daecf610dd2af07f8 9b66eb079a6042828ef42424ca3c3bca - - default default] Successfully bumped revision number for resource f8f0fb2d-f8ae-4dcc-bf86-2c346d4f9a52 (type: router_ports) to 1
2026-07-08 06:19:13.355 9 INFO neutron.wsgi [None req-c23c6488-1ee6-4fdc-9bd1-71b00c912ec1 6c1b5ad7505744db9faee3ad9cc0f47f a7c07c324f794143af655d3448a18592 - - default default] 10.0.0.36 "GET /v2.0/routers?tags-any=blue HTTP/1.1" status: 200 len: 1144 time: 0.0735228
2026-07-08 06:19:13.402 9 INFO neutron.wsgi [None req-6abae34f-ade2-42b8-b340-122d3daae4f9 6c1b5ad7505744db9faee3ad9cc0f47f a7c07c324f794143af655d3448a18592 - - default default] 10.0.0.36 "GET /v2.0/routers?tags-any=red%2Cblue HTTP/1.1" status: 200 len: 1601 time: 0.0428481
2026-07-08 06:19:13.469 9 INFO neutron.wsgi [None req-978bbfaa-1fb0-4911-b194-69b85d0b39c4 6c1b5ad7505744db9faee3ad9cc0f47f a7c07c324f794143af655d3448a18592 - - default default] 10.0.0.36 "GET /v2.0/routers?not-tags=red HTTP/1.1" status: 200 len: 1116 time: 0.0640190
2026-07-08 06:19:13.495 10 INFO neutron.db.ovn_revision_numbers_db [None req-c18d5a60-dc10-41c6-b2bf-6a248466813c 2533ad4d2433471daecf610dd2af07f8 9b66eb079a6042828ef42424ca3c3bca - - default default] Successfully bumped revision number for resource f8f0fb2d-f8ae-4dcc-bf86-2c346d4f9a52 (type: ports) to 1
2026-07-08 06:19:13.543 9 INFO neutron.wsgi [None req-0b6a9787-a8a9-495f-ba28-c2210620d241 6c1b5ad7505744db9faee3ad9cc0f47f a7c07c324f794143af655d3448a18592 - - default default] 10.0.0.36 "GET /v2.0/routers?not-tags=red%2Cblue HTTP/1.1" status: 200 len: 1573 time: 0.0687616
2026-07-08 06:19:13.561 10 WARNING neutron.scheduler.dhcp_agent_scheduler [None req-c18d5a60-dc10-41c6-b2bf-6a248466813c 2533ad4d2433471daecf610dd2af07f8 9b66eb079a6042828ef42424ca3c3bca - - default default] No more DHCP agents
2026-07-08 06:19:13.562 10 WARNING neutron.api.rpc.agentnotifiers.dhcp_rpc_agent_api [None req-c18d5a60-dc10-41c6-b2bf-6a248466813c 2533ad4d2433471daecf610dd2af07f8 9b66eb079a6042828ef42424ca3c3bca - - default default] Unable to schedule network 03ebc2ab-ac5d-493c-b665-75cfa9bc2481: no agents available; will retry on subsequent port and subnet creation events.
2026-07-08 06:19:13.626 9 INFO neutron.wsgi [None req-33fb248a-ece9-4d37-af42-f5adfec4c107 6c1b5ad7505744db9faee3ad9cc0f47f a7c07c324f794143af655d3448a18592 - - default default] 10.0.0.36 "GET /v2.0/routers?not-tags-any=blue HTTP/1.1" status: 200 len: 1573 time: 0.0722315
2026-07-08 06:19:13.689 9 INFO neutron.wsgi [None req-f525f17c-4d81-4335-9d83-5e9b03d9a21e 6c1b5ad7505744db9faee3ad9cc0f47f a7c07c324f794143af655d3448a18592 - - default default] 10.0.0.36 "GET /v2.0/routers?not-tags-any=red%2Cblue HTTP/1.1" status: 200 len: 1116 time: 0.0568018
2026-07-08 06:19:13.738 9 INFO neutron.wsgi [None req-2c16d0e5-82da-4170-b4c8-e34681ed2c88 6c1b5ad7505744db9faee3ad9cc0f47f a7c07c324f794143af655d3448a18592 - - default default] 10.0.0.36 "GET /v2.0/routers/7847e223-b374-4636-b022-9bdacd5de179 HTTP/1.1" status: 200 len: 660 time: 0.0426950
2026-07-08 06:19:14.162 10 INFO neutron.db.ovn_revision_numbers_db [None req-c18d5a60-dc10-41c6-b2bf-6a248466813c 2533ad4d2433471daecf610dd2af07f8 9b66eb079a6042828ef42424ca3c3bca - - default default] Successfully bumped revision number for resource f8f0fb2d-f8ae-4dcc-bf86-2c346d4f9a52 (type: router_ports) to 1
2026-07-08 06:19:14.164 10 INFO neutron.wsgi [None req-c18d5a60-dc10-41c6-b2bf-6a248466813c 2533ad4d2433471daecf610dd2af07f8 9b66eb079a6042828ef42424ca3c3bca - - default default] 10.0.0.36 "PUT /v2.0/routers/dbb16726-e5c3-4e01-a4d9-06a567020ded/add_router_interface HTTP/1.1" status: 200 len: 503 time: 2.9789875
2026-07-08 06:19:14.206 10 INFO neutron.db.ovn_revision_numbers_db [None req-bc193b2b-9f1d-4aa8-acf8-abf97c56917c b0e4cb4e5f0e44479b4dd4a2e22d712f 22ef3a8d64814bb681bc460586f0438f - - default default] Successfully bumped revision number for resource 147dd0cf-2a67-461a-8f46-182fea927972 (type: security_groups) to 1
2026-07-08 06:19:14.215 10 INFO neutron.db.ovn_revision_numbers_db [None req-bc193b2b-9f1d-4aa8-acf8-abf97c56917c b0e4cb4e5f0e44479b4dd4a2e22d712f 22ef3a8d64814bb681bc460586f0438f - - default default] Successfully bumped revision number for resource 03a9f9fe-2f26-45da-b76d-67667d538672 (type: security_group_rules) to 0
2026-07-08 06:19:14.235 10 INFO neutron.db.ovn_revision_numbers_db [None req-bc193b2b-9f1d-4aa8-acf8-abf97c56917c b0e4cb4e5f0e44479b4dd4a2e22d712f 22ef3a8d64814bb681bc460586f0438f - - default default] Successfully bumped revision number for resource 406a0d95-00e8-45f4-957f-7130f6669d4c (type: security_group_rules) to 0
2026-07-08 06:19:14.256 10 INFO neutron.wsgi [None req-bc193b2b-9f1d-4aa8-acf8-abf97c56917c b0e4cb4e5f0e44479b4dd4a2e22d712f 22ef3a8d64814bb681bc460586f0438f - - default default] 10.0.0.36 "POST /v2.0/security-groups HTTP/1.1" status: 201 len: 1811 time: 0.4274313
2026-07-08 06:19:14.364 10 INFO neutron.db.ovn_revision_numbers_db [None req-6dbca6c4-7efa-4e84-bcf0-dd10cbc900d3 2533ad4d2433471daecf610dd2af07f8 9b66eb079a6042828ef42424ca3c3bca - - default default] Successfully bumped revision number for resource e7462759-b424-44e1-a088-4bdc56d76baa (type: security_groups) to 1
2026-07-08 06:19:14.383 10 INFO neutron.db.ovn_revision_numbers_db [None req-6dbca6c4-7efa-4e84-bcf0-dd10cbc900d3 2533ad4d2433471daecf610dd2af07f8 9b66eb079a6042828ef42424ca3c3bca - - default default] Successfully bumped revision number for resource 0d85827d-31e7-4b26-811e-b77a37499934 (type: security_group_rules) to 0
2026-07-08 06:19:14.394 10 INFO neutron.db.ovn_revision_numbers_db [None req-2b5aabf5-286d-4bc7-b650-75d65ab25dc3 b0e4cb4e5f0e44479b4dd4a2e22d712f 22ef3a8d64814bb681bc460586f0438f - - default default] Successfully bumped revision number for resource 5b9d6b23-d604-4e90-948c-c34c1556d4ee (type: security_group_rules) to 0
2026-07-08 06:19:14.397 10 INFO neutron.db.ovn_revision_numbers_db [None req-6dbca6c4-7efa-4e84-bcf0-dd10cbc900d3 2533ad4d2433471daecf610dd2af07f8 9b66eb079a6042828ef42424ca3c3bca - - default default] Successfully bumped revision number for resource 4bb35690-eb1c-4f93-bbf6-7b54484b7765 (type: security_group_rules) to 0
2026-07-08 06:19:14.400 9 INFO neutron.db.ovn_revision_numbers_db [None req-5336e51a-42b7-488b-91fd-a8d560ac9ebf 6c1b5ad7505744db9faee3ad9cc0f47f a7c07c324f794143af655d3448a18592 - - default default] Successfully bumped revision number for resource 7847e223-b374-4636-b022-9bdacd5de179 (type: routers) to 2
2026-07-08 06:19:14.403 9 INFO neutron.wsgi [None req-5336e51a-42b7-488b-91fd-a8d560ac9ebf 6c1b5ad7505744db9faee3ad9cc0f47f a7c07c324f794143af655d3448a18592 - - default default] 10.0.0.36 "PUT /v2.0/routers/7847e223-b374-4636-b022-9bdacd5de179 HTTP/1.1" status: 200 len: 660 time: 0.6611986
2026-07-08 06:19:14.419 10 INFO neutron.wsgi [None req-6dbca6c4-7efa-4e84-bcf0-dd10cbc900d3 2533ad4d2433471daecf610dd2af07f8 9b66eb079a6042828ef42424ca3c3bca - - default default] 10.0.0.36 "POST /v2.0/security-groups HTTP/1.1" status: 201 len: 1764 time: 0.1904767
2026-07-08 06:19:14.428 10 INFO neutron.wsgi [None req-2b5aabf5-286d-4bc7-b650-75d65ab25dc3 b0e4cb4e5f0e44479b4dd4a2e22d712f 22ef3a8d64814bb681bc460586f0438f - - default default] 10.0.0.36 "POST /v2.0/security-group-rules HTTP/1.1" status: 201 len: 764 time: 0.1648378
2026-07-08 06:19:14.429 9 INFO neutron.wsgi [None req-ea1c2c1e-196d-4d11-b43c-ee6b1b68a950 6c1b5ad7505744db9faee3ad9cc0f47f a7c07c324f794143af655d3448a18592 - - default default] 10.0.0.36 "GET /v2.0/ports?device_id=7847e223-b374-4636-b022-9bdacd5de179 HTTP/1.1" status: 200 len: 205 time: 0.0195041
2026-07-08 06:19:14.530 10 INFO neutron.db.ovn_revision_numbers_db [None req-ba5cf69b-d584-4c23-871d-b002d56f9ab8 2533ad4d2433471daecf610dd2af07f8 9b66eb079a6042828ef42424ca3c3bca - - default default] Successfully bumped revision number for resource d9a4c71b-5b33-4081-84c7-3d3d7e1533c9 (type: security_group_rules) to 0
2026-07-08 06:19:14.552 10 INFO neutron.wsgi [None req-ba5cf69b-d584-4c23-871d-b002d56f9ab8 2533ad4d2433471daecf610dd2af07f8 9b66eb079a6042828ef42424ca3c3bca - - default default] 10.0.0.36 "POST /v2.0/security-group-rules HTTP/1.1" status: 201 len: 764 time: 0.1266439
2026-07-08 06:19:14.668 10 INFO neutron.db.ovn_revision_numbers_db [None req-6334f0fe-b5de-4507-8bf3-ba0d07575878 2533ad4d2433471daecf610dd2af07f8 9b66eb079a6042828ef42424ca3c3bca - - default default] Successfully bumped revision number for resource decbcf1c-a740-4fb4-b788-07d4c68cb9cc (type: security_group_rules) to 0
2026-07-08 06:19:14.683 9 INFO neutron.wsgi [None req-5be1fe11-66cc-453b-a794-8268c4ac75f5 6c1b5ad7505744db9faee3ad9cc0f47f a7c07c324f794143af655d3448a18592 - - default default] 10.0.0.36 "DELETE /v2.0/routers/7847e223-b374-4636-b022-9bdacd5de179 HTTP/1.1" status: 204 len: 168 time: 0.2505207
2026-07-08 06:19:14.700 9 INFO neutron.db.ovn_revision_numbers_db [None req-b99b9327-0d07-4fef-8a84-ceb9ecf10839 b0e4cb4e5f0e44479b4dd4a2e22d712f 22ef3a8d64814bb681bc460586f0438f - - default default] Successfully bumped revision number for resource 1deb09fc-3347-4cb8-8991-97331709131b (type: security_group_rules) to 0
2026-07-08 06:19:14.706 10 INFO neutron.wsgi [None req-6334f0fe-b5de-4507-8bf3-ba0d07575878 2533ad4d2433471daecf610dd2af07f8 9b66eb079a6042828ef42424ca3c3bca - - default default] 10.0.0.36 "POST /v2.0/security-group-rules HTTP/1.1" status: 201 len: 764 time: 0.1493349
2026-07-08 06:19:14.722 9 INFO neutron.wsgi [None req-b99b9327-0d07-4fef-8a84-ceb9ecf10839 b0e4cb4e5f0e44479b4dd4a2e22d712f 22ef3a8d64814bb681bc460586f0438f - - default default] 10.0.0.36 "POST /v2.0/security-group-rules HTTP/1.1" status: 201 len: 763 time: 0.2900994
2026-07-08 06:19:14.733 10 INFO neutron.wsgi [None req-6eaff620-2a52-4a2e-bc7d-f9ab9173a933 6c1b5ad7505744db9faee3ad9cc0f47f a7c07c324f794143af655d3448a18592 - - default default] 10.0.0.36 "GET /v2.0/routers/b18fd8f0-97a8-4e80-9f1d-48e1bc554496 HTTP/1.1" status: 200 len: 668 time: 0.0461307
2026-07-08 06:19:14.828 9 INFO neutron.db.ovn_revision_numbers_db [None req-1102270f-295f-4843-9f48-0796721cd780 b0e4cb4e5f0e44479b4dd4a2e22d712f 22ef3a8d64814bb681bc460586f0438f - - default default] Successfully bumped revision number for resource 01b44949-14de-46d2-b2ac-af37ff926dee (type: security_group_rules) to 0
2026-07-08 06:19:14.853 9 INFO neutron.wsgi [None req-1102270f-295f-4843-9f48-0796721cd780 b0e4cb4e5f0e44479b4dd4a2e22d712f 22ef3a8d64814bb681bc460586f0438f - - default default] 10.0.0.36 "POST /v2.0/security-group-rules HTTP/1.1" status: 201 len: 769 time: 0.1265903
2026-07-08 06:19:14.980 9 INFO neutron.db.ovn_revision_numbers_db [None req-b8781b28-50ea-4802-9432-9be42602b976 b0e4cb4e5f0e44479b4dd4a2e22d712f 22ef3a8d64814bb681bc460586f0438f - - default default] Successfully bumped revision number for resource 2c5bfcdc-b78d-4763-acea-c36a90c59d6e (type: security_group_rules) to 0
2026-07-08 06:19:15.007 9 INFO neutron.wsgi [None req-b8781b28-50ea-4802-9432-9be42602b976 b0e4cb4e5f0e44479b4dd4a2e22d712f 22ef3a8d64814bb681bc460586f0438f - - default default] 10.0.0.36 "POST /v2.0/security-group-rules HTTP/1.1" status: 201 len: 768 time: 0.1480794
2026-07-08 06:19:15.038 9 INFO neutron.db.securitygroups_db [None req-81dc096b-f790-4d88-9e10-116e9771c0eb b0e4cb4e5f0e44479b4dd4a2e22d712f 22ef3a8d64814bb681bc460586f0438f - - default default] Project 22ef3a8d64814bb681bc460586f0438f added a security group rule with legacy IPv6 ICMP protocol name icmp, ipv6-icmp should be used instead. It was automatically converted.
2026-07-08 06:19:15.047 10 INFO neutron.db.ovn_revision_numbers_db [None req-c1f0a0b0-3b2d-418c-a919-b7eace0dabe6 2533ad4d2433471daecf610dd2af07f8 9b66eb079a6042828ef42424ca3c3bca - - default default] Successfully bumped revision number for resource 5080b1a4-d729-402e-bf94-99e87611a754 (type: security_group_rules) to 0
2026-07-08 06:19:15.106 10 INFO neutron.wsgi [None req-c1f0a0b0-3b2d-418c-a919-b7eace0dabe6 2533ad4d2433471daecf610dd2af07f8 9b66eb079a6042828ef42424ca3c3bca - - default default] 10.0.0.36 "POST /v2.0/security-group-rules HTTP/1.1" status: 201 len: 766 time: 0.3947341
2026-07-08 06:19:15.121 9 INFO neutron.db.ovn_revision_numbers_db [None req-81dc096b-f790-4d88-9e10-116e9771c0eb b0e4cb4e5f0e44479b4dd4a2e22d712f 22ef3a8d64814bb681bc460586f0438f - - default default] Successfully bumped revision number for resource 867b368b-6e2b-4dd5-8b3a-53b189c441d1 (type: security_group_rules) to 0
2026-07-08 06:19:15.143 9 INFO neutron.wsgi [None req-81dc096b-f790-4d88-9e10-116e9771c0eb b0e4cb4e5f0e44479b4dd4a2e22d712f 22ef3a8d64814bb681bc460586f0438f - - default default] 10.0.0.36 "POST /v2.0/security-group-rules HTTP/1.1" status: 201 len: 774 time: 0.1246638
2026-07-08 06:19:15.168 9 INFO neutron.db.securitygroups_db [None req-d2346b71-b795-42ff-9608-b63186494ae0 b0e4cb4e5f0e44479b4dd4a2e22d712f 22ef3a8d64814bb681bc460586f0438f - - default default] Project 22ef3a8d64814bb681bc460586f0438f added a security group rule with legacy IPv6 ICMP protocol name icmp, ipv6-icmp should be used instead. It was automatically converted.
2026-07-08 06:19:15.241 10 INFO neutron.db.ovn_revision_numbers_db [None req-daeb025f-8700-488a-a388-5bfa7b4329ba 6c1b5ad7505744db9faee3ad9cc0f47f a7c07c324f794143af655d3448a18592 - - default default] Successfully bumped revision number for resource b18fd8f0-97a8-4e80-9f1d-48e1bc554496 (type: routers) to 2
2026-07-08 06:19:15.245 10 INFO neutron.wsgi [None req-daeb025f-8700-488a-a388-5bfa7b4329ba 6c1b5ad7505744db9faee3ad9cc0f47f a7c07c324f794143af655d3448a18592 - - default default] 10.0.0.36 "PUT /v2.0/routers/b18fd8f0-97a8-4e80-9f1d-48e1bc554496 HTTP/1.1" status: 200 len: 668 time: 0.5068405
2026-07-08 06:19:15.278 9 INFO neutron.wsgi [None req-998b7143-ce92-4e12-8243-63a6459e530c 6c1b5ad7505744db9faee3ad9cc0f47f a7c07c324f794143af655d3448a18592 - - default default] 10.0.0.36 "GET /v2.0/ports?device_id=b18fd8f0-97a8-4e80-9f1d-48e1bc554496 HTTP/1.1" status: 200 len: 205 time: 0.0270641
2026-07-08 06:19:15.295 9 INFO neutron.db.ovn_revision_numbers_db [None req-d2346b71-b795-42ff-9608-b63186494ae0 b0e4cb4e5f0e44479b4dd4a2e22d712f 22ef3a8d64814bb681bc460586f0438f - - default default] Successfully bumped revision number for resource 9e896253-7874-4b2c-9d80-d24367ecff52 (type: security_group_rules) to 0
2026-07-08 06:19:15.308 10 INFO neutron.db.ovn_revision_numbers_db [None req-ed1191a9-50f7-4dfe-8e10-928cc2a45c5e 2533ad4d2433471daecf610dd2af07f8 9b66eb079a6042828ef42424ca3c3bca - - default default] Successfully bumped revision number for resource bc34f5df-7312-42b5-a601-5585e46b7b6b (type: security_group_rules) to 0
2026-07-08 06:19:15.321 9 INFO neutron.wsgi [None req-d2346b71-b795-42ff-9608-b63186494ae0 b0e4cb4e5f0e44479b4dd4a2e22d712f 22ef3a8d64814bb681bc460586f0438f - - default default] 10.0.0.36 "POST /v2.0/security-group-rules HTTP/1.1" status: 201 len: 773 time: 0.1736026
2026-07-08 06:19:15.361 10 INFO neutron.wsgi [None req-ed1191a9-50f7-4dfe-8e10-928cc2a45c5e 2533ad4d2433471daecf610dd2af07f8 9b66eb079a6042828ef42424ca3c3bca - - default default] 10.0.0.36 "POST /v2.0/security-group-rules HTTP/1.1" status: 201 len: 768 time: 0.2500160
2026-07-08 06:19:15.468 9 INFO neutron.db.ovn_revision_numbers_db [None req-9beb866d-9ec6-43cd-a80b-6513a4d4dc6b 2533ad4d2433471daecf610dd2af07f8 9b66eb079a6042828ef42424ca3c3bca - - default default] Successfully bumped revision number for resource ebb32baa-eac6-4cc9-b95d-dcdd5cedc663 (type: security_group_rules) to 0
2026-07-08 06:19:15.490 10 INFO neutron.wsgi [None req-9afca146-c6c2-42a6-a435-2a709726f02e 6c1b5ad7505744db9faee3ad9cc0f47f a7c07c324f794143af655d3448a18592 - - default default] 10.0.0.36 "DELETE /v2.0/routers/b18fd8f0-97a8-4e80-9f1d-48e1bc554496 HTTP/1.1" status: 204 len: 168 time: 0.2071877
2026-07-08 06:19:15.490 9 INFO neutron.wsgi [None req-9beb866d-9ec6-43cd-a80b-6513a4d4dc6b 2533ad4d2433471daecf610dd2af07f8 9b66eb079a6042828ef42424ca3c3bca - - default default] 10.0.0.36 "POST /v2.0/security-group-rules HTTP/1.1" status: 201 len: 768 time: 0.1228645
2026-07-08 06:19:15.543 10 INFO neutron.wsgi [None req-28212d5a-e509-4fab-8904-8c4e6531eead 6c1b5ad7505744db9faee3ad9cc0f47f a7c07c324f794143af655d3448a18592 - - default default] 10.0.0.36 "GET /v2.0/routers/a5c1c47c-e01a-4080-a93b-523204c64d1c HTTP/1.1" status: 200 len: 677 time: 0.0469835
2026-07-08 06:19:15.619 9 INFO neutron.db.ovn_revision_numbers_db [None req-bd4c35e3-06ba-4bc4-82c0-0bfad8e7049c 2533ad4d2433471daecf610dd2af07f8 9b66eb079a6042828ef42424ca3c3bca - - default default] Successfully bumped revision number for resource 338c0658-be23-4806-94ea-0017c3aaad12 (type: security_group_rules) to 0
2026-07-08 06:19:15.640 9 INFO neutron.wsgi [None req-bd4c35e3-06ba-4bc4-82c0-0bfad8e7049c 2533ad4d2433471daecf610dd2af07f8 9b66eb079a6042828ef42424ca3c3bca - - default default] 10.0.0.36 "POST /v2.0/security-group-rules HTTP/1.1" status: 201 len: 764 time: 0.1445212
2026-07-08 06:19:15.795 9 INFO neutron.db.ovn_revision_numbers_db [None req-c872521d-caf4-4edc-add2-61e267720702 2533ad4d2433471daecf610dd2af07f8 9b66eb079a6042828ef42424ca3c3bca - - default default] Successfully bumped revision number for resource 4050b2a3-f5b6-4f03-b9db-175221fbdf3e (type: security_group_rules) to 0
2026-07-08 06:19:15.822 9 INFO neutron.wsgi [None req-c872521d-caf4-4edc-add2-61e267720702 2533ad4d2433471daecf610dd2af07f8 9b66eb079a6042828ef42424ca3c3bca - - default default] 10.0.0.36 "POST /v2.0/security-group-rules HTTP/1.1" status: 201 len: 764 time: 0.1775439
2026-07-08 06:19:15.876 10 INFO neutron.db.ovn_revision_numbers_db [None req-5a7e881d-ebc1-488c-b3b9-fc628c2f73a0 b0e4cb4e5f0e44479b4dd4a2e22d712f 22ef3a8d64814bb681bc460586f0438f - - default default] Successfully bumped revision number for resource e70ed9dc-d764-4e8d-ab5b-664d1303aa4c (type: security_groups) to 1
2026-07-08 06:19:15.898 10 INFO neutron.db.ovn_revision_numbers_db [None req-5a7e881d-ebc1-488c-b3b9-fc628c2f73a0 b0e4cb4e5f0e44479b4dd4a2e22d712f 22ef3a8d64814bb681bc460586f0438f - - default default] Successfully bumped revision number for resource 08bf2745-de2f-4fdb-bb58-78df8df54c29 (type: security_group_rules) to 0
2026-07-08 06:19:15.926 10 INFO neutron.db.ovn_revision_numbers_db [None req-5a7e881d-ebc1-488c-b3b9-fc628c2f73a0 b0e4cb4e5f0e44479b4dd4a2e22d712f 22ef3a8d64814bb681bc460586f0438f - - default default] Successfully bumped revision number for resource 8f8991d2-83e6-4812-87e9-3f24f8a893a0 (type: security_group_rules) to 0
2026-07-08 06:19:15.947 10 INFO neutron.db.ovn_revision_numbers_db [None req-0595d069-8d13-48ef-ae7e-41d05c18606e 6c1b5ad7505744db9faee3ad9cc0f47f a7c07c324f794143af655d3448a18592 - - default default] Successfully bumped revision number for resource a5c1c47c-e01a-4080-a93b-523204c64d1c (type: routers) to 2
2026-07-08 06:19:15.949 10 INFO neutron.wsgi [None req-0595d069-8d13-48ef-ae7e-41d05c18606e 6c1b5ad7505744db9faee3ad9cc0f47f a7c07c324f794143af655d3448a18592 - - default default] 10.0.0.36 "PUT /v2.0/routers/a5c1c47c-e01a-4080-a93b-523204c64d1c HTTP/1.1" status: 200 len: 677 time: 0.4010181
2026-07-08 06:19:15.952 10 INFO neutron.wsgi [None req-5a7e881d-ebc1-488c-b3b9-fc628c2f73a0 b0e4cb4e5f0e44479b4dd4a2e22d712f 22ef3a8d64814bb681bc460586f0438f - - default default] 10.0.0.36 "POST /v2.0/security-groups HTTP/1.1" status: 201 len: 1796 time: 0.2721949
2026-07-08 06:19:15.975 9 INFO neutron.db.ovn_revision_numbers_db [None req-299d82a5-2368-49c4-88be-3b7563a7d20d 2533ad4d2433471daecf610dd2af07f8 9b66eb079a6042828ef42424ca3c3bca - - default default] Successfully bumped revision number for resource c170fd46-4dd3-40e6-9250-d4eb95bc4cdd (type: security_group_rules) to 0
2026-07-08 06:19:15.983 9 INFO neutron.wsgi [None req-91a22d17-e8c4-4aef-8e7c-08a5472e99ce 6c1b5ad7505744db9faee3ad9cc0f47f a7c07c324f794143af655d3448a18592 - - default default] 10.0.0.36 "GET /v2.0/ports?device_id=a5c1c47c-e01a-4080-a93b-523204c64d1c HTTP/1.1" status: 200 len: 205 time: 0.0278370
2026-07-08 06:19:16.002 9 INFO neutron.wsgi [None req-299d82a5-2368-49c4-88be-3b7563a7d20d 2533ad4d2433471daecf610dd2af07f8 9b66eb079a6042828ef42424ca3c3bca - - default default] 10.0.0.36 "POST /v2.0/security-group-rules HTTP/1.1" status: 201 len: 764 time: 0.1720459
2026-07-08 06:19:16.133 9 INFO neutron.db.ovn_revision_numbers_db [None req-dc26a188-1125-4519-981c-0ebdaffe8a6e 2533ad4d2433471daecf610dd2af07f8 9b66eb079a6042828ef42424ca3c3bca - - default default] Successfully bumped revision number for resource ad7afa30-c4f5-402e-904b-9e45be8363de (type: security_group_rules) to 0
2026-07-08 06:19:16.163 10 INFO neutron.db.ovn_revision_numbers_db [None req-0e2b71aa-8008-4623-b644-6e41d9d533ab b0e4cb4e5f0e44479b4dd4a2e22d712f 22ef3a8d64814bb681bc460586f0438f - - default default] Successfully bumped revision number for resource a14f9630-1595-45c7-8317-a466ccb01fd4 (type: security_group_rules) to 0
2026-07-08 06:19:16.165 9 INFO neutron.wsgi [None req-dc26a188-1125-4519-981c-0ebdaffe8a6e 2533ad4d2433471daecf610dd2af07f8 9b66eb079a6042828ef42424ca3c3bca - - default default] 10.0.0.36 "POST /v2.0/security-group-rules HTTP/1.1" status: 201 len: 766 time: 0.1583683
2026-07-08 06:19:16.187 10 INFO neutron.wsgi [None req-b86726e0-847a-4d94-966f-57f5619f30e8 6c1b5ad7505744db9faee3ad9cc0f47f a7c07c324f794143af655d3448a18592 - - default default] 10.0.0.36 "DELETE /v2.0/routers/a5c1c47c-e01a-4080-a93b-523204c64d1c HTTP/1.1" status: 204 len: 168 time: 0.1971257
2026-07-08 06:19:16.189 10 INFO neutron.wsgi [None req-0e2b71aa-8008-4623-b644-6e41d9d533ab b0e4cb4e5f0e44479b4dd4a2e22d712f 22ef3a8d64814bb681bc460586f0438f - - default default] 10.0.0.36 "POST /v2.0/security-group-rules HTTP/1.1" status: 201 len: 764 time: 0.2336638
2026-07-08 06:19:16.228 10 INFO neutron.wsgi [None req-8226f568-5091-47b8-988d-fa8893285bfe 6c1b5ad7505744db9faee3ad9cc0f47f a7c07c324f794143af655d3448a18592 - - default default] 10.0.0.36 "GET /v2.0/routers/bba188f2-1e0c-405b-aa0f-01f4d0878ab4 HTTP/1.1" status: 200 len: 662 time: 0.0349529
2026-07-08 06:19:16.353 9 INFO neutron.db.ovn_revision_numbers_db [None req-eae80f37-5687-4ced-9bfc-8f3d9685f8d1 2533ad4d2433471daecf610dd2af07f8 9b66eb079a6042828ef42424ca3c3bca - - default default] Successfully bumped revision number for resource eb359ade-ae3d-4fa8-bfda-45ed14a6aa45 (type: security_group_rules) to 0
2026-07-08 06:19:16.357 9 INFO neutron.db.ovn_revision_numbers_db [None req-469b2596-662f-4147-a68b-9d9ab302b85f b0e4cb4e5f0e44479b4dd4a2e22d712f 22ef3a8d64814bb681bc460586f0438f - - default default] Successfully bumped revision number for resource 747316fa-7083-4095-8112-a93455bd001f (type: security_group_rules) to 0
2026-07-08 06:19:16.382 9 INFO neutron.wsgi [None req-eae80f37-5687-4ced-9bfc-8f3d9685f8d1 2533ad4d2433471daecf610dd2af07f8 9b66eb079a6042828ef42424ca3c3bca - - default default] 10.0.0.36 "POST /v2.0/security-group-rules HTTP/1.1" status: 201 len: 768 time: 0.2134573
2026-07-08 06:19:16.388 9 INFO neutron.wsgi [None req-469b2596-662f-4147-a68b-9d9ab302b85f b0e4cb4e5f0e44479b4dd4a2e22d712f 22ef3a8d64814bb681bc460586f0438f - - default default] 10.0.0.36 "POST /v2.0/security-group-rules HTTP/1.1" status: 201 len: 769 time: 0.1932011
2026-07-08 06:19:16.531 9 INFO neutron.db.ovn_revision_numbers_db [None req-c96d120f-2251-4b36-b00d-a4567c393861 2533ad4d2433471daecf610dd2af07f8 9b66eb079a6042828ef42424ca3c3bca - - default default] Successfully bumped revision number for resource 957a905c-9f38-4d96-b525-1c0107911234 (type: security_group_rules) to 0
2026-07-08 06:19:16.559 9 WARNING neutron.plugins.ml2.drivers.ovn.mech_driver.ovsdb.ovn_client [None req-41e60fba-ef33-4b33-94db-723173586111 - - - - - -] No hosting information found for port 341b3cf7-e00a-4bfd-82d3-26a4c30f19a8: RuntimeError: No hosting information found for port 341b3cf7-e00a-4bfd-82d3-26a4c30f19a8
2026-07-08 06:19:16.559 9 INFO neutron.plugins.ml2.drivers.ovn.mech_driver.mech_driver [None req-41e60fba-ef33-4b33-94db-723173586111 - - - - - -] OVN reports status up for port: a9a222cb-0e23-4362-a0ce-37567c20c7dc
2026-07-08 06:19:16.567 9 INFO neutron.wsgi [None req-c96d120f-2251-4b36-b00d-a4567c393861 2533ad4d2433471daecf610dd2af07f8 9b66eb079a6042828ef42424ca3c3bca - - default default] 10.0.0.36 "POST /v2.0/security-group-rules HTTP/1.1" status: 201 len: 764 time: 0.1787064
2026-07-08 06:19:16.568 9 INFO neutron.plugins.ml2.plugin [None req-41e60fba-ef33-4b33-94db-723173586111 - - - - - -] Attempt 1 to provision port a9a222cb-0e23-4362-a0ce-37567c20c7dc
2026-07-08 06:19:16.661 9 INFO neutron.plugins.ml2.drivers.ovn.mech_driver.mech_driver [None req-41e60fba-ef33-4b33-94db-723173586111 - - - - - -] OVN reports status up for port: 6c077195-705f-4422-af4f-b846a08ea007
2026-07-08 06:19:16.667 9 INFO neutron.plugins.ml2.plugin [None req-41e60fba-ef33-4b33-94db-723173586111 - - - - - -] Attempt 1 to provision port 6c077195-705f-4422-af4f-b846a08ea007
2026-07-08 06:19:16.927 9 INFO neutron.db.ovn_revision_numbers_db [None req-41e60fba-ef33-4b33-94db-723173586111 - - - - - -] Successfully bumped revision number for resource 6c077195-705f-4422-af4f-b846a08ea007 (type: ports) to 2
2026-07-08 06:19:16.964 10 INFO neutron.wsgi [req-4fa01f27-d69a-4277-9c81-efd7ea7f27dc req-2d7276c8-b633-400f-88f6-f8ef9122051a 2533ad4d2433471daecf610dd2af07f8 9b66eb079a6042828ef42424ca3c3bca - - default default] 10.0.0.153 "GET /v2.0/security-groups?name=tempest-lb_member_SG-1384744131&fields=id&tenant_id=9b66eb079a6042828ef42424ca3c3bca HTTP/1.1" status: 200 len: 267 time: 0.1184301
2026-07-08 06:19:16.974 10 INFO neutron.db.ovn_revision_numbers_db [None req-57a65fb6-e32d-4515-93a0-573f23e6486e 6c1b5ad7505744db9faee3ad9cc0f47f a7c07c324f794143af655d3448a18592 - - default default] Successfully bumped revision number for resource bba188f2-1e0c-405b-aa0f-01f4d0878ab4 (type: routers) to 2
2026-07-08 06:19:16.977 10 INFO neutron.wsgi [None req-57a65fb6-e32d-4515-93a0-573f23e6486e 6c1b5ad7505744db9faee3ad9cc0f47f a7c07c324f794143af655d3448a18592 - - default default] 10.0.0.36 "PUT /v2.0/routers/bba188f2-1e0c-405b-aa0f-01f4d0878ab4 HTTP/1.1" status: 200 len: 662 time: 0.7414210
2026-07-08 06:19:17.007 9 INFO neutron.wsgi [None req-ce2e880c-f956-4566-8f7c-63ad450c00e2 6c1b5ad7505744db9faee3ad9cc0f47f a7c07c324f794143af655d3448a18592 - - default default] 10.0.0.36 "GET /v2.0/ports?device_id=bba188f2-1e0c-405b-aa0f-01f4d0878ab4 HTTP/1.1" status: 200 len: 205 time: 0.0235841
2026-07-08 06:19:17.072 10 INFO neutron.wsgi [req-4fa01f27-d69a-4277-9c81-efd7ea7f27dc req-ee3b03de-78d7-487f-9f28-90c76345ba80 2533ad4d2433471daecf610dd2af07f8 9b66eb079a6042828ef42424ca3c3bca - - default default] 10.0.0.153 "GET /v2.0/networks?id=99b5808b-9e71-4ed8-974e-6cbf953d27e8 HTTP/1.1" status: 200 len: 902 time: 0.1005101
2026-07-08 06:19:17.078 10 WARNING neutron.scheduler.dhcp_agent_scheduler [None req-29989308-b0ba-4e4d-88a8-08f5dd7badd6 b0e4cb4e5f0e44479b4dd4a2e22d712f 22ef3a8d64814bb681bc460586f0438f - - default default] No more DHCP agents
2026-07-08 06:19:17.079 10 WARNING neutron.api.rpc.agentnotifiers.dhcp_rpc_agent_api [None req-29989308-b0ba-4e4d-88a8-08f5dd7badd6 b0e4cb4e5f0e44479b4dd4a2e22d712f 22ef3a8d64814bb681bc460586f0438f - - default default] Unable to schedule network 4655023a-9bbe-40d8-8914-37a82927b034: no agents available; will retry on subsequent port and subnet creation events.
2026-07-08 06:19:17.096 10 INFO neutron.wsgi [req-4fa01f27-d69a-4277-9c81-efd7ea7f27dc req-4892b971-7e7c-4914-9d18-142f47e14ad7 2533ad4d2433471daecf610dd2af07f8 9b66eb079a6042828ef42424ca3c3bca - - default default] 10.0.0.153 "GET /v2.0/quotas/9b66eb079a6042828ef42424ca3c3bca HTTP/1.1" status: 200 len: 386 time: 0.0157883
2026-07-08 06:19:17.120 9 INFO neutron.db.ovn_revision_numbers_db [None req-41e60fba-ef33-4b33-94db-723173586111 - - - - - -] Successfully bumped revision number for resource 6c077195-705f-4422-af4f-b846a08ea007 (type: router_ports) to 2
2026-07-08 06:19:17.155 10 WARNING neutron.plugins.ml2.drivers.ovn.mech_driver.ovsdb.ovn_client [None req-1f3ac1b1-c9eb-4667-a03d-cc9a1820faa9 - - - - - -] No hosting information found for port 9e7512db-1696-4568-9991-92217336df60: RuntimeError: No hosting information found for port 9e7512db-1696-4568-9991-92217336df60
2026-07-08 06:19:17.155 10 INFO neutron.plugins.ml2.drivers.ovn.mech_driver.mech_driver [None req-1f3ac1b1-c9eb-4667-a03d-cc9a1820faa9 - - - - - -] OVN reports status up for port: f8f0fb2d-f8ae-4dcc-bf86-2c346d4f9a52
2026-07-08 06:19:17.170 10 INFO neutron.plugins.ml2.plugin [None req-1f3ac1b1-c9eb-4667-a03d-cc9a1820faa9 - - - - - -] Attempt 1 to provision port f8f0fb2d-f8ae-4dcc-bf86-2c346d4f9a52
2026-07-08 06:19:17.235 9 INFO neutron.wsgi [None req-32d65c3a-909d-434e-ac31-9fc444bd8d5a 6c1b5ad7505744db9faee3ad9cc0f47f a7c07c324f794143af655d3448a18592 - - default default] 10.0.0.36 "DELETE /v2.0/routers/bba188f2-1e0c-405b-aa0f-01f4d0878ab4 HTTP/1.1" status: 204 len: 168 time: 0.2170773
2026-07-08 06:19:17.293 9 INFO neutron.wsgi [None req-3f24bed7-ba89-411a-838d-b6c2dfa66367 6c1b5ad7505744db9faee3ad9cc0f47f a7c07c324f794143af655d3448a18592 - - default default] 10.0.0.36 "GET /v2.0/routers/13309744-224f-4354-ad60-76ddd0869c46 HTTP/1.1" status: 200 len: 655 time: 0.0527775
2026-07-08 06:19:17.436 10 INFO neutron.wsgi [req-4fa01f27-d69a-4277-9c81-efd7ea7f27dc req-748eea0b-b889-4da0-a75b-723f309772bb 2533ad4d2433471daecf610dd2af07f8 9b66eb079a6042828ef42424ca3c3bca - - default default] 10.0.0.153 "GET /v2.0/ports?tenant_id=9b66eb079a6042828ef42424ca3c3bca&fields=id HTTP/1.1" status: 200 len: 486 time: 0.3338757
2026-07-08 06:19:17.553 10 INFO neutron.wsgi [req-4fa01f27-d69a-4277-9c81-efd7ea7f27dc req-090cef7b-04d5-47a6-98b1-eb9d393c54bb 26ca87b1b3324dddb79ad44d6e826bf6 47f08c3366dd447e8c92d7b83369e780 - - ee583b710bfd4bb2bf2b0a42e9676962 ee583b710bfd4bb2bf2b0a42e9676962] 10.0.0.153 "GET /v2.0/networks/99b5808b-9e71-4ed8-974e-6cbf953d27e8?fields=segments HTTP/1.1" status: 200 len: 212 time: 0.1008453
2026-07-08 06:19:17.655 10 INFO neutron.db.ovn_revision_numbers_db [None req-29989308-b0ba-4e4d-88a8-08f5dd7badd6 b0e4cb4e5f0e44479b4dd4a2e22d712f 22ef3a8d64814bb681bc460586f0438f - - default default] Successfully bumped revision number for resource e1379e2b-1baf-47ff-b119-30f8965ee7d5 (type: floatingips) to 0
2026-07-08 06:19:17.670 10 INFO neutron.wsgi [req-4fa01f27-d69a-4277-9c81-efd7ea7f27dc req-8b57e0c7-84fc-41a0-a230-c81eb8a12441 26ca87b1b3324dddb79ad44d6e826bf6 47f08c3366dd447e8c92d7b83369e780 - - ee583b710bfd4bb2bf2b0a42e9676962 ee583b710bfd4bb2bf2b0a42e9676962] 10.0.0.153 "GET /v2.0/networks/99b5808b-9e71-4ed8-974e-6cbf953d27e8?fields=provider%3Aphysical_network&fields=provider%3Anetwork_type HTTP/1.1" status: 200 len: 277 time: 0.1058922
2026-07-08 06:19:17.678 10 INFO neutron.wsgi [None req-29989308-b0ba-4e4d-88a8-08f5dd7badd6 b0e4cb4e5f0e44479b4dd4a2e22d712f 22ef3a8d64814bb681bc460586f0438f - - default default] 10.0.0.36 "POST /v2.0/floatingips HTTP/1.1" status: 201 len: 751 time: 1.2851062
2026-07-08 06:19:17.686 9 INFO neutron.wsgi [None req-3499810c-8109-499e-9a51-9f77a09f5114 6c1b5ad7505744db9faee3ad9cc0f47f a7c07c324f794143af655d3448a18592 - - default default] 10.0.0.36 "PUT /v2.0/routers/13309744-224f-4354-ad60-76ddd0869c46 HTTP/1.1" status: 200 len: 655 time: 0.3853722
2026-07-08 06:19:17.687 10 INFO neutron.db.ovn_revision_numbers_db [None req-1f3ac1b1-c9eb-4667-a03d-cc9a1820faa9 - - - - - -] Successfully bumped revision number for resource f8f0fb2d-f8ae-4dcc-bf86-2c346d4f9a52 (type: ports) to 2
2026-07-08 06:19:17.708 9 INFO neutron.wsgi [None req-59a1ea79-7c09-4a55-b0e2-2e6243332919 6c1b5ad7505744db9faee3ad9cc0f47f a7c07c324f794143af655d3448a18592 - - default default] 10.0.0.36 "GET /v2.0/ports?device_id=13309744-224f-4354-ad60-76ddd0869c46 HTTP/1.1" status: 200 len: 205 time: 0.0180223
2026-07-08 06:19:17.794 10 INFO neutron.wsgi [req-4c0db9ca-776b-4b09-88fc-90849e1adc5b req-73140efb-937a-47a0-b839-b1c113866848 2533ad4d2433471daecf610dd2af07f8 9b66eb079a6042828ef42424ca3c3bca - - default default] 10.0.0.153 "GET /v2.0/ports?device_id=3dc8c53d-198b-457c-b61a-8cc652d07dad HTTP/1.1" status: 200 len: 210 time: 0.0209970
2026-07-08 06:19:17.806 9 INFO neutron.wsgi [req-54a792b9-206e-4a71-851f-cca438ac0fdc req-bd62b9a0-806f-46f7-91ef-47567f27cdf8 b0e4cb4e5f0e44479b4dd4a2e22d712f 22ef3a8d64814bb681bc460586f0438f - - default default] 10.0.0.153 "GET /v2.0/security-groups?name=tempest-securitygroup--827540430&fields=id&tenant_id=22ef3a8d64814bb681bc460586f0438f HTTP/1.1" status: 200 len: 267 time: 0.0675297
2026-07-08 06:19:17.839 10 INFO neutron.db.ovn_revision_numbers_db [None req-1f3ac1b1-c9eb-4667-a03d-cc9a1820faa9 - - - - - -] Successfully bumped revision number for resource f8f0fb2d-f8ae-4dcc-bf86-2c346d4f9a52 (type: router_ports) to 2
2026-07-08 06:19:18.110 9 INFO neutron.wsgi [req-54a792b9-206e-4a71-851f-cca438ac0fdc req-2c20f376-c759-4882-8eee-df80dd76d33f b0e4cb4e5f0e44479b4dd4a2e22d712f 22ef3a8d64814bb681bc460586f0438f - - default default] 10.0.0.153 "GET /v2.0/security-groups?name=tempest-secgroup-smoke-1111675381&fields=id&tenant_id=22ef3a8d64814bb681bc460586f0438f HTTP/1.1" status: 200 len: 267 time: 0.0743740
2026-07-08 06:19:18.205 9 INFO neutron.wsgi [None req-d3c7d09b-7501-4d09-b125-0c63e3194f3f 6c1b5ad7505744db9faee3ad9cc0f47f a7c07c324f794143af655d3448a18592 - - default default] 10.0.0.36 "DELETE /v2.0/routers/13309744-224f-4354-ad60-76ddd0869c46 HTTP/1.1" status: 204 len: 168 time: 0.4913878
2026-07-08 06:19:18.225 9 INFO neutron.wsgi [req-54a792b9-206e-4a71-851f-cca438ac0fdc req-6ad5c06a-a4a8-402d-87ff-191a91d28784 b0e4cb4e5f0e44479b4dd4a2e22d712f 22ef3a8d64814bb681bc460586f0438f - - default default] 10.0.0.153 "GET /v2.0/networks?id=17a3d2aa-f658-43b5-9b0d-7ce63915faf5 HTTP/1.1" status: 200 len: 872 time: 0.0944629
2026-07-08 06:19:18.244 9 INFO neutron.wsgi [req-54a792b9-206e-4a71-851f-cca438ac0fdc req-1bedac44-6f19-42c6-bf7d-1e8c728c3841 b0e4cb4e5f0e44479b4dd4a2e22d712f 22ef3a8d64814bb681bc460586f0438f - - default default] 10.0.0.153 "GET /v2.0/quotas/22ef3a8d64814bb681bc460586f0438f HTTP/1.1" status: 200 len: 386 time: 0.0128348
2026-07-08 06:19:18.349 9 INFO neutron.wsgi [req-54a792b9-206e-4a71-851f-cca438ac0fdc req-cd3fefb4-102f-4b01-a4ee-d6cfabf22f67 b0e4cb4e5f0e44479b4dd4a2e22d712f 22ef3a8d64814bb681bc460586f0438f - - default default] 10.0.0.153 "GET /v2.0/ports?tenant_id=22ef3a8d64814bb681bc460586f0438f&fields=id HTTP/1.1" status: 200 len: 302 time: 0.0976832
2026-07-08 06:19:18.456 9 INFO neutron.wsgi [req-54a792b9-206e-4a71-851f-cca438ac0fdc req-ef6825a5-b00d-47b7-85b9-2553cfff030d 26ca87b1b3324dddb79ad44d6e826bf6 47f08c3366dd447e8c92d7b83369e780 - - ee583b710bfd4bb2bf2b0a42e9676962 ee583b710bfd4bb2bf2b0a42e9676962] 10.0.0.153 "GET /v2.0/networks/17a3d2aa-f658-43b5-9b0d-7ce63915faf5?fields=segments HTTP/1.1" status: 200 len: 212 time: 0.0928366
2026-07-08 06:19:18.488 10 INFO neutron.wsgi [req-4fa01f27-d69a-4277-9c81-efd7ea7f27dc req-f31bea4f-27db-4e7d-8702-070803d7a551 2533ad4d2433471daecf610dd2af07f8 9b66eb079a6042828ef42424ca3c3bca - - default default] 199.204.45.89 "GET /v2.0/networks?id=99b5808b-9e71-4ed8-974e-6cbf953d27e8 HTTP/1.1" status: 200 len: 902 time: 0.0788033
2026-07-08 06:19:18.532 9 INFO neutron.wsgi [req-54a792b9-206e-4a71-851f-cca438ac0fdc req-bc8ac033-6378-4bca-bd7f-59f0bbc98efe 26ca87b1b3324dddb79ad44d6e826bf6 47f08c3366dd447e8c92d7b83369e780 - - ee583b710bfd4bb2bf2b0a42e9676962 ee583b710bfd4bb2bf2b0a42e9676962] 10.0.0.153 "GET /v2.0/networks/17a3d2aa-f658-43b5-9b0d-7ce63915faf5?fields=provider%3Aphysical_network&fields=provider%3Anetwork_type HTTP/1.1" status: 200 len: 277 time: 0.0675659
2026-07-08 06:19:18.537 10 INFO neutron.wsgi [req-4fa01f27-d69a-4277-9c81-efd7ea7f27dc req-94514fe3-585e-4f28-89f0-639b87313c89 2533ad4d2433471daecf610dd2af07f8 9b66eb079a6042828ef42424ca3c3bca - - default default] 199.204.45.89 "GET /v2.0/security-groups?fields=id&fields=name&tenant_id=9b66eb079a6042828ef42424ca3c3bca HTTP/1.1" status: 200 len: 378 time: 0.0426314
2026-07-08 06:19:18.750 10 INFO neutron.wsgi [req-ffef9f21-ff20-4934-8d6e-c26c0d2059bc req-a8e7b7c1-0a40-49e9-8122-404d1eb9a307 b0e4cb4e5f0e44479b4dd4a2e22d712f 22ef3a8d64814bb681bc460586f0438f - - default default] 10.0.0.153 "GET /v2.0/ports?device_id=fad43556-c294-48f9-8d60-56c816848789 HTTP/1.1" status: 200 len: 210 time: 0.0253656
2026-07-08 06:19:18.908 10 WARNING neutron.scheduler.dhcp_agent_scheduler [req-4fa01f27-d69a-4277-9c81-efd7ea7f27dc req-db7c2f5c-08e3-47ca-acd5-bd6e0e230e28 2533ad4d2433471daecf610dd2af07f8 9b66eb079a6042828ef42424ca3c3bca - - default default] No more DHCP agents
2026-07-08 06:19:18.910 10 WARNING neutron.api.rpc.agentnotifiers.dhcp_rpc_agent_api [req-4fa01f27-d69a-4277-9c81-efd7ea7f27dc req-db7c2f5c-08e3-47ca-acd5-bd6e0e230e28 2533ad4d2433471daecf610dd2af07f8 9b66eb079a6042828ef42424ca3c3bca - - default default] Unable to schedule network 99b5808b-9e71-4ed8-974e-6cbf953d27e8: no agents available; will retry on subsequent port and subnet creation events.
2026-07-08 06:19:19.091 10 INFO neutron.db.ovn_revision_numbers_db [req-4fa01f27-d69a-4277-9c81-efd7ea7f27dc req-db7c2f5c-08e3-47ca-acd5-bd6e0e230e28 2533ad4d2433471daecf610dd2af07f8 9b66eb079a6042828ef42424ca3c3bca - - default default] Successfully bumped revision number for resource 781b503b-76f4-483b-8620-f87a8d9c34dd (type: ports) to 1
2026-07-08 06:19:19.112 10 INFO neutron.wsgi [req-4fa01f27-d69a-4277-9c81-efd7ea7f27dc req-db7c2f5c-08e3-47ca-acd5-bd6e0e230e28 2533ad4d2433471daecf610dd2af07f8 9b66eb079a6042828ef42424ca3c3bca - - default default] 199.204.45.89 "POST /v2.0/ports HTTP/1.1" status: 201 len: 1380 time: 0.5703082 /var/lib/openstack/lib/python3.10/site-packages/pycadf/identifier.py:71: UserWarning: Invalid uuid: neutron. To ensure interoperability, identifiers should be a valid uuid. warnings.warn(('Invalid uuid: %s. To ensure interoperability, '
2026-07-08 06:19:19.360 9 INFO neutron.db.ovn_revision_numbers_db [None req-52ae5248-023b-4e07-b403-fe8d2d4c6697 f9d0012c80a44f34981be525aa95de34 31c8531259d447fa8358eb34b21b7e43 - - default default] Successfully bumped revision number for resource 6f74df0d-18bf-4ab3-9baf-690f34bb6131 (type: security_groups) to 1
2026-07-08 06:19:19.379 9 INFO neutron.db.ovn_revision_numbers_db [None req-52ae5248-023b-4e07-b403-fe8d2d4c6697 f9d0012c80a44f34981be525aa95de34 31c8531259d447fa8358eb34b21b7e43 - - default default] Successfully bumped revision number for resource 2e29eaac-6d76-471a-baa7-5ed113a8efde (type: security_group_rules) to 0
2026-07-08 06:19:19.405 9 INFO neutron.db.ovn_revision_numbers_db [None req-52ae5248-023b-4e07-b403-fe8d2d4c6697 f9d0012c80a44f34981be525aa95de34 31c8531259d447fa8358eb34b21b7e43 - - default default] Successfully bumped revision number for resource 50805105-2b57-45e4-a00a-50fc57883a47 (type: security_group_rules) to 0
2026-07-08 06:19:19.435 9 INFO neutron.db.ovn_revision_numbers_db [None req-52ae5248-023b-4e07-b403-fe8d2d4c6697 f9d0012c80a44f34981be525aa95de34 31c8531259d447fa8358eb34b21b7e43 - - default default] Successfully bumped revision number for resource 523b934e-b8b1-42dc-8140-20aaf91cdb56 (type: security_group_rules) to 0
2026-07-08 06:19:19.448 9 INFO neutron.db.ovn_revision_numbers_db [None req-52ae5248-023b-4e07-b403-fe8d2d4c6697 f9d0012c80a44f34981be525aa95de34 31c8531259d447fa8358eb34b21b7e43 - - default default] Successfully bumped revision number for resource eea873b8-2f45-4fdc-b6a1-3ce6cea31f7e (type: security_group_rules) to 0
2026-07-08 06:19:19.454 10 INFO neutron.wsgi [req-54a792b9-206e-4a71-851f-cca438ac0fdc req-0b0ebdb8-8038-40fb-b00b-bcdbc2b37bd9 b0e4cb4e5f0e44479b4dd4a2e22d712f 22ef3a8d64814bb681bc460586f0438f - - default default] 199.204.45.89 "GET /v2.0/networks?id=17a3d2aa-f658-43b5-9b0d-7ce63915faf5 HTTP/1.1" status: 200 len: 872 time: 0.0936840
2026-07-08 06:19:19.471 9 INFO neutron.wsgi [None req-52ae5248-023b-4e07-b403-fe8d2d4c6697 f9d0012c80a44f34981be525aa95de34 31c8531259d447fa8358eb34b21b7e43 - - default default] 10.0.0.36 "GET /v2.0/security-groups?tenant_id=79cbe484d7504140a35f6e68d9e653ee&name=default HTTP/1.1" status: 200 len: 2996 time: 0.4001122 /var/lib/openstack/lib/python3.10/site-packages/pycadf/identifier.py:71: UserWarning: Invalid uuid: neutron. To ensure interoperability, identifiers should be a valid uuid. warnings.warn(('Invalid uuid: %s. To ensure interoperability, '
2026-07-08 06:19:19.526 10 INFO neutron.wsgi [req-54a792b9-206e-4a71-851f-cca438ac0fdc req-93c4d194-e43c-4bdb-b379-c37d880388b9 b0e4cb4e5f0e44479b4dd4a2e22d712f 22ef3a8d64814bb681bc460586f0438f - - default default] 199.204.45.89 "GET /v2.0/security-groups?fields=id&fields=name&tenant_id=22ef3a8d64814bb681bc460586f0438f HTTP/1.1" status: 200 len: 472 time: 0.0590882
2026-07-08 06:19:19.647 10 INFO neutron.db.ovn_revision_numbers_db [req-4fa01f27-d69a-4277-9c81-efd7ea7f27dc req-d3452f0f-b399-44be-979c-b2cd6b5474d8 26ca87b1b3324dddb79ad44d6e826bf6 47f08c3366dd447e8c92d7b83369e780 - - ee583b710bfd4bb2bf2b0a42e9676962 ee583b710bfd4bb2bf2b0a42e9676962] Successfully bumped revision number for resource 781b503b-76f4-483b-8620-f87a8d9c34dd (type: ports) to 2
2026-07-08 06:19:19.692 9 INFO neutron.wsgi [None req-3426007f-bb5e-4e0b-8ea6-7dea55c35d4c f9d0012c80a44f34981be525aa95de34 31c8531259d447fa8358eb34b21b7e43 - - default default] 10.0.0.36 "DELETE /v2.0/security-groups/6f74df0d-18bf-4ab3-9baf-690f34bb6131 HTTP/1.1" status: 204 len: 168 time: 0.2159727
2026-07-08 06:19:19.843 9 INFO neutron.wsgi [req-d3c558b2-16e4-4bd5-8afd-10437ec1cf5c req-09b73109-4b2e-4a1b-be3b-5e40b0b0e127 b0e4cb4e5f0e44479b4dd4a2e22d712f 22ef3a8d64814bb681bc460586f0438f - - default default] 10.0.0.153 "GET /v2.0/ports?device_id=fad43556-c294-48f9-8d60-56c816848789 HTTP/1.1" status: 200 len: 210 time: 0.0226269
2026-07-08 06:19:19.920 9 INFO neutron.db.ovn_revision_numbers_db [None req-4e10479e-477a-41da-a15e-a00c0902e3d5 f9d0012c80a44f34981be525aa95de34 31c8531259d447fa8358eb34b21b7e43 - - default default] Successfully bumped revision number for resource 493e1a9a-89b5-4e2b-84ae-bc8013d01454 (type: security_groups) to 1
2026-07-08 06:19:19.928 10 INFO neutron.db.ovn_revision_numbers_db [req-4fa01f27-d69a-4277-9c81-efd7ea7f27dc req-d3452f0f-b399-44be-979c-b2cd6b5474d8 26ca87b1b3324dddb79ad44d6e826bf6 47f08c3366dd447e8c92d7b83369e780 - - ee583b710bfd4bb2bf2b0a42e9676962 ee583b710bfd4bb2bf2b0a42e9676962] Successfully bumped revision number for resource 781b503b-76f4-483b-8620-f87a8d9c34dd (type: ports) to 2
2026-07-08 06:19:19.943 9 INFO neutron.db.ovn_revision_numbers_db [None req-4e10479e-477a-41da-a15e-a00c0902e3d5 f9d0012c80a44f34981be525aa95de34 31c8531259d447fa8358eb34b21b7e43 - - default default] Successfully bumped revision number for resource 1a2291c0-5b4d-4d56-8c2b-e9eaa08abf91 (type: security_group_rules) to 0
2026-07-08 06:19:19.955 9 INFO neutron.db.ovn_revision_numbers_db [None req-4e10479e-477a-41da-a15e-a00c0902e3d5 f9d0012c80a44f34981be525aa95de34 31c8531259d447fa8358eb34b21b7e43 - - default default] Successfully bumped revision number for resource 5abdc105-ec7d-47fe-9958-5878ec9f618c (type: security_group_rules) to 0
2026-07-08 06:19:19.956 10 INFO neutron.wsgi [req-4fa01f27-d69a-4277-9c81-efd7ea7f27dc req-d3452f0f-b399-44be-979c-b2cd6b5474d8 26ca87b1b3324dddb79ad44d6e826bf6 47f08c3366dd447e8c92d7b83369e780 - - ee583b710bfd4bb2bf2b0a42e9676962 ee583b710bfd4bb2bf2b0a42e9676962] 199.204.45.89 "PUT /v2.0/ports/781b503b-76f4-483b-8620-f87a8d9c34dd HTTP/1.1" status: 200 len: 1597 time: 0.8344345
2026-07-08 06:19:19.965 10 WARNING neutron.scheduler.dhcp_agent_scheduler [req-54a792b9-206e-4a71-851f-cca438ac0fdc req-001fa102-86fd-474f-96bf-eda0c81bf020 b0e4cb4e5f0e44479b4dd4a2e22d712f 22ef3a8d64814bb681bc460586f0438f - - default default] No more DHCP agents
