File "/var/lib/openstack/lib/python3.10/site-packages/ovsdbapp/backend/ovs_idl/__init__.py", line 183, in lookup
2026-07-08 06:15:52.413 9 ERROR ovsdbapp.backend.ovs_idl.command return self._lookup(table, record)
2026-07-08 06:15:52.413 9 ERROR ovsdbapp.backend.ovs_idl.command
File "/var/lib/openstack/lib/python3.10/site-packages/ovsdbapp/backend/ovs_idl/__init__.py", line 234, in _lookup
2026-07-08 06:15:52.413 9 ERROR ovsdbapp.backend.ovs_idl.command row = idlutils.row_by_value(self, rl.table, rl.column, record)
2026-07-08 06:15:52.413 9 ERROR ovsdbapp.backend.ovs_idl.command
File "/var/lib/openstack/lib/python3.10/site-packages/ovsdbapp/backend/ovs_idl/idlutils.py", line 114, in row_by_value
2026-07-08 06:15:52.413 9 ERROR ovsdbapp.backend.ovs_idl.command raise RowNotFound(table=table, col=column, match=match)
2026-07-08 06:15:52.413 9 ERROR ovsdbapp.backend.ovs_idl.command ovsdbapp.backend.ovs_idl.idlutils.RowNotFound: Cannot find Logical_Switch_Port with name=229c3703-7db7-4f03-949b-6842135b9472
2026-07-08 06:15:52.413 9 ERROR ovsdbapp.backend.ovs_idl.command 
2026-07-08 06:15:52.414 9 ERROR ovsdbapp.event [None req-41e60fba-ef33-4b33-94db-723173586111 - - - - - -] Unexpected exception in notify_loop: ovsdbapp.backend.ovs_idl.idlutils.RowNotFound: Cannot find Logical_Switch_Port with name=229c3703-7db7-4f03-949b-6842135b9472
2026-07-08 06:15:52.414 9 ERROR ovsdbapp.event
Traceback (most recent call last):
2026-07-08 06:15:52.414 9 ERROR ovsdbapp.event
File "/var/lib/openstack/lib/python3.10/site-packages/ovsdbapp/event.py", line 177, in notify_loop
2026-07-08 06:15:52.414 9 ERROR ovsdbapp.event match.run(event, row, updates)
2026-07-08 06:15:52.414 9 ERROR ovsdbapp.event
File "/var/lib/openstack/lib/python3.10/site-packages/neutron/plugins/ml2/drivers/ovn/mech_driver/ovsdb/ovsdb_monitor.py", line 512, in run
2026-07-08 06:15:52.414 9 ERROR ovsdbapp.event self.driver.set_port_status_up(row.name)
2026-07-08 06:15:52.414 9 ERROR ovsdbapp.event
File "/var/lib/openstack/lib/python3.10/site-packages/neutron/plugins/ml2/drivers/ovn/mech_driver/mech_driver.py", line 1185, in set_port_status_up
2026-07-08 06:15:52.414 9 ERROR ovsdbapp.event self._ovn_client.update_lsp_host_info(admin_context, db_port)
2026-07-08 06:15:52.414 9 ERROR ovsdbapp.event
File "/var/lib/openstack/lib/python3.10/site-packages/neutron/plugins/ml2/drivers/ovn/mech_driver/ovsdb/ovn_client.py", line 297, in update_lsp_host_info
2026-07-08 06:15:52.414 9 ERROR ovsdbapp.event port_up = self._nb_idl.lsp_get_up(db_port.id).execute(
2026-07-08 06:15:52.414 9 ERROR ovsdbapp.event
File "/var/lib/openstack/lib/python3.10/site-packages/ovsdbapp/backend/ovs_idl/command.py", line 47, in execute
2026-07-08 06:15:52.414 9 ERROR ovsdbapp.event self.run_idl(None)
2026-07-08 06:15:52.414 9 ERROR ovsdbapp.event
File "/var/lib/openstack/lib/python3.10/site-packages/ovsdbapp/schema/ovn_northbound/commands.py", line 650, in run_idl
2026-07-08 06:15:52.414 9 ERROR ovsdbapp.event lsp = self.api.lookup('Logical_Switch_Port', self.port)
2026-07-08 06:15:52.414 9 ERROR ovsdbapp.event
File "/var/lib/openstack/lib/python3.10/site-packages/ovsdbapp/backend/ovs_idl/__init__.py", line 183, in lookup
2026-07-08 06:15:52.414 9 ERROR ovsdbapp.event return self._lookup(table, record)
2026-07-08 06:15:52.414 9 ERROR ovsdbapp.event
File "/var/lib/openstack/lib/python3.10/site-packages/ovsdbapp/backend/ovs_idl/__init__.py", line 234, in _lookup
2026-07-08 06:15:52.414 9 ERROR ovsdbapp.event row = idlutils.row_by_value(self, rl.table, rl.column, record)
2026-07-08 06:15:52.414 9 ERROR ovsdbapp.event
File "/var/lib/openstack/lib/python3.10/site-packages/ovsdbapp/backend/ovs_idl/idlutils.py", line 114, in row_by_value
2026-07-08 06:15:52.414 9 ERROR ovsdbapp.event raise RowNotFound(table=table, col=column, match=match)
2026-07-08 06:15:52.414 9 ERROR ovsdbapp.event ovsdbapp.backend.ovs_idl.idlutils.RowNotFound: Cannot find Logical_Switch_Port with name=229c3703-7db7-4f03-949b-6842135b9472
2026-07-08 06:15:52.414 9 ERROR ovsdbapp.event 
2026-07-08 06:15:52.415 9 INFO neutron.plugins.ml2.drivers.ovn.mech_driver.mech_driver [None req-41e60fba-ef33-4b33-94db-723173586111 - - - - - -] OVN reports status up for port: 29b400ee-d65b-4e3f-b86c-cb8d5be01738
2026-07-08 06:15:52.434 9 INFO neutron.plugins.ml2.plugin [None req-41e60fba-ef33-4b33-94db-723173586111 - - - - - -] Attempt 1 to provision port 29b400ee-d65b-4e3f-b86c-cb8d5be01738
2026-07-08 06:15:52.617 10 INFO neutron.wsgi [req-91e1bb28-bdd6-478f-b0ba-b77abf7e0c35 req-ba6160bd-67a0-4f0c-bbb4-b620f382cdf0 00a1b4220ec94dff819ca9cb6eb93cc8 390a228564e64ed4b0a0654de17ec41e - - default default] 199.204.45.89 "GET /v2.0/networks?id=44f468d1-64a1-400d-b114-d60e64078c93 HTTP/1.1" status: 200 len: 882 time: 0.1616220
2026-07-08 06:15:52.710 10 INFO neutron.wsgi [req-91e1bb28-bdd6-478f-b0ba-b77abf7e0c35 req-51382d36-f8ea-4ed2-b45f-165eecbbccc5 00a1b4220ec94dff819ca9cb6eb93cc8 390a228564e64ed4b0a0654de17ec41e - - default default] 199.204.45.89 "GET /v2.0/security-groups?fields=id&fields=name&tenant_id=390a228564e64ed4b0a0654de17ec41e HTTP/1.1" status: 200 len: 379 time: 0.0620475
2026-07-08 06:15:52.804 10 INFO neutron.db.ovn_revision_numbers_db [None req-bc3b6fc3-d246-49c8-896c-30be32f00713 - - - - - -] Successfully bumped revision number for resource e685f7b3-030f-4485-b84e-3c5018e682f8 (type: router_ports) to 3
2026-07-08 06:15:52.881 10 INFO neutron.db.ovn_revision_numbers_db [None req-43120dd7-fff3-4eaa-bebd-bf90b893b1d5 3b22a979e4f847509a972bfe6926aa35 b9c597c5ced949e0bcf28cfb4309fb8e - - default default] Successfully bumped revision number for resource 19cc6fe2-7aa0-491c-8bf1-d6e2d35fb3a7 (type: security_groups) to 1
2026-07-08 06:15:52.913 10 INFO neutron.db.ovn_revision_numbers_db [None req-43120dd7-fff3-4eaa-bebd-bf90b893b1d5 3b22a979e4f847509a972bfe6926aa35 b9c597c5ced949e0bcf28cfb4309fb8e - - default default] Successfully bumped revision number for resource 2f8455c8-b41a-492a-b631-89bae81d5d62 (type: security_group_rules) to 0
2026-07-08 06:15:52.959 10 INFO neutron.db.ovn_revision_numbers_db [None req-43120dd7-fff3-4eaa-bebd-bf90b893b1d5 3b22a979e4f847509a972bfe6926aa35 b9c597c5ced949e0bcf28cfb4309fb8e - - default default] Successfully bumped revision number for resource d9356900-f92c-4a76-b696-dd02e6c71587 (type: security_group_rules) to 0
2026-07-08 06:15:52.989 10 INFO neutron.wsgi [None req-43120dd7-fff3-4eaa-bebd-bf90b893b1d5 3b22a979e4f847509a972bfe6926aa35 b9c597c5ced949e0bcf28cfb4309fb8e - - default default] 10.0.0.36 "POST /v2.0/security-groups HTTP/1.1" status: 201 len: 1795 time: 0.3561349
2026-07-08 06:15:53.047 10 INFO neutron.db.ovn_revision_numbers_db [None req-bc3b6fc3-d246-49c8-896c-30be32f00713 - - - - - -] Successfully bumped revision number for resource e685f7b3-030f-4485-b84e-3c5018e682f8 (type: ports) to 2
2026-07-08 06:15:53.080 9 INFO neutron.db.ovn_revision_numbers_db [None req-41e60fba-ef33-4b33-94db-723173586111 - - - - - -] Successfully bumped revision number for resource 29b400ee-d65b-4e3f-b86c-cb8d5be01738 (type: ports) to 2
2026-07-08 06:15:53.479 9 INFO neutron.db.ovn_revision_numbers_db [None req-41e60fba-ef33-4b33-94db-723173586111 - - - - - -] Successfully bumped revision number for resource 29b400ee-d65b-4e3f-b86c-cb8d5be01738 (type: router_ports) to 2
2026-07-08 06:15:53.522 9 INFO neutron.wsgi [req-9b476434-ab84-4882-a0f6-24c238f2b64e req-e52d78ba-a64c-4536-b597-875605ab35f3 00a1b4220ec94dff819ca9cb6eb93cc8 390a228564e64ed4b0a0654de17ec41e - - default default] 10.0.0.153 "GET /v2.0/ports?device_id=526b20db-dc63-44f4-ac23-14db4b935c39 HTTP/1.1" status: 200 len: 1156 time: 0.0928268
2026-07-08 06:15:53.528 10 WARNING neutron.scheduler.dhcp_agent_scheduler [req-91e1bb28-bdd6-478f-b0ba-b77abf7e0c35 req-14dfd90b-ffe0-4c86-b689-182a36b81685 00a1b4220ec94dff819ca9cb6eb93cc8 390a228564e64ed4b0a0654de17ec41e - - default default] No more DHCP agents
2026-07-08 06:15:53.531 10 WARNING neutron.api.rpc.agentnotifiers.dhcp_rpc_agent_api [req-91e1bb28-bdd6-478f-b0ba-b77abf7e0c35 req-14dfd90b-ffe0-4c86-b689-182a36b81685 00a1b4220ec94dff819ca9cb6eb93cc8 390a228564e64ed4b0a0654de17ec41e - - default default] Unable to schedule network 44f468d1-64a1-400d-b114-d60e64078c93: no agents available; will retry on subsequent port and subnet creation events.
2026-07-08 06:15:53.538 9 INFO neutron.db.ovn_revision_numbers_db [None req-dea92fef-9bf1-4b56-8be9-1b2ef110cb94 3b22a979e4f847509a972bfe6926aa35 b9c597c5ced949e0bcf28cfb4309fb8e - - default default] Successfully bumped revision number for resource d28b8994-2204-45a0-b17f-1041985eb6d1 (type: security_group_rules) to 0
2026-07-08 06:15:53.589 10 INFO neutron.db.ovn_revision_numbers_db [None req-bc3b6fc3-d246-49c8-896c-30be32f00713 - - - - - -] Successfully bumped revision number for resource e685f7b3-030f-4485-b84e-3c5018e682f8 (type: ports) to 4
2026-07-08 06:15:53.621 9 INFO neutron.wsgi [None req-dea92fef-9bf1-4b56-8be9-1b2ef110cb94 3b22a979e4f847509a972bfe6926aa35 b9c597c5ced949e0bcf28cfb4309fb8e - - default default] 10.0.0.36 "POST /v2.0/security-group-rules HTTP/1.1" status: 201 len: 764 time: 0.6260698
2026-07-08 06:15:53.625 9 INFO neutron.wsgi [req-9b476434-ab84-4882-a0f6-24c238f2b64e req-a9f74a84-2faf-4f09-aee2-359b8390ad8f 00a1b4220ec94dff819ca9cb6eb93cc8 390a228564e64ed4b0a0654de17ec41e - - default default] 10.0.0.153 "GET /v2.0/security-groups?id=bf5f2586-27c8-4f4a-96a2-5cd8c1fb7a40&fields=id&fields=name HTTP/1.1" status: 200 len: 312 time: 0.0970025
2026-07-08 06:15:53.629 9 INFO neutron.wsgi [-] 10.0.0.203 "GET / HTTP/1.1" status: 200 len: 247 time: 0.0011182
2026-07-08 06:15:53.633 10 INFO neutron.wsgi [-] 10.0.0.203 "GET / HTTP/1.1" status: 200 len: 247 time: 0.0013592
2026-07-08 06:15:53.727 10 INFO neutron.db.ovn_revision_numbers_db [req-91e1bb28-bdd6-478f-b0ba-b77abf7e0c35 req-14dfd90b-ffe0-4c86-b689-182a36b81685 00a1b4220ec94dff819ca9cb6eb93cc8 390a228564e64ed4b0a0654de17ec41e - - default default] Successfully bumped revision number for resource 09098082-5b1c-4177-8793-05e6aaa86dd1 (type: ports) to 1
2026-07-08 06:15:53.758 10 INFO neutron.wsgi [req-91e1bb28-bdd6-478f-b0ba-b77abf7e0c35 req-14dfd90b-ffe0-4c86-b689-182a36b81685 00a1b4220ec94dff819ca9cb6eb93cc8 390a228564e64ed4b0a0654de17ec41e - - default default] 199.204.45.89 "POST /v2.0/ports HTTP/1.1" status: 201 len: 1158 time: 1.0309560 /var/lib/openstack/lib/python3.10/site-packages/pycadf/identifier.py:71: UserWarning: Invalid uuid: neutron. To ensure interoperability, identifiers should be a valid uuid. warnings.warn(('Invalid uuid: %s. To ensure interoperability, '
2026-07-08 06:15:53.770 10 INFO neutron.wsgi [req-91e1bb28-bdd6-478f-b0ba-b77abf7e0c35 req-8ae40a4a-b272-4bf4-a7ae-d68a42fb055a 00a1b4220ec94dff819ca9cb6eb93cc8 390a228564e64ed4b0a0654de17ec41e - - default default] 199.204.45.89 "GET /v2.0/extensions HTTP/1.1" status: 200 len: 16525 time: 0.0059228
2026-07-08 06:15:53.834 10 INFO neutron.db.ovn_revision_numbers_db [None req-bc3b6fc3-d246-49c8-896c-30be32f00713 - - - - - -] Successfully bumped revision number for resource e685f7b3-030f-4485-b84e-3c5018e682f8 (type: router_ports) to 4
2026-07-08 06:15:53.910 9 INFO neutron.wsgi [None req-c6219ce7-8ed2-47a3-b8b3-74fcae8db6dc f9d0012c80a44f34981be525aa95de34 31c8531259d447fa8358eb34b21b7e43 - - default default] 10.0.0.36 "PUT /v2.0/routers/b91199e2-87cf-47cd-b676-762ce05914d6/remove_router_interface HTTP/1.1" status: 200 len: 503 time: 2.4058497
2026-07-08 06:15:53.914 9 INFO neutron.db.ovn_revision_numbers_db [None req-8fc6dbbe-abdb-4446-a7ce-17d5572e67d3 3b22a979e4f847509a972bfe6926aa35 b9c597c5ced949e0bcf28cfb4309fb8e - - default default] Successfully bumped revision number for resource ed2d6049-033a-489b-bd99-12659f96f966 (type: security_group_rules) to 0
2026-07-08 06:15:53.958 9 INFO neutron.wsgi [None req-8fc6dbbe-abdb-4446-a7ce-17d5572e67d3 3b22a979e4f847509a972bfe6926aa35 b9c597c5ced949e0bcf28cfb4309fb8e - - default default] 10.0.0.36 "POST /v2.0/security-group-rules HTTP/1.1" status: 201 len: 769 time: 0.3261397 /var/lib/openstack/lib/python3.10/site-packages/pycadf/identifier.py:71: UserWarning: Invalid uuid: neutron. To ensure interoperability, identifiers should be a valid uuid. warnings.warn(('Invalid uuid: %s. To ensure interoperability, '
2026-07-08 06:15:54.409 9 INFO neutron.wsgi [None req-e61ccac9-b36d-42fa-8991-4ef4537cfee3 f9d0012c80a44f34981be525aa95de34 31c8531259d447fa8358eb34b21b7e43 - - default default] 10.0.0.36 "PUT /v2.0/routers/15608dfa-d9de-4d9b-8a1d-66abebf6dd2f/remove_router_interface HTTP/1.1" status: 200 len: 503 time: 2.2786031 /var/lib/openstack/lib/python3.10/site-packages/pycadf/identifier.py:71: UserWarning: Invalid uuid: neutron. To ensure interoperability, identifiers should be a valid uuid. warnings.warn(('Invalid uuid: %s. To ensure interoperability, '
2026-07-08 06:15:54.478 9 WARNING neutron.scheduler.dhcp_agent_scheduler [None req-119bed49-90a3-446e-89f6-b36f66c18157 3b22a979e4f847509a972bfe6926aa35 b9c597c5ced949e0bcf28cfb4309fb8e - - default default] No more DHCP agents
2026-07-08 06:15:54.481 9 WARNING neutron.api.rpc.agentnotifiers.dhcp_rpc_agent_api [None req-119bed49-90a3-446e-89f6-b36f66c18157 3b22a979e4f847509a972bfe6926aa35 b9c597c5ced949e0bcf28cfb4309fb8e - - default default] Unable to schedule network 4655023a-9bbe-40d8-8914-37a82927b034: no agents available; will retry on subsequent port and subnet creation events. /var/lib/openstack/lib/python3.10/site-packages/pycadf/identifier.py:71: UserWarning: Invalid uuid: neutron. To ensure interoperability, identifiers should be a valid uuid. warnings.warn(('Invalid uuid: %s. To ensure interoperability, '
2026-07-08 06:15:54.800 10 INFO neutron.wsgi [None req-c392f70c-f700-4515-8a91-05397a163d21 f9d0012c80a44f34981be525aa95de34 31c8531259d447fa8358eb34b21b7e43 - - default default] 10.0.0.36 "DELETE /v2.0/routers/b91199e2-87cf-47cd-b676-762ce05914d6 HTTP/1.1" status: 204 len: 168 time: 0.8846848
2026-07-08 06:15:54.847 9 INFO neutron.db.ovn_revision_numbers_db [None req-119bed49-90a3-446e-89f6-b36f66c18157 3b22a979e4f847509a972bfe6926aa35 b9c597c5ced949e0bcf28cfb4309fb8e - - default default] Successfully bumped revision number for resource 19deeeef-b20d-41fb-b19b-a12fc1dcb9e8 (type: floatingips) to 0
2026-07-08 06:15:54.864 10 INFO neutron.db.ovn_revision_numbers_db [req-91e1bb28-bdd6-478f-b0ba-b77abf7e0c35 req-8458742c-b71d-4209-929f-340ef9a4935f 26ca87b1b3324dddb79ad44d6e826bf6 47f08c3366dd447e8c92d7b83369e780 - - ee583b710bfd4bb2bf2b0a42e9676962 ee583b710bfd4bb2bf2b0a42e9676962] Successfully bumped revision number for resource 09098082-5b1c-4177-8793-05e6aaa86dd1 (type: ports) to 2
2026-07-08 06:15:54.870 10 INFO neutron.wsgi [req-917a71f8-84a4-4c3d-9bbe-28f0743a14b8 req-a3111964-7133-46e6-81df-44b612a8ce4c 00a1b4220ec94dff819ca9cb6eb93cc8 390a228564e64ed4b0a0654de17ec41e - - default default] 10.0.0.153 "GET /v2.0/ports?device_id=526b20db-dc63-44f4-ac23-14db4b935c39 HTTP/1.1" status: 200 len: 1168 time: 0.1298373
2026-07-08 06:15:54.870 9 INFO neutron.wsgi [None req-119bed49-90a3-446e-89f6-b36f66c18157 3b22a979e4f847509a972bfe6926aa35 b9c597c5ced949e0bcf28cfb4309fb8e - - default default] 10.0.0.36 "POST /v2.0/floatingips HTTP/1.1" status: 201 len: 751 time: 0.9055960
2026-07-08 06:15:54.941 10 INFO neutron.wsgi [req-917a71f8-84a4-4c3d-9bbe-28f0743a14b8 req-443ac8f7-7905-4918-9f16-9788c9c02642 00a1b4220ec94dff819ca9cb6eb93cc8 390a228564e64ed4b0a0654de17ec41e - - default default] 10.0.0.153 "GET /v2.0/security-groups?id=bf5f2586-27c8-4f4a-96a2-5cd8c1fb7a40&fields=id&fields=name HTTP/1.1" status: 200 len: 312 time: 0.0603139
2026-07-08 06:15:55.074 10 INFO neutron.wsgi [None req-db9940b5-2fce-40a4-99de-264e4e3d0422 f9d0012c80a44f34981be525aa95de34 31c8531259d447fa8358eb34b21b7e43 - - default default] 10.0.0.36 "DELETE /v2.0/subnets/eedc0c0c-d16a-416a-ba83-a265f45f45bc HTTP/1.1" status: 204 len: 168 time: 0.2649388
2026-07-08 06:15:55.081 9 INFO neutron.wsgi [None req-2e8641a1-8140-4627-baf9-009a5358f963 f9d0012c80a44f34981be525aa95de34 31c8531259d447fa8358eb34b21b7e43 - - default default] 10.0.0.36 "DELETE /v2.0/routers/15608dfa-d9de-4d9b-8a1d-66abebf6dd2f HTTP/1.1" status: 204 len: 168 time: 0.6669588 /var/lib/openstack/lib/python3.10/site-packages/pycadf/identifier.py:71: UserWarning: Invalid uuid: neutron. To ensure interoperability, identifiers should be a valid uuid. warnings.warn(('Invalid uuid: %s. To ensure interoperability, '
2026-07-08 06:15:55.155 10 INFO neutron.db.ovn_revision_numbers_db [req-91e1bb28-bdd6-478f-b0ba-b77abf7e0c35 req-8458742c-b71d-4209-929f-340ef9a4935f 26ca87b1b3324dddb79ad44d6e826bf6 47f08c3366dd447e8c92d7b83369e780 - - ee583b710bfd4bb2bf2b0a42e9676962 ee583b710bfd4bb2bf2b0a42e9676962] Successfully bumped revision number for resource 09098082-5b1c-4177-8793-05e6aaa86dd1 (type: ports) to 2
2026-07-08 06:15:55.176 10 INFO neutron.wsgi [req-91e1bb28-bdd6-478f-b0ba-b77abf7e0c35 req-8458742c-b71d-4209-929f-340ef9a4935f 26ca87b1b3324dddb79ad44d6e826bf6 47f08c3366dd447e8c92d7b83369e780 - - ee583b710bfd4bb2bf2b0a42e9676962 ee583b710bfd4bb2bf2b0a42e9676962] 199.204.45.89 "PUT /v2.0/ports/09098082-5b1c-4177-8793-05e6aaa86dd1 HTTP/1.1" status: 200 len: 1376 time: 1.0828128
2026-07-08 06:15:55.251 9 INFO neutron.wsgi [None req-09b52392-09c2-4342-b6ac-d82800d7b1b1 f9d0012c80a44f34981be525aa95de34 31c8531259d447fa8358eb34b21b7e43 - - default default] 10.0.0.36 "DELETE /v2.0/subnets/62bd6e9f-fe48-42cf-bb89-a023e56a9f89 HTTP/1.1" status: 204 len: 168 time: 0.1624298
2026-07-08 06:15:55.292 9 INFO neutron.wsgi [req-80eee804-7dcd-4da8-8b51-ced5f682444d req-9b3012b6-5869-4504-b701-dddc84d70753 3b22a979e4f847509a972bfe6926aa35 b9c597c5ced949e0bcf28cfb4309fb8e - - default default] 10.0.0.153 "GET /v2.0/security-groups?name=tempest-securitygroup--351489999&fields=id&tenant_id=b9c597c5ced949e0bcf28cfb4309fb8e HTTP/1.1" status: 200 len: 267 time: 0.0351079
2026-07-08 06:15:55.300 10 INFO neutron.wsgi [req-91e1bb28-bdd6-478f-b0ba-b77abf7e0c35 req-d1106e60-aaaf-43b7-bc03-38d5fff1ff39 26ca87b1b3324dddb79ad44d6e826bf6 47f08c3366dd447e8c92d7b83369e780 - - ee583b710bfd4bb2bf2b0a42e9676962 ee583b710bfd4bb2bf2b0a42e9676962] 199.204.45.89 "GET /v2.0/ports?tenant_id=390a228564e64ed4b0a0654de17ec41e&device_id=526b20db-dc63-44f4-ac23-14db4b935c39 HTTP/1.1" status: 200 len: 1407 time: 0.0776124
2026-07-08 06:15:55.376 10 INFO neutron.wsgi [req-91e1bb28-bdd6-478f-b0ba-b77abf7e0c35 req-200c555a-e4da-4526-8566-55fbe4de8121 26ca87b1b3324dddb79ad44d6e826bf6 47f08c3366dd447e8c92d7b83369e780 - - ee583b710bfd4bb2bf2b0a42e9676962 ee583b710bfd4bb2bf2b0a42e9676962] 199.204.45.89 "GET /v2.0/floatingips?fixed_ip_address=10.100.0.5&port_id=09098082-5b1c-4177-8793-05e6aaa86dd1 HTTP/1.1" status: 200 len: 217 time: 0.0310779
2026-07-08 06:15:55.384 9 INFO neutron.wsgi [req-80eee804-7dcd-4da8-8b51-ced5f682444d req-4f97e9f9-cef0-4709-b4a1-e08058f94f17 3b22a979e4f847509a972bfe6926aa35 b9c597c5ced949e0bcf28cfb4309fb8e - - default default] 10.0.0.153 "GET /v2.0/networks?id=fcb2f41b-4f6c-4f6e-b1de-a0b093d1f112 HTTP/1.1" status: 200 len: 875 time: 0.0851240
2026-07-08 06:15:55.403 9 INFO neutron.wsgi [req-80eee804-7dcd-4da8-8b51-ced5f682444d req-7d2cdad0-a7b0-41ce-a6a2-2cd0f6c01f79 3b22a979e4f847509a972bfe6926aa35 b9c597c5ced949e0bcf28cfb4309fb8e - - default default] 10.0.0.153 "GET /v2.0/quotas/b9c597c5ced949e0bcf28cfb4309fb8e HTTP/1.1" status: 200 len: 386 time: 0.0117109
2026-07-08 06:15:55.445 10 INFO neutron.wsgi [req-91e1bb28-bdd6-478f-b0ba-b77abf7e0c35 req-9f43b5c7-936d-416d-9257-e34767758926 26ca87b1b3324dddb79ad44d6e826bf6 47f08c3366dd447e8c92d7b83369e780 - - ee583b710bfd4bb2bf2b0a42e9676962 ee583b710bfd4bb2bf2b0a42e9676962] 199.204.45.89 "GET /v2.0/subnets?id=25579788-1972-4a56-b929-e964dbc4b151 HTTP/1.1" status: 200 len: 876 time: 0.0550134
2026-07-08 06:15:55.489 9 INFO neutron.wsgi [req-80eee804-7dcd-4da8-8b51-ced5f682444d req-63632f02-c846-4ecd-b2e7-444d72cf2466 3b22a979e4f847509a972bfe6926aa35 b9c597c5ced949e0bcf28cfb4309fb8e - - default default] 10.0.0.153 "GET /v2.0/ports?tenant_id=b9c597c5ced949e0bcf28cfb4309fb8e&fields=id HTTP/1.1" status: 200 len: 302 time: 0.0810370
2026-07-08 06:15:55.503 10 INFO neutron.wsgi [req-91e1bb28-bdd6-478f-b0ba-b77abf7e0c35 req-0e90b376-492d-4147-bd1a-75d5346329d2 26ca87b1b3324dddb79ad44d6e826bf6 47f08c3366dd447e8c92d7b83369e780 - - ee583b710bfd4bb2bf2b0a42e9676962 ee583b710bfd4bb2bf2b0a42e9676962] 199.204.45.89 "GET /v2.0/ports?network_id=44f468d1-64a1-400d-b114-d60e64078c93&device_owner=network%3Adhcp HTTP/1.1" status: 200 len: 210 time: 0.0507536
2026-07-08 06:15:55.559 9 INFO neutron.wsgi [req-80eee804-7dcd-4da8-8b51-ced5f682444d req-f0217c2a-c18f-415b-bf72-6ae6b03af417 26ca87b1b3324dddb79ad44d6e826bf6 47f08c3366dd447e8c92d7b83369e780 - - ee583b710bfd4bb2bf2b0a42e9676962 ee583b710bfd4bb2bf2b0a42e9676962] 10.0.0.153 "GET /v2.0/networks/fcb2f41b-4f6c-4f6e-b1de-a0b093d1f112?fields=segments HTTP/1.1" status: 200 len: 212 time: 0.0578284
2026-07-08 06:15:55.623 9 INFO neutron.wsgi [req-80eee804-7dcd-4da8-8b51-ced5f682444d req-c0b33b29-07e3-4a98-8c80-09b388d2c939 26ca87b1b3324dddb79ad44d6e826bf6 47f08c3366dd447e8c92d7b83369e780 - - ee583b710bfd4bb2bf2b0a42e9676962 ee583b710bfd4bb2bf2b0a42e9676962] 10.0.0.153 "GET /v2.0/networks/fcb2f41b-4f6c-4f6e-b1de-a0b093d1f112?fields=provider%3Aphysical_network&fields=provider%3Anetwork_type HTTP/1.1" status: 200 len: 277 time: 0.0573440
2026-07-08 06:15:55.647 10 INFO neutron.wsgi [req-91e1bb28-bdd6-478f-b0ba-b77abf7e0c35 req-eda696e8-7c45-46c1-8bd2-df580a50a87c 26ca87b1b3324dddb79ad44d6e826bf6 47f08c3366dd447e8c92d7b83369e780 - - ee583b710bfd4bb2bf2b0a42e9676962 ee583b710bfd4bb2bf2b0a42e9676962] 199.204.45.89 "GET /v2.0/networks/44f468d1-64a1-400d-b114-d60e64078c93?fields=segments HTTP/1.1" status: 200 len: 212 time: 0.1309247
2026-07-08 06:15:55.739 10 INFO neutron.wsgi [None req-4f0ea283-ee1f-43b3-8340-3722fb71dc37 f9d0012c80a44f34981be525aa95de34 31c8531259d447fa8358eb34b21b7e43 - - default default] 10.0.0.36 "DELETE /v2.0/networks/2409d0d1-a550-43e3-bb13-c60a2a2fd7d4 HTTP/1.1" status: 204 len: 168 time: 0.6559629
2026-07-08 06:15:55.749 10 INFO neutron.wsgi [req-91e1bb28-bdd6-478f-b0ba-b77abf7e0c35 req-f521f43b-9fde-4eee-9f0a-2037a1c3594e 26ca87b1b3324dddb79ad44d6e826bf6 47f08c3366dd447e8c92d7b83369e780 - - ee583b710bfd4bb2bf2b0a42e9676962 ee583b710bfd4bb2bf2b0a42e9676962] 199.204.45.89 "GET /v2.0/networks/44f468d1-64a1-400d-b114-d60e64078c93?fields=provider%3Aphysical_network&fields=provider%3Anetwork_type HTTP/1.1" status: 200 len: 277 time: 0.0927689
2026-07-08 06:15:55.767 10 INFO neutron.notifiers.nova [-] Nova event matching ['req-12dd3022-1997-49c2-9899-8aaca77ee193'] response: {'name': 'network-changed', 'server_uuid': '526b20db-dc63-44f4-ac23-14db4b935c39', 'tag': '09098082-5b1c-4177-8793-05e6aaa86dd1', 'status': 'completed', 'code': 200}
2026-07-08 06:15:55.802 9 INFO neutron.wsgi [req-ec4d6545-62b6-4413-8467-f54d01475367 req-b4735b26-a296-40c5-ab5a-5e12cd5ccaa5 3b22a979e4f847509a972bfe6926aa35 b9c597c5ced949e0bcf28cfb4309fb8e - - default default] 10.0.0.153 "GET /v2.0/ports?device_id=0cac8185-540f-400f-b7f3-96c43697b6e4 HTTP/1.1" status: 200 len: 210 time: 0.0200441
2026-07-08 06:15:55.829 10 INFO neutron.wsgi [req-303cacca-7cbd-487f-bdd8-99730d7f6287 req-3a9d784c-982f-425d-b312-683e736d00eb 26ca87b1b3324dddb79ad44d6e826bf6 47f08c3366dd447e8c92d7b83369e780 - - ee583b710bfd4bb2bf2b0a42e9676962 ee583b710bfd4bb2bf2b0a42e9676962] 199.204.45.89 "GET /v2.0/ports?tenant_id=390a228564e64ed4b0a0654de17ec41e&device_id=526b20db-dc63-44f4-ac23-14db4b935c39 HTTP/1.1" status: 200 len: 1407 time: 0.0342252
2026-07-08 06:15:55.895 9 INFO neutron.wsgi [None req-9621199b-1820-4c5b-b32c-11f3853ec19c f9d0012c80a44f34981be525aa95de34 31c8531259d447fa8358eb34b21b7e43 - - default default] 10.0.0.36 "GET /v2.0/security-groups?tenant_id=ec7edb62d6af4b23bdd6202601592e26&name=default HTTP/1.1" status: 200 len: 2992 time: 0.0450037
2026-07-08 06:15:56.006 10 INFO neutron.wsgi [None req-d2c58685-7295-45fc-bf53-ec0fcd8ff0ea f9d0012c80a44f34981be525aa95de34 31c8531259d447fa8358eb34b21b7e43 - - default default] 10.0.0.36 "DELETE /v2.0/networks/07a9cb3c-7d67-452e-a55d-7a5315c1f963 HTTP/1.1" status: 204 len: 168 time: 0.7464430
2026-07-08 06:15:56.029 10 INFO neutron.wsgi [req-303cacca-7cbd-487f-bdd8-99730d7f6287 req-98c7cc93-e520-4974-ab3c-0607c8365307 26ca87b1b3324dddb79ad44d6e826bf6 47f08c3366dd447e8c92d7b83369e780 - - ee583b710bfd4bb2bf2b0a42e9676962 ee583b710bfd4bb2bf2b0a42e9676962] 199.204.45.89 "GET /v2.0/networks?id=44f468d1-64a1-400d-b114-d60e64078c93 HTTP/1.1" status: 200 len: 981 time: 0.0777743
2026-07-08 06:15:56.064 10 INFO neutron.wsgi [req-303cacca-7cbd-487f-bdd8-99730d7f6287 req-269733f9-3a3e-4dba-add6-7a32c1ce7a33 26ca87b1b3324dddb79ad44d6e826bf6 47f08c3366dd447e8c92d7b83369e780 - - ee583b710bfd4bb2bf2b0a42e9676962 ee583b710bfd4bb2bf2b0a42e9676962] 199.204.45.89 "GET /v2.0/floatingips?fixed_ip_address=10.100.0.5&port_id=09098082-5b1c-4177-8793-05e6aaa86dd1 HTTP/1.1" status: 200 len: 217 time: 0.0238268
2026-07-08 06:15:56.069 10 INFO neutron.wsgi [req-720a7dd1-76da-4fa6-a0ec-a5572aa214bc req-acef7de2-c1fb-4642-b9d2-f5339f3f2cda 00a1b4220ec94dff819ca9cb6eb93cc8 390a228564e64ed4b0a0654de17ec41e - - default default] 10.0.0.153 "GET /v2.0/ports?device_id=526b20db-dc63-44f4-ac23-14db4b935c39 HTTP/1.1" status: 200 len: 1168 time: 0.0496705
2026-07-08 06:15:56.109 9 INFO neutron.wsgi [None req-fa4c29a9-83e5-4358-8157-15b5d2f92092 f9d0012c80a44f34981be525aa95de34 31c8531259d447fa8358eb34b21b7e43 - - default default] 10.0.0.36 "DELETE /v2.0/security-groups/cbbed298-30eb-42df-9d48-176853126a1e HTTP/1.1" status: 204 len: 168 time: 0.2093370
2026-07-08 06:15:56.121 10 INFO neutron.wsgi [req-303cacca-7cbd-487f-bdd8-99730d7f6287 req-b3b6201e-cad5-424a-89fd-f7379e981797 26ca87b1b3324dddb79ad44d6e826bf6 47f08c3366dd447e8c92d7b83369e780 - - ee583b710bfd4bb2bf2b0a42e9676962 ee583b710bfd4bb2bf2b0a42e9676962] 199.204.45.89 "GET /v2.0/subnets?id=25579788-1972-4a56-b929-e964dbc4b151 HTTP/1.1" status: 200 len: 876 time: 0.0486121
2026-07-08 06:15:56.150 10 INFO neutron.wsgi [req-303cacca-7cbd-487f-bdd8-99730d7f6287 req-36259974-55df-4be9-a702-2ad8289bd699 26ca87b1b3324dddb79ad44d6e826bf6 47f08c3366dd447e8c92d7b83369e780 - - ee583b710bfd4bb2bf2b0a42e9676962 ee583b710bfd4bb2bf2b0a42e9676962] 199.204.45.89 "GET /v2.0/ports?network_id=44f468d1-64a1-400d-b114-d60e64078c93&device_owner=network%3Adhcp HTTP/1.1" status: 200 len: 210 time: 0.0246272
2026-07-08 06:15:56.157 10 INFO neutron.wsgi [req-720a7dd1-76da-4fa6-a0ec-a5572aa214bc req-537bcf91-8d75-4468-87d5-a79e2cb5f506 00a1b4220ec94dff819ca9cb6eb93cc8 390a228564e64ed4b0a0654de17ec41e - - default default] 10.0.0.153 "GET /v2.0/security-groups?id=bf5f2586-27c8-4f4a-96a2-5cd8c1fb7a40&fields=id&fields=name HTTP/1.1" status: 200 len: 312 time: 0.0689580
2026-07-08 06:15:56.225 10 INFO neutron.services.segments.plugin [-] Segment 8d15587d-c39c-49f7-8186-59ee48d2ebba resource provider aggregate not found
2026-07-08 06:15:56.238 10 INFO neutron.wsgi [req-303cacca-7cbd-487f-bdd8-99730d7f6287 req-a243e09b-eea6-4a32-9f30-0dc4d1a263eb 26ca87b1b3324dddb79ad44d6e826bf6 47f08c3366dd447e8c92d7b83369e780 - - ee583b710bfd4bb2bf2b0a42e9676962 ee583b710bfd4bb2bf2b0a42e9676962] 199.204.45.89 "GET /v2.0/networks/44f468d1-64a1-400d-b114-d60e64078c93?fields=segments HTTP/1.1" status: 200 len: 212 time: 0.0795777
2026-07-08 06:15:56.240 10 INFO neutron.services.segments.plugin [-] Segment 8d15587d-c39c-49f7-8186-59ee48d2ebba resource provider not found; error: Placement Client Error (4xx): {"errors": [{"status": 404, "title": "Not Found", "detail": "The resource could not be found.\n\n No resource provider with uuid 8d15587d-c39c-49f7-8186-59ee48d2ebba found for delete ", "request_id": "req-4addd8e5-1d69-41f8-857e-998c8d1cf8f0"}]}
2026-07-08 06:15:56.264 10 INFO neutron.services.segments.plugin [-] Segment 8d15587d-c39c-49f7-8186-59ee48d2ebba resource provider aggregate not found
2026-07-08 06:15:56.286 10 INFO neutron.services.segments.plugin [-] Segment 8d15587d-c39c-49f7-8186-59ee48d2ebba resource provider not found; error: Placement Client Error (4xx): {"errors": [{"status": 404, "title": "Not Found", "detail": "The resource could not be found.\n\n No resource provider with uuid 8d15587d-c39c-49f7-8186-59ee48d2ebba found for delete ", "request_id": "req-fafaa0c4-73b8-4d7e-9b0b-a380944867fb"}]}
2026-07-08 06:15:56.338 10 INFO neutron.wsgi [req-303cacca-7cbd-487f-bdd8-99730d7f6287 req-86583915-0b0a-4c9e-9609-da30a907d1f2 26ca87b1b3324dddb79ad44d6e826bf6 47f08c3366dd447e8c92d7b83369e780 - - ee583b710bfd4bb2bf2b0a42e9676962 ee583b710bfd4bb2bf2b0a42e9676962] 199.204.45.89 "GET /v2.0/networks/44f468d1-64a1-400d-b114-d60e64078c93?fields=provider%3Aphysical_network&fields=provider%3Anetwork_type HTTP/1.1" status: 200 len: 277 time: 0.0916176
2026-07-08 06:15:56.343 10 INFO neutron.wsgi [None req-0d56dd6e-f27f-4b8b-ad87-6242afe173cd f9d0012c80a44f34981be525aa95de34 31c8531259d447fa8358eb34b21b7e43 - - default default] 10.0.0.36 "GET /v2.0/security-groups?tenant_id=95b8365bcb8a47d28270ff225e6035a8&name=default HTTP/1.1" status: 200 len: 2992 time: 0.0464327
2026-07-08 06:15:56.545 10 INFO neutron.wsgi [None req-efa042f7-cce2-46ca-ab63-89a0a4df7624 f9d0012c80a44f34981be525aa95de34 31c8531259d447fa8358eb34b21b7e43 - - default default] 10.0.0.36 "DELETE /v2.0/security-groups/696fa52f-6dee-4a75-bc92-80d60ada5768 HTTP/1.1" status: 204 len: 168 time: 0.1904588
2026-07-08 06:15:56.839 10 INFO neutron.wsgi [req-80eee804-7dcd-4da8-8b51-ced5f682444d req-99b058e1-f0ee-44c9-9768-bfa531019bdc 3b22a979e4f847509a972bfe6926aa35 b9c597c5ced949e0bcf28cfb4309fb8e - - default default] 199.204.45.89 "GET /v2.0/networks?id=fcb2f41b-4f6c-4f6e-b1de-a0b093d1f112 HTTP/1.1" status: 200 len: 875 time: 0.0842197
2026-07-08 06:15:56.884 10 INFO neutron.wsgi [req-80eee804-7dcd-4da8-8b51-ced5f682444d req-d9d8abfa-5080-4d02-830f-23f7bc6b73b9 3b22a979e4f847509a972bfe6926aa35 b9c597c5ced949e0bcf28cfb4309fb8e - - default default] 199.204.45.89 "GET /v2.0/security-groups?fields=id&fields=name&tenant_id=b9c597c5ced949e0bcf28cfb4309fb8e HTTP/1.1" status: 200 len: 379 time: 0.0382457
2026-07-08 06:15:56.905 9 INFO neutron.wsgi [req-75e398fb-7af8-46b6-9036-eddaaf666177 req-8374568e-b0f9-4dd5-8fbd-6f5e3f690e8d 3b22a979e4f847509a972bfe6926aa35 b9c597c5ced949e0bcf28cfb4309fb8e - - default default] 10.0.0.153 "GET /v2.0/ports?device_id=0cac8185-540f-400f-b7f3-96c43697b6e4 HTTP/1.1" status: 200 len: 210 time: 0.0235786
2026-07-08 06:15:57.285 10 INFO neutron.wsgi [req-53d3eec3-6924-4a3e-b6e5-32712d42b123 req-9a5b1969-895b-4431-99ab-ddb3738cae5f 00a1b4220ec94dff819ca9cb6eb93cc8 390a228564e64ed4b0a0654de17ec41e - - default default] 10.0.0.153 "GET /v2.0/ports?device_id=526b20db-dc63-44f4-ac23-14db4b935c39 HTTP/1.1" status: 200 len: 1168 time: 0.0475724
2026-07-08 06:15:57.373 10 INFO neutron.wsgi [req-53d3eec3-6924-4a3e-b6e5-32712d42b123 req-53700cf5-9160-463d-a471-cb04387bc3e4 00a1b4220ec94dff819ca9cb6eb93cc8 390a228564e64ed4b0a0654de17ec41e - - default default] 10.0.0.153 "GET /v2.0/security-groups?id=bf5f2586-27c8-4f4a-96a2-5cd8c1fb7a40&fields=id&fields=name HTTP/1.1" status: 200 len: 312 time: 0.0733953
2026-07-08 06:15:57.381 10 WARNING neutron.scheduler.dhcp_agent_scheduler [req-80eee804-7dcd-4da8-8b51-ced5f682444d req-19662671-5a0e-4435-86a1-365fa89caee4 3b22a979e4f847509a972bfe6926aa35 b9c597c5ced949e0bcf28cfb4309fb8e - - default default] No more DHCP agents
2026-07-08 06:15:57.384 10 WARNING neutron.api.rpc.agentnotifiers.dhcp_rpc_agent_api [req-80eee804-7dcd-4da8-8b51-ced5f682444d req-19662671-5a0e-4435-86a1-365fa89caee4 3b22a979e4f847509a972bfe6926aa35 b9c597c5ced949e0bcf28cfb4309fb8e - - default default] Unable to schedule network fcb2f41b-4f6c-4f6e-b1de-a0b093d1f112: no agents available; will retry on subsequent port and subnet creation events.
2026-07-08 06:15:57.560 10 INFO neutron.db.ovn_revision_numbers_db [req-80eee804-7dcd-4da8-8b51-ced5f682444d req-19662671-5a0e-4435-86a1-365fa89caee4 3b22a979e4f847509a972bfe6926aa35 b9c597c5ced949e0bcf28cfb4309fb8e - - default default] Successfully bumped revision number for resource c0057cb4-87f4-4ac1-9581-d1cfff5fa436 (type: ports) to 1
2026-07-08 06:15:57.584 10 INFO neutron.wsgi [req-80eee804-7dcd-4da8-8b51-ced5f682444d req-19662671-5a0e-4435-86a1-365fa89caee4 3b22a979e4f847509a972bfe6926aa35 b9c597c5ced949e0bcf28cfb4309fb8e - - default default] 199.204.45.89 "POST /v2.0/ports HTTP/1.1" status: 201 len: 1162 time: 0.6970296 /var/lib/openstack/lib/python3.10/site-packages/pycadf/identifier.py:71: UserWarning: Invalid uuid: neutron. To ensure interoperability, identifiers should be a valid uuid. warnings.warn(('Invalid uuid: %s. To ensure interoperability, '
2026-07-08 06:15:57.973 10 INFO neutron.db.ovn_revision_numbers_db [req-80eee804-7dcd-4da8-8b51-ced5f682444d req-9e42a79c-122c-4de2-b4c0-227175f84a2e 26ca87b1b3324dddb79ad44d6e826bf6 47f08c3366dd447e8c92d7b83369e780 - - ee583b710bfd4bb2bf2b0a42e9676962 ee583b710bfd4bb2bf2b0a42e9676962] Successfully bumped revision number for resource c0057cb4-87f4-4ac1-9581-d1cfff5fa436 (type: ports) to 2
2026-07-08 06:15:58.002 9 INFO neutron.wsgi [req-d0fb11b2-0732-414a-8f2d-29b59e97b25a req-d859ac61-de54-4fe8-be9a-d67ae7e821f7 3b22a979e4f847509a972bfe6926aa35 b9c597c5ced949e0bcf28cfb4309fb8e - - default default] 10.0.0.153 "GET /v2.0/ports?device_id=0cac8185-540f-400f-b7f3-96c43697b6e4 HTTP/1.1" status: 200 len: 1172 time: 0.0319350
2026-07-08 06:15:58.058 9 INFO neutron.wsgi [req-d0fb11b2-0732-414a-8f2d-29b59e97b25a req-757fa39a-5d60-4e1f-a9da-9fbaa5869809 3b22a979e4f847509a972bfe6926aa35 b9c597c5ced949e0bcf28cfb4309fb8e - - default default] 10.0.0.153 "GET /v2.0/security-groups?id=19cc6fe2-7aa0-491c-8bf1-d6e2d35fb3a7&fields=id&fields=name HTTP/1.1" status: 200 len: 312 time: 0.0489671
2026-07-08 06:15:58.205 10 INFO neutron.db.ovn_revision_numbers_db [req-80eee804-7dcd-4da8-8b51-ced5f682444d req-9e42a79c-122c-4de2-b4c0-227175f84a2e 26ca87b1b3324dddb79ad44d6e826bf6 47f08c3366dd447e8c92d7b83369e780 - - ee583b710bfd4bb2bf2b0a42e9676962 ee583b710bfd4bb2bf2b0a42e9676962] Successfully bumped revision number for resource c0057cb4-87f4-4ac1-9581-d1cfff5fa436 (type: ports) to 2
2026-07-08 06:15:58.219 10 INFO neutron.wsgi [req-80eee804-7dcd-4da8-8b51-ced5f682444d req-9e42a79c-122c-4de2-b4c0-227175f84a2e 26ca87b1b3324dddb79ad44d6e826bf6 47f08c3366dd447e8c92d7b83369e780 - - ee583b710bfd4bb2bf2b0a42e9676962 ee583b710bfd4bb2bf2b0a42e9676962] 199.204.45.89 "PUT /v2.0/ports/c0057cb4-87f4-4ac1-9581-d1cfff5fa436 HTTP/1.1" status: 200 len: 1380 time: 0.6262321 /var/lib/openstack/lib/python3.10/site-packages/pycadf/identifier.py:71: UserWarning: Invalid uuid: neutron. To ensure interoperability, identifiers should be a valid uuid. warnings.warn(('Invalid uuid: %s. To ensure interoperability, '
2026-07-08 06:15:58.274 10 INFO neutron.services.segments.plugin [-] Segment fc96f495-fde8-4c92-ba3c-248bac7297a9 resource provider aggregate not found
2026-07-08 06:15:58.281 10 INFO neutron.notifiers.nova [-] Nova event matching ['req-a904dd55-4d8c-40a7-9ae4-523b9f64e36e'] response: {'name': 'network-changed', 'server_uuid': '0cac8185-540f-400f-b7f3-96c43697b6e4', 'tag': 'c0057cb4-87f4-4ac1-9581-d1cfff5fa436', 'status': 'completed', 'code': 200}
2026-07-08 06:15:58.296 10 INFO neutron.wsgi [req-80eee804-7dcd-4da8-8b51-ced5f682444d req-ec40d398-488a-49ca-9bef-1688df46f116 26ca87b1b3324dddb79ad44d6e826bf6 47f08c3366dd447e8c92d7b83369e780 - - ee583b710bfd4bb2bf2b0a42e9676962 ee583b710bfd4bb2bf2b0a42e9676962] 199.204.45.89 "GET /v2.0/ports?tenant_id=b9c597c5ced949e0bcf28cfb4309fb8e&device_id=0cac8185-540f-400f-b7f3-96c43697b6e4 HTTP/1.1" status: 200 len: 1411 time: 0.0439749
2026-07-08 06:15:58.297 10 INFO neutron.services.segments.plugin [-] Segment fc96f495-fde8-4c92-ba3c-248bac7297a9 resource provider not found; error: Placement Client Error (4xx): {"errors": [{"status": 404, "title": "Not Found", "detail": "The resource could not be found.\n\n No resource provider with uuid fc96f495-fde8-4c92-ba3c-248bac7297a9 found for delete ", "request_id": "req-65feb5e0-190a-4cbe-99e0-0e89874c8b46"}]}
2026-07-08 06:15:58.313 10 INFO neutron.services.segments.plugin [-] Segment fc96f495-fde8-4c92-ba3c-248bac7297a9 resource provider aggregate not found
2026-07-08 06:15:58.338 10 INFO neutron.services.segments.plugin [-] Segment fc96f495-fde8-4c92-ba3c-248bac7297a9 resource provider not found; error: Placement Client Error (4xx): {"errors": [{"status": 404, "title": "Not Found", "detail": "The resource could not be found.\n\n No resource provider with uuid fc96f495-fde8-4c92-ba3c-248bac7297a9 found for delete ", "request_id": "req-c3af5f2d-6614-4e05-9d68-3ba629129447"}]}
2026-07-08 06:15:58.341 10 INFO neutron.wsgi [req-80eee804-7dcd-4da8-8b51-ced5f682444d req-41a05340-0efb-4ddd-9fd9-96341c663b90 26ca87b1b3324dddb79ad44d6e826bf6 47f08c3366dd447e8c92d7b83369e780 - - ee583b710bfd4bb2bf2b0a42e9676962 ee583b710bfd4bb2bf2b0a42e9676962] 199.204.45.89 "GET /v2.0/floatingips?fixed_ip_address=10.100.0.11&port_id=c0057cb4-87f4-4ac1-9581-d1cfff5fa436 HTTP/1.1" status: 200 len: 217 time: 0.0392306
2026-07-08 06:15:58.390 10 INFO neutron.wsgi [req-80eee804-7dcd-4da8-8b51-ced5f682444d req-87913c65-af3a-4d65-9fdd-e6131a8cda6c 26ca87b1b3324dddb79ad44d6e826bf6 47f08c3366dd447e8c92d7b83369e780 - - ee583b710bfd4bb2bf2b0a42e9676962 ee583b710bfd4bb2bf2b0a42e9676962] 199.204.45.89 "GET /v2.0/subnets?id=4dc8e45a-f000-4c16-a500-dcbee5a3ecf6 HTTP/1.1" status: 200 len: 869 time: 0.0425353
2026-07-08 06:15:58.416 10 INFO neutron.wsgi [req-80eee804-7dcd-4da8-8b51-ced5f682444d req-91e7cf94-0ba7-4d4e-a380-c3ddbd313b25 26ca87b1b3324dddb79ad44d6e826bf6 47f08c3366dd447e8c92d7b83369e780 - - ee583b710bfd4bb2bf2b0a42e9676962 ee583b710bfd4bb2bf2b0a42e9676962] 199.204.45.89 "GET /v2.0/ports?network_id=fcb2f41b-4f6c-4f6e-b1de-a0b093d1f112&device_owner=network%3Adhcp HTTP/1.1" status: 200 len: 210 time: 0.0187566
2026-07-08 06:15:58.490 10 INFO neutron.wsgi [req-80eee804-7dcd-4da8-8b51-ced5f682444d req-06490307-bfc5-45d2-a5db-4515243f8730 26ca87b1b3324dddb79ad44d6e826bf6 47f08c3366dd447e8c92d7b83369e780 - - ee583b710bfd4bb2bf2b0a42e9676962 ee583b710bfd4bb2bf2b0a42e9676962] 199.204.45.89 "GET /v2.0/networks/fcb2f41b-4f6c-4f6e-b1de-a0b093d1f112?fields=segments HTTP/1.1" status: 200 len: 212 time: 0.0632501
2026-07-08 06:15:58.499 10 INFO neutron.db.ovn_revision_numbers_db [None req-da7610b4-f542-40b6-921e-4f97bf6e780c f9d0012c80a44f34981be525aa95de34 31c8531259d447fa8358eb34b21b7e43 - - default default] Successfully bumped revision number for resource 2e61222f-1e9d-447d-9b07-3b33afa2410c (type: security_groups) to 1
2026-07-08 06:15:58.530 10 INFO neutron.db.ovn_revision_numbers_db [None req-da7610b4-f542-40b6-921e-4f97bf6e780c f9d0012c80a44f34981be525aa95de34 31c8531259d447fa8358eb34b21b7e43 - - default default] Successfully bumped revision number for resource 023e3c6f-54d0-4943-93dd-a0951236f0d3 (type: security_group_rules) to 0
2026-07-08 06:15:58.545 10 INFO neutron.db.ovn_revision_numbers_db [None req-da7610b4-f542-40b6-921e-4f97bf6e780c f9d0012c80a44f34981be525aa95de34 31c8531259d447fa8358eb34b21b7e43 - - default default] Successfully bumped revision number for resource 15811940-76ee-415f-98ac-b32b95b8e48b (type: security_group_rules) to 0
2026-07-08 06:15:58.548 9 WARNING neutron.plugins.ml2.drivers.ovn.mech_driver.ovsdb.ovn_client [None req-41e60fba-ef33-4b33-94db-723173586111 - - - - - -] No hosting information found for port 29b400ee-d65b-4e3f-b86c-cb8d5be01738: RuntimeError: No hosting information found for port 29b400ee-d65b-4e3f-b86c-cb8d5be01738
2026-07-08 06:15:58.548 9 INFO neutron.plugins.ml2.drivers.ovn.mech_driver.mech_driver [None req-41e60fba-ef33-4b33-94db-723173586111 - - - - - -] OVN reports status up for port: e7705308-e366-4a03-aaec-34474e085db0
2026-07-08 06:15:58.557 10 INFO neutron.wsgi [req-80eee804-7dcd-4da8-8b51-ced5f682444d req-9a276932-dedb-44aa-934f-ea396930a5ae 26ca87b1b3324dddb79ad44d6e826bf6 47f08c3366dd447e8c92d7b83369e780 - - ee583b710bfd4bb2bf2b0a42e9676962 ee583b710bfd4bb2bf2b0a42e9676962] 199.204.45.89 "GET /v2.0/networks/fcb2f41b-4f6c-4f6e-b1de-a0b093d1f112?fields=provider%3Aphysical_network&fields=provider%3Anetwork_type HTTP/1.1" status: 200 len: 277 time: 0.0588777
2026-07-08 06:15:58.561 10 INFO neutron.db.ovn_revision_numbers_db [None req-da7610b4-f542-40b6-921e-4f97bf6e780c f9d0012c80a44f34981be525aa95de34 31c8531259d447fa8358eb34b21b7e43 - - default default] Successfully bumped revision number for resource 31d2c84f-a971-4e41-8c05-62eea6f93cc5 (type: security_group_rules) to 0
2026-07-08 06:15:58.564 9 INFO neutron.wsgi [req-ace9bb68-8d75-4da7-acec-9895963a512b req-3da5d447-9dcb-4702-b463-c62fcac7f7c8 00a1b4220ec94dff819ca9cb6eb93cc8 390a228564e64ed4b0a0654de17ec41e - - default default] 10.0.0.153 "GET /v2.0/ports?device_id=526b20db-dc63-44f4-ac23-14db4b935c39 HTTP/1.1" status: 200 len: 1168 time: 0.1190121
2026-07-08 06:15:58.565 9 INFO neutron.plugins.ml2.plugin [None req-41e60fba-ef33-4b33-94db-723173586111 - - - - - -] Attempt 1 to provision port e7705308-e366-4a03-aaec-34474e085db0
2026-07-08 06:15:58.575 10 INFO neutron.db.ovn_revision_numbers_db [None req-da7610b4-f542-40b6-921e-4f97bf6e780c f9d0012c80a44f34981be525aa95de34 31c8531259d447fa8358eb34b21b7e43 - - default default] Successfully bumped revision number for resource 92afe099-05d0-4a21-982c-71d0637c969e (type: security_group_rules) to 0
2026-07-08 06:15:58.619 9 INFO neutron.wsgi [req-ace9bb68-8d75-4da7-acec-9895963a512b req-0decc941-9a46-4978-ae82-83d1d9d145a4 00a1b4220ec94dff819ca9cb6eb93cc8 390a228564e64ed4b0a0654de17ec41e - - default default] 10.0.0.153 "GET /v2.0/security-groups?id=bf5f2586-27c8-4f4a-96a2-5cd8c1fb7a40&fields=id&fields=name HTTP/1.1" status: 200 len: 312 time: 0.0443323
2026-07-08 06:15:58.641 10 INFO neutron.wsgi [req-185b3e77-a929-4a1a-87aa-254c76c3242e req-16227783-c467-4aee-bfa5-4a5d1079e678 26ca87b1b3324dddb79ad44d6e826bf6 47f08c3366dd447e8c92d7b83369e780 - - ee583b710bfd4bb2bf2b0a42e9676962 ee583b710bfd4bb2bf2b0a42e9676962] 199.204.45.89 "GET /v2.0/ports?tenant_id=b9c597c5ced949e0bcf28cfb4309fb8e&device_id=0cac8185-540f-400f-b7f3-96c43697b6e4 HTTP/1.1" status: 200 len: 1411 time: 0.0363607
2026-07-08 06:15:58.645 10 INFO neutron.db.segments_db [None req-da7610b4-f542-40b6-921e-4f97bf6e780c f9d0012c80a44f34981be525aa95de34 31c8531259d447fa8358eb34b21b7e43 - - default default] Added segment d4926cc8-1828-4c5b-a864-0e42e675e27f of type geneve for network 1695fa19-127f-4a2d-b822-62355864598c
2026-07-08 06:15:58.734 9 INFO neutron.db.ovn_revision_numbers_db [None req-59818ce2-6ad8-4223-8190-24633cbf5321 f9d0012c80a44f34981be525aa95de34 31c8531259d447fa8358eb34b21b7e43 - - default default] Successfully bumped revision number for resource a162cab5-9264-44a3-9497-459ee4fbfa7e (type: security_groups) to 1
2026-07-08 06:15:58.752 10 INFO neutron.wsgi [req-185b3e77-a929-4a1a-87aa-254c76c3242e req-4e20b755-6ed7-4f17-a6ff-37faf9d48377 26ca87b1b3324dddb79ad44d6e826bf6 47f08c3366dd447e8c92d7b83369e780 - - ee583b710bfd4bb2bf2b0a42e9676962 ee583b710bfd4bb2bf2b0a42e9676962] 199.204.45.89 "GET /v2.0/networks?id=fcb2f41b-4f6c-4f6e-b1de-a0b093d1f112 HTTP/1.1" status: 200 len: 974 time: 0.1023262
2026-07-08 06:15:58.757 9 INFO neutron.db.ovn_revision_numbers_db [None req-59818ce2-6ad8-4223-8190-24633cbf5321 f9d0012c80a44f34981be525aa95de34 31c8531259d447fa8358eb34b21b7e43 - - default default] Successfully bumped revision number for resource 04869c7f-cc28-4bc9-adb8-3989c58fe328 (type: security_group_rules) to 0
2026-07-08 06:15:58.779 9 INFO neutron.db.ovn_revision_numbers_db [None req-59818ce2-6ad8-4223-8190-24633cbf5321 f9d0012c80a44f34981be525aa95de34 31c8531259d447fa8358eb34b21b7e43 - - default default] Successfully bumped revision number for resource 0e149bac-16e7-4e59-ab40-d043e24f65e5 (type: security_group_rules) to 0
2026-07-08 06:15:58.807 10 INFO neutron.plugins.ml2.drivers.ovn.mech_driver.mech_driver [None req-1f3ac1b1-c9eb-4667-a03d-cc9a1820faa9 - - - - - -] OVN reports status up for port: c0057cb4-87f4-4ac1-9581-d1cfff5fa436
2026-07-08 06:15:58.812 9 INFO neutron.db.ovn_revision_numbers_db [None req-59818ce2-6ad8-4223-8190-24633cbf5321 f9d0012c80a44f34981be525aa95de34 31c8531259d447fa8358eb34b21b7e43 - - default default] Successfully bumped revision number for resource 11bd43e5-76d5-480b-b079-e831614fec35 (type: security_group_rules) to 0
2026-07-08 06:15:58.812 10 INFO neutron.wsgi [req-185b3e77-a929-4a1a-87aa-254c76c3242e req-adcbf6bf-ed8b-4fe4-904e-f353fc8cd59c 26ca87b1b3324dddb79ad44d6e826bf6 47f08c3366dd447e8c92d7b83369e780 - - ee583b710bfd4bb2bf2b0a42e9676962 ee583b710bfd4bb2bf2b0a42e9676962] 199.204.45.89 "GET /v2.0/floatingips?fixed_ip_address=10.100.0.11&port_id=c0057cb4-87f4-4ac1-9581-d1cfff5fa436 HTTP/1.1" status: 200 len: 217 time: 0.0397012
2026-07-08 06:15:58.827 9 INFO neutron.db.ovn_revision_numbers_db [None req-59818ce2-6ad8-4223-8190-24633cbf5321 f9d0012c80a44f34981be525aa95de34 31c8531259d447fa8358eb34b21b7e43 - - default default] Successfully bumped revision number for resource 1281b102-15d6-4f66-a728-a601bfb9058a (type: security_group_rules) to 0
2026-07-08 06:15:58.849 10 INFO neutron.plugins.ml2.plugin [None req-1f3ac1b1-c9eb-4667-a03d-cc9a1820faa9 - - - - - -] Attempt 1 to provision port c0057cb4-87f4-4ac1-9581-d1cfff5fa436
2026-07-08 06:15:58.869 10 INFO neutron.db.ovn_revision_numbers_db [None req-da7610b4-f542-40b6-921e-4f97bf6e780c f9d0012c80a44f34981be525aa95de34 31c8531259d447fa8358eb34b21b7e43 - - default default] Successfully bumped revision number for resource 1695fa19-127f-4a2d-b822-62355864598c (type: networks) to 1
2026-07-08 06:15:58.875 10 INFO neutron.wsgi [req-185b3e77-a929-4a1a-87aa-254c76c3242e req-a42aa35e-8cdb-46c3-af7b-acd7d625eb82 26ca87b1b3324dddb79ad44d6e826bf6 47f08c3366dd447e8c92d7b83369e780 - - ee583b710bfd4bb2bf2b0a42e9676962 ee583b710bfd4bb2bf2b0a42e9676962] 199.204.45.89 "GET /v2.0/subnets?id=4dc8e45a-f000-4c16-a500-dcbee5a3ecf6 HTTP/1.1" status: 200 len: 869 time: 0.0553315
2026-07-08 06:15:58.895 9 INFO neutron.db.segments_db [None req-59818ce2-6ad8-4223-8190-24633cbf5321 f9d0012c80a44f34981be525aa95de34 31c8531259d447fa8358eb34b21b7e43 - - default default] Added segment f5c2b82e-f772-4452-b955-00e0e029a1a3 of type geneve for network 69048be5-55e9-413e-95ab-31747101a418
2026-07-08 06:15:58.905 10 INFO neutron.wsgi [req-185b3e77-a929-4a1a-87aa-254c76c3242e req-3bfd7710-0be9-408b-a5b1-af27d7feff3f 26ca87b1b3324dddb79ad44d6e826bf6 47f08c3366dd447e8c92d7b83369e780 - - ee583b710bfd4bb2bf2b0a42e9676962 ee583b710bfd4bb2bf2b0a42e9676962] 199.204.45.89 "GET /v2.0/ports?network_id=fcb2f41b-4f6c-4f6e-b1de-a0b093d1f112&device_owner=network%3Adhcp HTTP/1.1" status: 200 len: 210 time: 0.0240850
2026-07-08 06:15:58.943 9 INFO neutron.db.ovn_revision_numbers_db [None req-41e60fba-ef33-4b33-94db-723173586111 - - - - - -] Successfully bumped revision number for resource e7705308-e366-4a03-aaec-34474e085db0 (type: ports) to 2
2026-07-08 06:15:59.032 10 INFO neutron.wsgi [req-185b3e77-a929-4a1a-87aa-254c76c3242e req-03d2929e-6c05-4dc2-8d3b-502ada0b59af 26ca87b1b3324dddb79ad44d6e826bf6 47f08c3366dd447e8c92d7b83369e780 - - ee583b710bfd4bb2bf2b0a42e9676962 ee583b710bfd4bb2bf2b0a42e9676962] 199.204.45.89 "GET /v2.0/networks/fcb2f41b-4f6c-4f6e-b1de-a0b093d1f112?fields=segments HTTP/1.1" status: 200 len: 212 time: 0.1179204
2026-07-08 06:15:59.113 9 INFO neutron.db.ovn_revision_numbers_db [None req-59818ce2-6ad8-4223-8190-24633cbf5321 f9d0012c80a44f34981be525aa95de34 31c8531259d447fa8358eb34b21b7e43 - - default default] Successfully bumped revision number for resource 69048be5-55e9-413e-95ab-31747101a418 (type: networks) to 1
2026-07-08 06:15:59.153 9 INFO neutron.db.ovn_revision_numbers_db [None req-41e60fba-ef33-4b33-94db-723173586111 - - - - - -] Successfully bumped revision number for resource e7705308-e366-4a03-aaec-34474e085db0 (type: router_ports) to 2
2026-07-08 06:15:59.162 10 WARNING neutron.scheduler.dhcp_agent_scheduler [None req-da7610b4-f542-40b6-921e-4f97bf6e780c f9d0012c80a44f34981be525aa95de34 31c8531259d447fa8358eb34b21b7e43 - - default default] No more DHCP agents
2026-07-08 06:15:59.185 10 WARNING neutron.api.rpc.agentnotifiers.dhcp_rpc_agent_api [None req-da7610b4-f542-40b6-921e-4f97bf6e780c f9d0012c80a44f34981be525aa95de34 31c8531259d447fa8358eb34b21b7e43 - - default default] Unable to schedule network 1695fa19-127f-4a2d-b822-62355864598c: no agents available; will retry on subsequent port and subnet creation events.
2026-07-08 06:15:59.312 9 WARNING neutron.scheduler.dhcp_agent_scheduler [None req-59818ce2-6ad8-4223-8190-24633cbf5321 f9d0012c80a44f34981be525aa95de34 31c8531259d447fa8358eb34b21b7e43 - - default default] No more DHCP agents
2026-07-08 06:15:59.317 9 WARNING neutron.api.rpc.agentnotifiers.dhcp_rpc_agent_api [None req-59818ce2-6ad8-4223-8190-24633cbf5321 f9d0012c80a44f34981be525aa95de34 31c8531259d447fa8358eb34b21b7e43 - - default default] Unable to schedule network 69048be5-55e9-413e-95ab-31747101a418: no agents available; will retry on subsequent port and subnet creation events.
2026-07-08 06:15:59.347 10 INFO neutron.wsgi [req-185b3e77-a929-4a1a-87aa-254c76c3242e req-de7c2458-d890-4598-872b-e22ae124f253 26ca87b1b3324dddb79ad44d6e826bf6 47f08c3366dd447e8c92d7b83369e780 - - ee583b710bfd4bb2bf2b0a42e9676962 ee583b710bfd4bb2bf2b0a42e9676962] 199.204.45.89 "GET /v2.0/networks/fcb2f41b-4f6c-4f6e-b1de-a0b093d1f112?fields=provider%3Aphysical_network&fields=provider%3Anetwork_type HTTP/1.1" status: 200 len: 277 time: 0.3071887
2026-07-08 06:15:59.438 10 INFO neutron.wsgi [req-d067c540-574b-4ac5-a321-cc7fb8717ef5 req-3f4c0a05-9326-4b61-8478-4de314153c76 3b22a979e4f847509a972bfe6926aa35 b9c597c5ced949e0bcf28cfb4309fb8e - - default default] 10.0.0.153 "GET /v2.0/ports?device_id=0cac8185-540f-400f-b7f3-96c43697b6e4 HTTP/1.1" status: 200 len: 1174 time: 0.3040714
