2026-07-08 06:16:16.700 10 INFO neutron.plugins.ml2.plugin [None req-1f3ac1b1-c9eb-4667-a03d-cc9a1820faa9 - - - - - -] Attempt 1 to provision port f8f4d85e-6d1c-410f-914f-391b5a278b43
2026-07-08 06:16:16.739 9 INFO neutron.db.ovn_revision_numbers_db [None req-5c216838-453e-40bf-a070-6223758a58ae f9d0012c80a44f34981be525aa95de34 31c8531259d447fa8358eb34b21b7e43 - - default default] Successfully bumped revision number for resource f8f4d85e-6d1c-410f-914f-391b5a278b43 (type: router_ports) to 1
2026-07-08 06:16:16.806 10 INFO neutron.wsgi [req-a7da24e3-a55f-4ba2-89a2-4877f88df08b req-4d32e5a9-426b-4eaf-9483-ba5acb770056 1c914605a2af4b6f875619c06c2ddea1 90f6a3f19ce34bae8ffca98ed3d886bc - - default default] 10.0.0.153 "GET /v2.0/ports?device_id=e2038abb-9407-4976-a1e8-247f242798ab HTTP/1.1" status: 200 len: 1168 time: 0.0446458
2026-07-08 06:16:16.811 9 INFO neutron.db.ovn_revision_numbers_db [None req-28c0b583-fa2a-41d3-906a-04423994c10c - - - - - -] Successfully bumped revision number for resource c05541e3-ad2e-4850-9575-5da6c86915e2 (type: ports) to 4
2026-07-08 06:16:16.882 10 INFO neutron.wsgi [req-a7da24e3-a55f-4ba2-89a2-4877f88df08b req-2d6fa943-bc9a-4f57-be59-a2bf3bf7b3fe 1c914605a2af4b6f875619c06c2ddea1 90f6a3f19ce34bae8ffca98ed3d886bc - - default default] 10.0.0.153 "GET /v2.0/security-groups?id=60c70a9e-e328-46fd-85ca-dc2389510bd0&fields=id&fields=name HTTP/1.1" status: 200 len: 312 time: 0.0679708
2026-07-08 06:16:16.943 9 INFO neutron.db.ovn_revision_numbers_db [None req-5c216838-453e-40bf-a070-6223758a58ae f9d0012c80a44f34981be525aa95de34 31c8531259d447fa8358eb34b21b7e43 - - default default] Successfully bumped revision number for resource f8f4d85e-6d1c-410f-914f-391b5a278b43 (type: ports) to 1
2026-07-08 06:16:17.005 10 INFO neutron.db.ovn_revision_numbers_db [None req-1f3ac1b1-c9eb-4667-a03d-cc9a1820faa9 - - - - - -] Successfully bumped revision number for resource f8f4d85e-6d1c-410f-914f-391b5a278b43 (type: ports) to 2
2026-07-08 06:16:17.143 10 INFO neutron.db.ovn_revision_numbers_db [None req-1f3ac1b1-c9eb-4667-a03d-cc9a1820faa9 - - - - - -] Successfully bumped revision number for resource f8f4d85e-6d1c-410f-914f-391b5a278b43 (type: router_ports) to 2
2026-07-08 06:16:17.205 9 WARNING neutron.scheduler.dhcp_agent_scheduler [None req-5c216838-453e-40bf-a070-6223758a58ae f9d0012c80a44f34981be525aa95de34 31c8531259d447fa8358eb34b21b7e43 - - default default] No more DHCP agents
2026-07-08 06:16:17.209 9 WARNING neutron.api.rpc.agentnotifiers.dhcp_rpc_agent_api [None req-5c216838-453e-40bf-a070-6223758a58ae f9d0012c80a44f34981be525aa95de34 31c8531259d447fa8358eb34b21b7e43 - - default default] Unable to schedule network d9d33060-b51b-4195-b505-f03f3714ace5: no agents available; will retry on subsequent port and subnet creation events.
2026-07-08 06:16:17.284 9 INFO neutron.db.ovn_revision_numbers_db [None req-28c0b583-fa2a-41d3-906a-04423994c10c - - - - - -] Successfully bumped revision number for resource c05541e3-ad2e-4850-9575-5da6c86915e2 (type: router_ports) to 4
2026-07-08 06:16:17.821 10 INFO neutron.wsgi [req-9528ea16-5901-405a-95d9-d8ae9eb3dd5b req-d70cf834-8394-459d-98b1-f5c5a54fed1b 26ca87b1b3324dddb79ad44d6e826bf6 47f08c3366dd447e8c92d7b83369e780 - - ee583b710bfd4bb2bf2b0a42e9676962 ee583b710bfd4bb2bf2b0a42e9676962] 10.0.0.185 "GET /v2.0/ports?device_id=526b20db-dc63-44f4-ac23-14db4b935c39 HTTP/1.1" status: 200 len: 1409 time: 0.1281736
2026-07-08 06:16:17.864 10 INFO neutron.wsgi [req-9528ea16-5901-405a-95d9-d8ae9eb3dd5b req-6fe118aa-d568-462b-9dc3-b2cdb13c8e25 26ca87b1b3324dddb79ad44d6e826bf6 47f08c3366dd447e8c92d7b83369e780 - - ee583b710bfd4bb2bf2b0a42e9676962 ee583b710bfd4bb2bf2b0a42e9676962] 10.0.0.185 "GET /v2.0/security-groups?id=bf5f2586-27c8-4f4a-96a2-5cd8c1fb7a40&fields=id&fields=name HTTP/1.1" status: 200 len: 312 time: 0.0346384
2026-07-08 06:16:17.996 9 INFO neutron.wsgi [req-113b0dc0-5795-4eac-8c4a-a66a36c7bccd req-4f0fb923-5d4c-4fee-ad2b-6f6b6d06058e 1c914605a2af4b6f875619c06c2ddea1 90f6a3f19ce34bae8ffca98ed3d886bc - - default default] 10.0.0.153 "GET /v2.0/ports?device_id=e2038abb-9407-4976-a1e8-247f242798ab HTTP/1.1" status: 200 len: 1168 time: 0.0485644
2026-07-08 06:16:18.003 9 INFO neutron.db.ovn_revision_numbers_db [None req-5c216838-453e-40bf-a070-6223758a58ae f9d0012c80a44f34981be525aa95de34 31c8531259d447fa8358eb34b21b7e43 - - default default] Successfully bumped revision number for resource f8f4d85e-6d1c-410f-914f-391b5a278b43 (type: router_ports) to 2
2026-07-08 06:16:18.006 9 INFO neutron.wsgi [None req-5c216838-453e-40bf-a070-6223758a58ae f9d0012c80a44f34981be525aa95de34 31c8531259d447fa8358eb34b21b7e43 - - default default] 10.0.0.36 "PUT /v2.0/routers/f849cf8b-2672-4cb3-99e1-fdb938b7f4c7/add_router_interface HTTP/1.1" status: 200 len: 503 time: 2.7015009
2026-07-08 06:16:18.041 9 INFO neutron.wsgi [req-113b0dc0-5795-4eac-8c4a-a66a36c7bccd req-3454de03-adbf-44ad-b776-6134f901dfee 1c914605a2af4b6f875619c06c2ddea1 90f6a3f19ce34bae8ffca98ed3d886bc - - default default] 10.0.0.153 "GET /v2.0/security-groups?id=60c70a9e-e328-46fd-85ca-dc2389510bd0&fields=id&fields=name HTTP/1.1" status: 200 len: 312 time: 0.0380070
2026-07-08 06:16:18.895 10 INFO neutron.wsgi [req-897b9d2b-7d24-4b71-8a69-a76d5de6d6e0 req-92b420bf-cb8e-4418-a69c-95c4990790ac 889c9e99f5144cc9b27919b4835c7ba9 d47a5bb7b2ee4b4688b52fbc9addad5b - - default default] 10.0.0.153 "GET /v2.0/networks?id=d9d33060-b51b-4195-b505-f03f3714ace5 HTTP/1.1" status: 200 len: 877 time: 0.0703940
2026-07-08 06:16:18.913 10 INFO neutron.wsgi [req-897b9d2b-7d24-4b71-8a69-a76d5de6d6e0 req-cf8da4e3-8f35-42cc-ac76-31ae8655520f 889c9e99f5144cc9b27919b4835c7ba9 d47a5bb7b2ee4b4688b52fbc9addad5b - - default default] 10.0.0.153 "GET /v2.0/quotas/d47a5bb7b2ee4b4688b52fbc9addad5b HTTP/1.1" status: 200 len: 386 time: 0.0101571
2026-07-08 06:16:19.008 10 INFO neutron.wsgi [req-897b9d2b-7d24-4b71-8a69-a76d5de6d6e0 req-bb0e6184-7224-4b1d-8ff5-6bc8a8c5e37a 889c9e99f5144cc9b27919b4835c7ba9 d47a5bb7b2ee4b4688b52fbc9addad5b - - default default] 10.0.0.153 "GET /v2.0/ports?tenant_id=d47a5bb7b2ee4b4688b52fbc9addad5b&fields=id HTTP/1.1" status: 200 len: 302 time: 0.0875490
2026-07-08 06:16:19.084 10 INFO neutron.wsgi [req-897b9d2b-7d24-4b71-8a69-a76d5de6d6e0 req-a944117a-3554-46d8-8af7-dcde5313a176 26ca87b1b3324dddb79ad44d6e826bf6 47f08c3366dd447e8c92d7b83369e780 - - ee583b710bfd4bb2bf2b0a42e9676962 ee583b710bfd4bb2bf2b0a42e9676962] 10.0.0.153 "GET /v2.0/networks/d9d33060-b51b-4195-b505-f03f3714ace5?fields=segments HTTP/1.1" status: 200 len: 212 time: 0.0658638
2026-07-08 06:16:19.140 10 INFO neutron.wsgi [req-897b9d2b-7d24-4b71-8a69-a76d5de6d6e0 req-4cf215dc-ef1a-4493-b97a-c3c8137842c1 26ca87b1b3324dddb79ad44d6e826bf6 47f08c3366dd447e8c92d7b83369e780 - - ee583b710bfd4bb2bf2b0a42e9676962 ee583b710bfd4bb2bf2b0a42e9676962] 10.0.0.153 "GET /v2.0/networks/d9d33060-b51b-4195-b505-f03f3714ace5?fields=provider%3Aphysical_network&fields=provider%3Anetwork_type HTTP/1.1" status: 200 len: 277 time: 0.0520153
2026-07-08 06:16:19.153 9 INFO neutron.wsgi [req-24cc26ec-dfe1-4de5-b517-5d712f3d1d81 req-e44b971d-cb82-4874-bf8d-518136d4ed8c 1c914605a2af4b6f875619c06c2ddea1 90f6a3f19ce34bae8ffca98ed3d886bc - - default default] 10.0.0.153 "GET /v2.0/ports?device_id=e2038abb-9407-4976-a1e8-247f242798ab HTTP/1.1" status: 200 len: 1168 time: 0.0442076
2026-07-08 06:16:19.195 9 INFO neutron.wsgi [req-24cc26ec-dfe1-4de5-b517-5d712f3d1d81 req-6fa29699-4deb-4b53-a86e-1feecef2fced 1c914605a2af4b6f875619c06c2ddea1 90f6a3f19ce34bae8ffca98ed3d886bc - - default default] 10.0.0.153 "GET /v2.0/security-groups?id=60c70a9e-e328-46fd-85ca-dc2389510bd0&fields=id&fields=name HTTP/1.1" status: 200 len: 312 time: 0.0333576
2026-07-08 06:16:19.265 9 INFO neutron.wsgi [req-2cefc275-f3de-4536-a271-89823f7653c3 req-19276b86-a28d-41d0-8cd1-496bea03d30d 889c9e99f5144cc9b27919b4835c7ba9 d47a5bb7b2ee4b4688b52fbc9addad5b - - default default] 10.0.0.153 "GET /v2.0/ports?device_id=60af86ce-b2b6-472a-b28f-bdb5c344e027 HTTP/1.1" status: 200 len: 210 time: 0.0205202
2026-07-08 06:16:20.074 10 INFO neutron.wsgi [req-897b9d2b-7d24-4b71-8a69-a76d5de6d6e0 req-abac7c64-a0e6-4f23-b7a3-28a21f3d7267 889c9e99f5144cc9b27919b4835c7ba9 d47a5bb7b2ee4b4688b52fbc9addad5b - - default default] 199.204.45.89 "GET /v2.0/networks?id=d9d33060-b51b-4195-b505-f03f3714ace5 HTTP/1.1" status: 200 len: 877 time: 0.0763042
2026-07-08 06:16:20.369 9 INFO neutron.wsgi [req-742e91f6-06dc-4ea3-8783-4acc4cc888f2 req-5e088921-faf6-4bb6-9c7b-08a0ba65b1f9 889c9e99f5144cc9b27919b4835c7ba9 d47a5bb7b2ee4b4688b52fbc9addad5b - - default default] 10.0.0.153 "GET /v2.0/ports?device_id=60af86ce-b2b6-472a-b28f-bdb5c344e027 HTTP/1.1" status: 200 len: 210 time: 0.0303755
2026-07-08 06:16:20.373 10 INFO neutron.wsgi [req-6994b2ca-e346-427a-b9d1-0ca12a04916c req-b492aff6-c932-403c-93e2-7c3bb49b2ca8 1c914605a2af4b6f875619c06c2ddea1 90f6a3f19ce34bae8ffca98ed3d886bc - - default default] 10.0.0.153 "GET /v2.0/ports?device_id=e2038abb-9407-4976-a1e8-247f242798ab HTTP/1.1" status: 200 len: 1168 time: 0.1123843
2026-07-08 06:16:20.434 10 INFO neutron.wsgi [req-6994b2ca-e346-427a-b9d1-0ca12a04916c req-1624570d-320b-40e8-b0a7-9b6403b2b93a 1c914605a2af4b6f875619c06c2ddea1 90f6a3f19ce34bae8ffca98ed3d886bc - - default default] 10.0.0.153 "GET /v2.0/security-groups?id=60c70a9e-e328-46fd-85ca-dc2389510bd0&fields=id&fields=name HTTP/1.1" status: 200 len: 312 time: 0.0524242
2026-07-08 06:16:20.439 10 WARNING neutron.scheduler.dhcp_agent_scheduler [req-897b9d2b-7d24-4b71-8a69-a76d5de6d6e0 req-06c028e8-ba78-4e36-8b05-c640103716ad 889c9e99f5144cc9b27919b4835c7ba9 d47a5bb7b2ee4b4688b52fbc9addad5b - - default default] No more DHCP agents
2026-07-08 06:16:20.441 10 WARNING neutron.api.rpc.agentnotifiers.dhcp_rpc_agent_api [req-897b9d2b-7d24-4b71-8a69-a76d5de6d6e0 req-06c028e8-ba78-4e36-8b05-c640103716ad 889c9e99f5144cc9b27919b4835c7ba9 d47a5bb7b2ee4b4688b52fbc9addad5b - - default default] Unable to schedule network d9d33060-b51b-4195-b505-f03f3714ace5: no agents available; will retry on subsequent port and subnet creation events.
2026-07-08 06:16:20.604 10 INFO neutron.db.ovn_revision_numbers_db [req-897b9d2b-7d24-4b71-8a69-a76d5de6d6e0 req-06c028e8-ba78-4e36-8b05-c640103716ad 889c9e99f5144cc9b27919b4835c7ba9 d47a5bb7b2ee4b4688b52fbc9addad5b - - default default] Successfully bumped revision number for resource 9f3badf3-65c2-4146-8713-394bca80487d (type: ports) to 1
2026-07-08 06:16:20.624 10 INFO neutron.wsgi [req-897b9d2b-7d24-4b71-8a69-a76d5de6d6e0 req-06c028e8-ba78-4e36-8b05-c640103716ad 889c9e99f5144cc9b27919b4835c7ba9 d47a5bb7b2ee4b4688b52fbc9addad5b - - default default] 199.204.45.89 "POST /v2.0/ports HTTP/1.1" status: 201 len: 1162 time: 0.5439870 /var/lib/openstack/lib/python3.10/site-packages/pycadf/identifier.py:71: UserWarning: Invalid uuid: neutron. To ensure interoperability, identifiers should be a valid uuid. warnings.warn(('Invalid uuid: %s. To ensure interoperability, '
2026-07-08 06:16:21.042 10 INFO neutron.db.ovn_revision_numbers_db [req-897b9d2b-7d24-4b71-8a69-a76d5de6d6e0 req-311adddf-ff5e-4b47-af09-6a8714250591 26ca87b1b3324dddb79ad44d6e826bf6 47f08c3366dd447e8c92d7b83369e780 - - ee583b710bfd4bb2bf2b0a42e9676962 ee583b710bfd4bb2bf2b0a42e9676962] Successfully bumped revision number for resource 9f3badf3-65c2-4146-8713-394bca80487d (type: ports) to 2
2026-07-08 06:16:21.244 10 INFO neutron.db.ovn_revision_numbers_db [req-897b9d2b-7d24-4b71-8a69-a76d5de6d6e0 req-311adddf-ff5e-4b47-af09-6a8714250591 26ca87b1b3324dddb79ad44d6e826bf6 47f08c3366dd447e8c92d7b83369e780 - - ee583b710bfd4bb2bf2b0a42e9676962 ee583b710bfd4bb2bf2b0a42e9676962] Successfully bumped revision number for resource 9f3badf3-65c2-4146-8713-394bca80487d (type: ports) to 2
2026-07-08 06:16:21.260 10 INFO neutron.wsgi [req-897b9d2b-7d24-4b71-8a69-a76d5de6d6e0 req-311adddf-ff5e-4b47-af09-6a8714250591 26ca87b1b3324dddb79ad44d6e826bf6 47f08c3366dd447e8c92d7b83369e780 - - ee583b710bfd4bb2bf2b0a42e9676962 ee583b710bfd4bb2bf2b0a42e9676962] 199.204.45.89 "PUT /v2.0/ports/9f3badf3-65c2-4146-8713-394bca80487d HTTP/1.1" status: 200 len: 1380 time: 0.6272132
2026-07-08 06:16:21.305 10 INFO neutron.notifiers.nova [-] Nova event matching ['req-c77a7d02-8f82-4b02-bc09-aa59c961c492'] response: {'name': 'network-changed', 'server_uuid': '60af86ce-b2b6-472a-b28f-bdb5c344e027', 'tag': '9f3badf3-65c2-4146-8713-394bca80487d', 'status': 'completed', 'code': 200} /var/lib/openstack/lib/python3.10/site-packages/pycadf/identifier.py:71: UserWarning: Invalid uuid: neutron. To ensure interoperability, identifiers should be a valid uuid. warnings.warn(('Invalid uuid: %s. To ensure interoperability, '
2026-07-08 06:16:21.350 10 INFO neutron.wsgi [req-897b9d2b-7d24-4b71-8a69-a76d5de6d6e0 req-95cce3f6-d0d0-4b85-b042-da5589dbb9f6 26ca87b1b3324dddb79ad44d6e826bf6 47f08c3366dd447e8c92d7b83369e780 - - ee583b710bfd4bb2bf2b0a42e9676962 ee583b710bfd4bb2bf2b0a42e9676962] 199.204.45.89 "GET /v2.0/ports?tenant_id=d47a5bb7b2ee4b4688b52fbc9addad5b&device_id=60af86ce-b2b6-472a-b28f-bdb5c344e027 HTTP/1.1" status: 200 len: 1411 time: 0.0379508
2026-07-08 06:16:21.383 10 INFO neutron.wsgi [req-897b9d2b-7d24-4b71-8a69-a76d5de6d6e0 req-fc1396e4-9adc-4a5f-a91f-46b70c4c8dbf 26ca87b1b3324dddb79ad44d6e826bf6 47f08c3366dd447e8c92d7b83369e780 - - ee583b710bfd4bb2bf2b0a42e9676962 ee583b710bfd4bb2bf2b0a42e9676962] 199.204.45.89 "GET /v2.0/floatingips?fixed_ip_address=10.100.0.12&port_id=9f3badf3-65c2-4146-8713-394bca80487d HTTP/1.1" status: 200 len: 217 time: 0.0274827
2026-07-08 06:16:21.421 10 INFO neutron.wsgi [req-897b9d2b-7d24-4b71-8a69-a76d5de6d6e0 req-dd62af17-b439-4068-9b06-6b3e532ce84c 26ca87b1b3324dddb79ad44d6e826bf6 47f08c3366dd447e8c92d7b83369e780 - - ee583b710bfd4bb2bf2b0a42e9676962 ee583b710bfd4bb2bf2b0a42e9676962] 199.204.45.89 "GET /v2.0/subnets?id=5ca47169-18e9-4a8b-a42f-1b828479d04b HTTP/1.1" status: 200 len: 871 time: 0.0315554
2026-07-08 06:16:21.447 10 INFO neutron.wsgi [req-897b9d2b-7d24-4b71-8a69-a76d5de6d6e0 req-6d95948b-f664-4b02-b381-beadd397f46b 26ca87b1b3324dddb79ad44d6e826bf6 47f08c3366dd447e8c92d7b83369e780 - - ee583b710bfd4bb2bf2b0a42e9676962 ee583b710bfd4bb2bf2b0a42e9676962] 199.204.45.89 "GET /v2.0/ports?network_id=d9d33060-b51b-4195-b505-f03f3714ace5&device_owner=network%3Adhcp HTTP/1.1" status: 200 len: 210 time: 0.0180092
2026-07-08 06:16:21.497 10 INFO neutron.wsgi [req-d28ffa25-8cc9-4884-bc85-4fe1cf325f91 req-cb818344-ee68-4a68-947e-42277e4c04ff 889c9e99f5144cc9b27919b4835c7ba9 d47a5bb7b2ee4b4688b52fbc9addad5b - - default default] 10.0.0.153 "GET /v2.0/ports?device_id=60af86ce-b2b6-472a-b28f-bdb5c344e027 HTTP/1.1" status: 200 len: 1172 time: 0.0450487
2026-07-08 06:16:21.530 10 INFO neutron.wsgi [req-897b9d2b-7d24-4b71-8a69-a76d5de6d6e0 req-fd81536a-93ef-45d5-9f58-5fc57a7d3f2d 26ca87b1b3324dddb79ad44d6e826bf6 47f08c3366dd447e8c92d7b83369e780 - - ee583b710bfd4bb2bf2b0a42e9676962 ee583b710bfd4bb2bf2b0a42e9676962] 199.204.45.89 "GET /v2.0/networks/d9d33060-b51b-4195-b505-f03f3714ace5?fields=segments HTTP/1.1" status: 200 len: 212 time: 0.0714488
2026-07-08 06:16:21.550 10 INFO neutron.wsgi [req-d28ffa25-8cc9-4884-bc85-4fe1cf325f91 req-994e05a4-a971-4100-8a64-398531c7c577 889c9e99f5144cc9b27919b4835c7ba9 d47a5bb7b2ee4b4688b52fbc9addad5b - - default default] 10.0.0.153 "GET /v2.0/security-groups?id=9ac8c039-7607-47f1-8ecc-f1744ee5947a&fields=id&fields=name HTTP/1.1" status: 200 len: 286 time: 0.0451636
2026-07-08 06:16:21.569 9 INFO neutron.wsgi [req-a67f273a-6542-4de1-b07f-374564d3202f req-34cd93e1-d71d-48ad-ba80-1fabdeee86c4 1c914605a2af4b6f875619c06c2ddea1 90f6a3f19ce34bae8ffca98ed3d886bc - - default default] 10.0.0.153 "GET /v2.0/ports?device_id=e2038abb-9407-4976-a1e8-247f242798ab HTTP/1.1" status: 200 len: 1168 time: 0.0724361
2026-07-08 06:16:21.598 10 INFO neutron.wsgi [req-897b9d2b-7d24-4b71-8a69-a76d5de6d6e0 req-d89da7c3-2b61-413b-a61c-2b30ade5ef2c 26ca87b1b3324dddb79ad44d6e826bf6 47f08c3366dd447e8c92d7b83369e780 - - ee583b710bfd4bb2bf2b0a42e9676962 ee583b710bfd4bb2bf2b0a42e9676962] 199.204.45.89 "GET /v2.0/networks/d9d33060-b51b-4195-b505-f03f3714ace5?fields=provider%3Aphysical_network&fields=provider%3Anetwork_type HTTP/1.1" status: 200 len: 277 time: 0.0615597
2026-07-08 06:16:21.611 9 INFO neutron.wsgi [req-a67f273a-6542-4de1-b07f-374564d3202f req-4f8dbef6-9634-45a2-b279-b395beeb5975 1c914605a2af4b6f875619c06c2ddea1 90f6a3f19ce34bae8ffca98ed3d886bc - - default default] 10.0.0.153 "GET /v2.0/security-groups?id=60c70a9e-e328-46fd-85ca-dc2389510bd0&fields=id&fields=name HTTP/1.1" status: 200 len: 312 time: 0.0324969
2026-07-08 06:16:21.679 10 INFO neutron.wsgi [req-ffd14f5d-51f6-441f-bddf-ef2cc524bf61 req-60337b06-ff9a-4d27-adcc-45c65e3b94c2 26ca87b1b3324dddb79ad44d6e826bf6 47f08c3366dd447e8c92d7b83369e780 - - ee583b710bfd4bb2bf2b0a42e9676962 ee583b710bfd4bb2bf2b0a42e9676962] 199.204.45.89 "GET /v2.0/ports?tenant_id=d47a5bb7b2ee4b4688b52fbc9addad5b&device_id=60af86ce-b2b6-472a-b28f-bdb5c344e027 HTTP/1.1" status: 200 len: 1411 time: 0.0362694
2026-07-08 06:16:21.759 10 INFO neutron.wsgi [req-ffd14f5d-51f6-441f-bddf-ef2cc524bf61 req-0418368b-78a5-4e1c-b5e1-6ff63ff582d4 26ca87b1b3324dddb79ad44d6e826bf6 47f08c3366dd447e8c92d7b83369e780 - - ee583b710bfd4bb2bf2b0a42e9676962 ee583b710bfd4bb2bf2b0a42e9676962] 199.204.45.89 "GET /v2.0/networks?id=d9d33060-b51b-4195-b505-f03f3714ace5 HTTP/1.1" status: 200 len: 975 time: 0.0740707
2026-07-08 06:16:21.802 10 INFO neutron.wsgi [req-ffd14f5d-51f6-441f-bddf-ef2cc524bf61 req-ff400e9e-c938-40ba-b9eb-4c3bfe9e22e5 26ca87b1b3324dddb79ad44d6e826bf6 47f08c3366dd447e8c92d7b83369e780 - - ee583b710bfd4bb2bf2b0a42e9676962 ee583b710bfd4bb2bf2b0a42e9676962] 199.204.45.89 "GET /v2.0/floatingips?fixed_ip_address=10.100.0.12&port_id=9f3badf3-65c2-4146-8713-394bca80487d HTTP/1.1" status: 200 len: 217 time: 0.0370343
2026-07-08 06:16:21.846 10 INFO neutron.wsgi [req-ffd14f5d-51f6-441f-bddf-ef2cc524bf61 req-9722110a-e7f1-472f-b5aa-7b65ab976be8 26ca87b1b3324dddb79ad44d6e826bf6 47f08c3366dd447e8c92d7b83369e780 - - ee583b710bfd4bb2bf2b0a42e9676962 ee583b710bfd4bb2bf2b0a42e9676962] 199.204.45.89 "GET /v2.0/subnets?id=5ca47169-18e9-4a8b-a42f-1b828479d04b HTTP/1.1" status: 200 len: 871 time: 0.0373137
2026-07-08 06:16:21.868 10 INFO neutron.wsgi [req-ffd14f5d-51f6-441f-bddf-ef2cc524bf61 req-226a77c5-8c89-4dd2-8f6c-df5b6fc8dc93 26ca87b1b3324dddb79ad44d6e826bf6 47f08c3366dd447e8c92d7b83369e780 - - ee583b710bfd4bb2bf2b0a42e9676962 ee583b710bfd4bb2bf2b0a42e9676962] 199.204.45.89 "GET /v2.0/ports?network_id=d9d33060-b51b-4195-b505-f03f3714ace5&device_owner=network%3Adhcp HTTP/1.1" status: 200 len: 210 time: 0.0179071
2026-07-08 06:16:21.926 10 INFO neutron.wsgi [req-ffd14f5d-51f6-441f-bddf-ef2cc524bf61 req-f07d61c9-39f1-43f1-b66c-60768b57edcb 26ca87b1b3324dddb79ad44d6e826bf6 47f08c3366dd447e8c92d7b83369e780 - - ee583b710bfd4bb2bf2b0a42e9676962 ee583b710bfd4bb2bf2b0a42e9676962] 199.204.45.89 "GET /v2.0/networks/d9d33060-b51b-4195-b505-f03f3714ace5?fields=segments HTTP/1.1" status: 200 len: 212 time: 0.0508697
2026-07-08 06:16:22.028 10 INFO neutron.wsgi [req-ffd14f5d-51f6-441f-bddf-ef2cc524bf61 req-77a6d239-f779-4e98-9482-5762d16a3ff9 26ca87b1b3324dddb79ad44d6e826bf6 47f08c3366dd447e8c92d7b83369e780 - - ee583b710bfd4bb2bf2b0a42e9676962 ee583b710bfd4bb2bf2b0a42e9676962] 199.204.45.89 "GET /v2.0/networks/d9d33060-b51b-4195-b505-f03f3714ace5?fields=provider%3Aphysical_network&fields=provider%3Anetwork_type HTTP/1.1" status: 200 len: 277 time: 0.0965185
2026-07-08 06:16:22.715 9 INFO neutron.wsgi [req-789e7869-17ad-4401-9d3b-d45673277905 req-630fc763-bc1e-404b-badd-ff9f6af73ddf 1c914605a2af4b6f875619c06c2ddea1 90f6a3f19ce34bae8ffca98ed3d886bc - - default default] 10.0.0.153 "GET /v2.0/ports?device_id=e2038abb-9407-4976-a1e8-247f242798ab HTTP/1.1" status: 200 len: 1168 time: 0.0424218
2026-07-08 06:16:22.784 9 INFO neutron.wsgi [req-789e7869-17ad-4401-9d3b-d45673277905 req-7b91a762-5374-4562-9e81-a53cbd5be114 1c914605a2af4b6f875619c06c2ddea1 90f6a3f19ce34bae8ffca98ed3d886bc - - default default] 10.0.0.153 "GET /v2.0/security-groups?id=60c70a9e-e328-46fd-85ca-dc2389510bd0&fields=id&fields=name HTTP/1.1" status: 200 len: 312 time: 0.0607865
2026-07-08 06:16:22.837 10 WARNING neutron.plugins.ml2.drivers.ovn.mech_driver.ovsdb.ovn_client [None req-1f3ac1b1-c9eb-4667-a03d-cc9a1820faa9 - - - - - -] No hosting information found for port f8f4d85e-6d1c-410f-914f-391b5a278b43: RuntimeError: No hosting information found for port f8f4d85e-6d1c-410f-914f-391b5a278b43
2026-07-08 06:16:22.838 10 INFO neutron.plugins.ml2.drivers.ovn.mech_driver.mech_driver [None req-1f3ac1b1-c9eb-4667-a03d-cc9a1820faa9 - - - - - -] OVN reports status up for port: ff67ca0d-654a-47fd-93da-39778c37d7e0
2026-07-08 06:16:22.845 10 INFO neutron.wsgi [req-7c74c2a4-d04d-4162-b121-1988d3209055 req-93d2e752-9e82-4484-a6f4-5cd60feae7a5 889c9e99f5144cc9b27919b4835c7ba9 d47a5bb7b2ee4b4688b52fbc9addad5b - - default default] 10.0.0.153 "GET /v2.0/ports?device_id=60af86ce-b2b6-472a-b28f-bdb5c344e027 HTTP/1.1" status: 200 len: 1172 time: 0.2327597
2026-07-08 06:16:22.877 10 INFO neutron.plugins.ml2.plugin [None req-1f3ac1b1-c9eb-4667-a03d-cc9a1820faa9 - - - - - -] Attempt 1 to provision port ff67ca0d-654a-47fd-93da-39778c37d7e0
2026-07-08 06:16:22.906 10 INFO neutron.wsgi [req-7c74c2a4-d04d-4162-b121-1988d3209055 req-b8bbc23f-9692-4bd5-a234-feab16ff40fc 889c9e99f5144cc9b27919b4835c7ba9 d47a5bb7b2ee4b4688b52fbc9addad5b - - default default] 10.0.0.153 "GET /v2.0/security-groups?id=9ac8c039-7607-47f1-8ecc-f1744ee5947a&fields=id&fields=name HTTP/1.1" status: 200 len: 286 time: 0.0462890
2026-07-08 06:16:22.947 9 INFO neutron.wsgi [req-7622de82-071a-40ea-8fc8-8fb564ca38b1 req-e09adec3-3fca-41ef-8938-841f5bdac03c 00a1b4220ec94dff819ca9cb6eb93cc8 390a228564e64ed4b0a0654de17ec41e - - default default] 10.0.0.153 "GET /v2.0/ports?device_id=526b20db-dc63-44f4-ac23-14db4b935c39 HTTP/1.1" status: 200 len: 1170 time: 0.0923355
2026-07-08 06:16:23.088 10 INFO neutron.wsgi [req-d8b9087f-c762-4aaa-bed8-6c64c3937f53 req-e504b2cb-4ee6-4ef7-8c69-e7cac06053e6 00a1b4220ec94dff819ca9cb6eb93cc8 390a228564e64ed4b0a0654de17ec41e - - default default] 10.0.0.153 "GET /v2.0/ports/09098082-5b1c-4177-8793-05e6aaa86dd1 HTTP/1.1" status: 200 len: 1167 time: 0.0929351
2026-07-08 06:16:23.159 10 INFO neutron.db.ovn_revision_numbers_db [None req-1f3ac1b1-c9eb-4667-a03d-cc9a1820faa9 - - - - - -] Successfully bumped revision number for resource ff67ca0d-654a-47fd-93da-39778c37d7e0 (type: ports) to 4
2026-07-08 06:16:23.198 10 INFO neutron.plugins.ml2.drivers.ovn.mech_driver.mech_driver [None req-1f3ac1b1-c9eb-4667-a03d-cc9a1820faa9 - - - - - -] OVN reports status up for port: 9f3badf3-65c2-4146-8713-394bca80487d
2026-07-08 06:16:23.209 10 INFO neutron.plugins.ml2.plugin [None req-1f3ac1b1-c9eb-4667-a03d-cc9a1820faa9 - - - - - -] Attempt 1 to provision port 9f3badf3-65c2-4146-8713-394bca80487d /var/lib/openstack/lib/python3.10/site-packages/pycadf/identifier.py:71: UserWarning: Invalid uuid: neutron. To ensure interoperability, identifiers should be a valid uuid. warnings.warn(('Invalid uuid: %s. To ensure interoperability, '
2026-07-08 06:16:23.287 10 INFO neutron.wsgi [req-d6df5d9a-0051-43dd-bd9b-45a73a7bb7de req-08409227-40c5-4c26-9f5b-8cfe7fb2fefa 00a1b4220ec94dff819ca9cb6eb93cc8 390a228564e64ed4b0a0654de17ec41e - - default default] 199.204.45.89 "GET /v2.0/subnets?network_id=44f468d1-64a1-400d-b114-d60e64078c93 HTTP/1.1" status: 200 len: 858 time: 0.0650136
2026-07-08 06:16:23.355 10 INFO neutron.notifiers.nova [-] Nova event matching ['req-3b5bfd65-6104-4419-a2c8-11bef2903881'] response: {'server_uuid': 'e2038abb-9407-4976-a1e8-247f242798ab', 'name': 'network-vif-plugged', 'status': 'completed', 'tag': 'ff67ca0d-654a-47fd-93da-39778c37d7e0', 'code': 200}
2026-07-08 06:16:23.356 10 INFO neutron.notifiers.nova [-] Nova event matching ['req-3b5bfd65-6104-4419-a2c8-11bef2903881'] response: {'server_uuid': 'e2038abb-9407-4976-a1e8-247f242798ab', 'name': 'network-vif-plugged', 'status': 'completed', 'tag': 'ff67ca0d-654a-47fd-93da-39778c37d7e0', 'code': 200}
2026-07-08 06:16:23.376 10 INFO neutron.wsgi [req-d6df5d9a-0051-43dd-bd9b-45a73a7bb7de req-7399603c-a216-4cf9-b176-27dc4ba5eb2d 00a1b4220ec94dff819ca9cb6eb93cc8 390a228564e64ed4b0a0654de17ec41e - - default default] 199.204.45.89 "GET /v2.0/ports?device_id=526b20db-dc63-44f4-ac23-14db4b935c39&device_owner=compute%3Anova&network_id=44f468d1-64a1-400d-b114-d60e64078c93 HTTP/1.1" status: 200 len: 1170 time: 0.0774784
2026-07-08 06:16:23.424 10 INFO neutron.wsgi [req-832fb427-c3bf-4a5d-a3af-f933387d74f3 req-618818d7-8c30-4978-9a44-0d2a17fe2d18 26ca87b1b3324dddb79ad44d6e826bf6 47f08c3366dd447e8c92d7b83369e780 - - ee583b710bfd4bb2bf2b0a42e9676962 ee583b710bfd4bb2bf2b0a42e9676962] 10.0.0.185 "GET /v2.0/ports?device_id=70353eec-0f7b-45eb-b734-df63c17ad1c7 HTTP/1.1" status: 200 len: 1409 time: 0.0659399
2026-07-08 06:16:23.481 10 INFO neutron.wsgi [req-832fb427-c3bf-4a5d-a3af-f933387d74f3 req-a029e8c2-a209-49a6-8709-10b638cee5cd 26ca87b1b3324dddb79ad44d6e826bf6 47f08c3366dd447e8c92d7b83369e780 - - ee583b710bfd4bb2bf2b0a42e9676962 ee583b710bfd4bb2bf2b0a42e9676962] 10.0.0.185 "GET /v2.0/security-groups?id=7a6cc940-0a33-49e3-8077-605bcd14111f&fields=id&fields=name HTTP/1.1" status: 200 len: 312 time: 0.0512824
2026-07-08 06:16:23.632 10 INFO neutron.wsgi [-] 10.0.0.203 "GET / HTTP/1.1" status: 200 len: 247 time: 0.0013051
2026-07-08 06:16:23.632 9 INFO neutron.wsgi [-] 10.0.0.203 "GET / HTTP/1.1" status: 200 len: 247 time: 0.0021181
2026-07-08 06:16:23.699 10 INFO neutron.db.ovn_revision_numbers_db [None req-1f3ac1b1-c9eb-4667-a03d-cc9a1820faa9 - - - - - -] Successfully bumped revision number for resource 9f3badf3-65c2-4146-8713-394bca80487d (type: ports) to 4
2026-07-08 06:16:23.905 9 INFO neutron.wsgi [req-5076664a-97ce-4be9-8d00-93578b2a0dd0 req-074c94ea-cd22-47d2-8a26-fbbb7d577e8e 1c914605a2af4b6f875619c06c2ddea1 90f6a3f19ce34bae8ffca98ed3d886bc - - default default] 10.0.0.153 "GET /v2.0/ports?device_id=e2038abb-9407-4976-a1e8-247f242798ab HTTP/1.1" status: 200 len: 1170 time: 0.0389845
2026-07-08 06:16:23.921 10 INFO neutron.db.ovn_revision_numbers_db [req-d6df5d9a-0051-43dd-bd9b-45a73a7bb7de req-11f4efa4-6734-4038-b173-291281a39ee6 00a1b4220ec94dff819ca9cb6eb93cc8 390a228564e64ed4b0a0654de17ec41e - - default default] Successfully bumped revision number for resource 09098082-5b1c-4177-8793-05e6aaa86dd1 (type: ports) to 5
2026-07-08 06:16:23.935 10 INFO neutron.wsgi [req-d6df5d9a-0051-43dd-bd9b-45a73a7bb7de req-11f4efa4-6734-4038-b173-291281a39ee6 00a1b4220ec94dff819ca9cb6eb93cc8 390a228564e64ed4b0a0654de17ec41e - - default default] 199.204.45.89 "PUT /v2.0/ports/09098082-5b1c-4177-8793-05e6aaa86dd1 HTTP/1.1" status: 200 len: 1349 time: 0.5541265 /var/lib/openstack/lib/python3.10/site-packages/pycadf/identifier.py:71: UserWarning: Invalid uuid: neutron. To ensure interoperability, identifiers should be a valid uuid. warnings.warn(('Invalid uuid: %s. To ensure interoperability, '
2026-07-08 06:16:23.959 9 INFO neutron.wsgi [req-5076664a-97ce-4be9-8d00-93578b2a0dd0 req-b793c8ad-2fb2-49b6-bd2e-184e38f4872e 1c914605a2af4b6f875619c06c2ddea1 90f6a3f19ce34bae8ffca98ed3d886bc - - default default] 10.0.0.153 "GET /v2.0/security-groups?id=60c70a9e-e328-46fd-85ca-dc2389510bd0&fields=id&fields=name HTTP/1.1" status: 200 len: 312 time: 0.0453007
2026-07-08 06:16:24.008 10 INFO neutron.wsgi [req-d6df5d9a-0051-43dd-bd9b-45a73a7bb7de req-b367ebeb-8b89-4a49-b1ab-47d00b049ec3 26ca87b1b3324dddb79ad44d6e826bf6 47f08c3366dd447e8c92d7b83369e780 - - ee583b710bfd4bb2bf2b0a42e9676962 ee583b710bfd4bb2bf2b0a42e9676962] 199.204.45.89 "GET /v2.0/ports?tenant_id=390a228564e64ed4b0a0654de17ec41e&device_id=526b20db-dc63-44f4-ac23-14db4b935c39 HTTP/1.1" status: 200 len: 1590 time: 0.0536501
2026-07-08 06:16:24.073 9 INFO neutron.wsgi [req-5ec79f42-2a4f-4f48-bc12-a3ec66fcc606 req-f8675bd6-0cc3-4d7c-8fb0-ccfab0fcc832 1c914605a2af4b6f875619c06c2ddea1 90f6a3f19ce34bae8ffca98ed3d886bc - - default default] 10.0.0.153 "GET /v2.0/ports?device_id=e2038abb-9407-4976-a1e8-247f242798ab HTTP/1.1" status: 200 len: 1170 time: 0.0403821
2026-07-08 06:16:24.093 10 INFO neutron.wsgi [req-d6df5d9a-0051-43dd-bd9b-45a73a7bb7de req-7b3cc5dd-cf72-4c22-b082-fd1e221275b6 26ca87b1b3324dddb79ad44d6e826bf6 47f08c3366dd447e8c92d7b83369e780 - - ee583b710bfd4bb2bf2b0a42e9676962 ee583b710bfd4bb2bf2b0a42e9676962] 199.204.45.89 "GET /v2.0/networks?id=44f468d1-64a1-400d-b114-d60e64078c93 HTTP/1.1" status: 200 len: 981 time: 0.0782430
2026-07-08 06:16:24.098 10 INFO neutron.wsgi [req-ead532a7-5fa7-405c-b3bd-557ce792214c req-8aefbe97-27d4-440b-82f5-35df55a565cf 889c9e99f5144cc9b27919b4835c7ba9 d47a5bb7b2ee4b4688b52fbc9addad5b - - default default] 10.0.0.153 "GET /v2.0/ports?device_id=60af86ce-b2b6-472a-b28f-bdb5c344e027 HTTP/1.1" status: 200 len: 1174 time: 0.1189134
2026-07-08 06:16:24.128 10 INFO neutron.wsgi [req-d6df5d9a-0051-43dd-bd9b-45a73a7bb7de req-142fc60e-909c-4454-82ad-d48c313c9736 26ca87b1b3324dddb79ad44d6e826bf6 47f08c3366dd447e8c92d7b83369e780 - - ee583b710bfd4bb2bf2b0a42e9676962 ee583b710bfd4bb2bf2b0a42e9676962] 199.204.45.89 "GET /v2.0/floatingips?fixed_ip_address=10.100.0.13&port_id=09098082-5b1c-4177-8793-05e6aaa86dd1 HTTP/1.1" status: 200 len: 217 time: 0.0276442
2026-07-08 06:16:24.177 10 INFO neutron.wsgi [req-ead532a7-5fa7-405c-b3bd-557ce792214c req-8fc7af4f-27b2-496f-9366-963478c20519 889c9e99f5144cc9b27919b4835c7ba9 d47a5bb7b2ee4b4688b52fbc9addad5b - - default default] 10.0.0.153 "GET /v2.0/security-groups?id=9ac8c039-7607-47f1-8ecc-f1744ee5947a&fields=id&fields=name HTTP/1.1" status: 200 len: 286 time: 0.0680196
2026-07-08 06:16:24.196 10 INFO neutron.wsgi [req-d6df5d9a-0051-43dd-bd9b-45a73a7bb7de req-9fca0238-1451-4a4f-a1a2-7f4c5749e658 26ca87b1b3324dddb79ad44d6e826bf6 47f08c3366dd447e8c92d7b83369e780 - - ee583b710bfd4bb2bf2b0a42e9676962 ee583b710bfd4bb2bf2b0a42e9676962] 199.204.45.89 "GET /v2.0/floatingips?fixed_ip_address=10.100.0.5&port_id=09098082-5b1c-4177-8793-05e6aaa86dd1 HTTP/1.1" status: 200 len: 1059 time: 0.0608742
2026-07-08 06:16:24.236 10 INFO neutron.wsgi [req-d6df5d9a-0051-43dd-bd9b-45a73a7bb7de req-76d43b4d-85ac-4a85-8cd8-741018ef9a88 26ca87b1b3324dddb79ad44d6e826bf6 47f08c3366dd447e8c92d7b83369e780 - - ee583b710bfd4bb2bf2b0a42e9676962 ee583b710bfd4bb2bf2b0a42e9676962] 199.204.45.89 "GET /v2.0/subnets?id=25579788-1972-4a56-b929-e964dbc4b151 HTTP/1.1" status: 200 len: 876 time: 0.0339673
2026-07-08 06:16:24.277 10 INFO neutron.wsgi [req-d6df5d9a-0051-43dd-bd9b-45a73a7bb7de req-85d38582-79db-44ef-b2ef-f2220346771f 26ca87b1b3324dddb79ad44d6e826bf6 47f08c3366dd447e8c92d7b83369e780 - - ee583b710bfd4bb2bf2b0a42e9676962 ee583b710bfd4bb2bf2b0a42e9676962] 199.204.45.89 "GET /v2.0/ports?network_id=44f468d1-64a1-400d-b114-d60e64078c93&device_owner=network%3Adhcp HTTP/1.1" status: 200 len: 210 time: 0.0340614
2026-07-08 06:16:24.372 10 INFO neutron.wsgi [req-d6df5d9a-0051-43dd-bd9b-45a73a7bb7de req-672b5dcf-6f70-4704-aa1a-a7f5e44b3b26 26ca87b1b3324dddb79ad44d6e826bf6 47f08c3366dd447e8c92d7b83369e780 - - ee583b710bfd4bb2bf2b0a42e9676962 ee583b710bfd4bb2bf2b0a42e9676962] 199.204.45.89 "GET /v2.0/networks/44f468d1-64a1-400d-b114-d60e64078c93?fields=segments HTTP/1.1" status: 200 len: 212 time: 0.0889592
2026-07-08 06:16:24.386 9 INFO neutron.db.l3_db [None req-fe6b9183-cc9e-482c-8ad2-08c01f7ef6c8 1c914605a2af4b6f875619c06c2ddea1 90f6a3f19ce34bae8ffca98ed3d886bc - - default default] Floating IP c597464b-0339-4d54-9f26-ac94a6a09cec associated. External IP: 10.96.250.207, port: ff67ca0d-654a-47fd-93da-39778c37d7e0.
2026-07-08 06:16:24.440 10 INFO neutron.wsgi [req-d6df5d9a-0051-43dd-bd9b-45a73a7bb7de req-7d3dc216-c3df-412f-afcf-bae204d16877 26ca87b1b3324dddb79ad44d6e826bf6 47f08c3366dd447e8c92d7b83369e780 - - ee583b710bfd4bb2bf2b0a42e9676962 ee583b710bfd4bb2bf2b0a42e9676962] 199.204.45.89 "GET /v2.0/networks/44f468d1-64a1-400d-b114-d60e64078c93?fields=provider%3Aphysical_network&fields=provider%3Anetwork_type HTTP/1.1" status: 200 len: 277 time: 0.0612674
2026-07-08 06:16:24.600 9 INFO neutron.db.ovn_revision_numbers_db [None req-fe6b9183-cc9e-482c-8ad2-08c01f7ef6c8 1c914605a2af4b6f875619c06c2ddea1 90f6a3f19ce34bae8ffca98ed3d886bc - - default default] Successfully bumped revision number for resource c597464b-0339-4d54-9f26-ac94a6a09cec (type: floatingips) to 1
2026-07-08 06:16:24.719 9 INFO neutron.db.ovn_revision_numbers_db [None req-fe6b9183-cc9e-482c-8ad2-08c01f7ef6c8 1c914605a2af4b6f875619c06c2ddea1 90f6a3f19ce34bae8ffca98ed3d886bc - - default default] Successfully bumped revision number for resource c597464b-0339-4d54-9f26-ac94a6a09cec (type: floatingips) to 2
2026-07-08 06:16:24.739 9 INFO neutron.wsgi [None req-fe6b9183-cc9e-482c-8ad2-08c01f7ef6c8 1c914605a2af4b6f875619c06c2ddea1 90f6a3f19ce34bae8ffca98ed3d886bc - - default default] 10.0.0.36 "PUT /v2.0/floatingips/c597464b-0339-4d54-9f26-ac94a6a09cec HTTP/1.1" status: 200 len: 1049 time: 0.6506341
2026-07-08 06:16:24.769 9 INFO neutron.notifiers.nova [-] Nova event matching ['req-6c778319-e246-4694-b40e-82638504e637'] response: {'name': 'network-changed', 'server_uuid': 'e2038abb-9407-4976-a1e8-247f242798ab', 'tag': 'ff67ca0d-654a-47fd-93da-39778c37d7e0', 'status': 'completed', 'code': 200} /var/lib/openstack/lib/python3.10/site-packages/pycadf/identifier.py:71: UserWarning: Invalid uuid: neutron. To ensure interoperability, identifiers should be a valid uuid. warnings.warn(('Invalid uuid: %s. To ensure interoperability, '
2026-07-08 06:16:24.849 10 INFO neutron.wsgi [req-84bdd167-8859-4518-be43-6eba27b2b5ae req-9e16bcf4-672f-4695-bd25-5a873090803c 1c914605a2af4b6f875619c06c2ddea1 90f6a3f19ce34bae8ffca98ed3d886bc - - default default] 10.0.0.153 "GET /v2.0/ports?device_id=e2038abb-9407-4976-a1e8-247f242798ab HTTP/1.1" status: 200 len: 1170 time: 0.0653450
2026-07-08 06:16:24.852 10 INFO neutron.wsgi [req-c266de2d-c6bd-40fe-a84f-08306eafeea4 req-753d048f-3eab-48dd-af09-aecb0376031c 26ca87b1b3324dddb79ad44d6e826bf6 47f08c3366dd447e8c92d7b83369e780 - - ee583b710bfd4bb2bf2b0a42e9676962 ee583b710bfd4bb2bf2b0a42e9676962] 199.204.45.89 "GET /v2.0/ports?tenant_id=90f6a3f19ce34bae8ffca98ed3d886bc&device_id=e2038abb-9407-4976-a1e8-247f242798ab HTTP/1.1" status: 200 len: 1409 time: 0.0507119
2026-07-08 06:16:24.917 10 INFO neutron.wsgi [req-84bdd167-8859-4518-be43-6eba27b2b5ae req-ab626e9d-0fed-4f41-a999-f1959e3dd977 1c914605a2af4b6f875619c06c2ddea1 90f6a3f19ce34bae8ffca98ed3d886bc - - default default] 10.0.0.153 "GET /v2.0/security-groups?id=60c70a9e-e328-46fd-85ca-dc2389510bd0&fields=id&fields=name HTTP/1.1" status: 200 len: 312 time: 0.0613236
2026-07-08 06:16:24.940 10 INFO neutron.wsgi [req-c266de2d-c6bd-40fe-a84f-08306eafeea4 req-4d9158b0-7cf3-4850-b9d8-80df3207d68c 26ca87b1b3324dddb79ad44d6e826bf6 47f08c3366dd447e8c92d7b83369e780 - - ee583b710bfd4bb2bf2b0a42e9676962 ee583b710bfd4bb2bf2b0a42e9676962] 199.204.45.89 "GET /v2.0/networks?id=1695fa19-127f-4a2d-b822-62355864598c HTTP/1.1" status: 200 len: 978 time: 0.0771606
2026-07-08 06:16:24.997 10 INFO neutron.wsgi [req-c266de2d-c6bd-40fe-a84f-08306eafeea4 req-add92649-b6f0-4483-b93c-75c030013442 26ca87b1b3324dddb79ad44d6e826bf6 47f08c3366dd447e8c92d7b83369e780 - - ee583b710bfd4bb2bf2b0a42e9676962 ee583b710bfd4bb2bf2b0a42e9676962] 199.204.45.89 "GET /v2.0/floatingips?fixed_ip_address=10.100.0.8&port_id=ff67ca0d-654a-47fd-93da-39778c37d7e0 HTTP/1.1" status: 200 len: 1059 time: 0.0493691
2026-07-08 06:16:25.033 10 INFO neutron.wsgi [req-c266de2d-c6bd-40fe-a84f-08306eafeea4 req-b32e5839-3b68-451f-bb95-3d4806bc1814 26ca87b1b3324dddb79ad44d6e826bf6 47f08c3366dd447e8c92d7b83369e780 - - ee583b710bfd4bb2bf2b0a42e9676962 ee583b710bfd4bb2bf2b0a42e9676962] 199.204.45.89 "GET /v2.0/subnets?id=bb9d890d-6735-417d-a221-40bd6ca6a13b HTTP/1.1" status: 200 len: 873 time: 0.0282943
2026-07-08 06:16:25.069 10 INFO neutron.wsgi [req-c266de2d-c6bd-40fe-a84f-08306eafeea4 req-8c09f74e-9a57-4306-bd6d-e8958c433440 26ca87b1b3324dddb79ad44d6e826bf6 47f08c3366dd447e8c92d7b83369e780 - - ee583b710bfd4bb2bf2b0a42e9676962 ee583b710bfd4bb2bf2b0a42e9676962] 199.204.45.89 "GET /v2.0/ports?network_id=1695fa19-127f-4a2d-b822-62355864598c&device_owner=network%3Adhcp HTTP/1.1" status: 200 len: 210 time: 0.0282097
2026-07-08 06:16:25.128 10 INFO neutron.wsgi [req-c266de2d-c6bd-40fe-a84f-08306eafeea4 req-5522cbf4-96ad-4ce7-bfec-e3ed0a9129bb 26ca87b1b3324dddb79ad44d6e826bf6 47f08c3366dd447e8c92d7b83369e780 - - ee583b710bfd4bb2bf2b0a42e9676962 ee583b710bfd4bb2bf2b0a42e9676962] 199.204.45.89 "GET /v2.0/networks/1695fa19-127f-4a2d-b822-62355864598c?fields=segments HTTP/1.1" status: 200 len: 212 time: 0.0531504
2026-07-08 06:16:25.191 10 INFO neutron.wsgi [req-c266de2d-c6bd-40fe-a84f-08306eafeea4 req-6db97dc8-e827-4fa0-9b01-afd39cdc3343 26ca87b1b3324dddb79ad44d6e826bf6 47f08c3366dd447e8c92d7b83369e780 - - ee583b710bfd4bb2bf2b0a42e9676962 ee583b710bfd4bb2bf2b0a42e9676962] 199.204.45.89 "GET /v2.0/networks/1695fa19-127f-4a2d-b822-62355864598c?fields=provider%3Aphysical_network&fields=provider%3Anetwork_type HTTP/1.1" status: 200 len: 277 time: 0.0526235
2026-07-08 06:16:25.235 9 INFO neutron.wsgi [req-75cce14a-6f5d-4c79-b8ec-0fef8d654855 req-a048a18a-5455-4bba-a3d7-c18182e8d917 1c914605a2af4b6f875619c06c2ddea1 90f6a3f19ce34bae8ffca98ed3d886bc - - default default] 10.0.0.153 "GET /v2.0/ports?device_id=e2038abb-9407-4976-a1e8-247f242798ab HTTP/1.1" status: 200 len: 1170 time: 0.0461125
2026-07-08 06:16:25.236 10 INFO neutron.plugins.ml2.drivers.ovn.mech_driver.mech_driver [None req-1f3ac1b1-c9eb-4667-a03d-cc9a1820faa9 - - - - - -] OVN reports status down for port: ff67ca0d-654a-47fd-93da-39778c37d7e0
2026-07-08 06:16:25.285 9 INFO neutron.wsgi [req-75cce14a-6f5d-4c79-b8ec-0fef8d654855 req-d5f33edc-5e33-4d1b-b938-9b87f7692b69 1c914605a2af4b6f875619c06c2ddea1 90f6a3f19ce34bae8ffca98ed3d886bc - - default default] 10.0.0.153 "GET /v2.0/security-groups?id=60c70a9e-e328-46fd-85ca-dc2389510bd0&fields=id&fields=name HTTP/1.1" status: 200 len: 312 time: 0.0450559
2026-07-08 06:16:25.315 10 INFO neutron.wsgi [req-3f348e78-b121-4919-b1ca-05ca05d48d9a req-4d9ca513-97ed-450a-82cc-16c739f917e2 889c9e99f5144cc9b27919b4835c7ba9 d47a5bb7b2ee4b4688b52fbc9addad5b - - default default] 10.0.0.153 "GET /v2.0/ports?device_id=60af86ce-b2b6-472a-b28f-bdb5c344e027 HTTP/1.1" status: 200 len: 1174 time: 0.0588527
2026-07-08 06:16:25.402 9 INFO neutron.wsgi [req-67b155a8-a86b-49f6-8b2e-a168105a3341 req-397d772b-c6d9-4af1-83c3-5e50c2abf32f 00a1b4220ec94dff819ca9cb6eb93cc8 390a228564e64ed4b0a0654de17ec41e - - default default] 10.0.0.153 "GET /v2.0/ports?device_id=526b20db-dc63-44f4-ac23-14db4b935c39 HTTP/1.1" status: 200 len: 1352 time: 0.0404925
2026-07-08 06:16:25.447 9 INFO neutron.wsgi [req-67b155a8-a86b-49f6-8b2e-a168105a3341 req-7c7552ad-ef1e-418a-945f-acd671e4d6d7 00a1b4220ec94dff819ca9cb6eb93cc8 390a228564e64ed4b0a0654de17ec41e - - default default] 10.0.0.153 "GET /v2.0/security-groups?id=bf5f2586-27c8-4f4a-96a2-5cd8c1fb7a40&fields=id&fields=name HTTP/1.1" status: 200 len: 312 time: 0.0404968
2026-07-08 06:16:25.555 10 INFO neutron.notifiers.nova [-] Nova event matching ['req-b7a8dbdc-18e0-41af-bfd2-ac516d9951af'] response: {'server_uuid': '60af86ce-b2b6-472a-b28f-bdb5c344e027', 'name': 'network-vif-plugged', 'status': 'completed', 'tag': '9f3badf3-65c2-4146-8713-394bca80487d', 'code': 200}
2026-07-08 06:16:25.555 10 INFO neutron.notifiers.nova [-] Nova event matching ['req-b7a8dbdc-18e0-41af-bfd2-ac516d9951af'] response: {'server_uuid': '60af86ce-b2b6-472a-b28f-bdb5c344e027', 'name': 'network-vif-plugged', 'status': 'completed', 'tag': '9f3badf3-65c2-4146-8713-394bca80487d', 'code': 200}
2026-07-08 06:16:25.555 10 INFO neutron.notifiers.nova [-] Nova event matching ['req-b7a8dbdc-18e0-41af-bfd2-ac516d9951af'] response: {'name': 'network-changed', 'server_uuid': '526b20db-dc63-44f4-ac23-14db4b935c39', 'tag': '09098082-5b1c-4177-8793-05e6aaa86dd1', 'status': 'completed', 'code': 200}
2026-07-08 06:16:25.573 10 INFO neutron.wsgi [req-3f348e78-b121-4919-b1ca-05ca05d48d9a req-7ab516bc-02fe-43ac-8fb5-2744cb3f5e5b 889c9e99f5144cc9b27919b4835c7ba9 d47a5bb7b2ee4b4688b52fbc9addad5b - - default default] 10.0.0.153 "GET /v2.0/security-groups?id=9ac8c039-7607-47f1-8ecc-f1744ee5947a&fields=id&fields=name HTTP/1.1" status: 200 len: 286 time: 0.2541316
2026-07-08 06:16:25.637 10 INFO neutron.wsgi [req-707bd1d5-390f-40a6-91e7-0d937a69661e req-0bbfbfe0-d2e8-4a50-851b-e8b8ff8b2109 26ca87b1b3324dddb79ad44d6e826bf6 47f08c3366dd447e8c92d7b83369e780 - - ee583b710bfd4bb2bf2b0a42e9676962 ee583b710bfd4bb2bf2b0a42e9676962] 199.204.45.89 "GET /v2.0/ports?tenant_id=390a228564e64ed4b0a0654de17ec41e&device_id=526b20db-dc63-44f4-ac23-14db4b935c39 HTTP/1.1" status: 200 len: 1590 time: 0.0524502
2026-07-08 06:16:25.664 10 INFO neutron.wsgi [req-e02dcf36-0835-49da-89a3-85f4c9df0182 req-e480af01-fa24-4d63-958e-fbec2c815ef7 1c914605a2af4b6f875619c06c2ddea1 90f6a3f19ce34bae8ffca98ed3d886bc - - default default] 199.204.45.89 "GET /v2.0/ports?device_id=e2038abb-9407-4976-a1e8-247f242798ab HTTP/1.1" status: 200 len: 1170 time: 0.1473703
2026-07-08 06:16:25.755 10 INFO neutron.wsgi [req-707bd1d5-390f-40a6-91e7-0d937a69661e req-20aee397-deaa-4088-a855-966ec9786809 26ca87b1b3324dddb79ad44d6e826bf6 47f08c3366dd447e8c92d7b83369e780 - - ee583b710bfd4bb2bf2b0a42e9676962 ee583b710bfd4bb2bf2b0a42e9676962] 199.204.45.89 "GET /v2.0/networks?id=44f468d1-64a1-400d-b114-d60e64078c93 HTTP/1.1" status: 200 len: 981 time: 0.1095223
2026-07-08 06:16:25.803 10 INFO neutron.wsgi [req-707bd1d5-390f-40a6-91e7-0d937a69661e req-b323b31d-f6d1-4f91-bc39-b403bf0feb31 26ca87b1b3324dddb79ad44d6e826bf6 47f08c3366dd447e8c92d7b83369e780 - - ee583b710bfd4bb2bf2b0a42e9676962 ee583b710bfd4bb2bf2b0a42e9676962] 199.204.45.89 "GET /v2.0/floatingips?fixed_ip_address=10.100.0.13&port_id=09098082-5b1c-4177-8793-05e6aaa86dd1 HTTP/1.1" status: 200 len: 217 time: 0.0361991
2026-07-08 06:16:25.880 10 INFO neutron.wsgi [req-707bd1d5-390f-40a6-91e7-0d937a69661e req-e4c6e7a9-0b73-45e2-a91c-8c9f4c941c41 26ca87b1b3324dddb79ad44d6e826bf6 47f08c3366dd447e8c92d7b83369e780 - - ee583b710bfd4bb2bf2b0a42e9676962 ee583b710bfd4bb2bf2b0a42e9676962] 199.204.45.89 "GET /v2.0/floatingips?fixed_ip_address=10.100.0.5&port_id=09098082-5b1c-4177-8793-05e6aaa86dd1 HTTP/1.1" status: 200 len: 1059 time: 0.0680737
2026-07-08 06:16:25.934 10 INFO neutron.wsgi [req-707bd1d5-390f-40a6-91e7-0d937a69661e req-e8f1ad04-5459-4d4b-bdf9-b9b613d977c3 26ca87b1b3324dddb79ad44d6e826bf6 47f08c3366dd447e8c92d7b83369e780 - - ee583b710bfd4bb2bf2b0a42e9676962 ee583b710bfd4bb2bf2b0a42e9676962] 199.204.45.89 "GET /v2.0/subnets?id=25579788-1972-4a56-b929-e964dbc4b151 HTTP/1.1" status: 200 len: 876 time: 0.0458894
2026-07-08 06:16:25.965 10 INFO neutron.wsgi [req-707bd1d5-390f-40a6-91e7-0d937a69661e req-f51083e0-879c-45d4-a924-38ce9b487fd8 26ca87b1b3324dddb79ad44d6e826bf6 47f08c3366dd447e8c92d7b83369e780 - - ee583b710bfd4bb2bf2b0a42e9676962 ee583b710bfd4bb2bf2b0a42e9676962] 199.204.45.89 "GET /v2.0/ports?network_id=44f468d1-64a1-400d-b114-d60e64078c93&device_owner=network%3Adhcp HTTP/1.1" status: 200 len: 210 time: 0.0236971
2026-07-08 06:16:25.993 10 INFO neutron.db.ovn_revision_numbers_db [None req-1f3ac1b1-c9eb-4667-a03d-cc9a1820faa9 - - - - - -] Successfully bumped revision number for resource ff67ca0d-654a-47fd-93da-39778c37d7e0 (type: ports) to 5
2026-07-08 06:16:26.082 10 INFO neutron.wsgi [req-707bd1d5-390f-40a6-91e7-0d937a69661e req-f4ecbb1e-ec56-4c51-b695-49196be8bd65 26ca87b1b3324dddb79ad44d6e826bf6 47f08c3366dd447e8c92d7b83369e780 - - ee583b710bfd4bb2bf2b0a42e9676962 ee583b710bfd4bb2bf2b0a42e9676962] 199.204.45.89 "GET /v2.0/networks/44f468d1-64a1-400d-b114-d60e64078c93?fields=segments HTTP/1.1" status: 200 len: 212 time: 0.1092157 /var/lib/openstack/lib/python3.10/site-packages/pycadf/identifier.py:71: UserWarning: Invalid uuid: neutron. To ensure interoperability, identifiers should be a valid uuid. warnings.warn(('Invalid uuid: %s. To ensure interoperability, '
2026-07-08 06:16:26.166 10 INFO neutron.wsgi [req-707bd1d5-390f-40a6-91e7-0d937a69661e req-55cbaac6-3529-4e21-8030-ec7d29b3a2cc 26ca87b1b3324dddb79ad44d6e826bf6 47f08c3366dd447e8c92d7b83369e780 - - ee583b710bfd4bb2bf2b0a42e9676962 ee583b710bfd4bb2bf2b0a42e9676962] 199.204.45.89 "GET /v2.0/networks/44f468d1-64a1-400d-b114-d60e64078c93?fields=provider%3Aphysical_network&fields=provider%3Anetwork_type HTTP/1.1" status: 200 len: 277 time: 0.0768526
2026-07-08 06:16:26.169 10 INFO neutron.db.l3_db [req-e02dcf36-0835-49da-89a3-85f4c9df0182 req-7e5e246c-d346-4e3d-8f8a-9a08c06f7190 1c914605a2af4b6f875619c06c2ddea1 90f6a3f19ce34bae8ffca98ed3d886bc - - default default] Floating IP c597464b-0339-4d54-9f26-ac94a6a09cec disassociated. External IP: 10.96.250.207, port: ff67ca0d-654a-47fd-93da-39778c37d7e0. /var/lib/openstack/lib/python3.10/site-packages/pycadf/identifier.py:71: UserWarning: Invalid uuid: neutron. To ensure interoperability, identifiers should be a valid uuid. warnings.warn(('Invalid uuid: %s. To ensure interoperability, '
2026-07-08 06:16:26.276 10 INFO neutron.wsgi [req-703cbc68-6449-4f50-ac53-319133d409c9 req-1188c1e8-2856-47de-8152-73a3bb4b4f32 00a1b4220ec94dff819ca9cb6eb93cc8 390a228564e64ed4b0a0654de17ec41e - - default default] 199.204.45.89 "GET /v2.0/ports?device_id=526b20db-dc63-44f4-ac23-14db4b935c39&device_owner=compute%3Anova&fixed_ips=ip_address%3D10.100.0.13 HTTP/1.1" status: 200 len: 1352 time: 0.0793977
2026-07-08 06:16:26.391 9 INFO neutron.wsgi [req-596fa1c3-112c-42ee-a7cc-bcba233abf49 req-1cde2360-3a95-4b28-8169-1d25b9f9f03f 1c914605a2af4b6f875619c06c2ddea1 90f6a3f19ce34bae8ffca98ed3d886bc - - default default] 10.0.0.153 "GET /v2.0/ports?device_id=e2038abb-9407-4976-a1e8-247f242798ab HTTP/1.1" status: 200 len: 1168 time: 0.0385153
2026-07-08 06:16:26.445 10 INFO neutron.wsgi [req-e02dcf36-0835-49da-89a3-85f4c9df0182 req-7e5e246c-d346-4e3d-8f8a-9a08c06f7190 1c914605a2af4b6f875619c06c2ddea1 90f6a3f19ce34bae8ffca98ed3d886bc - - default default] 199.204.45.89 "DELETE /v2.0/ports/ff67ca0d-654a-47fd-93da-39778c37d7e0 HTTP/1.1" status: 204 len: 173 time: 0.7653844
2026-07-08 06:16:26.451 9 INFO neutron.wsgi [req-596fa1c3-112c-42ee-a7cc-bcba233abf49 req-c8001976-1a6a-4a77-827b-815f2c7586e3 1c914605a2af4b6f875619c06c2ddea1 90f6a3f19ce34bae8ffca98ed3d886bc - - default default] 10.0.0.153 "GET /v2.0/security-groups?id=60c70a9e-e328-46fd-85ca-dc2389510bd0&fields=id&fields=name HTTP/1.1" status: 200 len: 312 time: 0.0511484
2026-07-08 06:16:26.763 9 INFO neutron.wsgi [req-4e6b062c-c56a-42ae-9041-6848389f3df8 req-50fa7ceb-dc9a-47ce-a37b-8d84e8edb0e3 889c9e99f5144cc9b27919b4835c7ba9 d47a5bb7b2ee4b4688b52fbc9addad5b - - default default] 10.0.0.153 "GET /v2.0/ports?device_id=60af86ce-b2b6-472a-b28f-bdb5c344e027 HTTP/1.1" status: 200 len: 1174 time: 0.1218550
2026-07-08 06:16:26.816 10 INFO neutron.db.ovn_revision_numbers_db [req-703cbc68-6449-4f50-ac53-319133d409c9 req-b3c14281-9241-4f65-9ed3-eab85b6c427e 00a1b4220ec94dff819ca9cb6eb93cc8 390a228564e64ed4b0a0654de17ec41e - - default default] Successfully bumped revision number for resource 09098082-5b1c-4177-8793-05e6aaa86dd1 (type: ports) to 6
2026-07-08 06:16:26.816 9 INFO neutron.wsgi [req-4e6b062c-c56a-42ae-9041-6848389f3df8 req-2b50a1b5-ffc0-42d2-b319-6860d9721260 889c9e99f5144cc9b27919b4835c7ba9 d47a5bb7b2ee4b4688b52fbc9addad5b - - default default] 10.0.0.153 "GET /v2.0/security-groups?id=9ac8c039-7607-47f1-8ecc-f1744ee5947a&fields=id&fields=name HTTP/1.1" status: 200 len: 286 time: 0.0433815
2026-07-08 06:16:26.832 10 INFO neutron.wsgi [req-703cbc68-6449-4f50-ac53-319133d409c9 req-b3c14281-9241-4f65-9ed3-eab85b6c427e 00a1b4220ec94dff819ca9cb6eb93cc8 390a228564e64ed4b0a0654de17ec41e - - default default] 199.204.45.89 "PUT /v2.0/ports/09098082-5b1c-4177-8793-05e6aaa86dd1 HTTP/1.1" status: 200 len: 1167 time: 0.5511608 /var/lib/openstack/lib/python3.10/site-packages/pycadf/identifier.py:71: UserWarning: Invalid uuid: neutron. To ensure interoperability, identifiers should be a valid uuid. warnings.warn(('Invalid uuid: %s. To ensure interoperability, '
2026-07-08 06:16:26.915 10 INFO neutron.wsgi [req-703cbc68-6449-4f50-ac53-319133d409c9 req-146231d1-13ee-41d5-9782-7ef34ffdf19c 26ca87b1b3324dddb79ad44d6e826bf6 47f08c3366dd447e8c92d7b83369e780 - - ee583b710bfd4bb2bf2b0a42e9676962 ee583b710bfd4bb2bf2b0a42e9676962] 199.204.45.89 "GET /v2.0/ports?tenant_id=390a228564e64ed4b0a0654de17ec41e&device_id=526b20db-dc63-44f4-ac23-14db4b935c39 HTTP/1.1" status: 200 len: 1409 time: 0.0598068
2026-07-08 06:16:26.991 10 INFO neutron.wsgi [req-703cbc68-6449-4f50-ac53-319133d409c9 req-810ae6f2-3fc2-4e44-a374-79c9cea64f9c 26ca87b1b3324dddb79ad44d6e826bf6 47f08c3366dd447e8c92d7b83369e780 - - ee583b710bfd4bb2bf2b0a42e9676962 ee583b710bfd4bb2bf2b0a42e9676962] 199.204.45.89 "GET /v2.0/networks?id=44f468d1-64a1-400d-b114-d60e64078c93 HTTP/1.1" status: 200 len: 981 time: 0.0714436
2026-07-08 06:16:27.035 10 INFO neutron.wsgi [req-703cbc68-6449-4f50-ac53-319133d409c9 req-1814a00c-05d1-4013-a3bf-cf5ed4ac9d0f 26ca87b1b3324dddb79ad44d6e826bf6 47f08c3366dd447e8c92d7b83369e780 - - ee583b710bfd4bb2bf2b0a42e9676962 ee583b710bfd4bb2bf2b0a42e9676962] 199.204.45.89 "GET /v2.0/floatingips?fixed_ip_address=10.100.0.5&port_id=09098082-5b1c-4177-8793-05e6aaa86dd1 HTTP/1.1" status: 200 len: 1059 time: 0.0387373
2026-07-08 06:16:27.077 10 INFO neutron.wsgi [req-703cbc68-6449-4f50-ac53-319133d409c9 req-05bdc7fe-9c84-4145-95f2-c15fc4f39a69 26ca87b1b3324dddb79ad44d6e826bf6 47f08c3366dd447e8c92d7b83369e780 - - ee583b710bfd4bb2bf2b0a42e9676962 ee583b710bfd4bb2bf2b0a42e9676962] 199.204.45.89 "GET /v2.0/subnets?id=25579788-1972-4a56-b929-e964dbc4b151 HTTP/1.1" status: 200 len: 876 time: 0.0346229
