2026-07-08 06:15:44.814 10 WARNING neutron.scheduler.dhcp_agent_scheduler [None req-bdceaf8f-477b-4700-8dc8-be0d799a8c78 f9d0012c80a44f34981be525aa95de34 31c8531259d447fa8358eb34b21b7e43 - - default default] No more DHCP agents
2026-07-08 06:15:44.820 10 WARNING neutron.api.rpc.agentnotifiers.dhcp_rpc_agent_api [None req-bdceaf8f-477b-4700-8dc8-be0d799a8c78 f9d0012c80a44f34981be525aa95de34 31c8531259d447fa8358eb34b21b7e43 - - default default] Unable to schedule network 44f468d1-64a1-400d-b114-d60e64078c93: no agents available; will retry on subsequent port and subnet creation events.
2026-07-08 06:15:44.915 9 WARNING neutron.scheduler.dhcp_agent_scheduler [None req-4c6cb9b1-4897-409d-bbe4-b5945793620e f9d0012c80a44f34981be525aa95de34 31c8531259d447fa8358eb34b21b7e43 - - default default] No more DHCP agents
2026-07-08 06:15:44.916 9 WARNING neutron.api.rpc.agentnotifiers.dhcp_rpc_agent_api [None req-4c6cb9b1-4897-409d-bbe4-b5945793620e f9d0012c80a44f34981be525aa95de34 31c8531259d447fa8358eb34b21b7e43 - - default default] Unable to schedule network 07a9cb3c-7d67-452e-a55d-7a5315c1f963: no agents available; will retry on subsequent port and subnet creation events.
2026-07-08 06:15:45.019 10 WARNING neutron.scheduler.dhcp_agent_scheduler [None req-fa382667-3eae-4d52-b90b-fa3f1e85da75 f9d0012c80a44f34981be525aa95de34 31c8531259d447fa8358eb34b21b7e43 - - default default] No more DHCP agents
2026-07-08 06:15:45.028 10 WARNING neutron.api.rpc.agentnotifiers.dhcp_rpc_agent_api [None req-fa382667-3eae-4d52-b90b-fa3f1e85da75 f9d0012c80a44f34981be525aa95de34 31c8531259d447fa8358eb34b21b7e43 - - default default] Unable to schedule network fcb2f41b-4f6c-4f6e-b1de-a0b093d1f112: no agents available; will retry on subsequent port and subnet creation events.
2026-07-08 06:15:45.110 10 INFO neutron.db.ovn_revision_numbers_db [None req-bdceaf8f-477b-4700-8dc8-be0d799a8c78 f9d0012c80a44f34981be525aa95de34 31c8531259d447fa8358eb34b21b7e43 - - default default] Successfully bumped revision number for resource 29b400ee-d65b-4e3f-b86c-cb8d5be01738 (type: ports) to 1
2026-07-08 06:15:45.119 10 INFO neutron.db.ovn_revision_numbers_db [None req-bc3b6fc3-d246-49c8-896c-30be32f00713 - - - - - -] Successfully bumped revision number for resource 6eee0696-136f-412e-a694-b30f872a74f4 (type: router_ports) to 3
2026-07-08 06:15:45.125 9 INFO neutron.db.ovn_revision_numbers_db [None req-4c6cb9b1-4897-409d-bbe4-b5945793620e f9d0012c80a44f34981be525aa95de34 31c8531259d447fa8358eb34b21b7e43 - - default default] Successfully bumped revision number for resource 09334833-42a6-400c-a482-e21c4e2039ec (type: ports) to 1
2026-07-08 06:15:45.172 10 INFO neutron.db.ovn_revision_numbers_db [None req-fa382667-3eae-4d52-b90b-fa3f1e85da75 f9d0012c80a44f34981be525aa95de34 31c8531259d447fa8358eb34b21b7e43 - - default default] Successfully bumped revision number for resource 00deb982-bde0-4fbb-9c84-e748e2aee585 (type: ports) to 1
2026-07-08 06:15:45.219 10 INFO neutron.wsgi [None req-fa382667-3eae-4d52-b90b-fa3f1e85da75 f9d0012c80a44f34981be525aa95de34 31c8531259d447fa8358eb34b21b7e43 - - default default] 10.0.0.36 "POST /v2.0/networks HTTP/1.1" status: 201 len: 946 time: 1.3338182
2026-07-08 06:15:45.342 10 INFO neutron.db.ovn_revision_numbers_db [None req-bc3b6fc3-d246-49c8-896c-30be32f00713 - - - - - -] Successfully bumped revision number for resource 6eee0696-136f-412e-a694-b30f872a74f4 (type: ports) to 2
2026-07-08 06:15:45.541 9 WARNING neutron.scheduler.dhcp_agent_scheduler [None req-40622e0b-7eba-4f53-89b7-dd69b36bdfab f9d0012c80a44f34981be525aa95de34 31c8531259d447fa8358eb34b21b7e43 - - default default] No more DHCP agents
2026-07-08 06:15:45.551 9 WARNING neutron.api.rpc.agentnotifiers.dhcp_rpc_agent_api [None req-40622e0b-7eba-4f53-89b7-dd69b36bdfab f9d0012c80a44f34981be525aa95de34 31c8531259d447fa8358eb34b21b7e43 - - default default] Unable to schedule network fcb2f41b-4f6c-4f6e-b1de-a0b093d1f112: no agents available; will retry on subsequent port and subnet creation events.
2026-07-08 06:15:45.655 10 INFO neutron.db.ovn_revision_numbers_db [None req-bc3b6fc3-d246-49c8-896c-30be32f00713 - - - - - -] Successfully bumped revision number for resource 6eee0696-136f-412e-a694-b30f872a74f4 (type: ports) to 4
2026-07-08 06:15:45.671 10 INFO neutron.db.ovn_revision_numbers_db [None req-bdceaf8f-477b-4700-8dc8-be0d799a8c78 f9d0012c80a44f34981be525aa95de34 31c8531259d447fa8358eb34b21b7e43 - - default default] Successfully bumped revision number for resource 29b400ee-d65b-4e3f-b86c-cb8d5be01738 (type: router_ports) to 1
2026-07-08 06:15:45.675 9 INFO neutron.db.ovn_revision_numbers_db [None req-1a2c2af0-2c40-418f-8d5b-f941a63b5252 f9d0012c80a44f34981be525aa95de34 31c8531259d447fa8358eb34b21b7e43 - - default default] Successfully bumped revision number for resource 229c3703-7db7-4f03-949b-6842135b9472 (type: router_ports) to 1
2026-07-08 06:15:45.975 10 INFO neutron.db.ovn_revision_numbers_db [None req-bdceaf8f-477b-4700-8dc8-be0d799a8c78 f9d0012c80a44f34981be525aa95de34 31c8531259d447fa8358eb34b21b7e43 - - default default] Successfully bumped revision number for resource 29b400ee-d65b-4e3f-b86c-cb8d5be01738 (type: ports) to 1
2026-07-08 06:15:45.989 10 INFO neutron.plugins.ml2.drivers.ovn.mech_driver.mech_driver [-] OVN reports status up for port: 09334833-42a6-400c-a482-e21c4e2039ec
2026-07-08 06:15:46.004 10 INFO neutron.plugins.ml2.plugin [None req-1f3ac1b1-c9eb-4667-a03d-cc9a1820faa9 - - - - - -] Attempt 1 to provision port 09334833-42a6-400c-a482-e21c4e2039ec
2026-07-08 06:15:46.019 9 INFO neutron.db.ovn_revision_numbers_db [None req-1a2c2af0-2c40-418f-8d5b-f941a63b5252 f9d0012c80a44f34981be525aa95de34 31c8531259d447fa8358eb34b21b7e43 - - default default] Successfully bumped revision number for resource 229c3703-7db7-4f03-949b-6842135b9472 (type: ports) to 1
2026-07-08 06:15:46.027 9 INFO neutron.db.ovn_revision_numbers_db [None req-4c6cb9b1-4897-409d-bbe4-b5945793620e f9d0012c80a44f34981be525aa95de34 31c8531259d447fa8358eb34b21b7e43 - - default default] Successfully bumped revision number for resource 09334833-42a6-400c-a482-e21c4e2039ec (type: router_ports) to 1
2026-07-08 06:15:46.103 10 INFO neutron.db.ovn_revision_numbers_db [None req-bc3b6fc3-d246-49c8-896c-30be32f00713 - - - - - -] Successfully bumped revision number for resource 6eee0696-136f-412e-a694-b30f872a74f4 (type: router_ports) to 4
2026-07-08 06:15:46.105 10 WARNING neutron.scheduler.dhcp_agent_scheduler [None req-bdceaf8f-477b-4700-8dc8-be0d799a8c78 f9d0012c80a44f34981be525aa95de34 31c8531259d447fa8358eb34b21b7e43 - - default default] No more DHCP agents
2026-07-08 06:15:46.116 10 WARNING neutron.api.rpc.agentnotifiers.dhcp_rpc_agent_api [None req-bdceaf8f-477b-4700-8dc8-be0d799a8c78 f9d0012c80a44f34981be525aa95de34 31c8531259d447fa8358eb34b21b7e43 - - default default] Unable to schedule network 44f468d1-64a1-400d-b114-d60e64078c93: no agents available; will retry on subsequent port and subnet creation events.
2026-07-08 06:15:46.120 9 INFO neutron.plugins.ml2.drivers.ovn.mech_driver.mech_driver [None req-41e60fba-ef33-4b33-94db-723173586111 - - - - - -] OVN reports status up for port: d9eec919-bea1-49f0-ae98-732bc3732e24
2026-07-08 06:15:46.153 10 INFO neutron.plugins.ml2.drivers.ovn.mech_driver.ovsdb.ovsdb_monitor [None req-bc3b6fc3-d246-49c8-896c-30be32f00713 - - - - - -] Router cd92a1d4-7d7e-41e2-b890-d13163c611b1 is bound to host instance
2026-07-08 06:15:46.155 9 INFO neutron.plugins.ml2.plugin [None req-41e60fba-ef33-4b33-94db-723173586111 - - - - - -] Attempt 1 to provision port d9eec919-bea1-49f0-ae98-732bc3732e24
2026-07-08 06:15:46.190 9 WARNING neutron.scheduler.dhcp_agent_scheduler [None req-1a2c2af0-2c40-418f-8d5b-f941a63b5252 f9d0012c80a44f34981be525aa95de34 31c8531259d447fa8358eb34b21b7e43 - - default default] No more DHCP agents
2026-07-08 06:15:46.199 9 WARNING neutron.api.rpc.agentnotifiers.dhcp_rpc_agent_api [None req-1a2c2af0-2c40-418f-8d5b-f941a63b5252 f9d0012c80a44f34981be525aa95de34 31c8531259d447fa8358eb34b21b7e43 - - default default] Unable to schedule network 2409d0d1-a550-43e3-bb13-c60a2a2fd7d4: no agents available; will retry on subsequent port and subnet creation events.
2026-07-08 06:15:46.380 9 INFO neutron.db.ovn_revision_numbers_db [None req-4c6cb9b1-4897-409d-bbe4-b5945793620e f9d0012c80a44f34981be525aa95de34 31c8531259d447fa8358eb34b21b7e43 - - default default] Successfully bumped revision number for resource 09334833-42a6-400c-a482-e21c4e2039ec (type: ports) to 1
2026-07-08 06:15:46.500 10 INFO neutron.db.ovn_revision_numbers_db [None req-1f3ac1b1-c9eb-4667-a03d-cc9a1820faa9 - - - - - -] Successfully bumped revision number for resource 09334833-42a6-400c-a482-e21c4e2039ec (type: ports) to 2
2026-07-08 06:15:46.515 9 WARNING neutron.scheduler.dhcp_agent_scheduler [None req-4c6cb9b1-4897-409d-bbe4-b5945793620e f9d0012c80a44f34981be525aa95de34 31c8531259d447fa8358eb34b21b7e43 - - default default] No more DHCP agents
2026-07-08 06:15:46.519 9 WARNING neutron.api.rpc.agentnotifiers.dhcp_rpc_agent_api [None req-4c6cb9b1-4897-409d-bbe4-b5945793620e f9d0012c80a44f34981be525aa95de34 31c8531259d447fa8358eb34b21b7e43 - - default default] Unable to schedule network 07a9cb3c-7d67-452e-a55d-7a5315c1f963: no agents available; will retry on subsequent port and subnet creation events.
2026-07-08 06:15:46.603 9 INFO neutron.db.ovn_revision_numbers_db [None req-40622e0b-7eba-4f53-89b7-dd69b36bdfab f9d0012c80a44f34981be525aa95de34 31c8531259d447fa8358eb34b21b7e43 - - default default] Successfully bumped revision number for resource 00deb982-bde0-4fbb-9c84-e748e2aee585 (type: ports) to 2
2026-07-08 06:15:46.668 9 INFO neutron.db.ovn_revision_numbers_db [None req-40622e0b-7eba-4f53-89b7-dd69b36bdfab f9d0012c80a44f34981be525aa95de34 31c8531259d447fa8358eb34b21b7e43 - - default default] Successfully bumped revision number for resource 4dc8e45a-f000-4c16-a500-dcbee5a3ecf6 (type: subnets) to 0
2026-07-08 06:15:46.691 9 INFO neutron.wsgi [None req-40622e0b-7eba-4f53-89b7-dd69b36bdfab f9d0012c80a44f34981be525aa95de34 31c8531259d447fa8358eb34b21b7e43 - - default default] 10.0.0.36 "POST /v2.0/subnets HTTP/1.1" status: 201 len: 866 time: 1.4664915
2026-07-08 06:15:46.855 10 INFO neutron.db.ovn_revision_numbers_db [None req-1f3ac1b1-c9eb-4667-a03d-cc9a1820faa9 - - - - - -] Successfully bumped revision number for resource 09334833-42a6-400c-a482-e21c4e2039ec (type: router_ports) to 2
2026-07-08 06:15:47.214 10 INFO neutron.db.ovn_revision_numbers_db [None req-bc3b6fc3-d246-49c8-896c-30be32f00713 - - - - - -] Successfully bumped revision number for resource d9eec919-bea1-49f0-ae98-732bc3732e24 (type: ports) to 1
2026-07-08 06:15:47.353 9 INFO neutron.db.ovn_revision_numbers_db [None req-1a2c2af0-2c40-418f-8d5b-f941a63b5252 f9d0012c80a44f34981be525aa95de34 31c8531259d447fa8358eb34b21b7e43 - - default default] Successfully bumped revision number for resource 229c3703-7db7-4f03-949b-6842135b9472 (type: router_ports) to 1
2026-07-08 06:15:47.355 9 INFO neutron.wsgi [None req-1a2c2af0-2c40-418f-8d5b-f941a63b5252 f9d0012c80a44f34981be525aa95de34 31c8531259d447fa8358eb34b21b7e43 - - default default] 10.0.0.36 "PUT /v2.0/routers/b91199e2-87cf-47cd-b676-762ce05914d6/add_router_interface HTTP/1.1" status: 200 len: 503 time: 3.3513687
2026-07-08 06:15:47.476 10 INFO neutron.db.ovn_revision_numbers_db [None req-bdceaf8f-477b-4700-8dc8-be0d799a8c78 f9d0012c80a44f34981be525aa95de34 31c8531259d447fa8358eb34b21b7e43 - - default default] Successfully bumped revision number for resource 29b400ee-d65b-4e3f-b86c-cb8d5be01738 (type: router_ports) to 1
2026-07-08 06:15:47.478 10 INFO neutron.wsgi [None req-bdceaf8f-477b-4700-8dc8-be0d799a8c78 f9d0012c80a44f34981be525aa95de34 31c8531259d447fa8358eb34b21b7e43 - - default default] 10.0.0.36 "PUT /v2.0/routers/cd92a1d4-7d7e-41e2-b890-d13163c611b1/add_router_interface HTTP/1.1" status: 200 len: 503 time: 3.3900282
2026-07-08 06:15:47.522 9 INFO neutron.db.ovn_revision_numbers_db [None req-4c6cb9b1-4897-409d-bbe4-b5945793620e f9d0012c80a44f34981be525aa95de34 31c8531259d447fa8358eb34b21b7e43 - - default default] Successfully bumped revision number for resource 09334833-42a6-400c-a482-e21c4e2039ec (type: router_ports) to 2
2026-07-08 06:15:47.524 9 INFO neutron.wsgi [None req-4c6cb9b1-4897-409d-bbe4-b5945793620e f9d0012c80a44f34981be525aa95de34 31c8531259d447fa8358eb34b21b7e43 - - default default] 10.0.0.36 "PUT /v2.0/routers/15608dfa-d9de-4d9b-8a1d-66abebf6dd2f/add_router_interface HTTP/1.1" status: 200 len: 503 time: 3.2417369
2026-07-08 06:15:47.539 10 WARNING neutron.scheduler.dhcp_agent_scheduler [None req-2562566e-4cb5-4615-84a0-4d9f3cda51c9 f9d0012c80a44f34981be525aa95de34 31c8531259d447fa8358eb34b21b7e43 - - default default] No more DHCP agents
2026-07-08 06:15:47.540 10 WARNING neutron.api.rpc.agentnotifiers.dhcp_rpc_agent_api [None req-2562566e-4cb5-4615-84a0-4d9f3cda51c9 f9d0012c80a44f34981be525aa95de34 31c8531259d447fa8358eb34b21b7e43 - - default default] Unable to schedule network 4655023a-9bbe-40d8-8914-37a82927b034: no agents available; will retry on subsequent port and subnet creation events.
2026-07-08 06:15:47.732 10 INFO neutron.db.ovn_revision_numbers_db [None req-2562566e-4cb5-4615-84a0-4d9f3cda51c9 f9d0012c80a44f34981be525aa95de34 31c8531259d447fa8358eb34b21b7e43 - - default default] Successfully bumped revision number for resource e685f7b3-030f-4485-b84e-3c5018e682f8 (type: ports) to 1
2026-07-08 06:15:47.799 10 INFO neutron.db.ovn_revision_numbers_db [None req-bc3b6fc3-d246-49c8-896c-30be32f00713 - - - - - -] Successfully bumped revision number for resource d9eec919-bea1-49f0-ae98-732bc3732e24 (type: router_ports) to 3
2026-07-08 06:15:47.995 10 INFO neutron.db.ovn_revision_numbers_db [None req-bc3b6fc3-d246-49c8-896c-30be32f00713 - - - - - -] Successfully bumped revision number for resource d9eec919-bea1-49f0-ae98-732bc3732e24 (type: ports) to 2
2026-07-08 06:15:48.258 10 INFO neutron.db.ovn_revision_numbers_db [None req-7a188e47-60cd-46e8-b319-1fa80729938e 00a1b4220ec94dff819ca9cb6eb93cc8 390a228564e64ed4b0a0654de17ec41e - - default default] Successfully bumped revision number for resource bf5f2586-27c8-4f4a-96a2-5cd8c1fb7a40 (type: security_groups) to 1
2026-07-08 06:15:48.279 10 INFO neutron.db.ovn_revision_numbers_db [None req-7a188e47-60cd-46e8-b319-1fa80729938e 00a1b4220ec94dff819ca9cb6eb93cc8 390a228564e64ed4b0a0654de17ec41e - - default default] Successfully bumped revision number for resource 2fc6c5c2-c810-4d8e-88e8-c242b93f8eea (type: security_group_rules) to 0
2026-07-08 06:15:48.309 10 INFO neutron.db.ovn_revision_numbers_db [None req-7a188e47-60cd-46e8-b319-1fa80729938e 00a1b4220ec94dff819ca9cb6eb93cc8 390a228564e64ed4b0a0654de17ec41e - - default default] Successfully bumped revision number for resource 3e8b7228-839c-41c3-bee5-40a3be20fc94 (type: security_group_rules) to 0
2026-07-08 06:15:48.341 10 INFO neutron.wsgi [None req-7a188e47-60cd-46e8-b319-1fa80729938e 00a1b4220ec94dff819ca9cb6eb93cc8 390a228564e64ed4b0a0654de17ec41e - - default default] 10.0.0.36 "POST /v2.0/security-groups HTTP/1.1" status: 201 len: 1794 time: 0.3603735
2026-07-08 06:15:48.447 9 INFO neutron.db.ovn_revision_numbers_db [req-1a5d430b-7cd9-425a-8084-db727adc800d req-16cb1186-5fbf-4361-b13e-45af7ead3384 4a8956526ea14888bd3994bdb0e466f0 ec7edb62d6af4b23bdd6202601592e26 - - default default] Successfully bumped revision number for resource de0725e3-4f8e-487b-bee2-75053b609fd5 (type: security_groups) to 1
2026-07-08 06:15:48.461 9 INFO neutron.db.ovn_revision_numbers_db [req-1a5d430b-7cd9-425a-8084-db727adc800d req-16cb1186-5fbf-4361-b13e-45af7ead3384 4a8956526ea14888bd3994bdb0e466f0 ec7edb62d6af4b23bdd6202601592e26 - - default default] Successfully bumped revision number for resource 099f6811-065c-434e-8aff-fe75fa517ae5 (type: security_group_rules) to 0
2026-07-08 06:15:48.476 9 INFO neutron.db.ovn_revision_numbers_db [req-1a5d430b-7cd9-425a-8084-db727adc800d req-16cb1186-5fbf-4361-b13e-45af7ead3384 4a8956526ea14888bd3994bdb0e466f0 ec7edb62d6af4b23bdd6202601592e26 - - default default] Successfully bumped revision number for resource 917dd177-cb6b-488a-bb34-f8807eed0119 (type: security_group_rules) to 0
2026-07-08 06:15:48.476 10 INFO neutron.db.ovn_revision_numbers_db [None req-bc3b6fc3-d246-49c8-896c-30be32f00713 - - - - - -] Successfully bumped revision number for resource d9eec919-bea1-49f0-ae98-732bc3732e24 (type: ports) to 4
2026-07-08 06:15:48.479 9 INFO neutron.db.ovn_revision_numbers_db [None req-ca83b919-11cb-414d-9ea8-f500e73f9c06 00a1b4220ec94dff819ca9cb6eb93cc8 390a228564e64ed4b0a0654de17ec41e - - default default] Successfully bumped revision number for resource 45483952-7d57-4e17-a7dc-4a68aa9dc24c (type: security_group_rules) to 0
2026-07-08 06:15:48.526 9 INFO neutron.wsgi [req-1a5d430b-7cd9-425a-8084-db727adc800d req-16cb1186-5fbf-4361-b13e-45af7ead3384 4a8956526ea14888bd3994bdb0e466f0 ec7edb62d6af4b23bdd6202601592e26 - - default default] 10.0.0.153 "POST /v2.0/security-groups HTTP/1.1" status: 201 len: 1821 time: 0.2727485
2026-07-08 06:15:48.536 9 INFO neutron.wsgi [None req-ca83b919-11cb-414d-9ea8-f500e73f9c06 00a1b4220ec94dff819ca9cb6eb93cc8 390a228564e64ed4b0a0654de17ec41e - - default default] 10.0.0.36 "POST /v2.0/security-group-rules HTTP/1.1" status: 201 len: 764 time: 0.1885469
2026-07-08 06:15:48.675 10 INFO neutron.db.ovn_revision_numbers_db [None req-2562566e-4cb5-4615-84a0-4d9f3cda51c9 f9d0012c80a44f34981be525aa95de34 31c8531259d447fa8358eb34b21b7e43 - - default default] Successfully bumped revision number for resource e685f7b3-030f-4485-b84e-3c5018e682f8 (type: router_ports) to 1
2026-07-08 06:15:48.688 9 INFO neutron.db.ovn_revision_numbers_db [req-9f981387-a505-48c6-a088-8fffe0a4f2a2 req-1f4d3d9b-7cf0-47f1-84c1-5f02ea86c4ec 4a8956526ea14888bd3994bdb0e466f0 ec7edb62d6af4b23bdd6202601592e26 - - default default] Successfully bumped revision number for resource 2be05541-d257-444b-abc9-ff88ed8f16cd (type: security_groups) to 1
2026-07-08 06:15:48.696 9 INFO neutron.db.ovn_revision_numbers_db [None req-de14759a-f518-4206-8f96-a68a6f2142e4 00a1b4220ec94dff819ca9cb6eb93cc8 390a228564e64ed4b0a0654de17ec41e - - default default] Successfully bumped revision number for resource deb789f1-d874-4ca4-8cce-8963367ee0f5 (type: security_group_rules) to 0
2026-07-08 06:15:48.700 9 INFO neutron.db.ovn_revision_numbers_db [req-9f981387-a505-48c6-a088-8fffe0a4f2a2 req-1f4d3d9b-7cf0-47f1-84c1-5f02ea86c4ec 4a8956526ea14888bd3994bdb0e466f0 ec7edb62d6af4b23bdd6202601592e26 - - default default] Successfully bumped revision number for resource 1cc902de-4db7-46e4-9428-ff348b861d55 (type: security_group_rules) to 0
2026-07-08 06:15:48.714 10 INFO neutron.db.ovn_revision_numbers_db [req-8ff84977-f7e6-48b9-8172-181cd8839b54 req-6cb7d086-371e-4f80-897f-d9a0400697e6 c838de7a52a847299b202090a0ff6243 95b8365bcb8a47d28270ff225e6035a8 - - default default] Successfully bumped revision number for resource ebbe5512-8d28-4281-bc47-be356183fe87 (type: security_groups) to 1
2026-07-08 06:15:48.715 9 INFO neutron.db.ovn_revision_numbers_db [req-9f981387-a505-48c6-a088-8fffe0a4f2a2 req-1f4d3d9b-7cf0-47f1-84c1-5f02ea86c4ec 4a8956526ea14888bd3994bdb0e466f0 ec7edb62d6af4b23bdd6202601592e26 - - default default] Successfully bumped revision number for resource 78b64875-4465-414d-a05d-d522a17e286c (type: security_group_rules) to 0
2026-07-08 06:15:48.725 9 INFO neutron.wsgi [None req-de14759a-f518-4206-8f96-a68a6f2142e4 00a1b4220ec94dff819ca9cb6eb93cc8 390a228564e64ed4b0a0654de17ec41e - - default default] 10.0.0.36 "POST /v2.0/security-group-rules HTTP/1.1" status: 201 len: 769 time: 0.1825271
2026-07-08 06:15:48.731 9 INFO neutron.wsgi [req-9f981387-a505-48c6-a088-8fffe0a4f2a2 req-1f4d3d9b-7cf0-47f1-84c1-5f02ea86c4ec 4a8956526ea14888bd3994bdb0e466f0 ec7edb62d6af4b23bdd6202601592e26 - - default default] 10.0.0.153 "POST /v2.0/security-groups HTTP/1.1" status: 201 len: 1822 time: 0.1751125
2026-07-08 06:15:48.735 10 INFO neutron.db.ovn_revision_numbers_db [req-8ff84977-f7e6-48b9-8172-181cd8839b54 req-6cb7d086-371e-4f80-897f-d9a0400697e6 c838de7a52a847299b202090a0ff6243 95b8365bcb8a47d28270ff225e6035a8 - - default default] Successfully bumped revision number for resource 104d2394-7d33-4d16-b4bd-32b59c5e3444 (type: security_group_rules) to 0
2026-07-08 06:15:48.757 10 INFO neutron.db.ovn_revision_numbers_db [None req-2562566e-4cb5-4615-84a0-4d9f3cda51c9 f9d0012c80a44f34981be525aa95de34 31c8531259d447fa8358eb34b21b7e43 - - default default] Successfully bumped revision number for resource 44b572b6-abfb-484c-997b-394d4c8b9f11 (type: routers) to 2
2026-07-08 06:15:48.768 10 INFO neutron.db.ovn_revision_numbers_db [req-8ff84977-f7e6-48b9-8172-181cd8839b54 req-6cb7d086-371e-4f80-897f-d9a0400697e6 c838de7a52a847299b202090a0ff6243 95b8365bcb8a47d28270ff225e6035a8 - - default default] Successfully bumped revision number for resource b4a0cb5b-6c05-443b-a33c-5261ce8991bf (type: security_group_rules) to 0
2026-07-08 06:15:48.784 10 INFO neutron.wsgi [None req-2562566e-4cb5-4615-84a0-4d9f3cda51c9 f9d0012c80a44f34981be525aa95de34 31c8531259d447fa8358eb34b21b7e43 - - default default] 10.0.0.36 "POST /v2.0/routers HTTP/1.1" status: 201 len: 877 time: 2.0860658
2026-07-08 06:15:48.790 10 INFO neutron.wsgi [req-8ff84977-f7e6-48b9-8172-181cd8839b54 req-6cb7d086-371e-4f80-897f-d9a0400697e6 c838de7a52a847299b202090a0ff6243 95b8365bcb8a47d28270ff225e6035a8 - - default default] 10.0.0.153 "POST /v2.0/security-groups HTTP/1.1" status: 201 len: 1827 time: 0.4130573
2026-07-08 06:15:48.869 10 INFO neutron.wsgi [req-d31efa13-3aaa-47ad-8e42-b419eff71b29 req-5fb16957-1cf3-4824-bd04-d058b6ab37e2 c838de7a52a847299b202090a0ff6243 95b8365bcb8a47d28270ff225e6035a8 - - default default] 10.0.0.153 "GET /v2.0/security-groups/ebbe5512-8d28-4281-bc47-be356183fe87 HTTP/1.1" status: 200 len: 1822 time: 0.0544600
2026-07-08 06:15:48.893 10 INFO neutron.db.ovn_revision_numbers_db [None req-bc3b6fc3-d246-49c8-896c-30be32f00713 - - - - - -] Successfully bumped revision number for resource d9eec919-bea1-49f0-ae98-732bc3732e24 (type: router_ports) to 4
2026-07-08 06:15:48.916 9 INFO neutron.plugins.ml2.drivers.ovn.mech_driver.mech_driver [None req-41e60fba-ef33-4b33-94db-723173586111 - - - - - -] OVN reports status up for port: a68ffefc-b8cb-41d5-adeb-727937996b59
2026-07-08 06:15:48.932 10 INFO neutron.plugins.ml2.drivers.ovn.mech_driver.ovsdb.ovsdb_monitor [None req-bc3b6fc3-d246-49c8-896c-30be32f00713 - - - - - -] Router 15608dfa-d9de-4d9b-8a1d-66abebf6dd2f is bound to host instance
2026-07-08 06:15:48.935 9 INFO neutron.plugins.ml2.plugin [None req-41e60fba-ef33-4b33-94db-723173586111 - - - - - -] Attempt 1 to provision port a68ffefc-b8cb-41d5-adeb-727937996b59
2026-07-08 06:15:49.060 9 INFO neutron.db.ovn_revision_numbers_db [req-fdb2a45e-0582-4225-b0ad-0291c39daf23 req-6084355f-4431-4fe5-a673-71c7fa993aec 4a8956526ea14888bd3994bdb0e466f0 ec7edb62d6af4b23bdd6202601592e26 - - default default] Successfully bumped revision number for resource 484267b2-4795-4f9c-87c0-22452225f633 (type: security_groups) to 1
2026-07-08 06:15:49.086 9 INFO neutron.db.ovn_revision_numbers_db [req-fdb2a45e-0582-4225-b0ad-0291c39daf23 req-6084355f-4431-4fe5-a673-71c7fa993aec 4a8956526ea14888bd3994bdb0e466f0 ec7edb62d6af4b23bdd6202601592e26 - - default default] Successfully bumped revision number for resource 06b5ae05-dd53-49f0-9fc0-2b500ec6d62e (type: security_group_rules) to 0
2026-07-08 06:15:49.103 9 INFO neutron.db.ovn_revision_numbers_db [req-fdb2a45e-0582-4225-b0ad-0291c39daf23 req-6084355f-4431-4fe5-a673-71c7fa993aec 4a8956526ea14888bd3994bdb0e466f0 ec7edb62d6af4b23bdd6202601592e26 - - default default] Successfully bumped revision number for resource 5a4a94a1-b85d-4962-be23-295d21e75be4 (type: security_group_rules) to 0
2026-07-08 06:15:49.131 9 INFO neutron.wsgi [req-fdb2a45e-0582-4225-b0ad-0291c39daf23 req-6084355f-4431-4fe5-a673-71c7fa993aec 4a8956526ea14888bd3994bdb0e466f0 ec7edb62d6af4b23bdd6202601592e26 - - default default] 10.0.0.153 "POST /v2.0/security-groups HTTP/1.1" status: 201 len: 1820 time: 0.3710771
2026-07-08 06:15:49.195 9 WARNING neutron.scheduler.dhcp_agent_scheduler [None req-89540c2f-47df-45b2-80c7-d4c0c8c93886 00a1b4220ec94dff819ca9cb6eb93cc8 390a228564e64ed4b0a0654de17ec41e - - default default] No more DHCP agents
2026-07-08 06:15:49.198 9 WARNING neutron.api.rpc.agentnotifiers.dhcp_rpc_agent_api [None req-89540c2f-47df-45b2-80c7-d4c0c8c93886 00a1b4220ec94dff819ca9cb6eb93cc8 390a228564e64ed4b0a0654de17ec41e - - default default] Unable to schedule network 4655023a-9bbe-40d8-8914-37a82927b034: no agents available; will retry on subsequent port and subnet creation events.
2026-07-08 06:15:49.236 10 INFO neutron.db.ovn_revision_numbers_db [req-d31efa13-3aaa-47ad-8e42-b419eff71b29 req-8c9e77a0-961c-4c78-99eb-11bd920ca5ab c838de7a52a847299b202090a0ff6243 95b8365bcb8a47d28270ff225e6035a8 - - default default] Successfully bumped revision number for resource f27d4bc1-7b9f-404a-a9d8-6794c63c6cb3 (type: security_group_rules) to 0
2026-07-08 06:15:49.237 9 INFO neutron.wsgi [req-d682d5db-79a9-4ee0-b447-6cdf1090c2d8 req-e98eae31-4fc4-40e5-b39f-e3f6e526bac4 4a8956526ea14888bd3994bdb0e466f0 ec7edb62d6af4b23bdd6202601592e26 - - default default] 10.0.0.153 "GET /v2.0/security-groups?tenant_id=ec7edb62d6af4b23bdd6202601592e26 HTTP/1.1" status: 200 len: 7791 time: 0.0720193
2026-07-08 06:15:49.305 9 INFO neutron.wsgi [req-d682d5db-79a9-4ee0-b447-6cdf1090c2d8 req-b911a473-538a-401e-8605-f905911ad1d5 4a8956526ea14888bd3994bdb0e466f0 ec7edb62d6af4b23bdd6202601592e26 - - default default] 10.0.0.153 "GET /v2.0/security-groups/cbbed298-30eb-42df-9d48-176853126a1e HTTP/1.1" status: 200 len: 2994 time: 0.0528989
2026-07-08 06:15:49.307 10 INFO neutron.wsgi [req-d31efa13-3aaa-47ad-8e42-b419eff71b29 req-8c9e77a0-961c-4c78-99eb-11bd920ca5ab c838de7a52a847299b202090a0ff6243 95b8365bcb8a47d28270ff225e6035a8 - - default default] 10.0.0.153 "POST /v2.0/security-group-rules HTTP/1.1" status: 201 len: 786 time: 0.4314945
2026-07-08 06:15:49.355 9 INFO neutron.wsgi [req-d682d5db-79a9-4ee0-b447-6cdf1090c2d8 req-3eae3f75-7f1e-4c2b-8a47-cd6612936b05 4a8956526ea14888bd3994bdb0e466f0 ec7edb62d6af4b23bdd6202601592e26 - - default default] 10.0.0.153 "GET /v2.0/security-groups/cbbed298-30eb-42df-9d48-176853126a1e HTTP/1.1" status: 200 len: 2994 time: 0.0363302
2026-07-08 06:15:49.435 9 INFO neutron.wsgi [req-27c3ad14-4c41-4ee4-9448-f4ae727cab7f req-7758a216-b51c-413d-bb00-a27e5f98f3d2 4a8956526ea14888bd3994bdb0e466f0 ec7edb62d6af4b23bdd6202601592e26 - - default default] 10.0.0.153 "GET /v2.0/security-groups/de0725e3-4f8e-487b-bee2-75053b609fd5 HTTP/1.1" status: 200 len: 1816 time: 0.0494485
2026-07-08 06:15:49.530 10 WARNING neutron.scheduler.dhcp_agent_scheduler [None req-ec8871b2-a31c-4cb7-bfcd-787849502974 f9d0012c80a44f34981be525aa95de34 31c8531259d447fa8358eb34b21b7e43 - - default default] No more DHCP agents
2026-07-08 06:15:49.534 9 INFO neutron.db.ovn_revision_numbers_db [None req-89540c2f-47df-45b2-80c7-d4c0c8c93886 00a1b4220ec94dff819ca9cb6eb93cc8 390a228564e64ed4b0a0654de17ec41e - - default default] Successfully bumped revision number for resource 4ac49021-3b19-4910-8ad5-ac02ee3ce047 (type: floatingips) to 0
2026-07-08 06:15:49.536 10 WARNING neutron.api.rpc.agentnotifiers.dhcp_rpc_agent_api [None req-ec8871b2-a31c-4cb7-bfcd-787849502974 f9d0012c80a44f34981be525aa95de34 31c8531259d447fa8358eb34b21b7e43 - - default default] Unable to schedule network fcb2f41b-4f6c-4f6e-b1de-a0b093d1f112: no agents available; will retry on subsequent port and subnet creation events.
2026-07-08 06:15:49.552 9 INFO neutron.wsgi [None req-89540c2f-47df-45b2-80c7-d4c0c8c93886 00a1b4220ec94dff819ca9cb6eb93cc8 390a228564e64ed4b0a0654de17ec41e - - default default] 10.0.0.36 "POST /v2.0/floatingips HTTP/1.1" status: 201 len: 751 time: 0.8199842
2026-07-08 06:15:49.597 10 INFO neutron.db.ovn_revision_numbers_db [req-78c8ad69-892b-4b93-a791-836325579d44 req-c599feb5-abd8-4c95-938a-1adf12e766e0 c838de7a52a847299b202090a0ff6243 95b8365bcb8a47d28270ff225e6035a8 - - default default] Successfully bumped revision number for resource f72a75b0-0350-488e-ad3a-bd2aeb45ef53 (type: security_groups) to 1
2026-07-08 06:15:49.605 9 INFO neutron.wsgi [req-27c3ad14-4c41-4ee4-9448-f4ae727cab7f req-b3823e21-cbdb-43c6-9f79-a26fd92e9530 4a8956526ea14888bd3994bdb0e466f0 ec7edb62d6af4b23bdd6202601592e26 - - default default] 10.0.0.153 "DELETE /v2.0/security-groups/de0725e3-4f8e-487b-bee2-75053b609fd5 HTTP/1.1" status: 204 len: 173 time: 0.1616070
2026-07-08 06:15:49.624 10 INFO neutron.db.ovn_revision_numbers_db [req-78c8ad69-892b-4b93-a791-836325579d44 req-c599feb5-abd8-4c95-938a-1adf12e766e0 c838de7a52a847299b202090a0ff6243 95b8365bcb8a47d28270ff225e6035a8 - - default default] Successfully bumped revision number for resource 3b274e51-e488-49d5-9523-bf84c0217525 (type: security_group_rules) to 0
2026-07-08 06:15:49.650 10 INFO neutron.db.ovn_revision_numbers_db [req-78c8ad69-892b-4b93-a791-836325579d44 req-c599feb5-abd8-4c95-938a-1adf12e766e0 c838de7a52a847299b202090a0ff6243 95b8365bcb8a47d28270ff225e6035a8 - - default default] Successfully bumped revision number for resource be558dd8-32fa-4958-a52b-9bc439435a4e (type: security_group_rules) to 0
2026-07-08 06:15:49.653 9 INFO neutron.api.v2.resource [req-1eb354e1-4bd2-47f2-8e05-1f8ba0df3e8c req-835f2540-6e6c-452c-9cd3-3bb162d70333 4a8956526ea14888bd3994bdb0e466f0 ec7edb62d6af4b23bdd6202601592e26 - - default default] show failed (client error): The resource could not be found.
2026-07-08 06:15:49.654 9 INFO neutron.wsgi [req-1eb354e1-4bd2-47f2-8e05-1f8ba0df3e8c req-835f2540-6e6c-452c-9cd3-3bb162d70333 4a8956526ea14888bd3994bdb0e466f0 ec7edb62d6af4b23bdd6202601592e26 - - default default] 10.0.0.153 "GET /v2.0/security-groups/de0725e3-4f8e-487b-bee2-75053b609fd5 HTTP/1.1" status: 404 len: 352 time: 0.0203810
2026-07-08 06:15:49.688 10 INFO neutron.wsgi [req-78c8ad69-892b-4b93-a791-836325579d44 req-c599feb5-abd8-4c95-938a-1adf12e766e0 c838de7a52a847299b202090a0ff6243 95b8365bcb8a47d28270ff225e6035a8 - - default default] 10.0.0.153 "POST /v2.0/security-groups HTTP/1.1" status: 201 len: 1826 time: 0.3331485
2026-07-08 06:15:49.724 9 INFO neutron.wsgi [req-7e33bf1f-2f63-4da0-ae61-ef54d7a2629e req-a51e54d0-759b-4b68-939b-77051da0a5ac 4a8956526ea14888bd3994bdb0e466f0 ec7edb62d6af4b23bdd6202601592e26 - - default default] 10.0.0.153 "GET /v2.0/security-groups/2be05541-d257-444b-abc9-ff88ed8f16cd HTTP/1.1" status: 200 len: 1817 time: 0.0512655
2026-07-08 06:15:49.747 10 INFO neutron.db.ovn_revision_numbers_db [None req-ec8871b2-a31c-4cb7-bfcd-787849502974 f9d0012c80a44f34981be525aa95de34 31c8531259d447fa8358eb34b21b7e43 - - default default] Successfully bumped revision number for resource e7705308-e366-4a03-aaec-34474e085db0 (type: ports) to 1
2026-07-08 06:15:49.762 10 INFO neutron.wsgi [req-bcbc6aa2-312a-4b58-95a4-350f5812b7a5 req-59edc046-8700-44dd-a8fb-55691b031086 c838de7a52a847299b202090a0ff6243 95b8365bcb8a47d28270ff225e6035a8 - - default default] 10.0.0.153 "GET /v2.0/security-groups/f72a75b0-0350-488e-ad3a-bd2aeb45ef53 HTTP/1.1" status: 200 len: 1821 time: 0.0471756
2026-07-08 06:15:49.843 9 INFO neutron.wsgi [req-7e33bf1f-2f63-4da0-ae61-ef54d7a2629e req-e0d53fd7-b15b-4f21-9208-140ff5563556 4a8956526ea14888bd3994bdb0e466f0 ec7edb62d6af4b23bdd6202601592e26 - - default default] 10.0.0.153 "DELETE /v2.0/security-groups/2be05541-d257-444b-abc9-ff88ed8f16cd HTTP/1.1" status: 204 len: 173 time: 0.1112483
2026-07-08 06:15:49.863 10 INFO neutron.db.ovn_revision_numbers_db [None req-bc3b6fc3-d246-49c8-896c-30be32f00713 - - - - - -] Successfully bumped revision number for resource a68ffefc-b8cb-41d5-adeb-727937996b59 (type: ports) to 1
2026-07-08 06:15:49.875 9 INFO neutron.api.v2.resource [req-9a47ffb6-3e0d-449f-9b77-dfe61fed4276 req-748607c9-e663-4b08-b1e0-94648162d3c1 4a8956526ea14888bd3994bdb0e466f0 ec7edb62d6af4b23bdd6202601592e26 - - default default] show failed (client error): The resource could not be found.
2026-07-08 06:15:49.877 9 INFO neutron.wsgi [req-9a47ffb6-3e0d-449f-9b77-dfe61fed4276 req-748607c9-e663-4b08-b1e0-94648162d3c1 4a8956526ea14888bd3994bdb0e466f0 ec7edb62d6af4b23bdd6202601592e26 - - default default] 10.0.0.153 "GET /v2.0/security-groups/2be05541-d257-444b-abc9-ff88ed8f16cd HTTP/1.1" status: 404 len: 352 time: 0.0134678
2026-07-08 06:15:50.012 9 INFO neutron.wsgi [req-91e1bb28-bdd6-478f-b0ba-b77abf7e0c35 req-c51ffe8b-9c4f-4d62-bb38-6bb011214903 00a1b4220ec94dff819ca9cb6eb93cc8 390a228564e64ed4b0a0654de17ec41e - - default default] 10.0.0.153 "GET /v2.0/security-groups?name=tempest-securitygroup--535889677&fields=id&tenant_id=390a228564e64ed4b0a0654de17ec41e HTTP/1.1" status: 200 len: 267 time: 0.0487623
2026-07-08 06:15:50.059 10 INFO neutron.db.ovn_revision_numbers_db [req-bcbc6aa2-312a-4b58-95a4-350f5812b7a5 req-f511df03-39b3-474f-90cb-f36ef78b1b2c c838de7a52a847299b202090a0ff6243 95b8365bcb8a47d28270ff225e6035a8 - - default default] Successfully bumped revision number for resource eec0207a-e77e-4fa4-8b31-b4a820d4f870 (type: security_group_rules) to 0
2026-07-08 06:15:50.099 10 INFO neutron.wsgi [req-bcbc6aa2-312a-4b58-95a4-350f5812b7a5 req-f511df03-39b3-474f-90cb-f36ef78b1b2c c838de7a52a847299b202090a0ff6243 95b8365bcb8a47d28270ff225e6035a8 - - default default] 10.0.0.153 "POST /v2.0/security-group-rules HTTP/1.1" status: 201 len: 786 time: 0.3211520
2026-07-08 06:15:50.171 9 INFO neutron.wsgi [req-91e1bb28-bdd6-478f-b0ba-b77abf7e0c35 req-83724e0b-b414-4e86-8b82-e03f9dc59eb7 00a1b4220ec94dff819ca9cb6eb93cc8 390a228564e64ed4b0a0654de17ec41e - - default default] 10.0.0.153 "GET /v2.0/networks?id=44f468d1-64a1-400d-b114-d60e64078c93 HTTP/1.1" status: 200 len: 882 time: 0.1443381
2026-07-08 06:15:50.188 9 INFO neutron.wsgi [req-91e1bb28-bdd6-478f-b0ba-b77abf7e0c35 req-9f2ecd7f-9e1c-4e62-a9b7-9e1bbe64b157 00a1b4220ec94dff819ca9cb6eb93cc8 390a228564e64ed4b0a0654de17ec41e - - default default] 10.0.0.153 "GET /v2.0/quotas/390a228564e64ed4b0a0654de17ec41e HTTP/1.1" status: 200 len: 386 time: 0.0082314
2026-07-08 06:15:50.237 10 INFO neutron.wsgi [req-7086f1b7-8eac-4fb4-aec6-aab1556a6c06 req-b8d75970-1ffe-47ed-88a8-db92ebcb49a5 4a8956526ea14888bd3994bdb0e466f0 ec7edb62d6af4b23bdd6202601592e26 - - default default] 10.0.0.153 "GET /v2.0/security-groups/484267b2-4795-4f9c-87c0-22452225f633 HTTP/1.1" status: 200 len: 1815 time: 0.1022062
2026-07-08 06:15:50.316 9 INFO neutron.wsgi [req-91e1bb28-bdd6-478f-b0ba-b77abf7e0c35 req-8f756094-c4e9-43f3-977d-864b30001894 00a1b4220ec94dff819ca9cb6eb93cc8 390a228564e64ed4b0a0654de17ec41e - - default default] 10.0.0.153 "GET /v2.0/ports?tenant_id=390a228564e64ed4b0a0654de17ec41e&fields=id HTTP/1.1" status: 200 len: 302 time: 0.1185164
2026-07-08 06:15:50.497 10 INFO neutron.db.ovn_revision_numbers_db [None req-bc3b6fc3-d246-49c8-896c-30be32f00713 - - - - - -] Successfully bumped revision number for resource a68ffefc-b8cb-41d5-adeb-727937996b59 (type: router_ports) to 3
2026-07-08 06:15:50.560 10 INFO neutron.wsgi [req-7086f1b7-8eac-4fb4-aec6-aab1556a6c06 req-146e6370-8fbf-4a5f-b892-5ad94fa98ed1 4a8956526ea14888bd3994bdb0e466f0 ec7edb62d6af4b23bdd6202601592e26 - - default default] 10.0.0.153 "DELETE /v2.0/security-groups/484267b2-4795-4f9c-87c0-22452225f633 HTTP/1.1" status: 204 len: 173 time: 0.3101330
2026-07-08 06:15:50.562 10 INFO neutron.db.ovn_revision_numbers_db [None req-ec8871b2-a31c-4cb7-bfcd-787849502974 f9d0012c80a44f34981be525aa95de34 31c8531259d447fa8358eb34b21b7e43 - - default default] Successfully bumped revision number for resource e7705308-e366-4a03-aaec-34474e085db0 (type: router_ports) to 1
2026-07-08 06:15:50.631 10 INFO neutron.wsgi [req-57c3fda7-7680-4a00-b854-29dae6afbd9c req-c4fa979b-cacc-4ba2-84e8-e772743008aa c838de7a52a847299b202090a0ff6243 95b8365bcb8a47d28270ff225e6035a8 - - default default] 10.0.0.153 "GET /v2.0/security-groups/f72a75b0-0350-488e-ad3a-bd2aeb45ef53 HTTP/1.1" status: 200 len: 2414 time: 0.0551231
2026-07-08 06:15:50.691 10 INFO neutron.db.ovn_revision_numbers_db [None req-bc3b6fc3-d246-49c8-896c-30be32f00713 - - - - - -] Successfully bumped revision number for resource a68ffefc-b8cb-41d5-adeb-727937996b59 (type: ports) to 2
2026-07-08 06:15:50.702 9 INFO neutron.wsgi [req-91e1bb28-bdd6-478f-b0ba-b77abf7e0c35 req-aa83b507-f442-4ef8-a865-9f377b8c12e2 26ca87b1b3324dddb79ad44d6e826bf6 47f08c3366dd447e8c92d7b83369e780 - - ee583b710bfd4bb2bf2b0a42e9676962 ee583b710bfd4bb2bf2b0a42e9676962] 10.0.0.153 "GET /v2.0/extensions HTTP/1.1" status: 200 len: 16525 time: 0.0444071
2026-07-08 06:15:50.749 10 INFO neutron.db.ovn_revision_numbers_db [None req-ec8871b2-a31c-4cb7-bfcd-787849502974 f9d0012c80a44f34981be525aa95de34 31c8531259d447fa8358eb34b21b7e43 - - default default] Successfully bumped revision number for resource e7705308-e366-4a03-aaec-34474e085db0 (type: ports) to 1
2026-07-08 06:15:50.774 9 INFO neutron.wsgi [req-91e1bb28-bdd6-478f-b0ba-b77abf7e0c35 req-230bcdea-b426-4d8c-addd-4c23b411fed0 26ca87b1b3324dddb79ad44d6e826bf6 47f08c3366dd447e8c92d7b83369e780 - - ee583b710bfd4bb2bf2b0a42e9676962 ee583b710bfd4bb2bf2b0a42e9676962] 10.0.0.153 "GET /v2.0/networks/44f468d1-64a1-400d-b114-d60e64078c93?fields=segments HTTP/1.1" status: 200 len: 212 time: 0.0626428
2026-07-08 06:15:50.846 9 INFO neutron.wsgi [req-91e1bb28-bdd6-478f-b0ba-b77abf7e0c35 req-f9ab475f-8fe1-483b-b749-2b64f3654f07 26ca87b1b3324dddb79ad44d6e826bf6 47f08c3366dd447e8c92d7b83369e780 - - ee583b710bfd4bb2bf2b0a42e9676962 ee583b710bfd4bb2bf2b0a42e9676962] 10.0.0.153 "GET /v2.0/networks/44f468d1-64a1-400d-b114-d60e64078c93?fields=provider%3Aphysical_network&fields=provider%3Anetwork_type HTTP/1.1" status: 200 len: 277 time: 0.0633595
2026-07-08 06:15:50.853 10 INFO neutron.db.ovn_revision_numbers_db [req-57c3fda7-7680-4a00-b854-29dae6afbd9c req-9d938d1a-57af-4239-ab45-e9ec661e75cd c838de7a52a847299b202090a0ff6243 95b8365bcb8a47d28270ff225e6035a8 - - default default] Successfully bumped revision number for resource c7d5f77e-19d9-4e3d-9d11-34a75153b3f5 (type: security_group_rules) to 0
2026-07-08 06:15:50.863 10 WARNING neutron.scheduler.dhcp_agent_scheduler [None req-ec8871b2-a31c-4cb7-bfcd-787849502974 f9d0012c80a44f34981be525aa95de34 31c8531259d447fa8358eb34b21b7e43 - - default default] No more DHCP agents
2026-07-08 06:15:50.867 10 WARNING neutron.api.rpc.agentnotifiers.dhcp_rpc_agent_api [None req-ec8871b2-a31c-4cb7-bfcd-787849502974 f9d0012c80a44f34981be525aa95de34 31c8531259d447fa8358eb34b21b7e43 - - default default] Unable to schedule network fcb2f41b-4f6c-4f6e-b1de-a0b093d1f112: no agents available; will retry on subsequent port and subnet creation events.
2026-07-08 06:15:50.889 10 INFO neutron.wsgi [req-57c3fda7-7680-4a00-b854-29dae6afbd9c req-9d938d1a-57af-4239-ab45-e9ec661e75cd c838de7a52a847299b202090a0ff6243 95b8365bcb8a47d28270ff225e6035a8 - - default default] 10.0.0.153 "POST /v2.0/security-group-rules HTTP/1.1" status: 201 len: 791 time: 0.2464702
2026-07-08 06:15:50.947 10 INFO neutron.api.v2.resource [req-e9ebbd09-4397-4357-9699-0bb4170a7846 req-b279ec80-c177-4d00-8dbb-efc02fb37681 4a8956526ea14888bd3994bdb0e466f0 ec7edb62d6af4b23bdd6202601592e26 - - default default] show failed (client error): The resource could not be found.
2026-07-08 06:15:50.948 10 INFO neutron.wsgi [req-e9ebbd09-4397-4357-9699-0bb4170a7846 req-b279ec80-c177-4d00-8dbb-efc02fb37681 4a8956526ea14888bd3994bdb0e466f0 ec7edb62d6af4b23bdd6202601592e26 - - default default] 10.0.0.153 "GET /v2.0/security-groups/484267b2-4795-4f9c-87c0-22452225f633 HTTP/1.1" status: 404 len: 352 time: 0.0434732
2026-07-08 06:15:51.022 10 INFO neutron.wsgi [req-2926423b-dfa3-4f6f-9f38-a639676b2f41 req-c26a6871-abfd-401b-9b08-da3535918e28 00a1b4220ec94dff819ca9cb6eb93cc8 390a228564e64ed4b0a0654de17ec41e - - default default] 10.0.0.153 "GET /v2.0/ports?device_id=526b20db-dc63-44f4-ac23-14db4b935c39 HTTP/1.1" status: 200 len: 210 time: 0.0353107
2026-07-08 06:15:51.034 10 INFO neutron.db.ovn_revision_numbers_db [None req-bc3b6fc3-d246-49c8-896c-30be32f00713 - - - - - -] Successfully bumped revision number for resource a68ffefc-b8cb-41d5-adeb-727937996b59 (type: ports) to 4
2026-07-08 06:15:51.092 9 INFO neutron.wsgi [req-2f960d74-17d7-406b-a6c4-1007c639d58d req-ad7ef916-6d98-4e3b-8df6-ca5f4a2d3ec9 c838de7a52a847299b202090a0ff6243 95b8365bcb8a47d28270ff225e6035a8 - - default default] 10.0.0.153 "GET /v2.0/security-groups/f72a75b0-0350-488e-ad3a-bd2aeb45ef53 HTTP/1.1" status: 200 len: 3012 time: 0.1360507
2026-07-08 06:15:51.135 9 INFO neutron.wsgi [req-4ad30dd1-3373-4272-9ad5-47094dcfea51 req-97da901e-8651-48bf-8c82-5686da0cad55 c838de7a52a847299b202090a0ff6243 95b8365bcb8a47d28270ff225e6035a8 - - default default] 10.0.0.153 "GET /v2.0/security-group-rules/c7d5f77e-19d9-4e3d-9d11-34a75153b3f5 HTTP/1.1" status: 200 len: 783 time: 0.0184550
2026-07-08 06:15:51.139 10 INFO neutron.wsgi [req-df8d7344-3a38-401e-bb70-4e959058e8f8 req-9a94954d-9da3-4646-8591-a15373d3a349 4a8956526ea14888bd3994bdb0e466f0 ec7edb62d6af4b23bdd6202601592e26 - - default default] 10.0.0.153 "GET /v2.0/security-groups?tenant_id=ec7edb62d6af4b23bdd6202601592e26 HTTP/1.1" status: 200 len: 2997 time: 0.0843196
2026-07-08 06:15:51.174 9 INFO neutron.wsgi [req-4ad30dd1-3373-4272-9ad5-47094dcfea51 req-6b088c07-6e3c-4339-99d1-1eccdcf6bbd5 c838de7a52a847299b202090a0ff6243 95b8365bcb8a47d28270ff225e6035a8 - - default default] 10.0.0.153 "GET /v2.0/security-groups/f72a75b0-0350-488e-ad3a-bd2aeb45ef53 HTTP/1.1" status: 200 len: 3012 time: 0.0307093
2026-07-08 06:15:51.219 10 INFO neutron.wsgi [req-df8d7344-3a38-401e-bb70-4e959058e8f8 req-3ff427f4-a39e-4409-9edd-49d21ab68b36 4a8956526ea14888bd3994bdb0e466f0 ec7edb62d6af4b23bdd6202601592e26 - - default default] 10.0.0.153 "GET /v2.0/security-groups/cbbed298-30eb-42df-9d48-176853126a1e HTTP/1.1" status: 200 len: 2994 time: 0.0656443
2026-07-08 06:15:51.281 10 INFO neutron.wsgi [req-df8d7344-3a38-401e-bb70-4e959058e8f8 req-8d4b9809-8e85-4e1c-8e91-7e9d273a2dd9 4a8956526ea14888bd3994bdb0e466f0 ec7edb62d6af4b23bdd6202601592e26 - - default default] 10.0.0.153 "GET /v2.0/security-groups/cbbed298-30eb-42df-9d48-176853126a1e HTTP/1.1" status: 200 len: 2994 time: 0.0556161
2026-07-08 06:15:51.369 9 INFO neutron.wsgi [req-4ad30dd1-3373-4272-9ad5-47094dcfea51 req-e0e951ad-4133-46ad-add5-79f32509ec80 c838de7a52a847299b202090a0ff6243 95b8365bcb8a47d28270ff225e6035a8 - - default default] 10.0.0.153 "DELETE /v2.0/security-group-rules/c7d5f77e-19d9-4e3d-9d11-34a75153b3f5 HTTP/1.1" status: 204 len: 173 time: 0.1838636
2026-07-08 06:15:51.405 10 INFO neutron.api.v2.resource [req-b354ebb3-2d67-47f8-9150-ff785dab1c8e req-e4c0a047-66a3-45be-80b0-2b7a0f90873d 4a8956526ea14888bd3994bdb0e466f0 ec7edb62d6af4b23bdd6202601592e26 - - default default] show failed (client error): The resource could not be found.
2026-07-08 06:15:51.406 10 INFO neutron.wsgi [req-b354ebb3-2d67-47f8-9150-ff785dab1c8e req-e4c0a047-66a3-45be-80b0-2b7a0f90873d 4a8956526ea14888bd3994bdb0e466f0 ec7edb62d6af4b23bdd6202601592e26 - - default default] 10.0.0.153 "GET /v2.0/security-groups/484267b2-4795-4f9c-87c0-22452225f633 HTTP/1.1" status: 404 len: 352 time: 0.0246809
2026-07-08 06:15:51.444 10 INFO neutron.api.v2.resource [req-38232b25-a7dc-4089-8940-861502865c14 req-3ac84810-2061-48ea-8dbe-9aaec1cbb2ba 4a8956526ea14888bd3994bdb0e466f0 ec7edb62d6af4b23bdd6202601592e26 - - default default] show failed (client error): The resource could not be found.
2026-07-08 06:15:51.445 10 INFO neutron.wsgi [req-38232b25-a7dc-4089-8940-861502865c14 req-3ac84810-2061-48ea-8dbe-9aaec1cbb2ba 4a8956526ea14888bd3994bdb0e466f0 ec7edb62d6af4b23bdd6202601592e26 - - default default] 10.0.0.153 "GET /v2.0/security-groups/2be05541-d257-444b-abc9-ff88ed8f16cd HTTP/1.1" status: 404 len: 352 time: 0.0180306
2026-07-08 06:15:51.448 9 INFO neutron.wsgi [req-370001bb-decd-4683-b58e-526f3b00ead7 req-6735336b-381a-40fc-acb4-a51d83149ffb c838de7a52a847299b202090a0ff6243 95b8365bcb8a47d28270ff225e6035a8 - - default default] 10.0.0.153 "GET /v2.0/security-groups/f72a75b0-0350-488e-ad3a-bd2aeb45ef53 HTTP/1.1" status: 200 len: 2414 time: 0.0419371
2026-07-08 06:15:51.489 10 INFO neutron.api.v2.resource [req-8f664d49-75c1-4f4b-9c38-b92e4b950d36 req-7a4079d9-61d1-4d3e-a745-4013bf49ce84 4a8956526ea14888bd3994bdb0e466f0 ec7edb62d6af4b23bdd6202601592e26 - - default default] show failed (client error): The resource could not be found.
2026-07-08 06:15:51.490 10 INFO neutron.wsgi [req-8f664d49-75c1-4f4b-9c38-b92e4b950d36 req-7a4079d9-61d1-4d3e-a745-4013bf49ce84 4a8956526ea14888bd3994bdb0e466f0 ec7edb62d6af4b23bdd6202601592e26 - - default default] 10.0.0.153 "GET /v2.0/security-groups/de0725e3-4f8e-487b-bee2-75053b609fd5 HTTP/1.1" status: 404 len: 352 time: 0.0266342
2026-07-08 06:15:51.524 10 INFO neutron.db.ovn_revision_numbers_db [None req-bc3b6fc3-d246-49c8-896c-30be32f00713 - - - - - -] Successfully bumped revision number for resource a68ffefc-b8cb-41d5-adeb-727937996b59 (type: router_ports) to 4
2026-07-08 06:15:51.563 10 INFO neutron.plugins.ml2.drivers.ovn.mech_driver.ovsdb.ovsdb_monitor [None req-bc3b6fc3-d246-49c8-896c-30be32f00713 - - - - - -] Router 44b572b6-abfb-484c-997b-394d4c8b9f11 is bound to host instance
2026-07-08 06:15:51.588 9 INFO neutron.plugins.ml2.drivers.ovn.mech_driver.mech_driver [None req-41e60fba-ef33-4b33-94db-723173586111 - - - - - -] OVN reports status up for port: 229c3703-7db7-4f03-949b-6842135b9472
2026-07-08 06:15:51.598 9 INFO neutron.plugins.ml2.plugin [None req-41e60fba-ef33-4b33-94db-723173586111 - - - - - -] Attempt 1 to provision port 229c3703-7db7-4f03-949b-6842135b9472
2026-07-08 06:15:51.721 9 INFO neutron.wsgi [req-370001bb-decd-4683-b58e-526f3b00ead7 req-c61a1d93-c1ef-4343-842e-ec5b67deaac7 c838de7a52a847299b202090a0ff6243 95b8365bcb8a47d28270ff225e6035a8 - - default default] 10.0.0.153 "DELETE /v2.0/security-groups/f72a75b0-0350-488e-ad3a-bd2aeb45ef53 HTTP/1.1" status: 204 len: 173 time: 0.2609110
2026-07-08 06:15:51.812 10 INFO neutron.wsgi [req-fbd7cda0-9d27-422f-b420-b0314ae6d5ed req-03114c6d-cbbf-4b7a-a384-6c76381de3dc c838de7a52a847299b202090a0ff6243 95b8365bcb8a47d28270ff225e6035a8 - - default default] 10.0.0.153 "GET /v2.0/security-groups/ebbe5512-8d28-4281-bc47-be356183fe87 HTTP/1.1" status: 200 len: 2415 time: 0.0632720
2026-07-08 06:15:51.890 10 WARNING neutron.plugins.ml2.drivers.ovn.mech_driver.ovsdb.ovn_client [None req-1f3ac1b1-c9eb-4667-a03d-cc9a1820faa9 - - - - - -] No hosting information found for port 09334833-42a6-400c-a482-e21c4e2039ec: RuntimeError: No hosting information found for port 09334833-42a6-400c-a482-e21c4e2039ec
2026-07-08 06:15:51.891 10 INFO neutron.plugins.ml2.drivers.ovn.mech_driver.mech_driver [None req-1f3ac1b1-c9eb-4667-a03d-cc9a1820faa9 - - - - - -] OVN reports status up for port: e685f7b3-030f-4485-b84e-3c5018e682f8
2026-07-08 06:15:51.919 10 INFO neutron.plugins.ml2.plugin [None req-1f3ac1b1-c9eb-4667-a03d-cc9a1820faa9 - - - - - -] Attempt 1 to provision port e685f7b3-030f-4485-b84e-3c5018e682f8
2026-07-08 06:15:52.032 9 INFO neutron.db.ovn_revision_numbers_db [None req-41e60fba-ef33-4b33-94db-723173586111 - - - - - -] Successfully bumped revision number for resource 229c3703-7db7-4f03-949b-6842135b9472 (type: ports) to 2
2026-07-08 06:15:52.114 10 INFO neutron.wsgi [req-fbd7cda0-9d27-422f-b420-b0314ae6d5ed req-ae5e082c-2e64-46be-8ee4-7e2d6d872440 c838de7a52a847299b202090a0ff6243 95b8365bcb8a47d28270ff225e6035a8 - - default default] 10.0.0.153 "DELETE /v2.0/security-groups/ebbe5512-8d28-4281-bc47-be356183fe87 HTTP/1.1" status: 204 len: 173 time: 0.2942240
2026-07-08 06:15:52.131 10 INFO neutron.db.ovn_revision_numbers_db [None req-ec8871b2-a31c-4cb7-bfcd-787849502974 f9d0012c80a44f34981be525aa95de34 31c8531259d447fa8358eb34b21b7e43 - - default default] Successfully bumped revision number for resource e7705308-e366-4a03-aaec-34474e085db0 (type: router_ports) to 1
2026-07-08 06:15:52.134 10 INFO neutron.wsgi [None req-ec8871b2-a31c-4cb7-bfcd-787849502974 f9d0012c80a44f34981be525aa95de34 31c8531259d447fa8358eb34b21b7e43 - - default default] 10.0.0.36 "PUT /v2.0/routers/44b572b6-abfb-484c-997b-394d4c8b9f11/add_router_interface HTTP/1.1" status: 200 len: 503 time: 3.3414466
2026-07-08 06:15:52.363 9 INFO neutron.db.ovn_revision_numbers_db [None req-41e60fba-ef33-4b33-94db-723173586111 - - - - - -] Successfully bumped revision number for resource 229c3703-7db7-4f03-949b-6842135b9472 (type: router_ports) to 2
2026-07-08 06:15:52.366 10 INFO neutron.db.ovn_revision_numbers_db [None req-bc3b6fc3-d246-49c8-896c-30be32f00713 - - - - - -] Successfully bumped revision number for resource e685f7b3-030f-4485-b84e-3c5018e682f8 (type: ports) to 1
2026-07-08 06:15:52.368 9 INFO neutron.wsgi [req-db8e5c59-ef4f-448e-aabf-9cda95a07740 req-708cfc35-8edc-4a54-b4c6-99325225ba28 00a1b4220ec94dff819ca9cb6eb93cc8 390a228564e64ed4b0a0654de17ec41e - - default default] 10.0.0.153 "GET /v2.0/ports?device_id=526b20db-dc63-44f4-ac23-14db4b935c39 HTTP/1.1" status: 200 len: 210 time: 0.0402086
2026-07-08 06:15:52.413 9 ERROR ovsdbapp.backend.ovs_idl.command [None req-41e60fba-ef33-4b33-94db-723173586111 - - - - - -] Error executing command (LspGetUpCommand): ovsdbapp.backend.ovs_idl.idlutils.RowNotFound: Cannot find Logical_Switch_Port with name=229c3703-7db7-4f03-949b-6842135b9472
2026-07-08 06:15:52.413 9 ERROR ovsdbapp.backend.ovs_idl.command
Traceback (most recent call last):
2026-07-08 06:15:52.413 9 ERROR ovsdbapp.backend.ovs_idl.command
File "/var/lib/openstack/lib/python3.10/site-packages/ovsdbapp/backend/ovs_idl/command.py", line 47, in execute
2026-07-08 06:15:52.413 9 ERROR ovsdbapp.backend.ovs_idl.command self.run_idl(None)
2026-07-08 06:15:52.413 9 ERROR ovsdbapp.backend.ovs_idl.command
File "/var/lib/openstack/lib/python3.10/site-packages/ovsdbapp/schema/ovn_northbound/commands.py", line 650, in run_idl
2026-07-08 06:15:52.413 9 ERROR ovsdbapp.backend.ovs_idl.command lsp = self.api.lookup('Logical_Switch_Port', self.port)
2026-07-08 06:15:52.413 9 ERROR ovsdbapp.backend.ovs_idl.command
