2026-07-08 06:17:50.214 10 WARNING neutron.scheduler.dhcp_agent_scheduler [None req-124cd41b-50fc-4b64-b87c-00f10bf483fb a28faf60d1424e41baab262f5819291a d3feb49460344360a080ac3639663a26 - - default default] No more DHCP agents
2026-07-08 06:17:50.216 10 WARNING neutron.api.rpc.agentnotifiers.dhcp_rpc_agent_api [None req-124cd41b-50fc-4b64-b87c-00f10bf483fb a28faf60d1424e41baab262f5819291a d3feb49460344360a080ac3639663a26 - - default default] Unable to schedule network 7b3cf3d7-838c-483f-8e81-5aa60e40f046: no agents available; will retry on subsequent port and subnet creation events.
2026-07-08 06:17:50.245 10 INFO neutron.db.ovn_revision_numbers_db [None req-f99f4aa3-481f-4717-989c-6a9be353d369 4b0ff074956b498fa3b130b08ed1bc60 f25d7983d1c749f694fddf4565515b36 - - default default] Successfully bumped revision number for resource f87b582c-6652-4c4e-8cd5-830fbbd0a4e4 (type: floatingips) to 1
2026-07-08 06:17:50.301 9 INFO neutron.wsgi [None req-cee3c9ee-c654-4d30-b3ee-5ea0e8520b3a 85aa530b22e145b28dd3bc54f53014bc 813d7a541c064e20b1b35f0107af01bc - - default default] 10.0.0.36 "PUT /v2.0/routers/1249ba30-ed54-4ec7-82dc-21931e85d5e3/remove_router_interface HTTP/1.1" status: 200 len: 503 time: 0.7542083
2026-07-08 06:17:50.304 10 INFO neutron.wsgi [None req-f99f4aa3-481f-4717-989c-6a9be353d369 4b0ff074956b498fa3b130b08ed1bc60 f25d7983d1c749f694fddf4565515b36 - - default default] 10.0.0.36 "POST /v2.0/floatingips HTTP/1.1" status: 201 len: 1054 time: 1.3039396 /var/lib/openstack/lib/python3.10/site-packages/pycadf/identifier.py:71: UserWarning: Invalid uuid: neutron. To ensure interoperability, identifiers should be a valid uuid. warnings.warn(('Invalid uuid: %s. To ensure interoperability, '
2026-07-08 06:17:50.319 10 INFO neutron.db.ovn_revision_numbers_db [None req-124cd41b-50fc-4b64-b87c-00f10bf483fb a28faf60d1424e41baab262f5819291a d3feb49460344360a080ac3639663a26 - - default default] Successfully bumped revision number for resource 0dbdecc1-0805-4d11-9137-ddf39684f985 (type: ports) to 1
2026-07-08 06:17:50.354 10 INFO neutron.wsgi [None req-124cd41b-50fc-4b64-b87c-00f10bf483fb a28faf60d1424e41baab262f5819291a d3feb49460344360a080ac3639663a26 - - default default] 10.0.0.36 "POST /v2.0/ports HTTP/1.1" status: 201 len: 972 time: 0.6688073
2026-07-08 06:17:50.358 10 INFO neutron.notifiers.nova [-] Nova event matching ['req-eea9bc43-b168-47a1-b629-6c059144d691'] response: {'name': 'network-changed', 'server_uuid': 'e5da69be-228a-43e4-bedf-fd7eff1a52c8', 'tag': '5302258c-be20-41d9-b352-d09920fede68', 'status': 'completed', 'code': 200} /var/lib/openstack/lib/python3.10/site-packages/pycadf/identifier.py:71: UserWarning: Invalid uuid: neutron. To ensure interoperability, identifiers should be a valid uuid. warnings.warn(('Invalid uuid: %s. To ensure interoperability, '
2026-07-08 06:17:50.390 9 INFO neutron.wsgi [None req-c4777e6d-1822-4f00-bdaa-59e6f4679b1d 4b0ff074956b498fa3b130b08ed1bc60 f25d7983d1c749f694fddf4565515b36 - - default default] 10.0.0.36 "GET /v2.0/floatingips/f87b582c-6652-4c4e-8cd5-830fbbd0a4e4 HTTP/1.1" status: 200 len: 1051 time: 0.0815406
2026-07-08 06:17:50.403 9 INFO neutron.api.v2.resource [None req-3f10d4be-0731-4f76-be3d-08f4fd32d528 85aa530b22e145b28dd3bc54f53014bc 813d7a541c064e20b1b35f0107af01bc - - default default] remove_router_interface failed (client error): The resource could not be found.
2026-07-08 06:17:50.404 9 INFO neutron.wsgi [None req-3f10d4be-0731-4f76-be3d-08f4fd32d528 85aa530b22e145b28dd3bc54f53014bc 813d7a541c064e20b1b35f0107af01bc - - default default] 10.0.0.36 "PUT /v2.0/routers/1249ba30-ed54-4ec7-82dc-21931e85d5e3/remove_router_interface HTTP/1.1" status: 404 len: 398 time: 0.0965221
2026-07-08 06:17:50.423 10 INFO neutron.wsgi [req-9cfbdb18-fc96-417c-93ce-6f11e84b6f29 req-a2fa0839-b4d6-4c05-8f41-e01e6565fb39 26ca87b1b3324dddb79ad44d6e826bf6 47f08c3366dd447e8c92d7b83369e780 - - ee583b710bfd4bb2bf2b0a42e9676962 ee583b710bfd4bb2bf2b0a42e9676962] 199.204.45.89 "GET /v2.0/ports?tenant_id=f25d7983d1c749f694fddf4565515b36&device_id=e5da69be-228a-43e4-bedf-fd7eff1a52c8 HTTP/1.1" status: 200 len: 1409 time: 0.0362034
2026-07-08 06:17:50.429 9 INFO neutron.wsgi [None req-24a67dc1-9eb2-4b39-aa94-8ef0efc3e4cb 85aa530b22e145b28dd3bc54f53014bc 813d7a541c064e20b1b35f0107af01bc - - default default] 10.0.0.36 "GET /v2.0/ports?device_id=1249ba30-ed54-4ec7-82dc-21931e85d5e3 HTTP/1.1" status: 200 len: 205 time: 0.0213904
2026-07-08 06:17:50.511 10 INFO neutron.wsgi [req-9cfbdb18-fc96-417c-93ce-6f11e84b6f29 req-0bc01745-e46e-4f08-83c2-ac295407d72b 26ca87b1b3324dddb79ad44d6e826bf6 47f08c3366dd447e8c92d7b83369e780 - - ee583b710bfd4bb2bf2b0a42e9676962 ee583b710bfd4bb2bf2b0a42e9676962] 199.204.45.89 "GET /v2.0/networks?id=6099ae19-7412-48fc-9b12-277e15f58f50 HTTP/1.1" status: 200 len: 958 time: 0.0790238
2026-07-08 06:17:50.568 10 INFO neutron.wsgi [req-9cfbdb18-fc96-417c-93ce-6f11e84b6f29 req-c7111761-f2d9-4f1d-98e6-6d0bca0fc677 26ca87b1b3324dddb79ad44d6e826bf6 47f08c3366dd447e8c92d7b83369e780 - - ee583b710bfd4bb2bf2b0a42e9676962 ee583b710bfd4bb2bf2b0a42e9676962] 199.204.45.89 "GET /v2.0/floatingips?fixed_ip_address=10.100.0.8&port_id=5302258c-be20-41d9-b352-d09920fede68 HTTP/1.1" status: 200 len: 1059 time: 0.0516813
2026-07-08 06:17:50.607 9 INFO neutron.wsgi [None req-ed484f4c-6c1e-4dda-97dc-a2034b51640e 85aa530b22e145b28dd3bc54f53014bc 813d7a541c064e20b1b35f0107af01bc - - default default] 10.0.0.36 "DELETE /v2.0/routers/1249ba30-ed54-4ec7-82dc-21931e85d5e3 HTTP/1.1" status: 204 len: 168 time: 0.1717985
2026-07-08 06:17:50.642 10 INFO neutron.wsgi [req-9cfbdb18-fc96-417c-93ce-6f11e84b6f29 req-d1f95cdd-ccff-41ef-9f27-4c8633989809 26ca87b1b3324dddb79ad44d6e826bf6 47f08c3366dd447e8c92d7b83369e780 - - ee583b710bfd4bb2bf2b0a42e9676962 ee583b710bfd4bb2bf2b0a42e9676962] 199.204.45.89 "GET /v2.0/subnets?id=c501ad1c-4c94-40b0-8ad5-b2d0ca64c582 HTTP/1.1" status: 200 len: 853 time: 0.0664024 /var/lib/openstack/lib/python3.10/site-packages/pycadf/identifier.py:71: UserWarning: Invalid uuid: neutron. To ensure interoperability, identifiers should be a valid uuid. warnings.warn(('Invalid uuid: %s. To ensure interoperability, '
2026-07-08 06:17:50.669 10 INFO neutron.wsgi [req-9cfbdb18-fc96-417c-93ce-6f11e84b6f29 req-40ae7f98-4910-4f6d-b327-31ead027c77f 26ca87b1b3324dddb79ad44d6e826bf6 47f08c3366dd447e8c92d7b83369e780 - - ee583b710bfd4bb2bf2b0a42e9676962 ee583b710bfd4bb2bf2b0a42e9676962] 199.204.45.89 "GET /v2.0/ports?network_id=6099ae19-7412-48fc-9b12-277e15f58f50&device_owner=network%3Adhcp HTTP/1.1" status: 200 len: 210 time: 0.0214450
2026-07-08 06:17:50.720 10 INFO neutron.db.ovn_revision_numbers_db [None req-f4fdfdee-ccdf-42df-a5dc-747fc53e3c5c a28faf60d1424e41baab262f5819291a d3feb49460344360a080ac3639663a26 - - default default] Successfully bumped revision number for resource 0dbdecc1-0805-4d11-9137-ddf39684f985 (type: ports) to 2
2026-07-08 06:17:50.729 10 INFO neutron.wsgi [None req-f4fdfdee-ccdf-42df-a5dc-747fc53e3c5c a28faf60d1424e41baab262f5819291a d3feb49460344360a080ac3639663a26 - - default default] 10.0.0.36 "PUT /v2.0/ports/0dbdecc1-0805-4d11-9137-ddf39684f985 HTTP/1.1" status: 200 len: 946 time: 0.3689008
2026-07-08 06:17:50.750 10 INFO neutron.wsgi [req-9cfbdb18-fc96-417c-93ce-6f11e84b6f29 req-0692247a-6d32-40da-bfe4-20b10410e729 26ca87b1b3324dddb79ad44d6e826bf6 47f08c3366dd447e8c92d7b83369e780 - - ee583b710bfd4bb2bf2b0a42e9676962 ee583b710bfd4bb2bf2b0a42e9676962] 199.204.45.89 "GET /v2.0/networks/6099ae19-7412-48fc-9b12-277e15f58f50?fields=segments HTTP/1.1" status: 200 len: 212 time: 0.0637732
2026-07-08 06:17:50.780 9 INFO neutron.wsgi [None req-e6ef9142-61ef-47b5-ab47-a24e10e36415 85aa530b22e145b28dd3bc54f53014bc 813d7a541c064e20b1b35f0107af01bc - - default default] 10.0.0.36 "DELETE /v2.0/subnets/337835ec-f360-4e49-bacf-c290d1cd4bff HTTP/1.1" status: 204 len: 168 time: 0.1682873
2026-07-08 06:17:50.814 10 INFO neutron.wsgi [req-9cfbdb18-fc96-417c-93ce-6f11e84b6f29 req-ac11eddd-b2c1-43f0-9eeb-0829550b47fa 26ca87b1b3324dddb79ad44d6e826bf6 47f08c3366dd447e8c92d7b83369e780 - - ee583b710bfd4bb2bf2b0a42e9676962 ee583b710bfd4bb2bf2b0a42e9676962] 199.204.45.89 "GET /v2.0/networks/6099ae19-7412-48fc-9b12-277e15f58f50?fields=provider%3Aphysical_network&fields=provider%3Anetwork_type HTTP/1.1" status: 200 len: 277 time: 0.0573621
2026-07-08 06:17:50.926 10 INFO neutron.wsgi [None req-a37a5e8a-29f1-4749-8937-fd4bc8de28c3 b00b53b42b464be78d8c1355f816846c 0acc8688d26d4c0a8a95ebbfa8e0cafa - - default default] 10.0.0.36 "GET /v2.0/ports/f2bafd93-488b-4a24-bb9d-eb57f65febc0 HTTP/1.1" status: 200 len: 1135 time: 0.0480392
2026-07-08 06:17:50.994 10 INFO neutron.wsgi [None req-cd80768d-2b5e-442a-a89c-70700c198cdc a28faf60d1424e41baab262f5819291a d3feb49460344360a080ac3639663a26 - - default default] 10.0.0.36 "DELETE /v2.0/ports/0dbdecc1-0805-4d11-9137-ddf39684f985 HTTP/1.1" status: 204 len: 168 time: 0.2529027
2026-07-08 06:17:51.085 10 INFO neutron.wsgi [None req-b991c288-5138-4be6-976c-54e22f1b907e a28faf60d1424e41baab262f5819291a d3feb49460344360a080ac3639663a26 - - default default] 10.0.0.36 "GET /v2.0/ports HTTP/1.1" status: 200 len: 1729 time: 0.0858016
2026-07-08 06:17:51.107 10 INFO neutron.pecan_wsgi.hooks.translation [None req-929d332d-9d51-4d3e-81b6-3aabae6cbe15 a28faf60d1424e41baab262f5819291a d3feb49460344360a080ac3639663a26 - - default default] GET failed (client error): The resource could not be found.
2026-07-08 06:17:51.108 10 INFO neutron.wsgi [None req-929d332d-9d51-4d3e-81b6-3aabae6cbe15 a28faf60d1424e41baab262f5819291a d3feb49460344360a080ac3639663a26 - - default default] 10.0.0.36 "GET /v2.0/ports/0dbdecc1-0805-4d11-9137-ddf39684f985 HTTP/1.1" status: 404 len: 333 time: 0.0179529
2026-07-08 06:17:51.157 10 INFO neutron.wsgi [None req-9cbda3da-1a04-43e8-8f88-b59f3632c14b a28faf60d1424e41baab262f5819291a d3feb49460344360a080ac3639663a26 - - default default] 10.0.0.36 "GET /v2.0/ports HTTP/1.1" status: 200 len: 1729 time: 0.0405035
2026-07-08 06:17:51.157 9 INFO neutron.wsgi [None req-d089106c-7d25-4b61-a676-c06593c3bcd5 85aa530b22e145b28dd3bc54f53014bc 813d7a541c064e20b1b35f0107af01bc - - default default] 10.0.0.36 "DELETE /v2.0/networks/145cb617-e402-4698-8d05-6ca2b680a540 HTTP/1.1" status: 204 len: 168 time: 0.3727255
2026-07-08 06:17:51.194 10 INFO neutron.wsgi [None req-8194dcd9-c71d-4b98-8700-57ef01a06860 a28faf60d1424e41baab262f5819291a d3feb49460344360a080ac3639663a26 - - default default] 10.0.0.36 "GET /v2.0/ports/b03235bb-1c32-49e5-aff1-14b5d4d94c0e HTTP/1.1" status: 200 len: 969 time: 0.0292861
2026-07-08 06:17:51.216 10 INFO neutron.pecan_wsgi.hooks.translation [None req-9bfb0bb3-c94d-421f-b31d-7797ca31fe36 a28faf60d1424e41baab262f5819291a d3feb49460344360a080ac3639663a26 - - default default] DELETE failed (client error): The resource could not be found.
2026-07-08 06:17:51.218 10 INFO neutron.wsgi [None req-9bfb0bb3-c94d-421f-b31d-7797ca31fe36 a28faf60d1424e41baab262f5819291a d3feb49460344360a080ac3639663a26 - - default default] 10.0.0.36 "DELETE /v2.0/ports/363008e4-0eb8-49ed-b911-8ab814080eaf HTTP/1.1" status: 404 len: 333 time: 0.0196481
2026-07-08 06:17:51.240 10 INFO neutron.pecan_wsgi.hooks.translation [None req-0f94d3a5-6b03-4a64-9d0a-ad823259c9f4 a28faf60d1424e41baab262f5819291a d3feb49460344360a080ac3639663a26 - - default default] DELETE failed (client error): The resource could not be found.
2026-07-08 06:17:51.242 10 INFO neutron.wsgi [None req-0f94d3a5-6b03-4a64-9d0a-ad823259c9f4 a28faf60d1424e41baab262f5819291a d3feb49460344360a080ac3639663a26 - - default default] 10.0.0.36 "DELETE /v2.0/subnets/770015c7-afae-477a-b961-bf3401746e4f HTTP/1.1" status: 404 len: 337 time: 0.0194075
2026-07-08 06:17:51.261 9 INFO neutron.db.segments_db [None req-cccd3f86-071a-4954-9e27-21b952d7c192 85aa530b22e145b28dd3bc54f53014bc 813d7a541c064e20b1b35f0107af01bc - - default default] Added segment 6956d8e3-b59f-4801-bc28-828b2c1a638e of type geneve for network 85c1784e-4ba2-4519-a6c6-0b9cbb7609cd
2026-07-08 06:17:51.262 10 INFO neutron.pecan_wsgi.hooks.translation [None req-43a68ef4-c901-4463-991e-904889751725 a28faf60d1424e41baab262f5819291a d3feb49460344360a080ac3639663a26 - - default default] DELETE failed (client error): The resource could not be found.
2026-07-08 06:17:51.264 10 INFO neutron.wsgi [None req-43a68ef4-c901-4463-991e-904889751725 a28faf60d1424e41baab262f5819291a d3feb49460344360a080ac3639663a26 - - default default] 10.0.0.36 "DELETE /v2.0/subnets/9e4bdd5e-e6bc-4441-9142-80bbceaa69a9 HTTP/1.1" status: 404 len: 337 time: 0.0180602
2026-07-08 06:17:51.439 9 INFO neutron.db.ovn_revision_numbers_db [None req-cccd3f86-071a-4954-9e27-21b952d7c192 85aa530b22e145b28dd3bc54f53014bc 813d7a541c064e20b1b35f0107af01bc - - default default] Successfully bumped revision number for resource 85c1784e-4ba2-4519-a6c6-0b9cbb7609cd (type: networks) to 1
2026-07-08 06:17:51.515 10 INFO neutron.wsgi [None req-dcd98eab-bb78-481b-a03d-154ba44aa19f a28faf60d1424e41baab262f5819291a d3feb49460344360a080ac3639663a26 - - default default] 10.0.0.36 "DELETE /v2.0/ports/b03235bb-1c32-49e5-aff1-14b5d4d94c0e HTTP/1.1" status: 204 len: 168 time: 0.2457273
2026-07-08 06:17:51.599 9 WARNING neutron.scheduler.dhcp_agent_scheduler [None req-cccd3f86-071a-4954-9e27-21b952d7c192 85aa530b22e145b28dd3bc54f53014bc 813d7a541c064e20b1b35f0107af01bc - - default default] No more DHCP agents
2026-07-08 06:17:51.601 9 WARNING neutron.api.rpc.agentnotifiers.dhcp_rpc_agent_api [None req-cccd3f86-071a-4954-9e27-21b952d7c192 85aa530b22e145b28dd3bc54f53014bc 813d7a541c064e20b1b35f0107af01bc - - default default] Unable to schedule network 85c1784e-4ba2-4519-a6c6-0b9cbb7609cd: no agents available; will retry on subsequent port and subnet creation events.
2026-07-08 06:17:51.657 9 INFO neutron.services.segments.plugin [-] Segment 14bd66af-be1d-48b2-8fe2-91e5b4e66312 resource provider aggregate not found
2026-07-08 06:17:51.665 9 INFO neutron.services.segments.plugin [-] Segment 14bd66af-be1d-48b2-8fe2-91e5b4e66312 resource provider aggregate not found
2026-07-08 06:17:51.671 9 INFO neutron.services.segments.plugin [-] Segment 14bd66af-be1d-48b2-8fe2-91e5b4e66312 resource provider not found; error: Placement Client Error (4xx): {"errors": [{"status": 404, "title": "Not Found", "detail": "The resource could not be found.\n\n No resource provider with uuid 14bd66af-be1d-48b2-8fe2-91e5b4e66312 found for delete ", "request_id": "req-f9292812-9fdd-436a-831d-3860f8b537d7"}]}
2026-07-08 06:17:51.678 9 INFO neutron.services.segments.plugin [-] Segment 14bd66af-be1d-48b2-8fe2-91e5b4e66312 resource provider not found; error: Placement Client Error (4xx): {"errors": [{"status": 404, "title": "Not Found", "detail": "The resource could not be found.\n\n No resource provider with uuid 14bd66af-be1d-48b2-8fe2-91e5b4e66312 found for delete ", "request_id": "req-e30a1e92-354a-4fa1-a1fd-1187864293fd"}]}
2026-07-08 06:17:51.694 9 INFO neutron.db.ovn_revision_numbers_db [None req-cccd3f86-071a-4954-9e27-21b952d7c192 85aa530b22e145b28dd3bc54f53014bc 813d7a541c064e20b1b35f0107af01bc - - default default] Successfully bumped revision number for resource b1d2e7ee-1ae0-475e-a0e3-65589ad9db1e (type: ports) to 1
2026-07-08 06:17:51.716 9 INFO neutron.wsgi [None req-cccd3f86-071a-4954-9e27-21b952d7c192 85aa530b22e145b28dd3bc54f53014bc 813d7a541c064e20b1b35f0107af01bc - - default default] 10.0.0.36 "POST /v2.0/networks HTTP/1.1" status: 201 len: 831 time: 0.5459483
2026-07-08 06:17:51.850 10 INFO neutron.services.segments.plugin [-] Segment 537b15f6-b4cd-4074-a2ba-dcbb3ade813c resource provider aggregate not found
2026-07-08 06:17:51.856 10 INFO neutron.services.segments.plugin [-] Segment 537b15f6-b4cd-4074-a2ba-dcbb3ade813c resource provider aggregate not found
2026-07-08 06:17:51.870 10 INFO neutron.services.segments.plugin [-] Segment 537b15f6-b4cd-4074-a2ba-dcbb3ade813c resource provider not found; error: Placement Client Error (4xx): {"errors": [{"status": 404, "title": "Not Found", "detail": "The resource could not be found.\n\n No resource provider with uuid 537b15f6-b4cd-4074-a2ba-dcbb3ade813c found for delete ", "request_id": "req-ccabac0c-370a-46e7-b978-e4e7bc175ddc"}]}
2026-07-08 06:17:51.873 10 INFO neutron.services.segments.plugin [-] Segment 537b15f6-b4cd-4074-a2ba-dcbb3ade813c resource provider not found; error: Placement Client Error (4xx): {"errors": [{"status": 404, "title": "Not Found", "detail": "The resource could not be found.\n\n No resource provider with uuid 537b15f6-b4cd-4074-a2ba-dcbb3ade813c found for delete ", "request_id": "req-4af4ff9b-6469-448a-b5d7-392d3157d33d"}]}
2026-07-08 06:17:51.892 10 INFO neutron.wsgi [None req-95227f70-d507-4da2-812a-d252a7abd2c0 a28faf60d1424e41baab262f5819291a d3feb49460344360a080ac3639663a26 - - default default] 10.0.0.36 "DELETE /v2.0/networks/7b3cf3d7-838c-483f-8e81-5aa60e40f046 HTTP/1.1" status: 204 len: 168 time: 0.3719077
2026-07-08 06:17:51.972 10 INFO neutron.wsgi [None req-c4ad7329-65ed-4d26-9e06-efe3525c9b05 b00b53b42b464be78d8c1355f816846c 0acc8688d26d4c0a8a95ebbfa8e0cafa - - default default] 10.0.0.36 "GET /v2.0/ports/f2bafd93-488b-4a24-bb9d-eb57f65febc0 HTTP/1.1" status: 200 len: 1135 time: 0.0405071
2026-07-08 06:17:51.974 9 WARNING neutron.scheduler.dhcp_agent_scheduler [None req-9dcb6500-9ba7-4617-b0f4-78b2f102f6bd 85aa530b22e145b28dd3bc54f53014bc 813d7a541c064e20b1b35f0107af01bc - - default default] No more DHCP agents
2026-07-08 06:17:51.976 9 WARNING neutron.api.rpc.agentnotifiers.dhcp_rpc_agent_api [None req-9dcb6500-9ba7-4617-b0f4-78b2f102f6bd 85aa530b22e145b28dd3bc54f53014bc 813d7a541c064e20b1b35f0107af01bc - - default default] Unable to schedule network 85c1784e-4ba2-4519-a6c6-0b9cbb7609cd: no agents available; will retry on subsequent port and subnet creation events.
2026-07-08 06:17:52.006 9 INFO neutron.db.ovn_revision_numbers_db [None req-9dcb6500-9ba7-4617-b0f4-78b2f102f6bd 85aa530b22e145b28dd3bc54f53014bc 813d7a541c064e20b1b35f0107af01bc - - default default] Successfully bumped revision number for resource f9a7cab9-b515-43e6-ac71-ff7d1b5cc0ee (type: subnets) to 0
2026-07-08 06:17:52.022 9 INFO neutron.wsgi [None req-9dcb6500-9ba7-4617-b0f4-78b2f102f6bd 85aa530b22e145b28dd3bc54f53014bc 813d7a541c064e20b1b35f0107af01bc - - default default] 10.0.0.36 "POST /v2.0/subnets HTTP/1.1" status: 201 len: 821 time: 0.3016522
2026-07-08 06:17:52.181 9 INFO neutron.db.ovn_revision_numbers_db [None req-853ce952-ffc2-49b8-baf8-1e3ba11c0090 85aa530b22e145b28dd3bc54f53014bc 813d7a541c064e20b1b35f0107af01bc - - default default] Successfully bumped revision number for resource 81679f0e-faf5-4792-814b-12854ca5fb11 (type: routers) to 1
2026-07-08 06:17:52.193 9 INFO neutron.wsgi [None req-853ce952-ffc2-49b8-baf8-1e3ba11c0090 85aa530b22e145b28dd3bc54f53014bc 813d7a541c064e20b1b35f0107af01bc - - default default] 10.0.0.36 "POST /v2.0/routers HTTP/1.1" status: 201 len: 691 time: 0.1666069
2026-07-08 06:17:52.507 10 INFO neutron.wsgi [None req-fff5b9ab-d518-4e9a-b6e8-7815e5c89edf f9d0012c80a44f34981be525aa95de34 31c8531259d447fa8358eb34b21b7e43 - - default default] 10.0.0.36 "GET /v2.0/security-groups?tenant_id=d3feb49460344360a080ac3639663a26&name=default HTTP/1.1" status: 200 len: 2996 time: 0.1208215
2026-07-08 06:17:52.544 9 WARNING neutron.scheduler.dhcp_agent_scheduler [None req-79c4027b-2a3b-4793-b71d-01225a97c78c 85aa530b22e145b28dd3bc54f53014bc 813d7a541c064e20b1b35f0107af01bc - - default default] No more DHCP agents
2026-07-08 06:17:52.547 9 WARNING neutron.api.rpc.agentnotifiers.dhcp_rpc_agent_api [None req-79c4027b-2a3b-4793-b71d-01225a97c78c 85aa530b22e145b28dd3bc54f53014bc 813d7a541c064e20b1b35f0107af01bc - - default default] Unable to schedule network 85c1784e-4ba2-4519-a6c6-0b9cbb7609cd: no agents available; will retry on subsequent port and subnet creation events.
2026-07-08 06:17:52.653 9 INFO neutron.db.ovn_revision_numbers_db [None req-79c4027b-2a3b-4793-b71d-01225a97c78c 85aa530b22e145b28dd3bc54f53014bc 813d7a541c064e20b1b35f0107af01bc - - default default] Successfully bumped revision number for resource 880ca3ef-22c8-4b67-9bfc-7279ce361c55 (type: ports) to 1
2026-07-08 06:17:52.690 10 INFO neutron.wsgi [None req-ec945ecc-9a74-4a27-a3ff-233c09f2236e f9d0012c80a44f34981be525aa95de34 31c8531259d447fa8358eb34b21b7e43 - - default default] 10.0.0.36 "DELETE /v2.0/security-groups/9bc102e9-aebe-4e85-8f6e-629e5dc36013 HTTP/1.1" status: 204 len: 168 time: 0.1780894
2026-07-08 06:17:53.055 9 INFO neutron.db.ovn_revision_numbers_db [None req-79c4027b-2a3b-4793-b71d-01225a97c78c 85aa530b22e145b28dd3bc54f53014bc 813d7a541c064e20b1b35f0107af01bc - - default default] Successfully bumped revision number for resource 880ca3ef-22c8-4b67-9bfc-7279ce361c55 (type: router_ports) to 1
2026-07-08 06:17:53.086 10 INFO neutron.wsgi [None req-ce669b71-fb85-40a6-a5c9-c79eaa061bc0 b00b53b42b464be78d8c1355f816846c 0acc8688d26d4c0a8a95ebbfa8e0cafa - - default default] 10.0.0.36 "GET /v2.0/ports/f2bafd93-488b-4a24-bb9d-eb57f65febc0 HTTP/1.1" status: 200 len: 1135 time: 0.1087472
2026-07-08 06:17:53.146 9 INFO neutron.db.ovn_revision_numbers_db [None req-79c4027b-2a3b-4793-b71d-01225a97c78c 85aa530b22e145b28dd3bc54f53014bc 813d7a541c064e20b1b35f0107af01bc - - default default] Successfully bumped revision number for resource 880ca3ef-22c8-4b67-9bfc-7279ce361c55 (type: ports) to 1
2026-07-08 06:17:53.209 9 WARNING neutron.scheduler.dhcp_agent_scheduler [None req-79c4027b-2a3b-4793-b71d-01225a97c78c 85aa530b22e145b28dd3bc54f53014bc 813d7a541c064e20b1b35f0107af01bc - - default default] No more DHCP agents
2026-07-08 06:17:53.210 9 WARNING neutron.api.rpc.agentnotifiers.dhcp_rpc_agent_api [None req-79c4027b-2a3b-4793-b71d-01225a97c78c 85aa530b22e145b28dd3bc54f53014bc 813d7a541c064e20b1b35f0107af01bc - - default default] Unable to schedule network 85c1784e-4ba2-4519-a6c6-0b9cbb7609cd: no agents available; will retry on subsequent port and subnet creation events.
2026-07-08 06:17:53.218 10 WARNING neutron.plugins.ml2.drivers.ovn.mech_driver.ovsdb.ovn_client [None req-1f3ac1b1-c9eb-4667-a03d-cc9a1820faa9 - - - - - -] No port found with ID 51c41c25-2609-4c9b-8bc7-9202a3c60e18: RuntimeError: No port found with ID 51c41c25-2609-4c9b-8bc7-9202a3c60e18
2026-07-08 06:17:53.238 10 INFO neutron.plugins.ml2.drivers.ovn.mech_driver.mech_driver [None req-1f3ac1b1-c9eb-4667-a03d-cc9a1820faa9 - - - - - -] OVN reports status down for port: 0dbdecc1-0805-4d11-9137-ddf39684f985
2026-07-08 06:17:53.272 10 INFO neutron.plugins.ml2.drivers.ovn.mech_driver.mech_driver [None req-1f3ac1b1-c9eb-4667-a03d-cc9a1820faa9 - - - - - -] OVN reports status up for port: 880ca3ef-22c8-4b67-9bfc-7279ce361c55
2026-07-08 06:17:53.283 10 INFO neutron.plugins.ml2.plugin [None req-1f3ac1b1-c9eb-4667-a03d-cc9a1820faa9 - - - - - -] Attempt 1 to provision port 880ca3ef-22c8-4b67-9bfc-7279ce361c55
2026-07-08 06:17:53.400 9 INFO neutron.db.ovn_revision_numbers_db [None req-79c4027b-2a3b-4793-b71d-01225a97c78c 85aa530b22e145b28dd3bc54f53014bc 813d7a541c064e20b1b35f0107af01bc - - default default] Successfully bumped revision number for resource 880ca3ef-22c8-4b67-9bfc-7279ce361c55 (type: router_ports) to 1
2026-07-08 06:17:53.402 9 INFO neutron.wsgi [None req-79c4027b-2a3b-4793-b71d-01225a97c78c 85aa530b22e145b28dd3bc54f53014bc 813d7a541c064e20b1b35f0107af01bc - - default default] 10.0.0.36 "PUT /v2.0/routers/81679f0e-faf5-4792-814b-12854ca5fb11/add_router_interface HTTP/1.1" status: 200 len: 503 time: 1.2027867
2026-07-08 06:17:53.435 9 INFO neutron.wsgi [None req-e24b6926-1342-4429-9d07-a1cac7292dea 85aa530b22e145b28dd3bc54f53014bc 813d7a541c064e20b1b35f0107af01bc - - default default] 10.0.0.36 "GET /v2.0/ports/880ca3ef-22c8-4b67-9bfc-7279ce361c55 HTTP/1.1" status: 200 len: 1139 time: 0.0303485
2026-07-08 06:17:53.469 9 INFO neutron.wsgi [None req-f31b56c4-10e5-4a64-a2e8-ec83ef839394 85aa530b22e145b28dd3bc54f53014bc 813d7a541c064e20b1b35f0107af01bc - - default default] 10.0.0.36 "GET /v2.0/ports/880ca3ef-22c8-4b67-9bfc-7279ce361c55 HTTP/1.1" status: 200 len: 1141 time: 0.0295744
2026-07-08 06:17:53.578 10 INFO neutron.db.ovn_revision_numbers_db [None req-1f3ac1b1-c9eb-4667-a03d-cc9a1820faa9 - - - - - -] Successfully bumped revision number for resource 880ca3ef-22c8-4b67-9bfc-7279ce361c55 (type: ports) to 2
2026-07-08 06:17:53.630 10 INFO neutron.wsgi [-] 10.0.0.203 "GET / HTTP/1.1" status: 200 len: 247 time: 0.0018098
2026-07-08 06:17:53.631 10 INFO neutron.wsgi [-] 10.0.0.203 "GET / HTTP/1.1" status: 200 len: 247 time: 0.0009284
2026-07-08 06:17:53.706 10 INFO neutron.db.ovn_revision_numbers_db [None req-1f3ac1b1-c9eb-4667-a03d-cc9a1820faa9 - - - - - -] Successfully bumped revision number for resource 880ca3ef-22c8-4b67-9bfc-7279ce361c55 (type: router_ports) to 2
2026-07-08 06:17:54.065 9 INFO neutron.wsgi [None req-0bb92ea0-a658-44ad-a685-989bc54ae0ad 85aa530b22e145b28dd3bc54f53014bc 813d7a541c064e20b1b35f0107af01bc - - default default] 10.0.0.36 "PUT /v2.0/routers/81679f0e-faf5-4792-814b-12854ca5fb11/remove_router_interface HTTP/1.1" status: 200 len: 503 time: 0.5916815 /var/lib/openstack/lib/python3.10/site-packages/pycadf/identifier.py:71: UserWarning: Invalid uuid: neutron. To ensure interoperability, identifiers should be a valid uuid. warnings.warn(('Invalid uuid: %s. To ensure interoperability, ' /var/lib/openstack/lib/python3.10/site-packages/pycadf/identifier.py:71: UserWarning: Invalid uuid: neutron. To ensure interoperability, identifiers should be a valid uuid. warnings.warn(('Invalid uuid: %s. To ensure interoperability, '
2026-07-08 06:17:54.122 10 INFO neutron.wsgi [None req-b3ecb444-78f9-488b-ae84-396a19285463 85aa530b22e145b28dd3bc54f53014bc 813d7a541c064e20b1b35f0107af01bc - - default default] 10.0.0.36 "GET /v2.0/ports?device_id=81679f0e-faf5-4792-814b-12854ca5fb11 HTTP/1.1" status: 200 len: 205 time: 0.0526173
2026-07-08 06:17:54.229 9 INFO neutron.wsgi [None req-3ec27689-8ecb-4666-9733-1ba167e10e45 b00b53b42b464be78d8c1355f816846c 0acc8688d26d4c0a8a95ebbfa8e0cafa - - default default] 10.0.0.36 "GET /v2.0/ports/f2bafd93-488b-4a24-bb9d-eb57f65febc0 HTTP/1.1" status: 200 len: 1135 time: 0.1231461
2026-07-08 06:17:54.367 10 INFO neutron.wsgi [None req-1da75010-e3c6-4e3f-8cb3-606609bc84f1 85aa530b22e145b28dd3bc54f53014bc 813d7a541c064e20b1b35f0107af01bc - - default default] 10.0.0.36 "DELETE /v2.0/routers/81679f0e-faf5-4792-814b-12854ca5fb11 HTTP/1.1" status: 204 len: 168 time: 0.2320921
2026-07-08 06:17:54.440 9 INFO neutron.wsgi [-] 10.0.0.36 "GET / HTTP/1.1" status: 200 len: 279 time: 0.0020423
2026-07-08 06:17:54.560 10 INFO neutron.wsgi [None req-cd04681b-f2e1-4e59-aad3-eb0d7eb289a7 85aa530b22e145b28dd3bc54f53014bc 813d7a541c064e20b1b35f0107af01bc - - default default] 10.0.0.36 "DELETE /v2.0/subnets/f9a7cab9-b515-43e6-ac71-ff7d1b5cc0ee HTTP/1.1" status: 204 len: 168 time: 0.1876783
2026-07-08 06:17:54.590 9 INFO neutron.wsgi [None req-68a63081-6b69-40a1-819f-fdf3d352d824 092fd0ab00b94af2b0423fffa7cd6a16 dd70d106426a4abea74e6e46d08f13a5 - - default default] 10.0.0.36 "GET /v2.0/ HTTP/1.1" status: 200 len: 826 time: 0.1459477
2026-07-08 06:17:54.799 9 WARNING neutron.plugins.ml2.drivers.ovn.mech_driver.ovsdb.ovn_client [None req-41e60fba-ef33-4b33-94db-723173586111 - - - - - -] No hosting information found for port d66a5fd6-31aa-4b0b-b1d5-90c55250b972: RuntimeError: No hosting information found for port d66a5fd6-31aa-4b0b-b1d5-90c55250b972
2026-07-08 06:17:54.800 9 INFO neutron.plugins.ml2.drivers.ovn.mech_driver.mech_driver [None req-41e60fba-ef33-4b33-94db-723173586111 - - - - - -] OVN reports status up for port: f2bafd93-488b-4a24-bb9d-eb57f65febc0
2026-07-08 06:17:54.808 9 INFO neutron.plugins.ml2.plugin [None req-41e60fba-ef33-4b33-94db-723173586111 - - - - - -] Attempt 1 to provision port f2bafd93-488b-4a24-bb9d-eb57f65febc0
2026-07-08 06:17:54.871 10 INFO neutron.services.segments.plugin [-] Segment 6956d8e3-b59f-4801-bc28-828b2c1a638e resource provider aggregate not found
2026-07-08 06:17:54.877 10 INFO neutron.services.segments.plugin [-] Segment 6956d8e3-b59f-4801-bc28-828b2c1a638e resource provider aggregate not found
2026-07-08 06:17:54.889 10 INFO neutron.services.segments.plugin [-] Segment 6956d8e3-b59f-4801-bc28-828b2c1a638e resource provider not found; error: Placement Client Error (4xx): {"errors": [{"status": 404, "title": "Not Found", "detail": "The resource could not be found.\n\n No resource provider with uuid 6956d8e3-b59f-4801-bc28-828b2c1a638e found for delete ", "request_id": "req-ecff5455-0541-47b9-83b8-32b381a72414"}]}
2026-07-08 06:17:54.893 10 INFO neutron.services.segments.plugin [-] Segment 6956d8e3-b59f-4801-bc28-828b2c1a638e resource provider not found; error: Placement Client Error (4xx): {"errors": [{"status": 404, "title": "Not Found", "detail": "The resource could not be found.\n\n No resource provider with uuid 6956d8e3-b59f-4801-bc28-828b2c1a638e found for delete ", "request_id": "req-d464f4c3-09ad-4374-8760-fbb391e24cd6"}]}
2026-07-08 06:17:54.909 10 INFO neutron.wsgi [None req-e5c33210-3b24-468d-94c1-fbaf62f3bc83 85aa530b22e145b28dd3bc54f53014bc 813d7a541c064e20b1b35f0107af01bc - - default default] 10.0.0.36 "DELETE /v2.0/networks/85c1784e-4ba2-4519-a6c6-0b9cbb7609cd HTTP/1.1" status: 204 len: 168 time: 0.3439605
2026-07-08 06:17:55.101 9 INFO neutron.db.ovn_revision_numbers_db [None req-41e60fba-ef33-4b33-94db-723173586111 - - - - - -] Successfully bumped revision number for resource f2bafd93-488b-4a24-bb9d-eb57f65febc0 (type: ports) to 2
2026-07-08 06:17:55.307 10 INFO neutron.wsgi [None req-96dc87a6-b9b2-4675-86ce-28f1aebeceb4 b00b53b42b464be78d8c1355f816846c 0acc8688d26d4c0a8a95ebbfa8e0cafa - - default default] 10.0.0.36 "GET /v2.0/ports/f2bafd93-488b-4a24-bb9d-eb57f65febc0 HTTP/1.1" status: 200 len: 1137 time: 0.0632808
2026-07-08 06:17:55.446 10 WARNING neutron.scheduler.dhcp_agent_scheduler [None req-a1f2c7fc-3c63-47a0-9cae-b329245e0cdb 85aa530b22e145b28dd3bc54f53014bc 813d7a541c064e20b1b35f0107af01bc - - default default] No more DHCP agents
2026-07-08 06:17:55.455 10 WARNING neutron.api.rpc.agentnotifiers.dhcp_rpc_agent_api [None req-a1f2c7fc-3c63-47a0-9cae-b329245e0cdb 85aa530b22e145b28dd3bc54f53014bc 813d7a541c064e20b1b35f0107af01bc - - default default] Unable to schedule network 4655023a-9bbe-40d8-8914-37a82927b034: no agents available; will retry on subsequent port and subnet creation events.
2026-07-08 06:17:55.510 9 INFO neutron.db.ovn_revision_numbers_db [None req-41e60fba-ef33-4b33-94db-723173586111 - - - - - -] Successfully bumped revision number for resource f2bafd93-488b-4a24-bb9d-eb57f65febc0 (type: router_ports) to 2
2026-07-08 06:17:55.603 9 INFO neutron.db.ovn_revision_numbers_db [None req-a5c9de00-cb61-4b54-ad86-8253d9701946 f9d0012c80a44f34981be525aa95de34 31c8531259d447fa8358eb34b21b7e43 - - default default] Successfully bumped revision number for resource b9f78ff1-69b3-4ef6-9e26-2d52f5c4aac2 (type: security_groups) to 1
2026-07-08 06:17:55.617 9 INFO neutron.db.ovn_revision_numbers_db [None req-a5c9de00-cb61-4b54-ad86-8253d9701946 f9d0012c80a44f34981be525aa95de34 31c8531259d447fa8358eb34b21b7e43 - - default default] Successfully bumped revision number for resource 5306f914-ed0e-4803-ae08-0f0967584522 (type: security_group_rules) to 0
2026-07-08 06:17:55.630 9 INFO neutron.db.ovn_revision_numbers_db [None req-a5c9de00-cb61-4b54-ad86-8253d9701946 f9d0012c80a44f34981be525aa95de34 31c8531259d447fa8358eb34b21b7e43 - - default default] Successfully bumped revision number for resource 53a51450-3152-458c-bc7d-15bd131df731 (type: security_group_rules) to 0
2026-07-08 06:17:55.643 9 INFO neutron.db.ovn_revision_numbers_db [None req-a5c9de00-cb61-4b54-ad86-8253d9701946 f9d0012c80a44f34981be525aa95de34 31c8531259d447fa8358eb34b21b7e43 - - default default] Successfully bumped revision number for resource 659c206a-bc7e-49af-8278-dfd077ea19c1 (type: security_group_rules) to 0
2026-07-08 06:17:55.657 9 INFO neutron.db.ovn_revision_numbers_db [None req-a5c9de00-cb61-4b54-ad86-8253d9701946 f9d0012c80a44f34981be525aa95de34 31c8531259d447fa8358eb34b21b7e43 - - default default] Successfully bumped revision number for resource 89cf1f38-e26f-4eb5-b6cd-49b68ff52287 (type: security_group_rules) to 0
2026-07-08 06:17:55.679 9 INFO neutron.wsgi [None req-a5c9de00-cb61-4b54-ad86-8253d9701946 f9d0012c80a44f34981be525aa95de34 31c8531259d447fa8358eb34b21b7e43 - - default default] 10.0.0.36 "GET /v2.0/security-groups?tenant_id=dd70d106426a4abea74e6e46d08f13a5&name=default HTTP/1.1" status: 200 len: 2996 time: 0.5816653
2026-07-08 06:17:55.872 9 INFO neutron.wsgi [None req-47e67ab4-14f7-44bb-859e-f71b04f05f9f f9d0012c80a44f34981be525aa95de34 31c8531259d447fa8358eb34b21b7e43 - - default default] 10.0.0.36 "DELETE /v2.0/security-groups/b9f78ff1-69b3-4ef6-9e26-2d52f5c4aac2 HTTP/1.1" status: 204 len: 168 time: 0.1877854
2026-07-08 06:17:55.889 10 INFO neutron.db.ovn_revision_numbers_db [None req-a1f2c7fc-3c63-47a0-9cae-b329245e0cdb 85aa530b22e145b28dd3bc54f53014bc 813d7a541c064e20b1b35f0107af01bc - - default default] Successfully bumped revision number for resource c9453b33-95ec-4094-9122-f17dc5c919d5 (type: ports) to 1
2026-07-08 06:17:56.401 10 INFO neutron.wsgi [None req-c4d3bea1-710e-4b4a-a735-72777943ae5e b00b53b42b464be78d8c1355f816846c 0acc8688d26d4c0a8a95ebbfa8e0cafa - - default default] 10.0.0.36 "PUT /v2.0/routers/7738dc69-de7e-4f33-8702-f5525ef68807/remove_router_interface HTTP/1.1" status: 200 len: 503 time: 1.0878875
2026-07-08 06:17:56.503 9 INFO neutron.wsgi [None req-df17f8a2-29c4-44f0-bf34-7409f8fb15fe b00b53b42b464be78d8c1355f816846c 0acc8688d26d4c0a8a95ebbfa8e0cafa - - default default] 10.0.0.36 "GET /v2.0/ports/d66a5fd6-31aa-4b0b-b1d5-90c55250b972 HTTP/1.1" status: 200 len: 1137 time: 0.0981352
2026-07-08 06:17:56.613 10 INFO neutron.db.ovn_revision_numbers_db [None req-a1f2c7fc-3c63-47a0-9cae-b329245e0cdb 85aa530b22e145b28dd3bc54f53014bc 813d7a541c064e20b1b35f0107af01bc - - default default] Successfully bumped revision number for resource c9453b33-95ec-4094-9122-f17dc5c919d5 (type: router_ports) to 1
2026-07-08 06:17:56.690 10 INFO neutron.db.ovn_revision_numbers_db [None req-a1f2c7fc-3c63-47a0-9cae-b329245e0cdb 85aa530b22e145b28dd3bc54f53014bc 813d7a541c064e20b1b35f0107af01bc - - default default] Successfully bumped revision number for resource 95cdcf0e-af23-4250-94fd-738117e1f065 (type: routers) to 2
2026-07-08 06:17:56.705 10 INFO neutron.wsgi [None req-a1f2c7fc-3c63-47a0-9cae-b329245e0cdb 85aa530b22e145b28dd3bc54f53014bc 813d7a541c064e20b1b35f0107af01bc - - default default] 10.0.0.36 "POST /v2.0/routers HTTP/1.1" status: 201 len: 872 time: 1.7868097 /var/lib/openstack/lib/python3.10/site-packages/pycadf/identifier.py:71: UserWarning: Invalid uuid: neutron. To ensure interoperability, identifiers should be a valid uuid. warnings.warn(('Invalid uuid: %s. To ensure interoperability, '
2026-07-08 06:17:56.779 10 INFO neutron.wsgi [None req-71c8a1b5-ca49-40e1-ae12-bd9a1ff6850c 85aa530b22e145b28dd3bc54f53014bc 813d7a541c064e20b1b35f0107af01bc - - default default] 10.0.0.36 "GET /v2.0/routers/95cdcf0e-af23-4250-94fd-738117e1f065 HTTP/1.1" status: 200 len: 873 time: 0.0682149
2026-07-08 06:17:56.893 10 INFO neutron.wsgi [None req-68c08f45-f285-4eb8-ab86-07a30187891c 85aa530b22e145b28dd3bc54f53014bc 813d7a541c064e20b1b35f0107af01bc - - default default] 10.0.0.36 "GET /v2.0/routers HTTP/1.1" status: 200 len: 876 time: 0.1090820
2026-07-08 06:17:57.068 9 INFO neutron.wsgi [None req-cdc0f1e5-a9a8-438b-a078-9a4ddcf5ac45 b00b53b42b464be78d8c1355f816846c 0acc8688d26d4c0a8a95ebbfa8e0cafa - - default default] 10.0.0.36 "PUT /v2.0/routers/7738dc69-de7e-4f33-8702-f5525ef68807/remove_router_interface HTTP/1.1" status: 200 len: 503 time: 0.5607207 /var/lib/openstack/lib/python3.10/site-packages/pycadf/identifier.py:71: UserWarning: Invalid uuid: neutron. To ensure interoperability, identifiers should be a valid uuid. warnings.warn(('Invalid uuid: %s. To ensure interoperability, '
2026-07-08 06:17:57.099 9 INFO neutron.wsgi [None req-a8091fb5-0f76-4640-9ec4-6831e15f1058 b00b53b42b464be78d8c1355f816846c 0acc8688d26d4c0a8a95ebbfa8e0cafa - - default default] 10.0.0.36 "GET /v2.0/ports?device_id=7738dc69-de7e-4f33-8702-f5525ef68807 HTTP/1.1" status: 200 len: 205 time: 0.0246806
2026-07-08 06:17:57.317 9 INFO neutron.wsgi [None req-80ac588b-fa30-4d6c-88d2-43ee0b0d770e b00b53b42b464be78d8c1355f816846c 0acc8688d26d4c0a8a95ebbfa8e0cafa - - default default] 10.0.0.36 "DELETE /v2.0/routers/7738dc69-de7e-4f33-8702-f5525ef68807 HTTP/1.1" status: 204 len: 168 time: 0.2133763
2026-07-08 06:17:57.337 10 INFO neutron.db.ovn_revision_numbers_db [None req-e3f84162-58a4-4766-b47d-081798d42542 85aa530b22e145b28dd3bc54f53014bc 813d7a541c064e20b1b35f0107af01bc - - default default] Successfully bumped revision number for resource 95cdcf0e-af23-4250-94fd-738117e1f065 (type: routers) to 3
2026-07-08 06:17:57.341 10 INFO neutron.wsgi [None req-e3f84162-58a4-4766-b47d-081798d42542 85aa530b22e145b28dd3bc54f53014bc 813d7a541c064e20b1b35f0107af01bc - - default default] 10.0.0.36 "PUT /v2.0/routers/95cdcf0e-af23-4250-94fd-738117e1f065 HTTP/1.1" status: 200 len: 880 time: 0.4426169
2026-07-08 06:17:57.442 9 INFO neutron.wsgi [None req-51d7c63b-88fc-44b6-a526-fc2b5c2934ec 85aa530b22e145b28dd3bc54f53014bc 813d7a541c064e20b1b35f0107af01bc - - default default] 10.0.0.36 "GET /v2.0/routers/95cdcf0e-af23-4250-94fd-738117e1f065 HTTP/1.1" status: 200 len: 880 time: 0.0949495
2026-07-08 06:17:57.468 10 INFO neutron.wsgi [None req-6d752962-e1aa-47b7-bfc6-1432bb592853 85aa530b22e145b28dd3bc54f53014bc 813d7a541c064e20b1b35f0107af01bc - - default default] 10.0.0.36 "GET /v2.0/ports?device_id=95cdcf0e-af23-4250-94fd-738117e1f065 HTTP/1.1" status: 200 len: 205 time: 0.0200090
2026-07-08 06:17:57.560 9 INFO neutron.wsgi [None req-2c52f3a4-6728-4eea-9d9e-a858bf982f48 b00b53b42b464be78d8c1355f816846c 0acc8688d26d4c0a8a95ebbfa8e0cafa - - default default] 10.0.0.36 "DELETE /v2.0/subnets/2097a04b-6aba-4458-8ced-360390721f61 HTTP/1.1" status: 204 len: 168 time: 0.2374787
2026-07-08 06:17:57.748 9 INFO neutron.wsgi [None req-1db51b51-8645-48b6-a10f-e1226c1f148b b00b53b42b464be78d8c1355f816846c 0acc8688d26d4c0a8a95ebbfa8e0cafa - - default default] 10.0.0.36 "DELETE /v2.0/subnets/cae1427c-328b-4a7d-adb2-df6b6bdb9ed8 HTTP/1.1" status: 204 len: 168 time: 0.1825981
2026-07-08 06:17:58.089 9 INFO neutron.services.segments.plugin [-] Segment a7754843-0013-4cfb-b8f6-a889d39687c0 resource provider aggregate not found
2026-07-08 06:17:58.093 9 INFO neutron.services.segments.plugin [-] Segment a7754843-0013-4cfb-b8f6-a889d39687c0 resource provider aggregate not found
2026-07-08 06:17:58.109 9 INFO neutron.services.segments.plugin [-] Segment a7754843-0013-4cfb-b8f6-a889d39687c0 resource provider not found; error: Placement Client Error (4xx): {"errors": [{"status": 404, "title": "Not Found", "detail": "The resource could not be found.\n\n No resource provider with uuid a7754843-0013-4cfb-b8f6-a889d39687c0 found for delete ", "request_id": "req-4efffbb1-7655-45a9-8256-97d8c71c8155"}]}
2026-07-08 06:17:58.111 9 INFO neutron.services.segments.plugin [-] Segment a7754843-0013-4cfb-b8f6-a889d39687c0 resource provider not found; error: Placement Client Error (4xx): {"errors": [{"status": 404, "title": "Not Found", "detail": "The resource could not be found.\n\n No resource provider with uuid a7754843-0013-4cfb-b8f6-a889d39687c0 found for delete ", "request_id": "req-73241cec-4d32-48b7-a5fb-078f10b353df"}]}
2026-07-08 06:17:58.136 9 INFO neutron.wsgi [None req-f5170121-d11e-4472-9d5d-f2ae8000f711 b00b53b42b464be78d8c1355f816846c 0acc8688d26d4c0a8a95ebbfa8e0cafa - - default default] 10.0.0.36 "DELETE /v2.0/networks/15089ddc-250c-44b8-805b-09bfd744d7ca HTTP/1.1" status: 204 len: 168 time: 0.3822730
2026-07-08 06:17:58.267 10 INFO neutron.wsgi [None req-623a1534-c392-4d56-8717-a94ccc5f5720 85aa530b22e145b28dd3bc54f53014bc 813d7a541c064e20b1b35f0107af01bc - - default default] 10.0.0.36 "DELETE /v2.0/routers/95cdcf0e-af23-4250-94fd-738117e1f065 HTTP/1.1" status: 204 len: 168 time: 0.7945709
2026-07-08 06:17:58.304 10 INFO neutron.wsgi [None req-acf73bb6-d3a2-4703-85b3-e33bb8c06ab6 85aa530b22e145b28dd3bc54f53014bc 813d7a541c064e20b1b35f0107af01bc - - default default] 10.0.0.36 "GET /v2.0/ports?device_id=95cdcf0e-af23-4250-94fd-738117e1f065 HTTP/1.1" status: 200 len: 205 time: 0.0273983
2026-07-08 06:17:58.330 10 INFO neutron.api.v2.resource [None req-75f05a75-688f-4abe-b7e3-1cb54daa4b45 85aa530b22e145b28dd3bc54f53014bc 813d7a541c064e20b1b35f0107af01bc - - default default] delete failed (client error): The resource could not be found.
2026-07-08 06:17:58.331 10 INFO neutron.wsgi [None req-75f05a75-688f-4abe-b7e3-1cb54daa4b45 85aa530b22e145b28dd3bc54f53014bc 813d7a541c064e20b1b35f0107af01bc - - default default] 10.0.0.36 "DELETE /v2.0/routers/95cdcf0e-af23-4250-94fd-738117e1f065 HTTP/1.1" status: 404 len: 336 time: 0.0238991
2026-07-08 06:17:58.353 10 INFO neutron.wsgi [None req-492c48fe-5c7e-4f06-b008-edbcae240c60 85aa530b22e145b28dd3bc54f53014bc 813d7a541c064e20b1b35f0107af01bc - - default default] 10.0.0.36 "GET /v2.0/ports?device_id=81679f0e-faf5-4792-814b-12854ca5fb11 HTTP/1.1" status: 200 len: 205 time: 0.0171854
2026-07-08 06:17:58.397 10 INFO neutron.api.v2.resource [None req-90a69cdd-e0d7-4ff8-a986-e352f2994e2b 85aa530b22e145b28dd3bc54f53014bc 813d7a541c064e20b1b35f0107af01bc - - default default] delete failed (client error): The resource could not be found.
2026-07-08 06:17:58.398 10 INFO neutron.wsgi [None req-90a69cdd-e0d7-4ff8-a986-e352f2994e2b 85aa530b22e145b28dd3bc54f53014bc 813d7a541c064e20b1b35f0107af01bc - - default default] 10.0.0.36 "DELETE /v2.0/routers/81679f0e-faf5-4792-814b-12854ca5fb11 HTTP/1.1" status: 404 len: 336 time: 0.0395620
2026-07-08 06:17:58.414 10 INFO neutron.pecan_wsgi.hooks.translation [None req-98c4fd10-3b8b-47cd-81ae-2aa9fbaf7eb3 85aa530b22e145b28dd3bc54f53014bc 813d7a541c064e20b1b35f0107af01bc - - default default] DELETE failed (client error): The resource could not be found.
2026-07-08 06:17:58.417 10 INFO neutron.wsgi [None req-98c4fd10-3b8b-47cd-81ae-2aa9fbaf7eb3 85aa530b22e145b28dd3bc54f53014bc 813d7a541c064e20b1b35f0107af01bc - - default default] 10.0.0.36 "DELETE /v2.0/subnets/f9a7cab9-b515-43e6-ac71-ff7d1b5cc0ee HTTP/1.1" status: 404 len: 337 time: 0.0142255
2026-07-08 06:17:58.438 10 INFO neutron.wsgi [None req-70edb7b4-209c-4b9f-931e-7d9d889d3815 85aa530b22e145b28dd3bc54f53014bc 813d7a541c064e20b1b35f0107af01bc - - default default] 10.0.0.36 "GET /v2.0/ports?device_id=1249ba30-ed54-4ec7-82dc-21931e85d5e3 HTTP/1.1" status: 200 len: 205 time: 0.0140369
2026-07-08 06:17:58.460 10 INFO neutron.api.v2.resource [None req-60fe371d-af33-47bf-ab12-16af4829460e 85aa530b22e145b28dd3bc54f53014bc 813d7a541c064e20b1b35f0107af01bc - - default default] delete failed (client error): The resource could not be found.
2026-07-08 06:17:58.461 10 INFO neutron.wsgi [None req-60fe371d-af33-47bf-ab12-16af4829460e 85aa530b22e145b28dd3bc54f53014bc 813d7a541c064e20b1b35f0107af01bc - - default default] 10.0.0.36 "DELETE /v2.0/routers/1249ba30-ed54-4ec7-82dc-21931e85d5e3 HTTP/1.1" status: 404 len: 336 time: 0.0173912
2026-07-08 06:17:58.486 10 INFO neutron.pecan_wsgi.hooks.translation [None req-8d2fc4ae-f4b8-4e40-a91e-90e9d4080269 85aa530b22e145b28dd3bc54f53014bc 813d7a541c064e20b1b35f0107af01bc - - default default] DELETE failed (client error): The resource could not be found.
2026-07-08 06:17:58.490 10 INFO neutron.wsgi [None req-8d2fc4ae-f4b8-4e40-a91e-90e9d4080269 85aa530b22e145b28dd3bc54f53014bc 813d7a541c064e20b1b35f0107af01bc - - default default] 10.0.0.36 "DELETE /v2.0/subnets/337835ec-f360-4e49-bacf-c290d1cd4bff HTTP/1.1" status: 404 len: 337 time: 0.0236902
2026-07-08 06:17:58.513 10 INFO neutron.wsgi [None req-ca146964-0c9e-4540-b2da-36eb068738b3 85aa530b22e145b28dd3bc54f53014bc 813d7a541c064e20b1b35f0107af01bc - - default default] 10.0.0.36 "GET /v2.0/ports?device_id=1603d802-365c-4c6f-b4ba-a6c3ec44f116 HTTP/1.1" status: 200 len: 205 time: 0.0197346
2026-07-08 06:17:58.521 9 INFO neutron.wsgi [None req-33a853fd-8344-4321-8a2f-dd7350451db6 b00b53b42b464be78d8c1355f816846c 0acc8688d26d4c0a8a95ebbfa8e0cafa - - default default] 10.0.0.36 "DELETE /v2.0/networks/5f442cab-dd0b-4225-a169-21ed85ebb9c0 HTTP/1.1" status: 204 len: 168 time: 0.3789973
2026-07-08 06:17:58.538 10 INFO neutron.api.v2.resource [None req-6ffe7892-e412-47d9-866a-2c44628485ae 85aa530b22e145b28dd3bc54f53014bc 813d7a541c064e20b1b35f0107af01bc - - default default] delete failed (client error): The resource could not be found.
2026-07-08 06:17:58.539 10 INFO neutron.wsgi [None req-6ffe7892-e412-47d9-866a-2c44628485ae 85aa530b22e145b28dd3bc54f53014bc 813d7a541c064e20b1b35f0107af01bc - - default default] 10.0.0.36 "DELETE /v2.0/routers/1603d802-365c-4c6f-b4ba-a6c3ec44f116 HTTP/1.1" status: 404 len: 336 time: 0.0198693
2026-07-08 06:17:58.558 10 INFO neutron.pecan_wsgi.hooks.translation [None req-81bd3bc5-f2d8-49cc-bdba-89da50eeeb5c 85aa530b22e145b28dd3bc54f53014bc 813d7a541c064e20b1b35f0107af01bc - - default default] DELETE failed (client error): The resource could not be found.
2026-07-08 06:17:58.560 10 INFO neutron.wsgi [None req-81bd3bc5-f2d8-49cc-bdba-89da50eeeb5c 85aa530b22e145b28dd3bc54f53014bc 813d7a541c064e20b1b35f0107af01bc - - default default] 10.0.0.36 "DELETE /v2.0/subnets/7495db88-1c70-4d9f-a703-d6087c8982af HTTP/1.1" status: 404 len: 337 time: 0.0159175
2026-07-08 06:17:58.583 10 INFO neutron.pecan_wsgi.hooks.translation [None req-e5f366da-f5cb-437d-a0d2-ac0d26de2f41 85aa530b22e145b28dd3bc54f53014bc 813d7a541c064e20b1b35f0107af01bc - - default default] DELETE failed (client error): The resource could not be found.
2026-07-08 06:17:58.585 10 INFO neutron.wsgi [None req-e5f366da-f5cb-437d-a0d2-ac0d26de2f41 85aa530b22e145b28dd3bc54f53014bc 813d7a541c064e20b1b35f0107af01bc - - default default] 10.0.0.36 "DELETE /v2.0/subnets/9df50fd8-2b68-4c66-94e4-0c189d3daf3a HTTP/1.1" status: 404 len: 337 time: 0.0210023
2026-07-08 06:17:58.634 9 INFO neutron.db.segments_db [None req-9974ee62-6be2-435e-b93e-9fd0daadfce3 b00b53b42b464be78d8c1355f816846c 0acc8688d26d4c0a8a95ebbfa8e0cafa - - default default] Added segment 28baed86-021c-4321-bb4f-1ed65f2a6f83 of type geneve for network ce0895a9-fc5e-4c2d-9f3d-508300c5140d
2026-07-08 06:17:58.793 9 INFO neutron.db.ovn_revision_numbers_db [None req-9974ee62-6be2-435e-b93e-9fd0daadfce3 b00b53b42b464be78d8c1355f816846c 0acc8688d26d4c0a8a95ebbfa8e0cafa - - default default] Successfully bumped revision number for resource ce0895a9-fc5e-4c2d-9f3d-508300c5140d (type: networks) to 1
2026-07-08 06:17:58.884 10 WARNING neutron.plugins.ml2.drivers.ovn.mech_driver.ovsdb.ovn_client [None req-1f3ac1b1-c9eb-4667-a03d-cc9a1820faa9 - - - - - -] No port found with ID 880ca3ef-22c8-4b67-9bfc-7279ce361c55: RuntimeError: No port found with ID 880ca3ef-22c8-4b67-9bfc-7279ce361c55
2026-07-08 06:17:58.885 10 INFO neutron.plugins.ml2.drivers.ovn.mech_driver.mech_driver [None req-1f3ac1b1-c9eb-4667-a03d-cc9a1820faa9 - - - - - -] OVN reports status up for port: c9453b33-95ec-4094-9122-f17dc5c919d5
2026-07-08 06:17:58.980 9 WARNING neutron.scheduler.dhcp_agent_scheduler [None req-9974ee62-6be2-435e-b93e-9fd0daadfce3 b00b53b42b464be78d8c1355f816846c 0acc8688d26d4c0a8a95ebbfa8e0cafa - - default default] No more DHCP agents
2026-07-08 06:17:58.982 9 WARNING neutron.api.rpc.agentnotifiers.dhcp_rpc_agent_api [None req-9974ee62-6be2-435e-b93e-9fd0daadfce3 b00b53b42b464be78d8c1355f816846c 0acc8688d26d4c0a8a95ebbfa8e0cafa - - default default] Unable to schedule network ce0895a9-fc5e-4c2d-9f3d-508300c5140d: no agents available; will retry on subsequent port and subnet creation events.
2026-07-08 06:17:59.063 9 INFO neutron.db.ovn_revision_numbers_db [None req-9974ee62-6be2-435e-b93e-9fd0daadfce3 b00b53b42b464be78d8c1355f816846c 0acc8688d26d4c0a8a95ebbfa8e0cafa - - default default] Successfully bumped revision number for resource fb980775-162f-4fd4-bbaf-7e505a08d03a (type: ports) to 1
2026-07-08 06:17:59.084 9 INFO neutron.wsgi [None req-9974ee62-6be2-435e-b93e-9fd0daadfce3 b00b53b42b464be78d8c1355f816846c 0acc8688d26d4c0a8a95ebbfa8e0cafa - - default default] 10.0.0.36 "POST /v2.0/networks HTTP/1.1" status: 201 len: 828 time: 0.5441849
2026-07-08 06:17:59.317 10 INFO neutron.wsgi [None req-837d4766-1c46-43c3-a0c5-1c113fc48d78 f9d0012c80a44f34981be525aa95de34 31c8531259d447fa8358eb34b21b7e43 - - default default] 10.0.0.36 "GET /v2.0/security-groups?tenant_id=813d7a541c064e20b1b35f0107af01bc&name=default HTTP/1.1" status: 200 len: 2996 time: 0.1673753
2026-07-08 06:17:59.386 9 WARNING neutron.scheduler.dhcp_agent_scheduler [None req-b99c9609-3bf8-414e-9d72-c6b5cd968374 b00b53b42b464be78d8c1355f816846c 0acc8688d26d4c0a8a95ebbfa8e0cafa - - default default] No more DHCP agents
2026-07-08 06:17:59.390 9 WARNING neutron.api.rpc.agentnotifiers.dhcp_rpc_agent_api [None req-b99c9609-3bf8-414e-9d72-c6b5cd968374 b00b53b42b464be78d8c1355f816846c 0acc8688d26d4c0a8a95ebbfa8e0cafa - - default default] Unable to schedule network ce0895a9-fc5e-4c2d-9f3d-508300c5140d: no agents available; will retry on subsequent port and subnet creation events.
2026-07-08 06:17:59.636 9 INFO neutron.wsgi [None req-8ef5f7a5-2ef5-4c9e-a46c-0320f9f4ccce f9d0012c80a44f34981be525aa95de34 31c8531259d447fa8358eb34b21b7e43 - - default default] 10.0.0.36 "DELETE /v2.0/security-groups/efb2470d-7606-4f08-a84d-22e36b08d422 HTTP/1.1" status: 204 len: 168 time: 0.3131168
2026-07-08 06:17:59.864 9 INFO neutron.db.ovn_revision_numbers_db [None req-b99c9609-3bf8-414e-9d72-c6b5cd968374 b00b53b42b464be78d8c1355f816846c 0acc8688d26d4c0a8a95ebbfa8e0cafa - - default default] Successfully bumped revision number for resource fb980775-162f-4fd4-bbaf-7e505a08d03a (type: ports) to 2
