2026-07-08 06:17:00.449 10 INFO neutron.db.ovn_revision_numbers_db [None req-de54a484-cd17-443e-8601-631fc5c03601 4093d35cf630484995d03e555eac5e4a cb7d16f570884884bbd5be2728a55339 - - default default] Successfully bumped revision number for resource b629c4bf-9244-4e6e-bcfe-06e8af7321d3 (type: networks) to 1
2026-07-08 06:17:00.480 10 INFO neutron.wsgi [None req-fbb43653-a550-4b1e-9796-da2f70491d8e a9664da90ff1450faeb06202fd487593 608886062bff44bfa83fb6585333adb1 - - default default] 10.0.0.36 "DELETE /v2.0/networks/d94774f1-4adc-427b-9f4c-71ff49a7feed HTTP/1.1" status: 204 len: 168 time: 0.5378103
2026-07-08 06:17:00.518 9 INFO neutron.db.ovn_revision_numbers_db [None req-66e01caf-a649-4294-ad4c-6295c10778ed f9d0012c80a44f34981be525aa95de34 31c8531259d447fa8358eb34b21b7e43 - - default default] Successfully bumped revision number for resource 4ca1d6de-f61c-4bcf-b491-7b1727043aee (type: security_groups) to 1
2026-07-08 06:17:00.543 9 INFO neutron.db.ovn_revision_numbers_db [None req-66e01caf-a649-4294-ad4c-6295c10778ed f9d0012c80a44f34981be525aa95de34 31c8531259d447fa8358eb34b21b7e43 - - default default] Successfully bumped revision number for resource 00f5328f-9941-47a2-bb2e-d08eda2b991d (type: security_group_rules) to 0
2026-07-08 06:17:00.557 9 INFO neutron.db.ovn_revision_numbers_db [None req-66e01caf-a649-4294-ad4c-6295c10778ed f9d0012c80a44f34981be525aa95de34 31c8531259d447fa8358eb34b21b7e43 - - default default] Successfully bumped revision number for resource 812d6aa3-8278-48e0-a684-9dfeead1a204 (type: security_group_rules) to 0
2026-07-08 06:17:00.577 9 INFO neutron.db.ovn_revision_numbers_db [None req-66e01caf-a649-4294-ad4c-6295c10778ed f9d0012c80a44f34981be525aa95de34 31c8531259d447fa8358eb34b21b7e43 - - default default] Successfully bumped revision number for resource b8412297-5bcf-45d6-acbf-38439baf95f2 (type: security_group_rules) to 0
2026-07-08 06:17:00.600 9 INFO neutron.db.ovn_revision_numbers_db [None req-66e01caf-a649-4294-ad4c-6295c10778ed f9d0012c80a44f34981be525aa95de34 31c8531259d447fa8358eb34b21b7e43 - - default default] Successfully bumped revision number for resource cb0405d1-3351-4a36-9680-8747668cdcab (type: security_group_rules) to 0
2026-07-08 06:17:00.629 9 INFO neutron.wsgi [None req-66e01caf-a649-4294-ad4c-6295c10778ed f9d0012c80a44f34981be525aa95de34 31c8531259d447fa8358eb34b21b7e43 - - default default] 10.0.0.36 "GET /v2.0/security-groups?tenant_id=7c9b1a07576f4d27908351dd18e8eecb&name=default HTTP/1.1" status: 200 len: 2996 time: 0.2228734
2026-07-08 06:17:00.645 10 WARNING neutron.scheduler.dhcp_agent_scheduler [None req-de54a484-cd17-443e-8601-631fc5c03601 4093d35cf630484995d03e555eac5e4a cb7d16f570884884bbd5be2728a55339 - - default default] No more DHCP agents
2026-07-08 06:17:00.648 10 WARNING neutron.api.rpc.agentnotifiers.dhcp_rpc_agent_api [None req-de54a484-cd17-443e-8601-631fc5c03601 4093d35cf630484995d03e555eac5e4a cb7d16f570884884bbd5be2728a55339 - - default default] Unable to schedule network b629c4bf-9244-4e6e-bcfe-06e8af7321d3: no agents available; will retry on subsequent port and subnet creation events.
2026-07-08 06:17:00.725 10 INFO neutron.db.ovn_revision_numbers_db [None req-de54a484-cd17-443e-8601-631fc5c03601 4093d35cf630484995d03e555eac5e4a cb7d16f570884884bbd5be2728a55339 - - default default] Successfully bumped revision number for resource ed78aa28-3150-4de2-932e-deb9a2cc22fc (type: ports) to 1
2026-07-08 06:17:00.746 10 INFO neutron.wsgi [None req-de54a484-cd17-443e-8601-631fc5c03601 4093d35cf630484995d03e555eac5e4a cb7d16f570884884bbd5be2728a55339 - - default default] 10.0.0.36 "POST /v2.0/networks HTTP/1.1" status: 201 len: 848 time: 0.6243033
2026-07-08 06:17:00.754 9 WARNING neutron.scheduler.dhcp_agent_scheduler [None req-096e19a4-ae4e-40e4-a86c-ee0e1c45a8a5 a9664da90ff1450faeb06202fd487593 608886062bff44bfa83fb6585333adb1 - - default default] No more DHCP agents
2026-07-08 06:17:00.758 9 WARNING neutron.api.rpc.agentnotifiers.dhcp_rpc_agent_api [None req-096e19a4-ae4e-40e4-a86c-ee0e1c45a8a5 a9664da90ff1450faeb06202fd487593 608886062bff44bfa83fb6585333adb1 - - default default] Unable to schedule network 53dabbfc-6da4-4487-8ecc-e546a594dc3e: no agents available; will retry on subsequent port and subnet creation events.
2026-07-08 06:17:00.838 10 INFO neutron.db.segments_db [None req-b31571af-df2a-42f9-920a-cd4b63227c13 4093d35cf630484995d03e555eac5e4a cb7d16f570884884bbd5be2728a55339 - - default default] Added segment 90bbc183-c177-491e-8222-391255dd8f0a of type geneve for network fbb18582-a029-466c-82e7-283326ee2fdc
2026-07-08 06:17:00.848 9 INFO neutron.db.ovn_revision_numbers_db [None req-096e19a4-ae4e-40e4-a86c-ee0e1c45a8a5 a9664da90ff1450faeb06202fd487593 608886062bff44bfa83fb6585333adb1 - - default default] Successfully bumped revision number for resource 95b715f4-bffd-4f96-9681-9383df10b2c9 (type: ports) to 1
2026-07-08 06:17:00.871 9 INFO neutron.wsgi [None req-096e19a4-ae4e-40e4-a86c-ee0e1c45a8a5 a9664da90ff1450faeb06202fd487593 608886062bff44bfa83fb6585333adb1 - - default default] 10.0.0.36 "POST /v2.0/ports HTTP/1.1" status: 201 len: 978 time: 0.3754671 /var/lib/openstack/lib/python3.10/site-packages/pycadf/identifier.py:71: UserWarning: Invalid uuid: neutron. To ensure interoperability, identifiers should be a valid uuid. warnings.warn(('Invalid uuid: %s. To ensure interoperability, '
2026-07-08 06:17:00.914 9 INFO neutron.wsgi [None req-adccf259-679a-43ef-b151-2c81cbb012a4 f9d0012c80a44f34981be525aa95de34 31c8531259d447fa8358eb34b21b7e43 - - default default] 10.0.0.36 "DELETE /v2.0/security-groups/4ca1d6de-f61c-4bcf-b491-7b1727043aee HTTP/1.1" status: 204 len: 168 time: 0.2811151
2026-07-08 06:17:00.967 10 INFO neutron.db.ovn_revision_numbers_db [None req-b31571af-df2a-42f9-920a-cd4b63227c13 4093d35cf630484995d03e555eac5e4a cb7d16f570884884bbd5be2728a55339 - - default default] Successfully bumped revision number for resource fbb18582-a029-466c-82e7-283326ee2fdc (type: networks) to 1
2026-07-08 06:17:01.093 9 INFO neutron.plugins.ml2.drivers.ovn.mech_driver.mech_driver [None req-41e60fba-ef33-4b33-94db-723173586111 - - - - - -] OVN reports status down for port: 95b715f4-bffd-4f96-9681-9383df10b2c9
2026-07-08 06:17:01.111 10 WARNING neutron.scheduler.dhcp_agent_scheduler [None req-b31571af-df2a-42f9-920a-cd4b63227c13 4093d35cf630484995d03e555eac5e4a cb7d16f570884884bbd5be2728a55339 - - default default] No more DHCP agents
2026-07-08 06:17:01.113 10 WARNING neutron.api.rpc.agentnotifiers.dhcp_rpc_agent_api [None req-b31571af-df2a-42f9-920a-cd4b63227c13 4093d35cf630484995d03e555eac5e4a cb7d16f570884884bbd5be2728a55339 - - default default] Unable to schedule network fbb18582-a029-466c-82e7-283326ee2fdc: no agents available; will retry on subsequent port and subnet creation events.
2026-07-08 06:17:01.125 9 INFO neutron.db.ovn_revision_numbers_db [None req-7105d37c-0c64-4c51-be05-571a647a9527 a9664da90ff1450faeb06202fd487593 608886062bff44bfa83fb6585333adb1 - - default default] Successfully bumped revision number for resource 95b715f4-bffd-4f96-9681-9383df10b2c9 (type: ports) to 2
2026-07-08 06:17:01.149 9 INFO neutron.wsgi [None req-7105d37c-0c64-4c51-be05-571a647a9527 a9664da90ff1450faeb06202fd487593 608886062bff44bfa83fb6585333adb1 - - default default] 10.0.0.36 "PUT /v2.0/ports/95b715f4-bffd-4f96-9681-9383df10b2c9 HTTP/1.1" status: 200 len: 946 time: 0.2698712
2026-07-08 06:17:01.199 10 INFO neutron.db.ovn_revision_numbers_db [None req-b31571af-df2a-42f9-920a-cd4b63227c13 4093d35cf630484995d03e555eac5e4a cb7d16f570884884bbd5be2728a55339 - - default default] Successfully bumped revision number for resource 41e93d7a-da7f-42e2-acea-e824d42c34e6 (type: ports) to 1
2026-07-08 06:17:01.225 10 INFO neutron.wsgi [None req-b31571af-df2a-42f9-920a-cd4b63227c13 4093d35cf630484995d03e555eac5e4a cb7d16f570884884bbd5be2728a55339 - - default default] 10.0.0.36 "POST /v2.0/networks HTTP/1.1" status: 201 len: 848 time: 0.4709949
2026-07-08 06:17:01.472 10 INFO neutron.wsgi [None req-357874b4-9ec3-488f-ab7d-2e2ba059e1c3 a9664da90ff1450faeb06202fd487593 608886062bff44bfa83fb6585333adb1 - - default default] 10.0.0.36 "DELETE /v2.0/ports/95b715f4-bffd-4f96-9681-9383df10b2c9 HTTP/1.1" status: 204 len: 168 time: 0.3154142 /var/lib/openstack/lib/python3.10/site-packages/pycadf/identifier.py:71: UserWarning: Invalid uuid: neutron. To ensure interoperability, identifiers should be a valid uuid. warnings.warn(('Invalid uuid: %s. To ensure interoperability, '
2026-07-08 06:17:01.573 9 INFO neutron.wsgi [None req-2be7a816-e5fb-4c10-bc0c-20e890d86c12 a9664da90ff1450faeb06202fd487593 608886062bff44bfa83fb6585333adb1 - - default default] 10.0.0.36 "GET /v2.0/ports HTTP/1.1" status: 200 len: 1733 time: 0.0962288
2026-07-08 06:17:01.593 9 INFO neutron.pecan_wsgi.hooks.translation [None req-bf81593c-98c7-460d-9690-4fe42c98066c a9664da90ff1450faeb06202fd487593 608886062bff44bfa83fb6585333adb1 - - default default] GET failed (client error): The resource could not be found.
2026-07-08 06:17:01.595 9 INFO neutron.wsgi [None req-bf81593c-98c7-460d-9690-4fe42c98066c a9664da90ff1450faeb06202fd487593 608886062bff44bfa83fb6585333adb1 - - default default] 10.0.0.36 "GET /v2.0/ports/95b715f4-bffd-4f96-9681-9383df10b2c9 HTTP/1.1" status: 404 len: 333 time: 0.0166235
2026-07-08 06:17:01.633 9 INFO neutron.wsgi [None req-71fa3b6c-4354-4e8c-bd72-cb686dbd09f5 a9664da90ff1450faeb06202fd487593 608886062bff44bfa83fb6585333adb1 - - default default] 10.0.0.36 "GET /v2.0/ports HTTP/1.1" status: 200 len: 1733 time: 0.0323577
2026-07-08 06:17:01.667 9 INFO neutron.wsgi [None req-cef398a9-a7e2-4697-9e1f-3fdf07aa0bd7 a9664da90ff1450faeb06202fd487593 608886062bff44bfa83fb6585333adb1 - - default default] 10.0.0.36 "GET /v2.0/ports/f590aa13-aebd-4edf-a1e5-f6167a5791d4 HTTP/1.1" status: 200 len: 973 time: 0.0248480
2026-07-08 06:17:01.688 9 INFO neutron.pecan_wsgi.hooks.translation [None req-9e46853e-a8d8-42c0-8fdc-34519f1e3fe7 a9664da90ff1450faeb06202fd487593 608886062bff44bfa83fb6585333adb1 - - default default] DELETE failed (client error): The resource could not be found.
2026-07-08 06:17:01.690 9 INFO neutron.wsgi [None req-9e46853e-a8d8-42c0-8fdc-34519f1e3fe7 a9664da90ff1450faeb06202fd487593 608886062bff44bfa83fb6585333adb1 - - default default] 10.0.0.36 "DELETE /v2.0/ports/f66b62e6-1b9a-485b-b023-ff61f857a514 HTTP/1.1" status: 404 len: 333 time: 0.0177090
2026-07-08 06:17:01.710 9 INFO neutron.pecan_wsgi.hooks.translation [None req-f322b004-df37-403a-968f-99bb5d959bbe a9664da90ff1450faeb06202fd487593 608886062bff44bfa83fb6585333adb1 - - default default] DELETE failed (client error): The resource could not be found.
2026-07-08 06:17:01.713 9 INFO neutron.wsgi [None req-f322b004-df37-403a-968f-99bb5d959bbe a9664da90ff1450faeb06202fd487593 608886062bff44bfa83fb6585333adb1 - - default default] 10.0.0.36 "DELETE /v2.0/subnets/049a1ffb-325d-4d35-9136-7f474161a2a8 HTTP/1.1" status: 404 len: 337 time: 0.0177736
2026-07-08 06:17:01.730 9 INFO neutron.pecan_wsgi.hooks.translation [None req-a07f168c-dd0a-4d2a-92dd-225cd79c1d34 a9664da90ff1450faeb06202fd487593 608886062bff44bfa83fb6585333adb1 - - default default] DELETE failed (client error): The resource could not be found.
2026-07-08 06:17:01.733 9 INFO neutron.wsgi [None req-a07f168c-dd0a-4d2a-92dd-225cd79c1d34 a9664da90ff1450faeb06202fd487593 608886062bff44bfa83fb6585333adb1 - - default default] 10.0.0.36 "DELETE /v2.0/subnets/0a9b725c-7170-40f0-a07e-2ef3370fd542 HTTP/1.1" status: 404 len: 337 time: 0.0151696
2026-07-08 06:17:01.761 10 INFO neutron.services.segments.plugin [-] Segment e10ab2bd-7765-4eb7-b32b-98588cfb92f3 resource provider aggregate not found
2026-07-08 06:17:01.779 10 INFO neutron.services.segments.plugin [-] Segment e10ab2bd-7765-4eb7-b32b-98588cfb92f3 resource provider aggregate not found
2026-07-08 06:17:01.785 10 INFO neutron.services.segments.plugin [-] Segment e10ab2bd-7765-4eb7-b32b-98588cfb92f3 resource provider not found; error: Placement Client Error (4xx): {"errors": [{"status": 404, "title": "Not Found", "detail": "The resource could not be found.\n\n No resource provider with uuid e10ab2bd-7765-4eb7-b32b-98588cfb92f3 found for delete ", "request_id": "req-9423cf57-ad0e-4122-90c5-b2aeb0c14c7b"}]}
2026-07-08 06:17:01.786 10 WARNING neutron.scheduler.dhcp_agent_scheduler [None req-a3ffdab6-2f6d-4dad-9db8-ae7cd9e2d645 4093d35cf630484995d03e555eac5e4a cb7d16f570884884bbd5be2728a55339 - - default default] No more DHCP agents
2026-07-08 06:17:01.791 10 WARNING neutron.api.rpc.agentnotifiers.dhcp_rpc_agent_api [None req-a3ffdab6-2f6d-4dad-9db8-ae7cd9e2d645 4093d35cf630484995d03e555eac5e4a cb7d16f570884884bbd5be2728a55339 - - default default] Unable to schedule network b629c4bf-9244-4e6e-bcfe-06e8af7321d3: no agents available; will retry on subsequent port and subnet creation events.
2026-07-08 06:17:01.801 10 INFO neutron.services.segments.plugin [-] Segment e10ab2bd-7765-4eb7-b32b-98588cfb92f3 resource provider not found; error: Placement Client Error (4xx): {"errors": [{"status": 404, "title": "Not Found", "detail": "The resource could not be found.\n\n No resource provider with uuid e10ab2bd-7765-4eb7-b32b-98588cfb92f3 found for delete ", "request_id": "req-76661b33-b383-4028-93ad-e7100772c78a"}]}
2026-07-08 06:17:01.890 10 INFO neutron.db.ovn_revision_numbers_db [None req-a3ffdab6-2f6d-4dad-9db8-ae7cd9e2d645 4093d35cf630484995d03e555eac5e4a cb7d16f570884884bbd5be2728a55339 - - default default] Successfully bumped revision number for resource 4ebcc300-c78d-431f-bb13-e3f6ee574c8d (type: ports) to 1
2026-07-08 06:17:01.926 10 WARNING neutron.scheduler.dhcp_agent_scheduler [None req-a3ffdab6-2f6d-4dad-9db8-ae7cd9e2d645 4093d35cf630484995d03e555eac5e4a cb7d16f570884884bbd5be2728a55339 - - default default] No more DHCP agents
2026-07-08 06:17:01.929 10 WARNING neutron.api.rpc.agentnotifiers.dhcp_rpc_agent_api [None req-a3ffdab6-2f6d-4dad-9db8-ae7cd9e2d645 4093d35cf630484995d03e555eac5e4a cb7d16f570884884bbd5be2728a55339 - - default default] Unable to schedule network fbb18582-a029-466c-82e7-283326ee2fdc: no agents available; will retry on subsequent port and subnet creation events.
2026-07-08 06:17:01.992 9 INFO neutron.wsgi [None req-5e10c325-f4ed-4750-8ea5-d8841510fc45 a9664da90ff1450faeb06202fd487593 608886062bff44bfa83fb6585333adb1 - - default default] 10.0.0.36 "DELETE /v2.0/ports/f590aa13-aebd-4edf-a1e5-f6167a5791d4 HTTP/1.1" status: 204 len: 168 time: 0.2549117
2026-07-08 06:17:02.039 10 INFO neutron.db.ovn_revision_numbers_db [None req-a3ffdab6-2f6d-4dad-9db8-ae7cd9e2d645 4093d35cf630484995d03e555eac5e4a cb7d16f570884884bbd5be2728a55339 - - default default] Successfully bumped revision number for resource a6592b6a-a290-4784-8ef9-79c63749c870 (type: ports) to 1
2026-07-08 06:17:02.073 10 INFO neutron.wsgi [None req-a3ffdab6-2f6d-4dad-9db8-ae7cd9e2d645 4093d35cf630484995d03e555eac5e4a cb7d16f570884884bbd5be2728a55339 - - default default] 10.0.0.36 "POST /v2.0/ports HTTP/1.1" status: 201 len: 1705 time: 0.8420806 /var/lib/openstack/lib/python3.10/site-packages/pycadf/identifier.py:71: UserWarning: Invalid uuid: neutron. To ensure interoperability, identifiers should be a valid uuid. warnings.warn(('Invalid uuid: %s. To ensure interoperability, '
2026-07-08 06:17:02.234 10 INFO neutron.wsgi [None req-62c67a30-85e6-49e8-8070-b0f378cf115e 4093d35cf630484995d03e555eac5e4a cb7d16f570884884bbd5be2728a55339 - - default default] 10.0.0.36 "GET /v2.0/ports HTTP/1.1" status: 200 len: 3212 time: 0.1547039
2026-07-08 06:17:02.316 9 INFO neutron.services.segments.plugin [-] Segment c324e8f9-fddc-4f77-955b-87271c0e4eac resource provider aggregate not found
2026-07-08 06:17:02.325 9 INFO neutron.services.segments.plugin [-] Segment c324e8f9-fddc-4f77-955b-87271c0e4eac resource provider aggregate not found
2026-07-08 06:17:02.344 9 INFO neutron.services.segments.plugin [-] Segment c324e8f9-fddc-4f77-955b-87271c0e4eac resource provider not found; error: Placement Client Error (4xx): {"errors": [{"status": 404, "title": "Not Found", "detail": "The resource could not be found.\n\n No resource provider with uuid c324e8f9-fddc-4f77-955b-87271c0e4eac found for delete ", "request_id": "req-1a47bbef-b722-4ae5-a0b7-271e2acc82f4"}]}
2026-07-08 06:17:02.349 9 INFO neutron.services.segments.plugin [-] Segment c324e8f9-fddc-4f77-955b-87271c0e4eac resource provider not found; error: Placement Client Error (4xx): {"errors": [{"status": 404, "title": "Not Found", "detail": "The resource could not be found.\n\n No resource provider with uuid c324e8f9-fddc-4f77-955b-87271c0e4eac found for delete ", "request_id": "req-8c7c2458-cd1c-4e13-881c-105bcf860c1e"}]}
2026-07-08 06:17:02.378 9 INFO neutron.wsgi [None req-921e76b4-66db-448e-a871-806e802f2d60 a9664da90ff1450faeb06202fd487593 608886062bff44bfa83fb6585333adb1 - - default default] 10.0.0.36 "DELETE /v2.0/networks/53dabbfc-6da4-4487-8ecc-e546a594dc3e HTTP/1.1" status: 204 len: 168 time: 0.3781459
2026-07-08 06:17:02.499 10 INFO neutron.wsgi [None req-6e6b46f5-ef4d-4c50-b498-48d6ab7a396c 4093d35cf630484995d03e555eac5e4a cb7d16f570884884bbd5be2728a55339 - - default default] 10.0.0.36 "DELETE /v2.0/ports/4ebcc300-c78d-431f-bb13-e3f6ee574c8d HTTP/1.1" status: 204 len: 168 time: 0.2598541
2026-07-08 06:17:02.611 15 INFO neutron.plugins.ml2.drivers.ovn.mech_driver.ovsdb.maintenance [None req-7b9468de-9718-4268-be16-d5326a8ec8ab - - - - - -] Maintenance task: Synchronization finished (took 0.75 seconds)
2026-07-08 06:17:02.744 10 INFO neutron.wsgi [None req-907b3996-446f-482d-ac9b-e9a27913b99a 4093d35cf630484995d03e555eac5e4a cb7d16f570884884bbd5be2728a55339 - - default default] 10.0.0.36 "DELETE /v2.0/ports/a6592b6a-a290-4784-8ef9-79c63749c870 HTTP/1.1" status: 204 len: 168 time: 0.2398758
2026-07-08 06:17:02.785 10 INFO neutron.wsgi [None req-c55e98c5-a68c-45a6-be58-7566ba7b4bb2 4093d35cf630484995d03e555eac5e4a cb7d16f570884884bbd5be2728a55339 - - default default] 10.0.0.36 "GET /v2.0/ports HTTP/1.1" status: 200 len: 1718 time: 0.0373306
2026-07-08 06:17:02.896 9 INFO neutron.db.segments_db [None req-431b130d-cce0-4e70-b706-672054793dae 4093d35cf630484995d03e555eac5e4a cb7d16f570884884bbd5be2728a55339 - - default default] Added segment f1e75c79-25fd-48c3-81f1-73609e9bdb81 of type geneve for network 0f0e7b77-8105-4d33-9b40-870203ef46c8
2026-07-08 06:17:03.059 9 INFO neutron.db.ovn_revision_numbers_db [None req-431b130d-cce0-4e70-b706-672054793dae 4093d35cf630484995d03e555eac5e4a cb7d16f570884884bbd5be2728a55339 - - default default] Successfully bumped revision number for resource 0f0e7b77-8105-4d33-9b40-870203ef46c8 (type: networks) to 1
2026-07-08 06:17:03.089 10 INFO neutron.wsgi [None req-20535694-aee0-479a-a399-750dbf186fb2 f9d0012c80a44f34981be525aa95de34 31c8531259d447fa8358eb34b21b7e43 - - default default] 10.0.0.36 "GET /v2.0/security-groups?tenant_id=608886062bff44bfa83fb6585333adb1&name=default HTTP/1.1" status: 200 len: 2996 time: 0.2012091
2026-07-08 06:17:03.223 9 WARNING neutron.scheduler.dhcp_agent_scheduler [None req-431b130d-cce0-4e70-b706-672054793dae 4093d35cf630484995d03e555eac5e4a cb7d16f570884884bbd5be2728a55339 - - default default] No more DHCP agents
2026-07-08 06:17:03.226 9 WARNING neutron.api.rpc.agentnotifiers.dhcp_rpc_agent_api [None req-431b130d-cce0-4e70-b706-672054793dae 4093d35cf630484995d03e555eac5e4a cb7d16f570884884bbd5be2728a55339 - - default default] Unable to schedule network 0f0e7b77-8105-4d33-9b40-870203ef46c8: no agents available; will retry on subsequent port and subnet creation events.
2026-07-08 06:17:03.285 9 INFO neutron.db.ovn_revision_numbers_db [None req-a7297dbf-f09f-4f17-9e48-f6c65c471fba f9d0012c80a44f34981be525aa95de34 31c8531259d447fa8358eb34b21b7e43 - - default default] Successfully bumped revision number for resource dc850351-e6c5-4e67-b8f9-6b80159b7137 (type: security_groups) to 1
2026-07-08 06:17:03.315 9 INFO neutron.db.ovn_revision_numbers_db [None req-a7297dbf-f09f-4f17-9e48-f6c65c471fba f9d0012c80a44f34981be525aa95de34 31c8531259d447fa8358eb34b21b7e43 - - default default] Successfully bumped revision number for resource 044f6ebc-9abe-4d10-941c-805dfb71e498 (type: security_group_rules) to 0
2026-07-08 06:17:03.332 10 INFO neutron.wsgi [None req-1861c5eb-db90-4285-9fb7-f61e0f844b64 f9d0012c80a44f34981be525aa95de34 31c8531259d447fa8358eb34b21b7e43 - - default default] 10.0.0.36 "DELETE /v2.0/security-groups/dfa7ac83-7472-4dc5-9dca-4f201210cfd2 HTTP/1.1" status: 204 len: 168 time: 0.2376149
2026-07-08 06:17:03.337 9 INFO neutron.db.ovn_revision_numbers_db [None req-a7297dbf-f09f-4f17-9e48-f6c65c471fba f9d0012c80a44f34981be525aa95de34 31c8531259d447fa8358eb34b21b7e43 - - default default] Successfully bumped revision number for resource 0e4f2229-4d71-40be-ae4b-5d36aa103b48 (type: security_group_rules) to 0
2026-07-08 06:17:03.340 9 INFO neutron.db.ovn_revision_numbers_db [None req-431b130d-cce0-4e70-b706-672054793dae 4093d35cf630484995d03e555eac5e4a cb7d16f570884884bbd5be2728a55339 - - default default] Successfully bumped revision number for resource 9b46babb-2eb4-4e96-98f9-47e60e3b69ce (type: ports) to 1
2026-07-08 06:17:03.362 9 INFO neutron.wsgi [None req-431b130d-cce0-4e70-b706-672054793dae 4093d35cf630484995d03e555eac5e4a cb7d16f570884884bbd5be2728a55339 - - default default] 10.0.0.36 "POST /v2.0/networks HTTP/1.1" status: 201 len: 849 time: 0.5675070
2026-07-08 06:17:03.363 9 INFO neutron.db.ovn_revision_numbers_db [None req-a7297dbf-f09f-4f17-9e48-f6c65c471fba f9d0012c80a44f34981be525aa95de34 31c8531259d447fa8358eb34b21b7e43 - - default default] Successfully bumped revision number for resource cd9339de-cb24-4a8d-8f74-933a39da61f9 (type: security_group_rules) to 0
2026-07-08 06:17:03.383 9 INFO neutron.db.ovn_revision_numbers_db [None req-a7297dbf-f09f-4f17-9e48-f6c65c471fba f9d0012c80a44f34981be525aa95de34 31c8531259d447fa8358eb34b21b7e43 - - default default] Successfully bumped revision number for resource e3d37ea0-aeab-4d37-94f9-01427bdadc65 (type: security_group_rules) to 0
2026-07-08 06:17:03.408 9 INFO neutron.wsgi [None req-a7297dbf-f09f-4f17-9e48-f6c65c471fba f9d0012c80a44f34981be525aa95de34 31c8531259d447fa8358eb34b21b7e43 - - default default] 10.0.0.36 "GET /v2.0/security-groups?tenant_id=dcb1c927bab8445fa8aa6457e8e3cd24&name=default HTTP/1.1" status: 200 len: 2996 time: 0.3859005
2026-07-08 06:17:03.617 10 INFO neutron.wsgi [None req-788a3903-bb29-40d3-944d-7b6c827ef7cf f9d0012c80a44f34981be525aa95de34 31c8531259d447fa8358eb34b21b7e43 - - default default] 10.0.0.36 "DELETE /v2.0/security-groups/dc850351-e6c5-4e67-b8f9-6b80159b7137 HTTP/1.1" status: 204 len: 168 time: 0.2029796
2026-07-08 06:17:03.622 9 INFO neutron.db.segments_db [None req-8c6c051d-2346-439f-8398-2151c8bc1f40 4093d35cf630484995d03e555eac5e4a cb7d16f570884884bbd5be2728a55339 - - default default] Added segment d0192c12-1616-4b9e-9260-da558516eadf of type geneve for network bdc89e0c-edb5-41e7-99c9-75178a33a9d0
2026-07-08 06:17:03.767 9 INFO neutron.db.ovn_revision_numbers_db [None req-8c6c051d-2346-439f-8398-2151c8bc1f40 4093d35cf630484995d03e555eac5e4a cb7d16f570884884bbd5be2728a55339 - - default default] Successfully bumped revision number for resource bdc89e0c-edb5-41e7-99c9-75178a33a9d0 (type: networks) to 1
2026-07-08 06:17:03.876 10 INFO neutron.db.ovn_revision_numbers_db [None req-731d69c9-a910-4bf1-9061-dae70d0bc02f f9d0012c80a44f34981be525aa95de34 31c8531259d447fa8358eb34b21b7e43 - - default default] Successfully bumped revision number for resource cdfaea60-bc02-434d-9c64-c99cd8b9f283 (type: security_groups) to 1
2026-07-08 06:17:03.891 10 INFO neutron.db.ovn_revision_numbers_db [None req-731d69c9-a910-4bf1-9061-dae70d0bc02f f9d0012c80a44f34981be525aa95de34 31c8531259d447fa8358eb34b21b7e43 - - default default] Successfully bumped revision number for resource 18ec206a-bdb5-4410-998c-2a156ab396b6 (type: security_group_rules) to 0
2026-07-08 06:17:03.910 10 INFO neutron.db.ovn_revision_numbers_db [None req-731d69c9-a910-4bf1-9061-dae70d0bc02f f9d0012c80a44f34981be525aa95de34 31c8531259d447fa8358eb34b21b7e43 - - default default] Successfully bumped revision number for resource 271847d3-c540-4c9a-abd2-3ad60b84e33e (type: security_group_rules) to 0
2026-07-08 06:17:03.926 10 INFO neutron.db.ovn_revision_numbers_db [None req-731d69c9-a910-4bf1-9061-dae70d0bc02f f9d0012c80a44f34981be525aa95de34 31c8531259d447fa8358eb34b21b7e43 - - default default] Successfully bumped revision number for resource 40b18fd0-577a-4750-b560-c2f32ff96227 (type: security_group_rules) to 0
2026-07-08 06:17:03.939 9 WARNING neutron.scheduler.dhcp_agent_scheduler [None req-8c6c051d-2346-439f-8398-2151c8bc1f40 4093d35cf630484995d03e555eac5e4a cb7d16f570884884bbd5be2728a55339 - - default default] No more DHCP agents
2026-07-08 06:17:03.942 9 WARNING neutron.api.rpc.agentnotifiers.dhcp_rpc_agent_api [None req-8c6c051d-2346-439f-8398-2151c8bc1f40 4093d35cf630484995d03e555eac5e4a cb7d16f570884884bbd5be2728a55339 - - default default] Unable to schedule network bdc89e0c-edb5-41e7-99c9-75178a33a9d0: no agents available; will retry on subsequent port and subnet creation events.
2026-07-08 06:17:03.951 10 INFO neutron.db.ovn_revision_numbers_db [None req-731d69c9-a910-4bf1-9061-dae70d0bc02f f9d0012c80a44f34981be525aa95de34 31c8531259d447fa8358eb34b21b7e43 - - default default] Successfully bumped revision number for resource eb358683-b046-480a-a14e-6f7efffb6193 (type: security_group_rules) to 0
2026-07-08 06:17:03.976 10 INFO neutron.wsgi [None req-731d69c9-a910-4bf1-9061-dae70d0bc02f f9d0012c80a44f34981be525aa95de34 31c8531259d447fa8358eb34b21b7e43 - - default default] 10.0.0.36 "GET /v2.0/security-groups?tenant_id=5b88179e5f7b4793ae92d3ac106ac8d8&name=default HTTP/1.1" status: 200 len: 2996 time: 0.2061880
2026-07-08 06:17:04.026 9 INFO neutron.db.ovn_revision_numbers_db [None req-8c6c051d-2346-439f-8398-2151c8bc1f40 4093d35cf630484995d03e555eac5e4a cb7d16f570884884bbd5be2728a55339 - - default default] Successfully bumped revision number for resource 4f02841b-8075-42a4-a36b-f4231690f745 (type: ports) to 1
2026-07-08 06:17:04.048 9 INFO neutron.wsgi [None req-8c6c051d-2346-439f-8398-2151c8bc1f40 4093d35cf630484995d03e555eac5e4a cb7d16f570884884bbd5be2728a55339 - - default default] 10.0.0.36 "POST /v2.0/networks HTTP/1.1" status: 201 len: 849 time: 0.6784825
2026-07-08 06:17:04.237 10 INFO neutron.wsgi [None req-ad3b6d7e-5891-431d-a040-b240ed828ff2 f9d0012c80a44f34981be525aa95de34 31c8531259d447fa8358eb34b21b7e43 - - default default] 10.0.0.36 "DELETE /v2.0/security-groups/cdfaea60-bc02-434d-9c64-c99cd8b9f283 HTTP/1.1" status: 204 len: 168 time: 0.2542512
2026-07-08 06:17:04.488 9 WARNING neutron.scheduler.dhcp_agent_scheduler [None req-9fd2586f-f789-4f30-8c24-fc2aec8388ca 4093d35cf630484995d03e555eac5e4a cb7d16f570884884bbd5be2728a55339 - - default default] No more DHCP agents
2026-07-08 06:17:04.491 9 WARNING neutron.api.rpc.agentnotifiers.dhcp_rpc_agent_api [None req-9fd2586f-f789-4f30-8c24-fc2aec8388ca 4093d35cf630484995d03e555eac5e4a cb7d16f570884884bbd5be2728a55339 - - default default] Unable to schedule network 0f0e7b77-8105-4d33-9b40-870203ef46c8: no agents available; will retry on subsequent port and subnet creation events.
2026-07-08 06:17:04.927 9 INFO neutron.db.ovn_revision_numbers_db [None req-9fd2586f-f789-4f30-8c24-fc2aec8388ca 4093d35cf630484995d03e555eac5e4a cb7d16f570884884bbd5be2728a55339 - - default default] Successfully bumped revision number for resource 9b46babb-2eb4-4e96-98f9-47e60e3b69ce (type: ports) to 2
2026-07-08 06:17:04.958 9 INFO neutron.db.ovn_revision_numbers_db [None req-9fd2586f-f789-4f30-8c24-fc2aec8388ca 4093d35cf630484995d03e555eac5e4a cb7d16f570884884bbd5be2728a55339 - - default default] Successfully bumped revision number for resource 81db0f60-1d20-4859-a53f-9f15ec2e2100 (type: subnets) to 0
2026-07-08 06:17:04.980 9 WARNING neutron.scheduler.dhcp_agent_scheduler [None req-9fd2586f-f789-4f30-8c24-fc2aec8388ca 4093d35cf630484995d03e555eac5e4a cb7d16f570884884bbd5be2728a55339 - - default default] No more DHCP agents
2026-07-08 06:17:04.982 9 WARNING neutron.api.rpc.agentnotifiers.dhcp_rpc_agent_api [None req-9fd2586f-f789-4f30-8c24-fc2aec8388ca 4093d35cf630484995d03e555eac5e4a cb7d16f570884884bbd5be2728a55339 - - default default] Unable to schedule network bdc89e0c-edb5-41e7-99c9-75178a33a9d0: no agents available; will retry on subsequent port and subnet creation events.
2026-07-08 06:17:05.084 10 INFO neutron.db.ovn_revision_numbers_db [None req-1dbeb3df-d556-48d0-a960-9d97aa2af88a f9d0012c80a44f34981be525aa95de34 31c8531259d447fa8358eb34b21b7e43 - - default default] Successfully bumped revision number for resource 2b85e112-6033-4509-bfd4-be5f82834795 (type: security_groups) to 1
2026-07-08 06:17:05.101 10 INFO neutron.db.ovn_revision_numbers_db [None req-1dbeb3df-d556-48d0-a960-9d97aa2af88a f9d0012c80a44f34981be525aa95de34 31c8531259d447fa8358eb34b21b7e43 - - default default] Successfully bumped revision number for resource 139626c1-0262-4040-87ee-52aed383d522 (type: security_group_rules) to 0
2026-07-08 06:17:05.115 10 INFO neutron.db.ovn_revision_numbers_db [None req-1dbeb3df-d556-48d0-a960-9d97aa2af88a f9d0012c80a44f34981be525aa95de34 31c8531259d447fa8358eb34b21b7e43 - - default default] Successfully bumped revision number for resource 8a7c38ea-5199-4123-ad09-31d659bfe976 (type: security_group_rules) to 0
2026-07-08 06:17:05.137 10 INFO neutron.db.ovn_revision_numbers_db [None req-1dbeb3df-d556-48d0-a960-9d97aa2af88a f9d0012c80a44f34981be525aa95de34 31c8531259d447fa8358eb34b21b7e43 - - default default] Successfully bumped revision number for resource ad999ede-25cb-464b-94e3-6e99a8fd1c8d (type: security_group_rules) to 0
2026-07-08 06:17:05.153 10 INFO neutron.db.ovn_revision_numbers_db [None req-1dbeb3df-d556-48d0-a960-9d97aa2af88a f9d0012c80a44f34981be525aa95de34 31c8531259d447fa8358eb34b21b7e43 - - default default] Successfully bumped revision number for resource f6ee0e1e-ee14-4141-9508-514aeff79f62 (type: security_group_rules) to 0
2026-07-08 06:17:05.174 10 INFO neutron.wsgi [None req-1dbeb3df-d556-48d0-a960-9d97aa2af88a f9d0012c80a44f34981be525aa95de34 31c8531259d447fa8358eb34b21b7e43 - - default default] 10.0.0.36 "GET /v2.0/security-groups?tenant_id=a2fdcd54f4614fa49e10bdf4f7a4d272&name=default HTTP/1.1" status: 200 len: 2996 time: 0.3243699
2026-07-08 06:17:05.313 10 INFO neutron.db.ovn_revision_numbers_db [None req-e9ed9c30-cbde-4c02-a22b-16a553b6f75b 956de24b1fe3421d9eb792d85ccd3214 7198ecd8ad644c2d914e6af47ad54744 - - default default] Successfully bumped revision number for resource 7df4f6b7-1e25-40f4-bea1-5771a90f4e56 (type: security_groups) to 1
2026-07-08 06:17:05.336 10 INFO neutron.db.ovn_revision_numbers_db [None req-e9ed9c30-cbde-4c02-a22b-16a553b6f75b 956de24b1fe3421d9eb792d85ccd3214 7198ecd8ad644c2d914e6af47ad54744 - - default default] Successfully bumped revision number for resource 57cccf10-466e-44f5-9679-0c16be3179be (type: security_group_rules) to 0
2026-07-08 06:17:05.356 10 INFO neutron.db.ovn_revision_numbers_db [None req-e9ed9c30-cbde-4c02-a22b-16a553b6f75b 956de24b1fe3421d9eb792d85ccd3214 7198ecd8ad644c2d914e6af47ad54744 - - default default] Successfully bumped revision number for resource b82ad56d-f9c9-4bf2-ae73-ec63fb780303 (type: security_group_rules) to 0
2026-07-08 06:17:05.373 10 INFO neutron.db.ovn_revision_numbers_db [None req-e9ed9c30-cbde-4c02-a22b-16a553b6f75b 956de24b1fe3421d9eb792d85ccd3214 7198ecd8ad644c2d914e6af47ad54744 - - default default] Successfully bumped revision number for resource ddd8e52a-37af-4fb9-ba6d-1aff937057a3 (type: security_group_rules) to 0
2026-07-08 06:17:05.392 10 INFO neutron.db.ovn_revision_numbers_db [None req-e9ed9c30-cbde-4c02-a22b-16a553b6f75b 956de24b1fe3421d9eb792d85ccd3214 7198ecd8ad644c2d914e6af47ad54744 - - default default] Successfully bumped revision number for resource fac6dfd8-d9a1-428e-b165-8fae491552de (type: security_group_rules) to 0
2026-07-08 06:17:05.445 9 INFO neutron.db.ovn_revision_numbers_db [None req-9fd2586f-f789-4f30-8c24-fc2aec8388ca 4093d35cf630484995d03e555eac5e4a cb7d16f570884884bbd5be2728a55339 - - default default] Successfully bumped revision number for resource 4f02841b-8075-42a4-a36b-f4231690f745 (type: ports) to 2
2026-07-08 06:17:05.454 10 INFO neutron.wsgi [None req-a3c0caf7-710c-490e-b39c-331ceffd236e f9d0012c80a44f34981be525aa95de34 31c8531259d447fa8358eb34b21b7e43 - - default default] 10.0.0.36 "DELETE /v2.0/security-groups/2b85e112-6033-4509-bfd4-be5f82834795 HTTP/1.1" status: 204 len: 168 time: 0.2734418
2026-07-08 06:17:05.479 9 INFO neutron.db.ovn_revision_numbers_db [None req-9fd2586f-f789-4f30-8c24-fc2aec8388ca 4093d35cf630484995d03e555eac5e4a cb7d16f570884884bbd5be2728a55339 - - default default] Successfully bumped revision number for resource c0014306-0a9d-4671-886b-27e48c012da8 (type: subnets) to 0
2026-07-08 06:17:05.492 10 INFO neutron.db.ovn_revision_numbers_db [None req-e9ed9c30-cbde-4c02-a22b-16a553b6f75b 956de24b1fe3421d9eb792d85ccd3214 7198ecd8ad644c2d914e6af47ad54744 - - default default] Successfully bumped revision number for resource 3bc254a3-1f34-4f30-b3eb-d36f431b458c (type: security_groups) to 1
2026-07-08 06:17:05.501 9 INFO neutron.wsgi [None req-9fd2586f-f789-4f30-8c24-fc2aec8388ca 4093d35cf630484995d03e555eac5e4a cb7d16f570884884bbd5be2728a55339 - - default default] 10.0.0.36 "POST /v2.0/subnets HTTP/1.1" status: 201 len: 1425 time: 1.4183223
2026-07-08 06:17:05.513 10 INFO neutron.db.ovn_revision_numbers_db [None req-e9ed9c30-cbde-4c02-a22b-16a553b6f75b 956de24b1fe3421d9eb792d85ccd3214 7198ecd8ad644c2d914e6af47ad54744 - - default default] Successfully bumped revision number for resource ab6dfe2d-490d-4de0-80e8-645e6042b709 (type: security_group_rules) to 0
2026-07-08 06:17:05.533 10 INFO neutron.db.ovn_revision_numbers_db [None req-e9ed9c30-cbde-4c02-a22b-16a553b6f75b 956de24b1fe3421d9eb792d85ccd3214 7198ecd8ad644c2d914e6af47ad54744 - - default default] Successfully bumped revision number for resource d8caf2b6-53e7-4cce-bff5-eacfb94faec3 (type: security_group_rules) to 0
2026-07-08 06:17:05.554 10 INFO neutron.wsgi [None req-e9ed9c30-cbde-4c02-a22b-16a553b6f75b 956de24b1fe3421d9eb792d85ccd3214 7198ecd8ad644c2d914e6af47ad54744 - - default default] 10.0.0.36 "POST /v2.0/security-groups HTTP/1.1" status: 201 len: 1760 time: 0.4667711
2026-07-08 06:17:05.567 9 INFO neutron.wsgi [None req-d15756a7-3062-4de5-aabb-3e152dc687a0 4093d35cf630484995d03e555eac5e4a cb7d16f570884884bbd5be2728a55339 - - default default] 10.0.0.36 "GET /v2.0/subnets HTTP/1.1" status: 200 len: 2033 time: 0.0593374
2026-07-08 06:17:05.622 10 INFO neutron.wsgi [None req-ca2692f0-86cc-4859-a1b9-b382d8f5eb97 956de24b1fe3421d9eb792d85ccd3214 7198ecd8ad644c2d914e6af47ad54744 - - default default] 10.0.0.36 "GET /v2.0/security-groups HTTP/1.1" status: 200 len: 4538 time: 0.0641842
2026-07-08 06:17:05.720 9 INFO neutron.db.ovn_revision_numbers_db [None req-68489aab-fa55-4f8c-9047-13925d69d934 956de24b1fe3421d9eb792d85ccd3214 7198ecd8ad644c2d914e6af47ad54744 - - default default] Successfully bumped revision number for resource 3bc254a3-1f34-4f30-b3eb-d36f431b458c (type: security_groups) to 2
2026-07-08 06:17:05.726 9 INFO neutron.wsgi [None req-68489aab-fa55-4f8c-9047-13925d69d934 956de24b1fe3421d9eb792d85ccd3214 7198ecd8ad644c2d914e6af47ad54744 - - default default] 10.0.0.36 "PUT /v2.0/security-groups/3bc254a3-1f34-4f30-b3eb-d36f431b458c HTTP/1.1" status: 200 len: 1795 time: 0.0991240
2026-07-08 06:17:05.758 9 INFO neutron.wsgi [None req-0e7bb448-9527-4463-ad94-9180a43548a1 956de24b1fe3421d9eb792d85ccd3214 7198ecd8ad644c2d914e6af47ad54744 - - default default] 10.0.0.36 "GET /v2.0/security-groups/3bc254a3-1f34-4f30-b3eb-d36f431b458c HTTP/1.1" status: 200 len: 1795 time: 0.0288603
2026-07-08 06:17:05.871 9 INFO neutron.wsgi [None req-29183bbd-7f56-4f48-aa79-2a69ec55fad7 956de24b1fe3421d9eb792d85ccd3214 7198ecd8ad644c2d914e6af47ad54744 - - default default] 10.0.0.36 "DELETE /v2.0/security-groups/3bc254a3-1f34-4f30-b3eb-d36f431b458c HTTP/1.1" status: 204 len: 168 time: 0.1095982
2026-07-08 06:17:05.908 9 INFO neutron.wsgi [None req-180416f7-e1be-4443-920f-c41813a50cea 956de24b1fe3421d9eb792d85ccd3214 7198ecd8ad644c2d914e6af47ad54744 - - default default] 10.0.0.36 "GET /v2.0/security-groups HTTP/1.1" status: 200 len: 2996 time: 0.0329785
2026-07-08 06:17:05.915 10 INFO neutron.db.ovn_revision_numbers_db [None req-a5cb1cba-0416-4dfa-bc55-0b6d6a910fe6 f9d0012c80a44f34981be525aa95de34 31c8531259d447fa8358eb34b21b7e43 - - default default] Successfully bumped revision number for resource b1768e2e-9cfc-4fd4-8191-8beffc79d9b1 (type: security_groups) to 1
2026-07-08 06:17:05.921 9 INFO neutron.api.v2.resource [None req-d57eb231-ae8b-4b3c-b049-0e15b7d07fba 956de24b1fe3421d9eb792d85ccd3214 7198ecd8ad644c2d914e6af47ad54744 - - default default] delete failed (client error): The resource could not be found.
2026-07-08 06:17:05.923 9 INFO neutron.wsgi [None req-d57eb231-ae8b-4b3c-b049-0e15b7d07fba 956de24b1fe3421d9eb792d85ccd3214 7198ecd8ad644c2d914e6af47ad54744 - - default default] 10.0.0.36 "DELETE /v2.0/security-groups/3bc254a3-1f34-4f30-b3eb-d36f431b458c HTTP/1.1" status: 404 len: 347 time: 0.0104647
2026-07-08 06:17:05.939 10 INFO neutron.db.ovn_revision_numbers_db [None req-a5cb1cba-0416-4dfa-bc55-0b6d6a910fe6 f9d0012c80a44f34981be525aa95de34 31c8531259d447fa8358eb34b21b7e43 - - default default] Successfully bumped revision number for resource 4edb0b49-c3fe-4d90-be36-beccaad1da9b (type: security_group_rules) to 0
2026-07-08 06:17:05.972 10 INFO neutron.wsgi [None req-808a114e-a79a-4520-b0f2-63795445cea9 4093d35cf630484995d03e555eac5e4a cb7d16f570884884bbd5be2728a55339 - - default default] 10.0.0.36 "DELETE /v2.0/subnets/81db0f60-1d20-4859-a53f-9f15ec2e2100 HTTP/1.1" status: 204 len: 168 time: 0.3993661
2026-07-08 06:17:05.978 10 INFO neutron.db.ovn_revision_numbers_db [None req-a5cb1cba-0416-4dfa-bc55-0b6d6a910fe6 f9d0012c80a44f34981be525aa95de34 31c8531259d447fa8358eb34b21b7e43 - - default default] Successfully bumped revision number for resource 84e022d3-2684-4e5b-bbd2-eecd4c9a54fc (type: security_group_rules) to 0
2026-07-08 06:17:06.002 10 INFO neutron.db.ovn_revision_numbers_db [None req-a5cb1cba-0416-4dfa-bc55-0b6d6a910fe6 f9d0012c80a44f34981be525aa95de34 31c8531259d447fa8358eb34b21b7e43 - - default default] Successfully bumped revision number for resource 904381dd-cf00-4b81-a0bb-af25321d8fc8 (type: security_group_rules) to 0
2026-07-08 06:17:06.034 10 INFO neutron.db.ovn_revision_numbers_db [None req-a5cb1cba-0416-4dfa-bc55-0b6d6a910fe6 f9d0012c80a44f34981be525aa95de34 31c8531259d447fa8358eb34b21b7e43 - - default default] Successfully bumped revision number for resource 98a8f306-bcad-4b16-af8e-193628b0ffd3 (type: security_group_rules) to 0
2026-07-08 06:17:06.049 9 INFO neutron.db.ovn_revision_numbers_db [None req-0d518606-7e93-4566-b9e9-f3c54cf2a7ef 956de24b1fe3421d9eb792d85ccd3214 7198ecd8ad644c2d914e6af47ad54744 - - default default] Successfully bumped revision number for resource af28066d-4867-46cc-9061-c23fe8b357df (type: security_groups) to 1
2026-07-08 06:17:06.065 10 INFO neutron.wsgi [None req-a5cb1cba-0416-4dfa-bc55-0b6d6a910fe6 f9d0012c80a44f34981be525aa95de34 31c8531259d447fa8358eb34b21b7e43 - - default default] 10.0.0.36 "GET /v2.0/security-groups?tenant_id=e0e65ef3c4744a71921302f13ddca768&name=default HTTP/1.1" status: 200 len: 2996 time: 0.5060103
2026-07-08 06:17:06.065 9 INFO neutron.db.ovn_revision_numbers_db [None req-0d518606-7e93-4566-b9e9-f3c54cf2a7ef 956de24b1fe3421d9eb792d85ccd3214 7198ecd8ad644c2d914e6af47ad54744 - - default default] Successfully bumped revision number for resource 1b3daacf-51bf-4c38-a0a4-c0413f673b6e (type: security_group_rules) to 0
2026-07-08 06:17:06.080 9 INFO neutron.db.ovn_revision_numbers_db [None req-0d518606-7e93-4566-b9e9-f3c54cf2a7ef 956de24b1fe3421d9eb792d85ccd3214 7198ecd8ad644c2d914e6af47ad54744 - - default default] Successfully bumped revision number for resource 222f5e11-ad84-419f-9b58-bf55b7406457 (type: security_group_rules) to 0
2026-07-08 06:17:06.103 9 INFO neutron.wsgi [None req-0d518606-7e93-4566-b9e9-f3c54cf2a7ef 956de24b1fe3421d9eb792d85ccd3214 7198ecd8ad644c2d914e6af47ad54744 - - default default] 10.0.0.36 "POST /v2.0/security-groups HTTP/1.1" status: 201 len: 1760 time: 0.1710382
2026-07-08 06:17:06.201 10 INFO neutron.wsgi [None req-15501490-b5e4-440f-989f-2688a06af60c 4093d35cf630484995d03e555eac5e4a cb7d16f570884884bbd5be2728a55339 - - default default] 10.0.0.36 "DELETE /v2.0/subnets/c0014306-0a9d-4671-886b-27e48c012da8 HTTP/1.1" status: 204 len: 168 time: 0.2236893
2026-07-08 06:17:06.245 9 INFO neutron.wsgi [None req-5ad2f4a8-7cee-4a6e-8615-76bcc9f573b7 4093d35cf630484995d03e555eac5e4a cb7d16f570884884bbd5be2728a55339 - - default default] 10.0.0.36 "GET /v2.0/subnets HTTP/1.1" status: 200 len: 820 time: 0.0384197
2026-07-08 06:17:06.266 9 INFO neutron.db.ovn_revision_numbers_db [None req-a12e1245-e0d0-44a7-a9aa-69c0124844d6 956de24b1fe3421d9eb792d85ccd3214 7198ecd8ad644c2d914e6af47ad54744 - - default default] Successfully bumped revision number for resource 85da714d-5e39-4d20-838a-09153dc63c93 (type: security_group_rules) to 0
2026-07-08 06:17:06.295 10 INFO neutron.wsgi [None req-c2a8e305-e1cb-41a3-8032-f248a8fa4e64 f9d0012c80a44f34981be525aa95de34 31c8531259d447fa8358eb34b21b7e43 - - default default] 10.0.0.36 "DELETE /v2.0/security-groups/b1768e2e-9cfc-4fd4-8191-8beffc79d9b1 HTTP/1.1" status: 204 len: 168 time: 0.2247720
2026-07-08 06:17:06.302 9 INFO neutron.wsgi [None req-a12e1245-e0d0-44a7-a9aa-69c0124844d6 956de24b1fe3421d9eb792d85ccd3214 7198ecd8ad644c2d914e6af47ad54744 - - default default] 10.0.0.36 "POST /v2.0/security-group-rules HTTP/1.1" status: 201 len: 768 time: 0.1933732
2026-07-08 06:17:06.327 9 INFO neutron.wsgi [None req-a6b3fec8-51bd-490d-8ad3-88306a1e6c51 956de24b1fe3421d9eb792d85ccd3214 7198ecd8ad644c2d914e6af47ad54744 - - default default] 10.0.0.36 "GET /v2.0/security-group-rules/85da714d-5e39-4d20-838a-09153dc63c93 HTTP/1.1" status: 200 len: 763 time: 0.0196145
2026-07-08 06:17:06.378 10 INFO neutron.wsgi [None req-aa1f8cf4-8481-47b7-8d2d-02d890f37a96 956de24b1fe3421d9eb792d85ccd3214 7198ecd8ad644c2d914e6af47ad54744 - - default default] 10.0.0.36 "GET /v2.0/security-group-rules HTTP/1.1" status: 200 len: 4113 time: 0.0464582
2026-07-08 06:17:06.518 9 INFO neutron.wsgi [None req-98a345d0-e8a4-436e-a18f-a575e99c0f4f 956de24b1fe3421d9eb792d85ccd3214 7198ecd8ad644c2d914e6af47ad54744 - - default default] 10.0.0.36 "DELETE /v2.0/security-group-rules/85da714d-5e39-4d20-838a-09153dc63c93 HTTP/1.1" status: 204 len: 168 time: 0.1349740
2026-07-08 06:17:06.557 9 INFO neutron.wsgi [None req-f3977a15-08ff-47cf-a1a4-214e8488d870 956de24b1fe3421d9eb792d85ccd3214 7198ecd8ad644c2d914e6af47ad54744 - - default default] 10.0.0.36 "GET /v2.0/security-group-rules HTTP/1.1" status: 200 len: 3567 time: 0.0343652
2026-07-08 06:17:06.616 10 INFO neutron.services.segments.plugin [-] Segment d0192c12-1616-4b9e-9260-da558516eadf resource provider aggregate not found
2026-07-08 06:17:06.622 10 INFO neutron.services.segments.plugin [-] Segment d0192c12-1616-4b9e-9260-da558516eadf resource provider aggregate not found
2026-07-08 06:17:06.642 10 INFO neutron.services.segments.plugin [-] Segment d0192c12-1616-4b9e-9260-da558516eadf resource provider not found; error: Placement Client Error (4xx): {"errors": [{"status": 404, "title": "Not Found", "detail": "The resource could not be found.\n\n No resource provider with uuid d0192c12-1616-4b9e-9260-da558516eadf found for delete ", "request_id": "req-59bb1c8e-11b4-4470-a19e-31bfb587346a"}]}
2026-07-08 06:17:06.643 10 INFO neutron.services.segments.plugin [-] Segment d0192c12-1616-4b9e-9260-da558516eadf resource provider not found; error: Placement Client Error (4xx): {"errors": [{"status": 404, "title": "Not Found", "detail": "The resource could not be found.\n\n No resource provider with uuid d0192c12-1616-4b9e-9260-da558516eadf found for delete ", "request_id": "req-b5952826-034b-4195-a69e-920590ea6442"}]}
2026-07-08 06:17:06.676 10 INFO neutron.wsgi [None req-b7e0dfbb-f749-425b-b0e6-5e4e5771e78b 4093d35cf630484995d03e555eac5e4a cb7d16f570884884bbd5be2728a55339 - - default default] 10.0.0.36 "DELETE /v2.0/networks/bdc89e0c-edb5-41e7-99c9-75178a33a9d0 HTTP/1.1" status: 204 len: 168 time: 0.4238620
2026-07-08 06:17:06.680 9 INFO neutron.db.ovn_revision_numbers_db [None req-d06f05cc-dc5b-430c-9be6-fe14e2372d38 956de24b1fe3421d9eb792d85ccd3214 7198ecd8ad644c2d914e6af47ad54744 - - default default] Successfully bumped revision number for resource 04bc6291-1d75-45dd-8c30-f5e3e55dbddc (type: security_group_rules) to 0
2026-07-08 06:17:06.726 9 INFO neutron.wsgi [None req-d06f05cc-dc5b-430c-9be6-fe14e2372d38 956de24b1fe3421d9eb792d85ccd3214 7198ecd8ad644c2d914e6af47ad54744 - - default default] 10.0.0.36 "POST /v2.0/security-group-rules HTTP/1.1" status: 201 len: 768 time: 0.1645043
2026-07-08 06:17:06.746 9 INFO neutron.wsgi [None req-ad1961b7-5a47-4691-a49d-fe86c99dc349 956de24b1fe3421d9eb792d85ccd3214 7198ecd8ad644c2d914e6af47ad54744 - - default default] 10.0.0.36 "GET /v2.0/security-group-rules/04bc6291-1d75-45dd-8c30-f5e3e55dbddc HTTP/1.1" status: 200 len: 763 time: 0.0159259
2026-07-08 06:17:06.789 10 INFO neutron.wsgi [None req-a28edf15-6c53-4b01-8769-9748398bc809 956de24b1fe3421d9eb792d85ccd3214 7198ecd8ad644c2d914e6af47ad54744 - - default default] 10.0.0.36 "GET /v2.0/security-group-rules HTTP/1.1" status: 200 len: 4113 time: 0.0365276
2026-07-08 06:17:06.892 10 INFO neutron.wsgi [None req-3e48cf37-840e-4c5b-8620-83c2fe639ad5 956de24b1fe3421d9eb792d85ccd3214 7198ecd8ad644c2d914e6af47ad54744 - - default default] 10.0.0.36 "DELETE /v2.0/security-group-rules/04bc6291-1d75-45dd-8c30-f5e3e55dbddc HTTP/1.1" status: 204 len: 168 time: 0.0987377
2026-07-08 06:17:06.935 10 INFO neutron.wsgi [None req-234516ab-3cfd-41ad-a750-58f4a52da8db 956de24b1fe3421d9eb792d85ccd3214 7198ecd8ad644c2d914e6af47ad54744 - - default default] 10.0.0.36 "GET /v2.0/security-group-rules HTTP/1.1" status: 200 len: 3567 time: 0.0384049
2026-07-08 06:17:07.018 9 INFO neutron.services.segments.plugin [-] Segment f1e75c79-25fd-48c3-81f1-73609e9bdb81 resource provider aggregate not found
2026-07-08 06:17:07.031 9 INFO neutron.services.segments.plugin [-] Segment f1e75c79-25fd-48c3-81f1-73609e9bdb81 resource provider aggregate not found
2026-07-08 06:17:07.043 10 INFO neutron.db.ovn_revision_numbers_db [None req-f33717af-9315-4b0a-831d-4991142e136b 956de24b1fe3421d9eb792d85ccd3214 7198ecd8ad644c2d914e6af47ad54744 - - default default] Successfully bumped revision number for resource f9898129-cb78-484a-832b-f92eee169e99 (type: security_group_rules) to 0
2026-07-08 06:17:07.047 9 INFO neutron.services.segments.plugin [-] Segment f1e75c79-25fd-48c3-81f1-73609e9bdb81 resource provider not found; error: Placement Client Error (4xx): {"errors": [{"status": 404, "title": "Not Found", "detail": "The resource could not be found.\n\n No resource provider with uuid f1e75c79-25fd-48c3-81f1-73609e9bdb81 found for delete ", "request_id": "req-151c102d-6149-46ae-b4d8-238d0a656d87"}]}
2026-07-08 06:17:07.054 9 INFO neutron.services.segments.plugin [-] Segment f1e75c79-25fd-48c3-81f1-73609e9bdb81 resource provider not found; error: Placement Client Error (4xx): {"errors": [{"status": 404, "title": "Not Found", "detail": "The resource could not be found.\n\n No resource provider with uuid f1e75c79-25fd-48c3-81f1-73609e9bdb81 found for delete ", "request_id": "req-23be4072-e538-4da2-9979-ebae8c179e66"}]}
2026-07-08 06:17:07.067 10 INFO neutron.wsgi [None req-f33717af-9315-4b0a-831d-4991142e136b 956de24b1fe3421d9eb792d85ccd3214 7198ecd8ad644c2d914e6af47ad54744 - - default default] 10.0.0.36 "POST /v2.0/security-group-rules HTTP/1.1" status: 201 len: 769 time: 0.1261988
2026-07-08 06:17:07.084 9 INFO neutron.wsgi [None req-241bb4bc-9184-4aef-b045-7c86a7063e82 4093d35cf630484995d03e555eac5e4a cb7d16f570884884bbd5be2728a55339 - - default default] 10.0.0.36 "DELETE /v2.0/networks/0f0e7b77-8105-4d33-9b40-870203ef46c8 HTTP/1.1" status: 204 len: 168 time: 0.4004927
2026-07-08 06:17:07.086 10 INFO neutron.wsgi [None req-633d804e-79d0-4b97-aafe-73eebf9c726f 956de24b1fe3421d9eb792d85ccd3214 7198ecd8ad644c2d914e6af47ad54744 - - default default] 10.0.0.36 "GET /v2.0/security-group-rules/f9898129-cb78-484a-832b-f92eee169e99 HTTP/1.1" status: 200 len: 764 time: 0.0146801
2026-07-08 06:17:07.129 9 INFO neutron.wsgi [None req-6322bfd8-6140-49af-8572-c0bdf1eedc09 956de24b1fe3421d9eb792d85ccd3214 7198ecd8ad644c2d914e6af47ad54744 - - default default] 10.0.0.36 "GET /v2.0/security-group-rules HTTP/1.1" status: 200 len: 4114 time: 0.0381722
2026-07-08 06:17:07.244 9 INFO neutron.wsgi [None req-c7f97b25-1a94-4f41-997a-69e88c43e3f0 956de24b1fe3421d9eb792d85ccd3214 7198ecd8ad644c2d914e6af47ad54744 - - default default] 10.0.0.36 "DELETE /v2.0/security-group-rules/f9898129-cb78-484a-832b-f92eee169e99 HTTP/1.1" status: 204 len: 168 time: 0.1100883
2026-07-08 06:17:07.302 9 INFO neutron.wsgi [None req-edc1560d-a6b6-49ae-9ca8-b14e2e7dc3a6 956de24b1fe3421d9eb792d85ccd3214 7198ecd8ad644c2d914e6af47ad54744 - - default default] 10.0.0.36 "GET /v2.0/security-group-rules HTTP/1.1" status: 200 len: 3567 time: 0.0509872
2026-07-08 06:17:07.412 9 INFO neutron.wsgi [None req-01b89283-f419-43b6-b846-be5e270fee5f 956de24b1fe3421d9eb792d85ccd3214 7198ecd8ad644c2d914e6af47ad54744 - - default default] 10.0.0.36 "DELETE /v2.0/security-groups/af28066d-4867-46cc-9061-c23fe8b357df HTTP/1.1" status: 204 len: 168 time: 0.1041238
2026-07-08 06:17:07.459 9 INFO neutron.wsgi [None req-7c5522b9-6610-4dfd-8589-f92f56bad2d9 956de24b1fe3421d9eb792d85ccd3214 7198ecd8ad644c2d914e6af47ad54744 - - default default] 10.0.0.36 "GET /v2.0/security-groups HTTP/1.1" status: 200 len: 2996 time: 0.0430202
