2026-07-08 06:15:59.507 10 INFO neutron.wsgi [req-d067c540-574b-4ac5-a321-cc7fb8717ef5 req-3228f474-5c2d-4903-8645-8a9442309223 3b22a979e4f847509a972bfe6926aa35 b9c597c5ced949e0bcf28cfb4309fb8e - - default default] 10.0.0.153 "GET /v2.0/security-groups?id=19cc6fe2-7aa0-491c-8bf1-d6e2d35fb3a7&fields=id&fields=name HTTP/1.1" status: 200 len: 312 time: 0.0582643
2026-07-08 06:15:59.511 10 INFO neutron.db.ovn_revision_numbers_db [None req-da7610b4-f542-40b6-921e-4f97bf6e780c f9d0012c80a44f34981be525aa95de34 31c8531259d447fa8358eb34b21b7e43 - - default default] Successfully bumped revision number for resource e82817d5-62ce-4653-b5bf-309b6e87ca68 (type: ports) to 1
2026-07-08 06:15:59.519 9 INFO neutron.db.ovn_revision_numbers_db [None req-59818ce2-6ad8-4223-8190-24633cbf5321 f9d0012c80a44f34981be525aa95de34 31c8531259d447fa8358eb34b21b7e43 - - default default] Successfully bumped revision number for resource 5806f114-1997-4a5d-abba-ee3afe1df0c3 (type: ports) to 1
2026-07-08 06:15:59.535 9 INFO neutron.wsgi [None req-59818ce2-6ad8-4223-8190-24633cbf5321 f9d0012c80a44f34981be525aa95de34 31c8531259d447fa8358eb34b21b7e43 - - default default] 10.0.0.36 "POST /v2.0/networks HTTP/1.1" status: 201 len: 946 time: 1.1439137
2026-07-08 06:15:59.542 10 INFO neutron.wsgi [None req-da7610b4-f542-40b6-921e-4f97bf6e780c f9d0012c80a44f34981be525aa95de34 31c8531259d447fa8358eb34b21b7e43 - - default default] 10.0.0.36 "POST /v2.0/networks HTTP/1.1" status: 201 len: 950 time: 1.5396924
2026-07-08 06:15:59.557 10 INFO neutron.db.ovn_revision_numbers_db [None req-1f3ac1b1-c9eb-4667-a03d-cc9a1820faa9 - - - - - -] Successfully bumped revision number for resource c0057cb4-87f4-4ac1-9581-d1cfff5fa436 (type: ports) to 4
2026-07-08 06:15:59.733 9 WARNING neutron.scheduler.dhcp_agent_scheduler [None req-e6a8b940-9101-4a6b-b99a-22bb72a21197 f9d0012c80a44f34981be525aa95de34 31c8531259d447fa8358eb34b21b7e43 - - default default] No more DHCP agents
2026-07-08 06:15:59.747 9 WARNING neutron.api.rpc.agentnotifiers.dhcp_rpc_agent_api [None req-e6a8b940-9101-4a6b-b99a-22bb72a21197 f9d0012c80a44f34981be525aa95de34 31c8531259d447fa8358eb34b21b7e43 - - default default] Unable to schedule network 69048be5-55e9-413e-95ab-31747101a418: no agents available; will retry on subsequent port and subnet creation events.
2026-07-08 06:15:59.752 10 WARNING neutron.scheduler.dhcp_agent_scheduler [None req-3a820701-a17a-413e-9478-b31289295302 f9d0012c80a44f34981be525aa95de34 31c8531259d447fa8358eb34b21b7e43 - - default default] No more DHCP agents
2026-07-08 06:15:59.755 10 WARNING neutron.api.rpc.agentnotifiers.dhcp_rpc_agent_api [None req-3a820701-a17a-413e-9478-b31289295302 f9d0012c80a44f34981be525aa95de34 31c8531259d447fa8358eb34b21b7e43 - - default default] Unable to schedule network 1695fa19-127f-4a2d-b822-62355864598c: no agents available; will retry on subsequent port and subnet creation events.
2026-07-08 06:15:59.777 9 INFO neutron.wsgi [req-0d8a80c8-60a4-462f-8c19-21f73b660a0f req-a9745489-a884-40bd-8a51-6fd776a47438 00a1b4220ec94dff819ca9cb6eb93cc8 390a228564e64ed4b0a0654de17ec41e - - default default] 10.0.0.153 "GET /v2.0/ports?device_id=526b20db-dc63-44f4-ac23-14db4b935c39 HTTP/1.1" status: 200 len: 1168 time: 0.0846696
2026-07-08 06:15:59.791 9 INFO neutron.wsgi [None req-3f13e573-16b5-496c-8279-3c93169d3544 f9d0012c80a44f34981be525aa95de34 31c8531259d447fa8358eb34b21b7e43 - - default default] 10.0.0.34 "GET /v2.0/subnets HTTP/1.1" status: 200 len: 3415 time: 0.1403599
2026-07-08 06:15:59.898 9 INFO neutron.wsgi [req-0d8a80c8-60a4-462f-8c19-21f73b660a0f req-af53b431-3d28-487d-a0fc-18bfca7ea350 00a1b4220ec94dff819ca9cb6eb93cc8 390a228564e64ed4b0a0654de17ec41e - - default default] 10.0.0.153 "GET /v2.0/security-groups?id=bf5f2586-27c8-4f4a-96a2-5cd8c1fb7a40&fields=id&fields=name HTTP/1.1" status: 200 len: 312 time: 0.1127238
2026-07-08 06:15:59.925 9 INFO neutron.wsgi [None req-e879c202-49f6-4620-bec3-b9e30eee10c5 f9d0012c80a44f34981be525aa95de34 31c8531259d447fa8358eb34b21b7e43 - - default default] 10.0.0.34 "GET /v2.0/routers HTTP/1.1" status: 200 len: 1544 time: 0.1271770
2026-07-08 06:15:59.938 9 INFO neutron.wsgi [None req-7b4049ef-5eaa-4e11-abdf-ea1435d062e1 f9d0012c80a44f34981be525aa95de34 31c8531259d447fa8358eb34b21b7e43 - - default default] 10.0.0.34 "GET /v2.0/agents?binary=ovn-controller HTTP/1.1" status: 200 len: 591 time: 0.0119357
2026-07-08 06:15:59.961 9 INFO neutron.wsgi [None req-64d3ca86-bb39-4afd-9be2-6d5df156fb1d f9d0012c80a44f34981be525aa95de34 31c8531259d447fa8358eb34b21b7e43 - - default default] 10.0.0.34 "GET /v2.0/agents HTTP/1.1" status: 200 len: 997 time: 0.0198302
2026-07-08 06:16:00.001 9 INFO neutron.wsgi [None req-a66d39ee-4438-4f38-a812-96dd41f8b55e f9d0012c80a44f34981be525aa95de34 31c8531259d447fa8358eb34b21b7e43 - - default default] 10.0.0.34 "GET /v2.0/subnets HTTP/1.1" status: 200 len: 4076 time: 0.0390897
2026-07-08 06:16:00.011 9 INFO neutron.wsgi [None req-7a8a6bd8-58b8-4422-8e50-2c08b0f9526d f9d0012c80a44f34981be525aa95de34 31c8531259d447fa8358eb34b21b7e43 - - default default] 10.0.0.34 "GET /v2.0/subnetpools HTTP/1.1" status: 200 len: 193 time: 0.0087023
2026-07-08 06:16:00.041 9 INFO neutron.wsgi [None req-59d76e1a-68fc-40b8-9cb9-43ecbfa832d5 f9d0012c80a44f34981be525aa95de34 31c8531259d447fa8358eb34b21b7e43 - - default default] 10.0.0.34 "GET /v2.0/floatingips HTTP/1.1" status: 200 len: 1269 time: 0.0277216
2026-07-08 06:16:00.131 9 INFO neutron.wsgi [None req-d0e21262-ddb1-4e45-894d-8d8351df1d28 f9d0012c80a44f34981be525aa95de34 31c8531259d447fa8358eb34b21b7e43 - - default default] 10.0.0.34 "GET /v2.0/networks HTTP/1.1" status: 200 len: 5405 time: 0.0862901
2026-07-08 06:16:00.147 9 INFO neutron.wsgi [None req-b3fe6075-7803-46db-9e52-89da8037b99d f9d0012c80a44f34981be525aa95de34 31c8531259d447fa8358eb34b21b7e43 - - default default] 10.0.0.34 "GET /v2.0/network-ip-availabilities HTTP/1.1" status: 200 len: 3214 time: 0.0126188
2026-07-08 06:16:00.225 9 INFO neutron.wsgi [None req-37729e63-b432-4a6b-b71e-ab734f3d2e80 f9d0012c80a44f34981be525aa95de34 31c8531259d447fa8358eb34b21b7e43 - - default default] 10.0.0.34 "GET /v2.0/security-groups HTTP/1.1" status: 200 len: 33394 time: 0.0767112
2026-07-08 06:16:00.271 10 INFO neutron.db.ovn_revision_numbers_db [None req-3a820701-a17a-413e-9478-b31289295302 f9d0012c80a44f34981be525aa95de34 31c8531259d447fa8358eb34b21b7e43 - - default default] Successfully bumped revision number for resource e82817d5-62ce-4653-b5bf-309b6e87ca68 (type: ports) to 2
2026-07-08 06:16:00.287 9 INFO neutron.wsgi [None req-9e547ca1-8c59-490a-b735-e52ee38476dd f9d0012c80a44f34981be525aa95de34 31c8531259d447fa8358eb34b21b7e43 - - default default] 10.0.0.34 "GET /v2.0/ports HTTP/1.1" status: 200 len: 18290 time: 0.0504451
2026-07-08 06:16:00.333 10 INFO neutron.notifiers.nova [-] Nova event matching ['req-d1ecd14c-73ad-4a12-a495-8b443a6df044'] response: {'server_uuid': '0cac8185-540f-400f-b7f3-96c43697b6e4', 'name': 'network-vif-plugged', 'status': 'completed', 'tag': 'c0057cb4-87f4-4ac1-9581-d1cfff5fa436', 'code': 200}
2026-07-08 06:16:00.334 10 INFO neutron.notifiers.nova [-] Nova event matching ['req-d1ecd14c-73ad-4a12-a495-8b443a6df044'] response: {'server_uuid': '0cac8185-540f-400f-b7f3-96c43697b6e4', 'name': 'network-vif-plugged', 'status': 'completed', 'tag': 'c0057cb4-87f4-4ac1-9581-d1cfff5fa436', 'code': 200}
2026-07-08 06:16:00.335 10 INFO neutron.db.ovn_revision_numbers_db [None req-3a820701-a17a-413e-9478-b31289295302 f9d0012c80a44f34981be525aa95de34 31c8531259d447fa8358eb34b21b7e43 - - default default] Successfully bumped revision number for resource bb9d890d-6735-417d-a221-40bd6ca6a13b (type: subnets) to 0
2026-07-08 06:16:00.354 10 INFO neutron.wsgi [None req-3a820701-a17a-413e-9478-b31289295302 f9d0012c80a44f34981be525aa95de34 31c8531259d447fa8358eb34b21b7e43 - - default default] 10.0.0.36 "POST /v2.0/subnets HTTP/1.1" status: 201 len: 870 time: 0.8070912
2026-07-08 06:16:00.679 9 INFO neutron.db.ovn_revision_numbers_db [None req-e6a8b940-9101-4a6b-b99a-22bb72a21197 f9d0012c80a44f34981be525aa95de34 31c8531259d447fa8358eb34b21b7e43 - - default default] Successfully bumped revision number for resource 5806f114-1997-4a5d-abba-ee3afe1df0c3 (type: ports) to 2
2026-07-08 06:16:00.780 9 INFO neutron.db.ovn_revision_numbers_db [None req-e6a8b940-9101-4a6b-b99a-22bb72a21197 f9d0012c80a44f34981be525aa95de34 31c8531259d447fa8358eb34b21b7e43 - - default default] Successfully bumped revision number for resource 78a9af5c-a84d-40e1-8526-cae47300319a (type: subnets) to 0
2026-07-08 06:16:00.801 9 INFO neutron.wsgi [req-08d8def6-adee-4497-9726-05409de26e46 req-33ed77ff-e99c-4e5b-a660-de2a7689b89c 3b22a979e4f847509a972bfe6926aa35 b9c597c5ced949e0bcf28cfb4309fb8e - - default default] 10.0.0.153 "GET /v2.0/ports?device_id=0cac8185-540f-400f-b7f3-96c43697b6e4 HTTP/1.1" status: 200 len: 1174 time: 0.1713221
2026-07-08 06:16:00.804 9 INFO neutron.wsgi [None req-e6a8b940-9101-4a6b-b99a-22bb72a21197 f9d0012c80a44f34981be525aa95de34 31c8531259d447fa8358eb34b21b7e43 - - default default] 10.0.0.36 "POST /v2.0/subnets HTTP/1.1" status: 201 len: 866 time: 1.2630596 /var/lib/openstack/lib/python3.10/site-packages/pycadf/identifier.py:71: UserWarning: Invalid uuid: neutron. To ensure interoperability, identifiers should be a valid uuid. warnings.warn(('Invalid uuid: %s. To ensure interoperability, '
2026-07-08 06:16:00.860 9 INFO neutron.wsgi [req-08d8def6-adee-4497-9726-05409de26e46 req-96eada6e-4619-4349-b3e0-b8994b7ea4a0 3b22a979e4f847509a972bfe6926aa35 b9c597c5ced949e0bcf28cfb4309fb8e - - default default] 10.0.0.153 "GET /v2.0/security-groups?id=19cc6fe2-7aa0-491c-8bf1-d6e2d35fb3a7&fields=id&fields=name HTTP/1.1" status: 200 len: 312 time: 0.0461605
2026-07-08 06:16:01.043 9 WARNING neutron.scheduler.dhcp_agent_scheduler [None req-2952e866-dba3-4a2f-886b-581b530a9c95 f9d0012c80a44f34981be525aa95de34 31c8531259d447fa8358eb34b21b7e43 - - default default] No more DHCP agents
2026-07-08 06:16:01.045 9 WARNING neutron.api.rpc.agentnotifiers.dhcp_rpc_agent_api [None req-2952e866-dba3-4a2f-886b-581b530a9c95 f9d0012c80a44f34981be525aa95de34 31c8531259d447fa8358eb34b21b7e43 - - default default] Unable to schedule network 4655023a-9bbe-40d8-8914-37a82927b034: no agents available; will retry on subsequent port and subnet creation events.
2026-07-08 06:16:01.093 10 INFO neutron.wsgi [req-ac1c9fb8-dcc5-4c38-8837-1b44aa6f5ac9 req-8cf151dd-0a23-43fe-92ad-61dd11af72d8 00a1b4220ec94dff819ca9cb6eb93cc8 390a228564e64ed4b0a0654de17ec41e - - default default] 10.0.0.153 "GET /v2.0/ports?device_id=526b20db-dc63-44f4-ac23-14db4b935c39 HTTP/1.1" status: 200 len: 1168 time: 0.1181324
2026-07-08 06:16:01.162 10 INFO neutron.wsgi [req-ac1c9fb8-dcc5-4c38-8837-1b44aa6f5ac9 req-c9406035-ae57-4f01-8e8b-84f96182b835 00a1b4220ec94dff819ca9cb6eb93cc8 390a228564e64ed4b0a0654de17ec41e - - default default] 10.0.0.153 "GET /v2.0/security-groups?id=bf5f2586-27c8-4f4a-96a2-5cd8c1fb7a40&fields=id&fields=name HTTP/1.1" status: 200 len: 312 time: 0.0604177
2026-07-08 06:16:01.180 9 INFO neutron.db.ovn_revision_numbers_db [None req-2952e866-dba3-4a2f-886b-581b530a9c95 f9d0012c80a44f34981be525aa95de34 31c8531259d447fa8358eb34b21b7e43 - - default default] Successfully bumped revision number for resource 3b93047c-dba6-46dc-8d9e-88bcd6898264 (type: ports) to 1
2026-07-08 06:16:01.356 10 WARNING neutron.scheduler.dhcp_agent_scheduler [None req-96d4f4de-6309-4a87-996f-fe53a9e41bbf f9d0012c80a44f34981be525aa95de34 31c8531259d447fa8358eb34b21b7e43 - - default default] No more DHCP agents
2026-07-08 06:16:01.360 10 WARNING neutron.api.rpc.agentnotifiers.dhcp_rpc_agent_api [None req-96d4f4de-6309-4a87-996f-fe53a9e41bbf f9d0012c80a44f34981be525aa95de34 31c8531259d447fa8358eb34b21b7e43 - - default default] Unable to schedule network 4655023a-9bbe-40d8-8914-37a82927b034: no agents available; will retry on subsequent port and subnet creation events.
2026-07-08 06:16:01.523 10 INFO neutron.db.ovn_revision_numbers_db [None req-96d4f4de-6309-4a87-996f-fe53a9e41bbf f9d0012c80a44f34981be525aa95de34 31c8531259d447fa8358eb34b21b7e43 - - default default] Successfully bumped revision number for resource 03b70f18-8fa9-4610-bac6-db8943ee5e80 (type: ports) to 1
2026-07-08 06:16:01.791 10 INFO neutron.plugins.ml2.drivers.ovn.mech_driver.mech_driver [None req-1f3ac1b1-c9eb-4667-a03d-cc9a1820faa9 - - - - - -] OVN reports status up for port: 3b93047c-dba6-46dc-8d9e-88bcd6898264
2026-07-08 06:16:01.791 10 INFO neutron.plugins.ml2.drivers.ovn.mech_driver.ovsdb.ovsdb_monitor [None req-bc3b6fc3-d246-49c8-896c-30be32f00713 - - - - - -] Router c4e3f247-3ed6-4b6c-a303-d80ac6abc463 is bound to host instance
2026-07-08 06:16:01.795 9 INFO neutron.db.ovn_revision_numbers_db [None req-2952e866-dba3-4a2f-886b-581b530a9c95 f9d0012c80a44f34981be525aa95de34 31c8531259d447fa8358eb34b21b7e43 - - default default] Successfully bumped revision number for resource 3b93047c-dba6-46dc-8d9e-88bcd6898264 (type: router_ports) to 1
2026-07-08 06:16:01.823 10 INFO neutron.plugins.ml2.plugin [None req-1f3ac1b1-c9eb-4667-a03d-cc9a1820faa9 - - - - - -] Attempt 1 to provision port 3b93047c-dba6-46dc-8d9e-88bcd6898264
2026-07-08 06:16:01.856 9 INFO neutron.db.ovn_revision_numbers_db [None req-2952e866-dba3-4a2f-886b-581b530a9c95 f9d0012c80a44f34981be525aa95de34 31c8531259d447fa8358eb34b21b7e43 - - default default] Successfully bumped revision number for resource c4e3f247-3ed6-4b6c-a303-d80ac6abc463 (type: routers) to 2
2026-07-08 06:16:01.869 9 INFO neutron.wsgi [None req-2952e866-dba3-4a2f-886b-581b530a9c95 f9d0012c80a44f34981be525aa95de34 31c8531259d447fa8358eb34b21b7e43 - - default default] 10.0.0.36 "POST /v2.0/routers HTTP/1.1" status: 201 len: 881 time: 1.5094926
2026-07-08 06:16:01.966 9 INFO neutron.wsgi [req-d0f1ce11-1e92-4645-b411-4d693d0b8dc2 req-69f7ad09-2893-47e6-a9f0-a93dd7e5e146 3b22a979e4f847509a972bfe6926aa35 b9c597c5ced949e0bcf28cfb4309fb8e - - default default] 10.0.0.153 "GET /v2.0/ports?device_id=0cac8185-540f-400f-b7f3-96c43697b6e4 HTTP/1.1" status: 200 len: 1174 time: 0.0403335
2026-07-08 06:16:02.036 9 INFO neutron.wsgi [req-d0f1ce11-1e92-4645-b411-4d693d0b8dc2 req-cd24a10a-ebe6-40f9-974a-4b10a7c15430 3b22a979e4f847509a972bfe6926aa35 b9c597c5ced949e0bcf28cfb4309fb8e - - default default] 10.0.0.153 "GET /v2.0/security-groups?id=19cc6fe2-7aa0-491c-8bf1-d6e2d35fb3a7&fields=id&fields=name HTTP/1.1" status: 200 len: 312 time: 0.0486152
2026-07-08 06:16:02.179 10 INFO neutron.wsgi [req-592ca22e-35c0-4997-b24c-5d555a358d94 req-e8cbeb57-7cee-4c01-8517-9ca234685089 3b22a979e4f847509a972bfe6926aa35 b9c597c5ced949e0bcf28cfb4309fb8e - - default default] 10.0.0.153 "GET /v2.0/ports?device_id=0cac8185-540f-400f-b7f3-96c43697b6e4 HTTP/1.1" status: 200 len: 1174 time: 0.0589795
2026-07-08 06:16:02.317 9 INFO neutron.wsgi [req-dab1b8b0-205a-4420-98c5-4079642782a0 req-0b73be87-4ab1-4e91-b3de-b2ec11062702 00a1b4220ec94dff819ca9cb6eb93cc8 390a228564e64ed4b0a0654de17ec41e - - default default] 10.0.0.153 "GET /v2.0/ports?device_id=526b20db-dc63-44f4-ac23-14db4b935c39 HTTP/1.1" status: 200 len: 1168 time: 0.0398948
2026-07-08 06:16:02.380 9 INFO neutron.wsgi [req-dab1b8b0-205a-4420-98c5-4079642782a0 req-6094ea5c-9a7a-4c7a-bfbc-9bad1149a790 00a1b4220ec94dff819ca9cb6eb93cc8 390a228564e64ed4b0a0654de17ec41e - - default default] 10.0.0.153 "GET /v2.0/security-groups?id=bf5f2586-27c8-4f4a-96a2-5cd8c1fb7a40&fields=id&fields=name HTTP/1.1" status: 200 len: 312 time: 0.0535047
2026-07-08 06:16:02.588 9 WARNING neutron.scheduler.dhcp_agent_scheduler [None req-1aee36d6-3d54-461a-965f-d2e5947c40ed f9d0012c80a44f34981be525aa95de34 31c8531259d447fa8358eb34b21b7e43 - - default default] No more DHCP agents
2026-07-08 06:16:02.591 9 WARNING neutron.api.rpc.agentnotifiers.dhcp_rpc_agent_api [None req-1aee36d6-3d54-461a-965f-d2e5947c40ed f9d0012c80a44f34981be525aa95de34 31c8531259d447fa8358eb34b21b7e43 - - default default] Unable to schedule network 1695fa19-127f-4a2d-b822-62355864598c: no agents available; will retry on subsequent port and subnet creation events.
2026-07-08 06:16:02.637 10 INFO neutron.db.l3_db [None req-bb154c64-f0d9-46ea-abde-dd7f8f72de7b 3b22a979e4f847509a972bfe6926aa35 b9c597c5ced949e0bcf28cfb4309fb8e - - default default] Floating IP 19deeeef-b20d-41fb-b19b-a12fc1dcb9e8 associated. External IP: 10.96.250.209, port: c0057cb4-87f4-4ac1-9581-d1cfff5fa436.
2026-07-08 06:16:02.714 9 INFO neutron.db.ovn_revision_numbers_db [None req-1aee36d6-3d54-461a-965f-d2e5947c40ed f9d0012c80a44f34981be525aa95de34 31c8531259d447fa8358eb34b21b7e43 - - default default] Successfully bumped revision number for resource 6e4ff124-f6b2-4692-a7fd-3d5ed15ed6b3 (type: ports) to 1
2026-07-08 06:16:02.940 10 INFO neutron.db.ovn_revision_numbers_db [None req-96d4f4de-6309-4a87-996f-fe53a9e41bbf f9d0012c80a44f34981be525aa95de34 31c8531259d447fa8358eb34b21b7e43 - - default default] Successfully bumped revision number for resource 03b70f18-8fa9-4610-bac6-db8943ee5e80 (type: router_ports) to 1
2026-07-08 06:16:03.047 10 INFO neutron.db.ovn_revision_numbers_db [None req-96d4f4de-6309-4a87-996f-fe53a9e41bbf f9d0012c80a44f34981be525aa95de34 31c8531259d447fa8358eb34b21b7e43 - - default default] Successfully bumped revision number for resource 120dcfe1-98b6-43c3-b287-ffa28349c68a (type: routers) to 2
2026-07-08 06:16:03.088 10 INFO neutron.wsgi [None req-96d4f4de-6309-4a87-996f-fe53a9e41bbf f9d0012c80a44f34981be525aa95de34 31c8531259d447fa8358eb34b21b7e43 - - default default] 10.0.0.36 "POST /v2.0/routers HTTP/1.1" status: 201 len: 877 time: 2.2787976
2026-07-08 06:16:03.121 10 INFO neutron.db.ovn_revision_numbers_db [None req-bb154c64-f0d9-46ea-abde-dd7f8f72de7b 3b22a979e4f847509a972bfe6926aa35 b9c597c5ced949e0bcf28cfb4309fb8e - - default default] Successfully bumped revision number for resource 19deeeef-b20d-41fb-b19b-a12fc1dcb9e8 (type: floatingips) to 1
2026-07-08 06:16:03.153 10 INFO neutron.db.ovn_revision_numbers_db [None req-bc3b6fc3-d246-49c8-896c-30be32f00713 - - - - - -] Successfully bumped revision number for resource 3b93047c-dba6-46dc-8d9e-88bcd6898264 (type: ports) to 1
2026-07-08 06:16:03.175 9 INFO neutron.db.ovn_revision_numbers_db [None req-1aee36d6-3d54-461a-965f-d2e5947c40ed f9d0012c80a44f34981be525aa95de34 31c8531259d447fa8358eb34b21b7e43 - - default default] Successfully bumped revision number for resource 6e4ff124-f6b2-4692-a7fd-3d5ed15ed6b3 (type: router_ports) to 1
2026-07-08 06:16:03.244 10 INFO neutron.db.ovn_revision_numbers_db [None req-bb154c64-f0d9-46ea-abde-dd7f8f72de7b 3b22a979e4f847509a972bfe6926aa35 b9c597c5ced949e0bcf28cfb4309fb8e - - default default] Successfully bumped revision number for resource 19deeeef-b20d-41fb-b19b-a12fc1dcb9e8 (type: floatingips) to 2
2026-07-08 06:16:03.285 10 INFO neutron.wsgi [None req-bb154c64-f0d9-46ea-abde-dd7f8f72de7b 3b22a979e4f847509a972bfe6926aa35 b9c597c5ced949e0bcf28cfb4309fb8e - - default default] 10.0.0.36 "PUT /v2.0/floatingips/19deeeef-b20d-41fb-b19b-a12fc1dcb9e8 HTTP/1.1" status: 200 len: 1050 time: 1.0920303
2026-07-08 06:16:03.373 9 INFO neutron.db.ovn_revision_numbers_db [None req-1aee36d6-3d54-461a-965f-d2e5947c40ed f9d0012c80a44f34981be525aa95de34 31c8531259d447fa8358eb34b21b7e43 - - default default] Successfully bumped revision number for resource 6e4ff124-f6b2-4692-a7fd-3d5ed15ed6b3 (type: ports) to 1
2026-07-08 06:16:03.380 10 INFO neutron.notifiers.nova [-] Nova event matching ['req-b712c551-cee0-4f92-8a41-f74be0d253c5'] response: {'name': 'network-changed', 'server_uuid': '0cac8185-540f-400f-b7f3-96c43697b6e4', 'tag': 'c0057cb4-87f4-4ac1-9581-d1cfff5fa436', 'status': 'completed', 'code': 200}
2026-07-08 06:16:03.398 10 INFO neutron.wsgi [req-cb26ab7b-386e-4e4b-b6d2-dff32030be10 req-59588189-d43d-4fff-832e-f43cf55295aa 3b22a979e4f847509a972bfe6926aa35 b9c597c5ced949e0bcf28cfb4309fb8e - - default default] 10.0.0.153 "GET /v2.0/ports?device_id=0cac8185-540f-400f-b7f3-96c43697b6e4 HTTP/1.1" status: 200 len: 1174 time: 0.0700850
2026-07-08 06:16:03.448 10 INFO neutron.wsgi [req-f3a5f23e-101d-4dbf-82b0-0f9ec1a90a7a req-c1705780-b292-4800-934c-649d6ef56052 26ca87b1b3324dddb79ad44d6e826bf6 47f08c3366dd447e8c92d7b83369e780 - - ee583b710bfd4bb2bf2b0a42e9676962 ee583b710bfd4bb2bf2b0a42e9676962] 199.204.45.89 "GET /v2.0/ports?tenant_id=b9c597c5ced949e0bcf28cfb4309fb8e&device_id=0cac8185-540f-400f-b7f3-96c43697b6e4 HTTP/1.1" status: 200 len: 1413 time: 0.0492167
2026-07-08 06:16:03.471 10 INFO neutron.wsgi [req-cb26ab7b-386e-4e4b-b6d2-dff32030be10 req-1ee413dc-8806-46ea-a097-5f3be26d87f8 3b22a979e4f847509a972bfe6926aa35 b9c597c5ced949e0bcf28cfb4309fb8e - - default default] 10.0.0.153 "GET /v2.0/security-groups?id=19cc6fe2-7aa0-491c-8bf1-d6e2d35fb3a7&fields=id&fields=name HTTP/1.1" status: 200 len: 312 time: 0.0647371
2026-07-08 06:16:03.486 9 WARNING neutron.scheduler.dhcp_agent_scheduler [None req-1aee36d6-3d54-461a-965f-d2e5947c40ed f9d0012c80a44f34981be525aa95de34 31c8531259d447fa8358eb34b21b7e43 - - default default] No more DHCP agents
2026-07-08 06:16:03.491 9 WARNING neutron.api.rpc.agentnotifiers.dhcp_rpc_agent_api [None req-1aee36d6-3d54-461a-965f-d2e5947c40ed f9d0012c80a44f34981be525aa95de34 31c8531259d447fa8358eb34b21b7e43 - - default default] Unable to schedule network 1695fa19-127f-4a2d-b822-62355864598c: no agents available; will retry on subsequent port and subnet creation events.
2026-07-08 06:16:03.498 9 INFO neutron.wsgi [req-c9aa1a66-c1ab-42df-8787-cb608dfee3f7 req-1464b4d2-7729-4efd-817b-0f935944c060 00a1b4220ec94dff819ca9cb6eb93cc8 390a228564e64ed4b0a0654de17ec41e - - default default] 10.0.0.153 "GET /v2.0/ports?device_id=526b20db-dc63-44f4-ac23-14db4b935c39 HTTP/1.1" status: 200 len: 1168 time: 0.0531387
2026-07-08 06:16:03.528 10 INFO neutron.wsgi [req-f3a5f23e-101d-4dbf-82b0-0f9ec1a90a7a req-13125a24-f774-4192-b5ea-930deb36a7a0 26ca87b1b3324dddb79ad44d6e826bf6 47f08c3366dd447e8c92d7b83369e780 - - ee583b710bfd4bb2bf2b0a42e9676962 ee583b710bfd4bb2bf2b0a42e9676962] 199.204.45.89 "GET /v2.0/networks?id=fcb2f41b-4f6c-4f6e-b1de-a0b093d1f112 HTTP/1.1" status: 200 len: 974 time: 0.0739884
2026-07-08 06:16:03.554 9 INFO neutron.wsgi [req-c9aa1a66-c1ab-42df-8787-cb608dfee3f7 req-29a7cd9a-b3a5-476e-ac2f-c0f3ad03449b 00a1b4220ec94dff819ca9cb6eb93cc8 390a228564e64ed4b0a0654de17ec41e - - default default] 10.0.0.153 "GET /v2.0/security-groups?id=bf5f2586-27c8-4f4a-96a2-5cd8c1fb7a40&fields=id&fields=name HTTP/1.1" status: 200 len: 312 time: 0.0514481
2026-07-08 06:16:03.598 10 INFO neutron.db.ovn_revision_numbers_db [None req-bc3b6fc3-d246-49c8-896c-30be32f00713 - - - - - -] Successfully bumped revision number for resource 3b93047c-dba6-46dc-8d9e-88bcd6898264 (type: router_ports) to 3
2026-07-08 06:16:03.601 10 INFO neutron.wsgi [req-f3a5f23e-101d-4dbf-82b0-0f9ec1a90a7a req-12c1bd3c-1e5b-4c50-9324-055948f6f7d0 26ca87b1b3324dddb79ad44d6e826bf6 47f08c3366dd447e8c92d7b83369e780 - - ee583b710bfd4bb2bf2b0a42e9676962 ee583b710bfd4bb2bf2b0a42e9676962] 199.204.45.89 "GET /v2.0/floatingips?fixed_ip_address=10.100.0.11&port_id=c0057cb4-87f4-4ac1-9581-d1cfff5fa436 HTTP/1.1" status: 200 len: 1060 time: 0.0666676
2026-07-08 06:16:03.609 9 WARNING neutron.scheduler.dhcp_agent_scheduler [None req-a4eb7dfd-e786-4283-bde7-f8df63169ff9 f9d0012c80a44f34981be525aa95de34 31c8531259d447fa8358eb34b21b7e43 - - default default] No more DHCP agents
2026-07-08 06:16:03.613 9 WARNING neutron.api.rpc.agentnotifiers.dhcp_rpc_agent_api [None req-a4eb7dfd-e786-4283-bde7-f8df63169ff9 f9d0012c80a44f34981be525aa95de34 31c8531259d447fa8358eb34b21b7e43 - - default default] Unable to schedule network 69048be5-55e9-413e-95ab-31747101a418: no agents available; will retry on subsequent port and subnet creation events.
2026-07-08 06:16:03.646 10 INFO neutron.wsgi [req-f3a5f23e-101d-4dbf-82b0-0f9ec1a90a7a req-7115e0e0-8231-4639-8374-2672b0c72bd1 26ca87b1b3324dddb79ad44d6e826bf6 47f08c3366dd447e8c92d7b83369e780 - - ee583b710bfd4bb2bf2b0a42e9676962 ee583b710bfd4bb2bf2b0a42e9676962] 199.204.45.89 "GET /v2.0/subnets?id=4dc8e45a-f000-4c16-a500-dcbee5a3ecf6 HTTP/1.1" status: 200 len: 869 time: 0.0378530
2026-07-08 06:16:03.673 10 INFO neutron.wsgi [req-f3a5f23e-101d-4dbf-82b0-0f9ec1a90a7a req-d8bbf074-357c-4730-aef3-3f1f6e12bfd4 26ca87b1b3324dddb79ad44d6e826bf6 47f08c3366dd447e8c92d7b83369e780 - - ee583b710bfd4bb2bf2b0a42e9676962 ee583b710bfd4bb2bf2b0a42e9676962] 199.204.45.89 "GET /v2.0/ports?network_id=fcb2f41b-4f6c-4f6e-b1de-a0b093d1f112&device_owner=network%3Adhcp HTTP/1.1" status: 200 len: 210 time: 0.0216570
2026-07-08 06:16:03.744 10 INFO neutron.wsgi [req-f3a5f23e-101d-4dbf-82b0-0f9ec1a90a7a req-5ce2c9ad-b48f-4dee-9fb1-390b21fed1a7 26ca87b1b3324dddb79ad44d6e826bf6 47f08c3366dd447e8c92d7b83369e780 - - ee583b710bfd4bb2bf2b0a42e9676962 ee583b710bfd4bb2bf2b0a42e9676962] 199.204.45.89 "GET /v2.0/networks/fcb2f41b-4f6c-4f6e-b1de-a0b093d1f112?fields=segments HTTP/1.1" status: 200 len: 212 time: 0.0667131
2026-07-08 06:16:03.784 9 INFO neutron.db.ovn_revision_numbers_db [None req-a4eb7dfd-e786-4283-bde7-f8df63169ff9 f9d0012c80a44f34981be525aa95de34 31c8531259d447fa8358eb34b21b7e43 - - default default] Successfully bumped revision number for resource d7a4c4b8-ac32-49b3-a0a2-c42bf4ae60b3 (type: ports) to 1
2026-07-08 06:16:03.794 10 INFO neutron.db.ovn_revision_numbers_db [None req-bc3b6fc3-d246-49c8-896c-30be32f00713 - - - - - -] Successfully bumped revision number for resource 3b93047c-dba6-46dc-8d9e-88bcd6898264 (type: ports) to 2
2026-07-08 06:16:03.808 10 INFO neutron.wsgi [req-f3a5f23e-101d-4dbf-82b0-0f9ec1a90a7a req-44a3bad5-f6ea-430f-a873-cc3ebd89c834 26ca87b1b3324dddb79ad44d6e826bf6 47f08c3366dd447e8c92d7b83369e780 - - ee583b710bfd4bb2bf2b0a42e9676962 ee583b710bfd4bb2bf2b0a42e9676962] 199.204.45.89 "GET /v2.0/networks/fcb2f41b-4f6c-4f6e-b1de-a0b093d1f112?fields=provider%3Aphysical_network&fields=provider%3Anetwork_type HTTP/1.1" status: 200 len: 277 time: 0.0566645
2026-07-08 06:16:03.854 10 INFO neutron.wsgi [req-218bb5df-5c00-496b-857f-d4f1e8390ed5 req-53df53c0-fff5-46e6-817c-7306a8449eb4 3b22a979e4f847509a972bfe6926aa35 b9c597c5ced949e0bcf28cfb4309fb8e - - default default] 10.0.0.153 "GET /v2.0/ports?device_id=0cac8185-540f-400f-b7f3-96c43697b6e4 HTTP/1.1" status: 200 len: 1174 time: 0.0450912
2026-07-08 06:16:03.908 10 INFO neutron.wsgi [req-218bb5df-5c00-496b-857f-d4f1e8390ed5 req-8d5a4236-b4c7-4419-a3ee-42b6975a1f54 3b22a979e4f847509a972bfe6926aa35 b9c597c5ced949e0bcf28cfb4309fb8e - - default default] 10.0.0.153 "GET /v2.0/security-groups?id=19cc6fe2-7aa0-491c-8bf1-d6e2d35fb3a7&fields=id&fields=name HTTP/1.1" status: 200 len: 312 time: 0.0430436
2026-07-08 06:16:04.054 10 INFO neutron.db.ovn_revision_numbers_db [None req-bc3b6fc3-d246-49c8-896c-30be32f00713 - - - - - -] Successfully bumped revision number for resource 3b93047c-dba6-46dc-8d9e-88bcd6898264 (type: ports) to 4
2026-07-08 06:16:04.172 10 INFO neutron.wsgi [req-439a1782-022c-4b26-98d4-3f47829d8bb5 req-eb88aefb-7d85-4ba2-8fb0-8bb325753687 3b22a979e4f847509a972bfe6926aa35 b9c597c5ced949e0bcf28cfb4309fb8e - - default default] 199.204.45.89 "GET /v2.0/ports?device_id=0cac8185-540f-400f-b7f3-96c43697b6e4 HTTP/1.1" status: 200 len: 1174 time: 0.0352778
2026-07-08 06:16:04.303 9 WARNING neutron.plugins.ml2.drivers.ovn.mech_driver.ovsdb.ovn_client [None req-41e60fba-ef33-4b33-94db-723173586111 - - - - - -] No hosting information found for port e7705308-e366-4a03-aaec-34474e085db0: RuntimeError: No hosting information found for port e7705308-e366-4a03-aaec-34474e085db0
2026-07-08 06:16:04.303 9 INFO neutron.plugins.ml2.drivers.ovn.mech_driver.mech_driver [None req-41e60fba-ef33-4b33-94db-723173586111 - - - - - -] OVN reports status up for port: 09098082-5b1c-4177-8793-05e6aaa86dd1
2026-07-08 06:16:04.335 9 INFO neutron.plugins.ml2.plugin [None req-41e60fba-ef33-4b33-94db-723173586111 - - - - - -] Attempt 1 to provision port 09098082-5b1c-4177-8793-05e6aaa86dd1
2026-07-08 06:16:04.509 10 INFO neutron.db.ovn_revision_numbers_db [None req-bc3b6fc3-d246-49c8-896c-30be32f00713 - - - - - -] Successfully bumped revision number for resource 3b93047c-dba6-46dc-8d9e-88bcd6898264 (type: router_ports) to 4
2026-07-08 06:16:04.591 10 INFO neutron.plugins.ml2.drivers.ovn.mech_driver.ovsdb.ovsdb_monitor [None req-bc3b6fc3-d246-49c8-896c-30be32f00713 - - - - - -] Router 120dcfe1-98b6-43c3-b287-ffa28349c68a is bound to host instance
2026-07-08 06:16:04.700 10 INFO neutron.db.l3_db [req-439a1782-022c-4b26-98d4-3f47829d8bb5 req-18fe7f2d-684d-4b6b-a122-7e54b41fd4e3 3b22a979e4f847509a972bfe6926aa35 b9c597c5ced949e0bcf28cfb4309fb8e - - default default] Floating IP 19deeeef-b20d-41fb-b19b-a12fc1dcb9e8 disassociated. External IP: 10.96.250.209, port: c0057cb4-87f4-4ac1-9581-d1cfff5fa436.
2026-07-08 06:16:04.839 9 INFO neutron.wsgi [req-22066001-9f33-4b16-a988-967f4196e898 req-ea5ac9eb-4f83-451c-9f28-552e2b109aef 00a1b4220ec94dff819ca9cb6eb93cc8 390a228564e64ed4b0a0654de17ec41e - - default default] 10.0.0.153 "GET /v2.0/ports?device_id=526b20db-dc63-44f4-ac23-14db4b935c39 HTTP/1.1" status: 200 len: 1170 time: 0.2271016
2026-07-08 06:16:04.918 10 INFO neutron.wsgi [req-439a1782-022c-4b26-98d4-3f47829d8bb5 req-18fe7f2d-684d-4b6b-a122-7e54b41fd4e3 3b22a979e4f847509a972bfe6926aa35 b9c597c5ced949e0bcf28cfb4309fb8e - - default default] 199.204.45.89 "DELETE /v2.0/ports/c0057cb4-87f4-4ac1-9581-d1cfff5fa436 HTTP/1.1" status: 204 len: 173 time: 0.7326183
2026-07-08 06:16:04.926 9 INFO neutron.db.ovn_revision_numbers_db [None req-a4eb7dfd-e786-4283-bde7-f8df63169ff9 f9d0012c80a44f34981be525aa95de34 31c8531259d447fa8358eb34b21b7e43 - - default default] Successfully bumped revision number for resource d7a4c4b8-ac32-49b3-a0a2-c42bf4ae60b3 (type: router_ports) to 1
2026-07-08 06:16:04.946 9 INFO neutron.wsgi [req-22066001-9f33-4b16-a988-967f4196e898 req-1557f83b-1dc5-48fb-a205-2e5c756dc92a 00a1b4220ec94dff819ca9cb6eb93cc8 390a228564e64ed4b0a0654de17ec41e - - default default] 10.0.0.153 "GET /v2.0/security-groups?id=bf5f2586-27c8-4f4a-96a2-5cd8c1fb7a40&fields=id&fields=name HTTP/1.1" status: 200 len: 312 time: 0.1010766
2026-07-08 06:16:04.953 9 INFO neutron.notifiers.nova [-] Nova event matching ['req-4d68c485-8ef5-41c2-9476-46fa0333ca20'] response: {'server_uuid': '526b20db-dc63-44f4-ac23-14db4b935c39', 'name': 'network-vif-plugged', 'status': 'completed', 'tag': '09098082-5b1c-4177-8793-05e6aaa86dd1', 'code': 200}
2026-07-08 06:16:05.007 10 INFO neutron.plugins.ml2.drivers.ovn.mech_driver.mech_driver [None req-1f3ac1b1-c9eb-4667-a03d-cc9a1820faa9 - - - - - -] OVN reports status up for port: 03b70f18-8fa9-4610-bac6-db8943ee5e80
2026-07-08 06:16:05.021 10 INFO neutron.wsgi [req-fb79ed76-179d-43ac-a833-c5b1c8fb02d8 req-e2a63549-9d21-465f-8f3f-94d34a22abc8 3b22a979e4f847509a972bfe6926aa35 b9c597c5ced949e0bcf28cfb4309fb8e - - default default] 10.0.0.153 "GET /v2.0/ports?device_id=0cac8185-540f-400f-b7f3-96c43697b6e4 HTTP/1.1" status: 200 len: 210 time: 0.0267537
2026-07-08 06:16:05.025 10 INFO neutron.plugins.ml2.plugin [None req-1f3ac1b1-c9eb-4667-a03d-cc9a1820faa9 - - - - - -] Attempt 1 to provision port 03b70f18-8fa9-4610-bac6-db8943ee5e80
2026-07-08 06:16:05.032 9 INFO neutron.db.ovn_revision_numbers_db [None req-1aee36d6-3d54-461a-965f-d2e5947c40ed f9d0012c80a44f34981be525aa95de34 31c8531259d447fa8358eb34b21b7e43 - - default default] Successfully bumped revision number for resource 6e4ff124-f6b2-4692-a7fd-3d5ed15ed6b3 (type: router_ports) to 1
2026-07-08 06:16:05.034 9 INFO neutron.wsgi [None req-1aee36d6-3d54-461a-965f-d2e5947c40ed f9d0012c80a44f34981be525aa95de34 31c8531259d447fa8358eb34b21b7e43 - - default default] 10.0.0.36 "PUT /v2.0/routers/c4e3f247-3ed6-4b6c-a303-d80ac6abc463/add_router_interface HTTP/1.1" status: 200 len: 503 time: 3.1580307
2026-07-08 06:16:05.035 9 INFO neutron.db.ovn_revision_numbers_db [None req-41e60fba-ef33-4b33-94db-723173586111 - - - - - -] Successfully bumped revision number for resource 09098082-5b1c-4177-8793-05e6aaa86dd1 (type: ports) to 4
2026-07-08 06:16:05.094 10 INFO neutron.plugins.ml2.drivers.ovn.mech_driver.mech_driver [None req-1f3ac1b1-c9eb-4667-a03d-cc9a1820faa9 - - - - - -] OVN reports status down for port: c0057cb4-87f4-4ac1-9581-d1cfff5fa436
2026-07-08 06:16:05.113 10 INFO neutron.plugins.ml2.drivers.ovn.mech_driver.mech_driver [None req-1f3ac1b1-c9eb-4667-a03d-cc9a1820faa9 - - - - - -] OVN reports status up for port: d7a4c4b8-ac32-49b3-a0a2-c42bf4ae60b3
2026-07-08 06:16:05.122 10 INFO neutron.plugins.ml2.plugin [None req-1f3ac1b1-c9eb-4667-a03d-cc9a1820faa9 - - - - - -] Attempt 1 to provision port d7a4c4b8-ac32-49b3-a0a2-c42bf4ae60b3
2026-07-08 06:16:05.149 9 INFO neutron.plugins.ml2.drivers.ovn.mech_driver.mech_driver [None req-41e60fba-ef33-4b33-94db-723173586111 - - - - - -] OVN reports status up for port: 6e4ff124-f6b2-4692-a7fd-3d5ed15ed6b3
2026-07-08 06:16:05.166 9 INFO neutron.plugins.ml2.plugin [None req-41e60fba-ef33-4b33-94db-723173586111 - - - - - -] Attempt 1 to provision port 6e4ff124-f6b2-4692-a7fd-3d5ed15ed6b3
2026-07-08 06:16:05.216 9 INFO neutron.db.ovn_revision_numbers_db [None req-a4eb7dfd-e786-4283-bde7-f8df63169ff9 f9d0012c80a44f34981be525aa95de34 31c8531259d447fa8358eb34b21b7e43 - - default default] Successfully bumped revision number for resource d7a4c4b8-ac32-49b3-a0a2-c42bf4ae60b3 (type: ports) to 1
2026-07-08 06:16:05.296 10 INFO neutron.db.ovn_revision_numbers_db [None req-bc3b6fc3-d246-49c8-896c-30be32f00713 - - - - - -] Successfully bumped revision number for resource 03b70f18-8fa9-4610-bac6-db8943ee5e80 (type: ports) to 1
2026-07-08 06:16:05.334 9 WARNING neutron.scheduler.dhcp_agent_scheduler [None req-a4eb7dfd-e786-4283-bde7-f8df63169ff9 f9d0012c80a44f34981be525aa95de34 31c8531259d447fa8358eb34b21b7e43 - - default default] No more DHCP agents
2026-07-08 06:16:05.337 9 WARNING neutron.api.rpc.agentnotifiers.dhcp_rpc_agent_api [None req-a4eb7dfd-e786-4283-bde7-f8df63169ff9 f9d0012c80a44f34981be525aa95de34 31c8531259d447fa8358eb34b21b7e43 - - default default] Unable to schedule network 69048be5-55e9-413e-95ab-31747101a418: no agents available; will retry on subsequent port and subnet creation events.
2026-07-08 06:16:05.417 10 INFO neutron.notifiers.nova [-] Nova event matching ['req-e09cad95-4823-4e01-8f99-4c2928eac8e3'] response: {'server_uuid': '0cac8185-540f-400f-b7f3-96c43697b6e4', 'name': 'network-vif-deleted', 'tag': 'c0057cb4-87f4-4ac1-9581-d1cfff5fa436', 'status': 'completed', 'code': 200}
2026-07-08 06:16:05.514 10 INFO neutron.db.ovn_revision_numbers_db [None req-1f3ac1b1-c9eb-4667-a03d-cc9a1820faa9 - - - - - -] Successfully bumped revision number for resource d7a4c4b8-ac32-49b3-a0a2-c42bf4ae60b3 (type: ports) to 2
2026-07-08 06:16:05.674 9 INFO neutron.db.ovn_revision_numbers_db [None req-41e60fba-ef33-4b33-94db-723173586111 - - - - - -] Successfully bumped revision number for resource 6e4ff124-f6b2-4692-a7fd-3d5ed15ed6b3 (type: ports) to 2
2026-07-08 06:16:05.838 9 INFO neutron.db.ovn_revision_numbers_db [None req-41e60fba-ef33-4b33-94db-723173586111 - - - - - -] Successfully bumped revision number for resource 6e4ff124-f6b2-4692-a7fd-3d5ed15ed6b3 (type: router_ports) to 2
2026-07-08 06:16:05.847 10 INFO neutron.db.ovn_revision_numbers_db [None req-1f3ac1b1-c9eb-4667-a03d-cc9a1820faa9 - - - - - -] Successfully bumped revision number for resource d7a4c4b8-ac32-49b3-a0a2-c42bf4ae60b3 (type: router_ports) to 2
2026-07-08 06:16:05.864 10 INFO neutron.db.ovn_revision_numbers_db [None req-bc3b6fc3-d246-49c8-896c-30be32f00713 - - - - - -] Successfully bumped revision number for resource 03b70f18-8fa9-4610-bac6-db8943ee5e80 (type: router_ports) to 3
2026-07-08 06:16:05.883 10 INFO neutron.db.ovn_revision_numbers_db [None req-0f1da5da-e3d3-455a-a3ad-af30abb30578 1c914605a2af4b6f875619c06c2ddea1 90f6a3f19ce34bae8ffca98ed3d886bc - - default default] Successfully bumped revision number for resource 60c70a9e-e328-46fd-85ca-dc2389510bd0 (type: security_groups) to 1
2026-07-08 06:16:05.911 10 INFO neutron.db.ovn_revision_numbers_db [None req-0f1da5da-e3d3-455a-a3ad-af30abb30578 1c914605a2af4b6f875619c06c2ddea1 90f6a3f19ce34bae8ffca98ed3d886bc - - default default] Successfully bumped revision number for resource 08590ee3-3a34-4bbc-989d-9310eb22cbc2 (type: security_group_rules) to 0
2026-07-08 06:16:05.940 10 INFO neutron.db.ovn_revision_numbers_db [None req-0f1da5da-e3d3-455a-a3ad-af30abb30578 1c914605a2af4b6f875619c06c2ddea1 90f6a3f19ce34bae8ffca98ed3d886bc - - default default] Successfully bumped revision number for resource 4fbcb642-de58-439a-b9f2-ffe3b4fd39da (type: security_group_rules) to 0
2026-07-08 06:16:05.962 10 INFO neutron.wsgi [None req-0f1da5da-e3d3-455a-a3ad-af30abb30578 1c914605a2af4b6f875619c06c2ddea1 90f6a3f19ce34bae8ffca98ed3d886bc - - default default] 10.0.0.36 "POST /v2.0/security-groups HTTP/1.1" status: 201 len: 1796 time: 0.4071510 /var/lib/openstack/lib/python3.10/site-packages/pycadf/identifier.py:71: UserWarning: Invalid uuid: neutron. To ensure interoperability, identifiers should be a valid uuid. warnings.warn(('Invalid uuid: %s. To ensure interoperability, '
2026-07-08 06:16:06.050 10 INFO neutron.db.ovn_revision_numbers_db [None req-bc3b6fc3-d246-49c8-896c-30be32f00713 - - - - - -] Successfully bumped revision number for resource 03b70f18-8fa9-4610-bac6-db8943ee5e80 (type: ports) to 2
2026-07-08 06:16:06.080 9 INFO neutron.wsgi [req-585621cb-6bb7-4586-86b2-3f146cd42d05 req-c67bf3e4-26c1-49a1-b2a4-d1854d94c356 00a1b4220ec94dff819ca9cb6eb93cc8 390a228564e64ed4b0a0654de17ec41e - - default default] 10.0.0.153 "GET /v2.0/ports?device_id=526b20db-dc63-44f4-ac23-14db4b935c39 HTTP/1.1" status: 200 len: 1170 time: 0.0422242
2026-07-08 06:16:06.159 9 INFO neutron.wsgi [req-585621cb-6bb7-4586-86b2-3f146cd42d05 req-818ebd01-705a-4af0-9642-cefef65d3d0c 00a1b4220ec94dff819ca9cb6eb93cc8 390a228564e64ed4b0a0654de17ec41e - - default default] 10.0.0.153 "GET /v2.0/security-groups?id=bf5f2586-27c8-4f4a-96a2-5cd8c1fb7a40&fields=id&fields=name HTTP/1.1" status: 200 len: 312 time: 0.0725150
2026-07-08 06:16:06.226 9 INFO neutron.db.ovn_revision_numbers_db [None req-256ede87-5b4a-4008-a5b0-08f28d1d2207 1c914605a2af4b6f875619c06c2ddea1 90f6a3f19ce34bae8ffca98ed3d886bc - - default default] Successfully bumped revision number for resource 95deca8e-dd07-4484-ab26-005e901480a5 (type: security_group_rules) to 0
2026-07-08 06:16:06.265 9 INFO neutron.wsgi [None req-256ede87-5b4a-4008-a5b0-08f28d1d2207 1c914605a2af4b6f875619c06c2ddea1 90f6a3f19ce34bae8ffca98ed3d886bc - - default default] 10.0.0.36 "POST /v2.0/security-group-rules HTTP/1.1" status: 201 len: 764 time: 0.2973714
2026-07-08 06:16:06.316 10 INFO neutron.db.ovn_revision_numbers_db [None req-bc3b6fc3-d246-49c8-896c-30be32f00713 - - - - - -] Successfully bumped revision number for resource 03b70f18-8fa9-4610-bac6-db8943ee5e80 (type: ports) to 4
2026-07-08 06:16:06.324 9 INFO neutron.wsgi [None req-bf7b6e42-b95d-498d-8244-e987da747134 3b22a979e4f847509a972bfe6926aa35 b9c597c5ced949e0bcf28cfb4309fb8e - - default default] 10.0.0.36 "DELETE /v2.0/security-groups/19cc6fe2-7aa0-491c-8bf1-d6e2d35fb3a7 HTTP/1.1" status: 204 len: 168 time: 0.2138641
2026-07-08 06:16:06.369 10 INFO neutron.api.v2.resource [None req-ade4ddea-d3f0-4edc-baad-2aca314f18a7 3b22a979e4f847509a972bfe6926aa35 b9c597c5ced949e0bcf28cfb4309fb8e - - default default] show failed (client error): The resource could not be found.
2026-07-08 06:16:06.370 10 INFO neutron.wsgi [None req-ade4ddea-d3f0-4edc-baad-2aca314f18a7 3b22a979e4f847509a972bfe6926aa35 b9c597c5ced949e0bcf28cfb4309fb8e - - default default] 10.0.0.36 "GET /v2.0/security-groups/19cc6fe2-7aa0-491c-8bf1-d6e2d35fb3a7 HTTP/1.1" status: 404 len: 347 time: 0.0391321
2026-07-08 06:16:06.387 10 INFO neutron.wsgi [req-112aad74-2089-4bce-a4fb-6bff110aecbc req-7da1c061-db61-4661-8354-02cbd00bccfa 00a1b4220ec94dff819ca9cb6eb93cc8 390a228564e64ed4b0a0654de17ec41e - - default default] 10.0.0.153 "GET /v2.0/ports?device_id=526b20db-dc63-44f4-ac23-14db4b935c39 HTTP/1.1" status: 200 len: 1170 time: 0.1697297
2026-07-08 06:16:06.413 9 INFO neutron.db.ovn_revision_numbers_db [None req-a4eb7dfd-e786-4283-bde7-f8df63169ff9 f9d0012c80a44f34981be525aa95de34 31c8531259d447fa8358eb34b21b7e43 - - default default] Successfully bumped revision number for resource d7a4c4b8-ac32-49b3-a0a2-c42bf4ae60b3 (type: router_ports) to 2
2026-07-08 06:16:06.415 9 INFO neutron.wsgi [None req-a4eb7dfd-e786-4283-bde7-f8df63169ff9 f9d0012c80a44f34981be525aa95de34 31c8531259d447fa8358eb34b21b7e43 - - default default] 10.0.0.36 "PUT /v2.0/routers/120dcfe1-98b6-43c3-b287-ffa28349c68a/add_router_interface HTTP/1.1" status: 200 len: 503 time: 3.3212965
2026-07-08 06:16:06.475 9 INFO neutron.db.ovn_revision_numbers_db [None req-2e2b720d-a0f9-4bea-9a6d-6edf5784045e 1c914605a2af4b6f875619c06c2ddea1 90f6a3f19ce34bae8ffca98ed3d886bc - - default default] Successfully bumped revision number for resource 50db2c04-ff7b-4871-a908-e630589899fe (type: security_group_rules) to 0
2026-07-08 06:16:06.511 9 INFO neutron.wsgi [None req-2e2b720d-a0f9-4bea-9a6d-6edf5784045e 1c914605a2af4b6f875619c06c2ddea1 90f6a3f19ce34bae8ffca98ed3d886bc - - default default] 10.0.0.36 "POST /v2.0/security-group-rules HTTP/1.1" status: 201 len: 769 time: 0.2402744
2026-07-08 06:16:06.654 10 INFO neutron.db.l3_db [None req-4065c51d-8cfe-4561-be1f-3cf953cd327b 00a1b4220ec94dff819ca9cb6eb93cc8 390a228564e64ed4b0a0654de17ec41e - - default default] Floating IP 4ac49021-3b19-4910-8ad5-ac02ee3ce047 associated. External IP: 10.96.250.214, port: 09098082-5b1c-4177-8793-05e6aaa86dd1.
2026-07-08 06:16:06.675 10 INFO neutron.db.ovn_revision_numbers_db [None req-bc3b6fc3-d246-49c8-896c-30be32f00713 - - - - - -] Successfully bumped revision number for resource 03b70f18-8fa9-4610-bac6-db8943ee5e80 (type: router_ports) to 4
2026-07-08 06:16:06.758 9 INFO neutron.wsgi [None req-5d997d1e-ae2e-4d1b-905b-ed9cf6269490 3b22a979e4f847509a972bfe6926aa35 b9c597c5ced949e0bcf28cfb4309fb8e - - default default] 10.0.0.36 "DELETE /v2.0/floatingips/19deeeef-b20d-41fb-b19b-a12fc1dcb9e8 HTTP/1.1" status: 204 len: 168 time: 0.3832982
2026-07-08 06:16:06.854 10 INFO neutron.db.ovn_revision_numbers_db [None req-4065c51d-8cfe-4561-be1f-3cf953cd327b 00a1b4220ec94dff819ca9cb6eb93cc8 390a228564e64ed4b0a0654de17ec41e - - default default] Successfully bumped revision number for resource 4ac49021-3b19-4910-8ad5-ac02ee3ce047 (type: floatingips) to 1
2026-07-08 06:16:06.932 9 WARNING neutron.scheduler.dhcp_agent_scheduler [None req-7a8f733d-677f-44e1-b8e5-78f86582466c 1c914605a2af4b6f875619c06c2ddea1 90f6a3f19ce34bae8ffca98ed3d886bc - - default default] No more DHCP agents
2026-07-08 06:16:06.941 9 WARNING neutron.api.rpc.agentnotifiers.dhcp_rpc_agent_api [None req-7a8f733d-677f-44e1-b8e5-78f86582466c 1c914605a2af4b6f875619c06c2ddea1 90f6a3f19ce34bae8ffca98ed3d886bc - - default default] Unable to schedule network 4655023a-9bbe-40d8-8914-37a82927b034: no agents available; will retry on subsequent port and subnet creation events.
2026-07-08 06:16:06.956 10 INFO neutron.db.ovn_revision_numbers_db [None req-4065c51d-8cfe-4561-be1f-3cf953cd327b 00a1b4220ec94dff819ca9cb6eb93cc8 390a228564e64ed4b0a0654de17ec41e - - default default] Successfully bumped revision number for resource 4ac49021-3b19-4910-8ad5-ac02ee3ce047 (type: floatingips) to 2
2026-07-08 06:16:06.980 10 INFO neutron.wsgi [None req-4065c51d-8cfe-4561-be1f-3cf953cd327b 00a1b4220ec94dff819ca9cb6eb93cc8 390a228564e64ed4b0a0654de17ec41e - - default default] 10.0.0.36 "PUT /v2.0/floatingips/4ac49021-3b19-4910-8ad5-ac02ee3ce047 HTTP/1.1" status: 200 len: 1049 time: 0.5808775
2026-07-08 06:16:06.988 9 INFO neutron.notifiers.nova [-] Nova event matching ['req-84e8ca60-1228-4fbb-bd37-b91e787dbd21'] response: {'server_uuid': '526b20db-dc63-44f4-ac23-14db4b935c39', 'name': 'network-vif-plugged', 'status': 'completed', 'tag': '09098082-5b1c-4177-8793-05e6aaa86dd1', 'code': 200}
2026-07-08 06:16:07.016 10 INFO neutron.db.ovn_revision_numbers_db [None req-0911a484-2005-40a2-ad1b-0439c9c38751 bcbb7bab6f8c459a88d65407e4954779 4049d64a4d184bd8a4533ab9658e3ec6 - - default default] Successfully bumped revision number for resource 7a6cc940-0a33-49e3-8077-605bcd14111f (type: security_groups) to 1
2026-07-08 06:16:07.034 10 INFO neutron.db.ovn_revision_numbers_db [None req-0911a484-2005-40a2-ad1b-0439c9c38751 bcbb7bab6f8c459a88d65407e4954779 4049d64a4d184bd8a4533ab9658e3ec6 - - default default] Successfully bumped revision number for resource 3a32e76b-7d6d-47d3-9d52-1933d206b4fc (type: security_group_rules) to 0
2026-07-08 06:16:07.049 10 INFO neutron.db.ovn_revision_numbers_db [None req-0911a484-2005-40a2-ad1b-0439c9c38751 bcbb7bab6f8c459a88d65407e4954779 4049d64a4d184bd8a4533ab9658e3ec6 - - default default] Successfully bumped revision number for resource aa35ba38-6063-4abb-8871-692f470b0215 (type: security_group_rules) to 0
2026-07-08 06:16:07.067 10 INFO neutron.wsgi [None req-0911a484-2005-40a2-ad1b-0439c9c38751 bcbb7bab6f8c459a88d65407e4954779 4049d64a4d184bd8a4533ab9658e3ec6 - - default default] 10.0.0.36 "POST /v2.0/security-groups HTTP/1.1" status: 201 len: 1796 time: 0.1865394
2026-07-08 06:16:07.096 9 INFO neutron.wsgi [req-4fae9145-7ede-4dbf-956e-67a9b955f94f req-74513092-e825-4924-82bc-2c5f8390110e 00a1b4220ec94dff819ca9cb6eb93cc8 390a228564e64ed4b0a0654de17ec41e - - default default] 10.0.0.153 "GET /v2.0/ports?device_id=526b20db-dc63-44f4-ac23-14db4b935c39 HTTP/1.1" status: 200 len: 1170 time: 0.0649371
2026-07-08 06:16:07.172 9 INFO neutron.wsgi [req-4fae9145-7ede-4dbf-956e-67a9b955f94f req-30a98216-31b7-4e64-9a27-52310e426090 00a1b4220ec94dff819ca9cb6eb93cc8 390a228564e64ed4b0a0654de17ec41e - - default default] 10.0.0.153 "GET /v2.0/security-groups?id=bf5f2586-27c8-4f4a-96a2-5cd8c1fb7a40&fields=id&fields=name HTTP/1.1" status: 200 len: 312 time: 0.0612397
2026-07-08 06:16:07.173 10 INFO neutron.db.ovn_revision_numbers_db [None req-8f7c83f9-ec87-4be1-be72-58c1cd432432 bcbb7bab6f8c459a88d65407e4954779 4049d64a4d184bd8a4533ab9658e3ec6 - - default default] Successfully bumped revision number for resource f4732664-4ecf-474c-899c-7dc65a1fafa4 (type: security_group_rules) to 0
2026-07-08 06:16:07.195 10 INFO neutron.wsgi [None req-8f7c83f9-ec87-4be1-be72-58c1cd432432 bcbb7bab6f8c459a88d65407e4954779 4049d64a4d184bd8a4533ab9658e3ec6 - - default default] 10.0.0.36 "POST /v2.0/security-group-rules HTTP/1.1" status: 201 len: 764 time: 0.1226244
2026-07-08 06:16:07.323 10 INFO neutron.db.ovn_revision_numbers_db [None req-1bf28478-63cc-4ddd-a8a1-b07724c77b9b bcbb7bab6f8c459a88d65407e4954779 4049d64a4d184bd8a4533ab9658e3ec6 - - default default] Successfully bumped revision number for resource 91db7845-746d-43f3-862e-a456fe9f530b (type: security_group_rules) to 0
2026-07-08 06:16:07.347 10 INFO neutron.wsgi [None req-1bf28478-63cc-4ddd-a8a1-b07724c77b9b bcbb7bab6f8c459a88d65407e4954779 4049d64a4d184bd8a4533ab9658e3ec6 - - default default] 10.0.0.36 "POST /v2.0/security-group-rules HTTP/1.1" status: 201 len: 769 time: 0.1418810
2026-07-08 06:16:07.373 9 INFO neutron.db.ovn_revision_numbers_db [None req-7a8f733d-677f-44e1-b8e5-78f86582466c 1c914605a2af4b6f875619c06c2ddea1 90f6a3f19ce34bae8ffca98ed3d886bc - - default default] Successfully bumped revision number for resource c597464b-0339-4d54-9f26-ac94a6a09cec (type: floatingips) to 0
2026-07-08 06:16:07.387 9 INFO neutron.wsgi [None req-7a8f733d-677f-44e1-b8e5-78f86582466c 1c914605a2af4b6f875619c06c2ddea1 90f6a3f19ce34bae8ffca98ed3d886bc - - default default] 10.0.0.36 "POST /v2.0/floatingips HTTP/1.1" status: 201 len: 751 time: 0.8683431
2026-07-08 06:16:07.464 10 INFO neutron.notifiers.nova [-] Nova event matching ['req-ae5494d0-3403-40f5-9555-08fb09e836a6'] response: {'name': 'network-changed', 'server_uuid': '526b20db-dc63-44f4-ac23-14db4b935c39', 'tag': '09098082-5b1c-4177-8793-05e6aaa86dd1', 'status': 'completed', 'code': 200}
2026-07-08 06:16:07.519 10 INFO neutron.wsgi [req-ded571a8-c699-41d9-be70-97d24ec05a4b req-cb1a01c1-9769-44b1-af07-2508adcbf324 26ca87b1b3324dddb79ad44d6e826bf6 47f08c3366dd447e8c92d7b83369e780 - - ee583b710bfd4bb2bf2b0a42e9676962 ee583b710bfd4bb2bf2b0a42e9676962] 199.204.45.89 "GET /v2.0/ports?tenant_id=390a228564e64ed4b0a0654de17ec41e&device_id=526b20db-dc63-44f4-ac23-14db4b935c39 HTTP/1.1" status: 200 len: 1409 time: 0.0401123
2026-07-08 06:16:07.596 10 INFO neutron.wsgi [req-ded571a8-c699-41d9-be70-97d24ec05a4b req-0757a8ab-d5f8-4a98-9ac6-d1ad161e46c3 26ca87b1b3324dddb79ad44d6e826bf6 47f08c3366dd447e8c92d7b83369e780 - - ee583b710bfd4bb2bf2b0a42e9676962 ee583b710bfd4bb2bf2b0a42e9676962] 199.204.45.89 "GET /v2.0/networks?id=44f468d1-64a1-400d-b114-d60e64078c93 HTTP/1.1" status: 200 len: 981 time: 0.0708573
2026-07-08 06:16:07.648 10 INFO neutron.wsgi [req-ded571a8-c699-41d9-be70-97d24ec05a4b req-cad7bd90-0e97-4551-bb49-8403a6cd6f4b 26ca87b1b3324dddb79ad44d6e826bf6 47f08c3366dd447e8c92d7b83369e780 - - ee583b710bfd4bb2bf2b0a42e9676962 ee583b710bfd4bb2bf2b0a42e9676962] 199.204.45.89 "GET /v2.0/floatingips?fixed_ip_address=10.100.0.5&port_id=09098082-5b1c-4177-8793-05e6aaa86dd1 HTTP/1.1" status: 200 len: 1059 time: 0.0462193
2026-07-08 06:16:07.698 10 WARNING neutron.scheduler.dhcp_agent_scheduler [None req-b67486eb-72b7-46fe-83a6-e89050308602 bcbb7bab6f8c459a88d65407e4954779 4049d64a4d184bd8a4533ab9658e3ec6 - - default default] No more DHCP agents
2026-07-08 06:16:07.700 10 WARNING neutron.api.rpc.agentnotifiers.dhcp_rpc_agent_api [None req-b67486eb-72b7-46fe-83a6-e89050308602 bcbb7bab6f8c459a88d65407e4954779 4049d64a4d184bd8a4533ab9658e3ec6 - - default default] Unable to schedule network 4655023a-9bbe-40d8-8914-37a82927b034: no agents available; will retry on subsequent port and subnet creation events.
