2026-07-08 06:17:41.122 10 WARNING neutron.api.rpc.agentnotifiers.dhcp_rpc_agent_api [None req-3b3148ac-069a-4ca9-8a1d-3a1f3652cc49 a28faf60d1424e41baab262f5819291a d3feb49460344360a080ac3639663a26 - - default default] Unable to schedule network 7b3cf3d7-838c-483f-8e81-5aa60e40f046: no agents available; will retry on subsequent port and subnet creation events.
2026-07-08 06:17:41.175 9 INFO neutron.db.ovn_revision_numbers_db [None req-cf80d1bc-3fe0-4c62-9d4e-9e2de6d9a3b1 b00b53b42b464be78d8c1355f816846c 0acc8688d26d4c0a8a95ebbfa8e0cafa - - default default] Successfully bumped revision number for resource d66a5fd6-31aa-4b0b-b1d5-90c55250b972 (type: ports) to 1
2026-07-08 06:17:41.176 10 INFO neutron.wsgi [req-1ced43eb-18da-4221-b9b7-38dd6f40b393 req-207f6caa-14fc-4693-9274-a1d4282138e0 4b0ff074956b498fa3b130b08ed1bc60 f25d7983d1c749f694fddf4565515b36 - - default default] 10.0.0.153 "GET /v2.0/ports?device_id=e5da69be-228a-43e4-bedf-fd7eff1a52c8 HTTP/1.1" status: 200 len: 1168 time: 0.0499110
2026-07-08 06:17:41.228 10 INFO neutron.wsgi [req-1ced43eb-18da-4221-b9b7-38dd6f40b393 req-880aabcf-ddc1-475d-909f-1a18bac8d6e0 4b0ff074956b498fa3b130b08ed1bc60 f25d7983d1c749f694fddf4565515b36 - - default default] 10.0.0.153 "GET /v2.0/security-groups?id=725074b1-1c2a-4b47-a0d5-111ba329196a&fields=id&fields=name HTTP/1.1" status: 200 len: 313 time: 0.0458531
2026-07-08 06:17:41.231 10 INFO neutron.db.ovn_revision_numbers_db [None req-3b3148ac-069a-4ca9-8a1d-3a1f3652cc49 a28faf60d1424e41baab262f5819291a d3feb49460344360a080ac3639663a26 - - default default] Successfully bumped revision number for resource 4d086477-6063-4781-a8b2-d4f16d5f14f1 (type: ports) to 1
2026-07-08 06:17:41.251 9 INFO neutron.wsgi [None req-f862a89d-2557-44a6-b0ff-cebba3e1b835 85aa530b22e145b28dd3bc54f53014bc 813d7a541c064e20b1b35f0107af01bc - - default default] 10.0.0.36 "GET /v2.0/ports/50d00aa7-d830-4d8c-86b3-01de7d0e2e1e HTTP/1.1" status: 200 len: 1147 time: 0.0459673
2026-07-08 06:17:41.254 10 INFO neutron.wsgi [None req-3b3148ac-069a-4ca9-8a1d-3a1f3652cc49 a28faf60d1424e41baab262f5819291a d3feb49460344360a080ac3639663a26 - - default default] 10.0.0.36 "POST /v2.0/networks HTTP/1.1" status: 201 len: 844 time: 0.8516238
2026-07-08 06:17:41.297 9 WARNING neutron.scheduler.dhcp_agent_scheduler [None req-cf80d1bc-3fe0-4c62-9d4e-9e2de6d9a3b1 b00b53b42b464be78d8c1355f816846c 0acc8688d26d4c0a8a95ebbfa8e0cafa - - default default] No more DHCP agents
2026-07-08 06:17:41.298 9 WARNING neutron.api.rpc.agentnotifiers.dhcp_rpc_agent_api [None req-cf80d1bc-3fe0-4c62-9d4e-9e2de6d9a3b1 b00b53b42b464be78d8c1355f816846c 0acc8688d26d4c0a8a95ebbfa8e0cafa - - default default] Unable to schedule network 5f442cab-dd0b-4225-a169-21ed85ebb9c0: no agents available; will retry on subsequent port and subnet creation events.
2026-07-08 06:17:41.519 9 INFO neutron.db.ovn_revision_numbers_db [None req-cf80d1bc-3fe0-4c62-9d4e-9e2de6d9a3b1 b00b53b42b464be78d8c1355f816846c 0acc8688d26d4c0a8a95ebbfa8e0cafa - - default default] Successfully bumped revision number for resource d66a5fd6-31aa-4b0b-b1d5-90c55250b972 (type: router_ports) to 1
2026-07-08 06:17:41.521 9 INFO neutron.wsgi [None req-cf80d1bc-3fe0-4c62-9d4e-9e2de6d9a3b1 b00b53b42b464be78d8c1355f816846c 0acc8688d26d4c0a8a95ebbfa8e0cafa - - default default] 10.0.0.36 "PUT /v2.0/routers/7738dc69-de7e-4f33-8702-f5525ef68807/add_router_interface HTTP/1.1" status: 200 len: 503 time: 1.4565816 /var/lib/openstack/lib/python3.10/site-packages/pycadf/identifier.py:71: UserWarning: Invalid uuid: neutron. To ensure interoperability, identifiers should be a valid uuid. warnings.warn(('Invalid uuid: %s. To ensure interoperability, '
2026-07-08 06:17:41.568 9 INFO neutron.wsgi [None req-6ea7009c-af93-4e72-8d5b-9d5b72a70983 b00b53b42b464be78d8c1355f816846c 0acc8688d26d4c0a8a95ebbfa8e0cafa - - default default] 10.0.0.36 "GET /v2.0/ports/d66a5fd6-31aa-4b0b-b1d5-90c55250b972 HTTP/1.1" status: 200 len: 1135 time: 0.0426908
2026-07-08 06:17:41.568 9 WARNING neutron.scheduler.dhcp_agent_scheduler [None req-95789f52-70aa-4e80-b31d-b1ff04e4d6d4 a28faf60d1424e41baab262f5819291a d3feb49460344360a080ac3639663a26 - - default default] No more DHCP agents
2026-07-08 06:17:41.571 9 WARNING neutron.api.rpc.agentnotifiers.dhcp_rpc_agent_api [None req-95789f52-70aa-4e80-b31d-b1ff04e4d6d4 a28faf60d1424e41baab262f5819291a d3feb49460344360a080ac3639663a26 - - default default] Unable to schedule network 7b3cf3d7-838c-483f-8e81-5aa60e40f046: no agents available; will retry on subsequent port and subnet creation events. /var/lib/openstack/lib/python3.10/site-packages/pycadf/identifier.py:71: UserWarning: Invalid uuid: neutron. To ensure interoperability, identifiers should be a valid uuid. warnings.warn(('Invalid uuid: %s. To ensure interoperability, '
2026-07-08 06:17:41.829 9 WARNING neutron.plugins.ml2.drivers.ovn.mech_driver.ovsdb.ovn_client [None req-41e60fba-ef33-4b33-94db-723173586111 - - - - - -] No hosting information found for port bb23a519-323b-45da-b757-166f580d3870: RuntimeError: No hosting information found for port bb23a519-323b-45da-b757-166f580d3870
2026-07-08 06:17:41.829 9 INFO neutron.plugins.ml2.drivers.ovn.mech_driver.mech_driver [None req-41e60fba-ef33-4b33-94db-723173586111 - - - - - -] OVN reports status up for port: 50d00aa7-d830-4d8c-86b3-01de7d0e2e1e
2026-07-08 06:17:41.853 9 INFO neutron.plugins.ml2.plugin [None req-41e60fba-ef33-4b33-94db-723173586111 - - - - - -] Attempt 1 to provision port 50d00aa7-d830-4d8c-86b3-01de7d0e2e1e
2026-07-08 06:17:41.939 9 INFO neutron.db.ovn_revision_numbers_db [None req-95789f52-70aa-4e80-b31d-b1ff04e4d6d4 a28faf60d1424e41baab262f5819291a d3feb49460344360a080ac3639663a26 - - default default] Successfully bumped revision number for resource b03235bb-1c32-49e5-aff1-14b5d4d94c0e (type: ports) to 1
2026-07-08 06:17:41.992 9 INFO neutron.wsgi [None req-95789f52-70aa-4e80-b31d-b1ff04e4d6d4 a28faf60d1424e41baab262f5819291a d3feb49460344360a080ac3639663a26 - - default default] 10.0.0.36 "POST /v2.0/ports HTTP/1.1" status: 201 len: 974 time: 0.7336946
2026-07-08 06:17:42.113 10 INFO neutron.db.segments_db [None req-3299ec75-6e94-4a20-9f3f-32920240e447 a28faf60d1424e41baab262f5819291a d3feb49460344360a080ac3639663a26 - - default default] Added segment 322a3a64-6fc7-4b67-9f63-8ae73dc50583 of type geneve for network d87bdd30-ba7d-42f2-835e-bbaf5fabb93d
2026-07-08 06:17:42.268 9 INFO neutron.db.ovn_revision_numbers_db [None req-41e60fba-ef33-4b33-94db-723173586111 - - - - - -] Successfully bumped revision number for resource 50d00aa7-d830-4d8c-86b3-01de7d0e2e1e (type: ports) to 2
2026-07-08 06:17:42.301 10 INFO neutron.db.ovn_revision_numbers_db [None req-3299ec75-6e94-4a20-9f3f-32920240e447 a28faf60d1424e41baab262f5819291a d3feb49460344360a080ac3639663a26 - - default default] Successfully bumped revision number for resource d87bdd30-ba7d-42f2-835e-bbaf5fabb93d (type: networks) to 1
2026-07-08 06:17:42.314 9 INFO neutron.wsgi [None req-02505289-f16b-4870-a5d2-beed2496f480 85aa530b22e145b28dd3bc54f53014bc 813d7a541c064e20b1b35f0107af01bc - - default default] 10.0.0.36 "GET /v2.0/ports/50d00aa7-d830-4d8c-86b3-01de7d0e2e1e HTTP/1.1" status: 200 len: 1149 time: 0.0577703
2026-07-08 06:17:42.324 9 WARNING neutron.scheduler.dhcp_agent_scheduler [None req-d7a90809-644b-4ef3-92da-8241b7dcc4e9 b00b53b42b464be78d8c1355f816846c 0acc8688d26d4c0a8a95ebbfa8e0cafa - - default default] No more DHCP agents
2026-07-08 06:17:42.335 9 WARNING neutron.api.rpc.agentnotifiers.dhcp_rpc_agent_api [None req-d7a90809-644b-4ef3-92da-8241b7dcc4e9 b00b53b42b464be78d8c1355f816846c 0acc8688d26d4c0a8a95ebbfa8e0cafa - - default default] Unable to schedule network 15089ddc-250c-44b8-805b-09bfd744d7ca: no agents available; will retry on subsequent port and subnet creation events.
2026-07-08 06:17:42.483 9 INFO neutron.wsgi [req-acc0f04e-96a9-4e6c-9e96-6c19a1a71f64 req-b751f58d-5516-450a-ae5f-67e360aa1fe0 4b0ff074956b498fa3b130b08ed1bc60 f25d7983d1c749f694fddf4565515b36 - - default default] 10.0.0.153 "GET /v2.0/ports?device_id=e5da69be-228a-43e4-bedf-fd7eff1a52c8 HTTP/1.1" status: 200 len: 1168 time: 0.1636152
2026-07-08 06:17:42.495 9 INFO neutron.db.ovn_revision_numbers_db [None req-41e60fba-ef33-4b33-94db-723173586111 - - - - - -] Successfully bumped revision number for resource 50d00aa7-d830-4d8c-86b3-01de7d0e2e1e (type: router_ports) to 2
2026-07-08 06:17:42.550 10 WARNING neutron.scheduler.dhcp_agent_scheduler [None req-3299ec75-6e94-4a20-9f3f-32920240e447 a28faf60d1424e41baab262f5819291a d3feb49460344360a080ac3639663a26 - - default default] No more DHCP agents
2026-07-08 06:17:42.552 9 INFO neutron.wsgi [req-acc0f04e-96a9-4e6c-9e96-6c19a1a71f64 req-00d10682-d0ac-428b-8453-4f06975417e3 4b0ff074956b498fa3b130b08ed1bc60 f25d7983d1c749f694fddf4565515b36 - - default default] 10.0.0.153 "GET /v2.0/security-groups?id=725074b1-1c2a-4b47-a0d5-111ba329196a&fields=id&fields=name HTTP/1.1" status: 200 len: 313 time: 0.0609641
2026-07-08 06:17:42.556 10 WARNING neutron.api.rpc.agentnotifiers.dhcp_rpc_agent_api [None req-3299ec75-6e94-4a20-9f3f-32920240e447 a28faf60d1424e41baab262f5819291a d3feb49460344360a080ac3639663a26 - - default default] Unable to schedule network d87bdd30-ba7d-42f2-835e-bbaf5fabb93d: no agents available; will retry on subsequent port and subnet creation events.
2026-07-08 06:17:42.586 9 INFO neutron.db.ovn_revision_numbers_db [None req-d7a90809-644b-4ef3-92da-8241b7dcc4e9 b00b53b42b464be78d8c1355f816846c 0acc8688d26d4c0a8a95ebbfa8e0cafa - - default default] Successfully bumped revision number for resource f2bafd93-488b-4a24-bb9d-eb57f65febc0 (type: ports) to 1
2026-07-08 06:17:42.663 10 INFO neutron.db.ovn_revision_numbers_db [None req-3299ec75-6e94-4a20-9f3f-32920240e447 a28faf60d1424e41baab262f5819291a d3feb49460344360a080ac3639663a26 - - default default] Successfully bumped revision number for resource c80b068d-a6d3-417d-bd7f-86fd44707373 (type: ports) to 1
2026-07-08 06:17:42.693 10 INFO neutron.wsgi [None req-3299ec75-6e94-4a20-9f3f-32920240e447 a28faf60d1424e41baab262f5819291a d3feb49460344360a080ac3639663a26 - - default default] 10.0.0.36 "POST /v2.0/networks HTTP/1.1" status: 201 len: 831 time: 0.6941504
2026-07-08 06:17:43.014 10 WARNING neutron.scheduler.dhcp_agent_scheduler [None req-f48151a7-4c94-490f-9a88-06a99b9e13c0 a28faf60d1424e41baab262f5819291a d3feb49460344360a080ac3639663a26 - - default default] No more DHCP agents
2026-07-08 06:17:43.018 10 WARNING neutron.api.rpc.agentnotifiers.dhcp_rpc_agent_api [None req-f48151a7-4c94-490f-9a88-06a99b9e13c0 a28faf60d1424e41baab262f5819291a d3feb49460344360a080ac3639663a26 - - default default] Unable to schedule network d87bdd30-ba7d-42f2-835e-bbaf5fabb93d: no agents available; will retry on subsequent port and subnet creation events.
2026-07-08 06:17:43.036 9 INFO neutron.db.ovn_revision_numbers_db [None req-d7a90809-644b-4ef3-92da-8241b7dcc4e9 b00b53b42b464be78d8c1355f816846c 0acc8688d26d4c0a8a95ebbfa8e0cafa - - default default] Successfully bumped revision number for resource f2bafd93-488b-4a24-bb9d-eb57f65febc0 (type: router_ports) to 1
2026-07-08 06:17:43.152 10 INFO neutron.wsgi [None req-28c097bc-8f77-4828-a015-1c42476d96f5 85aa530b22e145b28dd3bc54f53014bc 813d7a541c064e20b1b35f0107af01bc - - default default] 10.0.0.36 "PUT /v2.0/routers/1603d802-365c-4c6f-b4ba-a6c3ec44f116/remove_router_interface HTTP/1.1" status: 200 len: 503 time: 0.8334739 /var/lib/openstack/lib/python3.10/site-packages/pycadf/identifier.py:71: UserWarning: Invalid uuid: neutron. To ensure interoperability, identifiers should be a valid uuid. warnings.warn(('Invalid uuid: %s. To ensure interoperability, '
2026-07-08 06:17:43.184 9 INFO neutron.db.ovn_revision_numbers_db [None req-d7a90809-644b-4ef3-92da-8241b7dcc4e9 b00b53b42b464be78d8c1355f816846c 0acc8688d26d4c0a8a95ebbfa8e0cafa - - default default] Successfully bumped revision number for resource f2bafd93-488b-4a24-bb9d-eb57f65febc0 (type: ports) to 1
2026-07-08 06:17:43.249 9 WARNING neutron.scheduler.dhcp_agent_scheduler [None req-d7a90809-644b-4ef3-92da-8241b7dcc4e9 b00b53b42b464be78d8c1355f816846c 0acc8688d26d4c0a8a95ebbfa8e0cafa - - default default] No more DHCP agents
2026-07-08 06:17:43.251 9 WARNING neutron.api.rpc.agentnotifiers.dhcp_rpc_agent_api [None req-d7a90809-644b-4ef3-92da-8241b7dcc4e9 b00b53b42b464be78d8c1355f816846c 0acc8688d26d4c0a8a95ebbfa8e0cafa - - default default] Unable to schedule network 15089ddc-250c-44b8-805b-09bfd744d7ca: no agents available; will retry on subsequent port and subnet creation events.
2026-07-08 06:17:43.272 10 INFO neutron.wsgi [None req-05388c0a-62e1-4a87-9f53-f6d73881e376 85aa530b22e145b28dd3bc54f53014bc 813d7a541c064e20b1b35f0107af01bc - - default default] 10.0.0.36 "GET /v2.0/ports/ad81d068-014f-4868-811d-edde928f8b7d HTTP/1.1" status: 200 len: 1141 time: 0.1149271
2026-07-08 06:17:43.408 9 INFO neutron.db.ovn_revision_numbers_db [None req-d7a90809-644b-4ef3-92da-8241b7dcc4e9 b00b53b42b464be78d8c1355f816846c 0acc8688d26d4c0a8a95ebbfa8e0cafa - - default default] Successfully bumped revision number for resource f2bafd93-488b-4a24-bb9d-eb57f65febc0 (type: router_ports) to 1
2026-07-08 06:17:43.410 9 INFO neutron.wsgi [None req-d7a90809-644b-4ef3-92da-8241b7dcc4e9 b00b53b42b464be78d8c1355f816846c 0acc8688d26d4c0a8a95ebbfa8e0cafa - - default default] 10.0.0.36 "PUT /v2.0/routers/7738dc69-de7e-4f33-8702-f5525ef68807/add_router_interface HTTP/1.1" status: 200 len: 503 time: 1.8371487
2026-07-08 06:17:43.449 9 INFO neutron.wsgi [None req-0d3d47bc-42e3-4bfa-b21c-6a4beb5a57fd b00b53b42b464be78d8c1355f816846c 0acc8688d26d4c0a8a95ebbfa8e0cafa - - default default] 10.0.0.36 "GET /v2.0/ports/f2bafd93-488b-4a24-bb9d-eb57f65febc0 HTTP/1.1" status: 200 len: 1135 time: 0.0342023
2026-07-08 06:17:43.486 9 INFO neutron.wsgi [None req-c69fc753-0d9e-4251-854d-f01bf056c4e4 b00b53b42b464be78d8c1355f816846c 0acc8688d26d4c0a8a95ebbfa8e0cafa - - default default] 10.0.0.36 "GET /v2.0/ports/f2bafd93-488b-4a24-bb9d-eb57f65febc0 HTTP/1.1" status: 200 len: 1135 time: 0.0314395
2026-07-08 06:17:43.727 10 INFO neutron.wsgi [req-46dad63d-8769-4b14-9291-ce27db5da2fe req-01f0d81c-4d9f-465d-965e-4999bb9add5b 4b0ff074956b498fa3b130b08ed1bc60 f25d7983d1c749f694fddf4565515b36 - - default default] 10.0.0.153 "GET /v2.0/ports?device_id=e5da69be-228a-43e4-bedf-fd7eff1a52c8 HTTP/1.1" status: 200 len: 1168 time: 0.0476532
2026-07-08 06:17:43.800 10 INFO neutron.wsgi [req-46dad63d-8769-4b14-9291-ce27db5da2fe req-dc5ac950-234f-4b8f-b28e-1382f6b23b75 4b0ff074956b498fa3b130b08ed1bc60 f25d7983d1c749f694fddf4565515b36 - - default default] 10.0.0.153 "GET /v2.0/security-groups?id=725074b1-1c2a-4b47-a0d5-111ba329196a&fields=id&fields=name HTTP/1.1" status: 200 len: 313 time: 0.0614395
2026-07-08 06:17:43.953 10 INFO neutron.db.ovn_revision_numbers_db [None req-f48151a7-4c94-490f-9a88-06a99b9e13c0 a28faf60d1424e41baab262f5819291a d3feb49460344360a080ac3639663a26 - - default default] Successfully bumped revision number for resource c80b068d-a6d3-417d-bd7f-86fd44707373 (type: ports) to 2
2026-07-08 06:17:43.994 10 INFO neutron.db.ovn_revision_numbers_db [None req-f48151a7-4c94-490f-9a88-06a99b9e13c0 a28faf60d1424e41baab262f5819291a d3feb49460344360a080ac3639663a26 - - default default] Successfully bumped revision number for resource 9e4bdd5e-e6bc-4441-9142-80bbceaa69a9 (type: subnets) to 0
2026-07-08 06:17:44.009 10 INFO neutron.wsgi [None req-f48151a7-4c94-490f-9a88-06a99b9e13c0 a28faf60d1424e41baab262f5819291a d3feb49460344360a080ac3639663a26 - - default default] 10.0.0.36 "POST /v2.0/subnets HTTP/1.1" status: 201 len: 801 time: 1.3076921
2026-07-08 06:17:44.152 10 INFO neutron.wsgi [None req-15c1329e-b566-4f50-8920-2f03b9734a4d 85aa530b22e145b28dd3bc54f53014bc 813d7a541c064e20b1b35f0107af01bc - - default default] 10.0.0.36 "PUT /v2.0/routers/1603d802-365c-4c6f-b4ba-a6c3ec44f116/remove_router_interface HTTP/1.1" status: 200 len: 503 time: 0.8763466 /var/lib/openstack/lib/python3.10/site-packages/pycadf/identifier.py:71: UserWarning: Invalid uuid: neutron. To ensure interoperability, identifiers should be a valid uuid. warnings.warn(('Invalid uuid: %s. To ensure interoperability, '
2026-07-08 06:17:44.182 10 INFO neutron.wsgi [None req-65fac05a-6333-4094-a3f1-17c2853812e3 85aa530b22e145b28dd3bc54f53014bc 813d7a541c064e20b1b35f0107af01bc - - default default] 10.0.0.36 "GET /v2.0/ports?device_id=1603d802-365c-4c6f-b4ba-a6c3ec44f116 HTTP/1.1" status: 200 len: 205 time: 0.0234890
2026-07-08 06:17:44.361 9 WARNING neutron.scheduler.dhcp_agent_scheduler [None req-c45f2b3e-dba1-475f-b109-d81b8dbbee12 a28faf60d1424e41baab262f5819291a d3feb49460344360a080ac3639663a26 - - default default] No more DHCP agents
2026-07-08 06:17:44.363 9 WARNING neutron.api.rpc.agentnotifiers.dhcp_rpc_agent_api [None req-c45f2b3e-dba1-475f-b109-d81b8dbbee12 a28faf60d1424e41baab262f5819291a d3feb49460344360a080ac3639663a26 - - default default] Unable to schedule network d87bdd30-ba7d-42f2-835e-bbaf5fabb93d: no agents available; will retry on subsequent port and subnet creation events.
2026-07-08 06:17:44.416 10 INFO neutron.wsgi [None req-293aac81-4ad3-4416-a56c-2f68ad7a9c82 85aa530b22e145b28dd3bc54f53014bc 813d7a541c064e20b1b35f0107af01bc - - default default] 10.0.0.36 "DELETE /v2.0/routers/1603d802-365c-4c6f-b4ba-a6c3ec44f116 HTTP/1.1" status: 204 len: 168 time: 0.2289479 /var/lib/openstack/lib/python3.10/site-packages/pycadf/identifier.py:71: UserWarning: Invalid uuid: neutron. To ensure interoperability, identifiers should be a valid uuid. warnings.warn(('Invalid uuid: %s. To ensure interoperability, '
2026-07-08 06:17:44.539 9 INFO neutron.db.ovn_revision_numbers_db [None req-c45f2b3e-dba1-475f-b109-d81b8dbbee12 a28faf60d1424e41baab262f5819291a d3feb49460344360a080ac3639663a26 - - default default] Successfully bumped revision number for resource de060b85-9d26-4f74-9519-c5b987ac2679 (type: ports) to 1
2026-07-08 06:17:44.571 9 INFO neutron.wsgi [None req-c45f2b3e-dba1-475f-b109-d81b8dbbee12 a28faf60d1424e41baab262f5819291a d3feb49460344360a080ac3639663a26 - - default default] 10.0.0.36 "POST /v2.0/ports HTTP/1.1" status: 201 len: 1149 time: 0.5555866
2026-07-08 06:17:44.584 9 INFO neutron.wsgi [None req-5975f9bc-30ff-4391-8a9e-dba69d7844b0 b00b53b42b464be78d8c1355f816846c 0acc8688d26d4c0a8a95ebbfa8e0cafa - - default default] 10.0.0.36 "GET /v2.0/ports/f2bafd93-488b-4a24-bb9d-eb57f65febc0 HTTP/1.1" status: 200 len: 1135 time: 0.0927825
2026-07-08 06:17:44.590 10 INFO neutron.wsgi [None req-f1675bf4-c296-4511-9ca2-23ac24f300ec 85aa530b22e145b28dd3bc54f53014bc 813d7a541c064e20b1b35f0107af01bc - - default default] 10.0.0.36 "DELETE /v2.0/subnets/7495db88-1c70-4d9f-a703-d6087c8982af HTTP/1.1" status: 204 len: 168 time: 0.1694508
2026-07-08 06:17:44.818 9 INFO neutron.wsgi [None req-751a0746-ee99-43a8-8add-ffad104ef8ee 85aa530b22e145b28dd3bc54f53014bc 813d7a541c064e20b1b35f0107af01bc - - default default] 10.0.0.36 "DELETE /v2.0/subnets/9df50fd8-2b68-4c66-94e4-0c189d3daf3a HTTP/1.1" status: 204 len: 168 time: 0.2225983
2026-07-08 06:17:44.902 9 INFO neutron.wsgi [req-ca80d617-a9f3-4c15-a446-4a76b39f4014 req-b49157ec-545a-4192-abd7-1140f0acf170 4b0ff074956b498fa3b130b08ed1bc60 f25d7983d1c749f694fddf4565515b36 - - default default] 10.0.0.153 "GET /v2.0/ports?device_id=e5da69be-228a-43e4-bedf-fd7eff1a52c8 HTTP/1.1" status: 200 len: 1168 time: 0.0338831
2026-07-08 06:17:44.954 9 INFO neutron.wsgi [req-ca80d617-a9f3-4c15-a446-4a76b39f4014 req-1a4a0d53-ab49-4d86-a24c-d27497a81af7 4b0ff074956b498fa3b130b08ed1bc60 f25d7983d1c749f694fddf4565515b36 - - default default] 10.0.0.153 "GET /v2.0/security-groups?id=725074b1-1c2a-4b47-a0d5-111ba329196a&fields=id&fields=name HTTP/1.1" status: 200 len: 313 time: 0.0429177
2026-07-08 06:17:44.966 9 INFO neutron.wsgi [None req-3a643ad1-fdc3-45a5-a19b-881ea8dbd22e a28faf60d1424e41baab262f5819291a d3feb49460344360a080ac3639663a26 - - default default] 10.0.0.36 "DELETE /v2.0/ports/de060b85-9d26-4f74-9519-c5b987ac2679 HTTP/1.1" status: 204 len: 168 time: 0.3902831
2026-07-08 06:17:44.986 9 INFO neutron.pecan_wsgi.hooks.translation [None req-72e677fe-5614-401c-b6d5-f5d09c25efdd a28faf60d1424e41baab262f5819291a d3feb49460344360a080ac3639663a26 - - default default] DELETE failed (client error): The resource could not be found.
2026-07-08 06:17:44.989 9 INFO neutron.wsgi [None req-72e677fe-5614-401c-b6d5-f5d09c25efdd a28faf60d1424e41baab262f5819291a d3feb49460344360a080ac3639663a26 - - default default] 10.0.0.36 "DELETE /v2.0/ports/de060b85-9d26-4f74-9519-c5b987ac2679 HTTP/1.1" status: 404 len: 333 time: 0.0183868
2026-07-08 06:17:45.013 9 INFO neutron.pecan_wsgi.hooks.translation [None req-c5b0713f-ad4d-411d-aca6-b68c2b0ec750 a28faf60d1424e41baab262f5819291a d3feb49460344360a080ac3639663a26 - - default default] GET failed (client error): The resource could not be found.
2026-07-08 06:17:45.016 9 INFO neutron.wsgi [None req-c5b0713f-ad4d-411d-aca6-b68c2b0ec750 a28faf60d1424e41baab262f5819291a d3feb49460344360a080ac3639663a26 - - default default] 10.0.0.36 "GET /v2.0/ports/de060b85-9d26-4f74-9519-c5b987ac2679 HTTP/1.1" status: 404 len: 333 time: 0.0221841
2026-07-08 06:17:45.158 10 INFO neutron.services.segments.plugin [-] Segment 793fc44f-bc9e-4f17-9c68-163f438df48d resource provider aggregate not found
2026-07-08 06:17:45.162 10 INFO neutron.services.segments.plugin [-] Segment 793fc44f-bc9e-4f17-9c68-163f438df48d resource provider aggregate not found
2026-07-08 06:17:45.180 10 INFO neutron.services.segments.plugin [-] Segment 793fc44f-bc9e-4f17-9c68-163f438df48d resource provider not found; error: Placement Client Error (4xx): {"errors": [{"status": 404, "title": "Not Found", "detail": "The resource could not be found.\n\n No resource provider with uuid 793fc44f-bc9e-4f17-9c68-163f438df48d found for delete ", "request_id": "req-d41929a5-716a-4520-8674-6e3effa17977"}]}
2026-07-08 06:17:45.182 10 INFO neutron.services.segments.plugin [-] Segment 793fc44f-bc9e-4f17-9c68-163f438df48d resource provider not found; error: Placement Client Error (4xx): {"errors": [{"status": 404, "title": "Not Found", "detail": "The resource could not be found.\n\n No resource provider with uuid 793fc44f-bc9e-4f17-9c68-163f438df48d found for delete ", "request_id": "req-a87898c8-1d48-4a2a-9543-24f0168ce087"}]}
2026-07-08 06:17:45.200 10 INFO neutron.wsgi [None req-7abed44f-2b66-4b6a-a957-8d8e3d54a544 85aa530b22e145b28dd3bc54f53014bc 813d7a541c064e20b1b35f0107af01bc - - default default] 10.0.0.36 "DELETE /v2.0/networks/08c3b0c3-b2f2-4931-93c9-150568fb1cef HTTP/1.1" status: 204 len: 168 time: 0.3785384
2026-07-08 06:17:45.218 9 INFO neutron.wsgi [None req-f833313d-2a16-44f7-aaa5-46153434c187 a28faf60d1424e41baab262f5819291a d3feb49460344360a080ac3639663a26 - - default default] 10.0.0.36 "DELETE /v2.0/subnets/9e4bdd5e-e6bc-4441-9142-80bbceaa69a9 HTTP/1.1" status: 204 len: 168 time: 0.1974545
2026-07-08 06:17:45.561 10 INFO neutron.wsgi [None req-421a2120-40b5-483a-88e0-f796d4185dd5 85aa530b22e145b28dd3bc54f53014bc 813d7a541c064e20b1b35f0107af01bc - - default default] 10.0.0.36 "DELETE /v2.0/networks/e8139233-8976-4fd8-98b3-6c42786fb1b2 HTTP/1.1" status: 204 len: 168 time: 0.3547924
2026-07-08 06:17:45.564 9 INFO neutron.services.segments.plugin [-] Segment 322a3a64-6fc7-4b67-9f63-8ae73dc50583 resource provider aggregate not found
2026-07-08 06:17:45.571 9 INFO neutron.services.segments.plugin [-] Segment 322a3a64-6fc7-4b67-9f63-8ae73dc50583 resource provider aggregate not found
2026-07-08 06:17:45.589 9 INFO neutron.services.segments.plugin [-] Segment 322a3a64-6fc7-4b67-9f63-8ae73dc50583 resource provider not found; error: Placement Client Error (4xx): {"errors": [{"status": 404, "title": "Not Found", "detail": "The resource could not be found.\n\n No resource provider with uuid 322a3a64-6fc7-4b67-9f63-8ae73dc50583 found for delete ", "request_id": "req-9a4872fe-cdd4-4faa-9480-dbcd4c394bb1"}]}
2026-07-08 06:17:45.599 9 INFO neutron.services.segments.plugin [-] Segment 322a3a64-6fc7-4b67-9f63-8ae73dc50583 resource provider not found; error: Placement Client Error (4xx): {"errors": [{"status": 404, "title": "Not Found", "detail": "The resource could not be found.\n\n No resource provider with uuid 322a3a64-6fc7-4b67-9f63-8ae73dc50583 found for delete ", "request_id": "req-37ab1735-d1ed-414a-b8c3-510caace7e71"}]}
2026-07-08 06:17:45.622 9 INFO neutron.wsgi [None req-7a302551-3a4a-4703-b3ec-eb17a2836831 b00b53b42b464be78d8c1355f816846c 0acc8688d26d4c0a8a95ebbfa8e0cafa - - default default] 10.0.0.36 "GET /v2.0/ports/f2bafd93-488b-4a24-bb9d-eb57f65febc0 HTTP/1.1" status: 200 len: 1135 time: 0.0334525
2026-07-08 06:17:45.626 9 INFO neutron.wsgi [None req-5fcf2809-f1b0-43a2-ae1a-14a293da8476 a28faf60d1424e41baab262f5819291a d3feb49460344360a080ac3639663a26 - - default default] 10.0.0.36 "DELETE /v2.0/networks/d87bdd30-ba7d-42f2-835e-bbaf5fabb93d HTTP/1.1" status: 204 len: 168 time: 0.4028966
2026-07-08 06:17:45.655 10 INFO neutron.db.segments_db [None req-e2791ae8-4cf8-465c-baac-6508e4f09fca 85aa530b22e145b28dd3bc54f53014bc 813d7a541c064e20b1b35f0107af01bc - - default default] Added segment 14bd66af-be1d-48b2-8fe2-91e5b4e66312 of type geneve for network 145cb617-e402-4698-8d05-6ca2b680a540
2026-07-08 06:17:45.703 9 INFO neutron.db.segments_db [None req-0247e22f-4f2c-4fa1-9a12-7f022613eb2f a28faf60d1424e41baab262f5819291a d3feb49460344360a080ac3639663a26 - - default default] Added segment ae36fd42-efba-4826-9355-02f97fbad418 of type geneve for network 8c463c50-fed3-4d5b-a7f1-4af34443f587
2026-07-08 06:17:45.805 10 INFO neutron.db.ovn_revision_numbers_db [None req-e2791ae8-4cf8-465c-baac-6508e4f09fca 85aa530b22e145b28dd3bc54f53014bc 813d7a541c064e20b1b35f0107af01bc - - default default] Successfully bumped revision number for resource 145cb617-e402-4698-8d05-6ca2b680a540 (type: networks) to 1
2026-07-08 06:17:45.831 9 INFO neutron.db.ovn_revision_numbers_db [None req-0247e22f-4f2c-4fa1-9a12-7f022613eb2f a28faf60d1424e41baab262f5819291a d3feb49460344360a080ac3639663a26 - - default default] Successfully bumped revision number for resource 8c463c50-fed3-4d5b-a7f1-4af34443f587 (type: networks) to 1
2026-07-08 06:17:45.967 10 WARNING neutron.scheduler.dhcp_agent_scheduler [None req-e2791ae8-4cf8-465c-baac-6508e4f09fca 85aa530b22e145b28dd3bc54f53014bc 813d7a541c064e20b1b35f0107af01bc - - default default] No more DHCP agents
2026-07-08 06:17:45.969 10 WARNING neutron.api.rpc.agentnotifiers.dhcp_rpc_agent_api [None req-e2791ae8-4cf8-465c-baac-6508e4f09fca 85aa530b22e145b28dd3bc54f53014bc 813d7a541c064e20b1b35f0107af01bc - - default default] Unable to schedule network 145cb617-e402-4698-8d05-6ca2b680a540: no agents available; will retry on subsequent port and subnet creation events.
2026-07-08 06:17:45.992 9 WARNING neutron.scheduler.dhcp_agent_scheduler [None req-0247e22f-4f2c-4fa1-9a12-7f022613eb2f a28faf60d1424e41baab262f5819291a d3feb49460344360a080ac3639663a26 - - default default] No more DHCP agents
2026-07-08 06:17:45.996 9 WARNING neutron.api.rpc.agentnotifiers.dhcp_rpc_agent_api [None req-0247e22f-4f2c-4fa1-9a12-7f022613eb2f a28faf60d1424e41baab262f5819291a d3feb49460344360a080ac3639663a26 - - default default] Unable to schedule network 8c463c50-fed3-4d5b-a7f1-4af34443f587: no agents available; will retry on subsequent port and subnet creation events.
2026-07-08 06:17:46.077 10 INFO neutron.db.ovn_revision_numbers_db [None req-e2791ae8-4cf8-465c-baac-6508e4f09fca 85aa530b22e145b28dd3bc54f53014bc 813d7a541c064e20b1b35f0107af01bc - - default default] Successfully bumped revision number for resource 264060d3-d2ab-4f5c-8572-b3c6e8016fcd (type: ports) to 1
2026-07-08 06:17:46.086 9 INFO neutron.db.ovn_revision_numbers_db [None req-0247e22f-4f2c-4fa1-9a12-7f022613eb2f a28faf60d1424e41baab262f5819291a d3feb49460344360a080ac3639663a26 - - default default] Successfully bumped revision number for resource 7ef82f25-71ed-4243-8e0a-d85a3103bff6 (type: ports) to 1
2026-07-08 06:17:46.101 10 INFO neutron.wsgi [None req-e2791ae8-4cf8-465c-baac-6508e4f09fca 85aa530b22e145b28dd3bc54f53014bc 813d7a541c064e20b1b35f0107af01bc - - default default] 10.0.0.36 "POST /v2.0/networks HTTP/1.1" status: 201 len: 833 time: 0.5287948
2026-07-08 06:17:46.106 10 INFO neutron.wsgi [req-05f44dec-9abb-4be0-805b-8fdd4a7ab08b req-273e01c8-315f-44f0-9d81-5fcfd4e1ff57 4b0ff074956b498fa3b130b08ed1bc60 f25d7983d1c749f694fddf4565515b36 - - default default] 10.0.0.153 "GET /v2.0/ports?device_id=e5da69be-228a-43e4-bedf-fd7eff1a52c8 HTTP/1.1" status: 200 len: 1168 time: 0.0936272
2026-07-08 06:17:46.107 9 INFO neutron.wsgi [None req-0247e22f-4f2c-4fa1-9a12-7f022613eb2f a28faf60d1424e41baab262f5819291a d3feb49460344360a080ac3639663a26 - - default default] 10.0.0.36 "POST /v2.0/networks HTTP/1.1" status: 201 len: 830 time: 0.4742169
2026-07-08 06:17:46.169 10 INFO neutron.wsgi [req-05f44dec-9abb-4be0-805b-8fdd4a7ab08b req-67adab88-40c9-4f6a-8563-5939f7e194ba 4b0ff074956b498fa3b130b08ed1bc60 f25d7983d1c749f694fddf4565515b36 - - default default] 10.0.0.153 "GET /v2.0/security-groups?id=725074b1-1c2a-4b47-a0d5-111ba329196a&fields=id&fields=name HTTP/1.1" status: 200 len: 313 time: 0.0562546
2026-07-08 06:17:46.359 10 WARNING neutron.scheduler.dhcp_agent_scheduler [None req-d7a2e9c4-7890-4d48-843d-bd068800975f 85aa530b22e145b28dd3bc54f53014bc 813d7a541c064e20b1b35f0107af01bc - - default default] No more DHCP agents
2026-07-08 06:17:46.361 10 WARNING neutron.api.rpc.agentnotifiers.dhcp_rpc_agent_api [None req-d7a2e9c4-7890-4d48-843d-bd068800975f 85aa530b22e145b28dd3bc54f53014bc 813d7a541c064e20b1b35f0107af01bc - - default default] Unable to schedule network 145cb617-e402-4698-8d05-6ca2b680a540: no agents available; will retry on subsequent port and subnet creation events.
2026-07-08 06:17:46.389 10 INFO neutron.db.ovn_revision_numbers_db [None req-d7a2e9c4-7890-4d48-843d-bd068800975f 85aa530b22e145b28dd3bc54f53014bc 813d7a541c064e20b1b35f0107af01bc - - default default] Successfully bumped revision number for resource 337835ec-f360-4e49-bacf-c290d1cd4bff (type: subnets) to 0
2026-07-08 06:17:46.404 10 INFO neutron.wsgi [None req-d7a2e9c4-7890-4d48-843d-bd068800975f 85aa530b22e145b28dd3bc54f53014bc 813d7a541c064e20b1b35f0107af01bc - - default default] 10.0.0.36 "POST /v2.0/subnets HTTP/1.1" status: 201 len: 821 time: 0.2973022
2026-07-08 06:17:46.578 9 INFO neutron.db.ovn_revision_numbers_db [None req-de3e8b1a-9897-4e4b-980b-bb31167e634c 85aa530b22e145b28dd3bc54f53014bc 813d7a541c064e20b1b35f0107af01bc - - default default] Successfully bumped revision number for resource 1249ba30-ed54-4ec7-82dc-21931e85d5e3 (type: routers) to 1
2026-07-08 06:17:46.600 9 INFO neutron.wsgi [None req-de3e8b1a-9897-4e4b-980b-bb31167e634c 85aa530b22e145b28dd3bc54f53014bc 813d7a541c064e20b1b35f0107af01bc - - default default] 10.0.0.36 "POST /v2.0/routers HTTP/1.1" status: 201 len: 691 time: 0.1907189
2026-07-08 06:17:46.606 9 WARNING neutron.scheduler.dhcp_agent_scheduler [None req-1d53a132-e590-48b6-bf9f-ef912ec4b558 a28faf60d1424e41baab262f5819291a d3feb49460344360a080ac3639663a26 - - default default] No more DHCP agents
2026-07-08 06:17:46.610 9 WARNING neutron.api.rpc.agentnotifiers.dhcp_rpc_agent_api [None req-1d53a132-e590-48b6-bf9f-ef912ec4b558 a28faf60d1424e41baab262f5819291a d3feb49460344360a080ac3639663a26 - - default default] Unable to schedule network 8c463c50-fed3-4d5b-a7f1-4af34443f587: no agents available; will retry on subsequent port and subnet creation events.
2026-07-08 06:17:46.663 9 INFO neutron.wsgi [None req-63a7ca19-451b-4347-ab8a-746d33769ce0 b00b53b42b464be78d8c1355f816846c 0acc8688d26d4c0a8a95ebbfa8e0cafa - - default default] 10.0.0.36 "GET /v2.0/ports/f2bafd93-488b-4a24-bb9d-eb57f65febc0 HTTP/1.1" status: 200 len: 1135 time: 0.0364270
2026-07-08 06:17:46.927 10 WARNING neutron.scheduler.dhcp_agent_scheduler [None req-e91dfdd7-2baa-4774-a758-96346c657aa1 85aa530b22e145b28dd3bc54f53014bc 813d7a541c064e20b1b35f0107af01bc - - default default] No more DHCP agents
2026-07-08 06:17:46.929 10 WARNING neutron.api.rpc.agentnotifiers.dhcp_rpc_agent_api [None req-e91dfdd7-2baa-4774-a758-96346c657aa1 85aa530b22e145b28dd3bc54f53014bc 813d7a541c064e20b1b35f0107af01bc - - default default] Unable to schedule network 145cb617-e402-4698-8d05-6ca2b680a540: no agents available; will retry on subsequent port and subnet creation events.
2026-07-08 06:17:47.027 9 INFO neutron.db.ovn_revision_numbers_db [None req-1d53a132-e590-48b6-bf9f-ef912ec4b558 a28faf60d1424e41baab262f5819291a d3feb49460344360a080ac3639663a26 - - default default] Successfully bumped revision number for resource 7ef82f25-71ed-4243-8e0a-d85a3103bff6 (type: ports) to 2
2026-07-08 06:17:47.029 10 INFO neutron.db.ovn_revision_numbers_db [None req-e91dfdd7-2baa-4774-a758-96346c657aa1 85aa530b22e145b28dd3bc54f53014bc 813d7a541c064e20b1b35f0107af01bc - - default default] Successfully bumped revision number for resource 51c41c25-2609-4c9b-8bc7-9202a3c60e18 (type: ports) to 1
2026-07-08 06:17:47.050 10 INFO neutron.wsgi [None req-e91dfdd7-2baa-4774-a758-96346c657aa1 85aa530b22e145b28dd3bc54f53014bc 813d7a541c064e20b1b35f0107af01bc - - default default] 10.0.0.36 "POST /v2.0/ports HTTP/1.1" status: 201 len: 1163 time: 0.4450467
2026-07-08 06:17:47.072 9 INFO neutron.db.ovn_revision_numbers_db [None req-1d53a132-e590-48b6-bf9f-ef912ec4b558 a28faf60d1424e41baab262f5819291a d3feb49460344360a080ac3639663a26 - - default default] Successfully bumped revision number for resource 770015c7-afae-477a-b961-bf3401746e4f (type: subnets) to 0
2026-07-08 06:17:47.091 9 INFO neutron.wsgi [None req-1d53a132-e590-48b6-bf9f-ef912ec4b558 a28faf60d1424e41baab262f5819291a d3feb49460344360a080ac3639663a26 - - default default] 10.0.0.36 "POST /v2.0/subnets HTTP/1.1" status: 201 len: 801 time: 0.9788291
2026-07-08 06:17:47.199 10 INFO neutron.services.segments.plugin [-] Segment 1ee09858-5b10-47fd-9837-ed05203e415f resource provider aggregate not found
2026-07-08 06:17:47.210 10 INFO neutron.services.segments.plugin [-] Segment 1ee09858-5b10-47fd-9837-ed05203e415f resource provider not found; error: Placement Client Error (4xx): {"errors": [{"status": 404, "title": "Not Found", "detail": "The resource could not be found.\n\n No resource provider with uuid 1ee09858-5b10-47fd-9837-ed05203e415f found for delete ", "request_id": "req-81ca80ca-40d0-43a0-a5c1-4a8e6bcfc267"}]}
2026-07-08 06:17:47.220 10 INFO neutron.services.segments.plugin [-] Segment 1ee09858-5b10-47fd-9837-ed05203e415f resource provider aggregate not found
2026-07-08 06:17:47.247 10 INFO neutron.services.segments.plugin [-] Segment 1ee09858-5b10-47fd-9837-ed05203e415f resource provider not found; error: Placement Client Error (4xx): {"errors": [{"status": 404, "title": "Not Found", "detail": "The resource could not be found.\n\n No resource provider with uuid 1ee09858-5b10-47fd-9837-ed05203e415f found for delete ", "request_id": "req-ac248920-9ed9-423d-829f-1f673eb54d5b"}]}
2026-07-08 06:17:47.304 9 INFO neutron.wsgi [req-8500539b-b171-4e05-b926-b17169d0d1d5 req-c959351a-ed0e-4e47-8a2c-9da411bf7c64 4b0ff074956b498fa3b130b08ed1bc60 f25d7983d1c749f694fddf4565515b36 - - default default] 10.0.0.153 "GET /v2.0/ports?device_id=e5da69be-228a-43e4-bedf-fd7eff1a52c8 HTTP/1.1" status: 200 len: 1168 time: 0.0661256
2026-07-08 06:17:47.378 9 INFO neutron.wsgi [req-8500539b-b171-4e05-b926-b17169d0d1d5 req-97460962-3076-453d-ae40-5c2a9c1b1cde 4b0ff074956b498fa3b130b08ed1bc60 f25d7983d1c749f694fddf4565515b36 - - default default] 10.0.0.153 "GET /v2.0/security-groups?id=725074b1-1c2a-4b47-a0d5-111ba329196a&fields=id&fields=name HTTP/1.1" status: 200 len: 313 time: 0.0637901
2026-07-08 06:17:47.525 9 WARNING neutron.scheduler.dhcp_agent_scheduler [None req-2a0978bd-e566-4dc9-b10d-dc6dbb7f47d2 a28faf60d1424e41baab262f5819291a d3feb49460344360a080ac3639663a26 - - default default] No more DHCP agents
2026-07-08 06:17:47.530 9 WARNING neutron.api.rpc.agentnotifiers.dhcp_rpc_agent_api [None req-2a0978bd-e566-4dc9-b10d-dc6dbb7f47d2 a28faf60d1424e41baab262f5819291a d3feb49460344360a080ac3639663a26 - - default default] Unable to schedule network 8c463c50-fed3-4d5b-a7f1-4af34443f587: no agents available; will retry on subsequent port and subnet creation events.
2026-07-08 06:17:47.553 10 INFO neutron.plugins.ml2.drivers.ovn.mech_driver.mech_driver [None req-1f3ac1b1-c9eb-4667-a03d-cc9a1820faa9 - - - - - -] OVN reports status up for port: 51c41c25-2609-4c9b-8bc7-9202a3c60e18
2026-07-08 06:17:47.562 10 INFO neutron.plugins.ml2.plugin [None req-1f3ac1b1-c9eb-4667-a03d-cc9a1820faa9 - - - - - -] Attempt 1 to provision port 51c41c25-2609-4c9b-8bc7-9202a3c60e18
2026-07-08 06:17:47.569 9 WARNING neutron.plugins.ml2.drivers.ovn.mech_driver.ovsdb.ovn_client [None req-41e60fba-ef33-4b33-94db-723173586111 - - - - - -] No port found with ID 50d00aa7-d830-4d8c-86b3-01de7d0e2e1e: RuntimeError: No port found with ID 50d00aa7-d830-4d8c-86b3-01de7d0e2e1e
2026-07-08 06:17:47.664 9 INFO neutron.plugins.ml2.drivers.ovn.mech_driver.mech_driver [None req-41e60fba-ef33-4b33-94db-723173586111 - - - - - -] OVN reports status up for port: 5302258c-be20-41d9-b352-d09920fede68
2026-07-08 06:17:47.668 9 INFO neutron.db.ovn_revision_numbers_db [None req-24c1650b-e672-4fc7-82b4-7e6e8de50d73 85aa530b22e145b28dd3bc54f53014bc 813d7a541c064e20b1b35f0107af01bc - - default default] Successfully bumped revision number for resource 51c41c25-2609-4c9b-8bc7-9202a3c60e18 (type: router_ports) to 2 /var/lib/openstack/lib/python3.10/site-packages/pycadf/identifier.py:71: UserWarning: Invalid uuid: neutron. To ensure interoperability, identifiers should be a valid uuid. warnings.warn(('Invalid uuid: %s. To ensure interoperability, '
2026-07-08 06:17:47.687 9 INFO neutron.plugins.ml2.plugin [None req-41e60fba-ef33-4b33-94db-723173586111 - - - - - -] Attempt 1 to provision port 5302258c-be20-41d9-b352-d09920fede68
2026-07-08 06:17:47.776 10 INFO neutron.wsgi [None req-bc0e5e08-fe15-4cc1-9a87-d396b1405c85 b00b53b42b464be78d8c1355f816846c 0acc8688d26d4c0a8a95ebbfa8e0cafa - - default default] 10.0.0.36 "GET /v2.0/ports/f2bafd93-488b-4a24-bb9d-eb57f65febc0 HTTP/1.1" status: 200 len: 1135 time: 0.1064131
2026-07-08 06:17:47.866 9 INFO neutron.db.ovn_revision_numbers_db [None req-2a0978bd-e566-4dc9-b10d-dc6dbb7f47d2 a28faf60d1424e41baab262f5819291a d3feb49460344360a080ac3639663a26 - - default default] Successfully bumped revision number for resource 363008e4-0eb8-49ed-b911-8ab814080eaf (type: ports) to 1
2026-07-08 06:17:47.886 9 INFO neutron.notifiers.nova [-] Nova event matching ['req-8a627fb7-03b3-471e-b18d-732dcc3d6a20'] response: {'server_uuid': 'e5da69be-228a-43e4-bedf-fd7eff1a52c8', 'name': 'network-vif-plugged', 'status': 'completed', 'tag': '5302258c-be20-41d9-b352-d09920fede68', 'code': 200}
2026-07-08 06:17:47.908 10 INFO neutron.db.ovn_revision_numbers_db [None req-1f3ac1b1-c9eb-4667-a03d-cc9a1820faa9 - - - - - -] Successfully bumped revision number for resource 51c41c25-2609-4c9b-8bc7-9202a3c60e18 (type: ports) to 3
2026-07-08 06:17:47.915 9 INFO neutron.wsgi [None req-2a0978bd-e566-4dc9-b10d-dc6dbb7f47d2 a28faf60d1424e41baab262f5819291a d3feb49460344360a080ac3639663a26 - - default default] 10.0.0.36 "POST /v2.0/ports HTTP/1.1" status: 201 len: 1111 time: 0.8191683
2026-07-08 06:17:47.922 9 INFO neutron.db.ovn_revision_numbers_db [None req-24c1650b-e672-4fc7-82b4-7e6e8de50d73 85aa530b22e145b28dd3bc54f53014bc 813d7a541c064e20b1b35f0107af01bc - - default default] Successfully bumped revision number for resource 51c41c25-2609-4c9b-8bc7-9202a3c60e18 (type: ports) to 2 /var/lib/openstack/lib/python3.10/site-packages/pycadf/identifier.py:71: UserWarning: Invalid uuid: neutron. To ensure interoperability, identifiers should be a valid uuid. warnings.warn(('Invalid uuid: %s. To ensure interoperability, '
2026-07-08 06:17:48.031 10 INFO neutron.db.ovn_revision_numbers_db [None req-1f3ac1b1-c9eb-4667-a03d-cc9a1820faa9 - - - - - -] Successfully bumped revision number for resource 51c41c25-2609-4c9b-8bc7-9202a3c60e18 (type: router_ports) to 3
2026-07-08 06:17:48.184 9 INFO neutron.db.ovn_revision_numbers_db [None req-41e60fba-ef33-4b33-94db-723173586111 - - - - - -] Successfully bumped revision number for resource 5302258c-be20-41d9-b352-d09920fede68 (type: ports) to 4
2026-07-08 06:17:48.291 9 INFO neutron.plugins.ml2.drivers.ovn.mech_driver.mech_driver [None req-41e60fba-ef33-4b33-94db-723173586111 - - - - - -] OVN reports status up for port: d66a5fd6-31aa-4b0b-b1d5-90c55250b972
2026-07-08 06:17:48.320 9 INFO neutron.plugins.ml2.plugin [None req-41e60fba-ef33-4b33-94db-723173586111 - - - - - -] Attempt 1 to provision port d66a5fd6-31aa-4b0b-b1d5-90c55250b972 /var/lib/openstack/lib/python3.10/site-packages/pycadf/identifier.py:71: UserWarning: Invalid uuid: neutron. To ensure interoperability, identifiers should be a valid uuid. warnings.warn(('Invalid uuid: %s. To ensure interoperability, '
2026-07-08 06:17:48.717 9 INFO neutron.wsgi [req-3f6e97cb-aec6-484c-86ea-3953c952a2d2 req-74b162f8-a677-4890-a4d6-d8cefbc2656c 4b0ff074956b498fa3b130b08ed1bc60 f25d7983d1c749f694fddf4565515b36 - - default default] 10.0.0.153 "GET /v2.0/ports?device_id=e5da69be-228a-43e4-bedf-fd7eff1a52c8 HTTP/1.1" status: 200 len: 1170 time: 0.1814435
2026-07-08 06:17:48.783 9 INFO neutron.wsgi [None req-dd7f9d27-815b-40c1-910b-348a03f45b05 a28faf60d1424e41baab262f5819291a d3feb49460344360a080ac3639663a26 - - default default] 10.0.0.36 "DELETE /v2.0/ports/363008e4-0eb8-49ed-b911-8ab814080eaf HTTP/1.1" status: 204 len: 168 time: 0.8600342
2026-07-08 06:17:48.787 9 INFO neutron.wsgi [req-3f6e97cb-aec6-484c-86ea-3953c952a2d2 req-e6de1d68-494e-47ab-8fa2-412533f3fc78 4b0ff074956b498fa3b130b08ed1bc60 f25d7983d1c749f694fddf4565515b36 - - default default] 10.0.0.153 "GET /v2.0/security-groups?id=725074b1-1c2a-4b47-a0d5-111ba329196a&fields=id&fields=name HTTP/1.1" status: 200 len: 313 time: 0.0608208 /var/lib/openstack/lib/python3.10/site-packages/pycadf/identifier.py:71: UserWarning: Invalid uuid: neutron. To ensure interoperability, identifiers should be a valid uuid. warnings.warn(('Invalid uuid: %s. To ensure interoperability, '
2026-07-08 06:17:48.814 10 INFO neutron.wsgi [None req-e94c75e1-58c4-46bf-9d37-e51cf858e35e b00b53b42b464be78d8c1355f816846c 0acc8688d26d4c0a8a95ebbfa8e0cafa - - default default] 10.0.0.36 "GET /v2.0/ports/f2bafd93-488b-4a24-bb9d-eb57f65febc0 HTTP/1.1" status: 200 len: 1135 time: 0.0320261
2026-07-08 06:17:48.826 9 INFO neutron.pecan_wsgi.hooks.translation [None req-f0155954-7a64-4ad9-a248-8708a84c66d3 a28faf60d1424e41baab262f5819291a d3feb49460344360a080ac3639663a26 - - default default] GET failed (client error): The resource could not be found.
2026-07-08 06:17:48.827 9 INFO neutron.wsgi [None req-f0155954-7a64-4ad9-a248-8708a84c66d3 a28faf60d1424e41baab262f5819291a d3feb49460344360a080ac3639663a26 - - default default] 10.0.0.36 "GET /v2.0/ports/363008e4-0eb8-49ed-b911-8ab814080eaf HTTP/1.1" status: 404 len: 333 time: 0.0382240
2026-07-08 06:17:48.880 10 INFO neutron.wsgi [req-9edc4c47-da2e-4b08-a8d5-d79e1b581d12 req-8ece20c2-8290-49e5-b275-3a6a56d07776 4b0ff074956b498fa3b130b08ed1bc60 f25d7983d1c749f694fddf4565515b36 - - default default] 10.0.0.153 "GET /v2.0/ports?device_id=e5da69be-228a-43e4-bedf-fd7eff1a52c8 HTTP/1.1" status: 200 len: 1170 time: 0.0349710
2026-07-08 06:17:48.933 10 INFO neutron.wsgi [req-9edc4c47-da2e-4b08-a8d5-d79e1b581d12 req-cf6aeacc-d656-4da9-9882-c20bf832a9e1 4b0ff074956b498fa3b130b08ed1bc60 f25d7983d1c749f694fddf4565515b36 - - default default] 10.0.0.153 "GET /v2.0/security-groups?id=725074b1-1c2a-4b47-a0d5-111ba329196a&fields=id&fields=name HTTP/1.1" status: 200 len: 313 time: 0.0440354
2026-07-08 06:17:48.995 10 INFO neutron.wsgi [None req-aba557a2-7be4-4295-8a47-fdf3ed39ebbf 9e7aa15d97814f1999f8a622e4328d6e 24b711d6babd45eda157ecc283011522 - - default default] 10.0.0.36 "GET /v2.0/ports?device_id=e5da69be-228a-43e4-bedf-fd7eff1a52c8 HTTP/1.1" status: 200 len: 1404 time: 0.0319593
2026-07-08 06:17:49.083 9 INFO neutron.db.ovn_revision_numbers_db [None req-41e60fba-ef33-4b33-94db-723173586111 - - - - - -] Successfully bumped revision number for resource d66a5fd6-31aa-4b0b-b1d5-90c55250b972 (type: ports) to 2
2026-07-08 06:17:49.127 9 INFO neutron.db.ovn_revision_numbers_db [None req-24c1650b-e672-4fc7-82b4-7e6e8de50d73 85aa530b22e145b28dd3bc54f53014bc 813d7a541c064e20b1b35f0107af01bc - - default default] Successfully bumped revision number for resource 51c41c25-2609-4c9b-8bc7-9202a3c60e18 (type: ports) to 3
2026-07-08 06:17:49.141 9 INFO neutron.wsgi [None req-fbb07fde-be96-4d35-b192-3df652a0bdca a28faf60d1424e41baab262f5819291a d3feb49460344360a080ac3639663a26 - - default default] 10.0.0.36 "DELETE /v2.0/subnets/770015c7-afae-477a-b961-bf3401746e4f HTTP/1.1" status: 204 len: 168 time: 0.3062875 /var/lib/openstack/lib/python3.10/site-packages/pycadf/identifier.py:71: UserWarning: Invalid uuid: neutron. To ensure interoperability, identifiers should be a valid uuid. warnings.warn(('Invalid uuid: %s. To ensure interoperability, '
2026-07-08 06:17:49.245 10 WARNING neutron.scheduler.dhcp_agent_scheduler [None req-f99f4aa3-481f-4717-989c-6a9be353d369 4b0ff074956b498fa3b130b08ed1bc60 f25d7983d1c749f694fddf4565515b36 - - default default] No more DHCP agents
2026-07-08 06:17:49.248 10 WARNING neutron.api.rpc.agentnotifiers.dhcp_rpc_agent_api [None req-f99f4aa3-481f-4717-989c-6a9be353d369 4b0ff074956b498fa3b130b08ed1bc60 f25d7983d1c749f694fddf4565515b36 - - default default] Unable to schedule network 4655023a-9bbe-40d8-8914-37a82927b034: no agents available; will retry on subsequent port and subnet creation events.
2026-07-08 06:17:49.257 9 WARNING neutron.scheduler.dhcp_agent_scheduler [None req-24c1650b-e672-4fc7-82b4-7e6e8de50d73 85aa530b22e145b28dd3bc54f53014bc 813d7a541c064e20b1b35f0107af01bc - - default default] No more DHCP agents
2026-07-08 06:17:49.262 9 WARNING neutron.api.rpc.agentnotifiers.dhcp_rpc_agent_api [None req-24c1650b-e672-4fc7-82b4-7e6e8de50d73 85aa530b22e145b28dd3bc54f53014bc 813d7a541c064e20b1b35f0107af01bc - - default default] Unable to schedule network 145cb617-e402-4698-8d05-6ca2b680a540: no agents available; will retry on subsequent port and subnet creation events.
2026-07-08 06:17:49.279 9 INFO neutron.db.ovn_revision_numbers_db [None req-41e60fba-ef33-4b33-94db-723173586111 - - - - - -] Successfully bumped revision number for resource d66a5fd6-31aa-4b0b-b1d5-90c55250b972 (type: router_ports) to 2
2026-07-08 06:17:49.495 9 INFO neutron.db.ovn_revision_numbers_db [None req-24c1650b-e672-4fc7-82b4-7e6e8de50d73 85aa530b22e145b28dd3bc54f53014bc 813d7a541c064e20b1b35f0107af01bc - - default default] Successfully bumped revision number for resource 51c41c25-2609-4c9b-8bc7-9202a3c60e18 (type: router_ports) to 3
2026-07-08 06:17:49.497 9 INFO neutron.wsgi [None req-24c1650b-e672-4fc7-82b4-7e6e8de50d73 85aa530b22e145b28dd3bc54f53014bc 813d7a541c064e20b1b35f0107af01bc - - default default] 10.0.0.36 "PUT /v2.0/routers/1249ba30-ed54-4ec7-82dc-21931e85d5e3/add_router_interface HTTP/1.1" status: 200 len: 503 time: 2.4408154
2026-07-08 06:17:49.541 10 INFO neutron.wsgi [None req-cd90c321-f961-4ea1-ac15-8ee4366b07cb 85aa530b22e145b28dd3bc54f53014bc 813d7a541c064e20b1b35f0107af01bc - - default default] 10.0.0.36 "GET /v2.0/ports/51c41c25-2609-4c9b-8bc7-9202a3c60e18 HTTP/1.1" status: 200 len: 1221 time: 0.0386808
2026-07-08 06:17:49.612 9 INFO neutron.services.segments.plugin [-] Segment ae36fd42-efba-4826-9355-02f97fbad418 resource provider aggregate not found
2026-07-08 06:17:49.616 9 INFO neutron.services.segments.plugin [-] Segment ae36fd42-efba-4826-9355-02f97fbad418 resource provider aggregate not found
2026-07-08 06:17:49.634 9 INFO neutron.services.segments.plugin [-] Segment ae36fd42-efba-4826-9355-02f97fbad418 resource provider not found; error: Placement Client Error (4xx): {"errors": [{"status": 404, "title": "Not Found", "detail": "The resource could not be found.\n\n No resource provider with uuid ae36fd42-efba-4826-9355-02f97fbad418 found for delete ", "request_id": "req-e0ca29fa-b9d4-4604-971c-38762d9dfac1"}]}
2026-07-08 06:17:49.642 9 INFO neutron.services.segments.plugin [-] Segment ae36fd42-efba-4826-9355-02f97fbad418 resource provider not found; error: Placement Client Error (4xx): {"errors": [{"status": 404, "title": "Not Found", "detail": "The resource could not be found.\n\n No resource provider with uuid ae36fd42-efba-4826-9355-02f97fbad418 found for delete ", "request_id": "req-ebf7510e-e438-4aad-a23d-2c3e9cca07a0"}]}
2026-07-08 06:17:49.651 10 INFO neutron.db.l3_db [None req-f99f4aa3-481f-4717-989c-6a9be353d369 4b0ff074956b498fa3b130b08ed1bc60 f25d7983d1c749f694fddf4565515b36 - - default default] Floating IP f87b582c-6652-4c4e-8cd5-830fbbd0a4e4 associated. External IP: 10.96.250.206, port: 5302258c-be20-41d9-b352-d09920fede68.
2026-07-08 06:17:49.678 9 INFO neutron.wsgi [None req-24212ccf-358f-474a-b10e-d17eae619e3c a28faf60d1424e41baab262f5819291a d3feb49460344360a080ac3639663a26 - - default default] 10.0.0.36 "DELETE /v2.0/networks/8c463c50-fed3-4d5b-a7f1-4af34443f587 HTTP/1.1" status: 204 len: 168 time: 0.5270381
2026-07-08 06:17:49.873 10 INFO neutron.wsgi [None req-2688fed0-82ef-48dc-8b31-b8b199c12e3c b00b53b42b464be78d8c1355f816846c 0acc8688d26d4c0a8a95ebbfa8e0cafa - - default default] 10.0.0.36 "GET /v2.0/ports/f2bafd93-488b-4a24-bb9d-eb57f65febc0 HTTP/1.1" status: 200 len: 1135 time: 0.0526307
2026-07-08 06:17:49.889 10 INFO neutron.db.ovn_revision_numbers_db [None req-f99f4aa3-481f-4717-989c-6a9be353d369 4b0ff074956b498fa3b130b08ed1bc60 f25d7983d1c749f694fddf4565515b36 - - default default] Successfully bumped revision number for resource f87b582c-6652-4c4e-8cd5-830fbbd0a4e4 (type: floatingips) to 0
2026-07-08 06:17:50.075 9 INFO neutron.notifiers.nova [-] Nova event matching ['req-94d36c66-daf3-4148-b97d-310a92a08623'] response: {'server_uuid': 'e5da69be-228a-43e4-bedf-fd7eff1a52c8', 'name': 'network-vif-plugged', 'status': 'completed', 'tag': '5302258c-be20-41d9-b352-d09920fede68', 'code': 200}
