2026-07-08 06:00:08.631 10 INFO neutron.wsgi [-] 10.0.0.203 "GET / HTTP/1.1" status: 200 len: 247 time: 0.0028951 /var/lib/openstack/lib/python3.10/site-packages/pycadf/identifier.py:71: UserWarning: Invalid uuid: neutron. To ensure interoperability, identifiers should be a valid uuid. warnings.warn(('Invalid uuid: %s. To ensure interoperability, '
2026-07-08 06:00:20.788 9 INFO neutron.wsgi [None req-e47b9825-4310-4734-8773-4d0188c126bd 0c85e3e61a64490a8ae614d66a10f979 47f08c3366dd447e8c92d7b83369e780 - - ee583b710bfd4bb2bf2b0a42e9676962 ee583b710bfd4bb2bf2b0a42e9676962] 199.204.45.89 "GET /v2.0/networks?tenant_id=47f08c3366dd447e8c92d7b83369e780&shared=False HTTP/1.1" status: 200 len: 213 time: 0.1231203
2026-07-08 06:00:20.870 9 INFO neutron.db.segments_db [None req-a5e73801-488a-4370-976f-b2b227919dbb 0c85e3e61a64490a8ae614d66a10f979 47f08c3366dd447e8c92d7b83369e780 - - ee583b710bfd4bb2bf2b0a42e9676962 ee583b710bfd4bb2bf2b0a42e9676962] Added segment 3de57b5b-5cac-40e9-9fbd-bb0f69123539 of type geneve for network 982ef41f-8fee-4e30-b171-e37ab67197ff
2026-07-08 06:00:21.018 9 INFO neutron.db.ovn_revision_numbers_db [None req-a5e73801-488a-4370-976f-b2b227919dbb 0c85e3e61a64490a8ae614d66a10f979 47f08c3366dd447e8c92d7b83369e780 - - ee583b710bfd4bb2bf2b0a42e9676962 ee583b710bfd4bb2bf2b0a42e9676962] Successfully bumped revision number for resource 982ef41f-8fee-4e30-b171-e37ab67197ff (type: networks) to 1
2026-07-08 06:00:21.165 9 WARNING neutron.scheduler.dhcp_agent_scheduler [None req-a5e73801-488a-4370-976f-b2b227919dbb 0c85e3e61a64490a8ae614d66a10f979 47f08c3366dd447e8c92d7b83369e780 - - ee583b710bfd4bb2bf2b0a42e9676962 ee583b710bfd4bb2bf2b0a42e9676962] No more DHCP agents
2026-07-08 06:00:21.166 9 WARNING neutron.api.rpc.agentnotifiers.dhcp_rpc_agent_api [None req-a5e73801-488a-4370-976f-b2b227919dbb 0c85e3e61a64490a8ae614d66a10f979 47f08c3366dd447e8c92d7b83369e780 - - ee583b710bfd4bb2bf2b0a42e9676962 ee583b710bfd4bb2bf2b0a42e9676962] Unable to schedule network 982ef41f-8fee-4e30-b171-e37ab67197ff: no agents available; will retry on subsequent port and subnet creation events.
2026-07-08 06:00:21.249 9 INFO neutron.db.ovn_revision_numbers_db [None req-a5e73801-488a-4370-976f-b2b227919dbb 0c85e3e61a64490a8ae614d66a10f979 47f08c3366dd447e8c92d7b83369e780 - - ee583b710bfd4bb2bf2b0a42e9676962 ee583b710bfd4bb2bf2b0a42e9676962] Successfully bumped revision number for resource bab7d110-f82e-4c7a-a38b-ffb0bc5ef0ba (type: ports) to 1
2026-07-08 06:00:21.273 9 INFO neutron.wsgi [None req-a5e73801-488a-4370-976f-b2b227919dbb 0c85e3e61a64490a8ae614d66a10f979 47f08c3366dd447e8c92d7b83369e780 - - ee583b710bfd4bb2bf2b0a42e9676962 ee583b710bfd4bb2bf2b0a42e9676962] 199.204.45.89 "POST /v2.0/networks HTTP/1.1" status: 201 len: 925 time: 0.4770126
2026-07-08 06:00:21.321 9 INFO neutron.wsgi [None req-1ad50028-a5aa-4f83-b79f-199037a3b524 0c85e3e61a64490a8ae614d66a10f979 47f08c3366dd447e8c92d7b83369e780 - - ee583b710bfd4bb2bf2b0a42e9676962 ee583b710bfd4bb2bf2b0a42e9676962] 199.204.45.89 "GET /v2.0/ports?device_id=manila-share&binding%3Ahost_id=instance HTTP/1.1" status: 200 len: 210 time: 0.0406950
2026-07-08 06:00:21.338 9 INFO neutron.wsgi [None req-5ebdb104-dcf8-4fe3-b437-8988c2e6ebb3 0c85e3e61a64490a8ae614d66a10f979 47f08c3366dd447e8c92d7b83369e780 - - ee583b710bfd4bb2bf2b0a42e9676962 ee583b710bfd4bb2bf2b0a42e9676962] 199.204.45.89 "GET /v2.0/extensions HTTP/1.1" status: 200 len: 16525 time: 0.0081866
2026-07-08 06:00:21.537 9 WARNING neutron.scheduler.dhcp_agent_scheduler [None req-fc461e30-c4a5-4000-ac6f-e0a336f8a5e2 0c85e3e61a64490a8ae614d66a10f979 47f08c3366dd447e8c92d7b83369e780 - - ee583b710bfd4bb2bf2b0a42e9676962 ee583b710bfd4bb2bf2b0a42e9676962] No more DHCP agents
2026-07-08 06:00:21.539 9 WARNING neutron.api.rpc.agentnotifiers.dhcp_rpc_agent_api [None req-fc461e30-c4a5-4000-ac6f-e0a336f8a5e2 0c85e3e61a64490a8ae614d66a10f979 47f08c3366dd447e8c92d7b83369e780 - - ee583b710bfd4bb2bf2b0a42e9676962 ee583b710bfd4bb2bf2b0a42e9676962] Unable to schedule network 982ef41f-8fee-4e30-b171-e37ab67197ff: no agents available; will retry on subsequent port and subnet creation events.
2026-07-08 06:00:21.616 9 INFO neutron.db.ovn_revision_numbers_db [None req-fc461e30-c4a5-4000-ac6f-e0a336f8a5e2 0c85e3e61a64490a8ae614d66a10f979 47f08c3366dd447e8c92d7b83369e780 - - ee583b710bfd4bb2bf2b0a42e9676962 ee583b710bfd4bb2bf2b0a42e9676962] Successfully bumped revision number for resource 1e54722e-624f-4c89-af56-ce124f8d0fa0 (type: ports) to 1
2026-07-08 06:00:21.767 9 INFO neutron.db.ovn_revision_numbers_db [None req-fc461e30-c4a5-4000-ac6f-e0a336f8a5e2 0c85e3e61a64490a8ae614d66a10f979 47f08c3366dd447e8c92d7b83369e780 - - ee583b710bfd4bb2bf2b0a42e9676962 ee583b710bfd4bb2bf2b0a42e9676962] Successfully bumped revision number for resource 1e54722e-624f-4c89-af56-ce124f8d0fa0 (type: ports) to 1
2026-07-08 06:00:21.790 9 INFO neutron.wsgi [None req-fc461e30-c4a5-4000-ac6f-e0a336f8a5e2 0c85e3e61a64490a8ae614d66a10f979 47f08c3366dd447e8c92d7b83369e780 - - ee583b710bfd4bb2bf2b0a42e9676962 ee583b710bfd4bb2bf2b0a42e9676962] 199.204.45.89 "POST /v2.0/ports HTTP/1.1" status: 201 len: 1144 time: 0.4468389
2026-07-08 06:00:21.838 9 INFO neutron.wsgi [None req-34d4ed58-1ebe-45eb-8b7c-9b6289d125bf 0c85e3e61a64490a8ae614d66a10f979 47f08c3366dd447e8c92d7b83369e780 - - ee583b710bfd4bb2bf2b0a42e9676962 ee583b710bfd4bb2bf2b0a42e9676962] 199.204.45.89 "GET /v2.0/networks/982ef41f-8fee-4e30-b171-e37ab67197ff HTTP/1.1" status: 200 len: 907 time: 0.0410860
2026-07-08 06:00:22.625 9 INFO neutron.plugins.ml2.drivers.ovn.mech_driver.mech_driver [None req-41e60fba-ef33-4b33-94db-723173586111 - - - - - -] OVN reports status up for port: 1e54722e-624f-4c89-af56-ce124f8d0fa0
2026-07-08 06:00:22.634 9 INFO neutron.plugins.ml2.plugin [None req-41e60fba-ef33-4b33-94db-723173586111 - - - - - -] Attempt 1 to provision port 1e54722e-624f-4c89-af56-ce124f8d0fa0
2026-07-08 06:00:22.911 9 INFO neutron.db.ovn_revision_numbers_db [None req-41e60fba-ef33-4b33-94db-723173586111 - - - - - -] Successfully bumped revision number for resource 1e54722e-624f-4c89-af56-ce124f8d0fa0 (type: ports) to 3
2026-07-08 06:00:23.632 10 INFO neutron.wsgi [-] 10.0.0.203 "GET / HTTP/1.1" status: 200 len: 247 time: 0.0026140
2026-07-08 06:00:23.633 9 INFO neutron.wsgi [-] 10.0.0.203 "GET / HTTP/1.1" status: 200 len: 247 time: 0.0038037
2026-07-08 06:00:24.215 9 INFO neutron.wsgi [None req-0cfef325-b405-4dd7-b99f-120d970f1418 0c85e3e61a64490a8ae614d66a10f979 47f08c3366dd447e8c92d7b83369e780 - - ee583b710bfd4bb2bf2b0a42e9676962 ee583b710bfd4bb2bf2b0a42e9676962] 199.204.45.89 "GET /v2.0/ports?device_id=manila-share&binding%3Ahost_id=instance HTTP/1.1" status: 200 len: 1172 time: 0.0343506
2026-07-08 06:00:24.261 9 INFO neutron.wsgi [None req-62efe2b3-e5e6-4561-9ab5-5cb3f06f8a82 0c85e3e61a64490a8ae614d66a10f979 47f08c3366dd447e8c92d7b83369e780 - - ee583b710bfd4bb2bf2b0a42e9676962 ee583b710bfd4bb2bf2b0a42e9676962] 199.204.45.89 "GET /v2.0/networks/982ef41f-8fee-4e30-b171-e37ab67197ff HTTP/1.1" status: 200 len: 907 time: 0.0375054
2026-07-08 06:00:38.630 10 INFO neutron.wsgi [-] 10.0.0.203 "GET / HTTP/1.1" status: 200 len: 247 time: 0.0021584
2026-07-08 06:00:38.631 9 INFO neutron.wsgi [-] 10.0.0.203 "GET / HTTP/1.1" status: 200 len: 247 time: 0.0023985
2026-07-08 06:00:47.952 10 INFO neutron.wsgi [None req-6b3be5ac-6cb7-4176-8fe8-c6954ddfc5e2 f9d0012c80a44f34981be525aa95de34 31c8531259d447fa8358eb34b21b7e43 - - default default] 199.204.45.89,10.0.0.203 "GET /v2.0/quotas/47f08c3366dd447e8c92d7b83369e780 HTTP/1.1" status: 200 len: 362 time: 0.0185528 /var/lib/openstack/lib/python3.10/site-packages/neutron/extensions/quotasv2.py:140: UserWarning: Neutron quota engine will require "--force" parameter to set a quota limit without checking the resource usage. warnings.warn('Neutron quota engine will require "--force" '
2026-07-08 06:00:48.261 10 INFO neutron.wsgi [None req-26da49f0-d916-4f67-ac1a-0acbd9ee1832 f9d0012c80a44f34981be525aa95de34 31c8531259d447fa8358eb34b21b7e43 - - default default] 199.204.45.89,10.0.0.203 "PUT /v2.0/quotas/47f08c3366dd447e8c92d7b83369e780 HTTP/1.1" status: 200 len: 361 time: 0.0315659
2026-07-08 06:00:48.621 10 INFO neutron.wsgi [None req-d8cbae51-8be0-41c0-a68e-733af7da0eeb f9d0012c80a44f34981be525aa95de34 31c8531259d447fa8358eb34b21b7e43 - - default default] 199.204.45.89,10.0.0.203 "GET /v2.0/quotas/47f08c3366dd447e8c92d7b83369e780 HTTP/1.1" status: 200 len: 361 time: 0.0111344
2026-07-08 06:00:53.632 10 INFO neutron.wsgi [-] 10.0.0.203 "GET / HTTP/1.1" status: 200 len: 247 time: 0.0023105
2026-07-08 06:00:53.635 10 INFO neutron.wsgi [-] 10.0.0.203 "GET / HTTP/1.1" status: 200 len: 247 time: 0.0022354
2026-07-08 06:01:08.630 9 INFO neutron.wsgi [-] 10.0.0.203 "GET / HTTP/1.1" status: 200 len: 247 time: 0.0023253
2026-07-08 06:01:08.631 10 INFO neutron.wsgi [-] 10.0.0.203 "GET / HTTP/1.1" status: 200 len: 247 time: 0.0029972
2026-07-08 06:01:23.631 9 INFO neutron.wsgi [-] 10.0.0.203 "GET / HTTP/1.1" status: 200 len: 247 time: 0.0012524
2026-07-08 06:01:23.632 10 INFO neutron.wsgi [-] 10.0.0.203 "GET / HTTP/1.1" status: 200 len: 247 time: 0.0018182
2026-07-08 06:01:38.630 9 INFO neutron.wsgi [-] 10.0.0.203 "GET / HTTP/1.1" status: 200 len: 247 time: 0.0023129
2026-07-08 06:01:38.633 9 INFO neutron.wsgi [-] 10.0.0.203 "GET / HTTP/1.1" status: 200 len: 247 time: 0.0019588
2026-07-08 06:01:53.631 9 INFO neutron.wsgi [-] 10.0.0.203 "GET / HTTP/1.1" status: 200 len: 247 time: 0.0022702
2026-07-08 06:01:53.635 9 INFO neutron.wsgi [-] 10.0.0.203 "GET / HTTP/1.1" status: 200 len: 247 time: 0.0019376
2026-07-08 06:01:59.748 9 INFO neutron.wsgi [None req-4aa57201-3972-4310-8c58-8bb48b1cc888 f9d0012c80a44f34981be525aa95de34 31c8531259d447fa8358eb34b21b7e43 - - default default] 10.0.0.34 "GET /v2.0/ports HTTP/1.1" status: 200 len: 5351 time: 0.0809164
2026-07-08 06:01:59.817 9 INFO neutron.wsgi [None req-cdf3681b-8b45-4e2d-9158-139d24d01a85 f9d0012c80a44f34981be525aa95de34 31c8531259d447fa8358eb34b21b7e43 - - default default] 10.0.0.34 "GET /v2.0/networks HTTP/1.1" status: 200 len: 2350 time: 0.0642061
2026-07-08 06:01:59.871 9 INFO neutron.wsgi [None req-4499eb6e-0027-4566-805e-b3376ad5b500 f9d0012c80a44f34981be525aa95de34 31c8531259d447fa8358eb34b21b7e43 - - default default] 10.0.0.34 "GET /v2.0/security-groups HTTP/1.1" status: 200 len: 16803 time: 0.0495198
2026-07-08 06:01:59.905 9 INFO neutron.wsgi [None req-d7d91904-a582-4c28-af4d-c914923feaba f9d0012c80a44f34981be525aa95de34 31c8531259d447fa8358eb34b21b7e43 - - default default] 10.0.0.34 "GET /v2.0/subnets HTTP/1.1" status: 200 len: 1437 time: 0.0277064
2026-07-08 06:01:59.992 9 INFO neutron.wsgi [None req-671fc4d9-bfde-4433-8846-5114b6d292df f9d0012c80a44f34981be525aa95de34 31c8531259d447fa8358eb34b21b7e43 - - default default] 10.0.0.34 "GET /v2.0/floatingips HTTP/1.1" status: 200 len: 193 time: 0.0858626
2026-07-08 06:02:00.022 9 INFO neutron.wsgi [None req-0b492d40-48fd-498e-852c-424a71d47e95 f9d0012c80a44f34981be525aa95de34 31c8531259d447fa8358eb34b21b7e43 - - default default] 10.0.0.34 "GET /v2.0/routers HTTP/1.1" status: 200 len: 189 time: 0.0290997
2026-07-08 06:02:00.057 9 INFO neutron.wsgi [None req-9c27ff16-5fc9-4ef5-802e-c188af6c4245 f9d0012c80a44f34981be525aa95de34 31c8531259d447fa8358eb34b21b7e43 - - default default] 10.0.0.34 "GET /v2.0/agents?binary=ovn-controller HTTP/1.1" status: 200 len: 591 time: 0.0339134
2026-07-08 06:02:00.068 9 INFO neutron.wsgi [None req-7356c86e-eab6-4bdb-a3fa-869816a79ddd f9d0012c80a44f34981be525aa95de34 31c8531259d447fa8358eb34b21b7e43 - - default default] 10.0.0.34 "GET /v2.0/agents HTTP/1.1" status: 200 len: 997 time: 0.0104179
2026-07-08 06:02:00.093 9 INFO neutron.wsgi [None req-16258a97-7dae-42c7-9469-c8682b838e27 f9d0012c80a44f34981be525aa95de34 31c8531259d447fa8358eb34b21b7e43 - - default default] 10.0.0.34 "GET /v2.0/network-ip-availabilities HTTP/1.1" status: 200 len: 1280 time: 0.0239797
2026-07-08 06:02:00.127 9 INFO neutron.wsgi [None req-55f83c8f-e553-4ae4-a022-eabd2fe01b54 f9d0012c80a44f34981be525aa95de34 31c8531259d447fa8358eb34b21b7e43 - - default default] 10.0.0.34 "GET /v2.0/subnets HTTP/1.1" status: 200 len: 1437 time: 0.0333078
2026-07-08 06:02:00.141 9 INFO neutron.wsgi [None req-407528b5-76da-4a54-a326-fa6f781ce992 f9d0012c80a44f34981be525aa95de34 31c8531259d447fa8358eb34b21b7e43 - - default default] 10.0.0.34 "GET /v2.0/subnetpools HTTP/1.1" status: 200 len: 193 time: 0.0124800
2026-07-08 06:02:01.875 15 INFO neutron.db.ovn_revision_numbers_db [None req-7b9468de-9718-4268-be16-d5326a8ec8ab - - - - - -] Successfully bumped revision number for resource 5e644d81-6d46-41c2-9a49-fa504e81d422 (type: security_groups) to 5
2026-07-08 06:02:01.875 15 INFO neutron.plugins.ml2.drivers.ovn.mech_driver.ovsdb.maintenance [None req-7b9468de-9718-4268-be16-d5326a8ec8ab - - - - - -] Maintenance task: Synchronization finished (took 0.04 seconds)
2026-07-08 06:02:08.630 10 INFO neutron.wsgi [-] 10.0.0.203 "GET / HTTP/1.1" status: 200 len: 247 time: 0.0016711
2026-07-08 06:02:08.631 9 INFO neutron.wsgi [-] 10.0.0.203 "GET / HTTP/1.1" status: 200 len: 247 time: 0.0026090
2026-07-08 06:02:23.630 10 INFO neutron.wsgi [-] 10.0.0.203 "GET / HTTP/1.1" status: 200 len: 247 time: 0.0025656
2026-07-08 06:02:23.632 9 INFO neutron.wsgi [-] 10.0.0.203 "GET / HTTP/1.1" status: 200 len: 247 time: 0.0024683
2026-07-08 06:02:38.631 9 INFO neutron.wsgi [-] 10.0.0.203 "GET / HTTP/1.1" status: 200 len: 247 time: 0.0032997
2026-07-08 06:02:38.633 10 INFO neutron.wsgi [-] 10.0.0.203 "GET / HTTP/1.1" status: 200 len: 247 time: 0.0030704
2026-07-08 06:02:53.631 9 INFO neutron.wsgi [-] 10.0.0.203 "GET / HTTP/1.1" status: 200 len: 247 time: 0.0028791
2026-07-08 06:02:53.635 9 INFO neutron.wsgi [-] 10.0.0.203 "GET / HTTP/1.1" status: 200 len: 247 time: 0.0019960
2026-07-08 06:02:59.693 9 INFO neutron.wsgi [None req-ceed30b4-2c31-451f-a598-0d6afd527036 f9d0012c80a44f34981be525aa95de34 31c8531259d447fa8358eb34b21b7e43 - - default default] 10.0.0.34 "GET /v2.0/subnets HTTP/1.1" status: 200 len: 1437 time: 0.1004586
2026-07-08 06:02:59.727 9 INFO neutron.wsgi [None req-fe0b304d-a0f1-400e-9862-0726e79071f1 f9d0012c80a44f34981be525aa95de34 31c8531259d447fa8358eb34b21b7e43 - - default default] 10.0.0.34 "GET /v2.0/subnets HTTP/1.1" status: 200 len: 1437 time: 0.0326931
2026-07-08 06:02:59.739 9 INFO neutron.wsgi [None req-8786f961-0abe-47ca-b1ff-a75bd8ee4869 f9d0012c80a44f34981be525aa95de34 31c8531259d447fa8358eb34b21b7e43 - - default default] 10.0.0.34 "GET /v2.0/subnetpools HTTP/1.1" status: 200 len: 193 time: 0.0111535
2026-07-08 06:02:59.807 9 INFO neutron.wsgi [None req-8c54ab3c-7eb9-4e6f-a9e3-9064dda42c62 f9d0012c80a44f34981be525aa95de34 31c8531259d447fa8358eb34b21b7e43 - - default default] 10.0.0.34 "GET /v2.0/security-groups HTTP/1.1" status: 200 len: 16803 time: 0.0662894
2026-07-08 06:02:59.832 9 INFO neutron.wsgi [None req-1ddd2c18-40d7-495c-9320-a47d4b01e3b4 f9d0012c80a44f34981be525aa95de34 31c8531259d447fa8358eb34b21b7e43 - - default default] 10.0.0.34 "GET /v2.0/network-ip-availabilities HTTP/1.1" status: 200 len: 1280 time: 0.0155363
2026-07-08 06:02:59.867 9 INFO neutron.wsgi [None req-5a726640-1ac1-4bd7-928a-7a1946ffbe80 f9d0012c80a44f34981be525aa95de34 31c8531259d447fa8358eb34b21b7e43 - - default default] 10.0.0.34 "GET /v2.0/ports HTTP/1.1" status: 200 len: 5351 time: 0.0339770
2026-07-08 06:02:59.892 9 INFO neutron.wsgi [None req-e1ff2752-d526-44d0-a4d3-46bfae245ec9 f9d0012c80a44f34981be525aa95de34 31c8531259d447fa8358eb34b21b7e43 - - default default] 10.0.0.34 "GET /v2.0/floatingips HTTP/1.1" status: 200 len: 193 time: 0.0233004
2026-07-08 06:02:59.960 9 INFO neutron.wsgi [None req-a717d632-2865-4a07-8599-5d56278de011 f9d0012c80a44f34981be525aa95de34 31c8531259d447fa8358eb34b21b7e43 - - default default] 10.0.0.34 "GET /v2.0/networks HTTP/1.1" status: 200 len: 2350 time: 0.0671332
2026-07-08 06:02:59.992 9 INFO neutron.wsgi [None req-4e6d35ec-9771-4851-9082-4ed7e12987f3 f9d0012c80a44f34981be525aa95de34 31c8531259d447fa8358eb34b21b7e43 - - default default] 10.0.0.34 "GET /v2.0/routers HTTP/1.1" status: 200 len: 189 time: 0.0270703
2026-07-08 06:03:00.017 9 INFO neutron.wsgi [None req-3b90d2e7-0dca-43a8-889f-3dad161f5174 f9d0012c80a44f34981be525aa95de34 31c8531259d447fa8358eb34b21b7e43 - - default default] 10.0.0.34 "GET /v2.0/agents?binary=ovn-controller HTTP/1.1" status: 200 len: 591 time: 0.0245559
2026-07-08 06:03:00.028 9 INFO neutron.wsgi [None req-da20a6fe-e120-4445-9bfa-ad95c801f54b f9d0012c80a44f34981be525aa95de34 31c8531259d447fa8358eb34b21b7e43 - - default default] 10.0.0.34 "GET /v2.0/agents HTTP/1.1" status: 200 len: 997 time: 0.0090818
2026-07-08 06:03:08.631 9 INFO neutron.wsgi [-] 10.0.0.203 "GET / HTTP/1.1" status: 200 len: 247 time: 0.0017397
2026-07-08 06:03:08.631 10 INFO neutron.wsgi [-] 10.0.0.203 "GET / HTTP/1.1" status: 200 len: 247 time: 0.0017855
2026-07-08 06:03:23.631 9 INFO neutron.wsgi [-] 10.0.0.203 "GET / HTTP/1.1" status: 200 len: 247 time: 0.0023332
2026-07-08 06:03:23.635 10 INFO neutron.wsgi [-] 10.0.0.203 "GET / HTTP/1.1" status: 200 len: 247 time: 0.0049791
2026-07-08 06:03:38.629 9 INFO neutron.wsgi [-] 10.0.0.203 "GET / HTTP/1.1" status: 200 len: 247 time: 0.0015328
2026-07-08 06:03:38.631 9 INFO neutron.wsgi [-] 10.0.0.203 "GET / HTTP/1.1" status: 200 len: 247 time: 0.0010791
2026-07-08 06:03:53.632 9 INFO neutron.wsgi [-] 10.0.0.203 "GET / HTTP/1.1" status: 200 len: 247 time: 0.0026515
2026-07-08 06:03:53.635 9 INFO neutron.wsgi [-] 10.0.0.203 "GET / HTTP/1.1" status: 200 len: 247 time: 0.0026214
2026-07-08 06:03:59.668 9 INFO neutron.wsgi [None req-a6355390-e381-4cf3-abc9-9b2d0a89ccb4 f9d0012c80a44f34981be525aa95de34 31c8531259d447fa8358eb34b21b7e43 - - default default] 10.0.0.34 "GET /v2.0/subnets HTTP/1.1" status: 200 len: 1437 time: 0.0720778
2026-07-08 06:03:59.677 9 INFO neutron.wsgi [None req-08d6c741-e64d-4bc9-b42b-5dbd3cca88b3 f9d0012c80a44f34981be525aa95de34 31c8531259d447fa8358eb34b21b7e43 - - default default] 10.0.0.34 "GET /v2.0/subnetpools HTTP/1.1" status: 200 len: 193 time: 0.0085142
2026-07-08 06:03:59.697 9 INFO neutron.wsgi [None req-0e7daf7b-df3b-47cf-8f3c-82a7cf1f7a33 f9d0012c80a44f34981be525aa95de34 31c8531259d447fa8358eb34b21b7e43 - - default default] 10.0.0.34 "GET /v2.0/floatingips HTTP/1.1" status: 200 len: 193 time: 0.0190358
2026-07-08 06:03:59.729 9 INFO neutron.wsgi [None req-dd8e6516-95e7-4b01-96c5-668e097717cc f9d0012c80a44f34981be525aa95de34 31c8531259d447fa8358eb34b21b7e43 - - default default] 10.0.0.34 "GET /v2.0/subnets HTTP/1.1" status: 200 len: 1437 time: 0.0312097
2026-07-08 06:03:59.768 9 INFO neutron.wsgi [None req-50b10d75-0050-4dab-a6d0-6eabe5f40b88 f9d0012c80a44f34981be525aa95de34 31c8531259d447fa8358eb34b21b7e43 - - default default] 10.0.0.34 "GET /v2.0/agents HTTP/1.1" status: 200 len: 997 time: 0.0379000
2026-07-08 06:03:59.823 9 INFO neutron.wsgi [None req-ab4617e3-ba00-4366-88d2-96a20bc6ed38 f9d0012c80a44f34981be525aa95de34 31c8531259d447fa8358eb34b21b7e43 - - default default] 10.0.0.34 "GET /v2.0/security-groups HTTP/1.1" status: 200 len: 16803 time: 0.0543084
2026-07-08 06:03:59.862 9 INFO neutron.wsgi [None req-20603f5b-b0cc-4ad1-b545-60af206e7bbe f9d0012c80a44f34981be525aa95de34 31c8531259d447fa8358eb34b21b7e43 - - default default] 10.0.0.34 "GET /v2.0/ports HTTP/1.1" status: 200 len: 5351 time: 0.0339024
2026-07-08 06:03:59.889 9 INFO neutron.wsgi [None req-07fc5137-6cbc-4220-a2f9-74d359bb8f43 f9d0012c80a44f34981be525aa95de34 31c8531259d447fa8358eb34b21b7e43 - - default default] 10.0.0.34 "GET /v2.0/routers HTTP/1.1" status: 200 len: 189 time: 0.0206532
2026-07-08 06:03:59.898 9 INFO neutron.wsgi [None req-47f3f88b-2f32-42c1-b848-e8d587710a08 f9d0012c80a44f34981be525aa95de34 31c8531259d447fa8358eb34b21b7e43 - - default default] 10.0.0.34 "GET /v2.0/agents?binary=ovn-controller HTTP/1.1" status: 200 len: 591 time: 0.0081444
2026-07-08 06:03:59.907 9 INFO neutron.wsgi [None req-47ba0229-5555-48d4-8501-17975e74f637 f9d0012c80a44f34981be525aa95de34 31c8531259d447fa8358eb34b21b7e43 - - default default] 10.0.0.34 "GET /v2.0/network-ip-availabilities HTTP/1.1" status: 200 len: 1280 time: 0.0076752
2026-07-08 06:03:59.956 9 INFO neutron.wsgi [None req-5bf1233b-cc20-49b0-8732-6bf3d0865a69 f9d0012c80a44f34981be525aa95de34 31c8531259d447fa8358eb34b21b7e43 - - default default] 10.0.0.34 "GET /v2.0/networks HTTP/1.1" status: 200 len: 2350 time: 0.0482855
2026-07-08 06:04:08.630 10 INFO neutron.wsgi [-] 10.0.0.203 "GET / HTTP/1.1" status: 200 len: 247 time: 0.0012124
2026-07-08 06:04:08.631 9 INFO neutron.wsgi [-] 10.0.0.203 "GET / HTTP/1.1" status: 200 len: 247 time: 0.0023198
2026-07-08 06:04:23.631 10 INFO neutron.wsgi [-] 10.0.0.203 "GET / HTTP/1.1" status: 200 len: 247 time: 0.0024004
2026-07-08 06:04:23.631 9 INFO neutron.wsgi [-] 10.0.0.203 "GET / HTTP/1.1" status: 200 len: 247 time: 0.0024478
2026-07-08 06:04:38.631 9 INFO neutron.wsgi [-] 10.0.0.203 "GET / HTTP/1.1" status: 200 len: 247 time: 0.0022945
2026-07-08 06:04:38.632 10 INFO neutron.wsgi [-] 10.0.0.203 "GET / HTTP/1.1" status: 200 len: 247 time: 0.0035007
2026-07-08 06:04:53.640 9 INFO neutron.wsgi [-] 10.0.0.203 "GET / HTTP/1.1" status: 200 len: 247 time: 0.0022213
2026-07-08 06:04:53.643 9 INFO neutron.wsgi [-] 10.0.0.203 "GET / HTTP/1.1" status: 200 len: 247 time: 0.0019636
2026-07-08 06:04:59.660 9 INFO neutron.wsgi [None req-05b1ab4e-35d4-4655-94a2-07b1fec9111f f9d0012c80a44f34981be525aa95de34 31c8531259d447fa8358eb34b21b7e43 - - default default] 10.0.0.34 "GET /v2.0/subnets HTTP/1.1" status: 200 len: 1437 time: 0.0834827
2026-07-08 06:04:59.683 9 INFO neutron.wsgi [None req-1fee5a0f-cae5-4357-82ce-4dee08d4bd8a f9d0012c80a44f34981be525aa95de34 31c8531259d447fa8358eb34b21b7e43 - - default default] 10.0.0.34 "GET /v2.0/routers HTTP/1.1" status: 200 len: 189 time: 0.0222087
2026-07-08 06:04:59.707 9 INFO neutron.wsgi [None req-08252579-d9b8-4c08-91fb-2e526b9a8f55 f9d0012c80a44f34981be525aa95de34 31c8531259d447fa8358eb34b21b7e43 - - default default] 10.0.0.34 "GET /v2.0/agents?binary=ovn-controller HTTP/1.1" status: 200 len: 591 time: 0.0232677
2026-07-08 06:04:59.716 9 INFO neutron.wsgi [None req-48f955a0-1593-4c7f-8853-2066af11408c f9d0012c80a44f34981be525aa95de34 31c8531259d447fa8358eb34b21b7e43 - - default default] 10.0.0.34 "GET /v2.0/agents HTTP/1.1" status: 200 len: 997 time: 0.0080469
2026-07-08 06:04:59.761 9 INFO neutron.wsgi [None req-7f0f8beb-03e0-464f-9c89-9d2fba22390f f9d0012c80a44f34981be525aa95de34 31c8531259d447fa8358eb34b21b7e43 - - default default] 10.0.0.34 "GET /v2.0/security-groups HTTP/1.1" status: 200 len: 16803 time: 0.0446782
2026-07-08 06:04:59.798 9 INFO neutron.wsgi [None req-01d7a196-fa17-46d9-ad51-6e3a3793ca34 f9d0012c80a44f34981be525aa95de34 31c8531259d447fa8358eb34b21b7e43 - - default default] 10.0.0.34 "GET /v2.0/ports HTTP/1.1" status: 200 len: 5351 time: 0.0314186
2026-07-08 06:04:59.815 9 INFO neutron.wsgi [None req-2c614b17-582d-489f-9846-b42621ee9e9e f9d0012c80a44f34981be525aa95de34 31c8531259d447fa8358eb34b21b7e43 - - default default] 10.0.0.34 "GET /v2.0/network-ip-availabilities HTTP/1.1" status: 200 len: 1280 time: 0.0114586
2026-07-08 06:04:59.845 9 INFO neutron.wsgi [None req-6f86e9e1-3d44-4ea8-a75c-ceebbcbaa103 f9d0012c80a44f34981be525aa95de34 31c8531259d447fa8358eb34b21b7e43 - - default default] 10.0.0.34 "GET /v2.0/subnets HTTP/1.1" status: 200 len: 1437 time: 0.0291367
2026-07-08 06:04:59.855 9 INFO neutron.wsgi [None req-178d4b05-9984-419b-995a-b65d585dd065 f9d0012c80a44f34981be525aa95de34 31c8531259d447fa8358eb34b21b7e43 - - default default] 10.0.0.34 "GET /v2.0/subnetpools HTTP/1.1" status: 200 len: 193 time: 0.0088811
2026-07-08 06:04:59.875 9 INFO neutron.wsgi [None req-9886bdc7-6a2a-4285-a3bf-da44baced3f8 f9d0012c80a44f34981be525aa95de34 31c8531259d447fa8358eb34b21b7e43 - - default default] 10.0.0.34 "GET /v2.0/floatingips HTTP/1.1" status: 200 len: 193 time: 0.0183251
2026-07-08 06:04:59.931 9 INFO neutron.wsgi [None req-4d21b1fb-73a1-4fc5-9957-c5694dd2eea1 f9d0012c80a44f34981be525aa95de34 31c8531259d447fa8358eb34b21b7e43 - - default default] 10.0.0.34 "GET /v2.0/networks HTTP/1.1" status: 200 len: 2350 time: 0.0555625
2026-07-08 06:05:08.631 10 INFO neutron.wsgi [-] 10.0.0.203 "GET / HTTP/1.1" status: 200 len: 247 time: 0.0023944
2026-07-08 06:05:08.632 9 INFO neutron.wsgi [-] 10.0.0.203 "GET / HTTP/1.1" status: 200 len: 247 time: 0.0029240
2026-07-08 06:05:23.632 9 INFO neutron.wsgi [-] 10.0.0.203 "GET / HTTP/1.1" status: 200 len: 247 time: 0.0028732
2026-07-08 06:05:23.633 10 INFO neutron.wsgi [-] 10.0.0.203 "GET / HTTP/1.1" status: 200 len: 247 time: 0.0033917
2026-07-08 06:05:38.631 9 INFO neutron.wsgi [-] 10.0.0.203 "GET / HTTP/1.1" status: 200 len: 247 time: 0.0028875
2026-07-08 06:05:38.633 10 INFO neutron.wsgi [-] 10.0.0.203 "GET / HTTP/1.1" status: 200 len: 247 time: 0.0038056
2026-07-08 06:05:53.632 9 INFO neutron.wsgi [-] 10.0.0.203 "GET / HTTP/1.1" status: 200 len: 247 time: 0.0028675
2026-07-08 06:05:53.636 9 INFO neutron.wsgi [-] 10.0.0.203 "GET / HTTP/1.1" status: 200 len: 247 time: 0.0021913
2026-07-08 06:05:59.675 9 INFO neutron.wsgi [None req-114fff23-b8c0-43be-9fa2-b7436382319c f9d0012c80a44f34981be525aa95de34 31c8531259d447fa8358eb34b21b7e43 - - default default] 10.0.0.34 "GET /v2.0/floatingips HTTP/1.1" status: 200 len: 193 time: 0.0647612
2026-07-08 06:05:59.731 9 INFO neutron.wsgi [None req-1bed25a1-c462-48a7-bcc7-991588347815 f9d0012c80a44f34981be525aa95de34 31c8531259d447fa8358eb34b21b7e43 - - default default] 10.0.0.34 "GET /v2.0/networks HTTP/1.1" status: 200 len: 2350 time: 0.0553505
2026-07-08 06:05:59.775 9 INFO neutron.wsgi [None req-d6f364b3-845f-4ae4-a4f5-eb5e41507b49 f9d0012c80a44f34981be525aa95de34 31c8531259d447fa8358eb34b21b7e43 - - default default] 10.0.0.34 "GET /v2.0/security-groups HTTP/1.1" status: 200 len: 16803 time: 0.0426176
2026-07-08 06:05:59.794 9 INFO neutron.wsgi [None req-7cb83ec1-02ae-4206-ad5a-c448e2a18cd4 f9d0012c80a44f34981be525aa95de34 31c8531259d447fa8358eb34b21b7e43 - - default default] 10.0.0.34 "GET /v2.0/network-ip-availabilities HTTP/1.1" status: 200 len: 1280 time: 0.0128505
2026-07-08 06:05:59.827 9 INFO neutron.wsgi [None req-20675897-e03e-4394-bceb-8abed68ca3be f9d0012c80a44f34981be525aa95de34 31c8531259d447fa8358eb34b21b7e43 - - default default] 10.0.0.34 "GET /v2.0/subnets HTTP/1.1" status: 200 len: 1437 time: 0.0318179
2026-07-08 06:05:59.856 9 INFO neutron.wsgi [None req-21adde46-8cb7-4ea8-8c31-019abe5479f8 f9d0012c80a44f34981be525aa95de34 31c8531259d447fa8358eb34b21b7e43 - - default default] 10.0.0.34 "GET /v2.0/subnets HTTP/1.1" status: 200 len: 1437 time: 0.0273867
2026-07-08 06:05:59.866 9 INFO neutron.wsgi [None req-950669fd-2cb7-4dd6-bf84-0c833ae1bb07 f9d0012c80a44f34981be525aa95de34 31c8531259d447fa8358eb34b21b7e43 - - default default] 10.0.0.34 "GET /v2.0/subnetpools HTTP/1.1" status: 200 len: 193 time: 0.0089996
2026-07-08 06:05:59.891 9 INFO neutron.wsgi [None req-f733b611-c4a9-458e-bfc5-a39643d57aff f9d0012c80a44f34981be525aa95de34 31c8531259d447fa8358eb34b21b7e43 - - default default] 10.0.0.34 "GET /v2.0/ports HTTP/1.1" status: 200 len: 5351 time: 0.0242875
2026-07-08 06:05:59.919 9 INFO neutron.wsgi [None req-2c4aab43-e1b4-40c9-98b4-81d3fb0f1e03 f9d0012c80a44f34981be525aa95de34 31c8531259d447fa8358eb34b21b7e43 - - default default] 10.0.0.34 "GET /v2.0/routers HTTP/1.1" status: 200 len: 189 time: 0.0239968
2026-07-08 06:05:59.944 9 INFO neutron.wsgi [None req-e13a3501-6c33-4e9a-974b-ab5aaef5bb3e f9d0012c80a44f34981be525aa95de34 31c8531259d447fa8358eb34b21b7e43 - - default default] 10.0.0.34 "GET /v2.0/agents?binary=ovn-controller HTTP/1.1" status: 200 len: 591 time: 0.0242281
2026-07-08 06:05:59.969 9 INFO neutron.wsgi [None req-f23a2e18-e062-4b2e-b919-4c3391d5c52a f9d0012c80a44f34981be525aa95de34 31c8531259d447fa8358eb34b21b7e43 - - default default] 10.0.0.34 "GET /v2.0/agents HTTP/1.1" status: 200 len: 997 time: 0.0240748
2026-07-08 06:06:08.631 9 INFO neutron.wsgi [-] 10.0.0.203 "GET / HTTP/1.1" status: 200 len: 247 time: 0.0023799
2026-07-08 06:06:08.631 10 INFO neutron.wsgi [-] 10.0.0.203 "GET / HTTP/1.1" status: 200 len: 247 time: 0.0026827
2026-07-08 06:06:23.631 10 INFO neutron.wsgi [-] 10.0.0.203 "GET / HTTP/1.1" status: 200 len: 247 time: 0.0022542
2026-07-08 06:06:23.631 9 INFO neutron.wsgi [-] 10.0.0.203 "GET / HTTP/1.1" status: 200 len: 247 time: 0.0022175
2026-07-08 06:06:38.630 10 INFO neutron.wsgi [-] 10.0.0.203 "GET / HTTP/1.1" status: 200 len: 247 time: 0.0020478
2026-07-08 06:06:38.631 9 INFO neutron.wsgi [-] 10.0.0.203 "GET / HTTP/1.1" status: 200 len: 247 time: 0.0026999
2026-07-08 06:06:53.630 9 INFO neutron.wsgi [-] 10.0.0.203 "GET / HTTP/1.1" status: 200 len: 247 time: 0.0018890
2026-07-08 06:06:53.631 10 INFO neutron.wsgi [-] 10.0.0.203 "GET / HTTP/1.1" status: 200 len: 247 time: 0.0024772
2026-07-08 06:06:59.657 9 INFO neutron.wsgi [None req-5cf82e21-b685-4f01-8b9f-093164f9bcc9 f9d0012c80a44f34981be525aa95de34 31c8531259d447fa8358eb34b21b7e43 - - default default] 10.0.0.34 "GET /v2.0/floatingips HTTP/1.1" status: 200 len: 193 time: 0.0575228
2026-07-08 06:06:59.679 9 INFO neutron.wsgi [None req-306c6981-ca9b-4850-ac7b-1a2506b9852e f9d0012c80a44f34981be525aa95de34 31c8531259d447fa8358eb34b21b7e43 - - default default] 10.0.0.34 "GET /v2.0/routers HTTP/1.1" status: 200 len: 189 time: 0.0206621
2026-07-08 06:06:59.705 9 INFO neutron.wsgi [None req-2ebba7b7-9b6b-4dae-8838-a04ab69e6c1f f9d0012c80a44f34981be525aa95de34 31c8531259d447fa8358eb34b21b7e43 - - default default] 10.0.0.34 "GET /v2.0/agents?binary=ovn-controller HTTP/1.1" status: 200 len: 591 time: 0.0252421
2026-07-08 06:06:59.746 9 INFO neutron.wsgi [None req-2332179c-289e-4942-87eb-67396341c136 f9d0012c80a44f34981be525aa95de34 31c8531259d447fa8358eb34b21b7e43 - - default default] 10.0.0.34 "GET /v2.0/security-groups HTTP/1.1" status: 200 len: 16803 time: 0.0388284
2026-07-08 06:06:59.785 9 INFO neutron.wsgi [None req-3e223860-dba2-42d1-a124-ef77fa4b1fdf f9d0012c80a44f34981be525aa95de34 31c8531259d447fa8358eb34b21b7e43 - - default default] 10.0.0.34 "GET /v2.0/subnets HTTP/1.1" status: 200 len: 1437 time: 0.0323105
2026-07-08 06:06:59.814 9 INFO neutron.wsgi [None req-b00aa2f2-0654-4bea-9f6d-7d5803b508f1 f9d0012c80a44f34981be525aa95de34 31c8531259d447fa8358eb34b21b7e43 - - default default] 10.0.0.34 "GET /v2.0/subnets HTTP/1.1" status: 200 len: 1437 time: 0.0276604
2026-07-08 06:06:59.827 9 INFO neutron.wsgi [None req-8f4b2e08-c22c-4301-a5d9-06998c62c368 f9d0012c80a44f34981be525aa95de34 31c8531259d447fa8358eb34b21b7e43 - - default default] 10.0.0.34 "GET /v2.0/subnetpools HTTP/1.1" status: 200 len: 193 time: 0.0117896
2026-07-08 06:06:59.838 9 INFO neutron.wsgi [None req-36c5933f-3c21-4d40-b3a7-23d190c143ad f9d0012c80a44f34981be525aa95de34 31c8531259d447fa8358eb34b21b7e43 - - default default] 10.0.0.34 "GET /v2.0/network-ip-availabilities HTTP/1.1" status: 200 len: 1280 time: 0.0103803
2026-07-08 06:06:59.952 9 INFO neutron.wsgi [None req-32cf01e9-7304-48d4-93f4-f7229dfb4247 f9d0012c80a44f34981be525aa95de34 31c8531259d447fa8358eb34b21b7e43 - - default default] 10.0.0.34 "GET /v2.0/networks HTTP/1.1" status: 200 len: 2350 time: 0.1134994
2026-07-08 06:06:59.984 9 INFO neutron.wsgi [None req-9f10aa90-d26c-44f7-ad31-392962202daf f9d0012c80a44f34981be525aa95de34 31c8531259d447fa8358eb34b21b7e43 - - default default] 10.0.0.34 "GET /v2.0/ports HTTP/1.1" status: 200 len: 5351 time: 0.0307608
2026-07-08 06:06:59.999 9 INFO neutron.wsgi [None req-9359476a-5ea2-42af-a795-8401ddf11c53 f9d0012c80a44f34981be525aa95de34 31c8531259d447fa8358eb34b21b7e43 - - default default] 10.0.0.34 "GET /v2.0/agents HTTP/1.1" status: 200 len: 997 time: 0.0100064
2026-07-08 06:07:08.631 9 INFO neutron.wsgi [-] 10.0.0.203 "GET / HTTP/1.1" status: 200 len: 247 time: 0.0026155
2026-07-08 06:07:08.631 10 INFO neutron.wsgi [-] 10.0.0.203 "GET / HTTP/1.1" status: 200 len: 247 time: 0.0026903
2026-07-08 06:07:23.630 10 INFO neutron.wsgi [-] 10.0.0.203 "GET / HTTP/1.1" status: 200 len: 247 time: 0.0019734
2026-07-08 06:07:23.633 10 INFO neutron.wsgi [-] 10.0.0.203 "GET / HTTP/1.1" status: 200 len: 247 time: 0.0014966
2026-07-08 06:07:38.630 10 INFO neutron.wsgi [-] 10.0.0.203 "GET / HTTP/1.1" status: 200 len: 247 time: 0.0022974
2026-07-08 06:07:38.630 9 INFO neutron.wsgi [-] 10.0.0.203 "GET / HTTP/1.1" status: 200 len: 247 time: 0.0023599
2026-07-08 06:07:53.630 9 INFO neutron.wsgi [-] 10.0.0.203 "GET / HTTP/1.1" status: 200 len: 247 time: 0.0024128
2026-07-08 06:07:53.633 10 INFO neutron.wsgi [-] 10.0.0.203 "GET / HTTP/1.1" status: 200 len: 247 time: 0.0024538
2026-07-08 06:07:59.666 9 INFO neutron.wsgi [None req-896cd902-b999-40e1-aec7-57ef16ce5f45 f9d0012c80a44f34981be525aa95de34 31c8531259d447fa8358eb34b21b7e43 - - default default] 10.0.0.34 "GET /v2.0/network-ip-availabilities HTTP/1.1" status: 200 len: 1280 time: 0.0507436
2026-07-08 06:07:59.695 9 INFO neutron.wsgi [None req-1ca4cd90-63bc-432b-9296-2363307ab749 f9d0012c80a44f34981be525aa95de34 31c8531259d447fa8358eb34b21b7e43 - - default default] 10.0.0.34 "GET /v2.0/subnets HTTP/1.1" status: 200 len: 1437 time: 0.0280480
2026-07-08 06:07:59.704 9 INFO neutron.wsgi [None req-b7af1b3d-2774-4e86-98b7-2ec8afede779 f9d0012c80a44f34981be525aa95de34 31c8531259d447fa8358eb34b21b7e43 - - default default] 10.0.0.34 "GET /v2.0/subnetpools HTTP/1.1" status: 200 len: 193 time: 0.0078559
2026-07-08 06:07:59.742 9 INFO neutron.wsgi [None req-569812cb-90d6-4105-b8fa-5c1687c8bbf3 f9d0012c80a44f34981be525aa95de34 31c8531259d447fa8358eb34b21b7e43 - - default default] 10.0.0.34 "GET /v2.0/security-groups HTTP/1.1" status: 200 len: 16803 time: 0.0368166
2026-07-08 06:07:59.774 9 INFO neutron.wsgi [None req-cc6108e0-1b88-41cf-8fbe-e5999ff0a6b2 f9d0012c80a44f34981be525aa95de34 31c8531259d447fa8358eb34b21b7e43 - - default default] 10.0.0.34 "GET /v2.0/subnets HTTP/1.1" status: 200 len: 1437 time: 0.0258427
2026-07-08 06:07:59.795 9 INFO neutron.wsgi [None req-413a853c-e883-41dc-ad58-fa06a5a56a9b f9d0012c80a44f34981be525aa95de34 31c8531259d447fa8358eb34b21b7e43 - - default default] 10.0.0.34 "GET /v2.0/floatingips HTTP/1.1" status: 200 len: 193 time: 0.0178454
2026-07-08 06:07:59.847 9 INFO neutron.wsgi [None req-620c883c-0457-401c-b8d1-55bfe68884d1 f9d0012c80a44f34981be525aa95de34 31c8531259d447fa8358eb34b21b7e43 - - default default] 10.0.0.34 "GET /v2.0/networks HTTP/1.1" status: 200 len: 2350 time: 0.0512624
2026-07-08 06:07:59.869 9 INFO neutron.wsgi [None req-80846c14-6b4a-4d35-afd2-ca1851bf6c02 f9d0012c80a44f34981be525aa95de34 31c8531259d447fa8358eb34b21b7e43 - - default default] 10.0.0.34 "GET /v2.0/routers HTTP/1.1" status: 200 len: 189 time: 0.0191827
2026-07-08 06:07:59.891 9 INFO neutron.wsgi [None req-4cbf2c7a-fc60-4d28-b74f-1438fafcf8fc f9d0012c80a44f34981be525aa95de34 31c8531259d447fa8358eb34b21b7e43 - - default default] 10.0.0.34 "GET /v2.0/agents?binary=ovn-controller HTTP/1.1" status: 200 len: 591 time: 0.0211000
2026-07-08 06:07:59.901 9 INFO neutron.wsgi [None req-df27c1f9-d9af-4448-9e33-fffd15d03df8 f9d0012c80a44f34981be525aa95de34 31c8531259d447fa8358eb34b21b7e43 - - default default] 10.0.0.34 "GET /v2.0/agents HTTP/1.1" status: 200 len: 997 time: 0.0093298
2026-07-08 06:07:59.931 9 INFO neutron.wsgi [None req-011b7305-1de6-4349-825d-bf5bfbb4dac8 f9d0012c80a44f34981be525aa95de34 31c8531259d447fa8358eb34b21b7e43 - - default default] 10.0.0.34 "GET /v2.0/ports HTTP/1.1" status: 200 len: 5351 time: 0.0286365
2026-07-08 06:08:08.631 9 INFO neutron.wsgi [-] 10.0.0.203 "GET / HTTP/1.1" status: 200 len: 247 time: 0.0017314
2026-07-08 06:08:08.634 9 INFO neutron.wsgi [-] 10.0.0.203 "GET / HTTP/1.1" status: 200 len: 247 time: 0.0023522
2026-07-08 06:08:23.629 9 INFO neutron.wsgi [-] 10.0.0.203 "GET / HTTP/1.1" status: 200 len: 247 time: 0.0016291
2026-07-08 06:08:23.631 10 INFO neutron.wsgi [-] 10.0.0.203 "GET / HTTP/1.1" status: 200 len: 247 time: 0.0025733
2026-07-08 06:08:38.629 9 INFO neutron.wsgi [-] 10.0.0.203 "GET / HTTP/1.1" status: 200 len: 247 time: 0.0016243
2026-07-08 06:08:38.631 10 INFO neutron.wsgi [-] 10.0.0.203 "GET / HTTP/1.1" status: 200 len: 247 time: 0.0029294
2026-07-08 06:08:53.631 10 INFO neutron.wsgi [-] 10.0.0.203 "GET / HTTP/1.1" status: 200 len: 247 time: 0.0030942
2026-07-08 06:08:53.631 9 INFO neutron.wsgi [-] 10.0.0.203 "GET / HTTP/1.1" status: 200 len: 247 time: 0.0023806
2026-07-08 06:08:59.665 9 INFO neutron.wsgi [None req-0d444ec9-c11e-42aa-8944-d636ff2ebe10 f9d0012c80a44f34981be525aa95de34 31c8531259d447fa8358eb34b21b7e43 - - default default] 10.0.0.34 "GET /v2.0/ports HTTP/1.1" status: 200 len: 5351 time: 0.0738981
2026-07-08 06:08:59.701 9 INFO neutron.wsgi [None req-d886b4c3-a299-4847-8f2d-1470505a02d9 f9d0012c80a44f34981be525aa95de34 31c8531259d447fa8358eb34b21b7e43 - - default default] 10.0.0.34 "GET /v2.0/subnets HTTP/1.1" status: 200 len: 1437 time: 0.0292368
2026-07-08 06:08:59.710 9 INFO neutron.wsgi [None req-9395a750-e74a-4f99-9493-ae7b7d69913e f9d0012c80a44f34981be525aa95de34 31c8531259d447fa8358eb34b21b7e43 - - default default] 10.0.0.34 "GET /v2.0/subnetpools HTTP/1.1" status: 200 len: 193 time: 0.0080616
2026-07-08 06:08:59.725 9 INFO neutron.wsgi [None req-7d09e703-90b1-44c4-bc0e-2ed28d43d1a7 f9d0012c80a44f34981be525aa95de34 31c8531259d447fa8358eb34b21b7e43 - - default default] 10.0.0.34 "GET /v2.0/floatingips HTTP/1.1" status: 200 len: 193 time: 0.0149302
2026-07-08 06:08:59.781 9 INFO neutron.wsgi [None req-673a93ab-c0aa-47ab-9425-dcd81fea4b9d f9d0012c80a44f34981be525aa95de34 31c8531259d447fa8358eb34b21b7e43 - - default default] 10.0.0.34 "GET /v2.0/networks HTTP/1.1" status: 200 len: 2350 time: 0.0545969
2026-07-08 06:08:59.794 9 INFO neutron.wsgi [None req-9c5ecd1c-e99e-4551-a616-d957d2c77a84 f9d0012c80a44f34981be525aa95de34 31c8531259d447fa8358eb34b21b7e43 - - default default] 10.0.0.34 "GET /v2.0/network-ip-availabilities HTTP/1.1" status: 200 len: 1280 time: 0.0103838
2026-07-08 06:08:59.817 9 INFO neutron.wsgi [None req-bc0b7d08-f0dd-4686-a791-8291026895e4 f9d0012c80a44f34981be525aa95de34 31c8531259d447fa8358eb34b21b7e43 - - default default] 10.0.0.34 "GET /v2.0/routers HTTP/1.1" status: 200 len: 189 time: 0.0215771
2026-07-08 06:08:59.845 9 INFO neutron.wsgi [None req-f13a68c8-56d2-4c19-97aa-8c0e26bbc6c1 f9d0012c80a44f34981be525aa95de34 31c8531259d447fa8358eb34b21b7e43 - - default default] 10.0.0.34 "GET /v2.0/agents?binary=ovn-controller HTTP/1.1" status: 200 len: 591 time: 0.0272341
2026-07-08 06:08:59.856 9 INFO neutron.wsgi [None req-d46d620d-2f81-499e-a571-97e595dd3419 f9d0012c80a44f34981be525aa95de34 31c8531259d447fa8358eb34b21b7e43 - - default default] 10.0.0.34 "GET /v2.0/agents HTTP/1.1" status: 200 len: 997 time: 0.0102623
2026-07-08 06:08:59.905 9 INFO neutron.wsgi [None req-4f3cd9c3-8542-4e26-878b-0b81b07d5d91 f9d0012c80a44f34981be525aa95de34 31c8531259d447fa8358eb34b21b7e43 - - default default] 10.0.0.34 "GET /v2.0/security-groups HTTP/1.1" status: 200 len: 16803 time: 0.0474789
2026-07-08 06:08:59.943 9 INFO neutron.wsgi [None req-16c9375c-7549-4b05-9aa7-20220e8db5d1 f9d0012c80a44f34981be525aa95de34 31c8531259d447fa8358eb34b21b7e43 - - default default] 10.0.0.34 "GET /v2.0/subnets HTTP/1.1" status: 200 len: 1437 time: 0.0326998
2026-07-08 06:09:08.630 10 INFO neutron.wsgi [-] 10.0.0.203 "GET / HTTP/1.1" status: 200 len: 247 time: 0.0017550
2026-07-08 06:09:08.633 10 INFO neutron.wsgi [-] 10.0.0.203 "GET / HTTP/1.1" status: 200 len: 247 time: 0.0020730
2026-07-08 06:09:23.631 10 INFO neutron.wsgi [-] 10.0.0.203 "GET / HTTP/1.1" status: 200 len: 247 time: 0.0023236
2026-07-08 06:09:23.631 9 INFO neutron.wsgi [-] 10.0.0.203 "GET / HTTP/1.1" status: 200 len: 247 time: 0.0023859
2026-07-08 06:09:38.630 10 INFO neutron.wsgi [-] 10.0.0.203 "GET / HTTP/1.1" status: 200 len: 247 time: 0.0016005
2026-07-08 06:09:38.632 10 INFO neutron.wsgi [-] 10.0.0.203 "GET / HTTP/1.1" status: 200 len: 247 time: 0.0011926
2026-07-08 06:09:53.632 10 INFO neutron.wsgi [-] 10.0.0.203 "GET / HTTP/1.1" status: 200 len: 247 time: 0.0023344
2026-07-08 06:09:53.632 9 INFO neutron.wsgi [-] 10.0.0.203 "GET / HTTP/1.1" status: 200 len: 247 time: 0.0024030
2026-07-08 06:09:59.671 9 INFO neutron.wsgi [None req-3ebda6d0-bb5c-4fda-9dde-2359937b8fea f9d0012c80a44f34981be525aa95de34 31c8531259d447fa8358eb34b21b7e43 - - default default] 10.0.0.34 "GET /v2.0/subnets HTTP/1.1" status: 200 len: 1437 time: 0.1012092
2026-07-08 06:09:59.680 9 INFO neutron.wsgi [None req-b64ac1f5-d482-41d0-8359-416f6f5733e5 f9d0012c80a44f34981be525aa95de34 31c8531259d447fa8358eb34b21b7e43 - - default default] 10.0.0.34 "GET /v2.0/subnetpools HTTP/1.1" status: 200 len: 193 time: 0.0081987
2026-07-08 06:09:59.729 9 INFO neutron.wsgi [None req-d70723ad-91ce-438a-a30f-d2d8e30babf3 f9d0012c80a44f34981be525aa95de34 31c8531259d447fa8358eb34b21b7e43 - - default default] 10.0.0.34 "GET /v2.0/security-groups HTTP/1.1" status: 200 len: 16803 time: 0.0481522
2026-07-08 06:09:59.809 9 INFO neutron.wsgi [None req-79c2c86f-707d-4fd4-8135-97fd9b1c68aa f9d0012c80a44f34981be525aa95de34 31c8531259d447fa8358eb34b21b7e43 - - default default] 10.0.0.34 "GET /v2.0/networks HTTP/1.1" status: 200 len: 2350 time: 0.0719235
2026-07-08 06:09:59.840 9 INFO neutron.wsgi [None req-0ff3449f-d012-42c2-8c5e-8dc568cea8cb f9d0012c80a44f34981be525aa95de34 31c8531259d447fa8358eb34b21b7e43 - - default default] 10.0.0.34 "GET /v2.0/ports HTTP/1.1" status: 200 len: 5351 time: 0.0285840
2026-07-08 06:09:59.869 9 INFO neutron.wsgi [None req-a073b3c6-7c92-467c-b78d-aa63d0a2bc55 f9d0012c80a44f34981be525aa95de34 31c8531259d447fa8358eb34b21b7e43 - - default default] 10.0.0.34 "GET /v2.0/routers HTTP/1.1" status: 200 len: 189 time: 0.0244741
2026-07-08 06:09:59.897 9 INFO neutron.wsgi [None req-b01855ae-9b28-451a-b7b2-637617f556f2 f9d0012c80a44f34981be525aa95de34 31c8531259d447fa8358eb34b21b7e43 - - default default] 10.0.0.34 "GET /v2.0/agents?binary=ovn-controller HTTP/1.1" status: 200 len: 591 time: 0.0282946
2026-07-08 06:09:59.913 9 INFO neutron.wsgi [None req-15fef5f3-8e28-41eb-94b5-8dc154ecd297 f9d0012c80a44f34981be525aa95de34 31c8531259d447fa8358eb34b21b7e43 - - default default] 10.0.0.34 "GET /v2.0/agents HTTP/1.1" status: 200 len: 997 time: 0.0143743
2026-07-08 06:09:59.923 9 INFO neutron.wsgi [None req-b29b7178-03b4-4ca7-8128-370cac4aa371 f9d0012c80a44f34981be525aa95de34 31c8531259d447fa8358eb34b21b7e43 - - default default] 10.0.0.34 "GET /v2.0/network-ip-availabilities HTTP/1.1" status: 200 len: 1280 time: 0.0096483
2026-07-08 06:09:59.946 9 INFO neutron.wsgi [None req-eae3433f-87ea-4d45-ae98-f0fefda62c85 f9d0012c80a44f34981be525aa95de34 31c8531259d447fa8358eb34b21b7e43 - - default default] 10.0.0.34 "GET /v2.0/floatingips HTTP/1.1" status: 200 len: 193 time: 0.0184166
2026-07-08 06:09:59.981 9 INFO neutron.wsgi [None req-f42b9c29-32d1-4e40-87b0-6c88fa282c3f f9d0012c80a44f34981be525aa95de34 31c8531259d447fa8358eb34b21b7e43 - - default default] 10.0.0.34 "GET /v2.0/subnets HTTP/1.1" status: 200 len: 1437 time: 0.0342679
2026-07-08 06:10:08.630 9 INFO neutron.wsgi [-] 10.0.0.203 "GET / HTTP/1.1" status: 200 len: 247 time: 0.0024118
2026-07-08 06:10:08.631 10 INFO neutron.wsgi [-] 10.0.0.203 "GET / HTTP/1.1" status: 200 len: 247 time: 0.0028753
2026-07-08 06:10:23.630 10 INFO neutron.wsgi [-] 10.0.0.203 "GET / HTTP/1.1" status: 200 len: 247 time: 0.0023932
2026-07-08 06:10:23.632 9 INFO neutron.wsgi [-] 10.0.0.203 "GET / HTTP/1.1" status: 200 len: 247 time: 0.0026052
2026-07-08 06:10:38.630 9 INFO neutron.wsgi [-] 10.0.0.203 "GET / HTTP/1.1" status: 200 len: 247 time: 0.0021544
2026-07-08 06:10:38.631 10 INFO neutron.wsgi [-] 10.0.0.203 "GET / HTTP/1.1" status: 200 len: 247 time: 0.0024061
2026-07-08 06:10:53.631 9 INFO neutron.wsgi [-] 10.0.0.203 "GET / HTTP/1.1" status: 200 len: 247 time: 0.0030408
2026-07-08 06:10:53.632 10 INFO neutron.wsgi [-] 10.0.0.203 "GET / HTTP/1.1" status: 200 len: 247 time: 0.0038843
2026-07-08 06:10:59.739 9 INFO neutron.wsgi [None req-eaf9f739-6a75-4d94-a378-ef1481ba21df f9d0012c80a44f34981be525aa95de34 31c8531259d447fa8358eb34b21b7e43 - - default default] 10.0.0.34 "GET /v2.0/subnets HTTP/1.1" status: 200 len: 1437 time: 0.1511331
2026-07-08 06:10:59.772 9 INFO neutron.wsgi [None req-9b084536-b4cb-4860-a371-c82c0d39ef03 f9d0012c80a44f34981be525aa95de34 31c8531259d447fa8358eb34b21b7e43 - - default default] 10.0.0.34 "GET /v2.0/ports HTTP/1.1" status: 200 len: 5351 time: 0.0313838
2026-07-08 06:10:59.801 9 INFO neutron.wsgi [None req-9bf1df44-dcdb-4dfe-8c6c-a73f8f2f350b f9d0012c80a44f34981be525aa95de34 31c8531259d447fa8358eb34b21b7e43 - - default default] 10.0.0.34 "GET /v2.0/routers HTTP/1.1" status: 200 len: 189 time: 0.0229247
2026-07-08 06:10:59.825 9 INFO neutron.wsgi [None req-447799fd-fd9f-4888-9035-23ca3869a014 f9d0012c80a44f34981be525aa95de34 31c8531259d447fa8358eb34b21b7e43 - - default default] 10.0.0.34 "GET /v2.0/agents?binary=ovn-controller HTTP/1.1" status: 200 len: 591 time: 0.0237296
2026-07-08 06:10:59.845 9 INFO neutron.wsgi [None req-3355a3ba-e85d-4350-a969-1ba8ca746018 f9d0012c80a44f34981be525aa95de34 31c8531259d447fa8358eb34b21b7e43 - - default default] 10.0.0.34 "GET /v2.0/floatingips HTTP/1.1" status: 200 len: 193 time: 0.0181839
2026-07-08 06:10:59.878 9 INFO neutron.wsgi [None req-f1f35081-2ac3-47f5-a266-638b05c87932 f9d0012c80a44f34981be525aa95de34 31c8531259d447fa8358eb34b21b7e43 - - default default] 10.0.0.34 "GET /v2.0/subnets HTTP/1.1" status: 200 len: 1437 time: 0.0316033
2026-07-08 06:10:59.887 9 INFO neutron.wsgi [None req-1199423b-6cc3-4f14-a052-c8ce87c6ead6 f9d0012c80a44f34981be525aa95de34 31c8531259d447fa8358eb34b21b7e43 - - default default] 10.0.0.34 "GET /v2.0/subnetpools HTTP/1.1" status: 200 len: 193 time: 0.0085802
2026-07-08 06:10:59.898 9 INFO neutron.wsgi [None req-ceb2c525-41a4-4e03-ad6d-d50be5ce8275 f9d0012c80a44f34981be525aa95de34 31c8531259d447fa8358eb34b21b7e43 - - default default] 10.0.0.34 "GET /v2.0/agents HTTP/1.1" status: 200 len: 997 time: 0.0092549
2026-07-08 06:10:59.954 9 INFO neutron.wsgi [None req-cb5af1fc-370c-41fb-9c4c-c9d39465d2e8 f9d0012c80a44f34981be525aa95de34 31c8531259d447fa8358eb34b21b7e43 - - default default] 10.0.0.34 "GET /v2.0/networks HTTP/1.1" status: 200 len: 2350 time: 0.0554302
2026-07-08 06:10:59.967 9 INFO neutron.wsgi [None req-8cc8c79e-97c8-418f-86e0-597c1768a90e f9d0012c80a44f34981be525aa95de34 31c8531259d447fa8358eb34b21b7e43 - - default default] 10.0.0.34 "GET /v2.0/network-ip-availabilities HTTP/1.1" status: 200 len: 1280 time: 0.0107818
2026-07-08 06:11:00.010 9 INFO neutron.wsgi [None req-90ab933a-d976-468d-a042-d80503be4b3f f9d0012c80a44f34981be525aa95de34 31c8531259d447fa8358eb34b21b7e43 - - default default] 10.0.0.34 "GET /v2.0/security-groups HTTP/1.1" status: 200 len: 16803 time: 0.0421963
2026-07-08 06:11:08.630 10 INFO neutron.wsgi [-] 10.0.0.203 "GET / HTTP/1.1" status: 200 len: 247 time: 0.0017924
2026-07-08 06:11:08.632 9 INFO neutron.wsgi [-] 10.0.0.203 "GET / HTTP/1.1" status: 200 len: 247 time: 0.0026655
2026-07-08 06:11:23.630 10 INFO neutron.wsgi [-] 10.0.0.203 "GET / HTTP/1.1" status: 200 len: 247 time: 0.0022862
2026-07-08 06:11:23.631 9 INFO neutron.wsgi [-] 10.0.0.203 "GET / HTTP/1.1" status: 200 len: 247 time: 0.0023682
2026-07-08 06:11:38.631 9 INFO neutron.wsgi [-] 10.0.0.203 "GET / HTTP/1.1" status: 200 len: 247 time: 0.0022883
2026-07-08 06:11:38.631 10 INFO neutron.wsgi [-] 10.0.0.203 "GET / HTTP/1.1" status: 200 len: 247 time: 0.0028658
2026-07-08 06:11:53.630 9 INFO neutron.wsgi [-] 10.0.0.203 "GET / HTTP/1.1" status: 200 len: 247 time: 0.0023489
2026-07-08 06:11:53.630 10 INFO neutron.wsgi [-] 10.0.0.203 "GET / HTTP/1.1" status: 200 len: 247 time: 0.0024142
2026-07-08 06:11:55.505 9 INFO neutron.wsgi [None req-a4b0333f-fe1c-4c7e-882d-7033be7dc906 f9d0012c80a44f34981be525aa95de34 31c8531259d447fa8358eb34b21b7e43 - - default default] 199.204.45.89,10.0.0.203 "GET /v2.0/networks HTTP/1.1" status: 200 len: 2350 time: 0.0983109
2026-07-08 06:11:56.652 9 INFO neutron.wsgi [None req-dc20bdda-ab4f-4693-8c5f-9efb3ce7ce15 f9d0012c80a44f34981be525aa95de34 31c8531259d447fa8358eb34b21b7e43 - - default default] 199.204.45.89,10.0.0.203 "GET /v2.0/subnets HTTP/1.1" status: 200 len: 1437 time: 0.0685360
2026-07-08 06:11:56.716 9 INFO neutron.wsgi [None req-294863d7-6e9e-4348-87d0-8a26d909adbd f9d0012c80a44f34981be525aa95de34 31c8531259d447fa8358eb34b21b7e43 - - default default] 199.204.45.89,10.0.0.203 "GET /v2.0/networks HTTP/1.1" status: 200 len: 2350 time: 0.0561247
2026-07-08 06:11:59.765 9 INFO neutron.wsgi [None req-c63aa8ea-fb61-42b5-9cb5-576dca82a678 f9d0012c80a44f34981be525aa95de34 31c8531259d447fa8358eb34b21b7e43 - - default default] 10.0.0.34 "GET /v2.0/networks HTTP/1.1" status: 200 len: 2350 time: 0.1165545
2026-07-08 06:11:59.799 9 INFO neutron.wsgi [None req-847631da-e18e-4558-90f6-bb4957996e62 f9d0012c80a44f34981be525aa95de34 31c8531259d447fa8358eb34b21b7e43 - - default default] 10.0.0.34 "GET /v2.0/subnets HTTP/1.1" status: 200 len: 1437 time: 0.0298305
2026-07-08 06:11:59.808 9 INFO neutron.wsgi [None req-06566272-554e-4ed0-965c-62ddcd5a35a3 f9d0012c80a44f34981be525aa95de34 31c8531259d447fa8358eb34b21b7e43 - - default default] 10.0.0.34 "GET /v2.0/subnetpools HTTP/1.1" status: 200 len: 193 time: 0.0076795
2026-07-08 06:11:59.828 9 INFO neutron.wsgi [None req-0efef00a-e826-477e-9a2b-cb8fc014ac4c f9d0012c80a44f34981be525aa95de34 31c8531259d447fa8358eb34b21b7e43 - - default default] 10.0.0.34 "GET /v2.0/floatingips HTTP/1.1" status: 200 len: 193 time: 0.0191398
2026-07-08 06:11:59.856 9 INFO neutron.wsgi [None req-36437794-81e0-4892-86ce-b8372d300628 f9d0012c80a44f34981be525aa95de34 31c8531259d447fa8358eb34b21b7e43 - - default default] 10.0.0.34 "GET /v2.0/subnets HTTP/1.1" status: 200 len: 1437 time: 0.0267804
