2026-07-08 06:18:44.315 10 INFO neutron.wsgi [None req-8b0c2e90-1333-458a-92b5-dd8e616526f0 b24b2201e82a4aa69abca312c4789a78 b03bd29af57b46f2bfa8d8ccc2bd7550 - - default default] 10.0.0.36 "PUT /v2.0/trunks/d496c308-74c4-4f04-9377-26b664604807/tags/green HTTP/1.1" status: 201 len: 201 time: 0.0325093
2026-07-08 06:18:44.337 9 INFO neutron.wsgi [None req-58a162d2-2e7d-4361-a084-97761c38f0b0 b24b2201e82a4aa69abca312c4789a78 b03bd29af57b46f2bfa8d8ccc2bd7550 - - default default] 10.0.0.36 "GET /v2.0/trunks/d496c308-74c4-4f04-9377-26b664604807/tags HTTP/1.1" status: 200 len: 227 time: 0.0182004
2026-07-08 06:18:44.359 9 INFO neutron.wsgi [None req-27b0d03c-e879-4fd0-9fca-1348c6b2b50e b24b2201e82a4aa69abca312c4789a78 b03bd29af57b46f2bfa8d8ccc2bd7550 - - default default] 10.0.0.36 "PUT /v2.0/trunks/d496c308-74c4-4f04-9377-26b664604807/tags/red HTTP/1.1" status: 201 len: 201 time: 0.0147729
2026-07-08 06:18:44.387 9 INFO neutron.wsgi [None req-d1ab612b-6854-4e46-ace3-1ad8b2f3b094 b24b2201e82a4aa69abca312c4789a78 b03bd29af57b46f2bfa8d8ccc2bd7550 - - default default] 10.0.0.36 "GET /v2.0/trunks/d496c308-74c4-4f04-9377-26b664604807/tags HTTP/1.1" status: 200 len: 227 time: 0.0221441
2026-07-08 06:18:44.419 9 INFO neutron.wsgi [None req-2b10d834-9235-46d0-9f86-cf01cf69a39d b24b2201e82a4aa69abca312c4789a78 b03bd29af57b46f2bfa8d8ccc2bd7550 - - default default] 10.0.0.36 "PUT /v2.0/trunks/d496c308-74c4-4f04-9377-26b664604807/tags/black.or.white HTTP/1.1" status: 201 len: 201 time: 0.0268669
2026-07-08 06:18:44.440 9 INFO neutron.wsgi [None req-dc052d6e-b979-45ac-a70b-b19f5d6d8851 b24b2201e82a4aa69abca312c4789a78 b03bd29af57b46f2bfa8d8ccc2bd7550 - - default default] 10.0.0.36 "GET /v2.0/trunks/d496c308-74c4-4f04-9377-26b664604807/tags HTTP/1.1" status: 200 len: 245 time: 0.0173030
2026-07-08 06:18:44.473 9 INFO neutron.wsgi [None req-a8b18589-82f3-4c4a-af6f-1dcd71c05a8a b24b2201e82a4aa69abca312c4789a78 b03bd29af57b46f2bfa8d8ccc2bd7550 - - default default] 10.0.0.36 "PUT /v2.0/trunks/d496c308-74c4-4f04-9377-26b664604807/tags HTTP/1.1" status: 200 len: 230 time: 0.0290341
2026-07-08 06:18:44.505 9 INFO neutron.wsgi [None req-54e80645-195c-40e2-afe1-136e93c2e4fd b24b2201e82a4aa69abca312c4789a78 b03bd29af57b46f2bfa8d8ccc2bd7550 - - default default] 10.0.0.36 "GET /v2.0/trunks/d496c308-74c4-4f04-9377-26b664604807/tags HTTP/1.1" status: 200 len: 230 time: 0.0195441
2026-07-08 06:18:44.527 9 INFO neutron.wsgi [None req-baa6eaae-d5c3-482b-b3e9-7e56cddbd984 b24b2201e82a4aa69abca312c4789a78 b03bd29af57b46f2bfa8d8ccc2bd7550 - - default default] 10.0.0.36 "GET /v2.0/trunks/d496c308-74c4-4f04-9377-26b664604807/tags/red HTTP/1.1" status: 204 len: 168 time: 0.0169449
2026-07-08 06:18:44.548 9 INFO neutron.api.v2.resource [None req-ae1e73a6-8755-4e26-a8fa-e2d73a901b5f b24b2201e82a4aa69abca312c4789a78 b03bd29af57b46f2bfa8d8ccc2bd7550 - - default default] show failed (client error): The resource could not be found.
2026-07-08 06:18:44.550 9 INFO neutron.wsgi [None req-ae1e73a6-8755-4e26-a8fa-e2d73a901b5f b24b2201e82a4aa69abca312c4789a78 b03bd29af57b46f2bfa8d8ccc2bd7550 - - default default] 10.0.0.36 "GET /v2.0/trunks/d496c308-74c4-4f04-9377-26b664604807/tags/green HTTP/1.1" status: 404 len: 299 time: 0.0161319
2026-07-08 06:18:44.589 9 INFO neutron.wsgi [None req-0495377f-6498-4625-8250-9bca70f09348 b24b2201e82a4aa69abca312c4789a78 b03bd29af57b46f2bfa8d8ccc2bd7550 - - default default] 10.0.0.36 "DELETE /v2.0/trunks/d496c308-74c4-4f04-9377-26b664604807/tags/red HTTP/1.1" status: 204 len: 168 time: 0.0322165
2026-07-08 06:18:44.612 9 INFO neutron.wsgi [None req-c5e4de90-3887-4062-8bdd-ba1714d3ce3e b24b2201e82a4aa69abca312c4789a78 b03bd29af57b46f2bfa8d8ccc2bd7550 - - default default] 10.0.0.36 "GET /v2.0/trunks/d496c308-74c4-4f04-9377-26b664604807/tags HTTP/1.1" status: 200 len: 223 time: 0.0172093
2026-07-08 06:18:44.640 9 INFO neutron.api.v2.resource [None req-353bfa8a-f018-41b4-9eba-7b02af5bea1a b24b2201e82a4aa69abca312c4789a78 b03bd29af57b46f2bfa8d8ccc2bd7550 - - default default] delete failed (client error): The resource could not be found.
2026-07-08 06:18:44.641 9 INFO neutron.wsgi [None req-353bfa8a-f018-41b4-9eba-7b02af5bea1a b24b2201e82a4aa69abca312c4789a78 b03bd29af57b46f2bfa8d8ccc2bd7550 - - default default] 10.0.0.36 "DELETE /v2.0/trunks/d496c308-74c4-4f04-9377-26b664604807/tags/green HTTP/1.1" status: 404 len: 299 time: 0.0187531
2026-07-08 06:18:44.675 9 INFO neutron.wsgi [None req-1084742a-e565-44b8-a9a1-819374470f63 b24b2201e82a4aa69abca312c4789a78 b03bd29af57b46f2bfa8d8ccc2bd7550 - - default default] 10.0.0.36 "DELETE /v2.0/trunks/d496c308-74c4-4f04-9377-26b664604807/tags HTTP/1.1" status: 204 len: 168 time: 0.0299103
2026-07-08 06:18:44.694 9 INFO neutron.wsgi [None req-ba352324-ec5f-4571-a183-d62301d7728a b24b2201e82a4aa69abca312c4789a78 b03bd29af57b46f2bfa8d8ccc2bd7550 - - default default] 10.0.0.36 "GET /v2.0/trunks/d496c308-74c4-4f04-9377-26b664604807/tags HTTP/1.1" status: 200 len: 205 time: 0.0147674
2026-07-08 06:18:44.746 10 INFO neutron.wsgi [None req-be881a2d-ddbc-406a-b4e3-b77b0a7ee01c b24b2201e82a4aa69abca312c4789a78 b03bd29af57b46f2bfa8d8ccc2bd7550 - - default default] 10.0.0.36 "GET /v2.0/trunks/d496c308-74c4-4f04-9377-26b664604807 HTTP/1.1" status: 200 len: 603 time: 0.0384400
2026-07-08 06:18:44.838 9 INFO neutron.wsgi [None req-566d4091-fe6d-4a69-92c0-7a550e177005 b24b2201e82a4aa69abca312c4789a78 b03bd29af57b46f2bfa8d8ccc2bd7550 - - default default] 10.0.0.36 "GET /v2.0/ports/19185880-8522-4655-b6a8-e3c9f1184c07 HTTP/1.1" status: 200 len: 1020 time: 0.0887122
2026-07-08 06:18:44.860 10 INFO neutron.wsgi [None req-5602b0cb-fe06-4982-a385-1129c6f90621 95e6d6c0c8494962b2a6978cfd0d2436 065881227c174c50bc4efcf1be6a6e8c - - default default] 10.0.0.36 "DELETE /v2.0/networks/66b65c40-2a53-41f5-b1a7-b761e4a01c59 HTTP/1.1" status: 204 len: 168 time: 0.6142960
2026-07-08 06:18:45.096 9 INFO neutron.wsgi [None req-2bd1d16e-0631-4ba6-82cf-8f8a2c27c974 b24b2201e82a4aa69abca312c4789a78 b03bd29af57b46f2bfa8d8ccc2bd7550 - - default default] 10.0.0.36 "DELETE /v2.0/trunks/d496c308-74c4-4f04-9377-26b664604807 HTTP/1.1" status: 204 len: 168 time: 0.2521758
2026-07-08 06:18:45.394 9 INFO neutron.wsgi [None req-4b9d4fca-8c3d-4743-8f95-1b471aa63d67 b24b2201e82a4aa69abca312c4789a78 b03bd29af57b46f2bfa8d8ccc2bd7550 - - default default] 10.0.0.36 "DELETE /v2.0/ports/19185880-8522-4655-b6a8-e3c9f1184c07 HTTP/1.1" status: 204 len: 168 time: 0.2931507
2026-07-08 06:18:45.452 9 INFO neutron.services.segments.plugin [-] Segment 7d7c1cb9-1872-4483-9c7f-3299ab9cd74a resource provider aggregate not found
2026-07-08 06:18:45.458 9 INFO neutron.services.segments.plugin [-] Segment 7d7c1cb9-1872-4483-9c7f-3299ab9cd74a resource provider aggregate not found
2026-07-08 06:18:45.470 9 INFO neutron.services.segments.plugin [-] Segment 7d7c1cb9-1872-4483-9c7f-3299ab9cd74a resource provider not found; error: Placement Client Error (4xx): {"errors": [{"status": 404, "title": "Not Found", "detail": "The resource could not be found.\n\n No resource provider with uuid 7d7c1cb9-1872-4483-9c7f-3299ab9cd74a found for delete ", "request_id": "req-9f68f531-8f92-4704-8d7f-7dc67587c900"}]}
2026-07-08 06:18:45.471 9 INFO neutron.services.segments.plugin [-] Segment 7d7c1cb9-1872-4483-9c7f-3299ab9cd74a resource provider not found; error: Placement Client Error (4xx): {"errors": [{"status": 404, "title": "Not Found", "detail": "The resource could not be found.\n\n No resource provider with uuid 7d7c1cb9-1872-4483-9c7f-3299ab9cd74a found for delete ", "request_id": "req-6e7ae971-a34d-4f7e-8949-889f4de1b173"}]}
2026-07-08 06:18:45.493 9 INFO neutron.wsgi [None req-f4517e86-0347-401e-8a7e-9be84691b0a6 95e6d6c0c8494962b2a6978cfd0d2436 065881227c174c50bc4efcf1be6a6e8c - - default default] 10.0.0.36 "DELETE /v2.0/networks/4828415c-45da-46d1-ab7f-298e228be180 HTTP/1.1" status: 204 len: 168 time: 0.6265905
2026-07-08 06:18:45.863 10 INFO neutron.wsgi [None req-b3a18e88-b760-4425-b009-ffa8157da3d1 b24b2201e82a4aa69abca312c4789a78 b03bd29af57b46f2bfa8d8ccc2bd7550 - - default default] 10.0.0.36 "DELETE /v2.0/networks/fb3c04ce-4747-4bd9-ab66-e95c114268c5 HTTP/1.1" status: 204 len: 168 time: 0.4629698
2026-07-08 06:18:45.890 10 INFO neutron.services.segments.plugin [-] Segment fddee003-2971-4049-91db-f0e517b6b585 resource provider aggregate not found
2026-07-08 06:18:45.899 10 INFO neutron.services.segments.plugin [-] Segment fddee003-2971-4049-91db-f0e517b6b585 resource provider aggregate not found
2026-07-08 06:18:45.914 10 INFO neutron.services.segments.plugin [-] Segment fddee003-2971-4049-91db-f0e517b6b585 resource provider not found; error: Placement Client Error (4xx): {"errors": [{"status": 404, "title": "Not Found", "detail": "The resource could not be found.\n\n No resource provider with uuid fddee003-2971-4049-91db-f0e517b6b585 found for delete ", "request_id": "req-7cb466cb-aab8-4e19-8ee4-7692763af991"}]}
2026-07-08 06:18:45.920 10 INFO neutron.services.segments.plugin [-] Segment fddee003-2971-4049-91db-f0e517b6b585 resource provider not found; error: Placement Client Error (4xx): {"errors": [{"status": 404, "title": "Not Found", "detail": "The resource could not be found.\n\n No resource provider with uuid fddee003-2971-4049-91db-f0e517b6b585 found for delete ", "request_id": "req-847e6f45-8b6c-43e8-b72e-80effc455ac9"}]}
2026-07-08 06:18:45.932 10 INFO neutron.services.segments.plugin [-] Segment d3f6e6c2-4625-44b3-b355-6f2872871caf resource provider aggregate not found
2026-07-08 06:18:45.936 10 INFO neutron.services.segments.plugin [-] Segment d3f6e6c2-4625-44b3-b355-6f2872871caf resource provider aggregate not found
2026-07-08 06:18:45.949 10 INFO neutron.services.segments.plugin [-] Segment d3f6e6c2-4625-44b3-b355-6f2872871caf resource provider not found; error: Placement Client Error (4xx): {"errors": [{"status": 404, "title": "Not Found", "detail": "The resource could not be found.\n\n No resource provider with uuid d3f6e6c2-4625-44b3-b355-6f2872871caf found for delete ", "request_id": "req-5ef58698-a251-4030-9cad-ee165ce2ebc0"}]}
2026-07-08 06:18:45.957 10 INFO neutron.services.segments.plugin [-] Segment d3f6e6c2-4625-44b3-b355-6f2872871caf resource provider not found; error: Placement Client Error (4xx): {"errors": [{"status": 404, "title": "Not Found", "detail": "The resource could not be found.\n\n No resource provider with uuid d3f6e6c2-4625-44b3-b355-6f2872871caf found for delete ", "request_id": "req-8e4aacbe-99c1-4dcd-8450-df050ead6508"}]}
2026-07-08 06:18:45.972 10 INFO neutron.services.segments.plugin [-] Segment 47369a9d-c1b0-469a-a587-f0d6d45cd849 resource provider aggregate not found
2026-07-08 06:18:45.977 10 INFO neutron.services.segments.plugin [-] Segment 47369a9d-c1b0-469a-a587-f0d6d45cd849 resource provider aggregate not found
2026-07-08 06:18:45.993 10 INFO neutron.services.segments.plugin [-] Segment 47369a9d-c1b0-469a-a587-f0d6d45cd849 resource provider not found; error: Placement Client Error (4xx): {"errors": [{"status": 404, "title": "Not Found", "detail": "The resource could not be found.\n\n No resource provider with uuid 47369a9d-c1b0-469a-a587-f0d6d45cd849 found for delete ", "request_id": "req-866464a4-6914-4c54-aac5-276c33a9d15f"}]}
2026-07-08 06:18:46.003 10 INFO neutron.services.segments.plugin [-] Segment 47369a9d-c1b0-469a-a587-f0d6d45cd849 resource provider not found; error: Placement Client Error (4xx): {"errors": [{"status": 404, "title": "Not Found", "detail": "The resource could not be found.\n\n No resource provider with uuid 47369a9d-c1b0-469a-a587-f0d6d45cd849 found for delete ", "request_id": "req-ed9e6441-bdd2-431d-8d01-e76a481cc6a5"}]}
2026-07-08 06:18:46.026 10 INFO neutron.wsgi [None req-05536311-a94f-4329-b8a0-e775c82db35a 95e6d6c0c8494962b2a6978cfd0d2436 065881227c174c50bc4efcf1be6a6e8c - - default default] 10.0.0.36 "DELETE /v2.0/networks/d8987343-2fbc-495b-97a5-d0d77884a617 HTTP/1.1" status: 204 len: 168 time: 0.5262635
2026-07-08 06:18:46.698 9 INFO neutron.wsgi [None req-dd705cdb-fc2a-4ddc-acbb-509528d17182 f9d0012c80a44f34981be525aa95de34 31c8531259d447fa8358eb34b21b7e43 - - default default] 10.0.0.36 "GET /v2.0/security-groups?tenant_id=b03bd29af57b46f2bfa8d8ccc2bd7550&name=default HTTP/1.1" status: 200 len: 2996 time: 0.2216077
2026-07-08 06:18:46.893 9 INFO neutron.wsgi [None req-bbd724c2-2fc7-4071-80fa-422ed0d2e307 f9d0012c80a44f34981be525aa95de34 31c8531259d447fa8358eb34b21b7e43 - - default default] 10.0.0.36 "DELETE /v2.0/security-groups/22904724-8f44-4b40-9d06-c5358f8ce16d HTTP/1.1" status: 204 len: 168 time: 0.1900582
2026-07-08 06:18:47.007 10 INFO neutron.db.ovn_revision_numbers_db [None req-75f5c9e3-d819-4220-ad05-4d5ad3c7dda2 f9d0012c80a44f34981be525aa95de34 31c8531259d447fa8358eb34b21b7e43 - - default default] Successfully bumped revision number for resource aa56cd95-92ca-46a7-b720-8a0a69a8effd (type: security_groups) to 1
2026-07-08 06:18:47.035 10 INFO neutron.db.ovn_revision_numbers_db [None req-75f5c9e3-d819-4220-ad05-4d5ad3c7dda2 f9d0012c80a44f34981be525aa95de34 31c8531259d447fa8358eb34b21b7e43 - - default default] Successfully bumped revision number for resource c12ad447-46ca-4b50-a4b6-d7f216ddf54b (type: security_group_rules) to 0
2026-07-08 06:18:47.051 10 INFO neutron.db.ovn_revision_numbers_db [None req-75f5c9e3-d819-4220-ad05-4d5ad3c7dda2 f9d0012c80a44f34981be525aa95de34 31c8531259d447fa8358eb34b21b7e43 - - default default] Successfully bumped revision number for resource d60702fa-b976-4123-85f4-3a3b92b7dbe2 (type: security_group_rules) to 0
2026-07-08 06:18:47.070 10 INFO neutron.db.ovn_revision_numbers_db [None req-75f5c9e3-d819-4220-ad05-4d5ad3c7dda2 f9d0012c80a44f34981be525aa95de34 31c8531259d447fa8358eb34b21b7e43 - - default default] Successfully bumped revision number for resource f5e8da74-c92d-4dd5-b23f-ddc88b999ffb (type: security_group_rules) to 0
2026-07-08 06:18:47.088 10 INFO neutron.db.ovn_revision_numbers_db [None req-75f5c9e3-d819-4220-ad05-4d5ad3c7dda2 f9d0012c80a44f34981be525aa95de34 31c8531259d447fa8358eb34b21b7e43 - - default default] Successfully bumped revision number for resource fcf38af7-6d47-40d0-a9b2-53c49507a464 (type: security_group_rules) to 0
2026-07-08 06:18:47.118 10 INFO neutron.wsgi [None req-75f5c9e3-d819-4220-ad05-4d5ad3c7dda2 f9d0012c80a44f34981be525aa95de34 31c8531259d447fa8358eb34b21b7e43 - - default default] 10.0.0.36 "GET /v2.0/security-groups?tenant_id=8a9d496c7c3544a988c18b37045c09bf&name=default HTTP/1.1" status: 200 len: 2996 time: 0.2740128
2026-07-08 06:18:47.152 10 INFO neutron.db.ovn_revision_numbers_db [None req-79220721-38c5-4125-b24b-a458dd334485 f9d0012c80a44f34981be525aa95de34 31c8531259d447fa8358eb34b21b7e43 - - default default] Successfully bumped revision number for resource bab247d3-0351-4368-92c0-2b0b1b40d345 (type: security_groups) to 1
2026-07-08 06:18:47.174 10 INFO neutron.db.ovn_revision_numbers_db [None req-79220721-38c5-4125-b24b-a458dd334485 f9d0012c80a44f34981be525aa95de34 31c8531259d447fa8358eb34b21b7e43 - - default default] Successfully bumped revision number for resource 5c94c164-2160-46de-820a-2fe64797112e (type: security_group_rules) to 0
2026-07-08 06:18:47.180 9 INFO neutron.wsgi [None req-71f578e5-5bbf-4ae7-8a3a-478a05dac033 258e3983cfa44a8499e817970cd393e3 da33b5a63c034e1eb9cc99b3d71420a5 - - default default] 10.0.0.36 "POST /v2.0/qos/policies HTTP/1.1" status: 201 len: 558 time: 0.2280047
2026-07-08 06:18:47.195 10 INFO neutron.db.ovn_revision_numbers_db [None req-79220721-38c5-4125-b24b-a458dd334485 f9d0012c80a44f34981be525aa95de34 31c8531259d447fa8358eb34b21b7e43 - - default default] Successfully bumped revision number for resource e96cb8aa-10be-41f3-a616-2dd200134964 (type: security_group_rules) to 0
2026-07-08 06:18:47.219 10 INFO neutron.db.ovn_revision_numbers_db [None req-79220721-38c5-4125-b24b-a458dd334485 f9d0012c80a44f34981be525aa95de34 31c8531259d447fa8358eb34b21b7e43 - - default default] Successfully bumped revision number for resource ea901ec9-6cb8-4cc8-b9c0-852908598f7a (type: security_group_rules) to 0
2026-07-08 06:18:47.225 9 INFO neutron.wsgi [None req-f28afb1c-6681-47be-92a7-2e5f122475df 258e3983cfa44a8499e817970cd393e3 da33b5a63c034e1eb9cc99b3d71420a5 - - default default] 10.0.0.36 "POST /v2.0/qos/policies HTTP/1.1" status: 201 len: 558 time: 0.0388358
2026-07-08 06:18:47.245 10 INFO neutron.db.ovn_revision_numbers_db [None req-79220721-38c5-4125-b24b-a458dd334485 f9d0012c80a44f34981be525aa95de34 31c8531259d447fa8358eb34b21b7e43 - - default default] Successfully bumped revision number for resource ef855bb0-2070-4a85-9e10-2ea77c62e429 (type: security_group_rules) to 0
2026-07-08 06:18:47.271 10 INFO neutron.wsgi [None req-79220721-38c5-4125-b24b-a458dd334485 f9d0012c80a44f34981be525aa95de34 31c8531259d447fa8358eb34b21b7e43 - - default default] 10.0.0.36 "GET /v2.0/security-groups?tenant_id=d673a6df49b94c26a4b254b8fef5d9ab&name=default HTTP/1.1" status: 200 len: 2996 time: 0.2725959
2026-07-08 06:18:47.285 9 INFO neutron.wsgi [None req-44a984bd-d517-4f88-b1d5-a2f844c823fe 258e3983cfa44a8499e817970cd393e3 da33b5a63c034e1eb9cc99b3d71420a5 - - default default] 10.0.0.36 "POST /v2.0/qos/policies HTTP/1.1" status: 201 len: 558 time: 0.0551047
2026-07-08 06:18:47.335 9 INFO neutron.wsgi [None req-29da3562-3c1f-4a40-b9e6-f4ff60d433a6 258e3983cfa44a8499e817970cd393e3 da33b5a63c034e1eb9cc99b3d71420a5 - - default default] 10.0.0.36 "POST /v2.0/qos/policies HTTP/1.1" status: 201 len: 558 time: 0.0447514
2026-07-08 06:18:47.389 9 INFO neutron.wsgi [None req-872d7715-c08c-4a8a-801b-e516f0a925d6 258e3983cfa44a8499e817970cd393e3 da33b5a63c034e1eb9cc99b3d71420a5 - - default default] 10.0.0.36 "POST /v2.0/qos/policies HTTP/1.1" status: 201 len: 558 time: 0.0484958
2026-07-08 06:18:47.420 9 INFO neutron.wsgi [None req-b1753656-eb70-43e4-bb39-4bccc7035e71 258e3983cfa44a8499e817970cd393e3 da33b5a63c034e1eb9cc99b3d71420a5 - - default default] 10.0.0.36 "PUT /v2.0/policies/86377aaf-3809-4917-8db0-13464522b7f7/tags HTTP/1.1" status: 200 len: 210 time: 0.0253537
2026-07-08 06:18:47.424 10 INFO neutron.wsgi [None req-61b33c82-22d5-4ec7-b7e1-9cd72da11000 f9d0012c80a44f34981be525aa95de34 31c8531259d447fa8358eb34b21b7e43 - - default default] 10.0.0.36 "DELETE /v2.0/security-groups/aa56cd95-92ca-46a7-b720-8a0a69a8effd HTTP/1.1" status: 204 len: 168 time: 0.3001480
2026-07-08 06:18:47.449 9 INFO neutron.wsgi [None req-0d5a4bfc-2a64-4fa3-8e89-ebe38555ed6c 258e3983cfa44a8499e817970cd393e3 da33b5a63c034e1eb9cc99b3d71420a5 - - default default] 10.0.0.36 "PUT /v2.0/policies/0322b1b3-6c9c-45a2-9b26-b95c92c74296/tags HTTP/1.1" status: 200 len: 218 time: 0.0249560
2026-07-08 06:18:47.480 9 INFO neutron.wsgi [None req-bcb7dabc-6fd3-4f8d-a830-2c608156b57f 258e3983cfa44a8499e817970cd393e3 da33b5a63c034e1eb9cc99b3d71420a5 - - default default] 10.0.0.36 "PUT /v2.0/policies/d8bd1101-cbe7-4f55-93dd-bd6325ea00f5/tags HTTP/1.1" status: 200 len: 227 time: 0.0257521
2026-07-08 06:18:47.504 9 INFO neutron.wsgi [None req-9c673500-2c71-490e-a677-1b9f2df26214 258e3983cfa44a8499e817970cd393e3 da33b5a63c034e1eb9cc99b3d71420a5 - - default default] 10.0.0.36 "PUT /v2.0/policies/914b147c-e170-4bce-ae31-1902007c29ce/tags HTTP/1.1" status: 200 len: 212 time: 0.0201967
2026-07-08 06:18:47.528 10 INFO neutron.wsgi [None req-95f18439-04cc-468f-9ca6-2e06237c31c7 f9d0012c80a44f34981be525aa95de34 31c8531259d447fa8358eb34b21b7e43 - - default default] 10.0.0.36 "DELETE /v2.0/security-groups/bab247d3-0351-4368-92c0-2b0b1b40d345 HTTP/1.1" status: 204 len: 168 time: 0.2506762
2026-07-08 06:18:47.684 10 INFO neutron.db.ovn_revision_numbers_db [None req-ad0294d9-e961-45d2-b678-94e095c33158 f9d0012c80a44f34981be525aa95de34 31c8531259d447fa8358eb34b21b7e43 - - default default] Successfully bumped revision number for resource 699ffb36-e853-4c8b-8be6-8e47a983760b (type: security_groups) to 1
2026-07-08 06:18:47.701 10 INFO neutron.db.ovn_revision_numbers_db [None req-ad0294d9-e961-45d2-b678-94e095c33158 f9d0012c80a44f34981be525aa95de34 31c8531259d447fa8358eb34b21b7e43 - - default default] Successfully bumped revision number for resource 6a780491-5aa0-4fcd-b483-eab3a8b23bdf (type: security_group_rules) to 0
2026-07-08 06:18:47.722 10 INFO neutron.db.ovn_revision_numbers_db [None req-ad0294d9-e961-45d2-b678-94e095c33158 f9d0012c80a44f34981be525aa95de34 31c8531259d447fa8358eb34b21b7e43 - - default default] Successfully bumped revision number for resource 90c6e515-5603-4e5b-a9e0-5d5ec252d36e (type: security_group_rules) to 0
2026-07-08 06:18:47.737 10 INFO neutron.db.ovn_revision_numbers_db [None req-ad0294d9-e961-45d2-b678-94e095c33158 f9d0012c80a44f34981be525aa95de34 31c8531259d447fa8358eb34b21b7e43 - - default default] Successfully bumped revision number for resource 9e13a072-3e6d-4b54-bbc8-fc04cd03f21e (type: security_group_rules) to 0
2026-07-08 06:18:47.753 10 INFO neutron.db.ovn_revision_numbers_db [None req-ad0294d9-e961-45d2-b678-94e095c33158 f9d0012c80a44f34981be525aa95de34 31c8531259d447fa8358eb34b21b7e43 - - default default] Successfully bumped revision number for resource f2acd438-13bb-4aec-80ed-3b12b066750b (type: security_group_rules) to 0
2026-07-08 06:18:47.771 10 INFO neutron.wsgi [None req-ad0294d9-e961-45d2-b678-94e095c33158 f9d0012c80a44f34981be525aa95de34 31c8531259d447fa8358eb34b21b7e43 - - default default] 10.0.0.36 "GET /v2.0/security-groups?tenant_id=e3036d681b304c53a24af9c0ff8eddc6&name=default HTTP/1.1" status: 200 len: 2996 time: 0.1980870
2026-07-08 06:18:47.971 9 INFO neutron.wsgi [None req-664c83f0-25fa-4e0a-b77f-fd21a2b62588 f9d0012c80a44f34981be525aa95de34 31c8531259d447fa8358eb34b21b7e43 - - default default] 10.0.0.36 "DELETE /v2.0/security-groups/699ffb36-e853-4c8b-8be6-8e47a983760b HTTP/1.1" status: 204 len: 168 time: 0.1932151
2026-07-08 06:18:48.014 10 INFO neutron.services.segments.plugin [-] Segment e22e0be4-91bb-41da-a123-2a94de532052 resource provider aggregate not found
2026-07-08 06:18:48.027 10 INFO neutron.services.segments.plugin [-] Segment e22e0be4-91bb-41da-a123-2a94de532052 resource provider aggregate not found
2026-07-08 06:18:48.036 10 INFO neutron.services.segments.plugin [-] Segment e22e0be4-91bb-41da-a123-2a94de532052 resource provider not found; error: Placement Client Error (4xx): {"errors": [{"status": 404, "title": "Not Found", "detail": "The resource could not be found.\n\n No resource provider with uuid e22e0be4-91bb-41da-a123-2a94de532052 found for delete ", "request_id": "req-ed4cd566-0a94-43c9-9e6c-597863985ec0"}]}
2026-07-08 06:18:48.045 10 INFO neutron.services.segments.plugin [-] Segment e22e0be4-91bb-41da-a123-2a94de532052 resource provider not found; error: Placement Client Error (4xx): {"errors": [{"status": 404, "title": "Not Found", "detail": "The resource could not be found.\n\n No resource provider with uuid e22e0be4-91bb-41da-a123-2a94de532052 found for delete ", "request_id": "req-7e1d8955-e474-4946-b5b5-8ae9d34647d9"}]}
2026-07-08 06:18:48.102 10 INFO neutron.wsgi [None req-f34f557f-efc9-4469-8e88-886c5c28c529 060b21e7c90f4d92b25ec8534670b6e6 7d7d646e28e74873978a97efa42c976a - - default default] 10.0.0.36 "GET /v2.0/qos/policies?tags=red HTTP/1.1" status: 200 len: 1296 time: 0.2155409
2026-07-08 06:18:48.153 10 INFO neutron.wsgi [None req-8aa503ed-ce40-49e4-9c89-feefe9e508ba f9d0012c80a44f34981be525aa95de34 31c8531259d447fa8358eb34b21b7e43 - - default default] 10.0.0.36 "GET /v2.0/security-groups?tenant_id=065881227c174c50bc4efcf1be6a6e8c&name=default HTTP/1.1" status: 200 len: 2996 time: 0.0284925
2026-07-08 06:18:48.163 10 INFO neutron.wsgi [None req-8cbca3bd-0ba9-4f5a-93e8-920d317100e7 060b21e7c90f4d92b25ec8534670b6e6 7d7d646e28e74873978a97efa42c976a - - default default] 10.0.0.36 "GET /v2.0/qos/policies?tags=red%2Cblue HTTP/1.1" status: 200 len: 941 time: 0.0564408
2026-07-08 06:18:48.219 10 INFO neutron.wsgi [None req-fbb2d24d-1604-42fb-acd5-93b20e820dc1 060b21e7c90f4d92b25ec8534670b6e6 7d7d646e28e74873978a97efa42c976a - - default default] 10.0.0.36 "GET /v2.0/qos/policies?tags-any=blue HTTP/1.1" status: 200 len: 941 time: 0.0500810
2026-07-08 06:18:48.305 10 INFO neutron.wsgi [None req-5bfee3aa-9c99-41a1-85fb-42eb2af6cc88 060b21e7c90f4d92b25ec8534670b6e6 7d7d646e28e74873978a97efa42c976a - - default default] 10.0.0.36 "GET /v2.0/qos/policies?tags-any=red%2Cblue HTTP/1.1" status: 200 len: 1296 time: 0.0772836
2026-07-08 06:18:48.346 9 INFO neutron.wsgi [None req-ed259e0e-3897-489b-bbbe-987db84b139e f9d0012c80a44f34981be525aa95de34 31c8531259d447fa8358eb34b21b7e43 - - default default] 10.0.0.36 "DELETE /v2.0/security-groups/51014292-b8d4-4d56-843f-c90919c5f1a7 HTTP/1.1" status: 204 len: 168 time: 0.1895890
2026-07-08 06:18:48.374 10 INFO neutron.wsgi [None req-e70cc471-3ca2-4270-a39a-7f78df4001f5 060b21e7c90f4d92b25ec8534670b6e6 7d7d646e28e74873978a97efa42c976a - - default default] 10.0.0.36 "GET /v2.0/qos/policies?not-tags=red HTTP/1.1" status: 200 len: 913 time: 0.0620952
2026-07-08 06:18:48.459 9 INFO neutron.wsgi [None req-08374f9c-d687-4733-853d-a4677265af6d 060b21e7c90f4d92b25ec8534670b6e6 7d7d646e28e74873978a97efa42c976a - - default default] 10.0.0.36 "GET /v2.0/qos/policies?not-tags=red%2Cblue HTTP/1.1" status: 200 len: 1268 time: 0.0768490
2026-07-08 06:18:48.543 9 INFO neutron.wsgi [None req-77a13c32-d6a8-486c-9225-e8e7d073952a 060b21e7c90f4d92b25ec8534670b6e6 7d7d646e28e74873978a97efa42c976a - - default default] 10.0.0.36 "GET /v2.0/qos/policies?not-tags-any=blue HTTP/1.1" status: 200 len: 1268 time: 0.0784142
2026-07-08 06:18:48.599 9 INFO neutron.wsgi [None req-e90644b6-d8aa-45fc-819b-7de20adbd7f4 060b21e7c90f4d92b25ec8534670b6e6 7d7d646e28e74873978a97efa42c976a - - default default] 10.0.0.36 "GET /v2.0/qos/policies?not-tags-any=red%2Cblue HTTP/1.1" status: 200 len: 913 time: 0.0509725
2026-07-08 06:18:48.661 9 INFO neutron.wsgi [None req-c5cd44df-e455-437e-a76d-49a09f955ac9 258e3983cfa44a8499e817970cd393e3 da33b5a63c034e1eb9cc99b3d71420a5 - - default default] 10.0.0.36 "DELETE /v2.0/qos/policies/86377aaf-3809-4917-8db0-13464522b7f7 HTTP/1.1" status: 204 len: 168 time: 0.0554202
2026-07-08 06:18:48.717 9 INFO neutron.wsgi [None req-39cb90d7-8d7d-4188-a198-2e056570cb62 258e3983cfa44a8499e817970cd393e3 da33b5a63c034e1eb9cc99b3d71420a5 - - default default] 10.0.0.36 "DELETE /v2.0/qos/policies/0322b1b3-6c9c-45a2-9b26-b95c92c74296 HTTP/1.1" status: 204 len: 168 time: 0.0518205
2026-07-08 06:18:48.789 9 INFO neutron.wsgi [None req-7532be9a-7923-4221-90b4-fc90b6a57a58 258e3983cfa44a8499e817970cd393e3 da33b5a63c034e1eb9cc99b3d71420a5 - - default default] 10.0.0.36 "DELETE /v2.0/qos/policies/d8bd1101-cbe7-4f55-93dd-bd6325ea00f5 HTTP/1.1" status: 204 len: 168 time: 0.0641921
2026-07-08 06:18:48.858 9 INFO neutron.wsgi [None req-ca73912f-bbb7-4db1-8d54-6dc21f469a44 258e3983cfa44a8499e817970cd393e3 da33b5a63c034e1eb9cc99b3d71420a5 - - default default] 10.0.0.36 "DELETE /v2.0/qos/policies/914b147c-e170-4bce-ae31-1902007c29ce HTTP/1.1" status: 204 len: 168 time: 0.0634615
2026-07-08 06:18:48.916 9 INFO neutron.wsgi [None req-ad5e4fb7-ec32-40a0-bcc0-94209af439ce 258e3983cfa44a8499e817970cd393e3 da33b5a63c034e1eb9cc99b3d71420a5 - - default default] 10.0.0.36 "DELETE /v2.0/qos/policies/3a5db888-a44b-46a7-b6c7-734183ef48cd HTTP/1.1" status: 204 len: 168 time: 0.0516593
2026-07-08 06:18:50.066 10 INFO neutron.db.ovn_revision_numbers_db [None req-91aa1529-f069-4a68-b47e-44aa2654f90e f9d0012c80a44f34981be525aa95de34 31c8531259d447fa8358eb34b21b7e43 - - default default] Successfully bumped revision number for resource 2c86359d-d39a-4ce9-bad2-9fcbf749f5ad (type: security_groups) to 1
2026-07-08 06:18:50.083 10 INFO neutron.db.ovn_revision_numbers_db [None req-91aa1529-f069-4a68-b47e-44aa2654f90e f9d0012c80a44f34981be525aa95de34 31c8531259d447fa8358eb34b21b7e43 - - default default] Successfully bumped revision number for resource 11420e09-378a-45f5-976b-3e3f045f895c (type: security_group_rules) to 0
2026-07-08 06:18:50.102 10 INFO neutron.db.ovn_revision_numbers_db [None req-91aa1529-f069-4a68-b47e-44aa2654f90e f9d0012c80a44f34981be525aa95de34 31c8531259d447fa8358eb34b21b7e43 - - default default] Successfully bumped revision number for resource 54c0bdbd-9cf1-4499-8a47-0c2004947df7 (type: security_group_rules) to 0
2026-07-08 06:18:50.122 10 INFO neutron.db.ovn_revision_numbers_db [None req-91aa1529-f069-4a68-b47e-44aa2654f90e f9d0012c80a44f34981be525aa95de34 31c8531259d447fa8358eb34b21b7e43 - - default default] Successfully bumped revision number for resource 658df1b1-1236-4cf3-bb65-cd8e02e8cd3a (type: security_group_rules) to 0
2026-07-08 06:18:50.138 10 INFO neutron.db.ovn_revision_numbers_db [None req-91aa1529-f069-4a68-b47e-44aa2654f90e f9d0012c80a44f34981be525aa95de34 31c8531259d447fa8358eb34b21b7e43 - - default default] Successfully bumped revision number for resource e1998eef-9348-47eb-8865-0a16b78dd206 (type: security_group_rules) to 0
2026-07-08 06:18:50.163 10 INFO neutron.wsgi [None req-91aa1529-f069-4a68-b47e-44aa2654f90e f9d0012c80a44f34981be525aa95de34 31c8531259d447fa8358eb34b21b7e43 - - default default] 10.0.0.36 "GET /v2.0/security-groups?tenant_id=da33b5a63c034e1eb9cc99b3d71420a5&name=default HTTP/1.1" status: 200 len: 2996 time: 0.3276927
2026-07-08 06:18:50.388 10 INFO neutron.wsgi [None req-6f8535c1-6138-491d-a042-de0b2c2c490f f9d0012c80a44f34981be525aa95de34 31c8531259d447fa8358eb34b21b7e43 - - default default] 10.0.0.36 "DELETE /v2.0/security-groups/2c86359d-d39a-4ce9-bad2-9fcbf749f5ad HTTP/1.1" status: 204 len: 168 time: 0.2219839
2026-07-08 06:18:50.602 9 INFO neutron.db.ovn_revision_numbers_db [None req-dea60572-2fe3-4faf-b365-409124bda94d f9d0012c80a44f34981be525aa95de34 31c8531259d447fa8358eb34b21b7e43 - - default default] Successfully bumped revision number for resource 0f8b272d-b8d6-4fd3-9ee6-2beda0acd05c (type: security_groups) to 1
2026-07-08 06:18:50.618 9 INFO neutron.db.ovn_revision_numbers_db [None req-dea60572-2fe3-4faf-b365-409124bda94d f9d0012c80a44f34981be525aa95de34 31c8531259d447fa8358eb34b21b7e43 - - default default] Successfully bumped revision number for resource 000f5a65-bdcc-4a52-809c-a42327d0347b (type: security_group_rules) to 0
2026-07-08 06:18:50.631 9 INFO neutron.db.ovn_revision_numbers_db [None req-dea60572-2fe3-4faf-b365-409124bda94d f9d0012c80a44f34981be525aa95de34 31c8531259d447fa8358eb34b21b7e43 - - default default] Successfully bumped revision number for resource a9e2d3c2-6de2-4395-98b7-c9c70716eaf0 (type: security_group_rules) to 0
2026-07-08 06:18:50.643 9 INFO neutron.db.ovn_revision_numbers_db [None req-dea60572-2fe3-4faf-b365-409124bda94d f9d0012c80a44f34981be525aa95de34 31c8531259d447fa8358eb34b21b7e43 - - default default] Successfully bumped revision number for resource aa9f4c1b-01cd-4ba2-b819-75c5c3aac15f (type: security_group_rules) to 0
2026-07-08 06:18:50.656 9 INFO neutron.db.ovn_revision_numbers_db [None req-dea60572-2fe3-4faf-b365-409124bda94d f9d0012c80a44f34981be525aa95de34 31c8531259d447fa8358eb34b21b7e43 - - default default] Successfully bumped revision number for resource fe10ec45-0551-44c3-9a95-3ebc29d69670 (type: security_group_rules) to 0
2026-07-08 06:18:50.679 9 INFO neutron.wsgi [None req-dea60572-2fe3-4faf-b365-409124bda94d f9d0012c80a44f34981be525aa95de34 31c8531259d447fa8358eb34b21b7e43 - - default default] 10.0.0.36 "GET /v2.0/security-groups?tenant_id=7d7d646e28e74873978a97efa42c976a&name=default HTTP/1.1" status: 200 len: 2996 time: 0.1912651
2026-07-08 06:18:50.881 9 INFO neutron.wsgi [None req-727b82e9-12b8-41ae-85c6-5d9a6049e193 f9d0012c80a44f34981be525aa95de34 31c8531259d447fa8358eb34b21b7e43 - - default default] 10.0.0.36 "DELETE /v2.0/security-groups/0f8b272d-b8d6-4fd3-9ee6-2beda0acd05c HTTP/1.1" status: 204 len: 168 time: 0.1959972
2026-07-08 06:18:51.075 10 INFO neutron.db.ovn_revision_numbers_db [None req-d01a42d8-b8cb-4478-ac16-81cb0f8ae328 f9d0012c80a44f34981be525aa95de34 31c8531259d447fa8358eb34b21b7e43 - - default default] Successfully bumped revision number for resource 203960b9-0192-48c3-85ec-ffd03acdbdc9 (type: security_groups) to 1
2026-07-08 06:18:51.091 10 INFO neutron.db.ovn_revision_numbers_db [None req-d01a42d8-b8cb-4478-ac16-81cb0f8ae328 f9d0012c80a44f34981be525aa95de34 31c8531259d447fa8358eb34b21b7e43 - - default default] Successfully bumped revision number for resource 0c48bb73-b802-4d96-84ae-2562bb6d443f (type: security_group_rules) to 0
2026-07-08 06:18:51.103 10 INFO neutron.db.ovn_revision_numbers_db [None req-d01a42d8-b8cb-4478-ac16-81cb0f8ae328 f9d0012c80a44f34981be525aa95de34 31c8531259d447fa8358eb34b21b7e43 - - default default] Successfully bumped revision number for resource 4b6499a0-8adc-4e68-8d19-653bcd70f959 (type: security_group_rules) to 0
2026-07-08 06:18:51.120 10 INFO neutron.db.ovn_revision_numbers_db [None req-d01a42d8-b8cb-4478-ac16-81cb0f8ae328 f9d0012c80a44f34981be525aa95de34 31c8531259d447fa8358eb34b21b7e43 - - default default] Successfully bumped revision number for resource df43980d-f515-4d67-b5ae-2df6f4d02c10 (type: security_group_rules) to 0
2026-07-08 06:18:51.133 10 INFO neutron.db.ovn_revision_numbers_db [None req-d01a42d8-b8cb-4478-ac16-81cb0f8ae328 f9d0012c80a44f34981be525aa95de34 31c8531259d447fa8358eb34b21b7e43 - - default default] Successfully bumped revision number for resource fd56cf1c-deb1-42c1-844b-1ad65f623ca4 (type: security_group_rules) to 0
2026-07-08 06:18:51.159 10 INFO neutron.wsgi [None req-d01a42d8-b8cb-4478-ac16-81cb0f8ae328 f9d0012c80a44f34981be525aa95de34 31c8531259d447fa8358eb34b21b7e43 - - default default] 10.0.0.36 "GET /v2.0/security-groups?tenant_id=d106779ec46642a09a9c8cb294593f4c&name=default HTTP/1.1" status: 200 len: 2996 time: 0.1861238
2026-07-08 06:18:51.406 10 INFO neutron.wsgi [None req-62ac343f-43f0-4918-a02b-6322d747b8ef f9d0012c80a44f34981be525aa95de34 31c8531259d447fa8358eb34b21b7e43 - - default default] 10.0.0.36 "DELETE /v2.0/security-groups/203960b9-0192-48c3-85ec-ffd03acdbdc9 HTTP/1.1" status: 204 len: 168 time: 0.2422686
2026-07-08 06:18:52.765 10 INFO neutron.db.ovn_revision_numbers_db [None req-d264b972-3c17-4359-9718-566911456314 8a51a706cb814ff9bd295b2533ed7da9 de2eca7c0f3844a995ecfe4d41e9f4e3 - - default default] Successfully bumped revision number for resource c269b073-c563-44b9-92a0-635e89a1cdba (type: security_groups) to 1
2026-07-08 06:18:52.792 10 INFO neutron.db.ovn_revision_numbers_db [None req-d264b972-3c17-4359-9718-566911456314 8a51a706cb814ff9bd295b2533ed7da9 de2eca7c0f3844a995ecfe4d41e9f4e3 - - default default] Successfully bumped revision number for resource 1640f0bc-d37f-4620-a86d-6d9094215a8b (type: security_group_rules) to 0
2026-07-08 06:18:52.803 10 INFO neutron.db.ovn_revision_numbers_db [None req-d264b972-3c17-4359-9718-566911456314 8a51a706cb814ff9bd295b2533ed7da9 de2eca7c0f3844a995ecfe4d41e9f4e3 - - default default] Successfully bumped revision number for resource 44ebc439-1e57-4c43-bb01-93c4f7621ad9 (type: security_group_rules) to 0
2026-07-08 06:18:52.815 10 INFO neutron.db.ovn_revision_numbers_db [None req-d264b972-3c17-4359-9718-566911456314 8a51a706cb814ff9bd295b2533ed7da9 de2eca7c0f3844a995ecfe4d41e9f4e3 - - default default] Successfully bumped revision number for resource 74567a60-d072-4a0d-b75b-06a0e524dd62 (type: security_group_rules) to 0
2026-07-08 06:18:52.827 10 INFO neutron.db.ovn_revision_numbers_db [None req-d264b972-3c17-4359-9718-566911456314 8a51a706cb814ff9bd295b2533ed7da9 de2eca7c0f3844a995ecfe4d41e9f4e3 - - default default] Successfully bumped revision number for resource d0841378-c19c-48b1-b02e-ee90fd232aa7 (type: security_group_rules) to 0
2026-07-08 06:18:52.880 10 INFO neutron.db.segments_db [None req-d264b972-3c17-4359-9718-566911456314 8a51a706cb814ff9bd295b2533ed7da9 de2eca7c0f3844a995ecfe4d41e9f4e3 - - default default] Added segment 596bc4ee-cc7f-4c21-9b47-423613980807 of type geneve for network e5294381-67eb-41c1-b558-5b65540a593c
2026-07-08 06:18:53.069 10 INFO neutron.db.ovn_revision_numbers_db [None req-d264b972-3c17-4359-9718-566911456314 8a51a706cb814ff9bd295b2533ed7da9 de2eca7c0f3844a995ecfe4d41e9f4e3 - - default default] Successfully bumped revision number for resource e5294381-67eb-41c1-b558-5b65540a593c (type: networks) to 1
2026-07-08 06:18:53.321 10 WARNING neutron.scheduler.dhcp_agent_scheduler [None req-d264b972-3c17-4359-9718-566911456314 8a51a706cb814ff9bd295b2533ed7da9 de2eca7c0f3844a995ecfe4d41e9f4e3 - - default default] No more DHCP agents
2026-07-08 06:18:53.324 10 WARNING neutron.api.rpc.agentnotifiers.dhcp_rpc_agent_api [None req-d264b972-3c17-4359-9718-566911456314 8a51a706cb814ff9bd295b2533ed7da9 de2eca7c0f3844a995ecfe4d41e9f4e3 - - default default] Unable to schedule network e5294381-67eb-41c1-b558-5b65540a593c: no agents available; will retry on subsequent port and subnet creation events.
2026-07-08 06:18:53.436 10 INFO neutron.db.ovn_revision_numbers_db [None req-d264b972-3c17-4359-9718-566911456314 8a51a706cb814ff9bd295b2533ed7da9 de2eca7c0f3844a995ecfe4d41e9f4e3 - - default default] Successfully bumped revision number for resource 9aedd923-38d1-48f6-821c-64d31b1fc4bb (type: ports) to 1
2026-07-08 06:18:53.456 10 INFO neutron.wsgi [None req-d264b972-3c17-4359-9718-566911456314 8a51a706cb814ff9bd295b2533ed7da9 de2eca7c0f3844a995ecfe4d41e9f4e3 - - default default] 10.0.0.36 "POST /v2.0/networks HTTP/1.1" status: 201 len: 830 time: 0.9161437
2026-07-08 06:18:53.629 10 INFO neutron.wsgi [-] 10.0.0.203 "GET / HTTP/1.1" status: 200 len: 247 time: 0.0013070
2026-07-08 06:18:53.630 10 INFO neutron.wsgi [-] 10.0.0.203 "GET / HTTP/1.1" status: 200 len: 247 time: 0.0008883
2026-07-08 06:18:53.686 10 WARNING neutron.scheduler.dhcp_agent_scheduler [None req-5c5ce777-db97-4a4c-a2c5-76a3c40399f2 8a51a706cb814ff9bd295b2533ed7da9 de2eca7c0f3844a995ecfe4d41e9f4e3 - - default default] No more DHCP agents
2026-07-08 06:18:53.688 10 WARNING neutron.api.rpc.agentnotifiers.dhcp_rpc_agent_api [None req-5c5ce777-db97-4a4c-a2c5-76a3c40399f2 8a51a706cb814ff9bd295b2533ed7da9 de2eca7c0f3844a995ecfe4d41e9f4e3 - - default default] Unable to schedule network e5294381-67eb-41c1-b558-5b65540a593c: no agents available; will retry on subsequent port and subnet creation events.
2026-07-08 06:18:53.751 10 INFO neutron.db.ovn_revision_numbers_db [None req-5c5ce777-db97-4a4c-a2c5-76a3c40399f2 8a51a706cb814ff9bd295b2533ed7da9 de2eca7c0f3844a995ecfe4d41e9f4e3 - - default default] Successfully bumped revision number for resource fe83a29b-b0ab-4cb3-9c40-502fd29f488d (type: ports) to 1
2026-07-08 06:18:53.769 10 INFO neutron.wsgi [None req-5c5ce777-db97-4a4c-a2c5-76a3c40399f2 8a51a706cb814ff9bd295b2533ed7da9 de2eca7c0f3844a995ecfe4d41e9f4e3 - - default default] 10.0.0.36 "POST /v2.0/ports HTTP/1.1" status: 201 len: 942 time: 0.3076646 /var/lib/openstack/lib/python3.10/site-packages/pycadf/identifier.py:71: UserWarning: Invalid uuid: neutron. To ensure interoperability, identifiers should be a valid uuid. warnings.warn(('Invalid uuid: %s. To ensure interoperability, '
2026-07-08 06:18:53.862 10 INFO neutron.db.segments_db [None req-7bfb7f64-6a15-4255-ade8-9c3c1236c941 8a51a706cb814ff9bd295b2533ed7da9 de2eca7c0f3844a995ecfe4d41e9f4e3 - - default default] Added segment 73ff71cc-c5d8-4142-81bd-36f659254c9a of type geneve for network 6cc4ccc6-3d41-439e-8fb4-9b61a1b03374
2026-07-08 06:18:54.011 10 INFO neutron.db.ovn_revision_numbers_db [None req-7bfb7f64-6a15-4255-ade8-9c3c1236c941 8a51a706cb814ff9bd295b2533ed7da9 de2eca7c0f3844a995ecfe4d41e9f4e3 - - default default] Successfully bumped revision number for resource 6cc4ccc6-3d41-439e-8fb4-9b61a1b03374 (type: networks) to 1
2026-07-08 06:18:54.206 10 WARNING neutron.scheduler.dhcp_agent_scheduler [None req-7bfb7f64-6a15-4255-ade8-9c3c1236c941 8a51a706cb814ff9bd295b2533ed7da9 de2eca7c0f3844a995ecfe4d41e9f4e3 - - default default] No more DHCP agents
2026-07-08 06:18:54.208 10 WARNING neutron.api.rpc.agentnotifiers.dhcp_rpc_agent_api [None req-7bfb7f64-6a15-4255-ade8-9c3c1236c941 8a51a706cb814ff9bd295b2533ed7da9 de2eca7c0f3844a995ecfe4d41e9f4e3 - - default default] Unable to schedule network 6cc4ccc6-3d41-439e-8fb4-9b61a1b03374: no agents available; will retry on subsequent port and subnet creation events.
2026-07-08 06:18:54.311 10 INFO neutron.db.ovn_revision_numbers_db [None req-7bfb7f64-6a15-4255-ade8-9c3c1236c941 8a51a706cb814ff9bd295b2533ed7da9 de2eca7c0f3844a995ecfe4d41e9f4e3 - - default default] Successfully bumped revision number for resource 4d7c9324-625f-438c-982a-ab355b2f82a3 (type: ports) to 1
2026-07-08 06:18:54.337 10 INFO neutron.wsgi [None req-7bfb7f64-6a15-4255-ade8-9c3c1236c941 8a51a706cb814ff9bd295b2533ed7da9 de2eca7c0f3844a995ecfe4d41e9f4e3 - - default default] 10.0.0.36 "POST /v2.0/networks HTTP/1.1" status: 201 len: 830 time: 0.5615320
2026-07-08 06:18:54.597 10 WARNING neutron.scheduler.dhcp_agent_scheduler [None req-725e287c-b13e-4e53-8d04-8a0a7bb297e2 8a51a706cb814ff9bd295b2533ed7da9 de2eca7c0f3844a995ecfe4d41e9f4e3 - - default default] No more DHCP agents
2026-07-08 06:18:54.599 10 WARNING neutron.api.rpc.agentnotifiers.dhcp_rpc_agent_api [None req-725e287c-b13e-4e53-8d04-8a0a7bb297e2 8a51a706cb814ff9bd295b2533ed7da9 de2eca7c0f3844a995ecfe4d41e9f4e3 - - default default] Unable to schedule network 6cc4ccc6-3d41-439e-8fb4-9b61a1b03374: no agents available; will retry on subsequent port and subnet creation events.
2026-07-08 06:18:54.690 10 INFO neutron.db.ovn_revision_numbers_db [None req-725e287c-b13e-4e53-8d04-8a0a7bb297e2 8a51a706cb814ff9bd295b2533ed7da9 de2eca7c0f3844a995ecfe4d41e9f4e3 - - default default] Successfully bumped revision number for resource cc12f651-7e82-4cfc-8a59-6a91b4544256 (type: ports) to 1
2026-07-08 06:18:54.720 10 INFO neutron.wsgi [None req-725e287c-b13e-4e53-8d04-8a0a7bb297e2 8a51a706cb814ff9bd295b2533ed7da9 de2eca7c0f3844a995ecfe4d41e9f4e3 - - default default] 10.0.0.36 "POST /v2.0/ports HTTP/1.1" status: 201 len: 942 time: 0.3761930 /var/lib/openstack/lib/python3.10/site-packages/pycadf/identifier.py:71: UserWarning: Invalid uuid: neutron. To ensure interoperability, identifiers should be a valid uuid. warnings.warn(('Invalid uuid: %s. To ensure interoperability, '
2026-07-08 06:18:54.827 10 INFO neutron.db.segments_db [None req-ab6d2d17-b26f-4d91-810b-96caf6a80f1a 8a51a706cb814ff9bd295b2533ed7da9 de2eca7c0f3844a995ecfe4d41e9f4e3 - - default default] Added segment 93cecfb5-05a8-48f3-9b12-de97fa7d9b12 of type geneve for network 8e4b49e7-becc-48e3-9175-24e9ecf81806
2026-07-08 06:18:54.998 10 INFO neutron.db.ovn_revision_numbers_db [None req-ab6d2d17-b26f-4d91-810b-96caf6a80f1a 8a51a706cb814ff9bd295b2533ed7da9 de2eca7c0f3844a995ecfe4d41e9f4e3 - - default default] Successfully bumped revision number for resource 8e4b49e7-becc-48e3-9175-24e9ecf81806 (type: networks) to 1
2026-07-08 06:18:55.127 10 INFO neutron.db.ovn_revision_numbers_db [None req-7f5a9da3-8888-49d1-9815-95b34b4cdaca 974388a0173d4a9090ed1964d2d8cb81 0a99eeeaf2734149b9b46f13ea6d1818 - - default default] Successfully bumped revision number for resource bbf78d87-ac74-4ab5-ae83-7d0d0b5ad10e (type: security_groups) to 1
2026-07-08 06:18:55.162 10 INFO neutron.db.ovn_revision_numbers_db [None req-7f5a9da3-8888-49d1-9815-95b34b4cdaca 974388a0173d4a9090ed1964d2d8cb81 0a99eeeaf2734149b9b46f13ea6d1818 - - default default] Successfully bumped revision number for resource 1c81f061-590d-4b66-9752-487b96928e03 (type: security_group_rules) to 0
2026-07-08 06:18:55.180 10 INFO neutron.db.ovn_revision_numbers_db [None req-7f5a9da3-8888-49d1-9815-95b34b4cdaca 974388a0173d4a9090ed1964d2d8cb81 0a99eeeaf2734149b9b46f13ea6d1818 - - default default] Successfully bumped revision number for resource 61bac7c7-18d9-45b9-bd00-822e3441e4ce (type: security_group_rules) to 0
2026-07-08 06:18:55.207 10 INFO neutron.db.ovn_revision_numbers_db [None req-7f5a9da3-8888-49d1-9815-95b34b4cdaca 974388a0173d4a9090ed1964d2d8cb81 0a99eeeaf2734149b9b46f13ea6d1818 - - default default] Successfully bumped revision number for resource ce382952-8b4e-4469-8d38-e87d83a17eac (type: security_group_rules) to 0
2026-07-08 06:18:55.210 10 WARNING neutron.scheduler.dhcp_agent_scheduler [None req-ab6d2d17-b26f-4d91-810b-96caf6a80f1a 8a51a706cb814ff9bd295b2533ed7da9 de2eca7c0f3844a995ecfe4d41e9f4e3 - - default default] No more DHCP agents
2026-07-08 06:18:55.213 10 WARNING neutron.api.rpc.agentnotifiers.dhcp_rpc_agent_api [None req-ab6d2d17-b26f-4d91-810b-96caf6a80f1a 8a51a706cb814ff9bd295b2533ed7da9 de2eca7c0f3844a995ecfe4d41e9f4e3 - - default default] Unable to schedule network 8e4b49e7-becc-48e3-9175-24e9ecf81806: no agents available; will retry on subsequent port and subnet creation events.
2026-07-08 06:18:55.231 10 INFO neutron.db.ovn_revision_numbers_db [None req-7f5a9da3-8888-49d1-9815-95b34b4cdaca 974388a0173d4a9090ed1964d2d8cb81 0a99eeeaf2734149b9b46f13ea6d1818 - - default default] Successfully bumped revision number for resource fc4b9aaa-051a-4664-8a74-6dccb240e56a (type: security_group_rules) to 0
2026-07-08 06:18:55.297 10 INFO neutron.db.segments_db [None req-7f5a9da3-8888-49d1-9815-95b34b4cdaca 974388a0173d4a9090ed1964d2d8cb81 0a99eeeaf2734149b9b46f13ea6d1818 - - default default] Added segment b5c9094b-3526-4dcf-bc90-db2155c2c8f6 of type geneve for network 8eb5a755-c549-4a17-8ceb-ec983527c753
2026-07-08 06:18:55.318 10 INFO neutron.db.ovn_revision_numbers_db [None req-ab6d2d17-b26f-4d91-810b-96caf6a80f1a 8a51a706cb814ff9bd295b2533ed7da9 de2eca7c0f3844a995ecfe4d41e9f4e3 - - default default] Successfully bumped revision number for resource 7446434d-6182-4adc-b1eb-e340ee327a1d (type: ports) to 1
2026-07-08 06:18:55.348 10 INFO neutron.wsgi [None req-ab6d2d17-b26f-4d91-810b-96caf6a80f1a 8a51a706cb814ff9bd295b2533ed7da9 de2eca7c0f3844a995ecfe4d41e9f4e3 - - default default] 10.0.0.36 "POST /v2.0/networks HTTP/1.1" status: 201 len: 830 time: 0.6218386
2026-07-08 06:18:55.445 10 INFO neutron.db.ovn_revision_numbers_db [None req-7f5a9da3-8888-49d1-9815-95b34b4cdaca 974388a0173d4a9090ed1964d2d8cb81 0a99eeeaf2734149b9b46f13ea6d1818 - - default default] Successfully bumped revision number for resource 8eb5a755-c549-4a17-8ceb-ec983527c753 (type: networks) to 1
2026-07-08 06:18:55.604 9 WARNING neutron.scheduler.dhcp_agent_scheduler [None req-47f4c21c-0030-4a25-a540-99e1e0ec9746 8a51a706cb814ff9bd295b2533ed7da9 de2eca7c0f3844a995ecfe4d41e9f4e3 - - default default] No more DHCP agents
2026-07-08 06:18:55.606 9 WARNING neutron.api.rpc.agentnotifiers.dhcp_rpc_agent_api [None req-47f4c21c-0030-4a25-a540-99e1e0ec9746 8a51a706cb814ff9bd295b2533ed7da9 de2eca7c0f3844a995ecfe4d41e9f4e3 - - default default] Unable to schedule network 8e4b49e7-becc-48e3-9175-24e9ecf81806: no agents available; will retry on subsequent port and subnet creation events.
2026-07-08 06:18:55.617 10 WARNING neutron.scheduler.dhcp_agent_scheduler [None req-7f5a9da3-8888-49d1-9815-95b34b4cdaca 974388a0173d4a9090ed1964d2d8cb81 0a99eeeaf2734149b9b46f13ea6d1818 - - default default] No more DHCP agents
2026-07-08 06:18:55.619 10 WARNING neutron.api.rpc.agentnotifiers.dhcp_rpc_agent_api [None req-7f5a9da3-8888-49d1-9815-95b34b4cdaca 974388a0173d4a9090ed1964d2d8cb81 0a99eeeaf2734149b9b46f13ea6d1818 - - default default] Unable to schedule network 8eb5a755-c549-4a17-8ceb-ec983527c753: no agents available; will retry on subsequent port and subnet creation events. /var/lib/openstack/lib/python3.10/site-packages/pycadf/identifier.py:71: UserWarning: Invalid uuid: neutron. To ensure interoperability, identifiers should be a valid uuid. warnings.warn(('Invalid uuid: %s. To ensure interoperability, '
2026-07-08 06:18:55.691 10 INFO neutron.db.ovn_revision_numbers_db [None req-7f5a9da3-8888-49d1-9815-95b34b4cdaca 974388a0173d4a9090ed1964d2d8cb81 0a99eeeaf2734149b9b46f13ea6d1818 - - default default] Successfully bumped revision number for resource e5eec304-0ec4-4643-9e12-7dcf5f3553b1 (type: ports) to 1
2026-07-08 06:18:55.712 10 INFO neutron.wsgi [None req-7f5a9da3-8888-49d1-9815-95b34b4cdaca 974388a0173d4a9090ed1964d2d8cb81 0a99eeeaf2734149b9b46f13ea6d1818 - - default default] 10.0.0.36 "POST /v2.0/networks HTTP/1.1" status: 201 len: 831 time: 0.9512460
2026-07-08 06:18:55.716 9 INFO neutron.db.ovn_revision_numbers_db [None req-47f4c21c-0030-4a25-a540-99e1e0ec9746 8a51a706cb814ff9bd295b2533ed7da9 de2eca7c0f3844a995ecfe4d41e9f4e3 - - default default] Successfully bumped revision number for resource 86e4654e-8305-4f9c-9489-dafd3e6a0ebd (type: ports) to 1
2026-07-08 06:18:55.775 9 INFO neutron.wsgi [None req-47f4c21c-0030-4a25-a540-99e1e0ec9746 8a51a706cb814ff9bd295b2533ed7da9 de2eca7c0f3844a995ecfe4d41e9f4e3 - - default default] 10.0.0.36 "POST /v2.0/ports HTTP/1.1" status: 201 len: 942 time: 0.4215119
2026-07-08 06:18:55.848 9 INFO neutron.db.ovn_revision_numbers_db [None req-276dc19b-8cb3-41ba-8890-7a7115f5ca67 f9d0012c80a44f34981be525aa95de34 31c8531259d447fa8358eb34b21b7e43 - - default default] Successfully bumped revision number for resource bc92b376-7ef2-4b6e-92e4-fb5f4bbb3e7e (type: security_groups) to 1
2026-07-08 06:18:55.862 10 INFO neutron.db.segments_db [None req-eceec0e7-3a07-40ea-9c79-1ae4581d01d3 8a51a706cb814ff9bd295b2533ed7da9 de2eca7c0f3844a995ecfe4d41e9f4e3 - - default default] Added segment e5cf8938-a47f-4b90-96c2-4d9ddd0dc287 of type geneve for network f5666816-b62c-4f03-8d91-5f090c5bdaf8
2026-07-08 06:18:55.869 9 INFO neutron.db.ovn_revision_numbers_db [None req-276dc19b-8cb3-41ba-8890-7a7115f5ca67 f9d0012c80a44f34981be525aa95de34 31c8531259d447fa8358eb34b21b7e43 - - default default] Successfully bumped revision number for resource 0d800775-3ed2-4a2d-bd43-714d9552cf83 (type: security_group_rules) to 0
2026-07-08 06:18:55.889 9 INFO neutron.db.ovn_revision_numbers_db [None req-276dc19b-8cb3-41ba-8890-7a7115f5ca67 f9d0012c80a44f34981be525aa95de34 31c8531259d447fa8358eb34b21b7e43 - - default default] Successfully bumped revision number for resource 1ddc83f5-f43f-4bc3-af17-c8feb6dbdd17 (type: security_group_rules) to 0
