2026-07-08 06:16:39.476 10 INFO neutron.db.ovn_revision_numbers_db [None req-bc3b6fc3-d246-49c8-896c-30be32f00713 - - - - - -] Successfully bumped revision number for resource 1ee6175f-6de2-47e9-9049-0131634d4cd6 (type: ports) to 2
2026-07-08 06:16:39.612 9 INFO neutron.db.ovn_revision_numbers_db [None req-98e86d94-394c-4378-8a6d-69c9792f257c f9d0012c80a44f34981be525aa95de34 31c8531259d447fa8358eb34b21b7e43 - - default default] Successfully bumped revision number for resource b678301f-0113-4d1c-bc1b-1e0ddc5af9f4 (type: security_groups) to 1
2026-07-08 06:16:39.627 9 INFO neutron.db.ovn_revision_numbers_db [None req-98e86d94-394c-4378-8a6d-69c9792f257c f9d0012c80a44f34981be525aa95de34 31c8531259d447fa8358eb34b21b7e43 - - default default] Successfully bumped revision number for resource 3d21979e-4e1c-499e-94aa-4d169ae577fa (type: security_group_rules) to 0
2026-07-08 06:16:39.642 9 INFO neutron.db.ovn_revision_numbers_db [None req-98e86d94-394c-4378-8a6d-69c9792f257c f9d0012c80a44f34981be525aa95de34 31c8531259d447fa8358eb34b21b7e43 - - default default] Successfully bumped revision number for resource 715ba12c-61cd-4974-8995-7a115520646c (type: security_group_rules) to 0
2026-07-08 06:16:39.657 9 INFO neutron.db.ovn_revision_numbers_db [None req-98e86d94-394c-4378-8a6d-69c9792f257c f9d0012c80a44f34981be525aa95de34 31c8531259d447fa8358eb34b21b7e43 - - default default] Successfully bumped revision number for resource 88d3ec4d-43c6-4831-bfea-349b6610ace4 (type: security_group_rules) to 0
2026-07-08 06:16:39.670 9 INFO neutron.db.ovn_revision_numbers_db [None req-98e86d94-394c-4378-8a6d-69c9792f257c f9d0012c80a44f34981be525aa95de34 31c8531259d447fa8358eb34b21b7e43 - - default default] Successfully bumped revision number for resource a2028026-8c81-4817-8a9e-caead1625600 (type: security_group_rules) to 0
2026-07-08 06:16:39.689 9 INFO neutron.wsgi [None req-98e86d94-394c-4378-8a6d-69c9792f257c f9d0012c80a44f34981be525aa95de34 31c8531259d447fa8358eb34b21b7e43 - - default default] 10.0.0.36 "GET /v2.0/security-groups?tenant_id=3f379808b65b4806a36be3317e7963e0&name=default HTTP/1.1" status: 200 len: 2996 time: 0.2774010
2026-07-08 06:16:39.750 9 INFO neutron.plugins.ml2.drivers.ovn.mech_driver.mech_driver [None req-41e60fba-ef33-4b33-94db-723173586111 - - - - - -] OVN reports status up for port: 8e30bd98-66f0-4588-8573-58f0998b9733
2026-07-08 06:16:39.761 9 INFO neutron.plugins.ml2.plugin [None req-41e60fba-ef33-4b33-94db-723173586111 - - - - - -] Attempt 1 to provision port 8e30bd98-66f0-4588-8573-58f0998b9733
2026-07-08 06:16:39.803 10 INFO neutron.db.ovn_revision_numbers_db [None req-853763ec-9da3-430d-9259-49da5749d7f0 f9d0012c80a44f34981be525aa95de34 31c8531259d447fa8358eb34b21b7e43 - - default default] Successfully bumped revision number for resource 8e30bd98-66f0-4588-8573-58f0998b9733 (type: router_ports) to 1
2026-07-08 06:16:39.856 10 INFO neutron.db.ovn_revision_numbers_db [None req-bc3b6fc3-d246-49c8-896c-30be32f00713 - - - - - -] Successfully bumped revision number for resource 1ee6175f-6de2-47e9-9049-0131634d4cd6 (type: ports) to 4
2026-07-08 06:16:39.951 9 INFO neutron.wsgi [None req-4550e5d0-850d-404f-854a-9fe91dda016e f9d0012c80a44f34981be525aa95de34 31c8531259d447fa8358eb34b21b7e43 - - default default] 10.0.0.36 "DELETE /v2.0/security-groups/b678301f-0113-4d1c-bc1b-1e0ddc5af9f4 HTTP/1.1" status: 204 len: 168 time: 0.2571409
2026-07-08 06:16:40.041 10 INFO neutron.db.ovn_revision_numbers_db [None req-853763ec-9da3-430d-9259-49da5749d7f0 f9d0012c80a44f34981be525aa95de34 31c8531259d447fa8358eb34b21b7e43 - - default default] Successfully bumped revision number for resource 8e30bd98-66f0-4588-8573-58f0998b9733 (type: ports) to 1
2026-07-08 06:16:40.085 9 INFO neutron.db.ovn_revision_numbers_db [None req-41e60fba-ef33-4b33-94db-723173586111 - - - - - -] Successfully bumped revision number for resource 8e30bd98-66f0-4588-8573-58f0998b9733 (type: ports) to 2
2026-07-08 06:16:40.174 10 WARNING neutron.scheduler.dhcp_agent_scheduler [None req-853763ec-9da3-430d-9259-49da5749d7f0 f9d0012c80a44f34981be525aa95de34 31c8531259d447fa8358eb34b21b7e43 - - default default] No more DHCP agents
2026-07-08 06:16:40.178 10 WARNING neutron.api.rpc.agentnotifiers.dhcp_rpc_agent_api [None req-853763ec-9da3-430d-9259-49da5749d7f0 f9d0012c80a44f34981be525aa95de34 31c8531259d447fa8358eb34b21b7e43 - - default default] Unable to schedule network e7ec0596-65bf-4084-ac63-3822b8218a79: no agents available; will retry on subsequent port and subnet creation events.
2026-07-08 06:16:40.201 9 INFO neutron.db.ovn_revision_numbers_db [None req-41e60fba-ef33-4b33-94db-723173586111 - - - - - -] Successfully bumped revision number for resource 8e30bd98-66f0-4588-8573-58f0998b9733 (type: router_ports) to 2
2026-07-08 06:16:40.237 10 INFO neutron.db.ovn_revision_numbers_db [None req-bc3b6fc3-d246-49c8-896c-30be32f00713 - - - - - -] Successfully bumped revision number for resource 1ee6175f-6de2-47e9-9049-0131634d4cd6 (type: router_ports) to 4
2026-07-08 06:16:40.314 10 INFO neutron.db.ovn_revision_numbers_db [None req-02d65a83-684b-4712-8f01-628a799768ab f9d0012c80a44f34981be525aa95de34 31c8531259d447fa8358eb34b21b7e43 - - default default] Successfully bumped revision number for resource 97637665-5ee1-489a-bb7f-c0d44db2a293 (type: security_groups) to 1
2026-07-08 06:16:40.334 10 INFO neutron.db.ovn_revision_numbers_db [None req-02d65a83-684b-4712-8f01-628a799768ab f9d0012c80a44f34981be525aa95de34 31c8531259d447fa8358eb34b21b7e43 - - default default] Successfully bumped revision number for resource 69275b75-72f4-484a-8db5-5df064604766 (type: security_group_rules) to 0
2026-07-08 06:16:40.359 10 INFO neutron.db.ovn_revision_numbers_db [None req-02d65a83-684b-4712-8f01-628a799768ab f9d0012c80a44f34981be525aa95de34 31c8531259d447fa8358eb34b21b7e43 - - default default] Successfully bumped revision number for resource 96fe6e71-4f6e-4775-b7e1-64298db61971 (type: security_group_rules) to 0
2026-07-08 06:16:40.373 10 INFO neutron.db.ovn_revision_numbers_db [None req-02d65a83-684b-4712-8f01-628a799768ab f9d0012c80a44f34981be525aa95de34 31c8531259d447fa8358eb34b21b7e43 - - default default] Successfully bumped revision number for resource c6c5478b-b2f2-4a2e-a943-034d5783452c (type: security_group_rules) to 0
2026-07-08 06:16:40.392 10 INFO neutron.db.ovn_revision_numbers_db [None req-02d65a83-684b-4712-8f01-628a799768ab f9d0012c80a44f34981be525aa95de34 31c8531259d447fa8358eb34b21b7e43 - - default default] Successfully bumped revision number for resource d53053cd-bfee-489e-8c04-3bc5e3648764 (type: security_group_rules) to 0
2026-07-08 06:16:40.417 10 INFO neutron.wsgi [None req-02d65a83-684b-4712-8f01-628a799768ab f9d0012c80a44f34981be525aa95de34 31c8531259d447fa8358eb34b21b7e43 - - default default] 10.0.0.36 "GET /v2.0/security-groups?tenant_id=1ef0b6351881457a99641a6d039d7a5e&name=default HTTP/1.1" status: 200 len: 2996 time: 0.3501203
2026-07-08 06:16:40.649 9 INFO neutron.wsgi [None req-24b19020-fc90-4140-bb35-1075bf2ff943 f9d0012c80a44f34981be525aa95de34 31c8531259d447fa8358eb34b21b7e43 - - default default] 10.0.0.36 "DELETE /v2.0/security-groups/97637665-5ee1-489a-bb7f-c0d44db2a293 HTTP/1.1" status: 204 len: 168 time: 0.2178893
2026-07-08 06:16:40.775 10 INFO neutron.db.ovn_revision_numbers_db [None req-853763ec-9da3-430d-9259-49da5749d7f0 f9d0012c80a44f34981be525aa95de34 31c8531259d447fa8358eb34b21b7e43 - - default default] Successfully bumped revision number for resource 8e30bd98-66f0-4588-8573-58f0998b9733 (type: router_ports) to 2
2026-07-08 06:16:40.778 10 INFO neutron.wsgi [None req-853763ec-9da3-430d-9259-49da5749d7f0 f9d0012c80a44f34981be525aa95de34 31c8531259d447fa8358eb34b21b7e43 - - default default] 10.0.0.36 "PUT /v2.0/routers/b1c3fd93-0a25-49d2-97c4-7edc25ec9b10/add_router_interface HTTP/1.1" status: 200 len: 503 time: 2.5691574
2026-07-08 06:16:41.636 10 INFO neutron.db.ovn_revision_numbers_db [None req-64ad65ce-0cbd-4d51-a247-04e9d3004be1 26ab0e3c7ac449ab97456dce3ee1792e 7ad5575edb884a0fb12ac21f5cac962e - - default default] Successfully bumped revision number for resource d01a638f-2e8b-48b7-b3b1-3fb2b41fa93c (type: security_groups) to 1
2026-07-08 06:16:41.648 10 INFO neutron.db.ovn_revision_numbers_db [None req-64ad65ce-0cbd-4d51-a247-04e9d3004be1 26ab0e3c7ac449ab97456dce3ee1792e 7ad5575edb884a0fb12ac21f5cac962e - - default default] Successfully bumped revision number for resource 6e349b26-a429-4946-beb3-c8a976065894 (type: security_group_rules) to 0
2026-07-08 06:16:41.663 10 INFO neutron.db.ovn_revision_numbers_db [None req-64ad65ce-0cbd-4d51-a247-04e9d3004be1 26ab0e3c7ac449ab97456dce3ee1792e 7ad5575edb884a0fb12ac21f5cac962e - - default default] Successfully bumped revision number for resource cd0c4d62-cf24-4f55-8b9e-63dedb95bc5b (type: security_group_rules) to 0
2026-07-08 06:16:41.683 10 INFO neutron.wsgi [None req-64ad65ce-0cbd-4d51-a247-04e9d3004be1 26ab0e3c7ac449ab97456dce3ee1792e 7ad5575edb884a0fb12ac21f5cac962e - - default default] 10.0.0.36 "POST /v2.0/security-groups HTTP/1.1" status: 201 len: 1797 time: 0.1578319
2026-07-08 06:16:41.793 9 INFO neutron.db.ovn_revision_numbers_db [None req-c85614df-7a0c-44fe-8689-6a7175a916bb 26ab0e3c7ac449ab97456dce3ee1792e 7ad5575edb884a0fb12ac21f5cac962e - - default default] Successfully bumped revision number for resource 4fee3d3e-739c-4724-8377-781eebc07552 (type: security_group_rules) to 0
2026-07-08 06:16:41.828 9 INFO neutron.wsgi [None req-c85614df-7a0c-44fe-8689-6a7175a916bb 26ab0e3c7ac449ab97456dce3ee1792e 7ad5575edb884a0fb12ac21f5cac962e - - default default] 10.0.0.36 "POST /v2.0/security-group-rules HTTP/1.1" status: 201 len: 764 time: 0.1402934
2026-07-08 06:16:41.949 9 INFO neutron.db.ovn_revision_numbers_db [None req-4b857c41-61c8-4dfc-ae94-53108abd8b82 26ab0e3c7ac449ab97456dce3ee1792e 7ad5575edb884a0fb12ac21f5cac962e - - default default] Successfully bumped revision number for resource 78049901-9b64-4ba5-a3a1-9749fb963450 (type: security_group_rules) to 0
2026-07-08 06:16:41.972 9 INFO neutron.wsgi [None req-4b857c41-61c8-4dfc-ae94-53108abd8b82 26ab0e3c7ac449ab97456dce3ee1792e 7ad5575edb884a0fb12ac21f5cac962e - - default default] 10.0.0.36 "POST /v2.0/security-group-rules HTTP/1.1" status: 201 len: 769 time: 0.1410115
2026-07-08 06:16:42.250 9 WARNING neutron.scheduler.dhcp_agent_scheduler [None req-67490eda-5e34-4d73-ba85-6fe991067c1e 26ab0e3c7ac449ab97456dce3ee1792e 7ad5575edb884a0fb12ac21f5cac962e - - default default] No more DHCP agents
2026-07-08 06:16:42.254 9 WARNING neutron.api.rpc.agentnotifiers.dhcp_rpc_agent_api [None req-67490eda-5e34-4d73-ba85-6fe991067c1e 26ab0e3c7ac449ab97456dce3ee1792e 7ad5575edb884a0fb12ac21f5cac962e - - default default] Unable to schedule network 4655023a-9bbe-40d8-8914-37a82927b034: no agents available; will retry on subsequent port and subnet creation events.
2026-07-08 06:16:42.575 9 INFO neutron.db.ovn_revision_numbers_db [None req-67490eda-5e34-4d73-ba85-6fe991067c1e 26ab0e3c7ac449ab97456dce3ee1792e 7ad5575edb884a0fb12ac21f5cac962e - - default default] Successfully bumped revision number for resource 0c515948-cce2-4938-a6aa-311b1eb7ebbf (type: floatingips) to 0
2026-07-08 06:16:42.590 9 INFO neutron.wsgi [None req-67490eda-5e34-4d73-ba85-6fe991067c1e 26ab0e3c7ac449ab97456dce3ee1792e 7ad5575edb884a0fb12ac21f5cac962e - - default default] 10.0.0.36 "POST /v2.0/floatingips HTTP/1.1" status: 201 len: 751 time: 0.6128259
2026-07-08 06:16:43.115 9 INFO neutron.wsgi [req-2f31516d-72cb-47d3-8951-63a9caab3575 req-6b2db4b1-9654-46fe-9d4e-e7dcddc7ee06 26ab0e3c7ac449ab97456dce3ee1792e 7ad5575edb884a0fb12ac21f5cac962e - - default default] 10.0.0.153 "GET /v2.0/security-groups?name=tempest-securitygroup--1911561357&fields=id&tenant_id=7ad5575edb884a0fb12ac21f5cac962e HTTP/1.1" status: 200 len: 267 time: 0.0428846
2026-07-08 06:16:43.200 9 INFO neutron.wsgi [req-2f31516d-72cb-47d3-8951-63a9caab3575 req-b882a29e-d0b1-4980-8f60-8df2d8ebb52e 26ab0e3c7ac449ab97456dce3ee1792e 7ad5575edb884a0fb12ac21f5cac962e - - default default] 10.0.0.153 "GET /v2.0/networks?id=e7ec0596-65bf-4084-ac63-3822b8218a79 HTTP/1.1" status: 200 len: 869 time: 0.0753496
2026-07-08 06:16:43.219 9 INFO neutron.wsgi [req-2f31516d-72cb-47d3-8951-63a9caab3575 req-4d6036b0-25b7-4f92-889e-baeb7555b445 26ab0e3c7ac449ab97456dce3ee1792e 7ad5575edb884a0fb12ac21f5cac962e - - default default] 10.0.0.153 "GET /v2.0/quotas/7ad5575edb884a0fb12ac21f5cac962e HTTP/1.1" status: 200 len: 386 time: 0.0115619
2026-07-08 06:16:43.377 9 INFO neutron.wsgi [req-2f31516d-72cb-47d3-8951-63a9caab3575 req-610c4f27-7ab1-49db-885a-cf67a60d23bd 26ab0e3c7ac449ab97456dce3ee1792e 7ad5575edb884a0fb12ac21f5cac962e - - default default] 10.0.0.153 "GET /v2.0/ports?tenant_id=7ad5575edb884a0fb12ac21f5cac962e&fields=id HTTP/1.1" status: 200 len: 302 time: 0.1513023
2026-07-08 06:16:43.457 9 INFO neutron.wsgi [req-2f31516d-72cb-47d3-8951-63a9caab3575 req-bd3fdbe3-a874-41fa-897f-3e3024c54c69 26ca87b1b3324dddb79ad44d6e826bf6 47f08c3366dd447e8c92d7b83369e780 - - ee583b710bfd4bb2bf2b0a42e9676962 ee583b710bfd4bb2bf2b0a42e9676962] 10.0.0.153 "GET /v2.0/networks/e7ec0596-65bf-4084-ac63-3822b8218a79?fields=segments HTTP/1.1" status: 200 len: 212 time: 0.0630317
2026-07-08 06:16:43.526 9 INFO neutron.wsgi [req-2f31516d-72cb-47d3-8951-63a9caab3575 req-43361dbb-e8e2-48fe-b66f-fd1112e48f85 26ca87b1b3324dddb79ad44d6e826bf6 47f08c3366dd447e8c92d7b83369e780 - - ee583b710bfd4bb2bf2b0a42e9676962 ee583b710bfd4bb2bf2b0a42e9676962] 10.0.0.153 "GET /v2.0/networks/e7ec0596-65bf-4084-ac63-3822b8218a79?fields=provider%3Aphysical_network&fields=provider%3Anetwork_type HTTP/1.1" status: 200 len: 277 time: 0.0639904
2026-07-08 06:16:43.704 10 INFO neutron.wsgi [req-50042562-bbc9-40cf-b8e3-92996b7be6b5 req-72639ddb-3dd4-4397-b3aa-23e4829fc4ba 26ab0e3c7ac449ab97456dce3ee1792e 7ad5575edb884a0fb12ac21f5cac962e - - default default] 10.0.0.153 "GET /v2.0/ports?device_id=fbc7c8bf-a1b1-413e-8b0b-b39735c80dff HTTP/1.1" status: 200 len: 210 time: 0.0265424
2026-07-08 06:16:44.443 10 INFO neutron.wsgi [req-2f31516d-72cb-47d3-8951-63a9caab3575 req-a65e66ff-3c06-4396-ae26-dbd659bd725d 26ab0e3c7ac449ab97456dce3ee1792e 7ad5575edb884a0fb12ac21f5cac962e - - default default] 199.204.45.89 "GET /v2.0/networks?id=e7ec0596-65bf-4084-ac63-3822b8218a79 HTTP/1.1" status: 200 len: 869 time: 0.1088040
2026-07-08 06:16:44.502 10 INFO neutron.wsgi [req-2f31516d-72cb-47d3-8951-63a9caab3575 req-f544a497-51f5-408b-b24a-cf56613e43af 26ab0e3c7ac449ab97456dce3ee1792e 7ad5575edb884a0fb12ac21f5cac962e - - default default] 199.204.45.89 "GET /v2.0/security-groups?fields=id&fields=name&tenant_id=7ad5575edb884a0fb12ac21f5cac962e HTTP/1.1" status: 200 len: 380 time: 0.0476406
2026-07-08 06:16:44.701 9 INFO neutron.db.ovn_revision_numbers_db [None req-a86bf176-0463-4493-b2d8-c48818af84f4 f9d0012c80a44f34981be525aa95de34 31c8531259d447fa8358eb34b21b7e43 - - default default] Successfully bumped revision number for resource 45201ae6-9040-400d-bd73-d807bc115d33 (type: security_groups) to 1
2026-07-08 06:16:44.715 9 INFO neutron.db.ovn_revision_numbers_db [None req-a86bf176-0463-4493-b2d8-c48818af84f4 f9d0012c80a44f34981be525aa95de34 31c8531259d447fa8358eb34b21b7e43 - - default default] Successfully bumped revision number for resource 1c26fe4a-0990-4e12-bd5e-51b40228ac21 (type: security_group_rules) to 0
2026-07-08 06:16:44.727 9 INFO neutron.db.ovn_revision_numbers_db [None req-a86bf176-0463-4493-b2d8-c48818af84f4 f9d0012c80a44f34981be525aa95de34 31c8531259d447fa8358eb34b21b7e43 - - default default] Successfully bumped revision number for resource 21e48a11-29a6-412f-aba2-c2a42ffabb59 (type: security_group_rules) to 0
2026-07-08 06:16:44.745 9 INFO neutron.db.ovn_revision_numbers_db [None req-a86bf176-0463-4493-b2d8-c48818af84f4 f9d0012c80a44f34981be525aa95de34 31c8531259d447fa8358eb34b21b7e43 - - default default] Successfully bumped revision number for resource cd666100-d7b4-4d7b-bf99-1b0f3c995f04 (type: security_group_rules) to 0
2026-07-08 06:16:44.758 9 INFO neutron.db.ovn_revision_numbers_db [None req-a86bf176-0463-4493-b2d8-c48818af84f4 f9d0012c80a44f34981be525aa95de34 31c8531259d447fa8358eb34b21b7e43 - - default default] Successfully bumped revision number for resource e249f53f-9d19-4aa9-bf34-e13718b4d6f1 (type: security_group_rules) to 0
2026-07-08 06:16:44.790 9 INFO neutron.wsgi [None req-a86bf176-0463-4493-b2d8-c48818af84f4 f9d0012c80a44f34981be525aa95de34 31c8531259d447fa8358eb34b21b7e43 - - default default] 10.0.0.36 "GET /v2.0/security-groups?tenant_id=b69024d5dbb34c7dbf4b8ea4d76ff670&name=default HTTP/1.1" status: 200 len: 2996 time: 0.2956142
2026-07-08 06:16:44.798 9 INFO neutron.wsgi [req-a7ae8b09-2528-40dd-8d2a-621aab83b5ea req-57379492-6b49-4cc6-86d3-4cc7796a962d 26ab0e3c7ac449ab97456dce3ee1792e 7ad5575edb884a0fb12ac21f5cac962e - - default default] 10.0.0.153 "GET /v2.0/ports?device_id=fbc7c8bf-a1b1-413e-8b0b-b39735c80dff HTTP/1.1" status: 200 len: 210 time: 0.0241182
2026-07-08 06:16:44.873 10 WARNING neutron.scheduler.dhcp_agent_scheduler [req-2f31516d-72cb-47d3-8951-63a9caab3575 req-0b52d230-4925-4b37-87fe-41fb09415493 26ab0e3c7ac449ab97456dce3ee1792e 7ad5575edb884a0fb12ac21f5cac962e - - default default] No more DHCP agents
2026-07-08 06:16:44.877 10 WARNING neutron.api.rpc.agentnotifiers.dhcp_rpc_agent_api [req-2f31516d-72cb-47d3-8951-63a9caab3575 req-0b52d230-4925-4b37-87fe-41fb09415493 26ab0e3c7ac449ab97456dce3ee1792e 7ad5575edb884a0fb12ac21f5cac962e - - default default] Unable to schedule network e7ec0596-65bf-4084-ac63-3822b8218a79: no agents available; will retry on subsequent port and subnet creation events.
2026-07-08 06:16:45.050 10 INFO neutron.db.ovn_revision_numbers_db [req-2f31516d-72cb-47d3-8951-63a9caab3575 req-0b52d230-4925-4b37-87fe-41fb09415493 26ab0e3c7ac449ab97456dce3ee1792e 7ad5575edb884a0fb12ac21f5cac962e - - default default] Successfully bumped revision number for resource 1415fd4c-f835-4293-92f7-4a87ecc53ad8 (type: ports) to 1
2026-07-08 06:16:45.070 10 INFO neutron.wsgi [None req-27ff596f-2f27-4b55-9f7d-3f42581b54fb f9d0012c80a44f34981be525aa95de34 31c8531259d447fa8358eb34b21b7e43 - - default default] 10.0.0.36 "DELETE /v2.0/security-groups/45201ae6-9040-400d-bd73-d807bc115d33 HTTP/1.1" status: 204 len: 168 time: 0.2764390
2026-07-08 06:16:45.077 10 INFO neutron.wsgi [req-2f31516d-72cb-47d3-8951-63a9caab3575 req-0b52d230-4925-4b37-87fe-41fb09415493 26ab0e3c7ac449ab97456dce3ee1792e 7ad5575edb884a0fb12ac21f5cac962e - - default default] 199.204.45.89 "POST /v2.0/ports HTTP/1.1" status: 201 len: 1158 time: 0.5522187 /var/lib/openstack/lib/python3.10/site-packages/pycadf/identifier.py:71: UserWarning: Invalid uuid: neutron. To ensure interoperability, identifiers should be a valid uuid. warnings.warn(('Invalid uuid: %s. To ensure interoperability, '
2026-07-08 06:16:45.255 10 INFO neutron.wsgi [req-ccce0e92-db68-4bb6-9328-92844dd54e04 req-f1cfb24b-45c3-47be-a11f-f1a736e10d37 26ca87b1b3324dddb79ad44d6e826bf6 47f08c3366dd447e8c92d7b83369e780 - - ee583b710bfd4bb2bf2b0a42e9676962 ee583b710bfd4bb2bf2b0a42e9676962] 10.0.0.185 "GET /v2.0/ports?device_id=70353eec-0f7b-45eb-b734-df63c17ad1c7 HTTP/1.1" status: 200 len: 1409 time: 0.0454895
2026-07-08 06:16:45.321 10 INFO neutron.wsgi [req-ccce0e92-db68-4bb6-9328-92844dd54e04 req-4763908a-2ce2-4b0b-b24e-ef4fed6b1d61 26ca87b1b3324dddb79ad44d6e826bf6 47f08c3366dd447e8c92d7b83369e780 - - ee583b710bfd4bb2bf2b0a42e9676962 ee583b710bfd4bb2bf2b0a42e9676962] 10.0.0.185 "GET /v2.0/security-groups?id=7a6cc940-0a33-49e3-8077-605bcd14111f&fields=id&fields=name HTTP/1.1" status: 200 len: 312 time: 0.0584471
2026-07-08 06:16:45.343 9 INFO neutron.db.ovn_revision_numbers_db [None req-1e886808-7133-4aa0-afa2-80f8b5c9dd39 f9d0012c80a44f34981be525aa95de34 31c8531259d447fa8358eb34b21b7e43 - - default default] Successfully bumped revision number for resource 25bad6e2-419e-497b-9351-64b3b7a1d107 (type: security_groups) to 1
2026-07-08 06:16:45.368 9 INFO neutron.db.ovn_revision_numbers_db [None req-1e886808-7133-4aa0-afa2-80f8b5c9dd39 f9d0012c80a44f34981be525aa95de34 31c8531259d447fa8358eb34b21b7e43 - - default default] Successfully bumped revision number for resource 1717eb78-1c12-42a1-9d61-d61a2e9b65ec (type: security_group_rules) to 0
2026-07-08 06:16:45.387 9 INFO neutron.db.ovn_revision_numbers_db [None req-1e886808-7133-4aa0-afa2-80f8b5c9dd39 f9d0012c80a44f34981be525aa95de34 31c8531259d447fa8358eb34b21b7e43 - - default default] Successfully bumped revision number for resource 6e3718dd-d16d-4ee2-8503-2c951202e33a (type: security_group_rules) to 0
2026-07-08 06:16:45.405 9 INFO neutron.db.ovn_revision_numbers_db [None req-1e886808-7133-4aa0-afa2-80f8b5c9dd39 f9d0012c80a44f34981be525aa95de34 31c8531259d447fa8358eb34b21b7e43 - - default default] Successfully bumped revision number for resource 70af06a5-1a81-49d7-881f-15e4b4080244 (type: security_group_rules) to 0
2026-07-08 06:16:45.427 9 INFO neutron.db.ovn_revision_numbers_db [None req-1e886808-7133-4aa0-afa2-80f8b5c9dd39 f9d0012c80a44f34981be525aa95de34 31c8531259d447fa8358eb34b21b7e43 - - default default] Successfully bumped revision number for resource 7458b4d2-66ed-425f-9822-f1aa2816f9df (type: security_group_rules) to 0
2026-07-08 06:16:45.449 9 INFO neutron.wsgi [None req-1e886808-7133-4aa0-afa2-80f8b5c9dd39 f9d0012c80a44f34981be525aa95de34 31c8531259d447fa8358eb34b21b7e43 - - default default] 10.0.0.36 "GET /v2.0/security-groups?tenant_id=49e97506d9a54079858b2758f1999499&name=default HTTP/1.1" status: 200 len: 2996 time: 0.2505147
2026-07-08 06:16:45.501 9 WARNING neutron.plugins.ml2.drivers.ovn.mech_driver.ovsdb.ovn_client [None req-41e60fba-ef33-4b33-94db-723173586111 - - - - - -] No hosting information found for port 8e30bd98-66f0-4588-8573-58f0998b9733: RuntimeError: No hosting information found for port 8e30bd98-66f0-4588-8573-58f0998b9733
2026-07-08 06:16:45.680 9 INFO neutron.wsgi [None req-dd33e10c-7980-4102-83fd-848d60624d54 f9d0012c80a44f34981be525aa95de34 31c8531259d447fa8358eb34b21b7e43 - - default default] 10.0.0.36 "DELETE /v2.0/security-groups/25bad6e2-419e-497b-9351-64b3b7a1d107 HTTP/1.1" status: 204 len: 168 time: 0.2240856
2026-07-08 06:16:45.710 10 INFO neutron.db.ovn_revision_numbers_db [req-2f31516d-72cb-47d3-8951-63a9caab3575 req-a3da5781-5ddc-414b-8143-111e0441cce4 26ca87b1b3324dddb79ad44d6e826bf6 47f08c3366dd447e8c92d7b83369e780 - - ee583b710bfd4bb2bf2b0a42e9676962 ee583b710bfd4bb2bf2b0a42e9676962] Successfully bumped revision number for resource 1415fd4c-f835-4293-92f7-4a87ecc53ad8 (type: ports) to 2 /var/lib/openstack/lib/python3.10/site-packages/pycadf/identifier.py:71: UserWarning: Invalid uuid: neutron. To ensure interoperability, identifiers should be a valid uuid. warnings.warn(('Invalid uuid: %s. To ensure interoperability, '
2026-07-08 06:16:45.944 10 INFO neutron.db.ovn_revision_numbers_db [req-2f31516d-72cb-47d3-8951-63a9caab3575 req-a3da5781-5ddc-414b-8143-111e0441cce4 26ca87b1b3324dddb79ad44d6e826bf6 47f08c3366dd447e8c92d7b83369e780 - - ee583b710bfd4bb2bf2b0a42e9676962 ee583b710bfd4bb2bf2b0a42e9676962] Successfully bumped revision number for resource 1415fd4c-f835-4293-92f7-4a87ecc53ad8 (type: ports) to 2
2026-07-08 06:16:45.961 10 INFO neutron.wsgi [req-2f31516d-72cb-47d3-8951-63a9caab3575 req-a3da5781-5ddc-414b-8143-111e0441cce4 26ca87b1b3324dddb79ad44d6e826bf6 47f08c3366dd447e8c92d7b83369e780 - - ee583b710bfd4bb2bf2b0a42e9676962 ee583b710bfd4bb2bf2b0a42e9676962] 199.204.45.89 "PUT /v2.0/ports/1415fd4c-f835-4293-92f7-4a87ecc53ad8 HTTP/1.1" status: 200 len: 1376 time: 0.8765235
2026-07-08 06:16:45.990 10 INFO neutron.wsgi [req-4b22f7db-3232-40a9-add8-ac32b374715f req-0df5cf44-e716-4e20-86fd-f50242465b0a 26ab0e3c7ac449ab97456dce3ee1792e 7ad5575edb884a0fb12ac21f5cac962e - - default default] 10.0.0.153 "GET /v2.0/ports?device_id=fbc7c8bf-a1b1-413e-8b0b-b39735c80dff HTTP/1.1" status: 200 len: 1168 time: 0.1084020
2026-07-08 06:16:45.996 10 INFO neutron.notifiers.nova [-] Nova event matching ['req-e95d4450-9d3c-41a0-83ab-0dba97bcfab2'] response: {'name': 'network-changed', 'server_uuid': 'fbc7c8bf-a1b1-413e-8b0b-b39735c80dff', 'tag': '1415fd4c-f835-4293-92f7-4a87ecc53ad8', 'status': 'completed', 'code': 200}
2026-07-08 06:16:46.044 10 INFO neutron.wsgi [req-2f31516d-72cb-47d3-8951-63a9caab3575 req-b2c31beb-f04c-4adb-be4e-0500a05bda79 26ca87b1b3324dddb79ad44d6e826bf6 47f08c3366dd447e8c92d7b83369e780 - - ee583b710bfd4bb2bf2b0a42e9676962 ee583b710bfd4bb2bf2b0a42e9676962] 199.204.45.89 "GET /v2.0/ports?tenant_id=7ad5575edb884a0fb12ac21f5cac962e&device_id=fbc7c8bf-a1b1-413e-8b0b-b39735c80dff HTTP/1.1" status: 200 len: 1407 time: 0.0333948
2026-07-08 06:16:46.047 10 INFO neutron.wsgi [req-4b22f7db-3232-40a9-add8-ac32b374715f req-691a16cc-a68d-4e7a-87e1-a2e768cce9d4 26ab0e3c7ac449ab97456dce3ee1792e 7ad5575edb884a0fb12ac21f5cac962e - - default default] 10.0.0.153 "GET /v2.0/security-groups?id=d01a638f-2e8b-48b7-b3b1-3fb2b41fa93c&fields=id&fields=name HTTP/1.1" status: 200 len: 313 time: 0.0452800
2026-07-08 06:16:46.075 10 INFO neutron.wsgi [req-2f31516d-72cb-47d3-8951-63a9caab3575 req-4c3a2931-9b0e-4acd-9c70-2c70b305c425 26ca87b1b3324dddb79ad44d6e826bf6 47f08c3366dd447e8c92d7b83369e780 - - ee583b710bfd4bb2bf2b0a42e9676962 ee583b710bfd4bb2bf2b0a42e9676962] 199.204.45.89 "GET /v2.0/floatingips?fixed_ip_address=10.100.0.5&port_id=1415fd4c-f835-4293-92f7-4a87ecc53ad8 HTTP/1.1" status: 200 len: 217 time: 0.0244148
2026-07-08 06:16:46.109 10 INFO neutron.wsgi [req-2f31516d-72cb-47d3-8951-63a9caab3575 req-3366b5e7-ea12-484b-8a8b-4b6c211017b2 26ca87b1b3324dddb79ad44d6e826bf6 47f08c3366dd447e8c92d7b83369e780 - - ee583b710bfd4bb2bf2b0a42e9676962 ee583b710bfd4bb2bf2b0a42e9676962] 199.204.45.89 "GET /v2.0/subnets?id=2038853f-9671-4046-b5db-a3edaa6ca4b2 HTTP/1.1" status: 200 len: 863 time: 0.0298135
2026-07-08 06:16:46.134 10 INFO neutron.wsgi [req-2f31516d-72cb-47d3-8951-63a9caab3575 req-53c18a5c-07c5-45d0-b676-be161f06ab8c 26ca87b1b3324dddb79ad44d6e826bf6 47f08c3366dd447e8c92d7b83369e780 - - ee583b710bfd4bb2bf2b0a42e9676962 ee583b710bfd4bb2bf2b0a42e9676962] 199.204.45.89 "GET /v2.0/ports?network_id=e7ec0596-65bf-4084-ac63-3822b8218a79&device_owner=network%3Adhcp HTTP/1.1" status: 200 len: 210 time: 0.0187578
2026-07-08 06:16:46.201 10 INFO neutron.wsgi [req-2f31516d-72cb-47d3-8951-63a9caab3575 req-4114c8c8-eec9-4c6e-a151-7aa2858ad2d4 26ca87b1b3324dddb79ad44d6e826bf6 47f08c3366dd447e8c92d7b83369e780 - - ee583b710bfd4bb2bf2b0a42e9676962 ee583b710bfd4bb2bf2b0a42e9676962] 199.204.45.89 "GET /v2.0/networks/e7ec0596-65bf-4084-ac63-3822b8218a79?fields=segments HTTP/1.1" status: 200 len: 212 time: 0.0585146
2026-07-08 06:16:46.265 10 INFO neutron.wsgi [req-2f31516d-72cb-47d3-8951-63a9caab3575 req-db17ca82-97b0-4c61-80e7-9d36997e27b5 26ca87b1b3324dddb79ad44d6e826bf6 47f08c3366dd447e8c92d7b83369e780 - - ee583b710bfd4bb2bf2b0a42e9676962 ee583b710bfd4bb2bf2b0a42e9676962] 199.204.45.89 "GET /v2.0/networks/e7ec0596-65bf-4084-ac63-3822b8218a79?fields=provider%3Aphysical_network&fields=provider%3Anetwork_type HTTP/1.1" status: 200 len: 277 time: 0.0554879
2026-07-08 06:16:46.357 10 INFO neutron.wsgi [req-0b65024c-e80d-4afd-bf43-83731b256bfd req-7207c95e-5923-45d3-93ee-591159d87bae 26ca87b1b3324dddb79ad44d6e826bf6 47f08c3366dd447e8c92d7b83369e780 - - ee583b710bfd4bb2bf2b0a42e9676962 ee583b710bfd4bb2bf2b0a42e9676962] 199.204.45.89 "GET /v2.0/ports?tenant_id=7ad5575edb884a0fb12ac21f5cac962e&device_id=fbc7c8bf-a1b1-413e-8b0b-b39735c80dff HTTP/1.1" status: 200 len: 1407 time: 0.0428891
2026-07-08 06:16:46.433 10 INFO neutron.wsgi [req-0b65024c-e80d-4afd-bf43-83731b256bfd req-b34a4a1d-34ef-4ea8-8b55-06427e556d92 26ca87b1b3324dddb79ad44d6e826bf6 47f08c3366dd447e8c92d7b83369e780 - - ee583b710bfd4bb2bf2b0a42e9676962 ee583b710bfd4bb2bf2b0a42e9676962] 199.204.45.89 "GET /v2.0/networks?id=e7ec0596-65bf-4084-ac63-3822b8218a79 HTTP/1.1" status: 200 len: 967 time: 0.0698106
2026-07-08 06:16:46.459 10 INFO neutron.wsgi [req-0b65024c-e80d-4afd-bf43-83731b256bfd req-45d92ef4-194f-4e8a-bfab-8fda805c7138 26ca87b1b3324dddb79ad44d6e826bf6 47f08c3366dd447e8c92d7b83369e780 - - ee583b710bfd4bb2bf2b0a42e9676962 ee583b710bfd4bb2bf2b0a42e9676962] 199.204.45.89 "GET /v2.0/floatingips?fixed_ip_address=10.100.0.5&port_id=1415fd4c-f835-4293-92f7-4a87ecc53ad8 HTTP/1.1" status: 200 len: 217 time: 0.0203102
2026-07-08 06:16:46.462 9 INFO neutron.plugins.ml2.drivers.ovn.mech_driver.mech_driver [None req-41e60fba-ef33-4b33-94db-723173586111 - - - - - -] OVN reports status up for port: 1415fd4c-f835-4293-92f7-4a87ecc53ad8
2026-07-08 06:16:46.492 9 INFO neutron.plugins.ml2.plugin [None req-41e60fba-ef33-4b33-94db-723173586111 - - - - - -] Attempt 1 to provision port 1415fd4c-f835-4293-92f7-4a87ecc53ad8
2026-07-08 06:16:46.530 10 INFO neutron.wsgi [req-0b65024c-e80d-4afd-bf43-83731b256bfd req-09a7d2de-3c44-45e1-8276-9388107016ce 26ca87b1b3324dddb79ad44d6e826bf6 47f08c3366dd447e8c92d7b83369e780 - - ee583b710bfd4bb2bf2b0a42e9676962 ee583b710bfd4bb2bf2b0a42e9676962] 199.204.45.89 "GET /v2.0/subnets?id=2038853f-9671-4046-b5db-a3edaa6ca4b2 HTTP/1.1" status: 200 len: 863 time: 0.0477669
2026-07-08 06:16:46.556 10 INFO neutron.wsgi [req-0b65024c-e80d-4afd-bf43-83731b256bfd req-25d3ed6b-2626-4e3c-bb18-1b15da9d7bfd 26ca87b1b3324dddb79ad44d6e826bf6 47f08c3366dd447e8c92d7b83369e780 - - ee583b710bfd4bb2bf2b0a42e9676962 ee583b710bfd4bb2bf2b0a42e9676962] 199.204.45.89 "GET /v2.0/ports?network_id=e7ec0596-65bf-4084-ac63-3822b8218a79&device_owner=network%3Adhcp HTTP/1.1" status: 200 len: 210 time: 0.0207648
2026-07-08 06:16:46.619 9 INFO neutron.notifiers.nova [-] Nova event matching ['req-7aa3af8d-e4f3-45c8-a597-139031e7b5c9'] response: {'server_uuid': 'fbc7c8bf-a1b1-413e-8b0b-b39735c80dff', 'name': 'network-vif-plugged', 'status': 'completed', 'tag': '1415fd4c-f835-4293-92f7-4a87ecc53ad8', 'code': 200}
2026-07-08 06:16:46.635 10 INFO neutron.wsgi [req-0b65024c-e80d-4afd-bf43-83731b256bfd req-2df2734a-d20c-448e-9bfd-b10fc7842e99 26ca87b1b3324dddb79ad44d6e826bf6 47f08c3366dd447e8c92d7b83369e780 - - ee583b710bfd4bb2bf2b0a42e9676962 ee583b710bfd4bb2bf2b0a42e9676962] 199.204.45.89 "GET /v2.0/networks/e7ec0596-65bf-4084-ac63-3822b8218a79?fields=segments HTTP/1.1" status: 200 len: 212 time: 0.0711100
2026-07-08 06:16:46.700 10 INFO neutron.wsgi [req-0b65024c-e80d-4afd-bf43-83731b256bfd req-66195473-4880-4c61-81a2-8746bee019a7 26ca87b1b3324dddb79ad44d6e826bf6 47f08c3366dd447e8c92d7b83369e780 - - ee583b710bfd4bb2bf2b0a42e9676962 ee583b710bfd4bb2bf2b0a42e9676962] 199.204.45.89 "GET /v2.0/networks/e7ec0596-65bf-4084-ac63-3822b8218a79?fields=provider%3Aphysical_network&fields=provider%3Anetwork_type HTTP/1.1" status: 200 len: 277 time: 0.0557015
2026-07-08 06:16:46.801 9 INFO neutron.db.ovn_revision_numbers_db [None req-41e60fba-ef33-4b33-94db-723173586111 - - - - - -] Successfully bumped revision number for resource 1415fd4c-f835-4293-92f7-4a87ecc53ad8 (type: ports) to 4
2026-07-08 06:16:47.179 10 INFO neutron.wsgi [req-3fb2f190-2341-4c1b-947c-b4457c34c694 req-6942973d-1cd4-4be8-9c68-f3cfd13d8e37 26ab0e3c7ac449ab97456dce3ee1792e 7ad5575edb884a0fb12ac21f5cac962e - - default default] 10.0.0.153 "GET /v2.0/ports?device_id=fbc7c8bf-a1b1-413e-8b0b-b39735c80dff HTTP/1.1" status: 200 len: 1170 time: 0.0360360
2026-07-08 06:16:47.232 10 INFO neutron.wsgi [req-3fb2f190-2341-4c1b-947c-b4457c34c694 req-ac3b7131-2615-4bbe-ba47-f428415a64fe 26ab0e3c7ac449ab97456dce3ee1792e 7ad5575edb884a0fb12ac21f5cac962e - - default default] 10.0.0.153 "GET /v2.0/security-groups?id=d01a638f-2e8b-48b7-b3b1-3fb2b41fa93c&fields=id&fields=name HTTP/1.1" status: 200 len: 313 time: 0.0455053
2026-07-08 06:16:47.443 10 INFO neutron.db.ovn_revision_numbers_db [None req-bbe3f2f2-405f-47c9-8829-30bdeaa48015 f9d0012c80a44f34981be525aa95de34 31c8531259d447fa8358eb34b21b7e43 - - default default] Successfully bumped revision number for resource d41710d8-ac97-4824-bf52-37c214a6d6b7 (type: security_groups) to 1
2026-07-08 06:16:47.459 10 INFO neutron.db.ovn_revision_numbers_db [None req-bbe3f2f2-405f-47c9-8829-30bdeaa48015 f9d0012c80a44f34981be525aa95de34 31c8531259d447fa8358eb34b21b7e43 - - default default] Successfully bumped revision number for resource 5d1326ac-e6bb-4759-8be6-b8e7abaf1146 (type: security_group_rules) to 0
2026-07-08 06:16:47.474 10 INFO neutron.db.ovn_revision_numbers_db [None req-bbe3f2f2-405f-47c9-8829-30bdeaa48015 f9d0012c80a44f34981be525aa95de34 31c8531259d447fa8358eb34b21b7e43 - - default default] Successfully bumped revision number for resource 691f29d6-1c90-43fb-9a72-1f100b808a43 (type: security_group_rules) to 0
2026-07-08 06:16:47.486 10 INFO neutron.db.ovn_revision_numbers_db [None req-bbe3f2f2-405f-47c9-8829-30bdeaa48015 f9d0012c80a44f34981be525aa95de34 31c8531259d447fa8358eb34b21b7e43 - - default default] Successfully bumped revision number for resource 6a3681b7-d639-4351-89a9-e4f193523584 (type: security_group_rules) to 0
2026-07-08 06:16:47.500 10 INFO neutron.db.ovn_revision_numbers_db [None req-bbe3f2f2-405f-47c9-8829-30bdeaa48015 f9d0012c80a44f34981be525aa95de34 31c8531259d447fa8358eb34b21b7e43 - - default default] Successfully bumped revision number for resource 9dcfbd56-f177-46ac-bec6-6dc0a3607ca4 (type: security_group_rules) to 0
2026-07-08 06:16:47.533 10 INFO neutron.wsgi [None req-bbe3f2f2-405f-47c9-8829-30bdeaa48015 f9d0012c80a44f34981be525aa95de34 31c8531259d447fa8358eb34b21b7e43 - - default default] 10.0.0.36 "GET /v2.0/security-groups?tenant_id=505f68de06e44c6b9755c049bb30eab9&name=default HTTP/1.1" status: 200 len: 2996 time: 0.4068975
2026-07-08 06:16:47.722 10 INFO neutron.wsgi [None req-920aaaab-14d6-4c8d-acf2-f519e1f91da8 f9d0012c80a44f34981be525aa95de34 31c8531259d447fa8358eb34b21b7e43 - - default default] 10.0.0.36 "DELETE /v2.0/security-groups/d41710d8-ac97-4824-bf52-37c214a6d6b7 HTTP/1.1" status: 204 len: 168 time: 0.1827118 /var/lib/openstack/lib/python3.10/site-packages/pycadf/identifier.py:71: UserWarning: Invalid uuid: neutron. To ensure interoperability, identifiers should be a valid uuid. warnings.warn(('Invalid uuid: %s. To ensure interoperability, '
2026-07-08 06:16:48.234 9 INFO neutron.db.ovn_revision_numbers_db [None req-2c8af24c-cc60-4385-bdad-f112dc56d58f f9d0012c80a44f34981be525aa95de34 31c8531259d447fa8358eb34b21b7e43 - - default default] Successfully bumped revision number for resource 727d4035-85ca-49b5-9010-34f772824a02 (type: security_groups) to 1
2026-07-08 06:16:48.250 9 INFO neutron.db.ovn_revision_numbers_db [None req-2c8af24c-cc60-4385-bdad-f112dc56d58f f9d0012c80a44f34981be525aa95de34 31c8531259d447fa8358eb34b21b7e43 - - default default] Successfully bumped revision number for resource 485fd44f-d2f1-4dcf-839c-08f40989237c (type: security_group_rules) to 0
2026-07-08 06:16:48.268 9 INFO neutron.db.ovn_revision_numbers_db [None req-2c8af24c-cc60-4385-bdad-f112dc56d58f f9d0012c80a44f34981be525aa95de34 31c8531259d447fa8358eb34b21b7e43 - - default default] Successfully bumped revision number for resource 49582011-564f-4d36-a373-4cf314f4da12 (type: security_group_rules) to 0
2026-07-08 06:16:48.285 9 INFO neutron.db.ovn_revision_numbers_db [None req-2c8af24c-cc60-4385-bdad-f112dc56d58f f9d0012c80a44f34981be525aa95de34 31c8531259d447fa8358eb34b21b7e43 - - default default] Successfully bumped revision number for resource 776f9fc5-43c5-4bef-b9b2-af5b84a54a40 (type: security_group_rules) to 0
2026-07-08 06:16:48.300 9 INFO neutron.db.ovn_revision_numbers_db [None req-2c8af24c-cc60-4385-bdad-f112dc56d58f f9d0012c80a44f34981be525aa95de34 31c8531259d447fa8358eb34b21b7e43 - - default default] Successfully bumped revision number for resource b87fdb0c-f606-41b5-99f1-344fb9088fad (type: security_group_rules) to 0
2026-07-08 06:16:48.344 9 INFO neutron.wsgi [None req-2c8af24c-cc60-4385-bdad-f112dc56d58f f9d0012c80a44f34981be525aa95de34 31c8531259d447fa8358eb34b21b7e43 - - default default] 10.0.0.36 "GET /v2.0/security-groups?tenant_id=24f74ece5d3944c1b89a086d230e02dd&name=default HTTP/1.1" status: 200 len: 2996 time: 0.3998730
2026-07-08 06:16:48.360 9 INFO neutron.wsgi [req-f514448d-febb-46fd-80df-27d3075f1994 req-607e0648-c66b-4730-96b1-7de751dc29b3 26ab0e3c7ac449ab97456dce3ee1792e 7ad5575edb884a0fb12ac21f5cac962e - - default default] 10.0.0.153 "GET /v2.0/ports?device_id=fbc7c8bf-a1b1-413e-8b0b-b39735c80dff HTTP/1.1" status: 200 len: 1170 time: 0.0513422
2026-07-08 06:16:48.425 9 INFO neutron.wsgi [req-f514448d-febb-46fd-80df-27d3075f1994 req-60c8d4bb-78fb-4fd2-ba44-d9b23155be81 26ab0e3c7ac449ab97456dce3ee1792e 7ad5575edb884a0fb12ac21f5cac962e - - default default] 10.0.0.153 "GET /v2.0/security-groups?id=d01a638f-2e8b-48b7-b3b1-3fb2b41fa93c&fields=id&fields=name HTTP/1.1" status: 200 len: 313 time: 0.0531914
2026-07-08 06:16:48.524 10 INFO neutron.wsgi [req-b5fc237a-4411-4290-bb0e-59e19f32ab12 req-00ace7b0-7d79-4713-a502-5d6ad58b5e86 26ab0e3c7ac449ab97456dce3ee1792e 7ad5575edb884a0fb12ac21f5cac962e - - default default] 10.0.0.153 "GET /v2.0/ports?device_id=fbc7c8bf-a1b1-413e-8b0b-b39735c80dff HTTP/1.1" status: 200 len: 1170 time: 0.0347781
2026-07-08 06:16:48.580 10 INFO neutron.wsgi [None req-78d06a88-957e-4ab6-9505-c3a0407b27ca f9d0012c80a44f34981be525aa95de34 31c8531259d447fa8358eb34b21b7e43 - - default default] 10.0.0.36 "DELETE /v2.0/security-groups/727d4035-85ca-49b5-9010-34f772824a02 HTTP/1.1" status: 204 len: 168 time: 0.2279189
2026-07-08 06:16:48.687 9 INFO neutron.notifiers.nova [-] Nova event matching ['req-06e82bcc-51be-4741-9cec-e314bf6d1931'] response: {'server_uuid': 'fbc7c8bf-a1b1-413e-8b0b-b39735c80dff', 'name': 'network-vif-plugged', 'status': 'completed', 'tag': '1415fd4c-f835-4293-92f7-4a87ecc53ad8', 'code': 200}
2026-07-08 06:16:48.785 9 INFO neutron.db.l3_db [None req-06d949ba-30c2-4ed7-8f31-69832243c058 26ab0e3c7ac449ab97456dce3ee1792e 7ad5575edb884a0fb12ac21f5cac962e - - default default] Floating IP 0c515948-cce2-4938-a6aa-311b1eb7ebbf associated. External IP: 10.96.250.209, port: 1415fd4c-f835-4293-92f7-4a87ecc53ad8.
2026-07-08 06:16:48.968 9 INFO neutron.db.ovn_revision_numbers_db [None req-06d949ba-30c2-4ed7-8f31-69832243c058 26ab0e3c7ac449ab97456dce3ee1792e 7ad5575edb884a0fb12ac21f5cac962e - - default default] Successfully bumped revision number for resource 0c515948-cce2-4938-a6aa-311b1eb7ebbf (type: floatingips) to 1
2026-07-08 06:16:49.088 9 INFO neutron.db.ovn_revision_numbers_db [None req-06d949ba-30c2-4ed7-8f31-69832243c058 26ab0e3c7ac449ab97456dce3ee1792e 7ad5575edb884a0fb12ac21f5cac962e - - default default] Successfully bumped revision number for resource 0c515948-cce2-4938-a6aa-311b1eb7ebbf (type: floatingips) to 2
2026-07-08 06:16:49.111 9 INFO neutron.wsgi [None req-06d949ba-30c2-4ed7-8f31-69832243c058 26ab0e3c7ac449ab97456dce3ee1792e 7ad5575edb884a0fb12ac21f5cac962e - - default default] 10.0.0.36 "PUT /v2.0/floatingips/0c515948-cce2-4938-a6aa-311b1eb7ebbf HTTP/1.1" status: 200 len: 1049 time: 0.5715184 /var/lib/openstack/lib/python3.10/site-packages/pycadf/identifier.py:71: UserWarning: Invalid uuid: neutron. To ensure interoperability, identifiers should be a valid uuid. warnings.warn(('Invalid uuid: %s. To ensure interoperability, '
2026-07-08 06:16:49.216 10 INFO neutron.wsgi [req-975b051f-90e9-4b6f-b386-f2a09df06388 req-ddecd327-b24f-458c-ae05-add2d5d22ce5 26ab0e3c7ac449ab97456dce3ee1792e 7ad5575edb884a0fb12ac21f5cac962e - - default default] 10.0.0.153 "GET /v2.0/ports?device_id=fbc7c8bf-a1b1-413e-8b0b-b39735c80dff HTTP/1.1" status: 200 len: 1170 time: 0.0473001
2026-07-08 06:16:49.274 10 INFO neutron.wsgi [req-975b051f-90e9-4b6f-b386-f2a09df06388 req-471bf34b-aca5-45da-a772-e7f1f9755b44 26ab0e3c7ac449ab97456dce3ee1792e 7ad5575edb884a0fb12ac21f5cac962e - - default default] 10.0.0.153 "GET /v2.0/security-groups?id=d01a638f-2e8b-48b7-b3b1-3fb2b41fa93c&fields=id&fields=name HTTP/1.1" status: 200 len: 313 time: 0.0515840
2026-07-08 06:16:49.472 10 INFO neutron.wsgi [req-573001e5-327b-49cc-a8fb-2da7b31e08e6 req-f665b275-56ed-46b7-b855-410cb30734ca bcbb7bab6f8c459a88d65407e4954779 4049d64a4d184bd8a4533ab9658e3ec6 - - default default] 10.0.0.153 "GET /v2.0/ports?device_id=70353eec-0f7b-45eb-b734-df63c17ad1c7 HTTP/1.1" status: 200 len: 1170 time: 0.0937364
2026-07-08 06:16:49.528 10 INFO neutron.wsgi [req-573001e5-327b-49cc-a8fb-2da7b31e08e6 req-8c4e2b50-060c-4e38-9611-9c8a9e59633f bcbb7bab6f8c459a88d65407e4954779 4049d64a4d184bd8a4533ab9658e3ec6 - - default default] 10.0.0.153 "GET /v2.0/security-groups?id=7a6cc940-0a33-49e3-8077-605bcd14111f&fields=id&fields=name HTTP/1.1" status: 200 len: 312 time: 0.0497787
2026-07-08 06:16:49.604 9 INFO neutron.plugins.ml2.drivers.ovn.mech_driver.mech_driver [None req-41e60fba-ef33-4b33-94db-723173586111 - - - - - -] OVN reports status down for port: 1415fd4c-f835-4293-92f7-4a87ecc53ad8
2026-07-08 06:16:49.727 9 INFO neutron.wsgi [req-645fbe74-102b-469a-98e7-7a2c1ba91c87 req-839c5231-4188-45de-b96d-a5cf40c98b90 26ab0e3c7ac449ab97456dce3ee1792e 7ad5575edb884a0fb12ac21f5cac962e - - default default] 10.0.0.153 "GET /v2.0/ports?device_id=fbc7c8bf-a1b1-413e-8b0b-b39735c80dff HTTP/1.1" status: 200 len: 1170 time: 0.1765172
2026-07-08 06:16:49.770 10 INFO neutron.plugins.ml2.drivers.ovn.mech_driver.mech_driver [None req-1f3ac1b1-c9eb-4667-a03d-cc9a1820faa9 - - - - - -] OVN reports status down for port: 589c1c15-5dff-48a9-9e8f-4f24e2c436af
2026-07-08 06:16:49.805 10 INFO neutron.wsgi [req-26b5bcbb-e866-4c69-aaad-287e9779ba2f req-514b815d-fbde-45c7-8ac3-5138276e171b bcbb7bab6f8c459a88d65407e4954779 4049d64a4d184bd8a4533ab9658e3ec6 - - default default] 10.0.0.153 "GET /v2.0/ports?device_id=70353eec-0f7b-45eb-b734-df63c17ad1c7 HTTP/1.1" status: 200 len: 1170 time: 0.0625796
2026-07-08 06:16:49.812 9 INFO neutron.wsgi [req-645fbe74-102b-469a-98e7-7a2c1ba91c87 req-6fcb5a70-a084-49f1-b1e8-64f6865fd5cd 26ab0e3c7ac449ab97456dce3ee1792e 7ad5575edb884a0fb12ac21f5cac962e - - default default] 10.0.0.153 "GET /v2.0/security-groups?id=d01a638f-2e8b-48b7-b3b1-3fb2b41fa93c&fields=id&fields=name HTTP/1.1" status: 200 len: 313 time: 0.0808783
2026-07-08 06:16:49.874 10 INFO neutron.wsgi [req-26b5bcbb-e866-4c69-aaad-287e9779ba2f req-c5e75cd1-bb51-42e2-afcd-d9b7bf7e9be1 bcbb7bab6f8c459a88d65407e4954779 4049d64a4d184bd8a4533ab9658e3ec6 - - default default] 10.0.0.153 "GET /v2.0/security-groups?id=7a6cc940-0a33-49e3-8077-605bcd14111f&fields=id&fields=name HTTP/1.1" status: 200 len: 312 time: 0.0618894
2026-07-08 06:16:49.961 10 INFO neutron.wsgi [req-fe4aec22-3965-47d5-9611-91a5fa49a52d req-d780d3e7-4243-4281-a1cc-cc067352832d 26ab0e3c7ac449ab97456dce3ee1792e 7ad5575edb884a0fb12ac21f5cac962e - - default default] 199.204.45.89 "GET /v2.0/ports?device_id=fbc7c8bf-a1b1-413e-8b0b-b39735c80dff HTTP/1.1" status: 200 len: 1168 time: 0.0684824
2026-07-08 06:16:49.975 10 INFO neutron.notifiers.nova [-] Nova event matching ['req-14610f79-34a2-46ba-8dd7-4acefca5558b'] response: {'server_uuid': '70353eec-0f7b-45eb-b734-df63c17ad1c7', 'name': 'network-vif-unplugged', 'status': 'completed', 'tag': '589c1c15-5dff-48a9-9e8f-4f24e2c436af', 'code': 200}
2026-07-08 06:16:50.043 9 INFO neutron.db.ovn_revision_numbers_db [None req-41e60fba-ef33-4b33-94db-723173586111 - - - - - -] Successfully bumped revision number for resource 1415fd4c-f835-4293-92f7-4a87ecc53ad8 (type: ports) to 5
2026-07-08 06:16:50.112 10 INFO neutron.wsgi [req-f52087bd-bbc7-4f15-9e06-f4e3e67c4803 req-7a6c34f9-dfe4-4368-8fe1-91dbbaa9ce05 bcbb7bab6f8c459a88d65407e4954779 4049d64a4d184bd8a4533ab9658e3ec6 - - default default] 199.204.45.89 "GET /v2.0/ports?device_id=70353eec-0f7b-45eb-b734-df63c17ad1c7 HTTP/1.1" status: 200 len: 1168 time: 0.0378909
2026-07-08 06:16:50.304 10 INFO neutron.db.ovn_revision_numbers_db [None req-1f3ac1b1-c9eb-4667-a03d-cc9a1820faa9 - - - - - -] Successfully bumped revision number for resource 589c1c15-5dff-48a9-9e8f-4f24e2c436af (type: ports) to 7
2026-07-08 06:16:50.482 10 INFO neutron.db.l3_db [req-fe4aec22-3965-47d5-9611-91a5fa49a52d req-0bc5197c-2615-45d8-bbf0-22a2c6af7676 26ab0e3c7ac449ab97456dce3ee1792e 7ad5575edb884a0fb12ac21f5cac962e - - default default] Floating IP 0c515948-cce2-4938-a6aa-311b1eb7ebbf disassociated. External IP: 10.96.250.209, port: 1415fd4c-f835-4293-92f7-4a87ecc53ad8.
2026-07-08 06:16:50.626 10 INFO neutron.db.l3_db [req-f52087bd-bbc7-4f15-9e06-f4e3e67c4803 req-4861fb5f-7ea7-4213-8be2-87060c13394d bcbb7bab6f8c459a88d65407e4954779 4049d64a4d184bd8a4533ab9658e3ec6 - - default default] Floating IP 921bb52d-e398-40ba-88fd-07b3cc0f55c6 disassociated. External IP: 10.96.250.206, port: 589c1c15-5dff-48a9-9e8f-4f24e2c436af.
2026-07-08 06:16:50.731 9 INFO neutron.notifiers.nova [-] Nova event matching ['req-fb469d6d-8cb1-425d-82a1-7e63ade5a65b'] response: {'name': 'network-changed', 'server_uuid': 'fbc7c8bf-a1b1-413e-8b0b-b39735c80dff', 'tag': '1415fd4c-f835-4293-92f7-4a87ecc53ad8', 'status': 'completed', 'code': 200}
2026-07-08 06:16:50.731 9 INFO neutron.notifiers.nova [-] Nova event matching ['req-fb469d6d-8cb1-425d-82a1-7e63ade5a65b'] response: {'server_uuid': 'fbc7c8bf-a1b1-413e-8b0b-b39735c80dff', 'name': 'network-vif-unplugged', 'status': 'completed', 'tag': '1415fd4c-f835-4293-92f7-4a87ecc53ad8', 'code': 200}
2026-07-08 06:16:50.731 9 INFO neutron.notifiers.nova [-] Nova event matching ['req-fb469d6d-8cb1-425d-82a1-7e63ade5a65b'] response: {'server_uuid': 'fbc7c8bf-a1b1-413e-8b0b-b39735c80dff', 'name': 'network-vif-plugged', 'status': 'completed', 'tag': '1415fd4c-f835-4293-92f7-4a87ecc53ad8', 'code': 200}
2026-07-08 06:16:50.741 10 INFO neutron.wsgi [req-fe4aec22-3965-47d5-9611-91a5fa49a52d req-0bc5197c-2615-45d8-bbf0-22a2c6af7676 26ab0e3c7ac449ab97456dce3ee1792e 7ad5575edb884a0fb12ac21f5cac962e - - default default] 199.204.45.89 "DELETE /v2.0/ports/1415fd4c-f835-4293-92f7-4a87ecc53ad8 HTTP/1.1" status: 204 len: 173 time: 0.7736833 /var/lib/openstack/lib/python3.10/site-packages/pycadf/identifier.py:71: UserWarning: Invalid uuid: neutron. To ensure interoperability, identifiers should be a valid uuid. warnings.warn(('Invalid uuid: %s. To ensure interoperability, '
2026-07-08 06:16:50.769 10 INFO neutron.wsgi [req-6f468de7-8d43-4c54-8f18-1f9a29e54976 req-2111c921-e6a7-4ff7-ac20-2653e69a2312 26ca87b1b3324dddb79ad44d6e826bf6 47f08c3366dd447e8c92d7b83369e780 - - ee583b710bfd4bb2bf2b0a42e9676962 ee583b710bfd4bb2bf2b0a42e9676962] 199.204.45.89 "GET /v2.0/ports?tenant_id=7ad5575edb884a0fb12ac21f5cac962e&device_id=fbc7c8bf-a1b1-413e-8b0b-b39735c80dff HTTP/1.1" status: 200 len: 210 time: 0.0195251
2026-07-08 06:16:50.814 10 INFO neutron.wsgi [req-f52087bd-bbc7-4f15-9e06-f4e3e67c4803 req-4861fb5f-7ea7-4213-8be2-87060c13394d bcbb7bab6f8c459a88d65407e4954779 4049d64a4d184bd8a4533ab9658e3ec6 - - default default] 199.204.45.89 "DELETE /v2.0/ports/589c1c15-5dff-48a9-9e8f-4f24e2c436af HTTP/1.1" status: 204 len: 173 time: 0.6985712 /var/lib/openstack/lib/python3.10/site-packages/pycadf/identifier.py:71: UserWarning: Invalid uuid: neutron. To ensure interoperability, identifiers should be a valid uuid. warnings.warn(('Invalid uuid: %s. To ensure interoperability, '
2026-07-08 06:16:50.940 9 INFO neutron.wsgi [req-cf43638c-d39d-44e0-8f31-5522c78e12c6 req-3abd1b33-f4c2-41bd-9a31-fd4f98bfc984 26ab0e3c7ac449ab97456dce3ee1792e 7ad5575edb884a0fb12ac21f5cac962e - - default default] 10.0.0.153 "GET /v2.0/ports?device_id=fbc7c8bf-a1b1-413e-8b0b-b39735c80dff HTTP/1.1" status: 200 len: 210 time: 0.0339382
2026-07-08 06:16:50.990 10 INFO neutron.wsgi [req-96258f33-6af2-47df-bf47-12f5f5ee5d62 req-7c27baad-9c60-4c25-9bd4-4b43cb873030 bcbb7bab6f8c459a88d65407e4954779 4049d64a4d184bd8a4533ab9658e3ec6 - - default default] 10.0.0.153 "GET /v2.0/ports?device_id=70353eec-0f7b-45eb-b734-df63c17ad1c7 HTTP/1.1" status: 200 len: 210 time: 0.0235252
2026-07-08 06:16:51.262 9 INFO neutron.db.ovn_revision_numbers_db [None req-7e3777f1-8f9e-4337-ad25-8afe8f11d97b f9d0012c80a44f34981be525aa95de34 31c8531259d447fa8358eb34b21b7e43 - - default default] Successfully bumped revision number for resource 4ab238cf-a73f-4d51-a8db-f602ec1e77da (type: security_groups) to 1
2026-07-08 06:16:51.277 9 INFO neutron.db.ovn_revision_numbers_db [None req-7e3777f1-8f9e-4337-ad25-8afe8f11d97b f9d0012c80a44f34981be525aa95de34 31c8531259d447fa8358eb34b21b7e43 - - default default] Successfully bumped revision number for resource 2be6923f-c0eb-4c91-89c2-5e3b24f2c701 (type: security_group_rules) to 0
2026-07-08 06:16:51.289 9 INFO neutron.db.ovn_revision_numbers_db [None req-7e3777f1-8f9e-4337-ad25-8afe8f11d97b f9d0012c80a44f34981be525aa95de34 31c8531259d447fa8358eb34b21b7e43 - - default default] Successfully bumped revision number for resource a34ca147-3457-4c12-9c18-a140f6b63b35 (type: security_group_rules) to 0
2026-07-08 06:16:51.307 9 INFO neutron.db.ovn_revision_numbers_db [None req-7e3777f1-8f9e-4337-ad25-8afe8f11d97b f9d0012c80a44f34981be525aa95de34 31c8531259d447fa8358eb34b21b7e43 - - default default] Successfully bumped revision number for resource b94666db-47bf-4e80-9763-f34523d50888 (type: security_group_rules) to 0
2026-07-08 06:16:51.325 9 INFO neutron.db.ovn_revision_numbers_db [None req-7e3777f1-8f9e-4337-ad25-8afe8f11d97b f9d0012c80a44f34981be525aa95de34 31c8531259d447fa8358eb34b21b7e43 - - default default] Successfully bumped revision number for resource dd1a7408-8559-48c5-9ca6-fb410bc986bd (type: security_group_rules) to 0
2026-07-08 06:16:51.353 9 INFO neutron.wsgi [None req-7e3777f1-8f9e-4337-ad25-8afe8f11d97b f9d0012c80a44f34981be525aa95de34 31c8531259d447fa8358eb34b21b7e43 - - default default] 10.0.0.36 "GET /v2.0/security-groups?tenant_id=89dd1243b6874dd5b53077ee92590e2b&name=default HTTP/1.1" status: 200 len: 2996 time: 0.2952187
2026-07-08 06:16:51.387 10 INFO neutron.db.ovn_revision_numbers_db [None req-a83ed613-ef9c-43eb-a8fa-9b1d04b9d88b f9d0012c80a44f34981be525aa95de34 31c8531259d447fa8358eb34b21b7e43 - - default default] Successfully bumped revision number for resource e4d706e3-34b3-4209-ba87-58890457935d (type: security_groups) to 1
