Feb 17 20:40:21.882739 np0000156160 devstack@neutron-api.service[103384]: INFO neutron.pecan_wsgi.hooks.translation [None req-4967923a-11ce-4a1a-b0ab-5c91302960c8 admin admin] GET failed (client error): The resource could not be found.
Feb 17 20:40:21.883381 np0000156160 devstack@neutron-api.service[103384]: [pid: 103384|app: 0|req: 24/96] 199.204.45.141 () {64 vars in 1339 bytes} [Tue Feb 17 20:40:21 2026] GET /networking/v2.0/subnets/admin_subnet => generated 112 bytes in 12 msecs (HTTP/1.1 404) 4 headers in 164 bytes (1 switches on core 0)
Feb 17 20:40:21.916394 np0000156160 devstack@neutron-api.service[103385]: [pid: 103385|app: 0|req: 24/97] 199.204.45.141 () {64 vars in 1348 bytes} [Tue Feb 17 20:40:21 2026] GET /networking/v2.0/subnets?name=admin_subnet => generated 14 bytes in 21 msecs (HTTP/1.1 200) 4 headers in 156 bytes (1 switches on core 0)
Feb 17 20:40:22.178255 np0000156160 devstack@neutron-api.service[103386]: DEBUG neutron.pecan_wsgi.hooks.policy_enforcement [None req-96aa814c-7b35-4c1b-8814-a2be7a8acd9c admin admin] Attributes excluded by policy engine: ['standard_attr_id'] {{(pid=103386) _exclude_attributes_by_policy /opt/stack/neutron/neutron/pecan_wsgi/hooks/policy_enforcement.py:258}}
Feb 17 20:40:22.178962 np0000156160 devstack@neutron-api.service[103386]: [pid: 103386|app: 0|req: 26/98] 199.204.45.141 () {64 vars in 1414 bytes} [Tue Feb 17 20:40:22 2026] GET /networking/v2.0/networks/64ec7c9e-559b-4287-af4d-bf730c85c1d1 => generated 664 bytes in 28 msecs (HTTP/1.1 200) 4 headers in 157 bytes (1 switches on core 0)
Feb 17 20:40:22.197754 np0000156160 devstack@neutron-api.service[103387]: DEBUG neutron.api.v2.base [None req-cffd0ec4-4d6a-45ee-8296-bada71b531cf admin admin] Request body: {'subnet': {'name': 'admin_subnet', 'project_id': 'fef74646cb724cce902550eb16339ba7', 'cidr': '10.2.5.0/24', 'gateway_ip': None, 'network_id': '64ec7c9e-559b-4287-af4d-bf730c85c1d1', 'ip_version': 4}} {{(pid=103387) prepare_request_body /opt/stack/neutron/neutron/api/v2/base.py:729}}
Feb 17 20:40:22.213974 np0000156160 devstack@neutron-api.service[103387]: DEBUG neutron.pecan_wsgi.hooks.quota_enforcement [None req-cffd0ec4-4d6a-45ee-8296-bada71b531cf admin admin] Made reservation on behalf of fef74646cb724cce902550eb16339ba7 for: {'subnet': 1} {{(pid=103387) before /opt/stack/neutron/neutron/pecan_wsgi/hooks/quota_enforcement.py:66}}
Feb 17 20:40:22.216869 np0000156160 devstack@neutron-api.service[103387]: DEBUG neutron_lib.callbacks.manager [None req-cffd0ec4-4d6a-45ee-8296-bada71b531cf admin admin] Publish callbacks [] for subnet (None), before_create {{(pid=103387) _notify_loop /opt/stack/data/venv/lib/python3.12/site-packages/neutron_lib/callbacks/manager.py:184}}
Feb 17 20:40:22.282756 np0000156160 devstack@neutron-api.service[103387]: DEBUG neutron.db.ovn_revision_numbers_db [None req-cffd0ec4-4d6a-45ee-8296-bada71b531cf admin admin] create_initial_revision uuid=fc5a9ef6-69e8-46d8-9619-ed235fde9cc1, type=subnets, rev=-1 {{(pid=103387) create_initial_revision /opt/stack/neutron/neutron/db/ovn_revision_numbers_db.py:98}}
Feb 17 20:40:22.289036 np0000156160 devstack@neutron-api.service[103387]: DEBUG neutron_lib.callbacks.manager [None req-cffd0ec4-4d6a-45ee-8296-bada71b531cf admin admin] Publish callbacks ['neutron.plugins.ml2.ovo_rpc._ObjectChangeHandler.handle_event-6684012'] for subnet (fc5a9ef6-69e8-46d8-9619-ed235fde9cc1), after_create {{(pid=103387) _notify_loop /opt/stack/data/venv/lib/python3.12/site-packages/neutron_lib/callbacks/manager.py:184}}
Feb 17 20:40:22.303088 np0000156160 devstack@neutron-api.service[103387]: DEBUG neutron.api.rpc.handlers.resources_rpc [None req-cffd0ec4-4d6a-45ee-8296-bada71b531cf admin admin] Pushing event updated for resources: {'Subnet': ['ID=fc5a9ef6-69e8-46d8-9619-ed235fde9cc1,revision_number=0']} {{(pid=103387) push /opt/stack/neutron/neutron/api/rpc/handlers/resources_rpc.py:237}}
Feb 17 20:40:22.308107 np0000156160 devstack@neutron-api.service[103387]: DEBUG neutron.api.rpc.callbacks.version_manager [None req-cffd0ec4-4d6a-45ee-8296-bada71b531cf admin admin] Tracked resource versions report:
Feb 17 20:40:22.308107 np0000156160 devstack@neutron-api.service[103387]: pushed versions:
Feb 17 20:40:22.308107 np0000156160 devstack@neutron-api.service[103387]: { 'AddressGroup': {'1.2'},
Feb 17 20:40:22.308107 np0000156160 devstack@neutron-api.service[103387]: 'Agent': {'1.1'},
Feb 17 20:40:22.308107 np0000156160 devstack@neutron-api.service[103387]: 'ConntrackHelper': {'1.0'},
Feb 17 20:40:22.308107 np0000156160 devstack@neutron-api.service[103387]: 'LocalIPAssociation': {'1.0'},
Feb 17 20:40:22.308107 np0000156160 devstack@neutron-api.service[103387]: 'Log': {'1.0'},
Feb 17 20:40:22.308107 np0000156160 devstack@neutron-api.service[103387]: 'NDPProxy': {'1.0'},
Feb 17 20:40:22.308107 np0000156160 devstack@neutron-api.service[103387]: 'Network': {'1.2'},
Feb 17 20:40:22.308107 np0000156160 devstack@neutron-api.service[103387]: 'Port': {'1.10'},
Feb 17 20:40:22.308107 np0000156160 devstack@neutron-api.service[103387]: 'PortForwarding': {'1.3'},
Feb 17 20:40:22.308107 np0000156160 devstack@neutron-api.service[103387]: 'QosPolicy': {'1.10'},
Feb 17 20:40:22.308107 np0000156160 devstack@neutron-api.service[103387]: 'SecurityGroup': {'1.6'},
Feb 17 20:40:22.308107 np0000156160 devstack@neutron-api.service[103387]: 'SecurityGroupRule': {'1.3'},
Feb 17 20:40:22.308107 np0000156160 devstack@neutron-api.service[103387]: 'SubPort': {'1.0'},
Feb 17 20:40:22.308107 np0000156160 devstack@neutron-api.service[103387]: 'Subnet': {'1.2'},
Feb 17 20:40:22.308107 np0000156160 devstack@neutron-api.service[103387]: 'Trunk': {'1.1'}}
Feb 17 20:40:22.308107 np0000156160 devstack@neutron-api.service[103387]: consumer versions:
Feb 17 20:40:22.308107 np0000156160 devstack@neutron-api.service[103387]: { OVN Controller Gateway agent@np0000156160: {},
Feb 17 20:40:22.308107 np0000156160 devstack@neutron-api.service[103387]: OVN Neutron agent@np0000156160: {}}
Feb 17 20:40:22.308107 np0000156160 devstack@neutron-api.service[103387]: {{(pid=103387) report /opt/stack/neutron/neutron/api/rpc/callbacks/version_manager.py:183}}
Feb 17 20:40:22.352073 np0000156160 devstack@neutron-api.service[103387]: DEBUG neutron_lib.callbacks.manager [None req-cffd0ec4-4d6a-45ee-8296-bada71b531cf admin admin] Publish callbacks ['neutron.plugins.ml2.plugin.SecurityGroupDbMixin._ensure_default_security_group_handler-315859', 'neutron.services.ovn_l3.plugin.OVNL3RouterPlugin._port_update-7987636119472', 'neutron.db.l3_db.L3_NAT_dbonly_mixin._prevent_internal_ip_change_for_fip-7987637960644'] for port (5209edf8-31c0-4566-9002-5bda2acfb7e9), before_update {{(pid=103387) _notify_loop /opt/stack/data/venv/lib/python3.12/site-packages/neutron_lib/callbacks/manager.py:184}}
Feb 17 20:40:22.430021 np0000156160 devstack@neutron-api.service[103387]: DEBUG neutron.db.db_base_plugin_common [None req-cffd0ec4-4d6a-45ee-8296-bada71b531cf admin admin] Allocated IP 10.2.5.1 (64ec7c9e-559b-4287-af4d-bf730c85c1d1/fc5a9ef6-69e8-46d8-9619-ed235fde9cc1/5209edf8-31c0-4566-9002-5bda2acfb7e9) {{(pid=103387) _store_ip_allocation /opt/stack/neutron/neutron/db/db_base_plugin_common.py:131}}
Feb 17 20:40:22.490668 np0000156160 devstack@neutron-api.service[103387]: DEBUG neutron_lib.callbacks.manager [None req-cffd0ec4-4d6a-45ee-8296-bada71b531cf admin admin] Publish callbacks [] for port (5209edf8-31c0-4566-9002-5bda2acfb7e9), precommit_update {{(pid=103387) _notify_loop /opt/stack/data/venv/lib/python3.12/site-packages/neutron_lib/callbacks/manager.py:184}}
Feb 17 20:40:22.490905 np0000156160 devstack@neutron-api.service[103387]: DEBUG neutron.plugins.ml2.drivers.ovn.mech_driver.mech_driver [None req-cffd0ec4-4d6a-45ee-8296-bada71b531cf admin admin] No provisioning block for port 5209edf8-31c0-4566-9002-5bda2acfb7e9 since it does not have a host {{(pid=103387) _is_port_provisioning_required /opt/stack/neutron/neutron/plugins/ml2/drivers/ovn/mech_driver/mech_driver.py:883}}
Feb 17 20:40:22.503007 np0000156160 devstack@neutron-api.service[103387]: DEBUG neutron_lib.callbacks.manager [None req-cffd0ec4-4d6a-45ee-8296-bada71b531cf admin admin] Publish callbacks ['neutron.plugins.ml2.ovo_rpc._ObjectChangeHandler.handle_event-6684005', 'neutron.db.l3_db.L3RpcNotifierMixin._notify_gateway_port_ip_changed-7987637968776', 'neutron.services.ovn_l3.plugin.OVNL3RouterPlugin._port_update-7987636119472'] for port (5209edf8-31c0-4566-9002-5bda2acfb7e9), after_update {{(pid=103387) _notify_loop /opt/stack/data/venv/lib/python3.12/site-packages/neutron_lib/callbacks/manager.py:184}}
Feb 17 20:40:22.530044 np0000156160 devstack@neutron-api.service[103387]: DEBUG neutron.api.rpc.handlers.resources_rpc [None req-cffd0ec4-4d6a-45ee-8296-bada71b531cf admin admin] Pushing event updated for resources: {'Port': ['ID=5209edf8-31c0-4566-9002-5bda2acfb7e9,revision_number=2']} {{(pid=103387) push /opt/stack/neutron/neutron/api/rpc/handlers/resources_rpc.py:237}}
Feb 17 20:40:22.633302 np0000156160 devstack@neutron-api.service[103387]: DEBUG ovsdbapp.backend.ovs_idl.transaction [None req-e9e20512-61eb-422b-acdd-1a97ece4449b None None] Running txn n=1 command(idx=0): CheckRevisionNumberCommand(_result=None, name=5209edf8-31c0-4566-9002-5bda2acfb7e9, resource={'id': '5209edf8-31c0-4566-9002-5bda2acfb7e9', 'name': '', 'network_id': '64ec7c9e-559b-4287-af4d-bf730c85c1d1', 'project_id': 'fef74646cb724cce902550eb16339ba7', 'mac_address': 'fa:16:3e:df:7c:58', 'admin_state_up': True, 'status': 'DOWN', 'device_id': 'ovnmeta-64ec7c9e-559b-4287-af4d-bf730c85c1d1', 'device_owner': 'network:distributed', 'standard_attr_id': 44, 'fixed_ips': [{'subnet_id': 'fc5a9ef6-69e8-46d8-9619-ed235fde9cc1', 'ip_address': '10.2.5.1'}], 'allowed_address_pairs': [], 'extra_dhcp_opts': [], 'security_groups': [], 'description': '', 'binding:vnic_type': 'normal', 'binding:profile': {}, 'binding:host_id': '', 'binding:vif_type': 'unbound', 'binding:vif_details': {}, 'port_security_enabled': False, 'tags': [], 'created_at': '2026-02-17T20:40:21Z', 'updated_at': '2026-02-17T20:40:22Z', 'revision_number': 2, 'tenant_id': 'fef74646cb724cce902550eb16339ba7', 'network': {'id': '64ec7c9e-559b-4287-af4d-bf730c85c1d1', 'name': 'admin_net', 'tenant_id': 'fef74646cb724cce902550eb16339ba7', 'project_id': 'fef74646cb724cce902550eb16339ba7', 'admin_state_up': True, 'mtu': 1372, 'status': 'ACTIVE', 'subnets': ['fc5a9ef6-69e8-46d8-9619-ed235fde9cc1'], 'standard_attr_id': 42, 'shared': False, 'availability_zone_hints': [], 'availability_zones': [], 'ipv4_address_scope': None, 'ipv6_address_scope': None, 'router:external': False, 'qinq': False, 'vlan_transparent': False, 'description': '', 'port_security_enabled': True, 'tags': [], 'created_at': '2026-02-17T20:40:20Z', 'updated_at': '2026-02-17T20:40:22Z', 'revision_number': 2, 'provider:network_type': 'geneve', 'provider:physical_network': None, 'provider:segmentation_id': 43306}}, resource_type=ports, if_exists=True) {{(pid=103387) do_commit /opt/stack/data/venv/lib/python3.12/site-packages/ovsdbapp/backend/ovs_idl/transaction.py:89}}
Feb 17 20:40:22.633833 np0000156160 devstack@neutron-api.service[103387]: DEBUG ovsdbapp.backend.ovs_idl.transaction [None req-e9e20512-61eb-422b-acdd-1a97ece4449b None None] Running txn n=1 command(idx=1): AddDHCPOptionsCommand(_result=None, columns={'cidr': '10.2.5.0/24', 'options': {'server_id': '10.2.5.1', 'lease_time': '43200', 'mtu': '1372', 'server_mac': 'fa:16:3e:2b:52:f5', 'dns_server': '{127.0.0.53}', 'classless_static_route': '{169.254.169.254/32,10.2.5.1}'}, 'external_ids': {'subnet_id': 'fc5a9ef6-69e8-46d8-9619-ed235fde9cc1', 'neutron:revision_number': '0'}}, may_exist=True, subnet_id=fc5a9ef6-69e8-46d8-9619-ed235fde9cc1, port_id=None, new_insert=False) {{(pid=103387) do_commit /opt/stack/data/venv/lib/python3.12/site-packages/ovsdbapp/backend/ovs_idl/transaction.py:89}}
Feb 17 20:40:22.634754 np0000156160 devstack@neutron-api.service[103387]: DEBUG ovsdbapp.backend.ovs_idl.transaction [None req-e9e20512-61eb-422b-acdd-1a97ece4449b None None] Running txn n=1 command(idx=2): SetLSwitchPortCommand(_result=None, lport=5209edf8-31c0-4566-9002-5bda2acfb7e9, external_ids_update=None, columns={'external_ids': {'neutron:port_name': '', 'neutron:device_id': 'ovnmeta-64ec7c9e-559b-4287-af4d-bf730c85c1d1', 'neutron:project_id': 'fef74646cb724cce902550eb16339ba7', 'neutron:cidrs': '10.2.5.1/24', 'neutron:device_owner': 'network:distributed', 'neutron:subnet_pool_addr_scope4': '', 'neutron:subnet_pool_addr_scope6': '', 'neutron:network_name': 'neutron-64ec7c9e-559b-4287-af4d-bf730c85c1d1', 'neutron:security_group_ids': '', 'neutron:revision_number': '2', 'neutron:vnic_type': 'normal', 'neutron:port_capabilities': '', 'neutron:mtu': ''}, 'parent_name': [], 'tag': [], 'options': {}, 'enabled': True, 'port_security': [], 'dhcpv4_options': [], 'dhcpv6_options': [], 'type': 'localport', 'addresses': ['fa:16:3e:df:7c:58 10.2.5.1'], 'ha_chassis_group': []}, if_exists=False) {{(pid=103387) do_commit /opt/stack/data/venv/lib/python3.12/site-packages/ovsdbapp/backend/ovs_idl/transaction.py:89}}
Feb 17 20:40:22.636675 np0000156160 devstack@neutron-api.service[103387]: DEBUG ovsdbapp.backend.ovs_idl.transaction [None req-e9e20512-61eb-422b-acdd-1a97ece4449b None None] Running txn n=1 command(idx=3): PgDelPortCommand(_result=None, port_group=neutron_pg_drop, lsp=['5209edf8-31c0-4566-9002-5bda2acfb7e9'], if_exists=False) {{(pid=103387) do_commit /opt/stack/data/venv/lib/python3.12/site-packages/ovsdbapp/backend/ovs_idl/transaction.py:89}}
Feb 17 20:40:22.641500 np0000156160 devstack@neutron-api.service[103387]: DEBUG neutron.plugins.ml2.drivers.ovn.mech_driver.ovsdb.ovsdb_monitor [None req-e9e20512-61eb-422b-acdd-1a97ece4449b None None] Touching Hash Ring node "f71fb60573765c42b35fe429737a1acb" from IDL notify handler {{(pid=103387) notify /opt/stack/neutron/neutron/plugins/ml2/drivers/ovn/mech_driver/ovsdb/ovsdb_monitor.py:912}}
Feb 17 20:40:22.644045 np0000156160 devstack@neutron-api.service[103385]: DEBUG neutron.plugins.ml2.drivers.ovn.mech_driver.ovsdb.ovsdb_monitor [None req-e03a4df7-151e-47a3-ba0e-e935e07884cd None None] Touching Hash Ring node "b1d009ae52ec59f4810794ee9a09e002" from IDL notify handler {{(pid=103385) notify /opt/stack/neutron/neutron/plugins/ml2/drivers/ovn/mech_driver/ovsdb/ovsdb_monitor.py:912}}
Feb 17 20:40:22.647852 np0000156160 devstack@neutron-api.service[103386]: DEBUG neutron.plugins.ml2.drivers.ovn.mech_driver.ovsdb.ovsdb_monitor [None req-c4a38800-a33f-4944-b1c8-1dc6a8b7786a None None] Hash Ring: Node ab97e64b949b50f4a34a92a69a11ee81 (host: np0000156160) handling event "update" for row bdb3b95f-457b-4c66-81c8-10a1c14fa09d (table: Port_Binding) {{(pid=103386) notify /opt/stack/neutron/neutron/plugins/ml2/drivers/ovn/mech_driver/ovsdb/ovsdb_monitor.py:920}}
Feb 17 20:40:22.649835 np0000156160 devstack@neutron-api.service[103387]: DEBUG neutron.plugins.ml2.drivers.ovn.mech_driver.ovsdb.ovsdb_monitor [None req-e9e20512-61eb-422b-acdd-1a97ece4449b None None] Hash Ring: Node f71fb60573765c42b35fe429737a1acb (host: np0000156160) handling event "create" for row ac0d6dc0-adc8-426a-826c-a4c7194d21ff (table: DHCP_Options) {{(pid=103387) notify /opt/stack/neutron/neutron/plugins/ml2/drivers/ovn/mech_driver/ovsdb/ovsdb_monitor.py:920}}
Feb 17 20:40:22.654000 np0000156160 devstack@neutron-api.service[103385]: DEBUG neutron.plugins.ml2.drivers.ovn.mech_driver.ovsdb.ovsdb_monitor [None req-e03a4df7-151e-47a3-ba0e-e935e07884cd None None] Hash Ring: Node b1d009ae52ec59f4810794ee9a09e002 (host: np0000156160) handling event "update" for row 586a49bf-6ed4-4921-9c65-d9fb428f8c7d (table: Logical_Switch_Port) {{(pid=103385) notify /opt/stack/neutron/neutron/plugins/ml2/drivers/ovn/mech_driver/ovsdb/ovsdb_monitor.py:920}}
Feb 17 20:40:22.680078 np0000156160 devstack@neutron-api.service[103387]: INFO neutron.db.ovn_revision_numbers_db [None req-cffd0ec4-4d6a-45ee-8296-bada71b531cf admin admin] Successfully bumped revision number for resource 5209edf8-31c0-4566-9002-5bda2acfb7e9 (type: ports) to 2
Feb 17 20:40:22.690534 np0000156160 devstack@neutron-api.service[103387]: DEBUG neutron.plugins.ml2.plugin [None req-cffd0ec4-4d6a-45ee-8296-bada71b531cf admin admin] In _notify_port_updated(), no bound segment for port 5209edf8-31c0-4566-9002-5bda2acfb7e9 on network 64ec7c9e-559b-4287-af4d-bf730c85c1d1 {{(pid=103387) _notify_port_updated /opt/stack/neutron/neutron/plugins/ml2/plugin.py:1036}}
Feb 17 20:40:22.710947 np0000156160 devstack@neutron-api.service[103387]: INFO neutron.db.ovn_revision_numbers_db [None req-cffd0ec4-4d6a-45ee-8296-bada71b531cf admin admin] Successfully bumped revision number for resource fc5a9ef6-69e8-46d8-9619-ed235fde9cc1 (type: subnets) to 0
Feb 17 20:40:22.712661 np0000156160 devstack@neutron-api.service[103387]: DEBUG neutron.pecan_wsgi.hooks.policy_enforcement [None req-cffd0ec4-4d6a-45ee-8296-bada71b531cf admin admin] Attributes excluded by policy engine: ['standard_attr_id', 'shared', 'network'] {{(pid=103387) _exclude_attributes_by_policy /opt/stack/neutron/neutron/pecan_wsgi/hooks/policy_enforcement.py:258}}
Feb 17 20:40:22.713001 np0000156160 devstack@neutron-api.service[103387]: DEBUG neutron_lib.callbacks.manager [None req-cffd0ec4-4d6a-45ee-8296-bada71b531cf admin admin] Publish callbacks [] for subnet (None), before_response {{(pid=103387) _notify_loop /opt/stack/data/venv/lib/python3.12/site-packages/neutron_lib/callbacks/manager.py:184}}
Feb 17 20:40:22.725346 np0000156160 devstack@neutron-api.service[103387]: [pid: 103387|app: 0|req: 25/99] 199.204.45.141 () {68 vars in 1354 bytes} [Tue Feb 17 20:40:22 2026] POST /networking/v2.0/subnets => generated 625 bytes in 532 msecs (HTTP/1.1 201) 4 headers in 162 bytes (1 switches on core 0)
Feb 17 20:40:22.948266 np0000156160 devstack@neutron-api.service[103384]: INFO neutron.pecan_wsgi.hooks.translation [None req-cfaf2cee-f331-4698-9adf-8984191c325a admin admin] GET failed (client error): The resource could not be found.
Feb 17 20:40:22.949815 np0000156160 devstack@neutron-api.service[103384]: [pid: 103384|app: 0|req: 25/100] 199.204.45.141 () {64 vars in 1339 bytes} [Tue Feb 17 20:40:22 2026] GET /networking/v2.0/subnets/admin_subnet => generated 112 bytes in 18 msecs (HTTP/1.1 404) 4 headers in 164 bytes (1 switches on core 0)
Feb 17 20:40:22.984149 np0000156160 devstack@neutron-api.service[103385]: DEBUG neutron.pecan_wsgi.hooks.policy_enforcement [None req-f03c916c-419f-4ab0-9e82-aace7b28f921 admin admin] Attributes excluded by policy engine: ['standard_attr_id', 'shared'] {{(pid=103385) _exclude_attributes_by_policy /opt/stack/neutron/neutron/pecan_wsgi/hooks/policy_enforcement.py:258}}
Feb 17 20:40:22.984775 np0000156160 devstack@neutron-api.service[103385]: [pid: 103385|app: 0|req: 25/101] 199.204.45.141 () {64 vars in 1348 bytes} [Tue Feb 17 20:40:22 2026] GET /networking/v2.0/subnets?name=admin_subnet => generated 628 bytes in 23 msecs (HTTP/1.1 200) 4 headers in 157 bytes (1 switches on core 0)
Feb 17 20:40:26.661730 np0000156160 devstack@neutron-api.service[103386]: DEBUG futurist.periodics [-] Submitting periodic callback 'neutron.plugins.ml2.drivers.ovn.mech_driver.ovsdb.maintenance.HashRingHealthCheckPeriodics.touch_hash_ring_node' {{(pid=103386) _process_scheduled /opt/stack/data/venv/lib/python3.12/site-packages/futurist/periodics.py:638}}
Feb 17 20:40:26.662390 np0000156160 devstack@neutron-api.service[103386]: DEBUG neutron.plugins.ml2.drivers.ovn.mech_driver.ovsdb.maintenance [-] Touching Hash Ring node "ab97e64b949b50f4a34a92a69a11ee81" from periodic health check thread {{(pid=103386) touch_hash_ring_node /opt/stack/neutron/neutron/plugins/ml2/drivers/ovn/mech_driver/ovsdb/maintenance.py:1135}}
Feb 17 20:40:26.950132 np0000156160 devstack@neutron-api.service[103385]: DEBUG neutron.plugins.ml2.drivers.ovn.mech_driver.ovsdb.ovsdb_monitor [None req-c07279e5-a91f-41e9-ae47-b63118df69e9 None None] ChassisOVNAgentWriteEvent : Matched Chassis_Private, update, None None {{(pid=103385) matches /opt/stack/neutron/neutron/plugins/ml2/drivers/ovn/mech_driver/ovsdb/ovsdb_monitor.py:65}}
Feb 17 20:40:26.951626 np0000156160 devstack@neutron-api.service[103387]: DEBUG neutron.plugins.ml2.drivers.ovn.mech_driver.ovsdb.ovsdb_monitor [None req-b23dd180-39a8-48ae-b041-f32f540d58d4 None None] ChassisOVNAgentWriteEvent : Matched Chassis_Private, update, None None {{(pid=103387) matches /opt/stack/neutron/neutron/plugins/ml2/drivers/ovn/mech_driver/ovsdb/ovsdb_monitor.py:65}}
Feb 17 20:40:26.952030 np0000156160 devstack@neutron-api.service[103384]: DEBUG neutron.plugins.ml2.drivers.ovn.mech_driver.ovsdb.ovsdb_monitor [None req-33f447b6-2e4f-4f6e-9bcd-7e1d1b55d85e None None] ChassisOVNAgentWriteEvent : Matched Chassis_Private, update, None None {{(pid=103384) matches /opt/stack/neutron/neutron/plugins/ml2/drivers/ovn/mech_driver/ovsdb/ovsdb_monitor.py:65}}
Feb 17 20:40:26.952357 np0000156160 devstack@neutron-api.service[103386]: DEBUG neutron.plugins.ml2.drivers.ovn.mech_driver.ovsdb.ovsdb_monitor [None req-c4a38800-a33f-4944-b1c8-1dc6a8b7786a None None] ChassisOVNAgentWriteEvent : Matched Chassis_Private, update, None None {{(pid=103386) matches /opt/stack/neutron/neutron/plugins/ml2/drivers/ovn/mech_driver/ovsdb/ovsdb_monitor.py:65}}
Feb 17 20:40:26.952410 np0000156160 devstack@neutron-api.service[103387]: DEBUG neutron.plugins.ml2.drivers.ovn.mech_driver.ovsdb.ovsdb_monitor [None req-b23dd180-39a8-48ae-b041-f32f540d58d4 None None] Hash Ring: Node f71fb60573765c42b35fe429737a1acb (host: np0000156160) handling event "update" for row 09383a54-b600-496c-8603-4bd99476f5a0 (table: Chassis_Private) {{(pid=103387) notify /opt/stack/neutron/neutron/plugins/ml2/drivers/ovn/mech_driver/ovsdb/ovsdb_monitor.py:920}}
Feb 17 20:40:27.450034 np0000156160 devstack@neutron-api.service[103386]: [pid: 103386|app: 0|req: 27/102] 199.204.45.141 () {64 vars in 1369 bytes} [Tue Feb 17 20:40:27 2026] GET /networking/v2.0/ports?device_id=manila-admin-share&binding%3Ahost_id=np0000156160 => generated 12 bytes in 64 msecs (HTTP/1.1 200) 4 headers in 156 bytes (1 switches on core 0)
Feb 17 20:40:27.470298 np0000156160 devstack@neutron-api.service[103387]: DEBUG neutron.api.wsgi [None req-de155dba-17a8-4666-885e-51091d65eeb9 service neutron] Missing Content-Type {{(pid=103387) get_content_type /opt/stack/neutron/neutron/api/wsgi.py:85}}
Feb 17 20:40:27.471027 np0000156160 devstack@neutron-api.service[103387]: DEBUG neutron.api.wsgi [None req-de155dba-17a8-4666-885e-51091d65eeb9 service neutron] https://199.204.45.141/networking/v2.0/extensions returned with HTTP 200 {{(pid=103387) __call__ /opt/stack/neutron/neutron/api/wsgi.py:545}}
Feb 17 20:40:27.471690 np0000156160 devstack@neutron-api.service[103387]: [pid: 103387|app: 0|req: 26/103] 199.204.45.141 () {64 vars in 1265 bytes} [Tue Feb 17 20:40:27 2026] GET /networking/v2.0/extensions => generated 15208 bytes in 7 msecs (HTTP/1.1 200) 4 headers in 159 bytes (1 switches on core 0)
Feb 17 20:40:27.490195 np0000156160 devstack@neutron-api.service[103384]: DEBUG neutron.api.v2.base [None req-466d16b4-fea2-4859-8edc-d49a1a05c145 service neutron] Request body: {'port': {'network_id': '64ec7c9e-559b-4287-af4d-bf730c85c1d1', 'admin_state_up': True, 'tenant_id': 'fef74646cb724cce902550eb16339ba7', 'port_security_enabled': False, 'binding:host_id': 'np0000156160', 'fixed_ips': [{'subnet_id': 'fc5a9ef6-69e8-46d8-9619-ed235fde9cc1'}], 'device_owner': 'manila:share', 'device_id': 'manila-admin-share'}} {{(pid=103384) prepare_request_body /opt/stack/neutron/neutron/api/v2/base.py:729}}
Feb 17 20:40:27.506227 np0000156160 devstack@neutron-api.service[103384]: DEBUG neutron.pecan_wsgi.hooks.quota_enforcement [None req-466d16b4-fea2-4859-8edc-d49a1a05c145 service neutron] Made reservation on behalf of fef74646cb724cce902550eb16339ba7 for: {'port': 1} {{(pid=103384) before /opt/stack/neutron/neutron/pecan_wsgi/hooks/quota_enforcement.py:66}}
Feb 17 20:40:27.510204 np0000156160 devstack@neutron-api.service[103384]: DEBUG neutron_lib.callbacks.manager [None req-466d16b4-fea2-4859-8edc-d49a1a05c145 service neutron] Publish callbacks ['neutron.plugins.ml2.plugin.SecurityGroupDbMixin._ensure_default_security_group_handler-325606'] for port (None), before_create {{(pid=103384) _notify_loop /opt/stack/data/venv/lib/python3.12/site-packages/neutron_lib/callbacks/manager.py:184}}
Feb 17 20:40:27.539923 np0000156160 devstack@neutron-api.service[103387]: DEBUG futurist.periodics [-] Submitting periodic callback 'neutron.plugins.ml2.drivers.ovn.mech_driver.ovsdb.maintenance.HashRingHealthCheckPeriodics.touch_hash_ring_node' {{(pid=103387) _process_scheduled /opt/stack/data/venv/lib/python3.12/site-packages/futurist/periodics.py:638}}
Feb 17 20:40:27.541371 np0000156160 devstack@neutron-api.service[103387]: DEBUG neutron.plugins.ml2.drivers.ovn.mech_driver.ovsdb.maintenance [-] Touching Hash Ring node "f71fb60573765c42b35fe429737a1acb" from periodic health check thread {{(pid=103387) touch_hash_ring_node /opt/stack/neutron/neutron/plugins/ml2/drivers/ovn/mech_driver/ovsdb/maintenance.py:1135}}
Feb 17 20:40:27.555835 np0000156160 devstack@neutron-api.service[103384]: DEBUG futurist.periodics [-] Submitting periodic callback 'neutron.plugins.ml2.drivers.ovn.mech_driver.ovsdb.maintenance.HashRingHealthCheckPeriodics.touch_hash_ring_node' {{(pid=103384) _process_scheduled /opt/stack/data/venv/lib/python3.12/site-packages/futurist/periodics.py:638}}
Feb 17 20:40:27.558822 np0000156160 devstack@neutron-api.service[103384]: DEBUG neutron.plugins.ml2.drivers.ovn.mech_driver.ovsdb.maintenance [-] Touching Hash Ring node "a912f95b30ba552c9e50e158078e7b21" from periodic health check thread {{(pid=103384) touch_hash_ring_node /opt/stack/neutron/neutron/plugins/ml2/drivers/ovn/mech_driver/ovsdb/maintenance.py:1135}}
Feb 17 20:40:27.569340 np0000156160 devstack@neutron-api.service[103385]: DEBUG futurist.periodics [-] Submitting periodic callback 'neutron.plugins.ml2.drivers.ovn.mech_driver.ovsdb.maintenance.HashRingHealthCheckPeriodics.touch_hash_ring_node' {{(pid=103385) _process_scheduled /opt/stack/data/venv/lib/python3.12/site-packages/futurist/periodics.py:638}}
Feb 17 20:40:27.569724 np0000156160 devstack@neutron-api.service[103385]: DEBUG neutron.plugins.ml2.drivers.ovn.mech_driver.ovsdb.maintenance [-] Touching Hash Ring node "b1d009ae52ec59f4810794ee9a09e002" from periodic health check thread {{(pid=103385) touch_hash_ring_node /opt/stack/neutron/neutron/plugins/ml2/drivers/ovn/mech_driver/ovsdb/maintenance.py:1135}}
Feb 17 20:40:27.576867 np0000156160 devstack@neutron-api.service[103384]: DEBUG neutron.db.db_base_plugin_common [None req-466d16b4-fea2-4859-8edc-d49a1a05c145 service neutron] Allocated IP 10.2.5.103 (64ec7c9e-559b-4287-af4d-bf730c85c1d1/fc5a9ef6-69e8-46d8-9619-ed235fde9cc1/57f4c6cf-8e98-4b4e-9fcf-7cff6701967c) {{(pid=103384) _store_ip_allocation /opt/stack/neutron/neutron/db/db_base_plugin_common.py:131}}
Feb 17 20:40:27.636097 np0000156160 devstack@neutron-api.service[103384]: DEBUG neutron_lib.callbacks.manager [None req-466d16b4-fea2-4859-8edc-d49a1a05c145 service neutron] Publish callbacks ['neutron.plugins.ml2.drivers.ovn.mech_driver.mech_driver.OVNMechanismDriver._validate_allowed_address_pairs-2032483'] for allowed_address_pair (57f4c6cf-8e98-4b4e-9fcf-7cff6701967c), before_create {{(pid=103384) _notify_loop /opt/stack/data/venv/lib/python3.12/site-packages/neutron_lib/callbacks/manager.py:184}}
Feb 17 20:40:27.639754 np0000156160 devstack@neutron-api.service[103384]: DEBUG neutron_lib.callbacks.manager [None req-466d16b4-fea2-4859-8edc-d49a1a05c145 service neutron] Publish callbacks [] for port (57f4c6cf-8e98-4b4e-9fcf-7cff6701967c), precommit_create {{(pid=103384) _notify_loop /opt/stack/data/venv/lib/python3.12/site-packages/neutron_lib/callbacks/manager.py:184}}
Feb 17 20:40:27.645532 np0000156160 devstack@neutron-api.service[103384]: DEBUG neutron.db.provisioning_blocks [None req-466d16b4-fea2-4859-8edc-d49a1a05c145 service neutron] Transition to ACTIVE for port object 57f4c6cf-8e98-4b4e-9fcf-7cff6701967c will not be triggered until provisioned by entity L2. {{(pid=103384) add_provisioning_component /opt/stack/neutron/neutron/db/provisioning_blocks.py:74}}
Feb 17 20:40:27.645740 np0000156160 devstack@neutron-api.service[103384]: DEBUG neutron.db.ovn_revision_numbers_db [None req-466d16b4-fea2-4859-8edc-d49a1a05c145 service neutron] create_initial_revision uuid=57f4c6cf-8e98-4b4e-9fcf-7cff6701967c, type=ports, rev=-1 {{(pid=103384) create_initial_revision /opt/stack/neutron/neutron/db/ovn_revision_numbers_db.py:98}}
Feb 17 20:40:27.658118 np0000156160 devstack@neutron-api.service[103384]: DEBUG neutron_lib.callbacks.manager [None req-466d16b4-fea2-4859-8edc-d49a1a05c145 service neutron] Publish callbacks ['neutron.plugins.ml2.ovo_rpc._ObjectChangeHandler.handle_event-6680058'] for port (57f4c6cf-8e98-4b4e-9fcf-7cff6701967c), after_create {{(pid=103384) _notify_loop /opt/stack/data/venv/lib/python3.12/site-packages/neutron_lib/callbacks/manager.py:184}}
Feb 17 20:40:27.680222 np0000156160 devstack@neutron-api.service[103384]: DEBUG neutron.api.rpc.handlers.resources_rpc [None req-466d16b4-fea2-4859-8edc-d49a1a05c145 service neutron] Pushing event updated for resources: {'Port': ['ID=57f4c6cf-8e98-4b4e-9fcf-7cff6701967c,revision_number=1']} {{(pid=103384) push /opt/stack/neutron/neutron/api/rpc/handlers/resources_rpc.py:237}}
Feb 17 20:40:27.722680 np0000156160 devstack@neutron-api.service[103384]: DEBUG ovsdbapp.backend.ovs_idl.transaction [None req-63b0d4dc-807f-458b-b218-cde39e55b2ca None None] Running txn n=1 command(idx=0): AddLSwitchPortCommand(_result=None, lport=57f4c6cf-8e98-4b4e-9fcf-7cff6701967c, lswitch=neutron-64ec7c9e-559b-4287-af4d-bf730c85c1d1, may_exist=True, network_uuid=64ec7c9e-559b-4287-af4d-bf730c85c1d1, columns={'addresses': ['fa:16:3e:ae:f3:a0 10.2.5.103', 'unknown'], 'external_ids': {'neutron:port_name': '', 'neutron:device_id': 'manila-admin-share', 'neutron:project_id': 'fef74646cb724cce902550eb16339ba7', 'neutron:cidrs': '10.2.5.103/24', 'neutron:device_owner': 'manila:share', 'neutron:subnet_pool_addr_scope4': '', 'neutron:subnet_pool_addr_scope6': '', 'neutron:network_name': 'neutron-64ec7c9e-559b-4287-af4d-bf730c85c1d1', 'neutron:security_group_ids': '', 'neutron:revision_number': '1', 'neutron:vnic_type': 'normal', 'neutron:port_capabilities': '', 'neutron:mtu': ''}, 'parent_name': [], 'tag': [], 'enabled': True, 'options': {'requested-chassis': 'np0000156160'}, 'type': '', 'port_security': [], 'dhcpv4_options': [UUID('ac0d6dc0-adc8-426a-826c-a4c7194d21ff')], 'dhcpv6_options': []}) {{(pid=103384) do_commit /opt/stack/data/venv/lib/python3.12/site-packages/ovsdbapp/backend/ovs_idl/transaction.py:89}}
Feb 17 20:40:27.723081 np0000156160 devstack@neutron-api.service[103384]: DEBUG ovsdbapp.backend.ovs_idl.transaction [None req-63b0d4dc-807f-458b-b218-cde39e55b2ca None None] Running txn n=1 command(idx=1): QoSDelCommand(_result=None, switch=neutron-64ec7c9e-559b-4287-af4d-bf730c85c1d1, conditions=[('direction', '=', 'to-lport'), ('priority', '=', 2002), ('match', '=', 'outport == "57f4c6cf-8e98-4b4e-9fcf-7cff6701967c"')], if_exists=True) {{(pid=103384) do_commit /opt/stack/data/venv/lib/python3.12/site-packages/ovsdbapp/backend/ovs_idl/transaction.py:89}}
Feb 17 20:40:27.723250 np0000156160 devstack@neutron-api.service[103384]: DEBUG ovsdbapp.backend.ovs_idl.transaction [None req-63b0d4dc-807f-458b-b218-cde39e55b2ca None None] Running txn n=1 command(idx=2): QoSDelCommand(_result=None, switch=neutron-64ec7c9e-559b-4287-af4d-bf730c85c1d1, conditions=[('direction', '=', 'from-lport'), ('priority', '=', 2002), ('match', '=', 'inport == "57f4c6cf-8e98-4b4e-9fcf-7cff6701967c"')], if_exists=True) {{(pid=103384) do_commit /opt/stack/data/venv/lib/python3.12/site-packages/ovsdbapp/backend/ovs_idl/transaction.py:89}}
Feb 17 20:40:27.729585 np0000156160 devstack@neutron-api.service[103385]: DEBUG neutron.plugins.ml2.drivers.ovn.mech_driver.ovsdb.ovsdb_monitor [None req-e03a4df7-151e-47a3-ba0e-e935e07884cd None None] Touching Hash Ring node "b1d009ae52ec59f4810794ee9a09e002" from IDL notify handler {{(pid=103385) notify /opt/stack/neutron/neutron/plugins/ml2/drivers/ovn/mech_driver/ovsdb/ovsdb_monitor.py:912}}
Feb 17 20:40:27.731094 np0000156160 devstack@neutron-api.service[103386]: DEBUG neutron.plugins.ml2.drivers.ovn.mech_driver.ovsdb.ovsdb_monitor [None req-02b330b9-db3d-403f-84b6-4ba87307ec40 None None] Touching Hash Ring node "ab97e64b949b50f4a34a92a69a11ee81" from IDL notify handler {{(pid=103386) notify /opt/stack/neutron/neutron/plugins/ml2/drivers/ovn/mech_driver/ovsdb/ovsdb_monitor.py:912}}
Feb 17 20:40:27.735112 np0000156160 devstack@neutron-api.service[103387]: DEBUG neutron.plugins.ml2.drivers.ovn.mech_driver.ovsdb.ovsdb_monitor [None req-b23dd180-39a8-48ae-b041-f32f540d58d4 None None] Hash Ring: Node f71fb60573765c42b35fe429737a1acb (host: np0000156160) handling event "create" for row 80d48815-8bc9-4f9a-816c-e8683ccfe1f0 (table: Port_Binding) {{(pid=103387) notify /opt/stack/neutron/neutron/plugins/ml2/drivers/ovn/mech_driver/ovsdb/ovsdb_monitor.py:920}}
Feb 17 20:40:27.736653 np0000156160 devstack@neutron-api.service[103385]: DEBUG neutron.plugins.ml2.drivers.ovn.mech_driver.ovsdb.ovsdb_monitor [None req-e03a4df7-151e-47a3-ba0e-e935e07884cd None None] Hash Ring: Node b1d009ae52ec59f4810794ee9a09e002 (host: np0000156160) handling event "update" for row 64ec7c9e-559b-4287-af4d-bf730c85c1d1 (table: Logical_Switch) {{(pid=103385) notify /opt/stack/neutron/neutron/plugins/ml2/drivers/ovn/mech_driver/ovsdb/ovsdb_monitor.py:920}}
Feb 17 20:40:27.740893 np0000156160 devstack@neutron-api.service[103386]: DEBUG neutron.plugins.ml2.drivers.ovn.mech_driver.ovsdb.ovsdb_monitor [None req-02b330b9-db3d-403f-84b6-4ba87307ec40 None None] Hash Ring: Node ab97e64b949b50f4a34a92a69a11ee81 (host: np0000156160) handling event "create" for row 7bbedaac-ae4d-4a3b-8db3-9ab8eba977ae (table: Logical_Switch_Port) {{(pid=103386) notify /opt/stack/neutron/neutron/plugins/ml2/drivers/ovn/mech_driver/ovsdb/ovsdb_monitor.py:920}}
Feb 17 20:40:27.741686 np0000156160 devstack@neutron-api.service[103386]: DEBUG ovsdbapp.backend.ovs_idl.event [None req-02b330b9-db3d-403f-84b6-4ba87307ec40 None None] Matched CREATE: LogicalSwitchPortCreateEvent(events=('create',), table='Logical_Switch_Port', conditions=[], old_conditions=None), priority=20 to row=Logical_Switch_Port(name=57f4c6cf-8e98-4b4e-9fcf-7cff6701967c, ha_chassis_group=[], options={'requested-chassis': 'np0000156160'}, parent_name=[], enabled=[True], type=, dhcpv6_options=[], addresses=['fa:16:3e:ae:f3:a0 10.2.5.103', 'unknown'], tag=[], up=[], external_ids={'neutron:cidrs': '10.2.5.103/24', 'neutron:device_id': 'manila-admin-share', 'neutron:device_owner': 'manila:share', 'neutron:mtu': '', 'neutron:network_name': 'neutron-64ec7c9e-559b-4287-af4d-bf730c85c1d1', 'neutron:port_capabilities': '', 'neutron:port_name': '', 'neutron:project_id': 'fef74646cb724cce902550eb16339ba7', 'neutron:revision_number': '1', 'neutron:security_group_ids': '', 'neutron:subnet_pool_addr_scope4': '', 'neutron:subnet_pool_addr_scope6': '', 'neutron:vnic_type': 'normal'}, tag_request=[], port_security=[], dynamic_addresses=[], dhcpv4_options=[], mirror_rules=[]) old= {{(pid=103386) matches /opt/stack/data/venv/lib/python3.12/site-packages/ovsdbapp/backend/ovs_idl/event.py:55}}
Feb 17 20:40:27.743318 np0000156160 devstack@neutron-api.service[103386]: INFO neutron.plugins.ml2.drivers.ovn.mech_driver.mech_driver [None req-2f90bee6-f774-4675-bcb8-f24d0ba43d00 None None] OVN reports status down for port: 57f4c6cf-8e98-4b4e-9fcf-7cff6701967c
Feb 17 20:40:27.744212 np0000156160 devstack@neutron-api.service[103386]: DEBUG neutron.plugins.ml2.drivers.ovn.mech_driver.ovsdb.ovsdb_monitor [None req-02b330b9-db3d-403f-84b6-4ba87307ec40 None None] Touching Hash Ring node "ab97e64b949b50f4a34a92a69a11ee81" from IDL notify handler {{(pid=103386) notify /opt/stack/neutron/neutron/plugins/ml2/drivers/ovn/mech_driver/ovsdb/ovsdb_monitor.py:912}}
Feb 17 20:40:27.746383 np0000156160 devstack@neutron-api.service[103386]: DEBUG neutron.plugins.ml2.drivers.ovn.mech_driver.ovsdb.ovsdb_monitor [None req-02b330b9-db3d-403f-84b6-4ba87307ec40 None None] Hash Ring: Node ab97e64b949b50f4a34a92a69a11ee81 (host: np0000156160) handling event "update" for row 7bbedaac-ae4d-4a3b-8db3-9ab8eba977ae (table: Logical_Switch_Port) {{(pid=103386) notify /opt/stack/neutron/neutron/plugins/ml2/drivers/ovn/mech_driver/ovsdb/ovsdb_monitor.py:920}}
Feb 17 20:40:27.756076 np0000156160 devstack@neutron-api.service[103384]: INFO neutron.db.ovn_revision_numbers_db [None req-466d16b4-fea2-4859-8edc-d49a1a05c145 service neutron] Successfully bumped revision number for resource 57f4c6cf-8e98-4b4e-9fcf-7cff6701967c (type: ports) to 1
Feb 17 20:40:27.770245 np0000156160 devstack@neutron-api.service[103386]: DEBUG neutron.db.provisioning_blocks [None req-2f90bee6-f774-4675-bcb8-f24d0ba43d00 None None] Ignored duplicate provisioning block setup for port 57f4c6cf-8e98-4b4e-9fcf-7cff6701967c by entity L2. {{(pid=103386) add_provisioning_component /opt/stack/neutron/neutron/db/provisioning_blocks.py:69}}
Feb 17 20:40:27.772475 np0000156160 devstack@neutron-api.service[103384]: DEBUG neutron.plugins.ml2.managers [None req-466d16b4-fea2-4859-8edc-d49a1a05c145 service neutron] Attempting to bind port 57f4c6cf-8e98-4b4e-9fcf-7cff6701967c on host np0000156160 for vnic_type normal with profile {{(pid=103384) bind_port /opt/stack/neutron/neutron/plugins/ml2/managers.py:813}}
Feb 17 20:40:27.772681 np0000156160 devstack@neutron-api.service[103384]: DEBUG neutron.plugins.ml2.managers [None req-466d16b4-fea2-4859-8edc-d49a1a05c145 service neutron] Attempting to bind port 57f4c6cf-8e98-4b4e-9fcf-7cff6701967c by drivers ovn on host np0000156160 at level 0 using segments [{'id': '43711ada-99b9-4152-bea7-a4e7b0f9fb4f', 'network_type': 'geneve', 'physical_network': None, 'segmentation_id': 43306, 'network_id': '64ec7c9e-559b-4287-af4d-bf730c85c1d1'}] {{(pid=103384) _bind_port_level /opt/stack/neutron/neutron/plugins/ml2/managers.py:838}}
Feb 17 20:40:27.774236 np0000156160 devstack@neutron-api.service[103384]: DEBUG neutron.plugins.ml2.drivers.ovn.mech_driver.mech_driver [None req-466d16b4-fea2-4859-8edc-d49a1a05c145 service neutron] Attempting to bind port 57f4c6cf-8e98-4b4e-9fcf-7cff6701967c on host np0000156160 for network segment with type geneve, segmentation ID 43306, physical network None {{(pid=103384) bind_port /opt/stack/neutron/neutron/plugins/ml2/drivers/ovn/mech_driver/mech_driver.py:1189}}
Feb 17 20:40:27.774901 np0000156160 devstack@neutron-api.service[103384]: DEBUG neutron.plugins.ml2.managers [None req-466d16b4-fea2-4859-8edc-d49a1a05c145 service neutron] Bound port: 57f4c6cf-8e98-4b4e-9fcf-7cff6701967c, host: np0000156160, vif_type: ovs, vif_details: {"port_filter": true, "connectivity": "l2", "ovs_create_tap": false, "bridge_name": "br-int", "datapath_type": "system"}, binding_levels: [{'bound_driver': 'ovn', 'bound_segment': {'id': '43711ada-99b9-4152-bea7-a4e7b0f9fb4f', 'network_type': 'geneve', 'physical_network': None, 'segmentation_id': 43306, 'network_id': '64ec7c9e-559b-4287-af4d-bf730c85c1d1'}}] {{(pid=103384) _bind_port_level /opt/stack/neutron/neutron/plugins/ml2/managers.py:949}}
Feb 17 20:40:27.775106 np0000156160 devstack@neutron-api.service[103384]: DEBUG neutron_lib.callbacks.manager [None req-466d16b4-fea2-4859-8edc-d49a1a05c145 service neutron] Publish callbacks ['neutron.plugins.ml2.plugin.SecurityGroupDbMixin._ensure_default_security_group_handler-325606', 'neutron.services.ovn_l3.plugin.OVNL3RouterPlugin._port_update-7987636105300', 'neutron.db.l3_db.L3_NAT_dbonly_mixin._prevent_internal_ip_change_for_fip-7987637962826'] for port (57f4c6cf-8e98-4b4e-9fcf-7cff6701967c), before_update {{(pid=103384) _notify_loop /opt/stack/data/venv/lib/python3.12/site-packages/neutron_lib/callbacks/manager.py:184}}
Feb 17 20:40:27.787617 np0000156160 devstack@neutron-api.service[103386]: DEBUG neutron.plugins.ml2.plugin [None req-2f90bee6-f774-4675-bcb8-f24d0ba43d00 None None] Current status of the port 57f4c6cf-8e98-4b4e-9fcf-7cff6701967c is: DOWN; New status is: DOWN {{(pid=103386) _update_individual_port_db_status /opt/stack/neutron/neutron/plugins/ml2/plugin.py:2461}}
Feb 17 20:40:27.788890 np0000156160 devstack@neutron-api.service[103386]: DEBUG ovsdbapp.backend.ovs_idl.transaction [None req-02b330b9-db3d-403f-84b6-4ba87307ec40 None None] Running txn n=1 command(idx=0): DbRemoveCommand(_result=None, table=Logical_Switch_Port, record=57f4c6cf-8e98-4b4e-9fcf-7cff6701967c, column=external_ids, values=('neutron:host_id',), keyvalues={}, if_exists=True) {{(pid=103386) do_commit /opt/stack/data/venv/lib/python3.12/site-packages/ovsdbapp/backend/ovs_idl/transaction.py:89}}
Feb 17 20:40:27.813490 np0000156160 devstack@neutron-api.service[103384]: DEBUG neutron.plugins.ml2.db [None req-466d16b4-fea2-4859-8edc-d49a1a05c145 service neutron] For port 57f4c6cf-8e98-4b4e-9fcf-7cff6701967c, host np0000156160, cleared binding levels {{(pid=103384) clear_binding_levels /opt/stack/neutron/neutron/plugins/ml2/db.py:87}}
Feb 17 20:40:27.815791 np0000156160 devstack@neutron-api.service[103384]: DEBUG neutron.plugins.ml2.db [None req-466d16b4-fea2-4859-8edc-d49a1a05c145 service neutron] For port 57f4c6cf-8e98-4b4e-9fcf-7cff6701967c, host np0000156160, set binding levels [PortBindingLevel(driver='ovn',host='np0000156160',level=0,port_id=57f4c6cf-8e98-4b4e-9fcf-7cff6701967c,segment=NetworkSegment(43711ada-99b9-4152-bea7-a4e7b0f9fb4f),segment_id=43711ada-99b9-4152-bea7-a4e7b0f9fb4f)] {{(pid=103384) set_binding_levels /opt/stack/neutron/neutron/plugins/ml2/db.py:59}}
Feb 17 20:40:27.816980 np0000156160 devstack@neutron-api.service[103384]: DEBUG neutron.plugins.ml2.drivers.ovn.mech_driver.mech_driver [None req-466d16b4-fea2-4859-8edc-d49a1a05c145 service neutron] No provisioning block for port 57f4c6cf-8e98-4b4e-9fcf-7cff6701967c since host unchanged {{(pid=103384) _is_port_provisioning_required /opt/stack/neutron/neutron/plugins/ml2/drivers/ovn/mech_driver/mech_driver.py:888}}
Feb 17 20:40:27.823415 np0000156160 devstack@neutron-api.service[103384]: DEBUG neutron_lib.callbacks.manager [None req-466d16b4-fea2-4859-8edc-d49a1a05c145 service neutron] Publish callbacks ['neutron.plugins.ml2.ovo_rpc._ObjectChangeHandler.handle_event-6680058', 'neutron.db.l3_db.L3RpcNotifierMixin._notify_gateway_port_ip_changed-7987637968796', 'neutron.services.ovn_l3.plugin.OVNL3RouterPlugin._port_update-7987636105300'] for port (57f4c6cf-8e98-4b4e-9fcf-7cff6701967c), after_update {{(pid=103384) _notify_loop /opt/stack/data/venv/lib/python3.12/site-packages/neutron_lib/callbacks/manager.py:184}}
Feb 17 20:40:27.858868 np0000156160 devstack@neutron-api.service[103384]: DEBUG neutron.api.rpc.handlers.resources_rpc [None req-466d16b4-fea2-4859-8edc-d49a1a05c145 service neutron] Pushing event updated for resources: {'Port': ['ID=57f4c6cf-8e98-4b4e-9fcf-7cff6701967c,revision_number=3']} {{(pid=103384) push /opt/stack/neutron/neutron/api/rpc/handlers/resources_rpc.py:237}}
Feb 17 20:40:27.886335 np0000156160 devstack@neutron-api.service[103384]: DEBUG ovsdbapp.backend.ovs_idl.transaction [None req-63b0d4dc-807f-458b-b218-cde39e55b2ca None None] Running txn n=1 command(idx=0): CheckRevisionNumberCommand(_result=None, name=57f4c6cf-8e98-4b4e-9fcf-7cff6701967c, resource={'id': '57f4c6cf-8e98-4b4e-9fcf-7cff6701967c', 'name': '', 'network_id': '64ec7c9e-559b-4287-af4d-bf730c85c1d1', 'project_id': 'fef74646cb724cce902550eb16339ba7', 'mac_address': 'fa:16:3e:ae:f3:a0', 'admin_state_up': True, 'status': 'DOWN', 'device_id': 'manila-admin-share', 'device_owner': 'manila:share', 'standard_attr_id': 46, 'fixed_ips': [{'subnet_id': 'fc5a9ef6-69e8-46d8-9619-ed235fde9cc1', 'ip_address': '10.2.5.103'}], 'allowed_address_pairs': [], 'extra_dhcp_opts': [], 'security_groups': [], 'description': '', 'binding:vnic_type': 'normal', 'binding:profile': {}, 'binding:host_id': 'np0000156160', 'binding:vif_type': 'ovs', 'binding:vif_details': {'port_filter': True, 'connectivity': 'l2', 'ovs_create_tap': False, 'bridge_name': 'br-int', 'datapath_type': 'system', 'bound_drivers': {'0': 'ovn'}}, 'port_security_enabled': False, 'tags': [], 'created_at': '2026-02-17T20:40:27Z', 'updated_at': '2026-02-17T20:40:27Z', 'revision_number': 3, 'tenant_id': 'fef74646cb724cce902550eb16339ba7', 'network': {'id': '64ec7c9e-559b-4287-af4d-bf730c85c1d1', 'name': 'admin_net', 'tenant_id': 'fef74646cb724cce902550eb16339ba7', 'project_id': 'fef74646cb724cce902550eb16339ba7', 'admin_state_up': True, 'mtu': 1372, 'status': 'ACTIVE', 'subnets': ['fc5a9ef6-69e8-46d8-9619-ed235fde9cc1'], 'standard_attr_id': 42, 'shared': False, 'availability_zone_hints': [], 'availability_zones': [], 'ipv4_address_scope': None, 'ipv6_address_scope': None, 'router:external': False, 'qinq': False, 'vlan_transparent': False, 'description': '', 'port_security_enabled': True, 'tags': [], 'created_at': '2026-02-17T20:40:20Z', 'updated_at': '2026-02-17T20:40:22Z', 'revision_number': 2, 'provider:network_type': 'geneve', 'provider:physical_network': None, 'provider:segmentation_id': 43306}}, resource_type=ports, if_exists=True) {{(pid=103384) do_commit /opt/stack/data/venv/lib/python3.12/site-packages/ovsdbapp/backend/ovs_idl/transaction.py:89}}
Feb 17 20:40:27.886972 np0000156160 devstack@neutron-api.service[103384]: DEBUG ovsdbapp.backend.ovs_idl.transaction [None req-63b0d4dc-807f-458b-b218-cde39e55b2ca None None] Running txn n=1 command(idx=1): SetLSwitchPortCommand(_result=None, lport=57f4c6cf-8e98-4b4e-9fcf-7cff6701967c, external_ids_update=None, columns={'external_ids': {'neutron:port_name': '', 'neutron:device_id': 'manila-admin-share', 'neutron:project_id': 'fef74646cb724cce902550eb16339ba7', 'neutron:cidrs': '10.2.5.103/24', 'neutron:device_owner': 'manila:share', 'neutron:subnet_pool_addr_scope4': '', 'neutron:subnet_pool_addr_scope6': '', 'neutron:network_name': 'neutron-64ec7c9e-559b-4287-af4d-bf730c85c1d1', 'neutron:security_group_ids': '', 'neutron:revision_number': '3', 'neutron:vnic_type': 'normal', 'neutron:port_capabilities': '', 'neutron:mtu': ''}, 'parent_name': [], 'tag': [], 'options': {'requested-chassis': 'np0000156160'}, 'enabled': True, 'port_security': [], 'dhcpv4_options': [UUID('ac0d6dc0-adc8-426a-826c-a4c7194d21ff')], 'dhcpv6_options': [], 'type': '', 'addresses': ['fa:16:3e:ae:f3:a0 10.2.5.103', 'unknown'], 'ha_chassis_group': []}, if_exists=False) {{(pid=103384) do_commit /opt/stack/data/venv/lib/python3.12/site-packages/ovsdbapp/backend/ovs_idl/transaction.py:89}}
Feb 17 20:40:27.888504 np0000156160 devstack@neutron-api.service[103384]: DEBUG ovsdbapp.backend.ovs_idl.transaction [None req-63b0d4dc-807f-458b-b218-cde39e55b2ca None None] Running txn n=1 command(idx=2): PgDelPortCommand(_result=None, port_group=neutron_pg_drop, lsp=['57f4c6cf-8e98-4b4e-9fcf-7cff6701967c'], if_exists=False) {{(pid=103384) do_commit /opt/stack/data/venv/lib/python3.12/site-packages/ovsdbapp/backend/ovs_idl/transaction.py:89}}
Feb 17 20:40:27.899803 np0000156160 devstack@neutron-api.service[103387]: DEBUG neutron.plugins.ml2.drivers.ovn.mech_driver.ovsdb.ovsdb_monitor [None req-b23dd180-39a8-48ae-b041-f32f540d58d4 None None] Hash Ring: Node f71fb60573765c42b35fe429737a1acb (host: np0000156160) handling event "update" for row 80d48815-8bc9-4f9a-816c-e8683ccfe1f0 (table: Port_Binding) {{(pid=103387) notify /opt/stack/neutron/neutron/plugins/ml2/drivers/ovn/mech_driver/ovsdb/ovsdb_monitor.py:920}}
Feb 17 20:40:27.901294 np0000156160 devstack@neutron-api.service[103386]: DEBUG neutron.plugins.ml2.drivers.ovn.mech_driver.ovsdb.ovsdb_monitor [None req-02b330b9-db3d-403f-84b6-4ba87307ec40 None None] Touching Hash Ring node "ab97e64b949b50f4a34a92a69a11ee81" from IDL notify handler {{(pid=103386) notify /opt/stack/neutron/neutron/plugins/ml2/drivers/ovn/mech_driver/ovsdb/ovsdb_monitor.py:912}}
Feb 17 20:40:27.903919 np0000156160 devstack@neutron-api.service[103386]: DEBUG neutron.plugins.ml2.drivers.ovn.mech_driver.ovsdb.ovsdb_monitor [None req-02b330b9-db3d-403f-84b6-4ba87307ec40 None None] Hash Ring: Node ab97e64b949b50f4a34a92a69a11ee81 (host: np0000156160) handling event "update" for row 7bbedaac-ae4d-4a3b-8db3-9ab8eba977ae (table: Logical_Switch_Port) {{(pid=103386) notify /opt/stack/neutron/neutron/plugins/ml2/drivers/ovn/mech_driver/ovsdb/ovsdb_monitor.py:920}}
Feb 17 20:40:27.936937 np0000156160 devstack@neutron-api.service[103384]: INFO neutron.db.ovn_revision_numbers_db [None req-466d16b4-fea2-4859-8edc-d49a1a05c145 service neutron] Successfully bumped revision number for resource 57f4c6cf-8e98-4b4e-9fcf-7cff6701967c (type: ports) to 3
Feb 17 20:40:27.949700 np0000156160 devstack@neutron-api.service[103384]: DEBUG neutron.pecan_wsgi.hooks.policy_enforcement [None req-466d16b4-fea2-4859-8edc-d49a1a05c145 service neutron] Attributes excluded by policy engine: ['standard_attr_id'] {{(pid=103384) _exclude_attributes_by_policy /opt/stack/neutron/neutron/pecan_wsgi/hooks/policy_enforcement.py:258}}
Feb 17 20:40:27.949937 np0000156160 devstack@neutron-api.service[103384]: DEBUG neutron_lib.callbacks.manager [None req-466d16b4-fea2-4859-8edc-d49a1a05c145 service neutron] Publish callbacks ['neutron.notifiers.nova.Notifier._send_nova_notification-1870070'] for port (None), before_response {{(pid=103384) _notify_loop /opt/stack/data/venv/lib/python3.12/site-packages/neutron_lib/callbacks/manager.py:184}}
Feb 17 20:40:27.961792 np0000156160 devstack@neutron-api.service[103384]: [pid: 103384|app: 0|req: 26/104] 199.204.45.141 () {68 vars in 1304 bytes} [Tue Feb 17 20:40:27 2026] POST /networking/v2.0/ports => generated 927 bytes in 479 msecs (HTTP/1.1 201) 4 headers in 162 bytes (1 switches on core 0)
