2026-02-25 23:25:30.933 7 INFO placement.requestlog [None req-6d3484c9-7f3a-488c-819d-2fc4ac323ec4 84c083a4cee9471baa4f513fe1dbb0b9 a47bb3744cfd40d89cfab01697f303ab - - fa6d3a9ccaf6407aa3cbf553955958f8 fa6d3a9ccaf6407aa3cbf553955958f8] 10.0.0.88 "DELETE /resource_providers/a93ab630-36ab-4799-b6ee-8138fe46b3a3" status: 404 len: 246 microversion: 1.1 [pid: 7|app: 0|req: 571/1136] 10.0.0.88 () {34 vars in 814 bytes} [Wed Feb 25 23:25:30 2026] DELETE /resource_providers/a93ab630-36ab-4799-b6ee-8138fe46b3a3 => generated 246 bytes in 10 msecs (HTTP/1.1 404) 6 headers in 231 bytes (1 switches on core 0)
2026-02-25 23:25:32.357 7 INFO placement.requestlog [None req-68d9986e-b7a4-4deb-8164-dfea87f01a41 - - - - - -] 10.0.0.144 "GET /" status: 200 len: 136 microversion: 1.0
2026-02-25 23:25:32.358 8 INFO placement.requestlog [None req-8c967cc9-2ada-4851-a42c-b02ff4e7978b - - - - - -] 10.0.0.144 "GET /" status: 200 len: 136 microversion: 1.0
2026-02-25 23:25:40.884 7 INFO placement.requestlog [None req-d38d722b-06cf-41ba-86f1-8bdfa079eaa5 81dce44d287f443f9b141505703a2b21 9957435ea42a49b8acac61bde6f95f10 - - default default] 10.0.0.245 "GET /resource_providers" status: 200 len: 406 microversion: 1.0 [pid: 7|app: 0|req: 573/1139] 10.0.0.245 () {28 vars in 592 bytes} [Wed Feb 25 23:25:40 2026] GET /resource_providers => generated 406 bytes in 140 msecs (HTTP/1.1 200) 6 headers in 224 bytes (1 switches on core 0)
2026-02-25 23:25:40.907 8 INFO placement.requestlog [None req-f010c609-c280-4420-813f-e584b2fc2095 81dce44d287f443f9b141505703a2b21 9957435ea42a49b8acac61bde6f95f10 - - default default] 10.0.0.245 "GET /resource_providers/fa46a2b9-9b4c-4a30-9f29-2eeade3242b4/inventories" status: 200 len: 401 microversion: 1.0 [pid: 8|app: 0|req: 567/1140] 10.0.0.245 () {28 vars in 690 bytes} [Wed Feb 25 23:25:40 2026] GET /resource_providers/fa46a2b9-9b4c-4a30-9f29-2eeade3242b4/inventories => generated 401 bytes in 18 msecs (HTTP/1.1 200) 6 headers in 224 bytes (1 switches on core 0)
2026-02-25 23:25:40.919 7 INFO placement.requestlog [None req-f58e9e36-8d69-47fd-a099-c603461713dd 81dce44d287f443f9b141505703a2b21 9957435ea42a49b8acac61bde6f95f10 - - default default] 10.0.0.245 "GET /resource_providers/fa46a2b9-9b4c-4a30-9f29-2eeade3242b4/usages" status: 200 len: 92 microversion: 1.0 [pid: 7|app: 0|req: 574/1141] 10.0.0.245 () {28 vars in 680 bytes} [Wed Feb 25 23:25:40 2026] GET /resource_providers/fa46a2b9-9b4c-4a30-9f29-2eeade3242b4/usages => generated 92 bytes in 9 msecs (HTTP/1.1 200) 6 headers in 223 bytes (1 switches on core 0)
2026-02-25 23:25:42.357 7 INFO placement.requestlog [None req-5f96e6e1-8e95-44e4-a405-20b470ecf133 - - - - - -] 10.0.0.144 "GET /" status: 200 len: 136 microversion: 1.0
2026-02-25 23:25:42.357 8 INFO placement.requestlog [None req-299c4ede-f36c-4aef-a217-0a610e543758 - - - - - -] 10.0.0.144 "GET /" status: 200 len: 136 microversion: 1.0
2026-02-25 23:25:50.681 7 INFO placement.requestlog [req-041e9d33-2439-479e-8fa8-0f372cc66fb3 req-a29173c0-e01e-4b2f-90c2-d1412a473760 099f8c74c77445b1b3b972ece4aee0dd a47bb3744cfd40d89cfab01697f303ab - - fa6d3a9ccaf6407aa3cbf553955958f8 fa6d3a9ccaf6407aa3cbf553955958f8] 199.204.45.223 "GET /resource_providers/fa46a2b9-9b4c-4a30-9f29-2eeade3242b4/allocations" status: 200 len: 440 microversion: 1.0 [pid: 7|app: 0|req: 576/1144] 199.204.45.223 () {32 vars in 856 bytes} [Wed Feb 25 23:25:50 2026] GET /resource_providers/fa46a2b9-9b4c-4a30-9f29-2eeade3242b4/allocations => generated 440 bytes in 16 msecs (HTTP/1.1 200) 6 headers in 224 bytes (1 switches on core 0)
2026-02-25 23:25:50.701 8 INFO placement.requestlog [req-041e9d33-2439-479e-8fa8-0f372cc66fb3 req-d5a4b643-5482-46bb-ab0c-98428f65d6bf 099f8c74c77445b1b3b972ece4aee0dd a47bb3744cfd40d89cfab01697f303ab - - fa6d3a9ccaf6407aa3cbf553955958f8 fa6d3a9ccaf6407aa3cbf553955958f8] 199.204.45.223 "GET /allocations/d435aa59-400e-491b-9a6e-4b3ea256eaad" status: 200 len: 258 microversion: 1.28 [pid: 8|app: 0|req: 569/1145] 199.204.45.223 () {34 vars in 862 bytes} [Wed Feb 25 23:25:50 2026] GET /allocations/d435aa59-400e-491b-9a6e-4b3ea256eaad => generated 258 bytes in 12 msecs (HTTP/1.1 200) 8 headers in 296 bytes (1 switches on core 0)
2026-02-25 23:25:50.718 7 INFO placement.requestlog [req-041e9d33-2439-479e-8fa8-0f372cc66fb3 req-6e3e0db9-a3b7-4077-bfe1-703aa6a5d8a1 099f8c74c77445b1b3b972ece4aee0dd a47bb3744cfd40d89cfab01697f303ab - - fa6d3a9ccaf6407aa3cbf553955958f8 fa6d3a9ccaf6407aa3cbf553955958f8] 199.204.45.223 "GET /allocations/930af68f-327b-4873-ad6a-56613d06b707" status: 200 len: 258 microversion: 1.28 [pid: 7|app: 0|req: 577/1146] 199.204.45.223 () {34 vars in 862 bytes} [Wed Feb 25 23:25:50 2026] GET /allocations/930af68f-327b-4873-ad6a-56613d06b707 => generated 258 bytes in 10 msecs (HTTP/1.1 200) 8 headers in 296 bytes (1 switches on core 0)
2026-02-25 23:25:50.741 8 INFO placement.requestlog [req-041e9d33-2439-479e-8fa8-0f372cc66fb3 req-80453002-5afa-40dd-a898-452a36b24385 099f8c74c77445b1b3b972ece4aee0dd a47bb3744cfd40d89cfab01697f303ab - - fa6d3a9ccaf6407aa3cbf553955958f8 fa6d3a9ccaf6407aa3cbf553955958f8] 199.204.45.223 "GET /allocations/79a0cd95-36af-47ee-b8dd-de0334659020" status: 200 len: 258 microversion: 1.28 [pid: 8|app: 0|req: 570/1147] 199.204.45.223 () {34 vars in 862 bytes} [Wed Feb 25 23:25:50 2026] GET /allocations/79a0cd95-36af-47ee-b8dd-de0334659020 => generated 258 bytes in 16 msecs (HTTP/1.1 200) 8 headers in 296 bytes (1 switches on core 0)
2026-02-25 23:25:50.761 7 INFO placement.requestlog [req-041e9d33-2439-479e-8fa8-0f372cc66fb3 req-f71c5134-b633-4634-a495-fbe1d13f3f3b 099f8c74c77445b1b3b972ece4aee0dd a47bb3744cfd40d89cfab01697f303ab - - fa6d3a9ccaf6407aa3cbf553955958f8 fa6d3a9ccaf6407aa3cbf553955958f8] 199.204.45.223 "GET /allocations/d5e2b0c8-3150-4f13-92db-ec0a1e6476f8" status: 200 len: 245 microversion: 1.28 [pid: 7|app: 0|req: 578/1148] 199.204.45.223 () {34 vars in 862 bytes} [Wed Feb 25 23:25:50 2026] GET /allocations/d5e2b0c8-3150-4f13-92db-ec0a1e6476f8 => generated 245 bytes in 12 msecs (HTTP/1.1 200) 8 headers in 296 bytes (1 switches on core 0)
2026-02-25 23:25:51.816 8 INFO placement.requestlog [req-041e9d33-2439-479e-8fa8-0f372cc66fb3 req-43b06efc-08b2-42f2-88e8-7a4d92fd71b6 099f8c74c77445b1b3b972ece4aee0dd a47bb3744cfd40d89cfab01697f303ab - - fa6d3a9ccaf6407aa3cbf553955958f8 fa6d3a9ccaf6407aa3cbf553955958f8] 199.204.45.223 "DELETE /allocations/930af68f-327b-4873-ad6a-56613d06b707" status: 204 len: 0 microversion: 1.0 [pid: 8|app: 0|req: 571/1149] 199.204.45.223 () {34 vars in 840 bytes} [Wed Feb 25 23:25:51 2026] DELETE /allocations/930af68f-327b-4873-ad6a-56613d06b707 => generated 0 bytes in 28 msecs (HTTP/1.1 204) 5 headers in 198 bytes (1 switches on core 0)
2026-02-25 23:25:52.357 8 INFO placement.requestlog [None req-478825f4-5c61-4abe-84a4-9785841a1800 - - - - - -] 10.0.0.144 "GET /" status: 200 len: 136 microversion: 1.0
2026-02-25 23:25:52.358 7 INFO placement.requestlog [None req-57a82f77-1b1e-47a0-a4b9-dced85f35774 - - - - - -] 10.0.0.144 "GET /" status: 200 len: 136 microversion: 1.0
2026-02-25 23:25:56.841 7 INFO placement.requestlog [None req-9a69dea8-6441-446d-91ae-bf58e5a63486 84c083a4cee9471baa4f513fe1dbb0b9 a47bb3744cfd40d89cfab01697f303ab - - fa6d3a9ccaf6407aa3cbf553955958f8 fa6d3a9ccaf6407aa3cbf553955958f8] 10.0.0.88 "GET /resource_providers/450eab73-c2ff-4e7c-adc4-1cfbd94e36f4/aggregates" status: 404 len: 235 microversion: 1.1 [pid: 7|app: 0|req: 580/1152] 10.0.0.88 () {32 vars in 814 bytes} [Wed Feb 25 23:25:56 2026] GET /resource_providers/450eab73-c2ff-4e7c-adc4-1cfbd94e36f4/aggregates => generated 235 bytes in 113 msecs (HTTP/1.1 404) 5 headers in 202 bytes (1 switches on core 0)
2026-02-25 23:25:56.844 8 INFO placement.requestlog [None req-c5da7a18-a892-4879-a8ec-e48a8d5f4a3e 84c083a4cee9471baa4f513fe1dbb0b9 a47bb3744cfd40d89cfab01697f303ab - - fa6d3a9ccaf6407aa3cbf553955958f8 fa6d3a9ccaf6407aa3cbf553955958f8] 10.0.0.88 "GET /resource_providers/450eab73-c2ff-4e7c-adc4-1cfbd94e36f4/aggregates" status: 404 len: 235 microversion: 1.1 [pid: 8|app: 0|req: 573/1153] 10.0.0.88 () {32 vars in 814 bytes} [Wed Feb 25 23:25:56 2026] GET /resource_providers/450eab73-c2ff-4e7c-adc4-1cfbd94e36f4/aggregates => generated 235 bytes in 116 msecs (HTTP/1.1 404) 5 headers in 202 bytes (1 switches on core 0)
2026-02-25 23:25:56.870 7 INFO placement.requestlog [None req-ccd0fa76-dc54-467d-a9d5-1806348bad50 84c083a4cee9471baa4f513fe1dbb0b9 a47bb3744cfd40d89cfab01697f303ab - - fa6d3a9ccaf6407aa3cbf553955958f8 fa6d3a9ccaf6407aa3cbf553955958f8] 10.0.0.88 "DELETE /resource_providers/450eab73-c2ff-4e7c-adc4-1cfbd94e36f4" status: 404 len: 246 microversion: 1.1 [pid: 7|app: 0|req: 581/1154] 10.0.0.88 () {34 vars in 814 bytes} [Wed Feb 25 23:25:56 2026] DELETE /resource_providers/450eab73-c2ff-4e7c-adc4-1cfbd94e36f4 => generated 246 bytes in 12 msecs (HTTP/1.1 404) 6 headers in 231 bytes (1 switches on core 0)
2026-02-25 23:25:56.871 8 INFO placement.requestlog [None req-659f116b-9417-41fd-9e1a-bbf7d8ac1d01 84c083a4cee9471baa4f513fe1dbb0b9 a47bb3744cfd40d89cfab01697f303ab - - fa6d3a9ccaf6407aa3cbf553955958f8 fa6d3a9ccaf6407aa3cbf553955958f8] 10.0.0.88 "DELETE /resource_providers/450eab73-c2ff-4e7c-adc4-1cfbd94e36f4" status: 404 len: 246 microversion: 1.1 [pid: 8|app: 0|req: 574/1155] 10.0.0.88 () {34 vars in 814 bytes} [Wed Feb 25 23:25:56 2026] DELETE /resource_providers/450eab73-c2ff-4e7c-adc4-1cfbd94e36f4 => generated 246 bytes in 9 msecs (HTTP/1.1 404) 6 headers in 231 bytes (1 switches on core 0)
2026-02-25 23:25:56.930 7 INFO placement.requestlog [None req-d0b58d77-5937-4603-ac0c-8c4039c79b8c 84c083a4cee9471baa4f513fe1dbb0b9 a47bb3744cfd40d89cfab01697f303ab - - fa6d3a9ccaf6407aa3cbf553955958f8 fa6d3a9ccaf6407aa3cbf553955958f8] 10.0.0.88 "GET /resource_providers/143db832-7863-4069-b35c-fd0617883400/aggregates" status: 404 len: 235 microversion: 1.1 [pid: 7|app: 0|req: 582/1156] 10.0.0.88 () {32 vars in 814 bytes} [Wed Feb 25 23:25:56 2026] GET /resource_providers/143db832-7863-4069-b35c-fd0617883400/aggregates => generated 235 bytes in 8 msecs (HTTP/1.1 404) 5 headers in 202 bytes (1 switches on core 0)
2026-02-25 23:25:56.936 8 INFO placement.requestlog [None req-b7b2596b-ee62-45d4-b7a4-493c4ebaa441 84c083a4cee9471baa4f513fe1dbb0b9 a47bb3744cfd40d89cfab01697f303ab - - fa6d3a9ccaf6407aa3cbf553955958f8 fa6d3a9ccaf6407aa3cbf553955958f8] 10.0.0.88 "GET /resource_providers/143db832-7863-4069-b35c-fd0617883400/aggregates" status: 404 len: 235 microversion: 1.1 [pid: 8|app: 0|req: 575/1157] 10.0.0.88 () {32 vars in 814 bytes} [Wed Feb 25 23:25:56 2026] GET /resource_providers/143db832-7863-4069-b35c-fd0617883400/aggregates => generated 235 bytes in 14 msecs (HTTP/1.1 404) 5 headers in 202 bytes (1 switches on core 0)
2026-02-25 23:25:56.955 8 INFO placement.requestlog [None req-94472498-266c-407b-8095-2302591a2ded 84c083a4cee9471baa4f513fe1dbb0b9 a47bb3744cfd40d89cfab01697f303ab - - fa6d3a9ccaf6407aa3cbf553955958f8 fa6d3a9ccaf6407aa3cbf553955958f8] 10.0.0.88 "DELETE /resource_providers/143db832-7863-4069-b35c-fd0617883400" status: 404 len: 246 microversion: 1.1 [pid: 8|app: 0|req: 576/1158] 10.0.0.88 () {34 vars in 814 bytes} [Wed Feb 25 23:25:56 2026] DELETE /resource_providers/143db832-7863-4069-b35c-fd0617883400 => generated 246 bytes in 10 msecs (HTTP/1.1 404) 6 headers in 231 bytes (1 switches on core 0)
2026-02-25 23:25:56.956 7 INFO placement.requestlog [None req-596e3b9a-8967-4408-ac5f-270dd55b3cc7 84c083a4cee9471baa4f513fe1dbb0b9 a47bb3744cfd40d89cfab01697f303ab - - fa6d3a9ccaf6407aa3cbf553955958f8 fa6d3a9ccaf6407aa3cbf553955958f8] 10.0.0.88 "DELETE /resource_providers/143db832-7863-4069-b35c-fd0617883400" status: 404 len: 246 microversion: 1.1 [pid: 7|app: 0|req: 583/1159] 10.0.0.88 () {34 vars in 814 bytes} [Wed Feb 25 23:25:56 2026] DELETE /resource_providers/143db832-7863-4069-b35c-fd0617883400 => generated 246 bytes in 12 msecs (HTTP/1.1 404) 6 headers in 231 bytes (1 switches on core 0)
2026-02-25 23:25:59.333 7 INFO placement.requestlog [None req-a3c49753-dcd9-4f6b-9e7a-5b2a845d24ad 84c083a4cee9471baa4f513fe1dbb0b9 a47bb3744cfd40d89cfab01697f303ab - - fa6d3a9ccaf6407aa3cbf553955958f8 fa6d3a9ccaf6407aa3cbf553955958f8] 10.0.0.88 "GET /resource_providers/1d62430c-c6a9-4a80-ab79-87c3fa27d7f8/aggregates" status: 404 len: 235 microversion: 1.1
2026-02-25 23:25:59.334 8 INFO placement.requestlog [None req-5934a35d-bb82-4a6a-baf3-366f0f24e518 84c083a4cee9471baa4f513fe1dbb0b9 a47bb3744cfd40d89cfab01697f303ab - - fa6d3a9ccaf6407aa3cbf553955958f8 fa6d3a9ccaf6407aa3cbf553955958f8] 10.0.0.88 "GET /resource_providers/1d62430c-c6a9-4a80-ab79-87c3fa27d7f8/aggregates" status: 404 len: 235 microversion: 1.1 [pid: 7|app: 0|req: 584/1160] 10.0.0.88 () {32 vars in 814 bytes} [Wed Feb 25 23:25:59 2026] GET /resource_providers/1d62430c-c6a9-4a80-ab79-87c3fa27d7f8/aggregates => generated 235 bytes in 8 msecs (HTTP/1.1 404) 5 headers in 202 bytes (1 switches on core 0) [pid: 8|app: 0|req: 577/1161] 10.0.0.88 () {32 vars in 814 bytes} [Wed Feb 25 23:25:59 2026] GET /resource_providers/1d62430c-c6a9-4a80-ab79-87c3fa27d7f8/aggregates => generated 235 bytes in 10 msecs (HTTP/1.1 404) 5 headers in 202 bytes (1 switches on core 0)
2026-02-25 23:25:59.351 7 INFO placement.requestlog [None req-c61db62e-a348-4d28-9a1b-0b95c45ce3ca 84c083a4cee9471baa4f513fe1dbb0b9 a47bb3744cfd40d89cfab01697f303ab - - fa6d3a9ccaf6407aa3cbf553955958f8 fa6d3a9ccaf6407aa3cbf553955958f8] 10.0.0.88 "DELETE /resource_providers/1d62430c-c6a9-4a80-ab79-87c3fa27d7f8" status: 404 len: 246 microversion: 1.1 [pid: 7|app: 0|req: 585/1162] 10.0.0.88 () {34 vars in 814 bytes} [Wed Feb 25 23:25:59 2026] DELETE /resource_providers/1d62430c-c6a9-4a80-ab79-87c3fa27d7f8 => generated 246 bytes in 7 msecs (HTTP/1.1 404) 6 headers in 231 bytes (1 switches on core 0)
2026-02-25 23:25:59.356 8 INFO placement.requestlog [None req-6bd448c1-acc8-4a04-a7c7-3d4afff49d89 84c083a4cee9471baa4f513fe1dbb0b9 a47bb3744cfd40d89cfab01697f303ab - - fa6d3a9ccaf6407aa3cbf553955958f8 fa6d3a9ccaf6407aa3cbf553955958f8] 10.0.0.88 "DELETE /resource_providers/1d62430c-c6a9-4a80-ab79-87c3fa27d7f8" status: 404 len: 246 microversion: 1.1 [pid: 8|app: 0|req: 578/1163] 10.0.0.88 () {34 vars in 814 bytes} [Wed Feb 25 23:25:59 2026] DELETE /resource_providers/1d62430c-c6a9-4a80-ab79-87c3fa27d7f8 => generated 246 bytes in 9 msecs (HTTP/1.1 404) 6 headers in 231 bytes (1 switches on core 0)
2026-02-25 23:26:02.357 7 INFO placement.requestlog [None req-db5985d3-790c-496b-a78d-94fecc9f7b45 - - - - - -] 10.0.0.144 "GET /" status: 200 len: 136 microversion: 1.0
2026-02-25 23:26:02.357 8 INFO placement.requestlog [None req-f3b344a1-f7f4-406b-8db2-08e2439bb2f7 - - - - - -] 10.0.0.144 "GET /" status: 200 len: 136 microversion: 1.0
2026-02-25 23:26:08.847 7 INFO placement.requestlog [req-785bcec1-e119-451b-8f2b-bce86d7c1a93 req-f45a1c7d-99d8-4334-9db9-b7ad5695a9b2 099f8c74c77445b1b3b972ece4aee0dd a47bb3744cfd40d89cfab01697f303ab - - fa6d3a9ccaf6407aa3cbf553955958f8 fa6d3a9ccaf6407aa3cbf553955958f8] 199.204.45.223 "GET /resource_providers/fa46a2b9-9b4c-4a30-9f29-2eeade3242b4/allocations" status: 200 len: 340 microversion: 1.0 [pid: 7|app: 0|req: 587/1166] 199.204.45.223 () {32 vars in 856 bytes} [Wed Feb 25 23:26:08 2026] GET /resource_providers/fa46a2b9-9b4c-4a30-9f29-2eeade3242b4/allocations => generated 340 bytes in 16 msecs (HTTP/1.1 200) 6 headers in 224 bytes (1 switches on core 0)
2026-02-25 23:26:08.871 8 INFO placement.requestlog [req-785bcec1-e119-451b-8f2b-bce86d7c1a93 req-40855348-6855-439d-85ce-ace41d022712 099f8c74c77445b1b3b972ece4aee0dd a47bb3744cfd40d89cfab01697f303ab - - fa6d3a9ccaf6407aa3cbf553955958f8 fa6d3a9ccaf6407aa3cbf553955958f8] 199.204.45.223 "GET /resource_providers/fa46a2b9-9b4c-4a30-9f29-2eeade3242b4/allocations" status: 200 len: 340 microversion: 1.0 [pid: 8|app: 0|req: 580/1167] 199.204.45.223 () {32 vars in 856 bytes} [Wed Feb 25 23:26:08 2026] GET /resource_providers/fa46a2b9-9b4c-4a30-9f29-2eeade3242b4/allocations => generated 340 bytes in 16 msecs (HTTP/1.1 200) 6 headers in 224 bytes (1 switches on core 0)
2026-02-25 23:26:08.892 7 INFO placement.requestlog [req-785bcec1-e119-451b-8f2b-bce86d7c1a93 req-a6e31b9d-74c9-4c4d-8f61-9d751e3bb537 099f8c74c77445b1b3b972ece4aee0dd a47bb3744cfd40d89cfab01697f303ab - - fa6d3a9ccaf6407aa3cbf553955958f8 fa6d3a9ccaf6407aa3cbf553955958f8] 199.204.45.223 "GET /allocations/d435aa59-400e-491b-9a6e-4b3ea256eaad" status: 200 len: 258 microversion: 1.28 [pid: 7|app: 0|req: 588/1168] 199.204.45.223 () {34 vars in 862 bytes} [Wed Feb 25 23:26:08 2026] GET /allocations/d435aa59-400e-491b-9a6e-4b3ea256eaad => generated 258 bytes in 13 msecs (HTTP/1.1 200) 8 headers in 296 bytes (1 switches on core 0)
2026-02-25 23:26:08.912 8 INFO placement.requestlog [req-785bcec1-e119-451b-8f2b-bce86d7c1a93 req-8c03e2a7-6bdb-4787-92a0-181bd878e133 099f8c74c77445b1b3b972ece4aee0dd a47bb3744cfd40d89cfab01697f303ab - - fa6d3a9ccaf6407aa3cbf553955958f8 fa6d3a9ccaf6407aa3cbf553955958f8] 199.204.45.223 "GET /allocations/79a0cd95-36af-47ee-b8dd-de0334659020" status: 200 len: 258 microversion: 1.28 [pid: 8|app: 0|req: 581/1169] 199.204.45.223 () {34 vars in 862 bytes} [Wed Feb 25 23:26:08 2026] GET /allocations/79a0cd95-36af-47ee-b8dd-de0334659020 => generated 258 bytes in 13 msecs (HTTP/1.1 200) 8 headers in 296 bytes (1 switches on core 0)
2026-02-25 23:26:08.928 7 INFO placement.requestlog [req-785bcec1-e119-451b-8f2b-bce86d7c1a93 req-f045d322-3a0a-4b0a-94f2-9c6e06f19380 099f8c74c77445b1b3b972ece4aee0dd a47bb3744cfd40d89cfab01697f303ab - - fa6d3a9ccaf6407aa3cbf553955958f8 fa6d3a9ccaf6407aa3cbf553955958f8] 199.204.45.223 "GET /allocations/d5e2b0c8-3150-4f13-92db-ec0a1e6476f8" status: 200 len: 245 microversion: 1.28 [pid: 7|app: 0|req: 589/1170] 199.204.45.223 () {34 vars in 862 bytes} [Wed Feb 25 23:26:08 2026] GET /allocations/d5e2b0c8-3150-4f13-92db-ec0a1e6476f8 => generated 245 bytes in 11 msecs (HTTP/1.1 200) 8 headers in 296 bytes (1 switches on core 0)
2026-02-25 23:26:11.540 8 INFO placement.requestlog [None req-1488268f-d50a-4613-8a95-b661e1b3eb95 84c083a4cee9471baa4f513fe1dbb0b9 a47bb3744cfd40d89cfab01697f303ab - - fa6d3a9ccaf6407aa3cbf553955958f8 fa6d3a9ccaf6407aa3cbf553955958f8] 10.0.0.88 "GET /resource_providers/951f7d18-e940-4e3b-826f-6022de488225/aggregates" status: 404 len: 235 microversion: 1.1 [pid: 8|app: 0|req: 582/1171] 10.0.0.88 () {32 vars in 814 bytes} [Wed Feb 25 23:26:11 2026] GET /resource_providers/951f7d18-e940-4e3b-826f-6022de488225/aggregates => generated 235 bytes in 6 msecs (HTTP/1.1 404) 5 headers in 202 bytes (1 switches on core 0)
2026-02-25 23:26:11.547 7 INFO placement.requestlog [None req-f0747b2f-7f09-4ac2-9890-8866532a36bc 84c083a4cee9471baa4f513fe1dbb0b9 a47bb3744cfd40d89cfab01697f303ab - - fa6d3a9ccaf6407aa3cbf553955958f8 fa6d3a9ccaf6407aa3cbf553955958f8] 10.0.0.88 "GET /resource_providers/951f7d18-e940-4e3b-826f-6022de488225/aggregates" status: 404 len: 235 microversion: 1.1 [pid: 7|app: 0|req: 590/1172] 10.0.0.88 () {32 vars in 814 bytes} [Wed Feb 25 23:26:11 2026] GET /resource_providers/951f7d18-e940-4e3b-826f-6022de488225/aggregates => generated 235 bytes in 8 msecs (HTTP/1.1 404) 5 headers in 202 bytes (1 switches on core 0)
2026-02-25 23:26:11.567 8 INFO placement.requestlog [None req-c0734f5e-8d1c-479a-9a33-4b2b9bf47792 84c083a4cee9471baa4f513fe1dbb0b9 a47bb3744cfd40d89cfab01697f303ab - - fa6d3a9ccaf6407aa3cbf553955958f8 fa6d3a9ccaf6407aa3cbf553955958f8] 10.0.0.88 "DELETE /resource_providers/951f7d18-e940-4e3b-826f-6022de488225" status: 404 len: 246 microversion: 1.1 [pid: 8|app: 0|req: 583/1173] 10.0.0.88 () {34 vars in 814 bytes} [Wed Feb 25 23:26:11 2026] DELETE /resource_providers/951f7d18-e940-4e3b-826f-6022de488225 => generated 246 bytes in 10 msecs (HTTP/1.1 404) 6 headers in 231 bytes (1 switches on core 0)
2026-02-25 23:26:11.568 7 INFO placement.requestlog [None req-94ebd4c6-edcb-4ea4-8d63-c73c55e02631 84c083a4cee9471baa4f513fe1dbb0b9 a47bb3744cfd40d89cfab01697f303ab - - fa6d3a9ccaf6407aa3cbf553955958f8 fa6d3a9ccaf6407aa3cbf553955958f8] 10.0.0.88 "DELETE /resource_providers/951f7d18-e940-4e3b-826f-6022de488225" status: 404 len: 246 microversion: 1.1 [pid: 7|app: 0|req: 591/1174] 10.0.0.88 () {34 vars in 814 bytes} [Wed Feb 25 23:26:11 2026] DELETE /resource_providers/951f7d18-e940-4e3b-826f-6022de488225 => generated 246 bytes in 9 msecs (HTTP/1.1 404) 6 headers in 231 bytes (1 switches on core 0)
2026-02-25 23:26:12.357 7 INFO placement.requestlog [None req-cd47a98d-cb58-4580-8e30-609c1b6955ba - - - - - -] 10.0.0.144 "GET /" status: 200 len: 136 microversion: 1.0
2026-02-25 23:26:12.357 8 INFO placement.requestlog [None req-f8c45636-8145-4073-bde7-896451ad8819 - - - - - -] 10.0.0.144 "GET /" status: 200 len: 136 microversion: 1.0
2026-02-25 23:26:22.357 7 INFO placement.requestlog [None req-324fc9e8-8f4c-428f-aeed-163e2a391c55 - - - - - -] 10.0.0.144 "GET /" status: 200 len: 136 microversion: 1.0
2026-02-25 23:26:22.357 8 INFO placement.requestlog [None req-1851e08d-27ae-4ea8-bb6f-00043282dc77 - - - - - -] 10.0.0.144 "GET /" status: 200 len: 136 microversion: 1.0
2026-02-25 23:26:27.496 7 INFO placement.requestlog [None req-03ebdb4d-62b1-4835-8acd-b88955221226 84c083a4cee9471baa4f513fe1dbb0b9 a47bb3744cfd40d89cfab01697f303ab - - fa6d3a9ccaf6407aa3cbf553955958f8 fa6d3a9ccaf6407aa3cbf553955958f8] 10.0.0.88 "GET /resource_providers/93b9639d-3cb4-4e78-a048-2f77ee2b5e65/aggregates" status: 404 len: 235 microversion: 1.1 [pid: 7|app: 0|req: 594/1179] 10.0.0.88 () {32 vars in 814 bytes} [Wed Feb 25 23:26:27 2026] GET /resource_providers/93b9639d-3cb4-4e78-a048-2f77ee2b5e65/aggregates => generated 235 bytes in 6 msecs (HTTP/1.1 404) 5 headers in 202 bytes (1 switches on core 0)
2026-02-25 23:26:27.504 8 INFO placement.requestlog [None req-abe5a14b-27e0-451e-8052-0d06af98000f 84c083a4cee9471baa4f513fe1dbb0b9 a47bb3744cfd40d89cfab01697f303ab - - fa6d3a9ccaf6407aa3cbf553955958f8 fa6d3a9ccaf6407aa3cbf553955958f8] 10.0.0.88 "GET /resource_providers/93b9639d-3cb4-4e78-a048-2f77ee2b5e65/aggregates" status: 404 len: 235 microversion: 1.1 [pid: 8|app: 0|req: 586/1180] 10.0.0.88 () {32 vars in 814 bytes} [Wed Feb 25 23:26:27 2026] GET /resource_providers/93b9639d-3cb4-4e78-a048-2f77ee2b5e65/aggregates => generated 235 bytes in 11 msecs (HTTP/1.1 404) 5 headers in 202 bytes (1 switches on core 0)
2026-02-25 23:26:27.507 7 INFO placement.requestlog [None req-e12ce9d5-a07c-487c-8bc0-d262794f5509 84c083a4cee9471baa4f513fe1dbb0b9 a47bb3744cfd40d89cfab01697f303ab - - fa6d3a9ccaf6407aa3cbf553955958f8 fa6d3a9ccaf6407aa3cbf553955958f8] 10.0.0.88 "DELETE /resource_providers/93b9639d-3cb4-4e78-a048-2f77ee2b5e65" status: 404 len: 246 microversion: 1.1 [pid: 7|app: 0|req: 595/1181] 10.0.0.88 () {34 vars in 814 bytes} [Wed Feb 25 23:26:27 2026] DELETE /resource_providers/93b9639d-3cb4-4e78-a048-2f77ee2b5e65 => generated 246 bytes in 5 msecs (HTTP/1.1 404) 6 headers in 231 bytes (1 switches on core 0)
2026-02-25 23:26:27.526 8 INFO placement.requestlog [None req-c28cda15-0e78-432d-86cc-48a11a3e6215 84c083a4cee9471baa4f513fe1dbb0b9 a47bb3744cfd40d89cfab01697f303ab - - fa6d3a9ccaf6407aa3cbf553955958f8 fa6d3a9ccaf6407aa3cbf553955958f8] 10.0.0.88 "DELETE /resource_providers/93b9639d-3cb4-4e78-a048-2f77ee2b5e65" status: 404 len: 246 microversion: 1.1 [pid: 8|app: 0|req: 587/1182] 10.0.0.88 () {34 vars in 814 bytes} [Wed Feb 25 23:26:27 2026] DELETE /resource_providers/93b9639d-3cb4-4e78-a048-2f77ee2b5e65 => generated 246 bytes in 14 msecs (HTTP/1.1 404) 6 headers in 231 bytes (1 switches on core 0)
2026-02-25 23:26:28.019 7 INFO placement.requestlog [None req-c2c07245-7110-48ff-9eb0-4b1b54c7ae3b 84c083a4cee9471baa4f513fe1dbb0b9 a47bb3744cfd40d89cfab01697f303ab - - fa6d3a9ccaf6407aa3cbf553955958f8 fa6d3a9ccaf6407aa3cbf553955958f8] 10.0.0.88 "GET /resource_providers/29ea487c-48fe-4246-8c2b-0b1ea2baf348/aggregates" status: 404 len: 235 microversion: 1.1 [pid: 7|app: 0|req: 596/1183] 10.0.0.88 () {32 vars in 814 bytes} [Wed Feb 25 23:26:27 2026] GET /resource_providers/29ea487c-48fe-4246-8c2b-0b1ea2baf348/aggregates => generated 235 bytes in 120 msecs (HTTP/1.1 404) 5 headers in 202 bytes (1 switches on core 0)
2026-02-25 23:26:28.020 8 INFO placement.requestlog [None req-5a4e9cb3-448c-4daa-9534-0e96854f82c6 84c083a4cee9471baa4f513fe1dbb0b9 a47bb3744cfd40d89cfab01697f303ab - - fa6d3a9ccaf6407aa3cbf553955958f8 fa6d3a9ccaf6407aa3cbf553955958f8] 10.0.0.88 "GET /resource_providers/29ea487c-48fe-4246-8c2b-0b1ea2baf348/aggregates" status: 404 len: 235 microversion: 1.1 [pid: 8|app: 0|req: 588/1184] 10.0.0.88 () {32 vars in 814 bytes} [Wed Feb 25 23:26:27 2026] GET /resource_providers/29ea487c-48fe-4246-8c2b-0b1ea2baf348/aggregates => generated 235 bytes in 121 msecs (HTTP/1.1 404) 5 headers in 202 bytes (1 switches on core 0)
2026-02-25 23:26:28.035 7 INFO placement.requestlog [None req-646bd856-adea-41b6-9729-6106c505a83a 84c083a4cee9471baa4f513fe1dbb0b9 a47bb3744cfd40d89cfab01697f303ab - - fa6d3a9ccaf6407aa3cbf553955958f8 fa6d3a9ccaf6407aa3cbf553955958f8] 10.0.0.88 "DELETE /resource_providers/29ea487c-48fe-4246-8c2b-0b1ea2baf348" status: 404 len: 246 microversion: 1.1 [pid: 7|app: 0|req: 597/1185] 10.0.0.88 () {34 vars in 814 bytes} [Wed Feb 25 23:26:28 2026] DELETE /resource_providers/29ea487c-48fe-4246-8c2b-0b1ea2baf348 => generated 246 bytes in 8 msecs (HTTP/1.1 404) 6 headers in 231 bytes (1 switches on core 0)
2026-02-25 23:26:28.041 8 INFO placement.requestlog [None req-bdc785da-3afa-4c78-bafe-0934953f83d8 84c083a4cee9471baa4f513fe1dbb0b9 a47bb3744cfd40d89cfab01697f303ab - - fa6d3a9ccaf6407aa3cbf553955958f8 fa6d3a9ccaf6407aa3cbf553955958f8] 10.0.0.88 "DELETE /resource_providers/29ea487c-48fe-4246-8c2b-0b1ea2baf348" status: 404 len: 246 microversion: 1.1 [pid: 8|app: 0|req: 589/1186] 10.0.0.88 () {34 vars in 814 bytes} [Wed Feb 25 23:26:28 2026] DELETE /resource_providers/29ea487c-48fe-4246-8c2b-0b1ea2baf348 => generated 246 bytes in 9 msecs (HTTP/1.1 404) 6 headers in 231 bytes (1 switches on core 0)
2026-02-25 23:26:29.532 7 INFO placement.requestlog [None req-56ccb6f9-f39c-4f67-ad3e-929b4d8abd0a 84c083a4cee9471baa4f513fe1dbb0b9 a47bb3744cfd40d89cfab01697f303ab - - fa6d3a9ccaf6407aa3cbf553955958f8 fa6d3a9ccaf6407aa3cbf553955958f8] 10.0.0.88 "GET /resource_providers/01e09a55-c2db-4ed1-90e1-1bc502b93b71/aggregates" status: 404 len: 235 microversion: 1.1 [pid: 7|app: 0|req: 598/1187] 10.0.0.88 () {32 vars in 814 bytes} [Wed Feb 25 23:26:29 2026] GET /resource_providers/01e09a55-c2db-4ed1-90e1-1bc502b93b71/aggregates => generated 235 bytes in 11 msecs (HTTP/1.1 404) 5 headers in 202 bytes (1 switches on core 0)
2026-02-25 23:26:29.544 7 INFO placement.requestlog [None req-c3da411c-c0d3-43ee-b496-51c8ef3298a3 84c083a4cee9471baa4f513fe1dbb0b9 a47bb3744cfd40d89cfab01697f303ab - - fa6d3a9ccaf6407aa3cbf553955958f8 fa6d3a9ccaf6407aa3cbf553955958f8] 10.0.0.88 "DELETE /resource_providers/01e09a55-c2db-4ed1-90e1-1bc502b93b71" status: 404 len: 246 microversion: 1.1
2026-02-25 23:26:29.544 8 INFO placement.requestlog [None req-79b9f500-c346-4438-8fbf-5976b5d35a30 84c083a4cee9471baa4f513fe1dbb0b9 a47bb3744cfd40d89cfab01697f303ab - - fa6d3a9ccaf6407aa3cbf553955958f8 fa6d3a9ccaf6407aa3cbf553955958f8] 10.0.0.88 "GET /resource_providers/01e09a55-c2db-4ed1-90e1-1bc502b93b71/aggregates" status: 404 len: 235 microversion: 1.1 [pid: 8|app: 0|req: 590/1188] 10.0.0.88 () {32 vars in 814 bytes} [Wed Feb 25 23:26:29 2026] GET /resource_providers/01e09a55-c2db-4ed1-90e1-1bc502b93b71/aggregates => generated 235 bytes in 8 msecs (HTTP/1.1 404) 5 headers in 202 bytes (1 switches on core 0) [pid: 7|app: 0|req: 599/1189] 10.0.0.88 () {34 vars in 814 bytes} [Wed Feb 25 23:26:29 2026] DELETE /resource_providers/01e09a55-c2db-4ed1-90e1-1bc502b93b71 => generated 246 bytes in 6 msecs (HTTP/1.1 404) 6 headers in 231 bytes (1 switches on core 0)
2026-02-25 23:26:29.566 8 INFO placement.requestlog [None req-97fb871f-39d9-4993-ab10-1e35967f8c78 84c083a4cee9471baa4f513fe1dbb0b9 a47bb3744cfd40d89cfab01697f303ab - - fa6d3a9ccaf6407aa3cbf553955958f8 fa6d3a9ccaf6407aa3cbf553955958f8] 10.0.0.88 "GET /resource_providers/a0dd0986-a90a-4d1a-b3d9-f0b5edab3fb4/aggregates" status: 404 len: 235 microversion: 1.1 [pid: 8|app: 0|req: 591/1190] 10.0.0.88 () {32 vars in 814 bytes} [Wed Feb 25 23:26:29 2026] GET /resource_providers/a0dd0986-a90a-4d1a-b3d9-f0b5edab3fb4/aggregates => generated 235 bytes in 11 msecs (HTTP/1.1 404) 5 headers in 202 bytes (1 switches on core 0)
2026-02-25 23:26:29.568 7 INFO placement.requestlog [None req-358d0780-2752-4772-be55-e0ab4c5a7099 84c083a4cee9471baa4f513fe1dbb0b9 a47bb3744cfd40d89cfab01697f303ab - - fa6d3a9ccaf6407aa3cbf553955958f8 fa6d3a9ccaf6407aa3cbf553955958f8] 10.0.0.88 "DELETE /resource_providers/01e09a55-c2db-4ed1-90e1-1bc502b93b71" status: 404 len: 246 microversion: 1.1 [pid: 7|app: 0|req: 600/1191] 10.0.0.88 () {34 vars in 814 bytes} [Wed Feb 25 23:26:29 2026] DELETE /resource_providers/01e09a55-c2db-4ed1-90e1-1bc502b93b71 => generated 246 bytes in 10 msecs (HTTP/1.1 404) 6 headers in 231 bytes (1 switches on core 0)
2026-02-25 23:26:29.586 8 INFO placement.requestlog [None req-aacbaf38-f1c0-4405-bc32-c8944999ce44 84c083a4cee9471baa4f513fe1dbb0b9 a47bb3744cfd40d89cfab01697f303ab - - fa6d3a9ccaf6407aa3cbf553955958f8 fa6d3a9ccaf6407aa3cbf553955958f8] 10.0.0.88 "DELETE /resource_providers/a0dd0986-a90a-4d1a-b3d9-f0b5edab3fb4" status: 404 len: 246 microversion: 1.1 [pid: 8|app: 0|req: 592/1192] 10.0.0.88 () {34 vars in 814 bytes} [Wed Feb 25 23:26:29 2026] DELETE /resource_providers/a0dd0986-a90a-4d1a-b3d9-f0b5edab3fb4 => generated 246 bytes in 9 msecs (HTTP/1.1 404) 6 headers in 231 bytes (1 switches on core 0)
2026-02-25 23:26:29.591 7 INFO placement.requestlog [None req-5296bb34-88dc-4e5b-8f41-9f6c64305754 84c083a4cee9471baa4f513fe1dbb0b9 a47bb3744cfd40d89cfab01697f303ab - - fa6d3a9ccaf6407aa3cbf553955958f8 fa6d3a9ccaf6407aa3cbf553955958f8] 10.0.0.88 "GET /resource_providers/a0dd0986-a90a-4d1a-b3d9-f0b5edab3fb4/aggregates" status: 404 len: 235 microversion: 1.1 [pid: 7|app: 0|req: 601/1193] 10.0.0.88 () {32 vars in 814 bytes} [Wed Feb 25 23:26:29 2026] GET /resource_providers/a0dd0986-a90a-4d1a-b3d9-f0b5edab3fb4/aggregates => generated 235 bytes in 10 msecs (HTTP/1.1 404) 5 headers in 202 bytes (1 switches on core 0)
2026-02-25 23:26:29.608 8 INFO placement.requestlog [None req-060fd6ba-604a-48ac-8cc1-f31f9cd093bd 84c083a4cee9471baa4f513fe1dbb0b9 a47bb3744cfd40d89cfab01697f303ab - - fa6d3a9ccaf6407aa3cbf553955958f8 fa6d3a9ccaf6407aa3cbf553955958f8] 10.0.0.88 "DELETE /resource_providers/a0dd0986-a90a-4d1a-b3d9-f0b5edab3fb4" status: 404 len: 246 microversion: 1.1 [pid: 8|app: 0|req: 593/1194] 10.0.0.88 () {34 vars in 814 bytes} [Wed Feb 25 23:26:29 2026] DELETE /resource_providers/a0dd0986-a90a-4d1a-b3d9-f0b5edab3fb4 => generated 246 bytes in 9 msecs (HTTP/1.1 404) 6 headers in 231 bytes (1 switches on core 0)
2026-02-25 23:26:30.060 7 INFO placement.requestlog [None req-aeb6c0bc-9c41-477e-ac53-c352798edfb3 84c083a4cee9471baa4f513fe1dbb0b9 a47bb3744cfd40d89cfab01697f303ab - - fa6d3a9ccaf6407aa3cbf553955958f8 fa6d3a9ccaf6407aa3cbf553955958f8] 10.0.0.88 "GET /resource_providers/dbe55749-4d86-4369-a387-c2ffcf772b56/aggregates" status: 404 len: 235 microversion: 1.1 [pid: 7|app: 0|req: 602/1195] 10.0.0.88 () {32 vars in 814 bytes} [Wed Feb 25 23:26:30 2026] GET /resource_providers/dbe55749-4d86-4369-a387-c2ffcf772b56/aggregates => generated 235 bytes in 13 msecs (HTTP/1.1 404) 5 headers in 202 bytes (1 switches on core 0)
2026-02-25 23:26:30.062 8 INFO placement.requestlog [None req-a08ca476-090f-4ade-91fe-46311c216905 84c083a4cee9471baa4f513fe1dbb0b9 a47bb3744cfd40d89cfab01697f303ab - - fa6d3a9ccaf6407aa3cbf553955958f8 fa6d3a9ccaf6407aa3cbf553955958f8] 10.0.0.88 "GET /resource_providers/dbe55749-4d86-4369-a387-c2ffcf772b56/aggregates" status: 404 len: 235 microversion: 1.1 [pid: 8|app: 0|req: 594/1196] 10.0.0.88 () {32 vars in 814 bytes} [Wed Feb 25 23:26:30 2026] GET /resource_providers/dbe55749-4d86-4369-a387-c2ffcf772b56/aggregates => generated 235 bytes in 12 msecs (HTTP/1.1 404) 5 headers in 202 bytes (1 switches on core 0)
2026-02-25 23:26:30.080 7 INFO placement.requestlog [None req-2950d9c9-5db3-4003-a929-111de7285a39 84c083a4cee9471baa4f513fe1dbb0b9 a47bb3744cfd40d89cfab01697f303ab - - fa6d3a9ccaf6407aa3cbf553955958f8 fa6d3a9ccaf6407aa3cbf553955958f8] 10.0.0.88 "DELETE /resource_providers/dbe55749-4d86-4369-a387-c2ffcf772b56" status: 404 len: 246 microversion: 1.1 [pid: 7|app: 0|req: 603/1197] 10.0.0.88 () {34 vars in 814 bytes} [Wed Feb 25 23:26:30 2026] DELETE /resource_providers/dbe55749-4d86-4369-a387-c2ffcf772b56 => generated 246 bytes in 9 msecs (HTTP/1.1 404) 6 headers in 231 bytes (1 switches on core 0)
2026-02-25 23:26:30.083 8 INFO placement.requestlog [None req-aa0c3a6a-72d1-4c00-8709-e63d2f47c8b1 84c083a4cee9471baa4f513fe1dbb0b9 a47bb3744cfd40d89cfab01697f303ab - - fa6d3a9ccaf6407aa3cbf553955958f8 fa6d3a9ccaf6407aa3cbf553955958f8] 10.0.0.88 "DELETE /resource_providers/dbe55749-4d86-4369-a387-c2ffcf772b56" status: 404 len: 246 microversion: 1.1 [pid: 8|app: 0|req: 595/1198] 10.0.0.88 () {34 vars in 814 bytes} [Wed Feb 25 23:26:30 2026] DELETE /resource_providers/dbe55749-4d86-4369-a387-c2ffcf772b56 => generated 246 bytes in 10 msecs (HTTP/1.1 404) 6 headers in 231 bytes (1 switches on core 0)
2026-02-25 23:26:32.357 8 INFO placement.requestlog [None req-09a4fcd6-4322-4edb-9fb6-7f7844080967 - - - - - -] 10.0.0.144 "GET /" status: 200 len: 136 microversion: 1.0
2026-02-25 23:26:32.357 7 INFO placement.requestlog [None req-1d51add0-0c66-4b96-bf02-0fd66f55ecd8 - - - - - -] 10.0.0.144 "GET /" status: 200 len: 136 microversion: 1.0
2026-02-25 23:26:41.064 8 INFO placement.requestlog [None req-d5bc3084-8f09-488e-a980-bde7d7777e24 81dce44d287f443f9b141505703a2b21 9957435ea42a49b8acac61bde6f95f10 - - default default] 10.0.0.245 "GET /resource_providers" status: 200 len: 406 microversion: 1.0 [pid: 8|app: 0|req: 597/1201] 10.0.0.245 () {28 vars in 592 bytes} [Wed Feb 25 23:26:40 2026] GET /resource_providers => generated 406 bytes in 121 msecs (HTTP/1.1 200) 6 headers in 224 bytes (1 switches on core 0)
2026-02-25 23:26:41.090 7 INFO placement.requestlog [None req-e0580152-eafc-44f5-83ee-4279c2ba47b4 81dce44d287f443f9b141505703a2b21 9957435ea42a49b8acac61bde6f95f10 - - default default] 10.0.0.245 "GET /resource_providers/fa46a2b9-9b4c-4a30-9f29-2eeade3242b4/inventories" status: 200 len: 401 microversion: 1.0 [pid: 7|app: 0|req: 605/1202] 10.0.0.245 () {28 vars in 690 bytes} [Wed Feb 25 23:26:41 2026] GET /resource_providers/fa46a2b9-9b4c-4a30-9f29-2eeade3242b4/inventories => generated 401 bytes in 20 msecs (HTTP/1.1 200) 6 headers in 224 bytes (1 switches on core 0)
2026-02-25 23:26:41.116 8 INFO placement.requestlog [None req-4418ae6e-e102-4c4c-b3b6-94e13a2aa1d3 81dce44d287f443f9b141505703a2b21 9957435ea42a49b8acac61bde6f95f10 - - default default] 10.0.0.245 "GET /resource_providers/fa46a2b9-9b4c-4a30-9f29-2eeade3242b4/usages" status: 200 len: 92 microversion: 1.0 [pid: 8|app: 0|req: 598/1203] 10.0.0.245 () {28 vars in 680 bytes} [Wed Feb 25 23:26:41 2026] GET /resource_providers/fa46a2b9-9b4c-4a30-9f29-2eeade3242b4/usages => generated 92 bytes in 20 msecs (HTTP/1.1 200) 6 headers in 223 bytes (1 switches on core 0)
2026-02-25 23:26:42.357 7 INFO placement.requestlog [None req-8629ca9a-dd88-440d-a9c2-d514fee66e59 - - - - - -] 10.0.0.144 "GET /" status: 200 len: 136 microversion: 1.0
2026-02-25 23:26:42.358 8 INFO placement.requestlog [None req-5599e8f1-89a2-4717-be9f-504af18bb7cd - - - - - -] 10.0.0.144 "GET /" status: 200 len: 136 microversion: 1.0
2026-02-25 23:26:45.447 7 INFO placement.requestlog [None req-5562efea-83a3-4bc5-bd94-d6a90d6e9b5e 84c083a4cee9471baa4f513fe1dbb0b9 a47bb3744cfd40d89cfab01697f303ab - - fa6d3a9ccaf6407aa3cbf553955958f8 fa6d3a9ccaf6407aa3cbf553955958f8] 10.0.0.88 "GET /resource_providers/228ed513-17f6-46ba-9382-fd9896409cae/aggregates" status: 404 len: 235 microversion: 1.1 [pid: 7|app: 0|req: 607/1206] 10.0.0.88 () {32 vars in 814 bytes} [Wed Feb 25 23:26:45 2026] GET /resource_providers/228ed513-17f6-46ba-9382-fd9896409cae/aggregates => generated 235 bytes in 8 msecs (HTTP/1.1 404) 5 headers in 202 bytes (1 switches on core 0)
2026-02-25 23:26:45.449 8 INFO placement.requestlog [None req-2b9c2462-88ad-4d03-90d8-f75dd6d952ec 84c083a4cee9471baa4f513fe1dbb0b9 a47bb3744cfd40d89cfab01697f303ab - - fa6d3a9ccaf6407aa3cbf553955958f8 fa6d3a9ccaf6407aa3cbf553955958f8] 10.0.0.88 "GET /resource_providers/228ed513-17f6-46ba-9382-fd9896409cae/aggregates" status: 404 len: 235 microversion: 1.1 [pid: 8|app: 0|req: 600/1207] 10.0.0.88 () {32 vars in 814 bytes} [Wed Feb 25 23:26:45 2026] GET /resource_providers/228ed513-17f6-46ba-9382-fd9896409cae/aggregates => generated 235 bytes in 10 msecs (HTTP/1.1 404) 5 headers in 202 bytes (1 switches on core 0)
2026-02-25 23:26:45.473 8 INFO placement.requestlog [None req-52dcaef4-1748-45ad-b7e7-5180828527f7 84c083a4cee9471baa4f513fe1dbb0b9 a47bb3744cfd40d89cfab01697f303ab - - fa6d3a9ccaf6407aa3cbf553955958f8 fa6d3a9ccaf6407aa3cbf553955958f8] 10.0.0.88 "DELETE /resource_providers/228ed513-17f6-46ba-9382-fd9896409cae" status: 404 len: 246 microversion: 1.1 [pid: 8|app: 0|req: 601/1208] 10.0.0.88 () {34 vars in 814 bytes} [Wed Feb 25 23:26:45 2026] DELETE /resource_providers/228ed513-17f6-46ba-9382-fd9896409cae => generated 246 bytes in 11 msecs (HTTP/1.1 404) 6 headers in 231 bytes (1 switches on core 0)
2026-02-25 23:26:45.476 7 INFO placement.requestlog [None req-2f71a634-1165-410d-8526-8b086aa57a2c 84c083a4cee9471baa4f513fe1dbb0b9 a47bb3744cfd40d89cfab01697f303ab - - fa6d3a9ccaf6407aa3cbf553955958f8 fa6d3a9ccaf6407aa3cbf553955958f8] 10.0.0.88 "DELETE /resource_providers/228ed513-17f6-46ba-9382-fd9896409cae" status: 404 len: 246 microversion: 1.1 [pid: 7|app: 0|req: 608/1209] 10.0.0.88 () {34 vars in 814 bytes} [Wed Feb 25 23:26:45 2026] DELETE /resource_providers/228ed513-17f6-46ba-9382-fd9896409cae => generated 246 bytes in 15 msecs (HTTP/1.1 404) 6 headers in 231 bytes (1 switches on core 0)
2026-02-25 23:26:52.357 8 INFO placement.requestlog [None req-7e2e81d4-6ed6-4ab1-bd4e-690e2bc6ae6d - - - - - -] 10.0.0.144 "GET /" status: 200 len: 136 microversion: 1.0
2026-02-25 23:26:52.357 7 INFO placement.requestlog [None req-4cd9b1a3-dad2-4dc8-bd8c-79032f1c0f8c - - - - - -] 10.0.0.144 "GET /" status: 200 len: 136 microversion: 1.0
2026-02-25 23:27:02.357 8 INFO placement.requestlog [None req-2f0dcbb4-4e97-4fd9-92d9-38d1a1d51189 - - - - - -] 10.0.0.144 "GET /" status: 200 len: 136 microversion: 1.0
2026-02-25 23:27:02.357 7 INFO placement.requestlog [None req-7ec34832-398b-4486-9c88-3c8392602c7a - - - - - -] 10.0.0.144 "GET /" status: 200 len: 136 microversion: 1.0
2026-02-25 23:27:08.131 8 INFO placement.requestlog [req-3274bd1b-bd76-4b3e-bb2d-f98c06643e28 req-5c2f8c42-bab1-44ba-9d1f-a024a617e430 099f8c74c77445b1b3b972ece4aee0dd a47bb3744cfd40d89cfab01697f303ab - - fa6d3a9ccaf6407aa3cbf553955958f8 fa6d3a9ccaf6407aa3cbf553955958f8] 199.204.45.223 "GET /resource_providers/fa46a2b9-9b4c-4a30-9f29-2eeade3242b4/allocations" status: 200 len: 340 microversion: 1.0 [pid: 8|app: 0|req: 604/1214] 199.204.45.223 () {32 vars in 856 bytes} [Wed Feb 25 23:27:07 2026] GET /resource_providers/fa46a2b9-9b4c-4a30-9f29-2eeade3242b4/allocations => generated 340 bytes in 174 msecs (HTTP/1.1 200) 6 headers in 224 bytes (1 switches on core 0)
2026-02-25 23:27:08.157 7 INFO placement.requestlog [req-3274bd1b-bd76-4b3e-bb2d-f98c06643e28 req-1466979a-3bbd-4137-a7e9-f96098962e34 099f8c74c77445b1b3b972ece4aee0dd a47bb3744cfd40d89cfab01697f303ab - - fa6d3a9ccaf6407aa3cbf553955958f8 fa6d3a9ccaf6407aa3cbf553955958f8] 199.204.45.223 "GET /resource_providers?in_tree=fa46a2b9-9b4c-4a30-9f29-2eeade3242b4" status: 200 len: 798 microversion: 1.14 [pid: 7|app: 0|req: 611/1215] 199.204.45.223 () {34 vars in 891 bytes} [Wed Feb 25 23:27:08 2026] GET /resource_providers?in_tree=fa46a2b9-9b4c-4a30-9f29-2eeade3242b4 => generated 798 bytes in 20 msecs (HTTP/1.1 200) 6 headers in 225 bytes (1 switches on core 0)
2026-02-25 23:27:08.175 8 INFO placement.requestlog [req-3274bd1b-bd76-4b3e-bb2d-f98c06643e28 req-b15411c7-c871-4dee-bb77-0d06637e1301 099f8c74c77445b1b3b972ece4aee0dd a47bb3744cfd40d89cfab01697f303ab - - fa6d3a9ccaf6407aa3cbf553955958f8 fa6d3a9ccaf6407aa3cbf553955958f8] 199.204.45.223 "GET /resource_providers/fa46a2b9-9b4c-4a30-9f29-2eeade3242b4/inventories" status: 200 len: 401 microversion: 1.0 [pid: 8|app: 0|req: 605/1216] 199.204.45.223 () {32 vars in 856 bytes} [Wed Feb 25 23:27:08 2026] GET /resource_providers/fa46a2b9-9b4c-4a30-9f29-2eeade3242b4/inventories => generated 401 bytes in 12 msecs (HTTP/1.1 200) 6 headers in 224 bytes (1 switches on core 0)
2026-02-25 23:27:08.195 7 INFO placement.requestlog [req-3274bd1b-bd76-4b3e-bb2d-f98c06643e28 req-7704615a-bd33-45d1-8c20-0bda463df303 099f8c74c77445b1b3b972ece4aee0dd a47bb3744cfd40d89cfab01697f303ab - - fa6d3a9ccaf6407aa3cbf553955958f8 fa6d3a9ccaf6407aa3cbf553955958f8] 199.204.45.223 "GET /resource_providers/fa46a2b9-9b4c-4a30-9f29-2eeade3242b4/aggregates" status: 200 len: 54 microversion: 1.19 [pid: 7|app: 0|req: 612/1217] 199.204.45.223 () {34 vars in 898 bytes} [Wed Feb 25 23:27:08 2026] GET /resource_providers/fa46a2b9-9b4c-4a30-9f29-2eeade3242b4/aggregates => generated 54 bytes in 11 msecs (HTTP/1.1 200) 8 headers in 295 bytes (1 switches on core 0)
2026-02-25 23:27:08.225 8 INFO placement.requestlog [req-3274bd1b-bd76-4b3e-bb2d-f98c06643e28 req-d6b1d486-f4bf-4557-82be-a8240bb612ed 099f8c74c77445b1b3b972ece4aee0dd a47bb3744cfd40d89cfab01697f303ab - - fa6d3a9ccaf6407aa3cbf553955958f8 fa6d3a9ccaf6407aa3cbf553955958f8] 199.204.45.223 "GET /resource_providers/fa46a2b9-9b4c-4a30-9f29-2eeade3242b4/traits" status: 200 len: 2317 microversion: 1.6 [pid: 8|app: 0|req: 606/1218] 199.204.45.223 () {34 vars in 889 bytes} [Wed Feb 25 23:27:08 2026] GET /resource_providers/fa46a2b9-9b4c-4a30-9f29-2eeade3242b4/traits => generated 2317 bytes in 21 msecs (HTTP/1.1 200) 6 headers in 225 bytes (1 switches on core 0)
2026-02-25 23:27:08.248 7 INFO placement.requestlog [req-3274bd1b-bd76-4b3e-bb2d-f98c06643e28 req-fc303782-5203-4b31-8dad-ea0c2469daf2 099f8c74c77445b1b3b972ece4aee0dd a47bb3744cfd40d89cfab01697f303ab - - fa6d3a9ccaf6407aa3cbf553955958f8 fa6d3a9ccaf6407aa3cbf553955958f8] 199.204.45.223 "GET /resource_providers/fa46a2b9-9b4c-4a30-9f29-2eeade3242b4/allocations" status: 200 len: 340 microversion: 1.0 [pid: 7|app: 0|req: 613/1219] 199.204.45.223 () {32 vars in 856 bytes} [Wed Feb 25 23:27:08 2026] GET /resource_providers/fa46a2b9-9b4c-4a30-9f29-2eeade3242b4/allocations => generated 340 bytes in 14 msecs (HTTP/1.1 200) 6 headers in 224 bytes (1 switches on core 0)
2026-02-25 23:27:08.271 8 INFO placement.requestlog [req-3274bd1b-bd76-4b3e-bb2d-f98c06643e28 req-f72edc19-f42e-470a-a760-c98a092e451c 099f8c74c77445b1b3b972ece4aee0dd a47bb3744cfd40d89cfab01697f303ab - - fa6d3a9ccaf6407aa3cbf553955958f8 fa6d3a9ccaf6407aa3cbf553955958f8] 199.204.45.223 "GET /allocations/d435aa59-400e-491b-9a6e-4b3ea256eaad" status: 200 len: 258 microversion: 1.28 [pid: 8|app: 0|req: 607/1220] 199.204.45.223 () {34 vars in 862 bytes} [Wed Feb 25 23:27:08 2026] GET /allocations/d435aa59-400e-491b-9a6e-4b3ea256eaad => generated 258 bytes in 16 msecs (HTTP/1.1 200) 8 headers in 296 bytes (1 switches on core 0)
2026-02-25 23:27:08.286 7 INFO placement.requestlog [req-3274bd1b-bd76-4b3e-bb2d-f98c06643e28 req-db69b45a-de2e-4604-83f4-f04f1b384ff5 099f8c74c77445b1b3b972ece4aee0dd a47bb3744cfd40d89cfab01697f303ab - - fa6d3a9ccaf6407aa3cbf553955958f8 fa6d3a9ccaf6407aa3cbf553955958f8] 199.204.45.223 "GET /allocations/79a0cd95-36af-47ee-b8dd-de0334659020" status: 200 len: 258 microversion: 1.28 [pid: 7|app: 0|req: 614/1221] 199.204.45.223 () {34 vars in 862 bytes} [Wed Feb 25 23:27:08 2026] GET /allocations/79a0cd95-36af-47ee-b8dd-de0334659020 => generated 258 bytes in 10 msecs (HTTP/1.1 200) 8 headers in 296 bytes (1 switches on core 0)
2026-02-25 23:27:08.313 8 INFO placement.requestlog [req-3274bd1b-bd76-4b3e-bb2d-f98c06643e28 req-a4da7305-1d61-4bb1-b977-5e042c461b9c 099f8c74c77445b1b3b972ece4aee0dd a47bb3744cfd40d89cfab01697f303ab - - fa6d3a9ccaf6407aa3cbf553955958f8 fa6d3a9ccaf6407aa3cbf553955958f8] 199.204.45.223 "GET /allocations/d5e2b0c8-3150-4f13-92db-ec0a1e6476f8" status: 200 len: 245 microversion: 1.28 [pid: 8|app: 0|req: 608/1222] 199.204.45.223 () {34 vars in 862 bytes} [Wed Feb 25 23:27:08 2026] GET /allocations/d5e2b0c8-3150-4f13-92db-ec0a1e6476f8 => generated 245 bytes in 21 msecs (HTTP/1.1 200) 8 headers in 296 bytes (1 switches on core 0)
2026-02-25 23:27:09.361 7 INFO placement.requestlog [req-eb5f656b-7780-4a1e-9af2-1fc912d34152 req-a8858cb6-c724-4d79-a491-f95c89441299 099f8c74c77445b1b3b972ece4aee0dd a47bb3744cfd40d89cfab01697f303ab - - fa6d3a9ccaf6407aa3cbf553955958f8 fa6d3a9ccaf6407aa3cbf553955958f8] 199.204.45.223 "GET /resource_providers/fa46a2b9-9b4c-4a30-9f29-2eeade3242b4/allocations" status: 200 len: 340 microversion: 1.0 [pid: 7|app: 0|req: 615/1223] 199.204.45.223 () {32 vars in 856 bytes} [Wed Feb 25 23:27:09 2026] GET /resource_providers/fa46a2b9-9b4c-4a30-9f29-2eeade3242b4/allocations => generated 340 bytes in 19 msecs (HTTP/1.1 200) 6 headers in 224 bytes (1 switches on core 0)
2026-02-25 23:27:09.379 8 INFO placement.requestlog [req-eb5f656b-7780-4a1e-9af2-1fc912d34152 req-c4ad7298-fd16-4b2d-90a9-6e7259f3923c 099f8c74c77445b1b3b972ece4aee0dd a47bb3744cfd40d89cfab01697f303ab - - fa6d3a9ccaf6407aa3cbf553955958f8 fa6d3a9ccaf6407aa3cbf553955958f8] 199.204.45.223 "GET /allocations/d435aa59-400e-491b-9a6e-4b3ea256eaad" status: 200 len: 258 microversion: 1.28 [pid: 8|app: 0|req: 609/1224] 199.204.45.223 () {34 vars in 862 bytes} [Wed Feb 25 23:27:09 2026] GET /allocations/d435aa59-400e-491b-9a6e-4b3ea256eaad => generated 258 bytes in 11 msecs (HTTP/1.1 200) 8 headers in 296 bytes (1 switches on core 0)
2026-02-25 23:27:09.404 7 INFO placement.requestlog [req-eb5f656b-7780-4a1e-9af2-1fc912d34152 req-62e36172-bc0a-475c-85b4-10bc37bae0ff 099f8c74c77445b1b3b972ece4aee0dd a47bb3744cfd40d89cfab01697f303ab - - fa6d3a9ccaf6407aa3cbf553955958f8 fa6d3a9ccaf6407aa3cbf553955958f8] 199.204.45.223 "GET /allocations/79a0cd95-36af-47ee-b8dd-de0334659020" status: 200 len: 258 microversion: 1.28 [pid: 7|app: 0|req: 616/1225] 199.204.45.223 () {34 vars in 862 bytes} [Wed Feb 25 23:27:09 2026] GET /allocations/79a0cd95-36af-47ee-b8dd-de0334659020 => generated 258 bytes in 17 msecs (HTTP/1.1 200) 8 headers in 296 bytes (1 switches on core 0)
2026-02-25 23:27:09.425 8 INFO placement.requestlog [req-eb5f656b-7780-4a1e-9af2-1fc912d34152 req-1c300ddc-2fd3-4c37-9a33-1ca0cf0be4ba 099f8c74c77445b1b3b972ece4aee0dd a47bb3744cfd40d89cfab01697f303ab - - fa6d3a9ccaf6407aa3cbf553955958f8 fa6d3a9ccaf6407aa3cbf553955958f8] 199.204.45.223 "GET /allocations/d5e2b0c8-3150-4f13-92db-ec0a1e6476f8" status: 200 len: 245 microversion: 1.28 [pid: 8|app: 0|req: 610/1226] 199.204.45.223 () {34 vars in 862 bytes} [Wed Feb 25 23:27:09 2026] GET /allocations/d5e2b0c8-3150-4f13-92db-ec0a1e6476f8 => generated 245 bytes in 16 msecs (HTTP/1.1 200) 8 headers in 296 bytes (1 switches on core 0)
2026-02-25 23:27:10.473 7 INFO placement.requestlog [req-eb5f656b-7780-4a1e-9af2-1fc912d34152 req-c7d2bbc5-f830-4202-8406-4b50b4c97a00 099f8c74c77445b1b3b972ece4aee0dd a47bb3744cfd40d89cfab01697f303ab - - fa6d3a9ccaf6407aa3cbf553955958f8 fa6d3a9ccaf6407aa3cbf553955958f8] 199.204.45.223 "DELETE /allocations/d5e2b0c8-3150-4f13-92db-ec0a1e6476f8" status: 204 len: 0 microversion: 1.0 [pid: 7|app: 0|req: 617/1227] 199.204.45.223 () {34 vars in 840 bytes} [Wed Feb 25 23:27:10 2026] DELETE /allocations/d5e2b0c8-3150-4f13-92db-ec0a1e6476f8 => generated 0 bytes in 23 msecs (HTTP/1.1 204) 5 headers in 198 bytes (1 switches on core 0)
2026-02-25 23:27:10.901 8 INFO placement.requestlog [req-cb22e0c4-2470-49bb-badc-7379aafca975 req-e3807dda-727c-4fce-838a-09dbfef79aec 099f8c74c77445b1b3b972ece4aee0dd a47bb3744cfd40d89cfab01697f303ab - - fa6d3a9ccaf6407aa3cbf553955958f8 fa6d3a9ccaf6407aa3cbf553955958f8] 199.204.45.223 "GET /resource_providers/fa46a2b9-9b4c-4a30-9f29-2eeade3242b4/allocations" status: 200 len: 253 microversion: 1.0 [pid: 8|app: 0|req: 611/1228] 199.204.45.223 () {32 vars in 856 bytes} [Wed Feb 25 23:27:10 2026] GET /resource_providers/fa46a2b9-9b4c-4a30-9f29-2eeade3242b4/allocations => generated 253 bytes in 12 msecs (HTTP/1.1 200) 6 headers in 224 bytes (1 switches on core 0)
2026-02-25 23:27:10.921 7 INFO placement.requestlog [req-cb22e0c4-2470-49bb-badc-7379aafca975 req-dc0cc645-bc5e-4969-bee4-8481e20eb7b8 099f8c74c77445b1b3b972ece4aee0dd a47bb3744cfd40d89cfab01697f303ab - - fa6d3a9ccaf6407aa3cbf553955958f8 fa6d3a9ccaf6407aa3cbf553955958f8] 199.204.45.223 "GET /allocations/d435aa59-400e-491b-9a6e-4b3ea256eaad" status: 200 len: 258 microversion: 1.28 [pid: 7|app: 0|req: 618/1229] 199.204.45.223 () {34 vars in 862 bytes} [Wed Feb 25 23:27:10 2026] GET /allocations/d435aa59-400e-491b-9a6e-4b3ea256eaad => generated 258 bytes in 15 msecs (HTTP/1.1 200) 8 headers in 296 bytes (1 switches on core 0)
2026-02-25 23:27:10.944 8 INFO placement.requestlog [req-cb22e0c4-2470-49bb-badc-7379aafca975 req-132e5ed7-3f2c-45c2-b239-3a9ddad2a8b8 099f8c74c77445b1b3b972ece4aee0dd a47bb3744cfd40d89cfab01697f303ab - - fa6d3a9ccaf6407aa3cbf553955958f8 fa6d3a9ccaf6407aa3cbf553955958f8] 199.204.45.223 "GET /allocations/79a0cd95-36af-47ee-b8dd-de0334659020" status: 200 len: 258 microversion: 1.28 [pid: 8|app: 0|req: 612/1230] 199.204.45.223 () {34 vars in 862 bytes} [Wed Feb 25 23:27:10 2026] GET /allocations/79a0cd95-36af-47ee-b8dd-de0334659020 => generated 258 bytes in 16 msecs (HTTP/1.1 200) 8 headers in 296 bytes (1 switches on core 0)
