2026-02-25 23:22:25.860 6 INFO neutron_taas.services.taas.tap_mirror_plugin [None req-16e00abd-ec5d-4e8c-a24a-245f9fff8282 1b3987791b8b4d8eaaed44214916c673 3346b6a48f8d4543a2b9d021f3fb4e86 - - default default] Tap Mirror: Handle Delete Port: e9ec117f-8937-416a-9a36-5221fcd93843 [pid: 6|app: 0|req: 827/1482] 10.0.0.124 () {32 vars in 726 bytes} [Wed Feb 25 23:22:25 2026] DELETE /v2.0/networks/2de0d78f-9fd6-4d6f-b14b-3c10bc5cb638 => generated 0 bytes in 395 msecs (HTTP/1.1 204) 3 headers in 131 bytes (1 switches on core 0)
2026-02-25 23:22:26.312 7 INFO neutron.db.ovn_revision_numbers_db [None req-70194646-56f7-4da4-96b1-f3484179ee2a 1aef2caee9cb4b29a691c2cc384a7003 98bcc99b74f24e9994a2d205e36be144 - - default default] Successfully bumped revision number for resource c6ad0acc-4e1e-452b-aedf-44b099caa45c (type: security_groups) to 1
2026-02-25 23:22:26.325 7 INFO neutron.db.ovn_revision_numbers_db [None req-70194646-56f7-4da4-96b1-f3484179ee2a 1aef2caee9cb4b29a691c2cc384a7003 98bcc99b74f24e9994a2d205e36be144 - - default default] Successfully bumped revision number for resource 6b9e2a14-1d25-4ee9-b1df-64443eda3fb9 (type: security_group_rules) to 0
2026-02-25 23:22:26.337 7 INFO neutron.db.ovn_revision_numbers_db [None req-70194646-56f7-4da4-96b1-f3484179ee2a 1aef2caee9cb4b29a691c2cc384a7003 98bcc99b74f24e9994a2d205e36be144 - - default default] Successfully bumped revision number for resource 83a88701-51ea-4348-8956-2f36b80a9033 (type: security_group_rules) to 0
2026-02-25 23:22:26.354 7 INFO neutron.db.ovn_revision_numbers_db [None req-70194646-56f7-4da4-96b1-f3484179ee2a 1aef2caee9cb4b29a691c2cc384a7003 98bcc99b74f24e9994a2d205e36be144 - - default default] Successfully bumped revision number for resource b3272773-967c-4a89-bc92-37db7410bc2a (type: security_group_rules) to 0
2026-02-25 23:22:26.369 7 INFO neutron.db.ovn_revision_numbers_db [None req-70194646-56f7-4da4-96b1-f3484179ee2a 1aef2caee9cb4b29a691c2cc384a7003 98bcc99b74f24e9994a2d205e36be144 - - default default] Successfully bumped revision number for resource da6fc087-aa24-4b47-8e92-4bbe54620555 (type: security_group_rules) to 0
2026-02-25 23:22:26.408 6 INFO neutron.db.ovn_revision_numbers_db [None req-ddacf5cf-b9d3-46b5-bd14-25065395bab3 27c2010c75eb4214947cfa11818422c0 4867530cffb3411898c3ddc8583d4ef9 - - default default] Successfully bumped revision number for resource 30cbe517-50f4-4d11-be52-cc140bd91844 (type: security_groups) to 1
2026-02-25 23:22:26.420 6 INFO neutron.db.ovn_revision_numbers_db [None req-ddacf5cf-b9d3-46b5-bd14-25065395bab3 27c2010c75eb4214947cfa11818422c0 4867530cffb3411898c3ddc8583d4ef9 - - default default] Successfully bumped revision number for resource 2b7e7746-60cf-4070-8b6b-3c0b5eb966ba (type: security_group_rules) to 0
2026-02-25 23:22:26.431 6 INFO neutron.db.ovn_revision_numbers_db [None req-ddacf5cf-b9d3-46b5-bd14-25065395bab3 27c2010c75eb4214947cfa11818422c0 4867530cffb3411898c3ddc8583d4ef9 - - default default] Successfully bumped revision number for resource 3d8a0943-4d97-49cd-86e1-c31e648b254c (type: security_group_rules) to 0
2026-02-25 23:22:26.441 6 INFO neutron.db.ovn_revision_numbers_db [None req-ddacf5cf-b9d3-46b5-bd14-25065395bab3 27c2010c75eb4214947cfa11818422c0 4867530cffb3411898c3ddc8583d4ef9 - - default default] Successfully bumped revision number for resource 42a69e3e-e72b-4f56-b7d0-2f25cdf810f7 (type: security_group_rules) to 0
2026-02-25 23:22:26.450 6 INFO neutron.db.ovn_revision_numbers_db [None req-ddacf5cf-b9d3-46b5-bd14-25065395bab3 27c2010c75eb4214947cfa11818422c0 4867530cffb3411898c3ddc8583d4ef9 - - default default] Successfully bumped revision number for resource f7f2177e-e7b0-4c56-88b7-4211b15af7f8 (type: security_group_rules) to 0
2026-02-25 23:22:26.454 7 INFO neutron.db.segments_db [None req-70194646-56f7-4da4-96b1-f3484179ee2a 1aef2caee9cb4b29a691c2cc384a7003 98bcc99b74f24e9994a2d205e36be144 - - default default] Added segment 44cdf5d7-45d5-4278-a7ad-82a91340291e of type geneve for network 6e11d62c-6352-4896-b2be-5196c374bf96
2026-02-25 23:22:26.592 6 INFO neutron.db.segments_db [None req-ddacf5cf-b9d3-46b5-bd14-25065395bab3 27c2010c75eb4214947cfa11818422c0 4867530cffb3411898c3ddc8583d4ef9 - - default default] Added segment 13b9f9b2-522d-42ae-b2c4-9751660784a2 of type geneve for network 3ae658e9-fb4f-4ca7-977e-a4f5aad0cc7f
2026-02-25 23:22:26.654 7 INFO neutron.db.ovn_revision_numbers_db [None req-70194646-56f7-4da4-96b1-f3484179ee2a 1aef2caee9cb4b29a691c2cc384a7003 98bcc99b74f24e9994a2d205e36be144 - - default default] Successfully bumped revision number for resource 6e11d62c-6352-4896-b2be-5196c374bf96 (type: networks) to 1
2026-02-25 23:22:26.754 6 INFO neutron.db.ovn_revision_numbers_db [None req-ddacf5cf-b9d3-46b5-bd14-25065395bab3 27c2010c75eb4214947cfa11818422c0 4867530cffb3411898c3ddc8583d4ef9 - - default default] Successfully bumped revision number for resource 3ae658e9-fb4f-4ca7-977e-a4f5aad0cc7f (type: networks) to 1
2026-02-25 23:22:26.844 7 WARNING neutron.scheduler.dhcp_agent_scheduler [None req-70194646-56f7-4da4-96b1-f3484179ee2a 1aef2caee9cb4b29a691c2cc384a7003 98bcc99b74f24e9994a2d205e36be144 - - default default] No more DHCP agents
2026-02-25 23:22:26.846 7 WARNING neutron.api.rpc.agentnotifiers.dhcp_rpc_agent_api [None req-70194646-56f7-4da4-96b1-f3484179ee2a 1aef2caee9cb4b29a691c2cc384a7003 98bcc99b74f24e9994a2d205e36be144 - - default default] Unable to schedule network 6e11d62c-6352-4896-b2be-5196c374bf96: no agents available; will retry on subsequent port and subnet creation events.
2026-02-25 23:22:26.919 7 INFO neutron.plugins.ml2.drivers.ovn.mech_driver.mech_driver [None req-e3c21315-485b-41dc-a3ed-076fc3ead1fb - - - - - -] OVN reports status down for port: cc906003-7b15-4710-ba55-e1c814019479
2026-02-25 23:22:26.951 6 WARNING neutron.scheduler.dhcp_agent_scheduler [None req-ddacf5cf-b9d3-46b5-bd14-25065395bab3 27c2010c75eb4214947cfa11818422c0 4867530cffb3411898c3ddc8583d4ef9 - - default default] No more DHCP agents
2026-02-25 23:22:26.953 6 WARNING neutron.api.rpc.agentnotifiers.dhcp_rpc_agent_api [None req-ddacf5cf-b9d3-46b5-bd14-25065395bab3 27c2010c75eb4214947cfa11818422c0 4867530cffb3411898c3ddc8583d4ef9 - - default default] Unable to schedule network 3ae658e9-fb4f-4ca7-977e-a4f5aad0cc7f: no agents available; will retry on subsequent port and subnet creation events.
2026-02-25 23:22:27.009 7 INFO neutron.db.ovn_revision_numbers_db [None req-70194646-56f7-4da4-96b1-f3484179ee2a 1aef2caee9cb4b29a691c2cc384a7003 98bcc99b74f24e9994a2d205e36be144 - - default default] Successfully bumped revision number for resource cc906003-7b15-4710-ba55-e1c814019479 (type: ports) to 1
2026-02-25 23:22:27.071 6 INFO neutron.db.ovn_revision_numbers_db [None req-ddacf5cf-b9d3-46b5-bd14-25065395bab3 27c2010c75eb4214947cfa11818422c0 4867530cffb3411898c3ddc8583d4ef9 - - default default] Successfully bumped revision number for resource d6f8a006-6951-4391-bece-ec795d72086b (type: ports) to 1 [pid: 6|app: 0|req: 828/1483] 10.0.0.124 () {34 vars in 670 bytes} [Wed Feb 25 23:22:26 2026] POST /v2.0/networks => generated 668 bytes in 967 msecs (HTTP/1.1 201) 4 headers in 162 bytes (1 switches on core 0) [pid: 7|app: 0|req: 656/1484] 10.0.0.124 () {34 vars in 670 bytes} [Wed Feb 25 23:22:25 2026] POST /v2.0/networks => generated 659 bytes in 1154 msecs (HTTP/1.1 201) 4 headers in 162 bytes (1 switches on core 0)
2026-02-25 23:22:27.119 7 INFO neutron.plugins.ml2.drivers.ovn.mech_driver.mech_driver [None req-e3c21315-485b-41dc-a3ed-076fc3ead1fb - - - - - -] OVN reports status down for port: d6f8a006-6951-4391-bece-ec795d72086b
2026-02-25 23:22:27.216 6 INFO neutron_taas.services.taas.taas_plugin [None req-5b60101c-373e-4591-b1af-007833958f80 1b3987791b8b4d8eaaed44214916c673 3346b6a48f8d4543a2b9d021f3fb4e86 - - default default] TaaS: Handle Delete Port: 16c99276-e9e6-400d-a030-db750730f59b
2026-02-25 23:22:27.218 6 INFO neutron_taas.services.taas.tap_mirror_plugin [None req-5b60101c-373e-4591-b1af-007833958f80 1b3987791b8b4d8eaaed44214916c673 3346b6a48f8d4543a2b9d021f3fb4e86 - - default default] Tap Mirror: Handle Delete Port: 16c99276-e9e6-400d-a030-db750730f59b
2026-02-25 23:22:27.262 6 INFO neutron.services.segments.plugin [-] Segment e93d501d-0b80-4595-93b8-48667e582926 resource provider aggregate not found
2026-02-25 23:22:27.270 6 INFO neutron.services.segments.plugin [-] Segment e93d501d-0b80-4595-93b8-48667e582926 resource provider aggregate not found
2026-02-25 23:22:27.281 6 INFO neutron.services.segments.plugin [-] Segment e93d501d-0b80-4595-93b8-48667e582926 resource provider not found; error: Placement Client Error (4xx): {"errors": [{"status": 404, "title": "Not Found", "detail": "The resource could not be found.\n\n No resource provider with uuid e93d501d-0b80-4595-93b8-48667e582926 found for delete ", "request_id": "req-68b9dab5-9488-4332-96b4-a8de5930957b"}]}
2026-02-25 23:22:27.291 6 INFO neutron.services.segments.plugin [-] Segment e93d501d-0b80-4595-93b8-48667e582926 resource provider not found; error: Placement Client Error (4xx): {"errors": [{"status": 404, "title": "Not Found", "detail": "The resource could not be found.\n\n No resource provider with uuid e93d501d-0b80-4595-93b8-48667e582926 found for delete ", "request_id": "req-b4ff36ab-b3e0-4328-a2a1-ef2593a0c01e"}]}
2026-02-25 23:22:27.437 7 WARNING neutron.scheduler.dhcp_agent_scheduler [None req-46295eb2-10d5-4974-b6d5-ba42ddac5d65 27c2010c75eb4214947cfa11818422c0 4867530cffb3411898c3ddc8583d4ef9 - - default default] No more DHCP agents
2026-02-25 23:22:27.438 7 WARNING neutron.api.rpc.agentnotifiers.dhcp_rpc_agent_api [None req-46295eb2-10d5-4974-b6d5-ba42ddac5d65 27c2010c75eb4214947cfa11818422c0 4867530cffb3411898c3ddc8583d4ef9 - - default default] Unable to schedule network 3ae658e9-fb4f-4ca7-977e-a4f5aad0cc7f: no agents available; will retry on subsequent port and subnet creation events. [pid: 6|app: 0|req: 829/1485] 10.0.0.124 () {32 vars in 726 bytes} [Wed Feb 25 23:22:27 2026] DELETE /v2.0/networks/7b5e97fb-d5d2-4939-91ff-e02d0a7836c6 => generated 0 bytes in 396 msecs (HTTP/1.1 204) 3 headers in 131 bytes (1 switches on core 0)
2026-02-25 23:22:27.554 7 INFO neutron.plugins.ml2.drivers.ovn.mech_driver.mech_driver [None req-e3c21315-485b-41dc-a3ed-076fc3ead1fb - - - - - -] OVN reports status down for port: cd2722d7-e4cb-4bb0-81a4-3cc78b8d55ab
2026-02-25 23:22:27.642 7 INFO neutron.db.ovn_revision_numbers_db [None req-46295eb2-10d5-4974-b6d5-ba42ddac5d65 27c2010c75eb4214947cfa11818422c0 4867530cffb3411898c3ddc8583d4ef9 - - default default] Successfully bumped revision number for resource cd2722d7-e4cb-4bb0-81a4-3cc78b8d55ab (type: ports) to 1 [pid: 7|app: 0|req: 657/1486] 10.0.0.124 () {34 vars in 665 bytes} [Wed Feb 25 23:22:27 2026] POST /v2.0/ports => generated 778 bytes in 633 msecs (HTTP/1.1 201) 4 headers in 162 bytes (1 switches on core 0) /var/lib/openstack/lib/python3.12/site-packages/pycadf/identifier.py:70: UserWarning: Invalid uuid: neutron. To ensure interoperability, identifiers should be a valid uuid. warnings.warn(('Invalid uuid: %s. To ensure interoperability, '
2026-02-25 23:22:27.761 6 WARNING neutron.scheduler.dhcp_agent_scheduler [None req-0df7ab4d-69a4-4042-a1c1-6aaf72e5c46c 1aef2caee9cb4b29a691c2cc384a7003 98bcc99b74f24e9994a2d205e36be144 - - default default] No more DHCP agents
2026-02-25 23:22:27.763 6 WARNING neutron.api.rpc.agentnotifiers.dhcp_rpc_agent_api [None req-0df7ab4d-69a4-4042-a1c1-6aaf72e5c46c 1aef2caee9cb4b29a691c2cc384a7003 98bcc99b74f24e9994a2d205e36be144 - - default default] Unable to schedule network 6e11d62c-6352-4896-b2be-5196c374bf96: no agents available; will retry on subsequent port and subnet creation events.
2026-02-25 23:22:27.847 7 INFO neutron.db.segments_db [None req-8b77d1cc-1fe4-40f6-8b3f-11a5ec1e2b1a 27c2010c75eb4214947cfa11818422c0 4867530cffb3411898c3ddc8583d4ef9 - - default default] Added segment e6c0231c-33af-4d3f-8135-9d03659da705 of type geneve for network 14b82c61-1b85-4af0-8368-44217591919e
2026-02-25 23:22:27.977 7 INFO neutron.db.ovn_revision_numbers_db [None req-8b77d1cc-1fe4-40f6-8b3f-11a5ec1e2b1a 27c2010c75eb4214947cfa11818422c0 4867530cffb3411898c3ddc8583d4ef9 - - default default] Successfully bumped revision number for resource 14b82c61-1b85-4af0-8368-44217591919e (type: networks) to 1
2026-02-25 23:22:28.183 7 WARNING neutron.scheduler.dhcp_agent_scheduler [None req-8b77d1cc-1fe4-40f6-8b3f-11a5ec1e2b1a 27c2010c75eb4214947cfa11818422c0 4867530cffb3411898c3ddc8583d4ef9 - - default default] No more DHCP agents
2026-02-25 23:22:28.189 7 WARNING neutron.api.rpc.agentnotifiers.dhcp_rpc_agent_api [None req-8b77d1cc-1fe4-40f6-8b3f-11a5ec1e2b1a 27c2010c75eb4214947cfa11818422c0 4867530cffb3411898c3ddc8583d4ef9 - - default default] Unable to schedule network 14b82c61-1b85-4af0-8368-44217591919e: no agents available; will retry on subsequent port and subnet creation events.
2026-02-25 23:22:28.284 7 INFO neutron.plugins.ml2.drivers.ovn.mech_driver.mech_driver [None req-e3c21315-485b-41dc-a3ed-076fc3ead1fb - - - - - -] OVN reports status down for port: 99c6fe47-66de-42ea-9ba9-ed4e501caa5c
2026-02-25 23:22:28.356 7 INFO neutron.db.ovn_revision_numbers_db [None req-8b77d1cc-1fe4-40f6-8b3f-11a5ec1e2b1a 27c2010c75eb4214947cfa11818422c0 4867530cffb3411898c3ddc8583d4ef9 - - default default] Successfully bumped revision number for resource 99c6fe47-66de-42ea-9ba9-ed4e501caa5c (type: ports) to 1
2026-02-25 23:22:28.377 6 INFO neutron.db.ovn_revision_numbers_db [None req-909246db-4b97-4d2c-8af0-f1a82ddf1f5e - - - - - -] Successfully bumped revision number for resource cc906003-7b15-4710-ba55-e1c814019479 (type: ports) to 2 [pid: 7|app: 0|req: 658/1487] 10.0.0.124 () {34 vars in 670 bytes} [Wed Feb 25 23:22:27 2026] POST /v2.0/networks => generated 655 bytes in 655 msecs (HTTP/1.1 201) 4 headers in 162 bytes (1 switches on core 0)
2026-02-25 23:22:28.413 6 INFO neutron.db.ovn_revision_numbers_db [None req-909246db-4b97-4d2c-8af0-f1a82ddf1f5e - - - - - -] Successfully bumped revision number for resource a8bd61b9-0230-4bd6-ae5b-25407636716e (type: subnets) to 0 [pid: 6|app: 0|req: 830/1488] 10.0.0.124 () {34 vars in 669 bytes} [Wed Feb 25 23:22:27 2026] POST /v2.0/subnets => generated 657 bytes in 938 msecs (HTTP/1.1 201) 4 headers in 162 bytes (1 switches on core 0) [pid: 6|app: 0|req: 831/1489] 10.0.0.36 () {34 vars in 989 bytes} [Wed Feb 25 23:22:28 2026] GET /v2.0/ports?device_id=75996588-3f49-42a7-9704-39978b629662 => generated 1213 bytes in 33 msecs (HTTP/1.1 200) 4 headers in 158 bytes (1 switches on core 0) [pid: 7|app: 0|req: 659/1490] 10.0.0.124 () {32 vars in 774 bytes} [Wed Feb 25 23:22:28 2026] GET /v2.0/security-groups?tenant_id=3346b6a48f8d4543a2b9d021f3fb4e86&name=default => generated 2925 bytes in 120 msecs (HTTP/1.1 200) 4 headers in 158 bytes (1 switches on core 0) [pid: 7|app: 0|req: 660/1491] 10.0.0.124 () {32 vars in 722 bytes} [Wed Feb 25 23:22:28 2026] GET /v2.0/subnetpools?name=shared-default-subnetpool-v6 => generated 19 bytes in 107 msecs (HTTP/1.1 200) 4 headers in 156 bytes (1 switches on core 0)
2026-02-25 23:22:28.635 6 WARNING neutron.scheduler.dhcp_agent_scheduler [None req-51d12705-d4d7-4948-b9e7-91e9071eaa02 27c2010c75eb4214947cfa11818422c0 4867530cffb3411898c3ddc8583d4ef9 - - default default] No more DHCP agents
2026-02-25 23:22:28.637 6 WARNING neutron.api.rpc.agentnotifiers.dhcp_rpc_agent_api [None req-51d12705-d4d7-4948-b9e7-91e9071eaa02 27c2010c75eb4214947cfa11818422c0 4867530cffb3411898c3ddc8583d4ef9 - - default default] Unable to schedule network 14b82c61-1b85-4af0-8368-44217591919e: no agents available; will retry on subsequent port and subnet creation events. [pid: 7|app: 0|req: 661/1492] 10.0.0.36 () {34 vars in 1039 bytes} [Wed Feb 25 23:22:28 2026] GET /v2.0/security-groups?id=941ff5ea-39ac-4caa-91b6-71a69d9492c7&fields=id&fields=name => generated 114 bytes in 41 msecs (HTTP/1.1 200) 4 headers in 157 bytes (1 switches on core 0)
2026-02-25 23:22:28.675 6 INFO neutron.db.ovn_revision_numbers_db [None req-51d12705-d4d7-4948-b9e7-91e9071eaa02 27c2010c75eb4214947cfa11818422c0 4867530cffb3411898c3ddc8583d4ef9 - - default default] Successfully bumped revision number for resource 3cbeacf1-4237-4732-a863-e19d7acb1cd4 (type: subnets) to 0 [pid: 6|app: 0|req: 832/1493] 10.0.0.124 () {34 vars in 669 bytes} [Wed Feb 25 23:22:28 2026] POST /v2.0/subnets => generated 646 bytes in 228 msecs (HTTP/1.1 201) 4 headers in 162 bytes (1 switches on core 0)
2026-02-25 23:22:28.916 6 WARNING neutron.scheduler.dhcp_agent_scheduler [None req-2ee30329-05a2-488e-8d9a-57222d66107b 1aef2caee9cb4b29a691c2cc384a7003 98bcc99b74f24e9994a2d205e36be144 - - default default] No more DHCP agents
2026-02-25 23:22:28.918 6 WARNING neutron.api.rpc.agentnotifiers.dhcp_rpc_agent_api [None req-2ee30329-05a2-488e-8d9a-57222d66107b 1aef2caee9cb4b29a691c2cc384a7003 98bcc99b74f24e9994a2d205e36be144 - - default default] Unable to schedule network 6e11d62c-6352-4896-b2be-5196c374bf96: no agents available; will retry on subsequent port and subnet creation events. [pid: 7|app: 0|req: 662/1494] 10.0.0.124 () {32 vars in 740 bytes} [Wed Feb 25 23:22:28 2026] DELETE /v2.0/security-groups/908a2d52-c95e-48eb-8564-42dccd3fbabd => generated 0 bytes in 297 msecs (HTTP/1.1 204) 2 headers in 112 bytes (1 switches on core 0)
2026-02-25 23:22:28.971 6 INFO neutron.db.ovn_revision_numbers_db [None req-2ee30329-05a2-488e-8d9a-57222d66107b 1aef2caee9cb4b29a691c2cc384a7003 98bcc99b74f24e9994a2d205e36be144 - - default default] Successfully bumped revision number for resource a3ca63c1-9fe5-4bee-9b9f-fe6474e3cca8 (type: subnets) to 0 [pid: 6|app: 0|req: 833/1495] 10.0.0.124 () {34 vars in 669 bytes} [Wed Feb 25 23:22:28 2026] POST /v2.0/subnets => generated 731 bytes in 298 msecs (HTTP/1.1 201) 4 headers in 162 bytes (1 switches on core 0)
2026-02-25 23:22:29.101 6 INFO neutron.db.segments_db [None req-c4e334a3-1b4e-44a1-a21f-d0dac5b644a7 1aef2caee9cb4b29a691c2cc384a7003 98bcc99b74f24e9994a2d205e36be144 - - default default] Added segment b685be6a-0f79-48da-8113-d9e753bfebb8 of type geneve for network 3606f541-fc1a-423a-82be-7a2b8a683e56
2026-02-25 23:22:29.297 7 WARNING neutron.scheduler.dhcp_agent_scheduler [None req-395993d0-a0f8-4de9-97eb-d352b372d092 27c2010c75eb4214947cfa11818422c0 4867530cffb3411898c3ddc8583d4ef9 - - default default] No more DHCP agents
2026-02-25 23:22:29.298 7 WARNING neutron.api.rpc.agentnotifiers.dhcp_rpc_agent_api [None req-395993d0-a0f8-4de9-97eb-d352b372d092 27c2010c75eb4214947cfa11818422c0 4867530cffb3411898c3ddc8583d4ef9 - - default default] Unable to schedule network 14b82c61-1b85-4af0-8368-44217591919e: no agents available; will retry on subsequent port and subnet creation events.
2026-02-25 23:22:29.404 7 INFO neutron.plugins.ml2.drivers.ovn.mech_driver.mech_driver [None req-e3c21315-485b-41dc-a3ed-076fc3ead1fb - - - - - -] OVN reports status down for port: 420a444f-df10-4fc1-9343-21dab6b08879
2026-02-25 23:22:29.491 7 INFO neutron.db.ovn_revision_numbers_db [None req-395993d0-a0f8-4de9-97eb-d352b372d092 27c2010c75eb4214947cfa11818422c0 4867530cffb3411898c3ddc8583d4ef9 - - default default] Successfully bumped revision number for resource 420a444f-df10-4fc1-9343-21dab6b08879 (type: ports) to 1 [pid: 7|app: 0|req: 663/1496] 10.0.0.124 () {34 vars in 665 bytes} [Wed Feb 25 23:22:28 2026] POST /v2.0/ports => generated 961 bytes in 620 msecs (HTTP/1.1 201) 4 headers in 162 bytes (1 switches on core 0) /var/lib/openstack/lib/python3.12/site-packages/pycadf/identifier.py:70: UserWarning: Invalid uuid: neutron. To ensure interoperability, identifiers should be a valid uuid. warnings.warn(('Invalid uuid: %s. To ensure interoperability, '
2026-02-25 23:22:29.737 7 INFO neutron_taas.services.taas.taas_plugin [None req-9a78afab-4e9b-43ed-80d8-1727e64e7755 27c2010c75eb4214947cfa11818422c0 4867530cffb3411898c3ddc8583d4ef9 - - default default] TaaS: Handle Delete Port: 420a444f-df10-4fc1-9343-21dab6b08879
2026-02-25 23:22:29.739 7 INFO neutron_taas.services.taas.tap_mirror_plugin [None req-9a78afab-4e9b-43ed-80d8-1727e64e7755 27c2010c75eb4214947cfa11818422c0 4867530cffb3411898c3ddc8583d4ef9 - - default default] Tap Mirror: Handle Delete Port: 420a444f-df10-4fc1-9343-21dab6b08879
2026-02-25 23:22:29.762 6 INFO neutron.services.segments.plugin [-] Segment e5ccacf2-7e0b-4b89-b56e-082beeec15a8 resource provider aggregate not found
2026-02-25 23:22:29.770 6 INFO neutron.services.segments.plugin [-] Segment e5ccacf2-7e0b-4b89-b56e-082beeec15a8 resource provider aggregate not found
2026-02-25 23:22:29.782 6 INFO neutron.services.segments.plugin [-] Segment e5ccacf2-7e0b-4b89-b56e-082beeec15a8 resource provider not found; error: Placement Client Error (4xx): {"errors": [{"status": 404, "title": "Not Found", "detail": "The resource could not be found.\n\n No resource provider with uuid e5ccacf2-7e0b-4b89-b56e-082beeec15a8 found for delete ", "request_id": "req-f4455ee6-86c4-4efe-a55b-58cc1a85b43c"}]}
2026-02-25 23:22:29.796 6 INFO neutron.services.segments.plugin [-] Segment e5ccacf2-7e0b-4b89-b56e-082beeec15a8 resource provider not found; error: Placement Client Error (4xx): {"errors": [{"status": 404, "title": "Not Found", "detail": "The resource could not be found.\n\n No resource provider with uuid e5ccacf2-7e0b-4b89-b56e-082beeec15a8 found for delete ", "request_id": "req-e741166c-dcd7-411b-ae4f-8a73e579372e"}]}
2026-02-25 23:22:29.808 6 INFO neutron.db.ovn_revision_numbers_db [None req-c4e334a3-1b4e-44a1-a21f-d0dac5b644a7 1aef2caee9cb4b29a691c2cc384a7003 98bcc99b74f24e9994a2d205e36be144 - - default default] Successfully bumped revision number for resource 3606f541-fc1a-423a-82be-7a2b8a683e56 (type: networks) to 1 [pid: 7|app: 0|req: 664/1497] 10.0.0.124 () {32 vars in 720 bytes} [Wed Feb 25 23:22:29 2026] DELETE /v2.0/ports/420a444f-df10-4fc1-9343-21dab6b08879 => generated 0 bytes in 306 msecs (HTTP/1.1 204) 3 headers in 131 bytes (1 switches on core 0)
2026-02-25 23:22:29.916 7 INFO neutron.pecan_wsgi.hooks.translation [None req-dd4dd8a4-4a1c-4c3d-b9af-fa99c66b63e1 27c2010c75eb4214947cfa11818422c0 4867530cffb3411898c3ddc8583d4ef9 - - default default] DELETE failed (client error): The resource could not be found. [pid: 7|app: 0|req: 665/1498] 10.0.0.124 () {32 vars in 720 bytes} [Wed Feb 25 23:22:29 2026] DELETE /v2.0/ports/420a444f-df10-4fc1-9343-21dab6b08879 => generated 132 bytes in 16 msecs (HTTP/1.1 404) 4 headers in 164 bytes (1 switches on core 0)
2026-02-25 23:22:29.938 7 INFO neutron.pecan_wsgi.hooks.translation [None req-169a6834-e783-4cc1-a4a3-e2246fc08bf4 27c2010c75eb4214947cfa11818422c0 4867530cffb3411898c3ddc8583d4ef9 - - default default] GET failed (client error): The resource could not be found. [pid: 7|app: 0|req: 666/1499] 10.0.0.124 () {32 vars in 717 bytes} [Wed Feb 25 23:22:29 2026] GET /v2.0/ports/420a444f-df10-4fc1-9343-21dab6b08879 => generated 132 bytes in 17 msecs (HTTP/1.1 404) 4 headers in 164 bytes (1 switches on core 0)
2026-02-25 23:22:30.068 6 WARNING neutron.scheduler.dhcp_agent_scheduler [None req-c4e334a3-1b4e-44a1-a21f-d0dac5b644a7 1aef2caee9cb4b29a691c2cc384a7003 98bcc99b74f24e9994a2d205e36be144 - - default default] No more DHCP agents
2026-02-25 23:22:30.072 6 WARNING neutron.api.rpc.agentnotifiers.dhcp_rpc_agent_api [None req-c4e334a3-1b4e-44a1-a21f-d0dac5b644a7 1aef2caee9cb4b29a691c2cc384a7003 98bcc99b74f24e9994a2d205e36be144 - - default default] Unable to schedule network 3606f541-fc1a-423a-82be-7a2b8a683e56: no agents available; will retry on subsequent port and subnet creation events. [pid: 7|app: 0|req: 667/1500] 10.0.0.124 () {32 vars in 724 bytes} [Wed Feb 25 23:22:29 2026] DELETE /v2.0/subnets/3cbeacf1-4237-4732-a863-e19d7acb1cd4 => generated 0 bytes in 158 msecs (HTTP/1.1 204) 3 headers in 131 bytes (1 switches on core 0)
2026-02-25 23:22:30.197 7 INFO neutron.plugins.ml2.drivers.ovn.mech_driver.mech_driver [None req-e3c21315-485b-41dc-a3ed-076fc3ead1fb - - - - - -] OVN reports status down for port: cf9762d9-b3ea-4394-842b-2d25dfe7f1a0
2026-02-25 23:22:30.204 6 INFO neutron.db.ovn_revision_numbers_db [None req-c4e334a3-1b4e-44a1-a21f-d0dac5b644a7 1aef2caee9cb4b29a691c2cc384a7003 98bcc99b74f24e9994a2d205e36be144 - - default default] Successfully bumped revision number for resource cf9762d9-b3ea-4394-842b-2d25dfe7f1a0 (type: ports) to 1 [pid: 6|app: 0|req: 834/1501] 10.0.0.124 () {34 vars in 670 bytes} [Wed Feb 25 23:22:28 2026] POST /v2.0/networks => generated 656 bytes in 1232 msecs (HTTP/1.1 201) 4 headers in 162 bytes (1 switches on core 0)
2026-02-25 23:22:30.361 7 INFO neutron_taas.services.taas.taas_plugin [None req-d542b5b2-ecec-4df6-86d3-b3b5356ada02 27c2010c75eb4214947cfa11818422c0 4867530cffb3411898c3ddc8583d4ef9 - - default default] TaaS: Handle Delete Port: 99c6fe47-66de-42ea-9ba9-ed4e501caa5c
2026-02-25 23:22:30.364 7 INFO neutron_taas.services.taas.tap_mirror_plugin [None req-d542b5b2-ecec-4df6-86d3-b3b5356ada02 27c2010c75eb4214947cfa11818422c0 4867530cffb3411898c3ddc8583d4ef9 - - default default] Tap Mirror: Handle Delete Port: 99c6fe47-66de-42ea-9ba9-ed4e501caa5c
2026-02-25 23:22:30.400 6 WARNING neutron.scheduler.dhcp_agent_scheduler [None req-1dd5d288-85d2-41be-a68b-9b59a78f3dcd 1aef2caee9cb4b29a691c2cc384a7003 98bcc99b74f24e9994a2d205e36be144 - - default default] No more DHCP agents
2026-02-25 23:22:30.401 6 WARNING neutron.api.rpc.agentnotifiers.dhcp_rpc_agent_api [None req-1dd5d288-85d2-41be-a68b-9b59a78f3dcd 1aef2caee9cb4b29a691c2cc384a7003 98bcc99b74f24e9994a2d205e36be144 - - default default] Unable to schedule network 3606f541-fc1a-423a-82be-7a2b8a683e56: no agents available; will retry on subsequent port and subnet creation events.
2026-02-25 23:22:30.553 7 INFO neutron.services.segments.plugin [-] Segment e6c0231c-33af-4d3f-8135-9d03659da705 resource provider aggregate not found
2026-02-25 23:22:30.565 7 INFO neutron.services.segments.plugin [-] Segment e6c0231c-33af-4d3f-8135-9d03659da705 resource provider aggregate not found
2026-02-25 23:22:30.582 7 INFO neutron.services.segments.plugin [-] Segment e6c0231c-33af-4d3f-8135-9d03659da705 resource provider not found; error: Placement Client Error (4xx): {"errors": [{"status": 404, "title": "Not Found", "detail": "The resource could not be found.\n\n No resource provider with uuid e6c0231c-33af-4d3f-8135-9d03659da705 found for delete ", "request_id": "req-b6971cf0-310d-4c39-8b72-85dcbe86b42c"}]}
2026-02-25 23:22:30.586 7 INFO neutron.services.segments.plugin [-] Segment e6c0231c-33af-4d3f-8135-9d03659da705 resource provider not found; error: Placement Client Error (4xx): {"errors": [{"status": 404, "title": "Not Found", "detail": "The resource could not be found.\n\n No resource provider with uuid e6c0231c-33af-4d3f-8135-9d03659da705 found for delete ", "request_id": "req-3246434b-2dfe-4913-8727-ad7e6b67b4a2"}]} [pid: 7|app: 0|req: 668/1502] 10.0.0.124 () {32 vars in 726 bytes} [Wed Feb 25 23:22:30 2026] DELETE /v2.0/networks/14b82c61-1b85-4af0-8368-44217591919e => generated 0 bytes in 519 msecs (HTTP/1.1 204) 3 headers in 131 bytes (1 switches on core 0)
2026-02-25 23:22:30.722 7 INFO neutron.db.segments_db [None req-622745aa-3a01-47d5-b455-1a8672320452 27c2010c75eb4214947cfa11818422c0 4867530cffb3411898c3ddc8583d4ef9 - - default default] Added segment 49b2e4c6-430e-4d20-89f3-338dead74390 of type geneve for network 1ad168c0-d2f1-42a1-bb27-114272aed2ff
2026-02-25 23:22:30.849 7 INFO neutron.db.ovn_revision_numbers_db [None req-622745aa-3a01-47d5-b455-1a8672320452 27c2010c75eb4214947cfa11818422c0 4867530cffb3411898c3ddc8583d4ef9 - - default default] Successfully bumped revision number for resource 1ad168c0-d2f1-42a1-bb27-114272aed2ff (type: networks) to 1
2026-02-25 23:22:30.960 6 INFO neutron.db.ovn_revision_numbers_db [None req-8e5e2122-4c1c-4e23-bf55-c66d12e84f4b - - - - - -] Successfully bumped revision number for resource cf9762d9-b3ea-4394-842b-2d25dfe7f1a0 (type: ports) to 2
2026-02-25 23:22:30.997 6 INFO neutron.db.ovn_revision_numbers_db [None req-8e5e2122-4c1c-4e23-bf55-c66d12e84f4b - - - - - -] Successfully bumped revision number for resource 0f2c3dcc-647f-42ab-8ce7-e41d48aad452 (type: subnets) to 0 [pid: 6|app: 0|req: 835/1503] 10.0.0.124 () {34 vars in 669 bytes} [Wed Feb 25 23:22:30 2026] POST /v2.0/subnets => generated 656 bytes in 781 msecs (HTTP/1.1 201) 4 headers in 162 bytes (1 switches on core 0)
2026-02-25 23:22:31.058 7 WARNING neutron.scheduler.dhcp_agent_scheduler [None req-622745aa-3a01-47d5-b455-1a8672320452 27c2010c75eb4214947cfa11818422c0 4867530cffb3411898c3ddc8583d4ef9 - - default default] No more DHCP agents
2026-02-25 23:22:31.059 7 WARNING neutron.api.rpc.agentnotifiers.dhcp_rpc_agent_api [None req-622745aa-3a01-47d5-b455-1a8672320452 27c2010c75eb4214947cfa11818422c0 4867530cffb3411898c3ddc8583d4ef9 - - default default] Unable to schedule network 1ad168c0-d2f1-42a1-bb27-114272aed2ff: no agents available; will retry on subsequent port and subnet creation events.
2026-02-25 23:22:31.138 7 INFO neutron.plugins.ml2.drivers.ovn.mech_driver.mech_driver [None req-e3c21315-485b-41dc-a3ed-076fc3ead1fb - - - - - -] OVN reports status down for port: e3f289b6-a34f-41dc-8fcf-96ca25dd9ff8
2026-02-25 23:22:31.210 7 INFO neutron.db.ovn_revision_numbers_db [None req-622745aa-3a01-47d5-b455-1a8672320452 27c2010c75eb4214947cfa11818422c0 4867530cffb3411898c3ddc8583d4ef9 - - default default] Successfully bumped revision number for resource e3f289b6-a34f-41dc-8fcf-96ca25dd9ff8 (type: ports) to 1 [pid: 7|app: 0|req: 669/1504] 10.0.0.124 () {34 vars in 670 bytes} [Wed Feb 25 23:22:30 2026] POST /v2.0/networks => generated 655 bytes in 625 msecs (HTTP/1.1 201) 4 headers in 162 bytes (1 switches on core 0)
2026-02-25 23:22:31.378 6 INFO neutron.db.ovn_revision_numbers_db [None req-2442fa88-eb13-40f1-80a9-f3819337392f bc6c4cf3b1dd4cb0a43f3b695617c568 f087847c0c134eceb2f4b73a575acdf5 - - default default] Successfully bumped revision number for resource ab0f9cff-5e6a-4e19-b090-9b8a329c1d13 (type: security_groups) to 1
2026-02-25 23:22:31.389 6 INFO neutron.db.ovn_revision_numbers_db [None req-2442fa88-eb13-40f1-80a9-f3819337392f bc6c4cf3b1dd4cb0a43f3b695617c568 f087847c0c134eceb2f4b73a575acdf5 - - default default] Successfully bumped revision number for resource 0b1decd8-e583-4658-bb42-8c86f99118a5 (type: security_group_rules) to 0
2026-02-25 23:22:31.401 6 INFO neutron.db.ovn_revision_numbers_db [None req-2442fa88-eb13-40f1-80a9-f3819337392f bc6c4cf3b1dd4cb0a43f3b695617c568 f087847c0c134eceb2f4b73a575acdf5 - - default default] Successfully bumped revision number for resource 43cae892-84d3-43da-98a4-d312504901c9 (type: security_group_rules) to 0 [pid: 7|app: 0|req: 670/1505] 10.0.0.121 () {34 vars in 990 bytes} [Wed Feb 25 23:22:31 2026] GET /v2.0/ports?device_id=75996588-3f49-42a7-9704-39978b629662 => generated 975 bytes in 143 msecs (HTTP/1.1 200) 4 headers in 157 bytes (1 switches on core 0)
2026-02-25 23:22:31.416 6 INFO neutron.db.ovn_revision_numbers_db [None req-2442fa88-eb13-40f1-80a9-f3819337392f bc6c4cf3b1dd4cb0a43f3b695617c568 f087847c0c134eceb2f4b73a575acdf5 - - default default] Successfully bumped revision number for resource 9aad67c9-3fc5-43d6-8dd0-d3e1a3849e77 (type: security_group_rules) to 0
2026-02-25 23:22:31.426 6 INFO neutron.db.ovn_revision_numbers_db [None req-2442fa88-eb13-40f1-80a9-f3819337392f bc6c4cf3b1dd4cb0a43f3b695617c568 f087847c0c134eceb2f4b73a575acdf5 - - default default] Successfully bumped revision number for resource ea6d1c66-76be-4044-add6-a1c83b394a09 (type: security_group_rules) to 0
2026-02-25 23:22:31.569 6 INFO neutron.db.ovn_revision_numbers_db [None req-2442fa88-eb13-40f1-80a9-f3819337392f bc6c4cf3b1dd4cb0a43f3b695617c568 f087847c0c134eceb2f4b73a575acdf5 - - default default] Successfully bumped revision number for resource 3039a542-6fea-47e7-b8ae-d201275f0c7f (type: security_groups) to 1
2026-02-25 23:22:31.582 6 INFO neutron.db.ovn_revision_numbers_db [None req-2442fa88-eb13-40f1-80a9-f3819337392f bc6c4cf3b1dd4cb0a43f3b695617c568 f087847c0c134eceb2f4b73a575acdf5 - - default default] Successfully bumped revision number for resource 62192160-f4fb-4f2c-8d82-d354e2b86386 (type: security_group_rules) to 0
2026-02-25 23:22:31.597 6 INFO neutron.db.ovn_revision_numbers_db [None req-2442fa88-eb13-40f1-80a9-f3819337392f bc6c4cf3b1dd4cb0a43f3b695617c568 f087847c0c134eceb2f4b73a575acdf5 - - default default] Successfully bumped revision number for resource dee57c98-118b-405b-a124-36a540da8663 (type: security_group_rules) to 0 [pid: 6|app: 0|req: 836/1506] 10.0.0.124 () {34 vars in 684 bytes} [Wed Feb 25 23:22:31 2026] POST /v2.0/security-groups => generated 1625 bytes in 619 msecs (HTTP/1.1 201) 4 headers in 163 bytes (1 switches on core 0)
2026-02-25 23:22:31.672 7 WARNING neutron.scheduler.dhcp_agent_scheduler [None req-97ef87db-46fb-4a70-abc9-935c10b851a9 1aef2caee9cb4b29a691c2cc384a7003 98bcc99b74f24e9994a2d205e36be144 - - default default] No more DHCP agents
2026-02-25 23:22:31.673 7 WARNING neutron.api.rpc.agentnotifiers.dhcp_rpc_agent_api [None req-97ef87db-46fb-4a70-abc9-935c10b851a9 1aef2caee9cb4b29a691c2cc384a7003 98bcc99b74f24e9994a2d205e36be144 - - default default] Unable to schedule network 3606f541-fc1a-423a-82be-7a2b8a683e56: no agents available; will retry on subsequent port and subnet creation events.
2026-02-25 23:22:31.715 7 INFO neutron.db.ovn_revision_numbers_db [None req-97ef87db-46fb-4a70-abc9-935c10b851a9 1aef2caee9cb4b29a691c2cc384a7003 98bcc99b74f24e9994a2d205e36be144 - - default default] Successfully bumped revision number for resource 473c2585-be4f-480a-8640-ba6cb3101b85 (type: subnets) to 0 [pid: 7|app: 0|req: 671/1507] 10.0.0.124 () {34 vars in 669 bytes} [Wed Feb 25 23:22:31 2026] POST /v2.0/subnets => generated 725 bytes in 326 msecs (HTTP/1.1 201) 4 headers in 162 bytes (1 switches on core 0) [pid: 7|app: 0|req: 672/1508] 10.0.0.121 () {34 vars in 1040 bytes} [Wed Feb 25 23:22:31 2026] GET /v2.0/security-groups?id=941ff5ea-39ac-4caa-91b6-71a69d9492c7&fields=id&fields=name => generated 114 bytes in 36 msecs (HTTP/1.1 200) 4 headers in 157 bytes (1 switches on core 0) [pid: 7|app: 0|req: 673/1509] 10.0.0.124 () {32 vars in 663 bytes} [Wed Feb 25 23:22:31 2026] GET /v2.0/security-groups => generated 4530 bytes in 47 msecs (HTTP/1.1 200) 4 headers in 158 bytes (1 switches on core 0)
2026-02-25 23:22:31.843 6 WARNING neutron.scheduler.dhcp_agent_scheduler [None req-40ec5c0a-898f-4fde-a012-5e0e2045b474 27c2010c75eb4214947cfa11818422c0 4867530cffb3411898c3ddc8583d4ef9 - - default default] No more DHCP agents
2026-02-25 23:22:31.844 6 WARNING neutron.api.rpc.agentnotifiers.dhcp_rpc_agent_api [None req-40ec5c0a-898f-4fde-a012-5e0e2045b474 27c2010c75eb4214947cfa11818422c0 4867530cffb3411898c3ddc8583d4ef9 - - default default] Unable to schedule network 1ad168c0-d2f1-42a1-bb27-114272aed2ff: no agents available; will retry on subsequent port and subnet creation events.
2026-02-25 23:22:31.888 6 INFO neutron.db.ovn_revision_numbers_db [None req-40ec5c0a-898f-4fde-a012-5e0e2045b474 27c2010c75eb4214947cfa11818422c0 4867530cffb3411898c3ddc8583d4ef9 - - default default] Successfully bumped revision number for resource e4097962-5243-448e-a4e3-af652238fa22 (type: subnets) to 0 [pid: 6|app: 0|req: 837/1510] 10.0.0.124 () {34 vars in 669 bytes} [Wed Feb 25 23:22:31 2026] POST /v2.0/subnets => generated 646 bytes in 274 msecs (HTTP/1.1 201) 4 headers in 162 bytes (1 switches on core 0)
2026-02-25 23:22:31.921 7 INFO neutron.db.segments_db [None req-1ab089f5-a21b-4802-b7b7-d0f984842c12 1aef2caee9cb4b29a691c2cc384a7003 98bcc99b74f24e9994a2d205e36be144 - - default default] Added segment 17c714f6-946e-462b-9f51-91b83faeb1c5 of type geneve for network 83484676-c2d3-4c84-b7a7-27dc33f2f410
2026-02-25 23:22:31.986 6 INFO neutron.db.ovn_revision_numbers_db [None req-8ee26a9d-0c07-4281-ad47-e2cbb192d34c bc6c4cf3b1dd4cb0a43f3b695617c568 f087847c0c134eceb2f4b73a575acdf5 - - default default] Successfully bumped revision number for resource 3039a542-6fea-47e7-b8ae-d201275f0c7f (type: security_groups) to 2 [pid: 6|app: 0|req: 838/1511] 10.0.0.124 () {34 vars in 758 bytes} [Wed Feb 25 23:22:31 2026] PUT /v2.0/security-groups/3039a542-6fea-47e7-b8ae-d201275f0c7f => generated 1663 bytes in 125 msecs (HTTP/1.1 200) 4 headers in 158 bytes (1 switches on core 0)
2026-02-25 23:22:32.046 7 INFO neutron.db.ovn_revision_numbers_db [None req-1ab089f5-a21b-4802-b7b7-d0f984842c12 1aef2caee9cb4b29a691c2cc384a7003 98bcc99b74f24e9994a2d205e36be144 - - default default] Successfully bumped revision number for resource 83484676-c2d3-4c84-b7a7-27dc33f2f410 (type: networks) to 1 [pid: 6|app: 0|req: 839/1512] 10.0.0.121 () {34 vars in 990 bytes} [Wed Feb 25 23:22:32 2026] GET /v2.0/ports?device_id=75996588-3f49-42a7-9704-39978b629662 => generated 975 bytes in 86 msecs (HTTP/1.1 200) 4 headers in 157 bytes (1 switches on core 0)
2026-02-25 23:22:32.222 7 WARNING neutron.scheduler.dhcp_agent_scheduler [None req-1ab089f5-a21b-4802-b7b7-d0f984842c12 1aef2caee9cb4b29a691c2cc384a7003 98bcc99b74f24e9994a2d205e36be144 - - default default] No more DHCP agents
2026-02-25 23:22:32.223 7 WARNING neutron.api.rpc.agentnotifiers.dhcp_rpc_agent_api [None req-1ab089f5-a21b-4802-b7b7-d0f984842c12 1aef2caee9cb4b29a691c2cc384a7003 98bcc99b74f24e9994a2d205e36be144 - - default default] Unable to schedule network 83484676-c2d3-4c84-b7a7-27dc33f2f410: no agents available; will retry on subsequent port and subnet creation events.
2026-02-25 23:22:32.300 7 INFO neutron.plugins.ml2.drivers.ovn.mech_driver.mech_driver [None req-e3c21315-485b-41dc-a3ed-076fc3ead1fb - - - - - -] OVN reports status down for port: 1198f759-8435-4fff-86ae-7c7e12cf1444
2026-02-25 23:22:32.374 7 INFO neutron.db.ovn_revision_numbers_db [None req-1ab089f5-a21b-4802-b7b7-d0f984842c12 1aef2caee9cb4b29a691c2cc384a7003 98bcc99b74f24e9994a2d205e36be144 - - default default] Successfully bumped revision number for resource 1198f759-8435-4fff-86ae-7c7e12cf1444 (type: ports) to 1
2026-02-25 23:22:32.426 6 WARNING neutron.scheduler.dhcp_agent_scheduler [None req-6177b459-868d-41cf-993f-565d4c360c27 27c2010c75eb4214947cfa11818422c0 4867530cffb3411898c3ddc8583d4ef9 - - default default] No more DHCP agents
2026-02-25 23:22:32.427 6 WARNING neutron.api.rpc.agentnotifiers.dhcp_rpc_agent_api [None req-6177b459-868d-41cf-993f-565d4c360c27 27c2010c75eb4214947cfa11818422c0 4867530cffb3411898c3ddc8583d4ef9 - - default default] Unable to schedule network 1ad168c0-d2f1-42a1-bb27-114272aed2ff: no agents available; will retry on subsequent port and subnet creation events. [pid: 7|app: 0|req: 674/1513] 10.0.0.124 () {34 vars in 670 bytes} [Wed Feb 25 23:22:31 2026] POST /v2.0/networks => generated 656 bytes in 618 msecs (HTTP/1.1 201) 4 headers in 162 bytes (1 switches on core 0) [pid: 7|app: 0|req: 675/1514] 10.0.0.124 () {32 vars in 737 bytes} [Wed Feb 25 23:22:32 2026] GET /v2.0/security-groups/3039a542-6fea-47e7-b8ae-d201275f0c7f => generated 1663 bytes in 34 msecs (HTTP/1.1 200) 4 headers in 158 bytes (1 switches on core 0) [pid: 7|app: 0|req: 676/1515] 10.0.0.121 () {34 vars in 1040 bytes} [Wed Feb 25 23:22:32 2026] GET /v2.0/security-groups?id=941ff5ea-39ac-4caa-91b6-71a69d9492c7&fields=id&fields=name => generated 114 bytes in 30 msecs (HTTP/1.1 200) 4 headers in 157 bytes (1 switches on core 0)
2026-02-25 23:22:32.561 7 INFO neutron.plugins.ml2.drivers.ovn.mech_driver.mech_driver [None req-e3c21315-485b-41dc-a3ed-076fc3ead1fb - - - - - -] OVN reports status down for port: dd95a594-5fa9-4f70-a0e7-6c24277a4e3e
2026-02-25 23:22:32.599 6 INFO neutron.db.ovn_revision_numbers_db [None req-6177b459-868d-41cf-993f-565d4c360c27 27c2010c75eb4214947cfa11818422c0 4867530cffb3411898c3ddc8583d4ef9 - - default default] Successfully bumped revision number for resource dd95a594-5fa9-4f70-a0e7-6c24277a4e3e (type: ports) to 1 [pid: 6|app: 0|req: 840/1516] 10.0.0.124 () {34 vars in 665 bytes} [Wed Feb 25 23:22:32 2026] POST /v2.0/ports => generated 927 bytes in 504 msecs (HTTP/1.1 201) 4 headers in 162 bytes (1 switches on core 0) [pid: 6|app: 0|req: 841/1517] 10.0.0.124 () {32 vars in 740 bytes} [Wed Feb 25 23:22:32 2026] DELETE /v2.0/security-groups/3039a542-6fea-47e7-b8ae-d201275f0c7f => generated 0 bytes in 167 msecs (HTTP/1.1 204) 2 headers in 112 bytes (1 switches on core 0)
2026-02-25 23:22:32.834 7 WARNING neutron.scheduler.dhcp_agent_scheduler [None req-9babb820-aceb-43e5-80fd-71275c988533 1aef2caee9cb4b29a691c2cc384a7003 98bcc99b74f24e9994a2d205e36be144 - - default default] No more DHCP agents
2026-02-25 23:22:32.835 7 WARNING neutron.api.rpc.agentnotifiers.dhcp_rpc_agent_api [None req-9babb820-aceb-43e5-80fd-71275c988533 1aef2caee9cb4b29a691c2cc384a7003 98bcc99b74f24e9994a2d205e36be144 - - default default] Unable to schedule network 83484676-c2d3-4c84-b7a7-27dc33f2f410: no agents available; will retry on subsequent port and subnet creation events.
2026-02-25 23:22:32.945 6 INFO neutron_taas.services.taas.taas_plugin [None req-13d040f5-37bd-4415-8bbf-f909e99bede0 27c2010c75eb4214947cfa11818422c0 4867530cffb3411898c3ddc8583d4ef9 - - default default] TaaS: Handle Delete Port: dd95a594-5fa9-4f70-a0e7-6c24277a4e3e
2026-02-25 23:22:32.949 6 INFO neutron_taas.services.taas.tap_mirror_plugin [None req-13d040f5-37bd-4415-8bbf-f909e99bede0 27c2010c75eb4214947cfa11818422c0 4867530cffb3411898c3ddc8583d4ef9 - - default default] Tap Mirror: Handle Delete Port: dd95a594-5fa9-4f70-a0e7-6c24277a4e3e [pid: 6|app: 0|req: 842/1518] 10.0.0.124 () {32 vars in 720 bytes} [Wed Feb 25 23:22:32 2026] DELETE /v2.0/ports/dd95a594-5fa9-4f70-a0e7-6c24277a4e3e => generated 0 bytes in 308 msecs (HTTP/1.1 204) 3 headers in 131 bytes (1 switches on core 0) [pid: 6|app: 0|req: 843/1519] 10.0.0.124 () {32 vars in 663 bytes} [Wed Feb 25 23:22:33 2026] GET /v2.0/security-groups => generated 2925 bytes in 41 msecs (HTTP/1.1 200) 4 headers in 158 bytes (1 switches on core 0) [pid: 6|app: 0|req: 844/1520] 10.0.0.121 () {34 vars in 990 bytes} [Wed Feb 25 23:22:33 2026] GET /v2.0/ports?device_id=75996588-3f49-42a7-9704-39978b629662 => generated 975 bytes in 31 msecs (HTTP/1.1 200) 4 headers in 157 bytes (1 switches on core 0)
2026-02-25 23:22:33.191 6 INFO neutron.pecan_wsgi.hooks.translation [None req-2e6ffb06-30a2-42b8-8159-fa05f3f15991 27c2010c75eb4214947cfa11818422c0 4867530cffb3411898c3ddc8583d4ef9 - - default default] GET failed (client error): The resource could not be found. [pid: 6|app: 0|req: 845/1521] 10.0.0.124 () {32 vars in 717 bytes} [Wed Feb 25 23:22:33 2026] GET /v2.0/ports/dd95a594-5fa9-4f70-a0e7-6c24277a4e3e => generated 132 bytes in 17 msecs (HTTP/1.1 404) 4 headers in 164 bytes (1 switches on core 0)
2026-02-25 23:22:33.201 6 INFO neutron.api.v2.resource [None req-d3750c3c-d149-487e-8e61-b214a58b6f6d bc6c4cf3b1dd4cb0a43f3b695617c568 f087847c0c134eceb2f4b73a575acdf5 - - default default] delete failed (client error): The resource could not be found. [pid: 6|app: 0|req: 846/1522] 10.0.0.124 () {32 vars in 740 bytes} [Wed Feb 25 23:22:33 2026] DELETE /v2.0/security-groups/3039a542-6fea-47e7-b8ae-d201275f0c7f => generated 146 bytes in 9 msecs (HTTP/1.1 404) 4 headers in 164 bytes (1 switches on core 0) [pid: 6|app: 0|req: 847/1523] 10.0.0.121 () {34 vars in 1040 bytes} [Wed Feb 25 23:22:33 2026] GET /v2.0/security-groups?id=941ff5ea-39ac-4caa-91b6-71a69d9492c7&fields=id&fields=name => generated 114 bytes in 31 msecs (HTTP/1.1 200) 4 headers in 157 bytes (1 switches on core 0)
2026-02-25 23:22:33.360 7 INFO neutron.db.ovn_revision_numbers_db [None req-b9dac1c7-ae3b-41a8-a761-2aad4b9a83fa - - - - - -] Successfully bumped revision number for resource 1198f759-8435-4fff-86ae-7c7e12cf1444 (type: ports) to 2
2026-02-25 23:22:33.398 7 INFO neutron.db.ovn_revision_numbers_db [None req-b9dac1c7-ae3b-41a8-a761-2aad4b9a83fa - - - - - -] Successfully bumped revision number for resource f6960960-9215-4e69-983c-37b36e60257a (type: subnets) to 0 [pid: 7|app: 0|req: 677/1524] 10.0.0.124 () {34 vars in 669 bytes} [Wed Feb 25 23:22:32 2026] POST /v2.0/subnets => generated 655 bytes in 916 msecs (HTTP/1.1 201) 4 headers in 162 bytes (1 switches on core 0) [pid: 6|app: 0|req: 848/1525] 10.0.0.124 () {32 vars in 724 bytes} [Wed Feb 25 23:22:33 2026] DELETE /v2.0/subnets/e4097962-5243-448e-a4e3-af652238fa22 => generated 0 bytes in 185 msecs (HTTP/1.1 204) 3 headers in 131 bytes (1 switches on core 0)
2026-02-25 23:22:33.573 7 INFO neutron.db.ovn_revision_numbers_db [None req-224d20ff-7bf3-4d9e-9d8a-d49239304144 bc6c4cf3b1dd4cb0a43f3b695617c568 f087847c0c134eceb2f4b73a575acdf5 - - default default] Successfully bumped revision number for resource 23a9d672-41e2-413a-bfe0-8bd25cd3aa18 (type: security_groups) to 1
2026-02-25 23:22:33.584 7 INFO neutron.db.ovn_revision_numbers_db [None req-224d20ff-7bf3-4d9e-9d8a-d49239304144 bc6c4cf3b1dd4cb0a43f3b695617c568 f087847c0c134eceb2f4b73a575acdf5 - - default default] Successfully bumped revision number for resource 4399bc46-97b5-4caf-9075-078ce00bd105 (type: security_group_rules) to 0
2026-02-25 23:22:33.595 7 INFO neutron.db.ovn_revision_numbers_db [None req-224d20ff-7bf3-4d9e-9d8a-d49239304144 bc6c4cf3b1dd4cb0a43f3b695617c568 f087847c0c134eceb2f4b73a575acdf5 - - default default] Successfully bumped revision number for resource 607f94b2-7c5c-4860-8496-cb42400a0ddb (type: security_group_rules) to 0 [pid: 7|app: 0|req: 678/1526] 10.0.0.124 () {34 vars in 684 bytes} [Wed Feb 25 23:22:33 2026] POST /v2.0/security-groups => generated 1624 bytes in 225 msecs (HTTP/1.1 201) 4 headers in 163 bytes (1 switches on core 0)
2026-02-25 23:22:33.675 6 WARNING neutron.scheduler.dhcp_agent_scheduler [None req-cfb0f456-05c1-47a7-83bb-17373a9b10ef 1aef2caee9cb4b29a691c2cc384a7003 98bcc99b74f24e9994a2d205e36be144 - - default default] No more DHCP agents
2026-02-25 23:22:33.676 6 WARNING neutron.api.rpc.agentnotifiers.dhcp_rpc_agent_api [None req-cfb0f456-05c1-47a7-83bb-17373a9b10ef 1aef2caee9cb4b29a691c2cc384a7003 98bcc99b74f24e9994a2d205e36be144 - - default default] Unable to schedule network 83484676-c2d3-4c84-b7a7-27dc33f2f410: no agents available; will retry on subsequent port and subnet creation events.
2026-02-25 23:22:33.710 6 INFO neutron.db.ovn_revision_numbers_db [None req-cfb0f456-05c1-47a7-83bb-17373a9b10ef 1aef2caee9cb4b29a691c2cc384a7003 98bcc99b74f24e9994a2d205e36be144 - - default default] Successfully bumped revision number for resource 7583d010-3e7d-43eb-b488-57499a7ef537 (type: subnets) to 0 [pid: 6|app: 0|req: 849/1527] 10.0.0.124 () {34 vars in 669 bytes} [Wed Feb 25 23:22:33 2026] POST /v2.0/subnets => generated 729 bytes in 312 msecs (HTTP/1.1 201) 4 headers in 162 bytes (1 switches on core 0)
2026-02-25 23:22:33.777 7 INFO neutron_taas.services.taas.taas_plugin [None req-8c7cf501-5b5a-4579-bef7-17ab1c8fc56b 27c2010c75eb4214947cfa11818422c0 4867530cffb3411898c3ddc8583d4ef9 - - default default] TaaS: Handle Delete Port: e3f289b6-a34f-41dc-8fcf-96ca25dd9ff8
2026-02-25 23:22:33.780 7 INFO neutron_taas.services.taas.tap_mirror_plugin [None req-8c7cf501-5b5a-4579-bef7-17ab1c8fc56b 27c2010c75eb4214947cfa11818422c0 4867530cffb3411898c3ddc8583d4ef9 - - default default] Tap Mirror: Handle Delete Port: e3f289b6-a34f-41dc-8fcf-96ca25dd9ff8
2026-02-25 23:22:33.903 6 INFO neutron.db.ovn_revision_numbers_db [None req-59477ede-ab02-43a4-bca5-f35b05afdad0 bc6c4cf3b1dd4cb0a43f3b695617c568 f087847c0c134eceb2f4b73a575acdf5 - - default default] Successfully bumped revision number for resource d6df1130-8c6c-4316-a82a-123bb66538b9 (type: security_group_rules) to 0 [pid: 6|app: 0|req: 850/1528] 10.0.0.124 () {34 vars in 695 bytes} [Wed Feb 25 23:22:33 2026] POST /v2.0/security-group-rules => generated 601 bytes in 228 msecs (HTTP/1.1 201) 4 headers in 162 bytes (1 switches on core 0)
2026-02-25 23:22:34.048 7 INFO neutron.services.segments.plugin [-] Segment 49b2e4c6-430e-4d20-89f3-338dead74390 resource provider aggregate not found
2026-02-25 23:22:34.054 7 INFO neutron.services.segments.plugin [-] Segment 49b2e4c6-430e-4d20-89f3-338dead74390 resource provider aggregate not found
2026-02-25 23:22:34.077 7 INFO neutron.services.segments.plugin [-] Segment 49b2e4c6-430e-4d20-89f3-338dead74390 resource provider not found; error: Placement Client Error (4xx): {"errors": [{"status": 404, "title": "Not Found", "detail": "The resource could not be found.\n\n No resource provider with uuid 49b2e4c6-430e-4d20-89f3-338dead74390 found for delete ", "request_id": "req-a002b9ac-f92d-4986-8e4a-55b92851dda4"}]}
2026-02-25 23:22:34.082 7 INFO neutron.services.segments.plugin [-] Segment 49b2e4c6-430e-4d20-89f3-338dead74390 resource provider not found; error: Placement Client Error (4xx): {"errors": [{"status": 404, "title": "Not Found", "detail": "The resource could not be found.\n\n No resource provider with uuid 49b2e4c6-430e-4d20-89f3-338dead74390 found for delete ", "request_id": "req-097e3e6f-caa9-4456-aae3-17fa80b3117e"}]} [pid: 7|app: 0|req: 679/1529] 10.0.0.124 () {32 vars in 726 bytes} [Wed Feb 25 23:22:33 2026] DELETE /v2.0/networks/1ad168c0-d2f1-42a1-bb27-114272aed2ff => generated 0 bytes in 478 msecs (HTTP/1.1 204) 3 headers in 131 bytes (1 switches on core 0) [pid: 7|app: 0|req: 680/1530] 10.0.0.124 () {32 vars in 747 bytes} [Wed Feb 25 23:22:34 2026] GET /v2.0/security-group-rules/d6df1130-8c6c-4316-a82a-123bb66538b9 => generated 601 bytes in 33 msecs (HTTP/1.1 200) 4 headers in 157 bytes (1 switches on core 0)
2026-02-25 23:22:34.363 7 WARNING neutron.scheduler.dhcp_agent_scheduler [None req-74fe34fc-a92b-44b6-b8ae-da03eb736b75 27c2010c75eb4214947cfa11818422c0 4867530cffb3411898c3ddc8583d4ef9 - - default default] No more DHCP agents
2026-02-25 23:22:34.365 7 WARNING neutron.api.rpc.agentnotifiers.dhcp_rpc_agent_api [None req-74fe34fc-a92b-44b6-b8ae-da03eb736b75 27c2010c75eb4214947cfa11818422c0 4867530cffb3411898c3ddc8583d4ef9 - - default default] Unable to schedule network 3ae658e9-fb4f-4ca7-977e-a4f5aad0cc7f: no agents available; will retry on subsequent port and subnet creation events.
