2026-02-25 23:27:04.386 7 INFO neutron.db.ovn_revision_numbers_db [None req-65fca526-50c8-4cec-aac5-1fd4f569a34a - - - - - -] Successfully bumped revision number for resource 6691d157-e01c-4548-b0ad-c99adb1c7af5 (type: ports) to 6 [pid: 6|app: 0|req: 1765/3287] 199.204.45.223 () {34 vars in 994 bytes} [Wed Feb 25 23:27:05 2026] GET /v2.0/ports?device_id=d5e2b0c8-3150-4f13-92db-ec0a1e6476f8 => generated 1215 bytes in 42 msecs (HTTP/1.1 200) 4 headers in 158 bytes (1 switches on core 0) /var/lib/openstack/lib/python3.12/site-packages/pycadf/identifier.py:70: UserWarning: Invalid uuid: neutron. To ensure interoperability, identifiers should be a valid uuid. warnings.warn(('Invalid uuid: %s. To ensure interoperability, '
2026-02-25 23:27:05.479 7 INFO neutron_taas.services.taas.taas_plugin [req-eb5f656b-7780-4a1e-9af2-1fc912d34152 req-ff8563e0-3712-41e2-903a-df484b3818d0 81dce44d287f443f9b141505703a2b21 9957435ea42a49b8acac61bde6f95f10 - - default default] TaaS: Handle Delete Port: 6691d157-e01c-4548-b0ad-c99adb1c7af5
2026-02-25 23:27:05.482 7 INFO neutron_taas.services.taas.tap_mirror_plugin [req-eb5f656b-7780-4a1e-9af2-1fc912d34152 req-ff8563e0-3712-41e2-903a-df484b3818d0 81dce44d287f443f9b141505703a2b21 9957435ea42a49b8acac61bde6f95f10 - - default default] Tap Mirror: Handle Delete Port: 6691d157-e01c-4548-b0ad-c99adb1c7af5 [pid: 7|app: 0|req: 1523/3290] 199.204.45.223 () {36 vars in 997 bytes} [Wed Feb 25 23:27:05 2026] DELETE /v2.0/ports/6691d157-e01c-4548-b0ad-c99adb1c7af5 => generated 0 bytes in 328 msecs (HTTP/1.1 204) 3 headers in 131 bytes (1 switches on core 0)
2026-02-25 23:27:06.277 6 INFO neutron_taas.services.taas.taas_plugin [None req-604af793-c6c6-4260-97e7-cda26e14bd74 1aef2caee9cb4b29a691c2cc384a7003 98bcc99b74f24e9994a2d205e36be144 - - default default] TaaS: Handle Delete Port: 5049e435-8712-40c0-a9cf-8d7d1647e2f2
2026-02-25 23:27:06.279 6 INFO neutron_taas.services.taas.tap_mirror_plugin [None req-604af793-c6c6-4260-97e7-cda26e14bd74 1aef2caee9cb4b29a691c2cc384a7003 98bcc99b74f24e9994a2d205e36be144 - - default default] Tap Mirror: Handle Delete Port: 5049e435-8712-40c0-a9cf-8d7d1647e2f2
2026-02-25 23:27:06.326 7 INFO neutron.notifiers.nova [-] Nova event matching ['req-d30cdf2c-10c8-425e-a874-bc0f198a9955'] response: {'server_uuid': 'd5e2b0c8-3150-4f13-92db-ec0a1e6476f8', 'name': 'network-vif-unplugged', 'status': 'completed', 'tag': '6691d157-e01c-4548-b0ad-c99adb1c7af5', 'code': 200}
2026-02-25 23:27:06.326 7 INFO neutron.notifiers.nova [-] Nova event matching ['req-d30cdf2c-10c8-425e-a874-bc0f198a9955'] response: {'server_uuid': 'd5e2b0c8-3150-4f13-92db-ec0a1e6476f8', 'name': 'network-vif-deleted', 'tag': '6691d157-e01c-4548-b0ad-c99adb1c7af5', 'status': 'completed', 'code': 200}
2026-02-25 23:27:06.526 6 INFO neutron.db.l3_db [None req-604af793-c6c6-4260-97e7-cda26e14bd74 1aef2caee9cb4b29a691c2cc384a7003 98bcc99b74f24e9994a2d205e36be144 - - default default] Floating IP 42706e65-8ed5-4661-a157-bf02dad0277d disassociated (deleted). External IP: 10.96.250.208, port: bb95476f-9780-4f87-9182-58af574b3fc0. [pid: 6|app: 0|req: 1768/3291] 10.0.0.124 () {32 vars in 732 bytes} [Wed Feb 25 23:27:06 2026] DELETE /v2.0/floatingips/42706e65-8ed5-4661-a157-bf02dad0277d => generated 0 bytes in 439 msecs (HTTP/1.1 204) 2 headers in 112 bytes (1 switches on core 0) /var/lib/openstack/lib/python3.12/site-packages/pycadf/identifier.py:70: UserWarning: Invalid uuid: neutron. To ensure interoperability, identifiers should be a valid uuid. warnings.warn(('Invalid uuid: %s. To ensure interoperability, '
2026-02-25 23:27:06.591 7 INFO neutron.api.v2.resource [None req-995eb187-f581-4ffa-88f9-24985a95670f 1aef2caee9cb4b29a691c2cc384a7003 98bcc99b74f24e9994a2d205e36be144 - - default default] show failed (client error): The resource could not be found.
2026-02-25 23:27:06.592 6 INFO neutron.notifiers.nova [-] Nova event matching ['req-0252dac0-e91c-4ab9-9203-31828e632b29'] response: {'name': 'network-changed', 'server_uuid': 'd435aa59-400e-491b-9a6e-4b3ea256eaad', 'tag': 'bb95476f-9780-4f87-9182-58af574b3fc0', 'status': 'completed', 'code': 200} [pid: 7|app: 0|req: 1524/3292] 10.0.0.124 () {32 vars in 729 bytes} [Wed Feb 25 23:27:06 2026] GET /v2.0/floatingips/42706e65-8ed5-4661-a157-bf02dad0277d => generated 144 bytes in 36 msecs (HTTP/1.1 404) 4 headers in 164 bytes (1 switches on core 0) [pid: 6|app: 0|req: 1769/3293] 10.0.0.121 () {34 vars in 990 bytes} [Wed Feb 25 23:27:06 2026] GET /v2.0/ports?device_id=d435aa59-400e-491b-9a6e-4b3ea256eaad => generated 1200 bytes in 79 msecs (HTTP/1.1 200) 4 headers in 158 bytes (1 switches on core 0) [pid: 7|app: 0|req: 1525/3294] 10.0.0.121 () {34 vars in 1040 bytes} [Wed Feb 25 23:27:06 2026] GET /v2.0/security-groups?id=115ba670-84bf-42ce-9f42-3f8d90d82b21&fields=id&fields=name => generated 112 bytes in 39 msecs (HTTP/1.1 200) 4 headers in 157 bytes (1 switches on core 0) [pid: 6|app: 0|req: 1770/3295] 199.204.45.223 () {34 vars in 1080 bytes} [Wed Feb 25 23:27:07 2026] GET /v2.0/ports?tenant_id=98bcc99b74f24e9994a2d205e36be144&device_id=d435aa59-400e-491b-9a6e-4b3ea256eaad => generated 1438 bytes in 41 msecs (HTTP/1.1 200) 4 headers in 158 bytes (1 switches on core 0) [pid: 7|app: 0|req: 1526/3296] 199.204.45.223 () {34 vars in 986 bytes} [Wed Feb 25 23:27:07 2026] GET /v2.0/networks?id=83484676-c2d3-4c84-b7a7-27dc33f2f410 => generated 841 bytes in 59 msecs (HTTP/1.1 200) 4 headers in 157 bytes (1 switches on core 0) [pid: 6|app: 0|req: 1771/3297] 199.204.45.223 () {34 vars in 1056 bytes} [Wed Feb 25 23:27:07 2026] GET /v2.0/floatingips?fixed_ip_address=10.2.2.80&port_id=bb95476f-9780-4f87-9182-58af574b3fc0 => generated 19 bytes in 26 msecs (HTTP/1.1 200) 4 headers in 156 bytes (1 switches on core 0) [pid: 7|app: 0|req: 1527/3298] 199.204.45.223 () {34 vars in 1106 bytes} [Wed Feb 25 23:27:07 2026] GET /v2.0/floatingips?fixed_ip_address=fd77%3A1457%3A4cf0%3A26a8%3A%3A3a5&port_id=bb95476f-9780-4f87-9182-58af574b3fc0 => generated 19 bytes in 21 msecs (HTTP/1.1 200) 4 headers in 156 bytes (1 switches on core 0) [pid: 6|app: 0|req: 1772/3299] 199.204.45.223 () {34 vars in 1064 bytes} [Wed Feb 25 23:27:07 2026] GET /v2.0/subnets?id=7583d010-3e7d-43eb-b488-57499a7ef537&id=f6960960-9215-4e69-983c-37b36e60257a => generated 1413 bytes in 41 msecs (HTTP/1.1 200) 4 headers in 158 bytes (1 switches on core 0) [pid: 7|app: 0|req: 1528/3300] 199.204.45.223 () {34 vars in 1052 bytes} [Wed Feb 25 23:27:07 2026] GET /v2.0/ports?network_id=83484676-c2d3-4c84-b7a7-27dc33f2f410&device_owner=network%3Adhcp => generated 12 bytes in 27 msecs (HTTP/1.1 200) 4 headers in 156 bytes (1 switches on core 0) [pid: 6|app: 0|req: 1773/3301] 199.204.45.223 () {34 vars in 1052 bytes} [Wed Feb 25 23:27:07 2026] GET /v2.0/ports?network_id=83484676-c2d3-4c84-b7a7-27dc33f2f410&device_owner=network%3Adhcp => generated 12 bytes in 24 msecs (HTTP/1.1 200) 4 headers in 156 bytes (1 switches on core 0) [pid: 7|app: 0|req: 1529/3302] 199.204.45.223 () {34 vars in 1012 bytes} [Wed Feb 25 23:27:07 2026] GET /v2.0/networks/83484676-c2d3-4c84-b7a7-27dc33f2f410?fields=segments => generated 14 bytes in 56 msecs (HTTP/1.1 200) 4 headers in 156 bytes (1 switches on core 0) [pid: 6|app: 0|req: 1774/3303] 199.204.45.223 () {34 vars in 1112 bytes} [Wed Feb 25 23:27:07 2026] GET /v2.0/networks/83484676-c2d3-4c84-b7a7-27dc33f2f410?fields=provider%3Aphysical_network&fields=provider%3Anetwork_type => generated 79 bytes in 39 msecs (HTTP/1.1 200) 4 headers in 156 bytes (1 switches on core 0)
2026-02-25 23:27:07.837 7 INFO neutron.plugins.ml2.drivers.ovn.mech_driver.mech_driver [None req-9c9eadd2-0e50-491a-bea5-457aaa0e27b1 - - - - - -] OVN reports status down for port: bb95476f-9780-4f87-9182-58af574b3fc0
2026-02-25 23:27:08.100 7 INFO neutron.db.ovn_revision_numbers_db [None req-9c9eadd2-0e50-491a-bea5-457aaa0e27b1 - - - - - -] Successfully bumped revision number for resource bb95476f-9780-4f87-9182-58af574b3fc0 (type: ports) to 6
2026-02-25 23:27:08.371 7 INFO neutron.notifiers.nova [-] Nova event matching ['req-db969cf4-c04b-492c-b19a-48e8632060b0'] response: {'server_uuid': 'd435aa59-400e-491b-9a6e-4b3ea256eaad', 'name': 'network-vif-unplugged', 'status': 'completed', 'tag': 'bb95476f-9780-4f87-9182-58af574b3fc0', 'code': 200}
2026-02-25 23:27:08.371 7 INFO neutron.notifiers.nova [-] Nova event matching ['req-db969cf4-c04b-492c-b19a-48e8632060b0'] response: {'server_uuid': 'd435aa59-400e-491b-9a6e-4b3ea256eaad', 'name': 'network-vif-unplugged', 'status': 'completed', 'tag': 'bb95476f-9780-4f87-9182-58af574b3fc0', 'code': 200} /var/lib/openstack/lib/python3.12/site-packages/pycadf/identifier.py:70: UserWarning: Invalid uuid: neutron. To ensure interoperability, identifiers should be a valid uuid. warnings.warn(('Invalid uuid: %s. To ensure interoperability, ' [pid: 7|app: 0|req: 1530/3304] 199.204.45.223 () {34 vars in 994 bytes} [Wed Feb 25 23:27:08 2026] GET /v2.0/ports?device_id=d435aa59-400e-491b-9a6e-4b3ea256eaad => generated 1198 bytes in 78 msecs (HTTP/1.1 200) 4 headers in 158 bytes (1 switches on core 0)
2026-02-25 23:27:09.200 6 INFO neutron_taas.services.taas.taas_plugin [req-cb22e0c4-2470-49bb-badc-7379aafca975 req-7feeaef6-b881-41ff-b832-0dd1846960a9 1aef2caee9cb4b29a691c2cc384a7003 98bcc99b74f24e9994a2d205e36be144 - - default default] TaaS: Handle Delete Port: bb95476f-9780-4f87-9182-58af574b3fc0
2026-02-25 23:27:09.202 6 INFO neutron_taas.services.taas.tap_mirror_plugin [req-cb22e0c4-2470-49bb-badc-7379aafca975 req-7feeaef6-b881-41ff-b832-0dd1846960a9 1aef2caee9cb4b29a691c2cc384a7003 98bcc99b74f24e9994a2d205e36be144 - - default default] Tap Mirror: Handle Delete Port: bb95476f-9780-4f87-9182-58af574b3fc0 [pid: 6|app: 0|req: 1775/3305] 199.204.45.223 () {36 vars in 997 bytes} [Wed Feb 25 23:27:09 2026] DELETE /v2.0/ports/bb95476f-9780-4f87-9182-58af574b3fc0 => generated 0 bytes in 286 msecs (HTTP/1.1 204) 3 headers in 131 bytes (1 switches on core 0)
2026-02-25 23:27:09.400 6 INFO neutron.notifiers.nova [-] Nova event matching ['req-831d8200-9748-47d0-b0a6-5917cb012a24'] response: {'server_uuid': 'd435aa59-400e-491b-9a6e-4b3ea256eaad', 'name': 'network-vif-deleted', 'tag': 'bb95476f-9780-4f87-9182-58af574b3fc0', 'status': 'completed', 'code': 200} [pid: 7|app: 0|req: 1531/3306] 10.0.0.121 () {34 vars in 990 bytes} [Wed Feb 25 23:27:11 2026] GET /v2.0/ports?device_id=d435aa59-400e-491b-9a6e-4b3ea256eaad => generated 12 bytes in 21 msecs (HTTP/1.1 200) 4 headers in 156 bytes (1 switches on core 0)
2026-02-25 23:27:17.182 6 INFO neutron_taas.services.taas.taas_plugin [None req-dc5e18f2-c9e6-4447-a5bf-6316006a629b 1aef2caee9cb4b29a691c2cc384a7003 98bcc99b74f24e9994a2d205e36be144 - - default default] TaaS: Handle Delete Port: ae7f7525-cb6a-433d-9bf4-7e3f4fbfff07
2026-02-25 23:27:17.185 6 INFO neutron_taas.services.taas.tap_mirror_plugin [None req-dc5e18f2-c9e6-4447-a5bf-6316006a629b 1aef2caee9cb4b29a691c2cc384a7003 98bcc99b74f24e9994a2d205e36be144 - - default default] Tap Mirror: Handle Delete Port: ae7f7525-cb6a-433d-9bf4-7e3f4fbfff07
2026-02-25 23:27:17.389 6 INFO neutron.db.l3_db [None req-dc5e18f2-c9e6-4447-a5bf-6316006a629b 1aef2caee9cb4b29a691c2cc384a7003 98bcc99b74f24e9994a2d205e36be144 - - default default] Floating IP 28bc0aa0-ba9b-4ba6-a166-5d337339a41c disassociated (deleted). External IP: 10.96.250.217, port: 2e81ce3f-719e-44bf-8052-9981aa687a43. [pid: 6|app: 0|req: 1776/3307] 10.0.0.124 () {32 vars in 732 bytes} [Wed Feb 25 23:27:17 2026] DELETE /v2.0/floatingips/28bc0aa0-ba9b-4ba6-a166-5d337339a41c => generated 0 bytes in 392 msecs (HTTP/1.1 204) 2 headers in 112 bytes (1 switches on core 0) /var/lib/openstack/lib/python3.12/site-packages/pycadf/identifier.py:70: UserWarning: Invalid uuid: neutron. To ensure interoperability, identifiers should be a valid uuid. warnings.warn(('Invalid uuid: %s. To ensure interoperability, '
2026-02-25 23:27:17.445 7 INFO neutron.api.v2.resource [None req-c0cf6964-0bd4-444f-93fe-ebefae575a4c 1aef2caee9cb4b29a691c2cc384a7003 98bcc99b74f24e9994a2d205e36be144 - - default default] show failed (client error): The resource could not be found. [pid: 7|app: 0|req: 1532/3308] 10.0.0.124 () {32 vars in 729 bytes} [Wed Feb 25 23:27:17 2026] GET /v2.0/floatingips/28bc0aa0-ba9b-4ba6-a166-5d337339a41c => generated 144 bytes in 22 msecs (HTTP/1.1 404) 4 headers in 164 bytes (1 switches on core 0)
2026-02-25 23:27:17.454 6 INFO neutron.notifiers.nova [-] Nova event matching ['req-756fecf2-25cc-43d8-ac06-da2793cfdec6'] response: {'name': 'network-changed', 'server_uuid': '79a0cd95-36af-47ee-b8dd-de0334659020', 'tag': '2e81ce3f-719e-44bf-8052-9981aa687a43', 'status': 'completed', 'code': 200} [pid: 6|app: 0|req: 1777/3309] 10.0.0.121 () {34 vars in 990 bytes} [Wed Feb 25 23:27:17 2026] GET /v2.0/ports?device_id=79a0cd95-36af-47ee-b8dd-de0334659020 => generated 1200 bytes in 82 msecs (HTTP/1.1 200) 4 headers in 158 bytes (1 switches on core 0) [pid: 7|app: 0|req: 1533/3310] 10.0.0.121 () {34 vars in 1040 bytes} [Wed Feb 25 23:27:17 2026] GET /v2.0/security-groups?id=115ba670-84bf-42ce-9f42-3f8d90d82b21&fields=id&fields=name => generated 112 bytes in 37 msecs (HTTP/1.1 200) 4 headers in 157 bytes (1 switches on core 0) [pid: 6|app: 0|req: 1778/3311] 199.204.45.223 () {34 vars in 1080 bytes} [Wed Feb 25 23:27:17 2026] GET /v2.0/ports?tenant_id=98bcc99b74f24e9994a2d205e36be144&device_id=79a0cd95-36af-47ee-b8dd-de0334659020 => generated 1438 bytes in 38 msecs (HTTP/1.1 200) 4 headers in 158 bytes (1 switches on core 0) [pid: 7|app: 0|req: 1534/3312] 199.204.45.223 () {34 vars in 986 bytes} [Wed Feb 25 23:27:18 2026] GET /v2.0/networks?id=3606f541-fc1a-423a-82be-7a2b8a683e56 => generated 841 bytes in 62 msecs (HTTP/1.1 200) 4 headers in 157 bytes (1 switches on core 0) [pid: 6|app: 0|req: 1779/3313] 199.204.45.223 () {34 vars in 1058 bytes} [Wed Feb 25 23:27:18 2026] GET /v2.0/floatingips?fixed_ip_address=10.2.1.201&port_id=2e81ce3f-719e-44bf-8052-9981aa687a43 => generated 19 bytes in 20 msecs (HTTP/1.1 200) 4 headers in 156 bytes (1 switches on core 0) [pid: 7|app: 0|req: 1535/3314] 199.204.45.223 () {34 vars in 1104 bytes} [Wed Feb 25 23:27:18 2026] GET /v2.0/floatingips?fixed_ip_address=fd7b%3Af9f7%3Afff%3A4eca%3A%3A35a&port_id=2e81ce3f-719e-44bf-8052-9981aa687a43 => generated 19 bytes in 22 msecs (HTTP/1.1 200) 4 headers in 156 bytes (1 switches on core 0) [pid: 6|app: 0|req: 1780/3315] 199.204.45.223 () {34 vars in 1064 bytes} [Wed Feb 25 23:27:18 2026] GET /v2.0/subnets?id=473c2585-be4f-480a-8640-ba6cb3101b85&id=0f2c3dcc-647f-42ab-8ce7-e41d48aad452 => generated 1410 bytes in 34 msecs (HTTP/1.1 200) 4 headers in 158 bytes (1 switches on core 0) [pid: 7|app: 0|req: 1536/3316] 199.204.45.223 () {34 vars in 1052 bytes} [Wed Feb 25 23:27:18 2026] GET /v2.0/ports?network_id=3606f541-fc1a-423a-82be-7a2b8a683e56&device_owner=network%3Adhcp => generated 12 bytes in 22 msecs (HTTP/1.1 200) 4 headers in 156 bytes (1 switches on core 0) [pid: 6|app: 0|req: 1781/3317] 199.204.45.223 () {34 vars in 1052 bytes} [Wed Feb 25 23:27:18 2026] GET /v2.0/ports?network_id=3606f541-fc1a-423a-82be-7a2b8a683e56&device_owner=network%3Adhcp => generated 12 bytes in 17 msecs (HTTP/1.1 200) 4 headers in 156 bytes (1 switches on core 0) [pid: 7|app: 0|req: 1537/3318] 199.204.45.223 () {34 vars in 1012 bytes} [Wed Feb 25 23:27:18 2026] GET /v2.0/networks/3606f541-fc1a-423a-82be-7a2b8a683e56?fields=segments => generated 14 bytes in 34 msecs (HTTP/1.1 200) 4 headers in 156 bytes (1 switches on core 0) [pid: 6|app: 0|req: 1782/3319] 199.204.45.223 () {34 vars in 1112 bytes} [Wed Feb 25 23:27:18 2026] GET /v2.0/networks/3606f541-fc1a-423a-82be-7a2b8a683e56?fields=provider%3Aphysical_network&fields=provider%3Anetwork_type => generated 79 bytes in 51 msecs (HTTP/1.1 200) 4 headers in 156 bytes (1 switches on core 0)
2026-02-25 23:27:18.669 7 INFO neutron.plugins.ml2.drivers.ovn.mech_driver.mech_driver [None req-2d155f8b-cc24-40e6-b23a-8e9d1c0f8345 - - - - - -] OVN reports status down for port: 2e81ce3f-719e-44bf-8052-9981aa687a43
2026-02-25 23:27:18.785 7 INFO neutron.notifiers.nova [-] Nova event matching ['req-c5271ebb-433b-4748-bf9a-3893020d372b'] response: {'server_uuid': '79a0cd95-36af-47ee-b8dd-de0334659020', 'name': 'network-vif-unplugged', 'status': 'completed', 'tag': '2e81ce3f-719e-44bf-8052-9981aa687a43', 'code': 200}
2026-02-25 23:27:18.903 7 INFO neutron.db.ovn_revision_numbers_db [None req-2d155f8b-cc24-40e6-b23a-8e9d1c0f8345 - - - - - -] Successfully bumped revision number for resource 2e81ce3f-719e-44bf-8052-9981aa687a43 (type: ports) to 6 /var/lib/openstack/lib/python3.12/site-packages/pycadf/identifier.py:70: UserWarning: Invalid uuid: neutron. To ensure interoperability, identifiers should be a valid uuid. warnings.warn(('Invalid uuid: %s. To ensure interoperability, ' [pid: 7|app: 0|req: 1538/3320] 199.204.45.223 () {34 vars in 994 bytes} [Wed Feb 25 23:27:19 2026] GET /v2.0/ports?device_id=79a0cd95-36af-47ee-b8dd-de0334659020 => generated 1198 bytes in 71 msecs (HTTP/1.1 200) 4 headers in 158 bytes (1 switches on core 0)
2026-02-25 23:27:20.065 6 INFO neutron_taas.services.taas.taas_plugin [req-5a53e646-28eb-4f9b-8a97-1bbafa3ff7d2 req-01a2c67e-4309-49dc-bd3d-17c202535f96 1aef2caee9cb4b29a691c2cc384a7003 98bcc99b74f24e9994a2d205e36be144 - - default default] TaaS: Handle Delete Port: 2e81ce3f-719e-44bf-8052-9981aa687a43
2026-02-25 23:27:20.070 6 INFO neutron_taas.services.taas.tap_mirror_plugin [req-5a53e646-28eb-4f9b-8a97-1bbafa3ff7d2 req-01a2c67e-4309-49dc-bd3d-17c202535f96 1aef2caee9cb4b29a691c2cc384a7003 98bcc99b74f24e9994a2d205e36be144 - - default default] Tap Mirror: Handle Delete Port: 2e81ce3f-719e-44bf-8052-9981aa687a43 [pid: 6|app: 0|req: 1783/3321] 199.204.45.223 () {36 vars in 997 bytes} [Wed Feb 25 23:27:19 2026] DELETE /v2.0/ports/2e81ce3f-719e-44bf-8052-9981aa687a43 => generated 0 bytes in 337 msecs (HTTP/1.1 204) 3 headers in 131 bytes (1 switches on core 0)
2026-02-25 23:27:20.301 6 INFO neutron.notifiers.nova [-] Nova event matching ['req-5c5d1e4f-81f8-46c9-85a2-23283c3b0278'] response: {'server_uuid': '79a0cd95-36af-47ee-b8dd-de0334659020', 'name': 'network-vif-deleted', 'tag': '2e81ce3f-719e-44bf-8052-9981aa687a43', 'status': 'completed', 'code': 200}
2026-02-25 23:27:20.825 7 INFO neutron.notifiers.nova [-] Nova event matching ['req-4f394ecd-3ec6-43f0-83f8-b6a212bcfdfe'] response: {'server_uuid': '79a0cd95-36af-47ee-b8dd-de0334659020', 'name': 'network-vif-unplugged', 'status': 'completed', 'tag': '2e81ce3f-719e-44bf-8052-9981aa687a43', 'code': 200} [pid: 6|app: 0|req: 1785/3324] 10.0.0.121 () {34 vars in 990 bytes} [Wed Feb 25 23:27:22 2026] GET /v2.0/ports?device_id=79a0cd95-36af-47ee-b8dd-de0334659020 => generated 12 bytes in 22 msecs (HTTP/1.1 200) 4 headers in 156 bytes (1 switches on core 0) [pid: 7|app: 0|req: 1540/3325] 10.0.0.124 () {32 vars in 750 bytes} [Wed Feb 25 23:27:28 2026] DELETE /v2.0/security-group-rules/b9e9938e-49ca-4659-b430-2e3633930781 => generated 0 bytes in 237 msecs (HTTP/1.1 204) 2 headers in 112 bytes (1 switches on core 0)
2026-02-25 23:27:28.367 6 INFO neutron.api.v2.resource [None req-563d0ae6-51eb-486a-9388-c303e5765368 1aef2caee9cb4b29a691c2cc384a7003 98bcc99b74f24e9994a2d205e36be144 - - default default] show failed (client error): The resource could not be found. [pid: 6|app: 0|req: 1786/3326] 10.0.0.124 () {32 vars in 747 bytes} [Wed Feb 25 23:27:28 2026] GET /v2.0/security-group-rules/b9e9938e-49ca-4659-b430-2e3633930781 => generated 155 bytes in 16 msecs (HTTP/1.1 404) 4 headers in 164 bytes (1 switches on core 0) [pid: 7|app: 0|req: 1541/3327] 10.0.0.124 () {32 vars in 750 bytes} [Wed Feb 25 23:27:28 2026] DELETE /v2.0/security-group-rules/6c7bf3a1-3c85-4790-b533-de220fd4ca90 => generated 0 bytes in 144 msecs (HTTP/1.1 204) 2 headers in 112 bytes (1 switches on core 0)
2026-02-25 23:27:28.534 6 INFO neutron.api.v2.resource [None req-f1d9c0db-1195-4cf5-974b-6101b1129dd5 1aef2caee9cb4b29a691c2cc384a7003 98bcc99b74f24e9994a2d205e36be144 - - default default] show failed (client error): The resource could not be found. [pid: 6|app: 0|req: 1787/3328] 10.0.0.124 () {32 vars in 747 bytes} [Wed Feb 25 23:27:28 2026] GET /v2.0/security-group-rules/6c7bf3a1-3c85-4790-b533-de220fd4ca90 => generated 155 bytes in 13 msecs (HTTP/1.1 404) 4 headers in 164 bytes (1 switches on core 0) [pid: 7|app: 0|req: 1542/3329] 10.0.0.124 () {32 vars in 750 bytes} [Wed Feb 25 23:27:28 2026] DELETE /v2.0/security-group-rules/4b655a03-0018-4f4a-b779-b776d091a31d => generated 0 bytes in 156 msecs (HTTP/1.1 204) 2 headers in 112 bytes (1 switches on core 0)
2026-02-25 23:27:28.712 6 INFO neutron.api.v2.resource [None req-c7e1c1b5-1820-457f-a045-1e298338421a 1aef2caee9cb4b29a691c2cc384a7003 98bcc99b74f24e9994a2d205e36be144 - - default default] show failed (client error): The resource could not be found. [pid: 6|app: 0|req: 1788/3330] 10.0.0.124 () {32 vars in 747 bytes} [Wed Feb 25 23:27:28 2026] GET /v2.0/security-group-rules/4b655a03-0018-4f4a-b779-b776d091a31d => generated 155 bytes in 12 msecs (HTTP/1.1 404) 4 headers in 164 bytes (1 switches on core 0) [pid: 7|app: 0|req: 1543/3331] 10.0.0.124 () {32 vars in 750 bytes} [Wed Feb 25 23:27:28 2026] DELETE /v2.0/security-group-rules/6f30022f-2847-496a-88a6-d3fb6b3220b2 => generated 0 bytes in 154 msecs (HTTP/1.1 204) 2 headers in 112 bytes (1 switches on core 0)
2026-02-25 23:27:28.889 6 INFO neutron.api.v2.resource [None req-72ecb1a1-9a06-4cae-b981-536a1ee6d92d 1aef2caee9cb4b29a691c2cc384a7003 98bcc99b74f24e9994a2d205e36be144 - - default default] show failed (client error): The resource could not be found. [pid: 6|app: 0|req: 1789/3332] 10.0.0.124 () {32 vars in 747 bytes} [Wed Feb 25 23:27:28 2026] GET /v2.0/security-group-rules/6f30022f-2847-496a-88a6-d3fb6b3220b2 => generated 155 bytes in 13 msecs (HTTP/1.1 404) 4 headers in 164 bytes (1 switches on core 0) [pid: 7|app: 0|req: 1544/3333] 10.0.0.124 () {32 vars in 750 bytes} [Wed Feb 25 23:27:28 2026] DELETE /v2.0/security-group-rules/8bae96d6-5b95-48bf-b4dc-a5ac837a26ed => generated 0 bytes in 154 msecs (HTTP/1.1 204) 2 headers in 112 bytes (1 switches on core 0)
2026-02-25 23:27:29.066 6 INFO neutron.api.v2.resource [None req-80939085-d718-4b6f-a93b-0fe69e80d23e 1aef2caee9cb4b29a691c2cc384a7003 98bcc99b74f24e9994a2d205e36be144 - - default default] show failed (client error): The resource could not be found. [pid: 6|app: 0|req: 1790/3334] 10.0.0.124 () {32 vars in 747 bytes} [Wed Feb 25 23:27:29 2026] GET /v2.0/security-group-rules/8bae96d6-5b95-48bf-b4dc-a5ac837a26ed => generated 155 bytes in 13 msecs (HTTP/1.1 404) 4 headers in 164 bytes (1 switches on core 0) [pid: 7|app: 0|req: 1545/3335] 10.0.0.124 () {32 vars in 750 bytes} [Wed Feb 25 23:27:29 2026] DELETE /v2.0/security-group-rules/297f004b-7c4a-4255-a208-5cf9a6ec6ff3 => generated 0 bytes in 147 msecs (HTTP/1.1 204) 2 headers in 112 bytes (1 switches on core 0)
2026-02-25 23:27:29.238 6 INFO neutron.api.v2.resource [None req-c397a676-ac27-4d64-b9d1-bcd48eff10c9 1aef2caee9cb4b29a691c2cc384a7003 98bcc99b74f24e9994a2d205e36be144 - - default default] show failed (client error): The resource could not be found. [pid: 6|app: 0|req: 1791/3336] 10.0.0.124 () {32 vars in 747 bytes} [Wed Feb 25 23:27:29 2026] GET /v2.0/security-group-rules/297f004b-7c4a-4255-a208-5cf9a6ec6ff3 => generated 155 bytes in 13 msecs (HTTP/1.1 404) 4 headers in 164 bytes (1 switches on core 0) [pid: 7|app: 0|req: 1546/3337] 10.0.0.124 () {32 vars in 750 bytes} [Wed Feb 25 23:27:29 2026] DELETE /v2.0/security-group-rules/6283651d-d9a8-4714-b367-747877e0a371 => generated 0 bytes in 148 msecs (HTTP/1.1 204) 2 headers in 112 bytes (1 switches on core 0)
2026-02-25 23:27:29.411 6 INFO neutron.api.v2.resource [None req-8b6c4a3f-d0f7-4336-a28c-34131397d7be 1aef2caee9cb4b29a691c2cc384a7003 98bcc99b74f24e9994a2d205e36be144 - - default default] show failed (client error): The resource could not be found. [pid: 6|app: 0|req: 1792/3338] 10.0.0.124 () {32 vars in 747 bytes} [Wed Feb 25 23:27:29 2026] GET /v2.0/security-group-rules/6283651d-d9a8-4714-b367-747877e0a371 => generated 155 bytes in 15 msecs (HTTP/1.1 404) 4 headers in 164 bytes (1 switches on core 0) [pid: 7|app: 0|req: 1547/3339] 10.0.0.124 () {32 vars in 750 bytes} [Wed Feb 25 23:27:29 2026] DELETE /v2.0/security-group-rules/c8279929-54ec-4619-a2f7-2d62e5a491e8 => generated 0 bytes in 149 msecs (HTTP/1.1 204) 2 headers in 112 bytes (1 switches on core 0)
2026-02-25 23:27:29.579 6 INFO neutron.api.v2.resource [None req-b84ca41a-5898-4608-bc43-87b4437eb926 1aef2caee9cb4b29a691c2cc384a7003 98bcc99b74f24e9994a2d205e36be144 - - default default] show failed (client error): The resource could not be found. [pid: 6|app: 0|req: 1793/3340] 10.0.0.124 () {32 vars in 747 bytes} [Wed Feb 25 23:27:29 2026] GET /v2.0/security-group-rules/c8279929-54ec-4619-a2f7-2d62e5a491e8 => generated 155 bytes in 9 msecs (HTTP/1.1 404) 4 headers in 164 bytes (1 switches on core 0) [pid: 7|app: 0|req: 1548/3341] 10.0.0.124 () {32 vars in 750 bytes} [Wed Feb 25 23:27:29 2026] DELETE /v2.0/security-group-rules/0adb6d8c-c15c-462b-aa50-d33c0508b4a8 => generated 0 bytes in 127 msecs (HTTP/1.1 204) 2 headers in 112 bytes (1 switches on core 0)
2026-02-25 23:27:29.728 6 INFO neutron.api.v2.resource [None req-90f0ad6b-50b0-4578-9235-78cf57407673 1aef2caee9cb4b29a691c2cc384a7003 98bcc99b74f24e9994a2d205e36be144 - - default default] show failed (client error): The resource could not be found. [pid: 6|app: 0|req: 1794/3342] 10.0.0.124 () {32 vars in 747 bytes} [Wed Feb 25 23:27:29 2026] GET /v2.0/security-group-rules/0adb6d8c-c15c-462b-aa50-d33c0508b4a8 => generated 155 bytes in 13 msecs (HTTP/1.1 404) 4 headers in 164 bytes (1 switches on core 0) [pid: 7|app: 0|req: 1549/3343] 10.0.0.124 () {32 vars in 750 bytes} [Wed Feb 25 23:27:29 2026] DELETE /v2.0/security-group-rules/e0450870-2858-4235-a615-32e25e14fb87 => generated 0 bytes in 127 msecs (HTTP/1.1 204) 2 headers in 112 bytes (1 switches on core 0)
2026-02-25 23:27:29.876 6 INFO neutron.api.v2.resource [None req-b26282d1-fcbc-4cc1-a76e-a0d0a240d99b 1aef2caee9cb4b29a691c2cc384a7003 98bcc99b74f24e9994a2d205e36be144 - - default default] show failed (client error): The resource could not be found. [pid: 6|app: 0|req: 1795/3344] 10.0.0.124 () {32 vars in 747 bytes} [Wed Feb 25 23:27:29 2026] GET /v2.0/security-group-rules/e0450870-2858-4235-a615-32e25e14fb87 => generated 155 bytes in 11 msecs (HTTP/1.1 404) 4 headers in 164 bytes (1 switches on core 0) [pid: 7|app: 0|req: 1550/3345] 10.0.0.124 () {32 vars in 750 bytes} [Wed Feb 25 23:27:29 2026] DELETE /v2.0/security-group-rules/262f0019-505b-46ca-922a-fba3512598af => generated 0 bytes in 130 msecs (HTTP/1.1 204) 2 headers in 112 bytes (1 switches on core 0)
2026-02-25 23:27:30.026 6 INFO neutron.api.v2.resource [None req-28369eb1-ee20-4e2c-a7d3-27c7eae27b1d 1aef2caee9cb4b29a691c2cc384a7003 98bcc99b74f24e9994a2d205e36be144 - - default default] show failed (client error): The resource could not be found. [pid: 6|app: 0|req: 1796/3346] 10.0.0.124 () {32 vars in 747 bytes} [Wed Feb 25 23:27:30 2026] GET /v2.0/security-group-rules/262f0019-505b-46ca-922a-fba3512598af => generated 155 bytes in 12 msecs (HTTP/1.1 404) 4 headers in 164 bytes (1 switches on core 0) [pid: 7|app: 0|req: 1551/3347] 10.0.0.124 () {32 vars in 740 bytes} [Wed Feb 25 23:27:30 2026] DELETE /v2.0/security-groups/115ba670-84bf-42ce-9f42-3f8d90d82b21 => generated 0 bytes in 143 msecs (HTTP/1.1 204) 2 headers in 112 bytes (1 switches on core 0)
2026-02-25 23:27:30.193 6 INFO neutron.api.v2.resource [None req-bae84d62-f754-4cd7-b292-c3bf7cca65e2 1aef2caee9cb4b29a691c2cc384a7003 98bcc99b74f24e9994a2d205e36be144 - - default default] show failed (client error): The resource could not be found. [pid: 6|app: 0|req: 1797/3348] 10.0.0.124 () {32 vars in 737 bytes} [Wed Feb 25 23:27:30 2026] GET /v2.0/security-groups/115ba670-84bf-42ce-9f42-3f8d90d82b21 => generated 146 bytes in 14 msecs (HTTP/1.1 404) 4 headers in 164 bytes (1 switches on core 0)
2026-02-25 23:27:30.523 7 INFO neutron_taas.services.taas.taas_plugin [None req-187ea527-baa2-4ba7-a788-b3ea1e7245ad 1aef2caee9cb4b29a691c2cc384a7003 98bcc99b74f24e9994a2d205e36be144 - - default default] TaaS: Handle Delete Port: 70007ac0-3f37-40db-94d7-edf7a61d15d6
2026-02-25 23:27:30.527 7 INFO neutron_taas.services.taas.tap_mirror_plugin [None req-187ea527-baa2-4ba7-a788-b3ea1e7245ad 1aef2caee9cb4b29a691c2cc384a7003 98bcc99b74f24e9994a2d205e36be144 - - default default] Tap Mirror: Handle Delete Port: 70007ac0-3f37-40db-94d7-edf7a61d15d6 [pid: 7|app: 0|req: 1552/3349] 10.0.0.124 () {34 vars in 789 bytes} [Wed Feb 25 23:27:30 2026] PUT /v2.0/routers/a00b8c60-9ad1-432b-bf78-57230f52f665/remove_router_interface => generated 309 bytes in 1368 msecs (HTTP/1.1 200) 4 headers in 157 bytes (1 switches on core 0)
2026-02-25 23:27:31.710 6 INFO neutron.api.v2.resource [None req-63dbd975-46d7-4187-bb9b-5047beec3215 1aef2caee9cb4b29a691c2cc384a7003 98bcc99b74f24e9994a2d205e36be144 - - default default] remove_router_interface failed (client error): The resource could not be found. [pid: 6|app: 0|req: 1798/3350] 10.0.0.124 () {34 vars in 789 bytes} [Wed Feb 25 23:27:31 2026] PUT /v2.0/routers/a00b8c60-9ad1-432b-bf78-57230f52f665/remove_router_interface => generated 198 bytes in 101 msecs (HTTP/1.1 404) 4 headers in 164 bytes (1 switches on core 0) /var/lib/openstack/lib/python3.12/site-packages/pycadf/identifier.py:70: UserWarning: Invalid uuid: neutron. To ensure interoperability, identifiers should be a valid uuid. warnings.warn(('Invalid uuid: %s. To ensure interoperability, '
2026-02-25 23:27:31.995 7 INFO neutron_taas.services.taas.taas_plugin [None req-0dfc75b2-3320-4d4f-8b8b-bc0eaf10fe35 1aef2caee9cb4b29a691c2cc384a7003 98bcc99b74f24e9994a2d205e36be144 - - default default] TaaS: Handle Delete Port: e7910328-d726-4fe5-9263-c63cc40de5cd
2026-02-25 23:27:31.997 7 INFO neutron_taas.services.taas.tap_mirror_plugin [None req-0dfc75b2-3320-4d4f-8b8b-bc0eaf10fe35 1aef2caee9cb4b29a691c2cc384a7003 98bcc99b74f24e9994a2d205e36be144 - - default default] Tap Mirror: Handle Delete Port: e7910328-d726-4fe5-9263-c63cc40de5cd [pid: 7|app: 0|req: 1553/3351] 10.0.0.124 () {34 vars in 789 bytes} [Wed Feb 25 23:27:31 2026] PUT /v2.0/routers/a00b8c60-9ad1-432b-bf78-57230f52f665/remove_router_interface => generated 309 bytes in 816 msecs (HTTP/1.1 200) 4 headers in 157 bytes (1 switches on core 0)
2026-02-25 23:27:32.631 6 INFO neutron.api.v2.resource [None req-9bf566d5-2ec3-4ab2-b21f-8bbb8f42ca68 1aef2caee9cb4b29a691c2cc384a7003 98bcc99b74f24e9994a2d205e36be144 - - default default] remove_router_interface failed (client error): The resource could not be found. [pid: 6|app: 0|req: 1799/3352] 10.0.0.124 () {34 vars in 789 bytes} [Wed Feb 25 23:27:32 2026] PUT /v2.0/routers/a00b8c60-9ad1-432b-bf78-57230f52f665/remove_router_interface => generated 198 bytes in 95 msecs (HTTP/1.1 404) 4 headers in 164 bytes (1 switches on core 0) /var/lib/openstack/lib/python3.12/site-packages/pycadf/identifier.py:70: UserWarning: Invalid uuid: neutron. To ensure interoperability, identifiers should be a valid uuid. warnings.warn(('Invalid uuid: %s. To ensure interoperability, '
2026-02-25 23:27:32.950 7 INFO neutron_taas.services.taas.taas_plugin [None req-812911ed-b8a9-4447-8328-720adec129aa 1aef2caee9cb4b29a691c2cc384a7003 98bcc99b74f24e9994a2d205e36be144 - - default default] TaaS: Handle Delete Port: 4cd20053-f7ba-400d-9586-9046ad5fb3d5
2026-02-25 23:27:32.953 7 INFO neutron_taas.services.taas.tap_mirror_plugin [None req-812911ed-b8a9-4447-8328-720adec129aa 1aef2caee9cb4b29a691c2cc384a7003 98bcc99b74f24e9994a2d205e36be144 - - default default] Tap Mirror: Handle Delete Port: 4cd20053-f7ba-400d-9586-9046ad5fb3d5 [pid: 7|app: 0|req: 1554/3353] 10.0.0.124 () {34 vars in 789 bytes} [Wed Feb 25 23:27:32 2026] PUT /v2.0/routers/a00b8c60-9ad1-432b-bf78-57230f52f665/remove_router_interface => generated 309 bytes in 933 msecs (HTTP/1.1 200) 4 headers in 157 bytes (1 switches on core 0)
2026-02-25 23:27:33.691 6 INFO neutron.api.v2.resource [None req-289b5acb-a2ed-4a52-95d1-eccdd593b089 1aef2caee9cb4b29a691c2cc384a7003 98bcc99b74f24e9994a2d205e36be144 - - default default] remove_router_interface failed (client error): The resource could not be found. [pid: 6|app: 0|req: 1800/3354] 10.0.0.124 () {34 vars in 789 bytes} [Wed Feb 25 23:27:33 2026] PUT /v2.0/routers/a00b8c60-9ad1-432b-bf78-57230f52f665/remove_router_interface => generated 198 bytes in 117 msecs (HTTP/1.1 404) 4 headers in 164 bytes (1 switches on core 0) /var/lib/openstack/lib/python3.12/site-packages/pycadf/identifier.py:70: UserWarning: Invalid uuid: neutron. To ensure interoperability, identifiers should be a valid uuid. warnings.warn(('Invalid uuid: %s. To ensure interoperability, '
2026-02-25 23:27:34.040 7 INFO neutron_taas.services.taas.taas_plugin [None req-e85b9d4e-b49a-4fa0-9fb9-f2d8afab0fc5 1aef2caee9cb4b29a691c2cc384a7003 98bcc99b74f24e9994a2d205e36be144 - - default default] TaaS: Handle Delete Port: bda4a74f-151d-4631-b98d-7ab6ca1837e4
2026-02-25 23:27:34.044 7 INFO neutron_taas.services.taas.tap_mirror_plugin [None req-e85b9d4e-b49a-4fa0-9fb9-f2d8afab0fc5 1aef2caee9cb4b29a691c2cc384a7003 98bcc99b74f24e9994a2d205e36be144 - - default default] Tap Mirror: Handle Delete Port: bda4a74f-151d-4631-b98d-7ab6ca1837e4 [pid: 7|app: 0|req: 1555/3355] 10.0.0.124 () {32 vars in 724 bytes} [Wed Feb 25 23:27:33 2026] DELETE /v2.0/routers/a00b8c60-9ad1-432b-bf78-57230f52f665 => generated 0 bytes in 851 msecs (HTTP/1.1 204) 2 headers in 112 bytes (1 switches on core 0)
2026-02-25 23:27:34.576 6 INFO neutron.api.v2.resource [None req-88232af5-7946-4172-a6d9-10c5b162f162 1aef2caee9cb4b29a691c2cc384a7003 98bcc99b74f24e9994a2d205e36be144 - - default default] show failed (client error): The resource could not be found. [pid: 6|app: 0|req: 1801/3356] 10.0.0.124 () {32 vars in 721 bytes} [Wed Feb 25 23:27:34 2026] GET /v2.0/routers/a00b8c60-9ad1-432b-bf78-57230f52f665 => generated 135 bytes in 25 msecs (HTTP/1.1 404) 4 headers in 164 bytes (1 switches on core 0) [pid: 7|app: 0|req: 1556/3357] 10.0.0.124 () {32 vars in 724 bytes} [Wed Feb 25 23:27:34 2026] DELETE /v2.0/subnets/7583d010-3e7d-43eb-b488-57499a7ef537 => generated 0 bytes in 155 msecs (HTTP/1.1 204) 3 headers in 131 bytes (1 switches on core 0)
2026-02-25 23:27:34.758 6 INFO neutron.pecan_wsgi.hooks.translation [None req-85885c47-8281-4f3c-ba74-d1cd84a3eaa7 1aef2caee9cb4b29a691c2cc384a7003 98bcc99b74f24e9994a2d205e36be144 - - default default] GET failed (client error): The resource could not be found. [pid: 6|app: 0|req: 1802/3358] 10.0.0.124 () {32 vars in 721 bytes} [Wed Feb 25 23:27:34 2026] GET /v2.0/subnets/7583d010-3e7d-43eb-b488-57499a7ef537 => generated 136 bytes in 17 msecs (HTTP/1.1 404) 4 headers in 164 bytes (1 switches on core 0) [pid: 7|app: 0|req: 1557/3359] 10.0.0.124 () {32 vars in 724 bytes} [Wed Feb 25 23:27:34 2026] DELETE /v2.0/subnets/f6960960-9215-4e69-983c-37b36e60257a => generated 0 bytes in 179 msecs (HTTP/1.1 204) 3 headers in 131 bytes (1 switches on core 0)
2026-02-25 23:27:34.959 6 INFO neutron.pecan_wsgi.hooks.translation [None req-5c205108-d1c2-4b5d-8402-5297f7f690dc 1aef2caee9cb4b29a691c2cc384a7003 98bcc99b74f24e9994a2d205e36be144 - - default default] GET failed (client error): The resource could not be found. [pid: 6|app: 0|req: 1803/3360] 10.0.0.124 () {32 vars in 721 bytes} [Wed Feb 25 23:27:34 2026] GET /v2.0/subnets/f6960960-9215-4e69-983c-37b36e60257a => generated 136 bytes in 15 msecs (HTTP/1.1 404) 4 headers in 164 bytes (1 switches on core 0)
2026-02-25 23:27:35.074 7 INFO neutron_taas.services.taas.taas_plugin [None req-81eba074-f970-40f3-9ca8-f58e03d7b30e 1aef2caee9cb4b29a691c2cc384a7003 98bcc99b74f24e9994a2d205e36be144 - - default default] TaaS: Handle Delete Port: 1198f759-8435-4fff-86ae-7c7e12cf1444
2026-02-25 23:27:35.077 7 INFO neutron_taas.services.taas.tap_mirror_plugin [None req-81eba074-f970-40f3-9ca8-f58e03d7b30e 1aef2caee9cb4b29a691c2cc384a7003 98bcc99b74f24e9994a2d205e36be144 - - default default] Tap Mirror: Handle Delete Port: 1198f759-8435-4fff-86ae-7c7e12cf1444
2026-02-25 23:27:35.297 7 INFO neutron.services.segments.plugin [-] Segment 17c714f6-946e-462b-9f51-91b83faeb1c5 resource provider aggregate not found
2026-02-25 23:27:35.302 7 INFO neutron.services.segments.plugin [-] Segment 17c714f6-946e-462b-9f51-91b83faeb1c5 resource provider aggregate not found
2026-02-25 23:27:35.322 7 INFO neutron.services.segments.plugin [-] Segment 17c714f6-946e-462b-9f51-91b83faeb1c5 resource provider not found; error: Placement Client Error (4xx): {"errors": [{"status": 404, "title": "Not Found", "detail": "The resource could not be found.\n\n No resource provider with uuid 17c714f6-946e-462b-9f51-91b83faeb1c5 found for delete ", "request_id": "req-63b3d7f5-ab25-42d8-978e-443f35d6bb1d"}]}
2026-02-25 23:27:35.328 7 INFO neutron.services.segments.plugin [-] Segment 17c714f6-946e-462b-9f51-91b83faeb1c5 resource provider not found; error: Placement Client Error (4xx): {"errors": [{"status": 404, "title": "Not Found", "detail": "The resource could not be found.\n\n No resource provider with uuid 17c714f6-946e-462b-9f51-91b83faeb1c5 found for delete ", "request_id": "req-2595f11f-7836-4371-978f-058811d1067d"}]} [pid: 7|app: 0|req: 1558/3361] 10.0.0.124 () {32 vars in 726 bytes} [Wed Feb 25 23:27:34 2026] DELETE /v2.0/networks/83484676-c2d3-4c84-b7a7-27dc33f2f410 => generated 0 bytes in 393 msecs (HTTP/1.1 204) 3 headers in 131 bytes (1 switches on core 0)
2026-02-25 23:27:35.377 6 INFO neutron.pecan_wsgi.hooks.translation [None req-c745641e-3957-417c-bd2e-1d1530907e06 1aef2caee9cb4b29a691c2cc384a7003 98bcc99b74f24e9994a2d205e36be144 - - default default] GET failed (client error): The resource could not be found. [pid: 6|app: 0|req: 1804/3362] 10.0.0.124 () {32 vars in 723 bytes} [Wed Feb 25 23:27:35 2026] GET /v2.0/networks/83484676-c2d3-4c84-b7a7-27dc33f2f410 => generated 138 bytes in 15 msecs (HTTP/1.1 404) 4 headers in 164 bytes (1 switches on core 0) [pid: 7|app: 0|req: 1559/3365] 10.0.0.124 () {32 vars in 724 bytes} [Wed Feb 25 23:27:35 2026] DELETE /v2.0/subnets/473c2585-be4f-480a-8640-ba6cb3101b85 => generated 0 bytes in 148 msecs (HTTP/1.1 204) 3 headers in 131 bytes (1 switches on core 0)
2026-02-25 23:27:35.553 6 INFO neutron.pecan_wsgi.hooks.translation [None req-60193af2-82e1-4b63-bc1c-ec0081c7443a 1aef2caee9cb4b29a691c2cc384a7003 98bcc99b74f24e9994a2d205e36be144 - - default default] GET failed (client error): The resource could not be found. [pid: 6|app: 0|req: 1807/3366] 10.0.0.124 () {32 vars in 721 bytes} [Wed Feb 25 23:27:35 2026] GET /v2.0/subnets/473c2585-be4f-480a-8640-ba6cb3101b85 => generated 136 bytes in 20 msecs (HTTP/1.1 404) 4 headers in 164 bytes (1 switches on core 0) [pid: 7|app: 0|req: 1560/3367] 10.0.0.124 () {32 vars in 724 bytes} [Wed Feb 25 23:27:35 2026] DELETE /v2.0/subnets/0f2c3dcc-647f-42ab-8ce7-e41d48aad452 => generated 0 bytes in 187 msecs (HTTP/1.1 204) 3 headers in 131 bytes (1 switches on core 0)
2026-02-25 23:27:35.769 6 INFO neutron.pecan_wsgi.hooks.translation [None req-6a963ab5-8ada-45cf-84fb-840155e33538 1aef2caee9cb4b29a691c2cc384a7003 98bcc99b74f24e9994a2d205e36be144 - - default default] GET failed (client error): The resource could not be found. [pid: 6|app: 0|req: 1808/3368] 10.0.0.124 () {32 vars in 721 bytes} [Wed Feb 25 23:27:35 2026] GET /v2.0/subnets/0f2c3dcc-647f-42ab-8ce7-e41d48aad452 => generated 136 bytes in 20 msecs (HTTP/1.1 404) 4 headers in 164 bytes (1 switches on core 0)
2026-02-25 23:27:35.885 7 INFO neutron_taas.services.taas.taas_plugin [None req-39223492-b6f9-46aa-ba30-48775e17f4fb 1aef2caee9cb4b29a691c2cc384a7003 98bcc99b74f24e9994a2d205e36be144 - - default default] TaaS: Handle Delete Port: cf9762d9-b3ea-4394-842b-2d25dfe7f1a0
2026-02-25 23:27:35.892 7 INFO neutron_taas.services.taas.tap_mirror_plugin [None req-39223492-b6f9-46aa-ba30-48775e17f4fb 1aef2caee9cb4b29a691c2cc384a7003 98bcc99b74f24e9994a2d205e36be144 - - default default] Tap Mirror: Handle Delete Port: cf9762d9-b3ea-4394-842b-2d25dfe7f1a0 [pid: 7|app: 0|req: 1561/3369] 10.0.0.124 () {32 vars in 726 bytes} [Wed Feb 25 23:27:35 2026] DELETE /v2.0/networks/3606f541-fc1a-423a-82be-7a2b8a683e56 => generated 0 bytes in 391 msecs (HTTP/1.1 204) 3 headers in 131 bytes (1 switches on core 0)
2026-02-25 23:27:36.188 6 INFO neutron.pecan_wsgi.hooks.translation [None req-d8cd2b89-f5bf-4ea5-ac0c-2cce1a8b8d11 1aef2caee9cb4b29a691c2cc384a7003 98bcc99b74f24e9994a2d205e36be144 - - default default] GET failed (client error): The resource could not be found. [pid: 6|app: 0|req: 1809/3370] 10.0.0.124 () {32 vars in 723 bytes} [Wed Feb 25 23:27:36 2026] GET /v2.0/networks/3606f541-fc1a-423a-82be-7a2b8a683e56 => generated 138 bytes in 19 msecs (HTTP/1.1 404) 4 headers in 164 bytes (1 switches on core 0) [pid: 7|app: 0|req: 1562/3371] 10.0.0.124 () {32 vars in 724 bytes} [Wed Feb 25 23:27:36 2026] DELETE /v2.0/subnets/a3ca63c1-9fe5-4bee-9b9f-fe6474e3cca8 => generated 0 bytes in 144 msecs (HTTP/1.1 204) 3 headers in 131 bytes (1 switches on core 0)
2026-02-25 23:27:36.368 6 INFO neutron.pecan_wsgi.hooks.translation [None req-fa015c85-e5fd-4f3b-837a-2635b7026b49 1aef2caee9cb4b29a691c2cc384a7003 98bcc99b74f24e9994a2d205e36be144 - - default default] GET failed (client error): The resource could not be found. [pid: 6|app: 0|req: 1810/3372] 10.0.0.124 () {32 vars in 721 bytes} [Wed Feb 25 23:27:36 2026] GET /v2.0/subnets/a3ca63c1-9fe5-4bee-9b9f-fe6474e3cca8 => generated 136 bytes in 23 msecs (HTTP/1.1 404) 4 headers in 164 bytes (1 switches on core 0) [pid: 7|app: 0|req: 1563/3373] 10.0.0.124 () {32 vars in 724 bytes} [Wed Feb 25 23:27:36 2026] DELETE /v2.0/subnets/a8bd61b9-0230-4bd6-ae5b-25407636716e => generated 0 bytes in 177 msecs (HTTP/1.1 204) 3 headers in 131 bytes (1 switches on core 0)
2026-02-25 23:27:36.570 6 INFO neutron.pecan_wsgi.hooks.translation [None req-d5f9eb55-a6ce-4caa-98e4-422ba6fa7544 1aef2caee9cb4b29a691c2cc384a7003 98bcc99b74f24e9994a2d205e36be144 - - default default] GET failed (client error): The resource could not be found. [pid: 6|app: 0|req: 1811/3374] 10.0.0.124 () {32 vars in 721 bytes} [Wed Feb 25 23:27:36 2026] GET /v2.0/subnets/a8bd61b9-0230-4bd6-ae5b-25407636716e => generated 136 bytes in 16 msecs (HTTP/1.1 404) 4 headers in 164 bytes (1 switches on core 0)
2026-02-25 23:27:36.694 7 INFO neutron_taas.services.taas.taas_plugin [None req-fcd2c181-a143-49e5-862e-ddb361547e36 1aef2caee9cb4b29a691c2cc384a7003 98bcc99b74f24e9994a2d205e36be144 - - default default] TaaS: Handle Delete Port: cc906003-7b15-4710-ba55-e1c814019479
2026-02-25 23:27:36.697 7 INFO neutron_taas.services.taas.tap_mirror_plugin [None req-fcd2c181-a143-49e5-862e-ddb361547e36 1aef2caee9cb4b29a691c2cc384a7003 98bcc99b74f24e9994a2d205e36be144 - - default default] Tap Mirror: Handle Delete Port: cc906003-7b15-4710-ba55-e1c814019479 [pid: 7|app: 0|req: 1564/3375] 10.0.0.124 () {32 vars in 726 bytes} [Wed Feb 25 23:27:36 2026] DELETE /v2.0/networks/6e11d62c-6352-4896-b2be-5196c374bf96 => generated 0 bytes in 367 msecs (HTTP/1.1 204) 3 headers in 131 bytes (1 switches on core 0)
2026-02-25 23:27:36.966 6 INFO neutron.pecan_wsgi.hooks.translation [None req-8e49f1ab-db07-4d33-9652-7ca6fd3f051d 1aef2caee9cb4b29a691c2cc384a7003 98bcc99b74f24e9994a2d205e36be144 - - default default] GET failed (client error): The resource could not be found. [pid: 6|app: 0|req: 1812/3376] 10.0.0.124 () {32 vars in 723 bytes} [Wed Feb 25 23:27:36 2026] GET /v2.0/networks/6e11d62c-6352-4896-b2be-5196c374bf96 => generated 138 bytes in 17 msecs (HTTP/1.1 404) 4 headers in 164 bytes (1 switches on core 0)
2026-02-25 23:27:37.346 7 INFO neutron.services.segments.plugin [-] Segment b685be6a-0f79-48da-8113-d9e753bfebb8 resource provider aggregate not found
2026-02-25 23:27:37.358 7 INFO neutron.services.segments.plugin [-] Segment b685be6a-0f79-48da-8113-d9e753bfebb8 resource provider not found; error: Placement Client Error (4xx): {"errors": [{"status": 404, "title": "Not Found", "detail": "The resource could not be found.\n\n No resource provider with uuid b685be6a-0f79-48da-8113-d9e753bfebb8 found for delete ", "request_id": "req-ff10ba81-cfd9-4ea2-94fe-1511e3a840f1"}]}
2026-02-25 23:27:37.367 7 INFO neutron.services.segments.plugin [-] Segment b685be6a-0f79-48da-8113-d9e753bfebb8 resource provider aggregate not found
2026-02-25 23:27:37.373 7 INFO neutron.services.segments.plugin [-] Segment 44cdf5d7-45d5-4278-a7ad-82a91340291e resource provider aggregate not found
2026-02-25 23:27:37.390 7 INFO neutron.services.segments.plugin [-] Segment b685be6a-0f79-48da-8113-d9e753bfebb8 resource provider not found; error: Placement Client Error (4xx): {"errors": [{"status": 404, "title": "Not Found", "detail": "The resource could not be found.\n\n No resource provider with uuid b685be6a-0f79-48da-8113-d9e753bfebb8 found for delete ", "request_id": "req-3e75f04f-db1e-4407-9dc2-33f6dd5f0a4d"}]}
2026-02-25 23:27:37.396 7 INFO neutron.services.segments.plugin [-] Segment 44cdf5d7-45d5-4278-a7ad-82a91340291e resource provider not found; error: Placement Client Error (4xx): {"errors": [{"status": 404, "title": "Not Found", "detail": "The resource could not be found.\n\n No resource provider with uuid 44cdf5d7-45d5-4278-a7ad-82a91340291e found for delete ", "request_id": "req-83613356-2db9-45eb-9e77-706c35929b7c"}]}
2026-02-25 23:27:37.411 7 INFO neutron.services.segments.plugin [-] Segment 44cdf5d7-45d5-4278-a7ad-82a91340291e resource provider aggregate not found
2026-02-25 23:27:37.426 7 INFO neutron.services.segments.plugin [-] Segment 44cdf5d7-45d5-4278-a7ad-82a91340291e resource provider not found; error: Placement Client Error (4xx): {"errors": [{"status": 404, "title": "Not Found", "detail": "The resource could not be found.\n\n No resource provider with uuid 44cdf5d7-45d5-4278-a7ad-82a91340291e found for delete ", "request_id": "req-c3d893e5-d5d8-4686-8f2c-0ff598104102"}]}
2026-02-25 23:27:38.975 7 INFO neutron.db.ovn_revision_numbers_db [None req-aa18f228-569e-437c-8845-0b7027235bb8 81dce44d287f443f9b141505703a2b21 9957435ea42a49b8acac61bde6f95f10 - - default default] Successfully bumped revision number for resource a2038842-c2fa-4b49-99d9-32331b709691 (type: security_groups) to 1
2026-02-25 23:27:38.988 7 INFO neutron.db.ovn_revision_numbers_db [None req-aa18f228-569e-437c-8845-0b7027235bb8 81dce44d287f443f9b141505703a2b21 9957435ea42a49b8acac61bde6f95f10 - - default default] Successfully bumped revision number for resource 033d3cc1-ce41-4544-b2cf-20479fcf0610 (type: security_group_rules) to 0
2026-02-25 23:27:39.001 7 INFO neutron.db.ovn_revision_numbers_db [None req-aa18f228-569e-437c-8845-0b7027235bb8 81dce44d287f443f9b141505703a2b21 9957435ea42a49b8acac61bde6f95f10 - - default default] Successfully bumped revision number for resource 2fc7e77b-6f22-4c62-a859-47bafe71f8a9 (type: security_group_rules) to 0
2026-02-25 23:27:39.016 7 INFO neutron.db.ovn_revision_numbers_db [None req-aa18f228-569e-437c-8845-0b7027235bb8 81dce44d287f443f9b141505703a2b21 9957435ea42a49b8acac61bde6f95f10 - - default default] Successfully bumped revision number for resource 80cbe227-22a0-4cc5-b87e-22e52df95232 (type: security_group_rules) to 0
2026-02-25 23:27:39.028 7 INFO neutron.db.ovn_revision_numbers_db [None req-aa18f228-569e-437c-8845-0b7027235bb8 81dce44d287f443f9b141505703a2b21 9957435ea42a49b8acac61bde6f95f10 - - default default] Successfully bumped revision number for resource c5103def-6ce3-419d-a804-55bb56a1a6fc (type: security_group_rules) to 0 [pid: 7|app: 0|req: 1565/3377] 10.0.0.124 () {32 vars in 774 bytes} [Wed Feb 25 23:27:38 2026] GET /v2.0/security-groups?tenant_id=64ea773da8964c25acebf8f4475b2207&name=default => generated 2929 bytes in 404 msecs (HTTP/1.1 200) 4 headers in 158 bytes (1 switches on core 0) [pid: 6|app: 0|req: 1813/3378] 10.0.0.124 () {32 vars in 740 bytes} [Wed Feb 25 23:27:39 2026] DELETE /v2.0/security-groups/a2038842-c2fa-4b49-99d9-32331b709691 => generated 0 bytes in 303 msecs (HTTP/1.1 204) 2 headers in 112 bytes (1 switches on core 0) [pid: 7|app: 0|req: 1566/3379] 10.0.0.124 () {32 vars in 774 bytes} [Wed Feb 25 23:27:39 2026] GET /v2.0/security-groups?tenant_id=98bcc99b74f24e9994a2d205e36be144&name=default => generated 2925 bytes in 32 msecs (HTTP/1.1 200) 4 headers in 158 bytes (1 switches on core 0) [pid: 6|app: 0|req: 1814/3380] 10.0.0.124 () {32 vars in 740 bytes} [Wed Feb 25 23:27:39 2026] DELETE /v2.0/security-groups/c6ad0acc-4e1e-452b-aedf-44b099caa45c => generated 0 bytes in 270 msecs (HTTP/1.1 204) 2 headers in 112 bytes (1 switches on core 0)
2026-02-25 23:27:40.084 7 INFO neutron.db.ovn_revision_numbers_db [None req-b7a784af-b6d1-4fe8-8c48-39c056c581f6 81dce44d287f443f9b141505703a2b21 9957435ea42a49b8acac61bde6f95f10 - - default default] Successfully bumped revision number for resource 74ab4c29-9c34-4567-a6d1-4fc3b41df036 (type: security_groups) to 1
2026-02-25 23:27:40.095 7 INFO neutron.db.ovn_revision_numbers_db [None req-b7a784af-b6d1-4fe8-8c48-39c056c581f6 81dce44d287f443f9b141505703a2b21 9957435ea42a49b8acac61bde6f95f10 - - default default] Successfully bumped revision number for resource 25c1e4f4-1b8d-43de-87fc-6d57d63123e1 (type: security_group_rules) to 0
2026-02-25 23:27:40.106 7 INFO neutron.db.ovn_revision_numbers_db [None req-b7a784af-b6d1-4fe8-8c48-39c056c581f6 81dce44d287f443f9b141505703a2b21 9957435ea42a49b8acac61bde6f95f10 - - default default] Successfully bumped revision number for resource bf8adcab-a148-41ab-9448-d57c0bfe3984 (type: security_group_rules) to 0
2026-02-25 23:27:40.128 7 INFO neutron.db.ovn_revision_numbers_db [None req-b7a784af-b6d1-4fe8-8c48-39c056c581f6 81dce44d287f443f9b141505703a2b21 9957435ea42a49b8acac61bde6f95f10 - - default default] Successfully bumped revision number for resource d9be6b90-abd9-4575-8d1f-b1cb0806cf0a (type: security_group_rules) to 0
