2026-06-28 21:09:04.571 8 INFO placement.requestlog [None req-a9b70319-951f-4510-a2d0-7a8ce9fafc91 e19a0c7f39814e7bb6223dda14ce4989 cdb6b868bba9469ca81c23ad0bcd2f01 - - d1146906f66a4a0cb46ecefe67aee84b d1146906f66a4a0cb46ecefe67aee84b] 10.0.0.80 "DELETE /resource_providers/0f421f41-b25d-4270-94fc-cf7f5c708361" status: 404 len: 246 microversion: 1.1 [pid: 8|app: 0|req: 473/947] 10.0.0.80 () {34 vars in 824 bytes} [Sun Jun 28 21:09:04 2026] DELETE /resource_providers/0f421f41-b25d-4270-94fc-cf7f5c708361 => generated 246 bytes in 7 msecs (HTTP/1.1 404) 6 headers in 231 bytes (1 switches on core 0)
2026-06-28 21:09:04.585 7 INFO placement.requestlog [None req-efbfd049-99b8-4b8f-a702-b73d71d1ec5c e19a0c7f39814e7bb6223dda14ce4989 cdb6b868bba9469ca81c23ad0bcd2f01 - - d1146906f66a4a0cb46ecefe67aee84b d1146906f66a4a0cb46ecefe67aee84b] 10.0.0.80 "GET /resource_providers/4df204ef-af6a-4925-a8f9-380211bb3fcc/aggregates" status: 404 len: 235 microversion: 1.1 [pid: 7|app: 0|req: 475/948] 10.0.0.80 () {32 vars in 824 bytes} [Sun Jun 28 21:09:04 2026] GET /resource_providers/4df204ef-af6a-4925-a8f9-380211bb3fcc/aggregates => generated 235 bytes in 9 msecs (HTTP/1.1 404) 5 headers in 202 bytes (1 switches on core 0)
2026-06-28 21:09:04.599 8 INFO placement.requestlog [None req-4da77dc0-da86-4ff0-a2eb-5655aa09707c e19a0c7f39814e7bb6223dda14ce4989 cdb6b868bba9469ca81c23ad0bcd2f01 - - d1146906f66a4a0cb46ecefe67aee84b d1146906f66a4a0cb46ecefe67aee84b] 10.0.0.80 "DELETE /resource_providers/4df204ef-af6a-4925-a8f9-380211bb3fcc" status: 404 len: 246 microversion: 1.1 [pid: 8|app: 0|req: 474/949] 10.0.0.80 () {34 vars in 824 bytes} [Sun Jun 28 21:09:04 2026] DELETE /resource_providers/4df204ef-af6a-4925-a8f9-380211bb3fcc => generated 246 bytes in 9 msecs (HTTP/1.1 404) 6 headers in 231 bytes (1 switches on core 0)
2026-06-28 21:09:04.930 7 INFO placement.requestlog [None req-ca39cdf6-20d6-4273-8cad-6d282985e54a e19a0c7f39814e7bb6223dda14ce4989 cdb6b868bba9469ca81c23ad0bcd2f01 - - d1146906f66a4a0cb46ecefe67aee84b d1146906f66a4a0cb46ecefe67aee84b] 10.0.0.80 "GET /resource_providers/21444d30-3188-4abb-83bb-53d5f41c3e31/aggregates" status: 404 len: 235 microversion: 1.1 [pid: 7|app: 0|req: 476/950] 10.0.0.80 () {32 vars in 824 bytes} [Sun Jun 28 21:09:04 2026] GET /resource_providers/21444d30-3188-4abb-83bb-53d5f41c3e31/aggregates => generated 235 bytes in 12 msecs (HTTP/1.1 404) 5 headers in 202 bytes (1 switches on core 0)
2026-06-28 21:09:04.934 8 INFO placement.requestlog [None req-e19fb594-c0c0-4803-8e91-f8f1d25f2b1f e19a0c7f39814e7bb6223dda14ce4989 cdb6b868bba9469ca81c23ad0bcd2f01 - - d1146906f66a4a0cb46ecefe67aee84b d1146906f66a4a0cb46ecefe67aee84b] 10.0.0.80 "GET /resource_providers/21444d30-3188-4abb-83bb-53d5f41c3e31/aggregates" status: 404 len: 235 microversion: 1.1 [pid: 8|app: 0|req: 475/951] 10.0.0.80 () {32 vars in 824 bytes} [Sun Jun 28 21:09:04 2026] GET /resource_providers/21444d30-3188-4abb-83bb-53d5f41c3e31/aggregates => generated 235 bytes in 12 msecs (HTTP/1.1 404) 5 headers in 202 bytes (1 switches on core 0)
2026-06-28 21:09:04.951 8 INFO placement.requestlog [None req-619ca320-38f3-475f-abb8-d5067a80cab1 e19a0c7f39814e7bb6223dda14ce4989 cdb6b868bba9469ca81c23ad0bcd2f01 - - d1146906f66a4a0cb46ecefe67aee84b d1146906f66a4a0cb46ecefe67aee84b] 10.0.0.80 "DELETE /resource_providers/21444d30-3188-4abb-83bb-53d5f41c3e31" status: 404 len: 246 microversion: 1.1 [pid: 8|app: 0|req: 476/952] 10.0.0.80 () {34 vars in 824 bytes} [Sun Jun 28 21:09:04 2026] DELETE /resource_providers/21444d30-3188-4abb-83bb-53d5f41c3e31 => generated 246 bytes in 9 msecs (HTTP/1.1 404) 6 headers in 231 bytes (1 switches on core 0)
2026-06-28 21:09:04.952 7 INFO placement.requestlog [None req-b73f7aad-6498-4f4e-bd31-96f1fe485a88 e19a0c7f39814e7bb6223dda14ce4989 cdb6b868bba9469ca81c23ad0bcd2f01 - - d1146906f66a4a0cb46ecefe67aee84b d1146906f66a4a0cb46ecefe67aee84b] 10.0.0.80 "DELETE /resource_providers/21444d30-3188-4abb-83bb-53d5f41c3e31" status: 404 len: 246 microversion: 1.1 [pid: 7|app: 0|req: 477/953] 10.0.0.80 () {34 vars in 824 bytes} [Sun Jun 28 21:09:04 2026] DELETE /resource_providers/21444d30-3188-4abb-83bb-53d5f41c3e31 => generated 246 bytes in 10 msecs (HTTP/1.1 404) 6 headers in 231 bytes (1 switches on core 0)
2026-06-28 21:09:13.263 8 INFO placement.requestlog [None req-4ea8824a-bc27-44df-9f74-af7df61bef16 - - - - - -] 10.0.0.157 "GET /" status: 200 len: 136 microversion: 1.0
2026-06-28 21:09:13.265 7 INFO placement.requestlog [None req-086662a1-a571-4100-9dc0-a08c604f84fa - - - - - -] 10.0.0.157 "GET /" status: 200 len: 136 microversion: 1.0
2026-06-28 21:09:23.264 7 INFO placement.requestlog [None req-8ad1759c-392b-418e-b252-464a1d9bd123 - - - - - -] 10.0.0.157 "GET /" status: 200 len: 136 microversion: 1.0
2026-06-28 21:09:23.264 8 INFO placement.requestlog [None req-c923d359-517f-4d49-a53f-eb9bc7b623d7 - - - - - -] 10.0.0.157 "GET /" status: 200 len: 136 microversion: 1.0
2026-06-28 21:09:24.095 7 INFO placement.requestlog [None req-3dbec900-97a7-4202-96e8-63b6ca2a4f4f e19a0c7f39814e7bb6223dda14ce4989 cdb6b868bba9469ca81c23ad0bcd2f01 - - d1146906f66a4a0cb46ecefe67aee84b d1146906f66a4a0cb46ecefe67aee84b] 10.0.0.80 "GET /resource_providers/731eb005-e1e2-4baa-8eae-8e112e570091/aggregates" status: 404 len: 235 microversion: 1.1 [pid: 7|app: 0|req: 480/958] 10.0.0.80 () {32 vars in 824 bytes} [Sun Jun 28 21:09:24 2026] GET /resource_providers/731eb005-e1e2-4baa-8eae-8e112e570091/aggregates => generated 235 bytes in 12 msecs (HTTP/1.1 404) 5 headers in 202 bytes (1 switches on core 0)
2026-06-28 21:09:24.096 8 INFO placement.requestlog [None req-3d1617f3-8df4-4ae5-9c66-2ce8a4a9f24c e19a0c7f39814e7bb6223dda14ce4989 cdb6b868bba9469ca81c23ad0bcd2f01 - - d1146906f66a4a0cb46ecefe67aee84b d1146906f66a4a0cb46ecefe67aee84b] 10.0.0.80 "GET /resource_providers/731eb005-e1e2-4baa-8eae-8e112e570091/aggregates" status: 404 len: 235 microversion: 1.1 [pid: 8|app: 0|req: 479/959] 10.0.0.80 () {32 vars in 824 bytes} [Sun Jun 28 21:09:24 2026] GET /resource_providers/731eb005-e1e2-4baa-8eae-8e112e570091/aggregates => generated 235 bytes in 13 msecs (HTTP/1.1 404) 5 headers in 202 bytes (1 switches on core 0)
2026-06-28 21:09:24.136 7 INFO placement.requestlog [None req-91be2331-31c5-48be-9ef7-86d8ab00f625 e19a0c7f39814e7bb6223dda14ce4989 cdb6b868bba9469ca81c23ad0bcd2f01 - - d1146906f66a4a0cb46ecefe67aee84b d1146906f66a4a0cb46ecefe67aee84b] 10.0.0.80 "DELETE /resource_providers/731eb005-e1e2-4baa-8eae-8e112e570091" status: 404 len: 246 microversion: 1.1 [pid: 7|app: 0|req: 481/960] 10.0.0.80 () {34 vars in 824 bytes} [Sun Jun 28 21:09:24 2026] DELETE /resource_providers/731eb005-e1e2-4baa-8eae-8e112e570091 => generated 246 bytes in 13 msecs (HTTP/1.1 404) 6 headers in 231 bytes (1 switches on core 0)
2026-06-28 21:09:24.137 8 INFO placement.requestlog [None req-5d4bbd19-09c4-4995-8833-1954c2e499f3 e19a0c7f39814e7bb6223dda14ce4989 cdb6b868bba9469ca81c23ad0bcd2f01 - - d1146906f66a4a0cb46ecefe67aee84b d1146906f66a4a0cb46ecefe67aee84b] 10.0.0.80 "DELETE /resource_providers/731eb005-e1e2-4baa-8eae-8e112e570091" status: 404 len: 246 microversion: 1.1 [pid: 8|app: 0|req: 480/961] 10.0.0.80 () {34 vars in 824 bytes} [Sun Jun 28 21:09:24 2026] DELETE /resource_providers/731eb005-e1e2-4baa-8eae-8e112e570091 => generated 246 bytes in 12 msecs (HTTP/1.1 404) 6 headers in 231 bytes (1 switches on core 0)
2026-06-28 21:09:24.706 7 INFO placement.requestlog [None req-81218d4d-290d-46cf-96e8-fd7791426cab e19a0c7f39814e7bb6223dda14ce4989 cdb6b868bba9469ca81c23ad0bcd2f01 - - d1146906f66a4a0cb46ecefe67aee84b d1146906f66a4a0cb46ecefe67aee84b] 10.0.0.80 "GET /resource_providers/0d79392d-772e-4352-8b10-72b8db4327e1/aggregates" status: 404 len: 235 microversion: 1.1 [pid: 7|app: 0|req: 482/962] 10.0.0.80 () {32 vars in 824 bytes} [Sun Jun 28 21:09:24 2026] GET /resource_providers/0d79392d-772e-4352-8b10-72b8db4327e1/aggregates => generated 235 bytes in 12 msecs (HTTP/1.1 404) 5 headers in 202 bytes (1 switches on core 0)
2026-06-28 21:09:24.708 8 INFO placement.requestlog [None req-67b30f79-4982-4154-8a2c-642c30e17f9b e19a0c7f39814e7bb6223dda14ce4989 cdb6b868bba9469ca81c23ad0bcd2f01 - - d1146906f66a4a0cb46ecefe67aee84b d1146906f66a4a0cb46ecefe67aee84b] 10.0.0.80 "GET /resource_providers/0d79392d-772e-4352-8b10-72b8db4327e1/aggregates" status: 404 len: 235 microversion: 1.1 [pid: 8|app: 0|req: 481/963] 10.0.0.80 () {32 vars in 824 bytes} [Sun Jun 28 21:09:24 2026] GET /resource_providers/0d79392d-772e-4352-8b10-72b8db4327e1/aggregates => generated 235 bytes in 12 msecs (HTTP/1.1 404) 5 headers in 202 bytes (1 switches on core 0)
2026-06-28 21:09:24.738 8 INFO placement.requestlog [None req-dac8ca0f-e721-4183-8e74-52e30fcadb01 e19a0c7f39814e7bb6223dda14ce4989 cdb6b868bba9469ca81c23ad0bcd2f01 - - d1146906f66a4a0cb46ecefe67aee84b d1146906f66a4a0cb46ecefe67aee84b] 10.0.0.80 "DELETE /resource_providers/0d79392d-772e-4352-8b10-72b8db4327e1" status: 404 len: 246 microversion: 1.1 [pid: 8|app: 0|req: 482/964] 10.0.0.80 () {34 vars in 824 bytes} [Sun Jun 28 21:09:24 2026] DELETE /resource_providers/0d79392d-772e-4352-8b10-72b8db4327e1 => generated 246 bytes in 10 msecs (HTTP/1.1 404) 6 headers in 231 bytes (1 switches on core 0)
2026-06-28 21:09:24.740 7 INFO placement.requestlog [None req-1fa666df-7830-471d-9316-71d0b0077674 e19a0c7f39814e7bb6223dda14ce4989 cdb6b868bba9469ca81c23ad0bcd2f01 - - d1146906f66a4a0cb46ecefe67aee84b d1146906f66a4a0cb46ecefe67aee84b] 10.0.0.80 "DELETE /resource_providers/0d79392d-772e-4352-8b10-72b8db4327e1" status: 404 len: 246 microversion: 1.1 [pid: 7|app: 0|req: 483/965] 10.0.0.80 () {34 vars in 824 bytes} [Sun Jun 28 21:09:24 2026] DELETE /resource_providers/0d79392d-772e-4352-8b10-72b8db4327e1 => generated 246 bytes in 14 msecs (HTTP/1.1 404) 6 headers in 231 bytes (1 switches on core 0)
2026-06-28 21:09:26.266 8 INFO placement.requestlog [None req-134030cb-b391-459b-b236-0a852d5bbae2 e19a0c7f39814e7bb6223dda14ce4989 cdb6b868bba9469ca81c23ad0bcd2f01 - - d1146906f66a4a0cb46ecefe67aee84b d1146906f66a4a0cb46ecefe67aee84b] 10.0.0.80 "GET /resource_providers/c90821f4-d76f-44e6-9bde-f609162df45d/aggregates" status: 404 len: 235 microversion: 1.1 [pid: 8|app: 0|req: 483/966] 10.0.0.80 () {32 vars in 824 bytes} [Sun Jun 28 21:09:26 2026] GET /resource_providers/c90821f4-d76f-44e6-9bde-f609162df45d/aggregates => generated 235 bytes in 12 msecs (HTTP/1.1 404) 5 headers in 202 bytes (1 switches on core 0)
2026-06-28 21:09:26.267 7 INFO placement.requestlog [None req-e7ac7a7d-1d04-44de-b9f6-006df6e3c4d3 e19a0c7f39814e7bb6223dda14ce4989 cdb6b868bba9469ca81c23ad0bcd2f01 - - d1146906f66a4a0cb46ecefe67aee84b d1146906f66a4a0cb46ecefe67aee84b] 10.0.0.80 "GET /resource_providers/c90821f4-d76f-44e6-9bde-f609162df45d/aggregates" status: 404 len: 235 microversion: 1.1 [pid: 7|app: 0|req: 484/967] 10.0.0.80 () {32 vars in 824 bytes} [Sun Jun 28 21:09:26 2026] GET /resource_providers/c90821f4-d76f-44e6-9bde-f609162df45d/aggregates => generated 235 bytes in 11 msecs (HTTP/1.1 404) 5 headers in 202 bytes (1 switches on core 0)
2026-06-28 21:09:26.296 7 INFO placement.requestlog [None req-ee45fc29-fd61-4c8e-9e5e-6acf14fafa28 e19a0c7f39814e7bb6223dda14ce4989 cdb6b868bba9469ca81c23ad0bcd2f01 - - d1146906f66a4a0cb46ecefe67aee84b d1146906f66a4a0cb46ecefe67aee84b] 10.0.0.80 "DELETE /resource_providers/c90821f4-d76f-44e6-9bde-f609162df45d" status: 404 len: 246 microversion: 1.1
2026-06-28 21:09:26.296 8 INFO placement.requestlog [None req-ccee6ffc-2192-473a-ab6c-0c99a76ffa1f e19a0c7f39814e7bb6223dda14ce4989 cdb6b868bba9469ca81c23ad0bcd2f01 - - d1146906f66a4a0cb46ecefe67aee84b d1146906f66a4a0cb46ecefe67aee84b] 10.0.0.80 "DELETE /resource_providers/c90821f4-d76f-44e6-9bde-f609162df45d" status: 404 len: 246 microversion: 1.1 [pid: 7|app: 0|req: 485/968] 10.0.0.80 () {34 vars in 824 bytes} [Sun Jun 28 21:09:26 2026] DELETE /resource_providers/c90821f4-d76f-44e6-9bde-f609162df45d => generated 246 bytes in 7 msecs (HTTP/1.1 404) 6 headers in 231 bytes (1 switches on core 0) [pid: 8|app: 0|req: 484/969] 10.0.0.80 () {34 vars in 824 bytes} [Sun Jun 28 21:09:26 2026] DELETE /resource_providers/c90821f4-d76f-44e6-9bde-f609162df45d => generated 246 bytes in 12 msecs (HTTP/1.1 404) 6 headers in 231 bytes (1 switches on core 0)
2026-06-28 21:09:26.758 7 INFO placement.requestlog [None req-9f575b7f-f2ff-478b-9554-851473e0838a e19a0c7f39814e7bb6223dda14ce4989 cdb6b868bba9469ca81c23ad0bcd2f01 - - d1146906f66a4a0cb46ecefe67aee84b d1146906f66a4a0cb46ecefe67aee84b] 10.0.0.80 "GET /resource_providers/22c52412-f2e7-446f-874e-ff2ece201299/aggregates" status: 404 len: 235 microversion: 1.1 [pid: 7|app: 0|req: 486/970] 10.0.0.80 () {32 vars in 824 bytes} [Sun Jun 28 21:09:26 2026] GET /resource_providers/22c52412-f2e7-446f-874e-ff2ece201299/aggregates => generated 235 bytes in 12 msecs (HTTP/1.1 404) 5 headers in 202 bytes (1 switches on core 0)
2026-06-28 21:09:26.763 8 INFO placement.requestlog [None req-1f8ea953-99cf-4786-bfac-816afcc90bf2 e19a0c7f39814e7bb6223dda14ce4989 cdb6b868bba9469ca81c23ad0bcd2f01 - - d1146906f66a4a0cb46ecefe67aee84b d1146906f66a4a0cb46ecefe67aee84b] 10.0.0.80 "GET /resource_providers/22c52412-f2e7-446f-874e-ff2ece201299/aggregates" status: 404 len: 235 microversion: 1.1 [pid: 8|app: 0|req: 485/971] 10.0.0.80 () {32 vars in 824 bytes} [Sun Jun 28 21:09:26 2026] GET /resource_providers/22c52412-f2e7-446f-874e-ff2ece201299/aggregates => generated 235 bytes in 10 msecs (HTTP/1.1 404) 5 headers in 202 bytes (1 switches on core 0)
2026-06-28 21:09:26.778 8 INFO placement.requestlog [None req-9a5d0923-6b8a-47ed-b902-fca1beae46c7 e19a0c7f39814e7bb6223dda14ce4989 cdb6b868bba9469ca81c23ad0bcd2f01 - - d1146906f66a4a0cb46ecefe67aee84b d1146906f66a4a0cb46ecefe67aee84b] 10.0.0.80 "DELETE /resource_providers/22c52412-f2e7-446f-874e-ff2ece201299" status: 404 len: 246 microversion: 1.1 [pid: 8|app: 0|req: 486/972] 10.0.0.80 () {34 vars in 824 bytes} [Sun Jun 28 21:09:26 2026] DELETE /resource_providers/22c52412-f2e7-446f-874e-ff2ece201299 => generated 246 bytes in 7 msecs (HTTP/1.1 404) 6 headers in 231 bytes (1 switches on core 0)
2026-06-28 21:09:26.781 7 INFO placement.requestlog [None req-6c4db187-0f48-468c-a0d3-51aa06c9cef5 e19a0c7f39814e7bb6223dda14ce4989 cdb6b868bba9469ca81c23ad0bcd2f01 - - d1146906f66a4a0cb46ecefe67aee84b d1146906f66a4a0cb46ecefe67aee84b] 10.0.0.80 "DELETE /resource_providers/22c52412-f2e7-446f-874e-ff2ece201299" status: 404 len: 246 microversion: 1.1 [pid: 7|app: 0|req: 487/973] 10.0.0.80 () {34 vars in 824 bytes} [Sun Jun 28 21:09:26 2026] DELETE /resource_providers/22c52412-f2e7-446f-874e-ff2ece201299 => generated 246 bytes in 12 msecs (HTTP/1.1 404) 6 headers in 231 bytes (1 switches on core 0)
2026-06-28 21:09:26.813 8 INFO placement.requestlog [None req-f476538d-2e15-4f39-9d00-54e835dfdd2f e19a0c7f39814e7bb6223dda14ce4989 cdb6b868bba9469ca81c23ad0bcd2f01 - - d1146906f66a4a0cb46ecefe67aee84b d1146906f66a4a0cb46ecefe67aee84b] 10.0.0.80 "GET /resource_providers/7cc96d8d-c7fa-4026-adcb-f2f51f264f34/aggregates" status: 404 len: 235 microversion: 1.1 [pid: 8|app: 0|req: 487/974] 10.0.0.80 () {32 vars in 824 bytes} [Sun Jun 28 21:09:26 2026] GET /resource_providers/7cc96d8d-c7fa-4026-adcb-f2f51f264f34/aggregates => generated 235 bytes in 11 msecs (HTTP/1.1 404) 5 headers in 202 bytes (1 switches on core 0)
2026-06-28 21:09:26.825 7 INFO placement.requestlog [None req-af2deddf-ecd1-4aed-b47d-3b59d55b1b8f e19a0c7f39814e7bb6223dda14ce4989 cdb6b868bba9469ca81c23ad0bcd2f01 - - d1146906f66a4a0cb46ecefe67aee84b d1146906f66a4a0cb46ecefe67aee84b] 10.0.0.80 "GET /resource_providers/7cc96d8d-c7fa-4026-adcb-f2f51f264f34/aggregates" status: 404 len: 235 microversion: 1.1 [pid: 7|app: 0|req: 488/975] 10.0.0.80 () {32 vars in 824 bytes} [Sun Jun 28 21:09:26 2026] GET /resource_providers/7cc96d8d-c7fa-4026-adcb-f2f51f264f34/aggregates => generated 235 bytes in 12 msecs (HTTP/1.1 404) 5 headers in 202 bytes (1 switches on core 0)
2026-06-28 21:09:26.830 8 INFO placement.requestlog [None req-0b695cea-5359-427d-8183-0710fbfa286e e19a0c7f39814e7bb6223dda14ce4989 cdb6b868bba9469ca81c23ad0bcd2f01 - - d1146906f66a4a0cb46ecefe67aee84b d1146906f66a4a0cb46ecefe67aee84b] 10.0.0.80 "DELETE /resource_providers/7cc96d8d-c7fa-4026-adcb-f2f51f264f34" status: 404 len: 246 microversion: 1.1 [pid: 8|app: 0|req: 488/976] 10.0.0.80 () {34 vars in 824 bytes} [Sun Jun 28 21:09:26 2026] DELETE /resource_providers/7cc96d8d-c7fa-4026-adcb-f2f51f264f34 => generated 246 bytes in 9 msecs (HTTP/1.1 404) 6 headers in 231 bytes (1 switches on core 0)
2026-06-28 21:09:26.839 7 INFO placement.requestlog [None req-8e187144-62bb-4588-a1ed-a8295bd248cc e19a0c7f39814e7bb6223dda14ce4989 cdb6b868bba9469ca81c23ad0bcd2f01 - - d1146906f66a4a0cb46ecefe67aee84b d1146906f66a4a0cb46ecefe67aee84b] 10.0.0.80 "DELETE /resource_providers/7cc96d8d-c7fa-4026-adcb-f2f51f264f34" status: 404 len: 246 microversion: 1.1 [pid: 7|app: 0|req: 489/977] 10.0.0.80 () {34 vars in 824 bytes} [Sun Jun 28 21:09:26 2026] DELETE /resource_providers/7cc96d8d-c7fa-4026-adcb-f2f51f264f34 => generated 246 bytes in 10 msecs (HTTP/1.1 404) 6 headers in 231 bytes (1 switches on core 0)
2026-06-28 21:09:27.230 8 INFO placement.requestlog [req-8037bee7-c1aa-4082-88a7-b489fecf53fd req-bb255846-9dde-4406-9398-f1695e357f1a d3fe9046b4a14b9aa0748bf7600f6066 cdb6b868bba9469ca81c23ad0bcd2f01 - - d1146906f66a4a0cb46ecefe67aee84b d1146906f66a4a0cb46ecefe67aee84b] 10.0.0.138 "GET /allocation_candidates?limit=1000&resources=DISK_GB%3A1%2CMEMORY_MB%3A512%2CVCPU%3A1&root_required=%21COMPUTE_STATUS_DISABLED" status: 200 len: 2147 microversion: 1.36 [pid: 8|app: 0|req: 489/978] 10.0.0.138 () {34 vars in 1012 bytes} [Sun Jun 28 21:09:27 2026] GET /allocation_candidates?limit=1000&resources=DISK_GB%3A1%2CMEMORY_MB%3A512%2CVCPU%3A1&root_required=%21COMPUTE_STATUS_DISABLED => generated 2147 bytes in 50 msecs (HTTP/1.1 200) 8 headers in 297 bytes (1 switches on core 0)
2026-06-28 21:09:27.274 7 INFO placement.requestlog [req-8037bee7-c1aa-4082-88a7-b489fecf53fd req-5cf42c57-20cc-4a27-b60c-9bd3943174e1 d3fe9046b4a14b9aa0748bf7600f6066 cdb6b868bba9469ca81c23ad0bcd2f01 - - d1146906f66a4a0cb46ecefe67aee84b d1146906f66a4a0cb46ecefe67aee84b] 10.0.0.138 "GET /allocations/51e44e5d-b451-40d3-b839-4351cb5f26eb" status: 200 len: 19 microversion: 1.28 [pid: 7|app: 0|req: 490/979] 10.0.0.138 () {34 vars in 861 bytes} [Sun Jun 28 21:09:27 2026] GET /allocations/51e44e5d-b451-40d3-b839-4351cb5f26eb => generated 19 bytes in 20 msecs (HTTP/1.1 200) 8 headers in 295 bytes (1 switches on core 0)
2026-06-28 21:09:27.354 8 INFO placement.requestlog [req-8037bee7-c1aa-4082-88a7-b489fecf53fd req-30873407-a8dc-4ec6-a1b7-c13ec9b24756 d3fe9046b4a14b9aa0748bf7600f6066 cdb6b868bba9469ca81c23ad0bcd2f01 - - d1146906f66a4a0cb46ecefe67aee84b d1146906f66a4a0cb46ecefe67aee84b] 10.0.0.138 "PUT /allocations/51e44e5d-b451-40d3-b839-4351cb5f26eb" status: 204 len: 0 microversion: 1.36 [pid: 8|app: 0|req: 490/980] 10.0.0.138 () {38 vars in 914 bytes} [Sun Jun 28 21:09:27 2026] PUT /allocations/51e44e5d-b451-40d3-b839-4351cb5f26eb => generated 0 bytes in 72 msecs (HTTP/1.1 204) 5 headers in 199 bytes (1 switches on core 0)
2026-06-28 21:09:27.619 7 INFO placement.requestlog [req-8037bee7-c1aa-4082-88a7-b489fecf53fd req-68c6504b-7c80-43e5-9f29-ec12a21cc268 d3fe9046b4a14b9aa0748bf7600f6066 cdb6b868bba9469ca81c23ad0bcd2f01 - - d1146906f66a4a0cb46ecefe67aee84b d1146906f66a4a0cb46ecefe67aee84b] 199.204.45.23 "GET /allocations/51e44e5d-b451-40d3-b839-4351cb5f26eb" status: 200 len: 258 microversion: 1.28 [pid: 7|app: 0|req: 491/981] 199.204.45.23 () {34 vars in 862 bytes} [Sun Jun 28 21:09:27 2026] GET /allocations/51e44e5d-b451-40d3-b839-4351cb5f26eb => generated 258 bytes in 13 msecs (HTTP/1.1 200) 8 headers in 296 bytes (1 switches on core 0)
2026-06-28 21:09:27.743 8 INFO placement.requestlog [req-8037bee7-c1aa-4082-88a7-b489fecf53fd req-f1cddda5-820b-4978-a771-40ae59cf1149 d3fe9046b4a14b9aa0748bf7600f6066 cdb6b868bba9469ca81c23ad0bcd2f01 - - d1146906f66a4a0cb46ecefe67aee84b d1146906f66a4a0cb46ecefe67aee84b] 199.204.45.23 "GET /resource_providers/a017f73f-c5df-4179-8040-15ca56a29501/allocations" status: 200 len: 153 microversion: 1.0 [pid: 8|app: 0|req: 491/982] 199.204.45.23 () {32 vars in 856 bytes} [Sun Jun 28 21:09:27 2026] GET /resource_providers/a017f73f-c5df-4179-8040-15ca56a29501/allocations => generated 153 bytes in 24 msecs (HTTP/1.1 200) 6 headers in 224 bytes (1 switches on core 0)
2026-06-28 21:09:27.762 7 INFO placement.requestlog [req-8037bee7-c1aa-4082-88a7-b489fecf53fd req-d532db8c-727b-4b83-bbb5-d0cc53a177f2 d3fe9046b4a14b9aa0748bf7600f6066 cdb6b868bba9469ca81c23ad0bcd2f01 - - d1146906f66a4a0cb46ecefe67aee84b d1146906f66a4a0cb46ecefe67aee84b] 199.204.45.23 "GET /allocations/51e44e5d-b451-40d3-b839-4351cb5f26eb" status: 200 len: 258 microversion: 1.28 [pid: 7|app: 0|req: 492/983] 199.204.45.23 () {34 vars in 862 bytes} [Sun Jun 28 21:09:27 2026] GET /allocations/51e44e5d-b451-40d3-b839-4351cb5f26eb => generated 258 bytes in 13 msecs (HTTP/1.1 200) 8 headers in 296 bytes (1 switches on core 0)
2026-06-28 21:09:28.865 8 INFO placement.requestlog [None req-3bcc8925-c648-4fda-be00-873068e48e59 e19a0c7f39814e7bb6223dda14ce4989 cdb6b868bba9469ca81c23ad0bcd2f01 - - d1146906f66a4a0cb46ecefe67aee84b d1146906f66a4a0cb46ecefe67aee84b] 10.0.0.80 "GET /resource_providers/6c178dd3-2a19-4986-af55-7f1a72ea1718/aggregates" status: 404 len: 235 microversion: 1.1 [pid: 8|app: 0|req: 492/984] 10.0.0.80 () {32 vars in 824 bytes} [Sun Jun 28 21:09:28 2026] GET /resource_providers/6c178dd3-2a19-4986-af55-7f1a72ea1718/aggregates => generated 235 bytes in 21 msecs (HTTP/1.1 404) 5 headers in 202 bytes (1 switches on core 0)
2026-06-28 21:09:28.866 7 INFO placement.requestlog [None req-5bf36dc7-5c16-4cc1-96d9-9ba76e5af4e8 e19a0c7f39814e7bb6223dda14ce4989 cdb6b868bba9469ca81c23ad0bcd2f01 - - d1146906f66a4a0cb46ecefe67aee84b d1146906f66a4a0cb46ecefe67aee84b] 10.0.0.80 "GET /resource_providers/6c178dd3-2a19-4986-af55-7f1a72ea1718/aggregates" status: 404 len: 235 microversion: 1.1 [pid: 7|app: 0|req: 493/985] 10.0.0.80 () {32 vars in 824 bytes} [Sun Jun 28 21:09:28 2026] GET /resource_providers/6c178dd3-2a19-4986-af55-7f1a72ea1718/aggregates => generated 235 bytes in 20 msecs (HTTP/1.1 404) 5 headers in 202 bytes (1 switches on core 0)
2026-06-28 21:09:28.891 8 INFO placement.requestlog [None req-8bef2ebc-8acf-47e0-8ae7-f003c68f890b e19a0c7f39814e7bb6223dda14ce4989 cdb6b868bba9469ca81c23ad0bcd2f01 - - d1146906f66a4a0cb46ecefe67aee84b d1146906f66a4a0cb46ecefe67aee84b] 10.0.0.80 "DELETE /resource_providers/6c178dd3-2a19-4986-af55-7f1a72ea1718" status: 404 len: 246 microversion: 1.1 [pid: 8|app: 0|req: 493/986] 10.0.0.80 () {34 vars in 824 bytes} [Sun Jun 28 21:09:28 2026] DELETE /resource_providers/6c178dd3-2a19-4986-af55-7f1a72ea1718 => generated 246 bytes in 17 msecs (HTTP/1.1 404) 6 headers in 231 bytes (1 switches on core 0)
2026-06-28 21:09:28.897 7 INFO placement.requestlog [None req-0bbe1bda-cff3-4296-9950-2444101f7ed2 e19a0c7f39814e7bb6223dda14ce4989 cdb6b868bba9469ca81c23ad0bcd2f01 - - d1146906f66a4a0cb46ecefe67aee84b d1146906f66a4a0cb46ecefe67aee84b] 10.0.0.80 "DELETE /resource_providers/6c178dd3-2a19-4986-af55-7f1a72ea1718" status: 404 len: 246 microversion: 1.1 [pid: 7|app: 0|req: 494/987] 10.0.0.80 () {34 vars in 824 bytes} [Sun Jun 28 21:09:28 2026] DELETE /resource_providers/6c178dd3-2a19-4986-af55-7f1a72ea1718 => generated 246 bytes in 16 msecs (HTTP/1.1 404) 6 headers in 231 bytes (1 switches on core 0)
2026-06-28 21:09:30.307 8 INFO placement.requestlog [req-8a708cda-fbaf-45ff-8220-b7a02bd3d6a9 req-ce977877-ba84-4041-9177-bd2312f1162c d3fe9046b4a14b9aa0748bf7600f6066 cdb6b868bba9469ca81c23ad0bcd2f01 - - d1146906f66a4a0cb46ecefe67aee84b d1146906f66a4a0cb46ecefe67aee84b] 10.0.0.138 "GET /allocation_candidates?limit=1000&resources=DISK_GB%3A1%2CMEMORY_MB%3A512%2CVCPU%3A1&root_required=%21COMPUTE_STATUS_DISABLED" status: 200 len: 2149 microversion: 1.36 [pid: 8|app: 0|req: 494/988] 10.0.0.138 () {34 vars in 1012 bytes} [Sun Jun 28 21:09:30 2026] GET /allocation_candidates?limit=1000&resources=DISK_GB%3A1%2CMEMORY_MB%3A512%2CVCPU%3A1&root_required=%21COMPUTE_STATUS_DISABLED => generated 2149 bytes in 50 msecs (HTTP/1.1 200) 8 headers in 297 bytes (1 switches on core 0)
2026-06-28 21:09:30.346 7 INFO placement.requestlog [req-8a708cda-fbaf-45ff-8220-b7a02bd3d6a9 req-63a77f4e-c066-43b8-88de-e53b8a50069f d3fe9046b4a14b9aa0748bf7600f6066 cdb6b868bba9469ca81c23ad0bcd2f01 - - d1146906f66a4a0cb46ecefe67aee84b d1146906f66a4a0cb46ecefe67aee84b] 10.0.0.138 "GET /allocations/ce54a864-31d3-41f5-a651-670b92dbf565" status: 200 len: 19 microversion: 1.28 [pid: 7|app: 0|req: 495/989] 10.0.0.138 () {34 vars in 861 bytes} [Sun Jun 28 21:09:30 2026] GET /allocations/ce54a864-31d3-41f5-a651-670b92dbf565 => generated 19 bytes in 20 msecs (HTTP/1.1 200) 8 headers in 295 bytes (1 switches on core 0)
2026-06-28 21:09:30.413 8 INFO placement.requestlog [req-8a708cda-fbaf-45ff-8220-b7a02bd3d6a9 req-c3f98002-6500-4301-9c1b-b65a34ff3358 d3fe9046b4a14b9aa0748bf7600f6066 cdb6b868bba9469ca81c23ad0bcd2f01 - - d1146906f66a4a0cb46ecefe67aee84b d1146906f66a4a0cb46ecefe67aee84b] 10.0.0.138 "PUT /allocations/ce54a864-31d3-41f5-a651-670b92dbf565" status: 204 len: 0 microversion: 1.36 [pid: 8|app: 0|req: 495/990] 10.0.0.138 () {38 vars in 914 bytes} [Sun Jun 28 21:09:30 2026] PUT /allocations/ce54a864-31d3-41f5-a651-670b92dbf565 => generated 0 bytes in 57 msecs (HTTP/1.1 204) 5 headers in 199 bytes (1 switches on core 0)
2026-06-28 21:09:30.799 7 INFO placement.requestlog [req-8a708cda-fbaf-45ff-8220-b7a02bd3d6a9 req-0a83a49f-0c44-4f8b-9e9d-f287e8a31a3a d3fe9046b4a14b9aa0748bf7600f6066 cdb6b868bba9469ca81c23ad0bcd2f01 - - d1146906f66a4a0cb46ecefe67aee84b d1146906f66a4a0cb46ecefe67aee84b] 199.204.45.23 "GET /allocations/ce54a864-31d3-41f5-a651-670b92dbf565" status: 200 len: 258 microversion: 1.28 [pid: 7|app: 0|req: 496/991] 199.204.45.23 () {34 vars in 862 bytes} [Sun Jun 28 21:09:30 2026] GET /allocations/ce54a864-31d3-41f5-a651-670b92dbf565 => generated 258 bytes in 19 msecs (HTTP/1.1 200) 8 headers in 296 bytes (1 switches on core 0)
2026-06-28 21:09:30.922 8 INFO placement.requestlog [req-8a708cda-fbaf-45ff-8220-b7a02bd3d6a9 req-8ed3ee0e-e674-4c5b-9e5c-4d0092e8a6d1 d3fe9046b4a14b9aa0748bf7600f6066 cdb6b868bba9469ca81c23ad0bcd2f01 - - d1146906f66a4a0cb46ecefe67aee84b d1146906f66a4a0cb46ecefe67aee84b] 199.204.45.23 "GET /resource_providers/a017f73f-c5df-4179-8040-15ca56a29501/allocations" status: 200 len: 253 microversion: 1.0 [pid: 8|app: 0|req: 496/992] 199.204.45.23 () {32 vars in 856 bytes} [Sun Jun 28 21:09:30 2026] GET /resource_providers/a017f73f-c5df-4179-8040-15ca56a29501/allocations => generated 253 bytes in 16 msecs (HTTP/1.1 200) 6 headers in 224 bytes (1 switches on core 0)
2026-06-28 21:09:30.950 7 INFO placement.requestlog [req-8a708cda-fbaf-45ff-8220-b7a02bd3d6a9 req-ba808b86-dbb5-495b-bd21-84ccf96ad8f8 d3fe9046b4a14b9aa0748bf7600f6066 cdb6b868bba9469ca81c23ad0bcd2f01 - - d1146906f66a4a0cb46ecefe67aee84b d1146906f66a4a0cb46ecefe67aee84b] 199.204.45.23 "GET /allocations/ce54a864-31d3-41f5-a651-670b92dbf565" status: 200 len: 258 microversion: 1.28 [pid: 7|app: 0|req: 497/993] 199.204.45.23 () {34 vars in 862 bytes} [Sun Jun 28 21:09:30 2026] GET /allocations/ce54a864-31d3-41f5-a651-670b92dbf565 => generated 258 bytes in 19 msecs (HTTP/1.1 200) 8 headers in 296 bytes (1 switches on core 0)
2026-06-28 21:09:30.972 8 INFO placement.requestlog [req-8a708cda-fbaf-45ff-8220-b7a02bd3d6a9 req-470cfb5a-99d2-4d63-83fd-6632ece46511 d3fe9046b4a14b9aa0748bf7600f6066 cdb6b868bba9469ca81c23ad0bcd2f01 - - d1146906f66a4a0cb46ecefe67aee84b d1146906f66a4a0cb46ecefe67aee84b] 199.204.45.23 "GET /allocations/51e44e5d-b451-40d3-b839-4351cb5f26eb" status: 200 len: 258 microversion: 1.28 [pid: 8|app: 0|req: 497/994] 199.204.45.23 () {34 vars in 862 bytes} [Sun Jun 28 21:09:30 2026] GET /allocations/51e44e5d-b451-40d3-b839-4351cb5f26eb => generated 258 bytes in 14 msecs (HTTP/1.1 200) 8 headers in 296 bytes (1 switches on core 0)
2026-06-28 21:09:32.829 8 INFO placement.requestlog [None req-c0bcd03f-01fa-4567-b762-ce17a4d79dae e19a0c7f39814e7bb6223dda14ce4989 cdb6b868bba9469ca81c23ad0bcd2f01 - - d1146906f66a4a0cb46ecefe67aee84b d1146906f66a4a0cb46ecefe67aee84b] 10.0.0.80 "GET /resource_providers/21f31365-a4de-4b68-a966-5aec5693a6fd/aggregates" status: 404 len: 235 microversion: 1.1 [pid: 8|app: 0|req: 498/995] 10.0.0.80 () {32 vars in 824 bytes} [Sun Jun 28 21:09:32 2026] GET /resource_providers/21f31365-a4de-4b68-a966-5aec5693a6fd/aggregates => generated 235 bytes in 14 msecs (HTTP/1.1 404) 5 headers in 202 bytes (1 switches on core 0)
2026-06-28 21:09:32.841 7 INFO placement.requestlog [None req-d86fe999-561f-4984-8b84-751968c51b4c e19a0c7f39814e7bb6223dda14ce4989 cdb6b868bba9469ca81c23ad0bcd2f01 - - d1146906f66a4a0cb46ecefe67aee84b d1146906f66a4a0cb46ecefe67aee84b] 10.0.0.80 "GET /resource_providers/21f31365-a4de-4b68-a966-5aec5693a6fd/aggregates" status: 404 len: 235 microversion: 1.1 [pid: 7|app: 0|req: 498/996] 10.0.0.80 () {32 vars in 824 bytes} [Sun Jun 28 21:09:32 2026] GET /resource_providers/21f31365-a4de-4b68-a966-5aec5693a6fd/aggregates => generated 235 bytes in 27 msecs (HTTP/1.1 404) 5 headers in 202 bytes (1 switches on core 0)
2026-06-28 21:09:32.848 8 INFO placement.requestlog [None req-0d3820de-a45f-49ee-864a-aa68fc2fa06c e19a0c7f39814e7bb6223dda14ce4989 cdb6b868bba9469ca81c23ad0bcd2f01 - - d1146906f66a4a0cb46ecefe67aee84b d1146906f66a4a0cb46ecefe67aee84b] 10.0.0.80 "DELETE /resource_providers/21f31365-a4de-4b68-a966-5aec5693a6fd" status: 404 len: 246 microversion: 1.1 [pid: 8|app: 0|req: 499/997] 10.0.0.80 () {34 vars in 824 bytes} [Sun Jun 28 21:09:32 2026] DELETE /resource_providers/21f31365-a4de-4b68-a966-5aec5693a6fd => generated 246 bytes in 9 msecs (HTTP/1.1 404) 6 headers in 231 bytes (1 switches on core 0)
2026-06-28 21:09:32.872 7 INFO placement.requestlog [None req-eeb6f4c1-0213-4920-ba8a-7dc43bcdb85d e19a0c7f39814e7bb6223dda14ce4989 cdb6b868bba9469ca81c23ad0bcd2f01 - - d1146906f66a4a0cb46ecefe67aee84b d1146906f66a4a0cb46ecefe67aee84b] 10.0.0.80 "DELETE /resource_providers/21f31365-a4de-4b68-a966-5aec5693a6fd" status: 404 len: 246 microversion: 1.1 [pid: 7|app: 0|req: 499/998] 10.0.0.80 () {34 vars in 824 bytes} [Sun Jun 28 21:09:32 2026] DELETE /resource_providers/21f31365-a4de-4b68-a966-5aec5693a6fd => generated 246 bytes in 12 msecs (HTTP/1.1 404) 6 headers in 231 bytes (1 switches on core 0)
2026-06-28 21:09:33.264 8 INFO placement.requestlog [None req-9e30c8e3-3db2-480e-93f2-c067d1e57f7d - - - - - -] 10.0.0.157 "GET /" status: 200 len: 136 microversion: 1.0
2026-06-28 21:09:33.265 7 INFO placement.requestlog [None req-25d1f37c-83ca-40d0-8df5-f0eaeef93e1e - - - - - -] 10.0.0.157 "GET /" status: 200 len: 136 microversion: 1.0
2026-06-28 21:09:34.610 8 INFO placement.requestlog [req-1ab32852-6258-4a89-96a4-a2fe380f8ac5 req-9aa0d959-fc4d-4243-9a65-ab9a902bc5ae d3fe9046b4a14b9aa0748bf7600f6066 cdb6b868bba9469ca81c23ad0bcd2f01 - - d1146906f66a4a0cb46ecefe67aee84b d1146906f66a4a0cb46ecefe67aee84b] 10.0.0.138 "GET /allocation_candidates?limit=1000&resources=DISK_GB%3A1%2CMEMORY_MB%3A512%2CVCPU%3A1&root_required=%21COMPUTE_STATUS_DISABLED" status: 200 len: 2150 microversion: 1.36 [pid: 8|app: 0|req: 501/1001] 10.0.0.138 () {34 vars in 1012 bytes} [Sun Jun 28 21:09:34 2026] GET /allocation_candidates?limit=1000&resources=DISK_GB%3A1%2CMEMORY_MB%3A512%2CVCPU%3A1&root_required=%21COMPUTE_STATUS_DISABLED => generated 2150 bytes in 58 msecs (HTTP/1.1 200) 8 headers in 297 bytes (1 switches on core 0)
2026-06-28 21:09:34.643 7 INFO placement.requestlog [req-1ab32852-6258-4a89-96a4-a2fe380f8ac5 req-4fa34cbb-1d28-408a-b0d4-ebcbf5103dd7 d3fe9046b4a14b9aa0748bf7600f6066 cdb6b868bba9469ca81c23ad0bcd2f01 - - d1146906f66a4a0cb46ecefe67aee84b d1146906f66a4a0cb46ecefe67aee84b] 10.0.0.138 "GET /allocations/16a00d63-903f-405e-8c46-88b1c406ce68" status: 200 len: 19 microversion: 1.28 [pid: 7|app: 0|req: 501/1002] 10.0.0.138 () {34 vars in 861 bytes} [Sun Jun 28 21:09:34 2026] GET /allocations/16a00d63-903f-405e-8c46-88b1c406ce68 => generated 19 bytes in 10 msecs (HTTP/1.1 200) 8 headers in 295 bytes (1 switches on core 0)
2026-06-28 21:09:34.715 8 INFO placement.requestlog [req-1ab32852-6258-4a89-96a4-a2fe380f8ac5 req-cdd7031f-8eeb-4378-af44-a87e28a8f4ba d3fe9046b4a14b9aa0748bf7600f6066 cdb6b868bba9469ca81c23ad0bcd2f01 - - d1146906f66a4a0cb46ecefe67aee84b d1146906f66a4a0cb46ecefe67aee84b] 10.0.0.138 "PUT /allocations/16a00d63-903f-405e-8c46-88b1c406ce68" status: 204 len: 0 microversion: 1.36 [pid: 8|app: 0|req: 502/1003] 10.0.0.138 () {38 vars in 914 bytes} [Sun Jun 28 21:09:34 2026] PUT /allocations/16a00d63-903f-405e-8c46-88b1c406ce68 => generated 0 bytes in 62 msecs (HTTP/1.1 204) 5 headers in 199 bytes (1 switches on core 0)
2026-06-28 21:09:34.963 7 INFO placement.requestlog [req-1ab32852-6258-4a89-96a4-a2fe380f8ac5 req-ed02e8c5-07e9-486d-807e-d411f3a72365 d3fe9046b4a14b9aa0748bf7600f6066 cdb6b868bba9469ca81c23ad0bcd2f01 - - d1146906f66a4a0cb46ecefe67aee84b d1146906f66a4a0cb46ecefe67aee84b] 199.204.45.23 "GET /allocations/16a00d63-903f-405e-8c46-88b1c406ce68" status: 200 len: 258 microversion: 1.28 [pid: 7|app: 0|req: 502/1004] 199.204.45.23 () {34 vars in 862 bytes} [Sun Jun 28 21:09:34 2026] GET /allocations/16a00d63-903f-405e-8c46-88b1c406ce68 => generated 258 bytes in 12 msecs (HTTP/1.1 200) 8 headers in 296 bytes (1 switches on core 0)
2026-06-28 21:09:35.082 8 INFO placement.requestlog [req-1ab32852-6258-4a89-96a4-a2fe380f8ac5 req-ae97c988-77ac-42fa-a3bb-3b38d4371654 d3fe9046b4a14b9aa0748bf7600f6066 cdb6b868bba9469ca81c23ad0bcd2f01 - - d1146906f66a4a0cb46ecefe67aee84b d1146906f66a4a0cb46ecefe67aee84b] 199.204.45.23 "GET /resource_providers/a017f73f-c5df-4179-8040-15ca56a29501/allocations" status: 200 len: 353 microversion: 1.0 [pid: 8|app: 0|req: 503/1005] 199.204.45.23 () {32 vars in 856 bytes} [Sun Jun 28 21:09:35 2026] GET /resource_providers/a017f73f-c5df-4179-8040-15ca56a29501/allocations => generated 353 bytes in 25 msecs (HTTP/1.1 200) 6 headers in 224 bytes (1 switches on core 0)
2026-06-28 21:09:35.123 7 INFO placement.requestlog [req-1ab32852-6258-4a89-96a4-a2fe380f8ac5 req-edb8db4c-facc-432a-b083-14db002634b1 d3fe9046b4a14b9aa0748bf7600f6066 cdb6b868bba9469ca81c23ad0bcd2f01 - - d1146906f66a4a0cb46ecefe67aee84b d1146906f66a4a0cb46ecefe67aee84b] 199.204.45.23 "GET /allocations/ce54a864-31d3-41f5-a651-670b92dbf565" status: 200 len: 258 microversion: 1.28 [pid: 7|app: 0|req: 503/1006] 199.204.45.23 () {34 vars in 862 bytes} [Sun Jun 28 21:09:35 2026] GET /allocations/ce54a864-31d3-41f5-a651-670b92dbf565 => generated 258 bytes in 30 msecs (HTTP/1.1 200) 8 headers in 296 bytes (1 switches on core 0)
2026-06-28 21:09:35.150 8 INFO placement.requestlog [req-1ab32852-6258-4a89-96a4-a2fe380f8ac5 req-2990aeb8-fb81-46bf-a4cd-779816cdebc3 d3fe9046b4a14b9aa0748bf7600f6066 cdb6b868bba9469ca81c23ad0bcd2f01 - - d1146906f66a4a0cb46ecefe67aee84b d1146906f66a4a0cb46ecefe67aee84b] 199.204.45.23 "GET /allocations/51e44e5d-b451-40d3-b839-4351cb5f26eb" status: 200 len: 258 microversion: 1.28 [pid: 8|app: 0|req: 504/1007] 199.204.45.23 () {34 vars in 862 bytes} [Sun Jun 28 21:09:35 2026] GET /allocations/51e44e5d-b451-40d3-b839-4351cb5f26eb => generated 258 bytes in 20 msecs (HTTP/1.1 200) 8 headers in 296 bytes (1 switches on core 0)
2026-06-28 21:09:35.177 7 INFO placement.requestlog [req-1ab32852-6258-4a89-96a4-a2fe380f8ac5 req-b104147e-cdbf-459f-b4ea-6bc4afbbde3c d3fe9046b4a14b9aa0748bf7600f6066 cdb6b868bba9469ca81c23ad0bcd2f01 - - d1146906f66a4a0cb46ecefe67aee84b d1146906f66a4a0cb46ecefe67aee84b] 199.204.45.23 "GET /allocations/16a00d63-903f-405e-8c46-88b1c406ce68" status: 200 len: 258 microversion: 1.28 [pid: 7|app: 0|req: 504/1008] 199.204.45.23 () {34 vars in 862 bytes} [Sun Jun 28 21:09:35 2026] GET /allocations/16a00d63-903f-405e-8c46-88b1c406ce68 => generated 258 bytes in 18 msecs (HTTP/1.1 200) 8 headers in 296 bytes (1 switches on core 0)
2026-06-28 21:09:43.264 8 INFO placement.requestlog [None req-4f7e570a-388a-42a2-a0cf-755c31d7ac7b - - - - - -] 10.0.0.157 "GET /" status: 200 len: 136 microversion: 1.0
2026-06-28 21:09:43.264 7 INFO placement.requestlog [None req-419c9bce-b152-41af-a829-fa00cb1f0cdd - - - - - -] 10.0.0.157 "GET /" status: 200 len: 136 microversion: 1.0
2026-06-28 21:09:52.521 8 INFO placement.requestlog [req-a54f4909-e5e2-46a6-84ed-82e1c8df9512 req-aa3f9d98-3201-4860-9bbe-dde5001d58e4 d3fe9046b4a14b9aa0748bf7600f6066 cdb6b868bba9469ca81c23ad0bcd2f01 - - d1146906f66a4a0cb46ecefe67aee84b d1146906f66a4a0cb46ecefe67aee84b] 10.0.0.138 "GET /allocation_candidates?limit=1000&resources=DISK_GB%3A1%2CMEMORY_MB%3A512%2CVCPU%3A1&root_required=%21COMPUTE_STATUS_DISABLED" status: 200 len: 2150 microversion: 1.36 [pid: 8|app: 0|req: 506/1011] 10.0.0.138 () {34 vars in 1012 bytes} [Sun Jun 28 21:09:52 2026] GET /allocation_candidates?limit=1000&resources=DISK_GB%3A1%2CMEMORY_MB%3A512%2CVCPU%3A1&root_required=%21COMPUTE_STATUS_DISABLED => generated 2150 bytes in 51 msecs (HTTP/1.1 200) 8 headers in 297 bytes (1 switches on core 0)
2026-06-28 21:09:52.555 7 INFO placement.requestlog [req-a54f4909-e5e2-46a6-84ed-82e1c8df9512 req-03892954-75c0-40ed-b6d9-0bb647f8b218 d3fe9046b4a14b9aa0748bf7600f6066 cdb6b868bba9469ca81c23ad0bcd2f01 - - d1146906f66a4a0cb46ecefe67aee84b d1146906f66a4a0cb46ecefe67aee84b] 10.0.0.138 "GET /allocations/b1438254-e592-4f2c-a780-74cca13a82bc" status: 200 len: 19 microversion: 1.28 [pid: 7|app: 0|req: 506/1012] 10.0.0.138 () {34 vars in 861 bytes} [Sun Jun 28 21:09:52 2026] GET /allocations/b1438254-e592-4f2c-a780-74cca13a82bc => generated 19 bytes in 10 msecs (HTTP/1.1 200) 8 headers in 295 bytes (1 switches on core 0)
2026-06-28 21:09:52.619 8 INFO placement.requestlog [req-a54f4909-e5e2-46a6-84ed-82e1c8df9512 req-09fc2b45-a8c4-4dc6-9475-3bd397dce8d2 d3fe9046b4a14b9aa0748bf7600f6066 cdb6b868bba9469ca81c23ad0bcd2f01 - - d1146906f66a4a0cb46ecefe67aee84b d1146906f66a4a0cb46ecefe67aee84b] 10.0.0.138 "PUT /allocations/b1438254-e592-4f2c-a780-74cca13a82bc" status: 204 len: 0 microversion: 1.36 [pid: 8|app: 0|req: 507/1013] 10.0.0.138 () {38 vars in 914 bytes} [Sun Jun 28 21:09:52 2026] PUT /allocations/b1438254-e592-4f2c-a780-74cca13a82bc => generated 0 bytes in 57 msecs (HTTP/1.1 204) 5 headers in 199 bytes (1 switches on core 0)
2026-06-28 21:09:52.837 7 INFO placement.requestlog [req-a54f4909-e5e2-46a6-84ed-82e1c8df9512 req-0e4afcad-afcb-45c5-986c-46aecb6fe25c d3fe9046b4a14b9aa0748bf7600f6066 cdb6b868bba9469ca81c23ad0bcd2f01 - - d1146906f66a4a0cb46ecefe67aee84b d1146906f66a4a0cb46ecefe67aee84b] 199.204.45.23 "GET /allocations/b1438254-e592-4f2c-a780-74cca13a82bc" status: 200 len: 258 microversion: 1.28 [pid: 7|app: 0|req: 507/1014] 199.204.45.23 () {34 vars in 862 bytes} [Sun Jun 28 21:09:52 2026] GET /allocations/b1438254-e592-4f2c-a780-74cca13a82bc => generated 258 bytes in 15 msecs (HTTP/1.1 200) 8 headers in 296 bytes (1 switches on core 0)
2026-06-28 21:09:52.933 8 INFO placement.requestlog [req-a54f4909-e5e2-46a6-84ed-82e1c8df9512 req-2209a932-0634-42bf-ae2d-5751138bb5b3 d3fe9046b4a14b9aa0748bf7600f6066 cdb6b868bba9469ca81c23ad0bcd2f01 - - d1146906f66a4a0cb46ecefe67aee84b d1146906f66a4a0cb46ecefe67aee84b] 199.204.45.23 "GET /resource_providers/a017f73f-c5df-4179-8040-15ca56a29501/allocations" status: 200 len: 453 microversion: 1.0 [pid: 8|app: 0|req: 508/1015] 199.204.45.23 () {32 vars in 856 bytes} [Sun Jun 28 21:09:52 2026] GET /resource_providers/a017f73f-c5df-4179-8040-15ca56a29501/allocations => generated 453 bytes in 16 msecs (HTTP/1.1 200) 6 headers in 224 bytes (1 switches on core 0)
2026-06-28 21:09:52.960 7 INFO placement.requestlog [req-a54f4909-e5e2-46a6-84ed-82e1c8df9512 req-54fce9f2-e4d6-4bee-8372-014d43216878 d3fe9046b4a14b9aa0748bf7600f6066 cdb6b868bba9469ca81c23ad0bcd2f01 - - d1146906f66a4a0cb46ecefe67aee84b d1146906f66a4a0cb46ecefe67aee84b] 199.204.45.23 "GET /allocations/ce54a864-31d3-41f5-a651-670b92dbf565" status: 200 len: 258 microversion: 1.28 [pid: 7|app: 0|req: 508/1016] 199.204.45.23 () {34 vars in 862 bytes} [Sun Jun 28 21:09:52 2026] GET /allocations/ce54a864-31d3-41f5-a651-670b92dbf565 => generated 258 bytes in 20 msecs (HTTP/1.1 200) 8 headers in 296 bytes (1 switches on core 0)
2026-06-28 21:09:52.986 8 INFO placement.requestlog [req-a54f4909-e5e2-46a6-84ed-82e1c8df9512 req-2284e041-ab1b-425b-819e-1e236a0d562a d3fe9046b4a14b9aa0748bf7600f6066 cdb6b868bba9469ca81c23ad0bcd2f01 - - d1146906f66a4a0cb46ecefe67aee84b d1146906f66a4a0cb46ecefe67aee84b] 199.204.45.23 "GET /allocations/51e44e5d-b451-40d3-b839-4351cb5f26eb" status: 200 len: 258 microversion: 1.28 [pid: 8|app: 0|req: 509/1017] 199.204.45.23 () {34 vars in 862 bytes} [Sun Jun 28 21:09:52 2026] GET /allocations/51e44e5d-b451-40d3-b839-4351cb5f26eb => generated 258 bytes in 17 msecs (HTTP/1.1 200) 8 headers in 296 bytes (1 switches on core 0)
2026-06-28 21:09:53.011 7 INFO placement.requestlog [req-a54f4909-e5e2-46a6-84ed-82e1c8df9512 req-85b19d21-c749-4c85-98d9-b63d0d6b32e0 d3fe9046b4a14b9aa0748bf7600f6066 cdb6b868bba9469ca81c23ad0bcd2f01 - - d1146906f66a4a0cb46ecefe67aee84b d1146906f66a4a0cb46ecefe67aee84b] 199.204.45.23 "GET /allocations/16a00d63-903f-405e-8c46-88b1c406ce68" status: 200 len: 258 microversion: 1.28 [pid: 7|app: 0|req: 509/1018] 199.204.45.23 () {34 vars in 862 bytes} [Sun Jun 28 21:09:52 2026] GET /allocations/16a00d63-903f-405e-8c46-88b1c406ce68 => generated 258 bytes in 15 msecs (HTTP/1.1 200) 8 headers in 296 bytes (1 switches on core 0)
2026-06-28 21:09:53.033 8 INFO placement.requestlog [req-a54f4909-e5e2-46a6-84ed-82e1c8df9512 req-049325f8-7a95-4aee-9476-fe0e015c1c88 d3fe9046b4a14b9aa0748bf7600f6066 cdb6b868bba9469ca81c23ad0bcd2f01 - - d1146906f66a4a0cb46ecefe67aee84b d1146906f66a4a0cb46ecefe67aee84b] 199.204.45.23 "GET /allocations/b1438254-e592-4f2c-a780-74cca13a82bc" status: 200 len: 258 microversion: 1.28 [pid: 8|app: 0|req: 510/1019] 199.204.45.23 () {34 vars in 862 bytes} [Sun Jun 28 21:09:53 2026] GET /allocations/b1438254-e592-4f2c-a780-74cca13a82bc => generated 258 bytes in 15 msecs (HTTP/1.1 200) 8 headers in 296 bytes (1 switches on core 0)
2026-06-28 21:09:53.264 8 INFO placement.requestlog [None req-ed44b438-0b7a-4825-af20-e4dd5ad79892 - - - - - -] 10.0.0.157 "GET /" status: 200 len: 136 microversion: 1.0
2026-06-28 21:09:53.265 7 INFO placement.requestlog [None req-4b3b7780-8d73-4f46-a4a6-b09196a23d63 - - - - - -] 10.0.0.157 "GET /" status: 200 len: 136 microversion: 1.0
2026-06-28 21:10:03.264 7 INFO placement.requestlog [None req-9eb89485-2c9a-45e4-9428-6938a5ffe8b1 - - - - - -] 10.0.0.157 "GET /" status: 200 len: 136 microversion: 1.0
2026-06-28 21:10:03.264 8 INFO placement.requestlog [None req-1a577277-6e5d-4127-aca8-99f3c1d899aa - - - - - -] 10.0.0.157 "GET /" status: 200 len: 136 microversion: 1.0
2026-06-28 21:10:04.065 8 INFO placement.requestlog [req-081e4521-5ff1-4744-82b8-60334d5ed0cf req-f61e43be-72a4-4967-a1ef-322a8f3535e1 d3fe9046b4a14b9aa0748bf7600f6066 cdb6b868bba9469ca81c23ad0bcd2f01 - - d1146906f66a4a0cb46ecefe67aee84b d1146906f66a4a0cb46ecefe67aee84b] 199.204.45.23 "GET /resource_providers/a017f73f-c5df-4179-8040-15ca56a29501/allocations" status: 200 len: 453 microversion: 1.0 [pid: 8|app: 0|req: 513/1024] 199.204.45.23 () {32 vars in 856 bytes} [Sun Jun 28 21:10:04 2026] GET /resource_providers/a017f73f-c5df-4179-8040-15ca56a29501/allocations => generated 453 bytes in 20 msecs (HTTP/1.1 200) 6 headers in 224 bytes (1 switches on core 0)
2026-06-28 21:10:04.097 7 INFO placement.requestlog [req-081e4521-5ff1-4744-82b8-60334d5ed0cf req-21d3d8c4-895d-4f38-8b1e-b51441c51868 d3fe9046b4a14b9aa0748bf7600f6066 cdb6b868bba9469ca81c23ad0bcd2f01 - - d1146906f66a4a0cb46ecefe67aee84b d1146906f66a4a0cb46ecefe67aee84b] 199.204.45.23 "GET /resource_providers/a017f73f-c5df-4179-8040-15ca56a29501/allocations" status: 200 len: 453 microversion: 1.0 [pid: 7|app: 0|req: 512/1025] 199.204.45.23 () {32 vars in 856 bytes} [Sun Jun 28 21:10:04 2026] GET /resource_providers/a017f73f-c5df-4179-8040-15ca56a29501/allocations => generated 453 bytes in 20 msecs (HTTP/1.1 200) 6 headers in 224 bytes (1 switches on core 0)
2026-06-28 21:10:04.118 8 INFO placement.requestlog [req-081e4521-5ff1-4744-82b8-60334d5ed0cf req-f82a8994-547d-46ff-bbad-51bff9c6bb33 d3fe9046b4a14b9aa0748bf7600f6066 cdb6b868bba9469ca81c23ad0bcd2f01 - - d1146906f66a4a0cb46ecefe67aee84b d1146906f66a4a0cb46ecefe67aee84b] 199.204.45.23 "GET /allocations/ce54a864-31d3-41f5-a651-670b92dbf565" status: 200 len: 258 microversion: 1.28 [pid: 8|app: 0|req: 514/1026] 199.204.45.23 () {34 vars in 862 bytes} [Sun Jun 28 21:10:04 2026] GET /allocations/ce54a864-31d3-41f5-a651-670b92dbf565 => generated 258 bytes in 14 msecs (HTTP/1.1 200) 8 headers in 296 bytes (1 switches on core 0)
2026-06-28 21:10:04.142 7 INFO placement.requestlog [req-081e4521-5ff1-4744-82b8-60334d5ed0cf req-6d7e67c5-3cdf-40ff-90f3-533a53ba5f84 d3fe9046b4a14b9aa0748bf7600f6066 cdb6b868bba9469ca81c23ad0bcd2f01 - - d1146906f66a4a0cb46ecefe67aee84b d1146906f66a4a0cb46ecefe67aee84b] 199.204.45.23 "GET /allocations/51e44e5d-b451-40d3-b839-4351cb5f26eb" status: 200 len: 258 microversion: 1.28 [pid: 7|app: 0|req: 513/1027] 199.204.45.23 () {34 vars in 862 bytes} [Sun Jun 28 21:10:04 2026] GET /allocations/51e44e5d-b451-40d3-b839-4351cb5f26eb => generated 258 bytes in 15 msecs (HTTP/1.1 200) 8 headers in 296 bytes (1 switches on core 0)
2026-06-28 21:10:04.165 8 INFO placement.requestlog [req-081e4521-5ff1-4744-82b8-60334d5ed0cf req-56de1ac2-a888-45ef-a920-2cbb20c4dce5 d3fe9046b4a14b9aa0748bf7600f6066 cdb6b868bba9469ca81c23ad0bcd2f01 - - d1146906f66a4a0cb46ecefe67aee84b d1146906f66a4a0cb46ecefe67aee84b] 199.204.45.23 "GET /allocations/16a00d63-903f-405e-8c46-88b1c406ce68" status: 200 len: 258 microversion: 1.28 [pid: 8|app: 0|req: 515/1028] 199.204.45.23 () {34 vars in 862 bytes} [Sun Jun 28 21:10:04 2026] GET /allocations/16a00d63-903f-405e-8c46-88b1c406ce68 => generated 258 bytes in 17 msecs (HTTP/1.1 200) 8 headers in 296 bytes (1 switches on core 0)
2026-06-28 21:10:04.185 7 INFO placement.requestlog [req-081e4521-5ff1-4744-82b8-60334d5ed0cf req-46f040e1-98c0-452c-8490-1f24c614e0ab d3fe9046b4a14b9aa0748bf7600f6066 cdb6b868bba9469ca81c23ad0bcd2f01 - - d1146906f66a4a0cb46ecefe67aee84b d1146906f66a4a0cb46ecefe67aee84b] 199.204.45.23 "GET /allocations/b1438254-e592-4f2c-a780-74cca13a82bc" status: 200 len: 258 microversion: 1.28 [pid: 7|app: 0|req: 514/1029] 199.204.45.23 () {34 vars in 862 bytes} [Sun Jun 28 21:10:04 2026] GET /allocations/b1438254-e592-4f2c-a780-74cca13a82bc => generated 258 bytes in 11 msecs (HTTP/1.1 200) 8 headers in 296 bytes (1 switches on core 0)
2026-06-28 21:10:08.050 8 INFO placement.requestlog [req-578dfd99-e419-44c4-94b1-d013793f4705 req-708a12d9-53be-48f0-8992-77dc827f1ca4 d3fe9046b4a14b9aa0748bf7600f6066 cdb6b868bba9469ca81c23ad0bcd2f01 - - d1146906f66a4a0cb46ecefe67aee84b d1146906f66a4a0cb46ecefe67aee84b] 10.0.0.138 "GET /allocation_candidates?limit=1000&resources=MEMORY_MB%3A2048%2CVCPU%3A2&root_required=%21COMPUTE_STATUS_DISABLED" status: 200 len: 2137 microversion: 1.36 [pid: 8|app: 0|req: 516/1030] 10.0.0.138 () {34 vars in 986 bytes} [Sun Jun 28 21:10:07 2026] GET /allocation_candidates?limit=1000&resources=MEMORY_MB%3A2048%2CVCPU%3A2&root_required=%21COMPUTE_STATUS_DISABLED => generated 2137 bytes in 58 msecs (HTTP/1.1 200) 8 headers in 297 bytes (1 switches on core 0)
2026-06-28 21:10:08.090 7 INFO placement.requestlog [req-578dfd99-e419-44c4-94b1-d013793f4705 req-60c9a869-4830-4396-9b68-30855f5aed43 d3fe9046b4a14b9aa0748bf7600f6066 cdb6b868bba9469ca81c23ad0bcd2f01 - - d1146906f66a4a0cb46ecefe67aee84b d1146906f66a4a0cb46ecefe67aee84b] 10.0.0.138 "GET /allocations/ce3a7d5d-4ed0-4170-a45f-34f4771036f9" status: 200 len: 19 microversion: 1.28 [pid: 7|app: 0|req: 515/1031] 10.0.0.138 () {34 vars in 861 bytes} [Sun Jun 28 21:10:08 2026] GET /allocations/ce3a7d5d-4ed0-4170-a45f-34f4771036f9 => generated 19 bytes in 16 msecs (HTTP/1.1 200) 8 headers in 295 bytes (1 switches on core 0)
2026-06-28 21:10:08.185 8 INFO placement.requestlog [req-578dfd99-e419-44c4-94b1-d013793f4705 req-5bc419b7-ceca-4f86-aa4e-ca4d7720c645 d3fe9046b4a14b9aa0748bf7600f6066 cdb6b868bba9469ca81c23ad0bcd2f01 - - d1146906f66a4a0cb46ecefe67aee84b d1146906f66a4a0cb46ecefe67aee84b] 10.0.0.138 "PUT /allocations/ce3a7d5d-4ed0-4170-a45f-34f4771036f9" status: 204 len: 0 microversion: 1.36 [pid: 8|app: 0|req: 517/1032] 10.0.0.138 () {38 vars in 914 bytes} [Sun Jun 28 21:10:08 2026] PUT /allocations/ce3a7d5d-4ed0-4170-a45f-34f4771036f9 => generated 0 bytes in 87 msecs (HTTP/1.1 204) 5 headers in 199 bytes (1 switches on core 0)
2026-06-28 21:10:08.449 7 INFO placement.requestlog [req-578dfd99-e419-44c4-94b1-d013793f4705 req-e6f58e19-c628-4137-82df-2f49ff52b7f1 d3fe9046b4a14b9aa0748bf7600f6066 cdb6b868bba9469ca81c23ad0bcd2f01 - - d1146906f66a4a0cb46ecefe67aee84b d1146906f66a4a0cb46ecefe67aee84b] 199.204.45.23 "GET /allocations/ce3a7d5d-4ed0-4170-a45f-34f4771036f9" status: 200 len: 245 microversion: 1.28 [pid: 7|app: 0|req: 516/1033] 199.204.45.23 () {34 vars in 862 bytes} [Sun Jun 28 21:10:08 2026] GET /allocations/ce3a7d5d-4ed0-4170-a45f-34f4771036f9 => generated 245 bytes in 13 msecs (HTTP/1.1 200) 8 headers in 296 bytes (1 switches on core 0)
