2026-06-28 21:06:31.309 8 INFO neutron.wsgi [req-480bde74-8988-48b1-9f2d-89521821854f req-d202d870-9e78-4673-bd40-71c44fe23a48 1f76fca7ec8c4fd987f68aa1685dda73 901a62e3e689480c8fc4a52277b53200 - - default default] 10.0.0.153 "GET /v2.0/networks?id=0fd2dc07-7ae3-4b3d-ace3-525f8d4da782 HTTP/1.1" status: 200 len: 882 time: 0.1184390
2026-06-28 21:06:31.316 8 INFO neutron.db.l3_db [req-1852e518-c2be-48de-a6f4-1b3cf914e84e req-fe1eaa94-06ce-490e-b86f-e638da9dba11 49a5e9e6e618450fa43ff5695b451e47 b0cef0222f174c2bbadfbbd1637fd704 - - default default] Floating IP 22e92c97-0b0b-41e7-93f9-1be4bb7365f7 disassociated. External IP: 10.96.250.214, port: f1a4d86e-779e-45eb-bad0-93dff386e6b7.
2026-06-28 21:06:31.351 8 INFO neutron.wsgi [req-480bde74-8988-48b1-9f2d-89521821854f req-0ec51bc7-2e90-4a90-aa13-3708fa22235b 1f76fca7ec8c4fd987f68aa1685dda73 901a62e3e689480c8fc4a52277b53200 - - default default] 10.0.0.153 "GET /v2.0/quotas/901a62e3e689480c8fc4a52277b53200 HTTP/1.1" status: 200 len: 386 time: 0.0321698
2026-06-28 21:06:31.362 8 INFO neutron.wsgi [req-d13e0cea-85b5-477f-979c-b1bb62ec92b8 req-0f9d7a8c-791e-4ec0-a46d-aadb771fc63f 282603cdba6043dea337ec1d8398f454 72159362b122491d82b056bafe7e444f - - default default] 10.0.0.153 "GET /v2.0/ports?tenant_id=72159362b122491d82b056bafe7e444f&fields=id HTTP/1.1" status: 200 len: 302 time: 0.2193799
2026-06-28 21:06:31.468 9 INFO neutron.wsgi [req-fb31d275-47ca-42bf-b521-04c556f4ad01 req-605a1595-52a3-4797-ab06-f5c807215bdf 56b671ce7012458a87999ac7a543802f 252486220d174bf8ba5c45aec1095bb7 - - default default] 199.204.45.23 "GET /v2.0/ports?device_id=d3f809b4-07cb-4b12-914c-5b6a81ba3955 HTTP/1.1" status: 200 len: 1174 time: 0.1044939
2026-06-28 21:06:31.481 8 INFO neutron.wsgi [req-d13e0cea-85b5-477f-979c-b1bb62ec92b8 req-76af80a2-0164-4e7d-95e6-a9d2eb1f2910 e19a0c7f39814e7bb6223dda14ce4989 cdb6b868bba9469ca81c23ad0bcd2f01 - - d1146906f66a4a0cb46ecefe67aee84b d1146906f66a4a0cb46ecefe67aee84b] 10.0.0.153 "GET /v2.0/networks/0b40e98c-57dd-44e7-8dce-a6152cdfc245?fields=segments HTTP/1.1" status: 200 len: 212 time: 0.1014180
2026-06-28 21:06:31.484 8 INFO neutron.wsgi [req-480bde74-8988-48b1-9f2d-89521821854f req-fd0fdb4a-ec22-443c-bd6d-db95976ac5a3 1f76fca7ec8c4fd987f68aa1685dda73 901a62e3e689480c8fc4a52277b53200 - - default default] 10.0.0.153 "GET /v2.0/ports?tenant_id=901a62e3e689480c8fc4a52277b53200&fields=id HTTP/1.1" status: 200 len: 302 time: 0.1241462
2026-06-28 21:06:31.608 8 INFO neutron.wsgi [req-d13e0cea-85b5-477f-979c-b1bb62ec92b8 req-4a01384a-34ed-43cc-9a44-65dae54620b7 e19a0c7f39814e7bb6223dda14ce4989 cdb6b868bba9469ca81c23ad0bcd2f01 - - d1146906f66a4a0cb46ecefe67aee84b d1146906f66a4a0cb46ecefe67aee84b] 10.0.0.153 "GET /v2.0/networks/0b40e98c-57dd-44e7-8dce-a6152cdfc245?fields=provider%3Aphysical_network&fields=provider%3Anetwork_type HTTP/1.1" status: 200 len: 277 time: 0.1123648
2026-06-28 21:06:31.609 8 INFO neutron.wsgi [req-480bde74-8988-48b1-9f2d-89521821854f req-20f05ff7-6219-474d-91d2-d46e3f0b444f e19a0c7f39814e7bb6223dda14ce4989 cdb6b868bba9469ca81c23ad0bcd2f01 - - d1146906f66a4a0cb46ecefe67aee84b d1146906f66a4a0cb46ecefe67aee84b] 10.0.0.153 "GET /v2.0/networks/0fd2dc07-7ae3-4b3d-ace3-525f8d4da782?fields=segments HTTP/1.1" status: 200 len: 212 time: 0.1149724
2026-06-28 21:06:31.617 8 INFO neutron.wsgi [req-1852e518-c2be-48de-a6f4-1b3cf914e84e req-fe1eaa94-06ce-490e-b86f-e638da9dba11 49a5e9e6e618450fa43ff5695b451e47 b0cef0222f174c2bbadfbbd1637fd704 - - default default] 199.204.45.23 "DELETE /v2.0/ports/f1a4d86e-779e-45eb-bad0-93dff386e6b7 HTTP/1.1" status: 204 len: 173 time: 0.8006401
2026-06-28 21:06:31.686 8 INFO neutron.wsgi [req-480bde74-8988-48b1-9f2d-89521821854f req-c03a9125-989b-404b-b619-bee74f8c5f9d e19a0c7f39814e7bb6223dda14ce4989 cdb6b868bba9469ca81c23ad0bcd2f01 - - d1146906f66a4a0cb46ecefe67aee84b d1146906f66a4a0cb46ecefe67aee84b] 10.0.0.153 "GET /v2.0/networks/0fd2dc07-7ae3-4b3d-ace3-525f8d4da782?fields=provider%3Aphysical_network&fields=provider%3Anetwork_type HTTP/1.1" status: 200 len: 277 time: 0.0679896
2026-06-28 21:06:31.789 8 INFO neutron.wsgi [req-2a6a0413-0831-4c43-9a4f-156aa017b746 req-ceb70735-6642-4a34-a691-747a9de7577e 56b671ce7012458a87999ac7a543802f 252486220d174bf8ba5c45aec1095bb7 - - default default] 10.0.0.153 "GET /v2.0/ports?device_id=d3f809b4-07cb-4b12-914c-5b6a81ba3955 HTTP/1.1" status: 200 len: 1174 time: 0.0443249
2026-06-28 21:06:31.798 8 INFO neutron.notifiers.nova [-] Nova event matching ['req-a3b1269b-8a23-4d38-a38b-db978b225623'] response: {'name': 'network-changed', 'server_uuid': '24314a33-e266-4cd6-a40f-400dbc043961', 'tag': 'f1a4d86e-779e-45eb-bad0-93dff386e6b7', 'status': 'completed', 'code': 200}
2026-06-28 21:06:31.826 9 INFO neutron.notifiers.nova [-] Nova event matching ['req-92e3e8cc-6d48-4fa1-8b28-1414b6afdebb'] response: {'name': 'network-changed', 'server_uuid': 'd3f809b4-07cb-4b12-914c-5b6a81ba3955', 'tag': '98ac2381-ea58-4fb8-9d15-3b61dc404a3b', 'status': 'completed', 'code': 200}
2026-06-28 21:06:31.834 9 INFO neutron.db.l3_db [req-fb31d275-47ca-42bf-b521-04c556f4ad01 req-bc87cfb1-9f5d-403b-ae62-6049f171ebc8 56b671ce7012458a87999ac7a543802f 252486220d174bf8ba5c45aec1095bb7 - - default default] Floating IP b23ab9cb-cb12-4afa-9c21-dae06b9fb07a disassociated. External IP: 10.96.250.218, port: 98ac2381-ea58-4fb8-9d15-3b61dc404a3b.
2026-06-28 21:06:31.840 8 INFO neutron.wsgi [req-20f1f25f-7e6c-42cd-bf38-8f70141a58a2 req-a0d2c1d0-b0b5-452e-a045-ba485679b35c e19a0c7f39814e7bb6223dda14ce4989 cdb6b868bba9469ca81c23ad0bcd2f01 - - d1146906f66a4a0cb46ecefe67aee84b d1146906f66a4a0cb46ecefe67aee84b] 199.204.45.23 "GET /v2.0/ports?tenant_id=b0cef0222f174c2bbadfbbd1637fd704&device_id=24314a33-e266-4cd6-a40f-400dbc043961 HTTP/1.1" status: 200 len: 210 time: 0.0234785
2026-06-28 21:06:31.857 8 INFO neutron.wsgi [req-2a6a0413-0831-4c43-9a4f-156aa017b746 req-cf1f044c-f5eb-4648-81ab-e273a2b358bb 56b671ce7012458a87999ac7a543802f 252486220d174bf8ba5c45aec1095bb7 - - default default] 10.0.0.153 "GET /v2.0/security-groups?id=68161614-0f2a-446a-8238-aec298551ff1&fields=id&fields=name HTTP/1.1" status: 200 len: 313 time: 0.0570738
2026-06-28 21:06:31.925 8 INFO neutron.wsgi [req-7e61fee8-b370-49e1-abee-c1f164368341 req-822ea2b0-e8aa-4e3d-9ff3-2509a1f82e68 49a5e9e6e618450fa43ff5695b451e47 b0cef0222f174c2bbadfbbd1637fd704 - - default default] 10.0.0.153 "GET /v2.0/ports?device_id=24314a33-e266-4cd6-a40f-400dbc043961 HTTP/1.1" status: 200 len: 210 time: 0.0500720
2026-06-28 21:06:31.940 8 INFO neutron.wsgi [req-7cf9c57f-1751-4f4a-bf41-efa9641f62f7 req-44cc85e7-62d0-4521-aea5-e74efa2b3251 e19a0c7f39814e7bb6223dda14ce4989 cdb6b868bba9469ca81c23ad0bcd2f01 - - d1146906f66a4a0cb46ecefe67aee84b d1146906f66a4a0cb46ecefe67aee84b] 199.204.45.23 "GET /v2.0/ports?tenant_id=252486220d174bf8ba5c45aec1095bb7&device_id=d3f809b4-07cb-4b12-914c-5b6a81ba3955 HTTP/1.1" status: 200 len: 1413 time: 0.0955713
2026-06-28 21:06:31.945 8 INFO neutron.wsgi [req-593717c5-9759-4abf-8fc2-d799bbb7d73a req-b2e3dd4a-22fa-49d0-8b9f-0458bfc2c2e2 282603cdba6043dea337ec1d8398f454 72159362b122491d82b056bafe7e444f - - default default] 10.0.0.153 "GET /v2.0/ports?device_id=3268084d-9f4b-49a2-ab4a-6c48f0d900c4 HTTP/1.1" status: 200 len: 210 time: 0.0388982
2026-06-28 21:06:31.991 8 INFO neutron.wsgi [req-7115e2f2-57a9-4a9f-88eb-1213460df99b req-3d9767a1-e733-439e-8eec-ee2afad10aab 1f76fca7ec8c4fd987f68aa1685dda73 901a62e3e689480c8fc4a52277b53200 - - default default] 10.0.0.153 "GET /v2.0/ports?device_id=b86fbc89-3b99-4282-9017-9b5e65042eb4 HTTP/1.1" status: 200 len: 210 time: 0.0225112
2026-06-28 21:06:32.008 9 INFO neutron.wsgi [req-fb31d275-47ca-42bf-b521-04c556f4ad01 req-bc87cfb1-9f5d-403b-ae62-6049f171ebc8 56b671ce7012458a87999ac7a543802f 252486220d174bf8ba5c45aec1095bb7 - - default default] 199.204.45.23 "DELETE /v2.0/ports/98ac2381-ea58-4fb8-9d15-3b61dc404a3b HTTP/1.1" status: 204 len: 173 time: 0.5334017
2026-06-28 21:06:32.009 8 INFO neutron.wsgi [req-20f1f25f-7e6c-42cd-bf38-8f70141a58a2 req-ad233edc-8347-4293-b050-2fa188497a1b e19a0c7f39814e7bb6223dda14ce4989 cdb6b868bba9469ca81c23ad0bcd2f01 - - d1146906f66a4a0cb46ecefe67aee84b d1146906f66a4a0cb46ecefe67aee84b] 199.204.45.23 "GET /v2.0/networks?tenant_id=b0cef0222f174c2bbadfbbd1637fd704&shared=False HTTP/1.1" status: 200 len: 967 time: 0.1516650
2026-06-28 21:06:32.119 8 INFO neutron.wsgi [req-7cf9c57f-1751-4f4a-bf41-efa9641f62f7 req-4ce382b9-fd94-4380-b179-283b2515f0df e19a0c7f39814e7bb6223dda14ce4989 cdb6b868bba9469ca81c23ad0bcd2f01 - - d1146906f66a4a0cb46ecefe67aee84b d1146906f66a4a0cb46ecefe67aee84b] 199.204.45.23 "GET /v2.0/networks?id=6039d6bc-13b2-4a25-846e-8b0b8a26f604 HTTP/1.1" status: 200 len: 978 time: 0.1682854
2026-06-28 21:06:32.335 8 INFO neutron.wsgi [req-7cf9c57f-1751-4f4a-bf41-efa9641f62f7 req-6fd7ec10-1dcc-49b2-9b2a-4baabba1fe7c e19a0c7f39814e7bb6223dda14ce4989 cdb6b868bba9469ca81c23ad0bcd2f01 - - d1146906f66a4a0cb46ecefe67aee84b d1146906f66a4a0cb46ecefe67aee84b] 199.204.45.23 "GET /v2.0/floatingips?fixed_ip_address=10.100.0.11&port_id=98ac2381-ea58-4fb8-9d15-3b61dc404a3b HTTP/1.1" status: 200 len: 217 time: 0.2078383
2026-06-28 21:06:32.337 8 INFO neutron.wsgi [req-20f1f25f-7e6c-42cd-bf38-8f70141a58a2 req-161f653f-3532-486c-a706-d4fb7eede854 e19a0c7f39814e7bb6223dda14ce4989 cdb6b868bba9469ca81c23ad0bcd2f01 - - d1146906f66a4a0cb46ecefe67aee84b d1146906f66a4a0cb46ecefe67aee84b] 199.204.45.23 "GET /v2.0/networks?shared=True HTTP/1.1" status: 200 len: 952 time: 0.3200724
2026-06-28 21:06:32.379 8 INFO neutron.wsgi [req-7cf9c57f-1751-4f4a-bf41-efa9641f62f7 req-7ffbf61b-180f-487c-b784-900e66d4f074 e19a0c7f39814e7bb6223dda14ce4989 cdb6b868bba9469ca81c23ad0bcd2f01 - - d1146906f66a4a0cb46ecefe67aee84b d1146906f66a4a0cb46ecefe67aee84b] 199.204.45.23 "GET /v2.0/subnets?id=731c0074-1b1c-42df-a987-ad38bcebf2fd HTTP/1.1" status: 200 len: 873 time: 0.0357869
2026-06-28 21:06:32.404 8 INFO neutron.wsgi [req-7cf9c57f-1751-4f4a-bf41-efa9641f62f7 req-abea6fdb-1a77-446a-bccf-d26d4c6a4885 e19a0c7f39814e7bb6223dda14ce4989 cdb6b868bba9469ca81c23ad0bcd2f01 - - d1146906f66a4a0cb46ecefe67aee84b d1146906f66a4a0cb46ecefe67aee84b] 199.204.45.23 "GET /v2.0/ports?network_id=6039d6bc-13b2-4a25-846e-8b0b8a26f604&device_owner=network%3Adhcp HTTP/1.1" status: 200 len: 210 time: 0.0198369
2026-06-28 21:06:32.489 8 INFO neutron.wsgi [req-7cf9c57f-1751-4f4a-bf41-efa9641f62f7 req-a7b9c440-cfd0-487d-8139-bf322de8918b e19a0c7f39814e7bb6223dda14ce4989 cdb6b868bba9469ca81c23ad0bcd2f01 - - d1146906f66a4a0cb46ecefe67aee84b d1146906f66a4a0cb46ecefe67aee84b] 199.204.45.23 "GET /v2.0/networks/6039d6bc-13b2-4a25-846e-8b0b8a26f604?fields=segments HTTP/1.1" status: 200 len: 212 time: 0.0710466
2026-06-28 21:06:32.565 8 INFO neutron.wsgi [req-7cf9c57f-1751-4f4a-bf41-efa9641f62f7 req-dcdb9e2b-c3f0-464c-895e-aaeec66a3783 e19a0c7f39814e7bb6223dda14ce4989 cdb6b868bba9469ca81c23ad0bcd2f01 - - d1146906f66a4a0cb46ecefe67aee84b d1146906f66a4a0cb46ecefe67aee84b] 199.204.45.23 "GET /v2.0/networks/6039d6bc-13b2-4a25-846e-8b0b8a26f604?fields=provider%3Aphysical_network&fields=provider%3Anetwork_type HTTP/1.1" status: 200 len: 277 time: 0.0665004
2026-06-28 21:06:32.659 8 INFO neutron.wsgi [req-d13e0cea-85b5-477f-979c-b1bb62ec92b8 req-9e55aa14-68ff-48df-bbac-a4b9840d4f84 282603cdba6043dea337ec1d8398f454 72159362b122491d82b056bafe7e444f - - default default] 199.204.45.23 "GET /v2.0/networks?id=0b40e98c-57dd-44e7-8dce-a6152cdfc245 HTTP/1.1" status: 200 len: 874 time: 0.0756109
2026-06-28 21:06:32.722 8 INFO neutron.wsgi [req-d13e0cea-85b5-477f-979c-b1bb62ec92b8 req-b1a694fb-7451-4d1c-bbfc-6113498768a5 282603cdba6043dea337ec1d8398f454 72159362b122491d82b056bafe7e444f - - default default] 199.204.45.23 "GET /v2.0/security-groups?fields=id&fields=name&tenant_id=72159362b122491d82b056bafe7e444f HTTP/1.1" status: 200 len: 380 time: 0.0499911
2026-06-28 21:06:32.837 9 WARNING neutron.plugins.ml2.drivers.ovn.mech_driver.ovsdb.ovn_client [None req-5e779a41-02ec-464b-86fc-eee7bd7635aa - - - - - -] No hosting information found for port 528ee578-bb85-42d0-8641-4a58ac173283: RuntimeError: No hosting information found for port 528ee578-bb85-42d0-8641-4a58ac173283
2026-06-28 21:06:32.879 9 INFO neutron.plugins.ml2.drivers.ovn.mech_driver.mech_driver [None req-5e779a41-02ec-464b-86fc-eee7bd7635aa - - - - - -] OVN reports status down for port: f1a4d86e-779e-45eb-bad0-93dff386e6b7 /var/lib/openstack/lib/python3.10/site-packages/pycadf/identifier.py:71: UserWarning: Invalid uuid: neutron. To ensure interoperability, identifiers should be a valid uuid. warnings.warn(('Invalid uuid: %s. To ensure interoperability, '
2026-06-28 21:06:33.064 8 INFO neutron.wsgi [req-ed8a3bd4-11b9-4d69-8222-84b3f2052162 req-c2c9436b-e323-4c1c-8762-9b179861403b 282603cdba6043dea337ec1d8398f454 72159362b122491d82b056bafe7e444f - - default default] 10.0.0.153 "GET /v2.0/ports?device_id=3268084d-9f4b-49a2-ab4a-6c48f0d900c4 HTTP/1.1" status: 200 len: 210 time: 0.0420146
2026-06-28 21:06:33.105 8 INFO neutron.wsgi [req-e68fc00d-fa78-4aef-ab05-64e658928d46 req-86f9fd03-3a77-4270-9d83-2dabd67c00f0 1f76fca7ec8c4fd987f68aa1685dda73 901a62e3e689480c8fc4a52277b53200 - - default default] 10.0.0.153 "GET /v2.0/ports?device_id=b86fbc89-3b99-4282-9017-9b5e65042eb4 HTTP/1.1" status: 200 len: 210 time: 0.0432863
2026-06-28 21:06:33.128 8 INFO neutron.wsgi [req-480bde74-8988-48b1-9f2d-89521821854f req-a0b85f52-55be-41db-96f7-57da231635f4 1f76fca7ec8c4fd987f68aa1685dda73 901a62e3e689480c8fc4a52277b53200 - - default default] 199.204.45.23 "GET /v2.0/networks?id=0fd2dc07-7ae3-4b3d-ace3-525f8d4da782 HTTP/1.1" status: 200 len: 882 time: 0.1429260
2026-06-28 21:06:33.135 9 INFO neutron.wsgi [None req-76bd57a3-61cc-4968-9f90-daa52d053ab5 56b671ce7012458a87999ac7a543802f 252486220d174bf8ba5c45aec1095bb7 - - default default] 10.0.0.131 "DELETE /v2.0/security-groups/68161614-0f2a-446a-8238-aec298551ff1 HTTP/1.1" status: 204 len: 168 time: 0.1821530
2026-06-28 21:06:33.151 9 INFO neutron.api.v2.resource [None req-37d79093-996c-4791-b563-d5586dfdfbc0 56b671ce7012458a87999ac7a543802f 252486220d174bf8ba5c45aec1095bb7 - - default default] show failed (client error): The resource could not be found.
2026-06-28 21:06:33.153 9 INFO neutron.wsgi [None req-37d79093-996c-4791-b563-d5586dfdfbc0 56b671ce7012458a87999ac7a543802f 252486220d174bf8ba5c45aec1095bb7 - - default default] 10.0.0.131 "GET /v2.0/security-groups/68161614-0f2a-446a-8238-aec298551ff1 HTTP/1.1" status: 404 len: 347 time: 0.0151994 /var/lib/openstack/lib/python3.10/site-packages/pycadf/identifier.py:71: UserWarning: Invalid uuid: neutron. To ensure interoperability, identifiers should be a valid uuid. warnings.warn(('Invalid uuid: %s. To ensure interoperability, '
2026-06-28 21:06:33.182 8 WARNING neutron.scheduler.dhcp_agent_scheduler [req-d13e0cea-85b5-477f-979c-b1bb62ec92b8 req-abc3bd5a-6d49-44b7-8b38-8bade371dfb8 282603cdba6043dea337ec1d8398f454 72159362b122491d82b056bafe7e444f - - default default] No more DHCP agents
2026-06-28 21:06:33.187 8 WARNING neutron.api.rpc.agentnotifiers.dhcp_rpc_agent_api [req-d13e0cea-85b5-477f-979c-b1bb62ec92b8 req-abc3bd5a-6d49-44b7-8b38-8bade371dfb8 282603cdba6043dea337ec1d8398f454 72159362b122491d82b056bafe7e444f - - default default] Unable to schedule network 0b40e98c-57dd-44e7-8dce-a6152cdfc245: no agents available; will retry on subsequent port and subnet creation events.
2026-06-28 21:06:33.188 9 INFO neutron.wsgi [None req-d869a68b-bdf7-4bc8-9322-71f94e8d859d 49a5e9e6e618450fa43ff5695b451e47 b0cef0222f174c2bbadfbbd1637fd704 - - default default] 10.0.0.131 "DELETE /v2.0/security-groups/0d5793ad-5aeb-4dea-adb2-09f5ad693241 HTTP/1.1" status: 204 len: 168 time: 0.1743848
2026-06-28 21:06:33.209 9 INFO neutron.api.v2.resource [None req-3ba39338-0d10-4f82-8bff-0eafab844949 49a5e9e6e618450fa43ff5695b451e47 b0cef0222f174c2bbadfbbd1637fd704 - - default default] show failed (client error): The resource could not be found.
2026-06-28 21:06:33.210 9 INFO neutron.wsgi [None req-3ba39338-0d10-4f82-8bff-0eafab844949 49a5e9e6e618450fa43ff5695b451e47 b0cef0222f174c2bbadfbbd1637fd704 - - default default] 10.0.0.131 "GET /v2.0/security-groups/0d5793ad-5aeb-4dea-adb2-09f5ad693241 HTTP/1.1" status: 404 len: 347 time: 0.0182056
2026-06-28 21:06:33.215 8 INFO neutron.wsgi [req-480bde74-8988-48b1-9f2d-89521821854f req-bf352312-6092-443c-bd46-861dfad9dcad 1f76fca7ec8c4fd987f68aa1685dda73 901a62e3e689480c8fc4a52277b53200 - - default default] 199.204.45.23 "GET /v2.0/security-groups?fields=id&fields=name&tenant_id=901a62e3e689480c8fc4a52277b53200 HTTP/1.1" status: 200 len: 380 time: 0.0540011 /var/lib/openstack/lib/python3.10/site-packages/pycadf/identifier.py:71: UserWarning: Invalid uuid: neutron. To ensure interoperability, identifiers should be a valid uuid. warnings.warn(('Invalid uuid: %s. To ensure interoperability, '
2026-06-28 21:06:33.412 8 WARNING neutron.plugins.ml2.drivers.ovn.mech_driver.ovsdb.ovn_client [None req-b5cebebb-68c9-48bf-9c48-93b3cf057bd6 - - - - - -] No hosting information found for port d30ce5b4-3849-44f8-b423-9d5cb201ce29: RuntimeError: No hosting information found for port d30ce5b4-3849-44f8-b423-9d5cb201ce29
2026-06-28 21:06:33.412 8 INFO neutron.plugins.ml2.drivers.ovn.mech_driver.mech_driver [None req-b5cebebb-68c9-48bf-9c48-93b3cf057bd6 - - - - - -] OVN reports status down for port: 98ac2381-ea58-4fb8-9d15-3b61dc404a3b
2026-06-28 21:06:33.433 8 INFO neutron.db.ovn_revision_numbers_db [req-d13e0cea-85b5-477f-979c-b1bb62ec92b8 req-abc3bd5a-6d49-44b7-8b38-8bade371dfb8 282603cdba6043dea337ec1d8398f454 72159362b122491d82b056bafe7e444f - - default default] Successfully bumped revision number for resource 06e24b41-c183-4fca-a43b-fbd37c9abea7 (type: ports) to 1
2026-06-28 21:06:33.469 8 INFO neutron.wsgi [req-d13e0cea-85b5-477f-979c-b1bb62ec92b8 req-abc3bd5a-6d49-44b7-8b38-8bade371dfb8 282603cdba6043dea337ec1d8398f454 72159362b122491d82b056bafe7e444f - - default default] 199.204.45.23 "POST /v2.0/ports HTTP/1.1" status: 201 len: 1158 time: 0.7319939
2026-06-28 21:06:33.583 9 INFO neutron.wsgi [None req-82ad479c-1c56-486c-b8d9-855ff6f6f119 56b671ce7012458a87999ac7a543802f 252486220d174bf8ba5c45aec1095bb7 - - default default] 10.0.0.131 "DELETE /v2.0/floatingips/b23ab9cb-cb12-4afa-9c21-dae06b9fb07a HTTP/1.1" status: 204 len: 168 time: 0.4234977
2026-06-28 21:06:33.603 9 INFO neutron.wsgi [None req-441b794a-f940-4072-be44-2f94ba98486d 49a5e9e6e618450fa43ff5695b451e47 b0cef0222f174c2bbadfbbd1637fd704 - - default default] 10.0.0.131 "DELETE /v2.0/floatingips/22e92c97-0b0b-41e7-93f9-1be4bb7365f7 HTTP/1.1" status: 204 len: 168 time: 0.3867149
2026-06-28 21:06:33.711 8 WARNING neutron.scheduler.dhcp_agent_scheduler [req-480bde74-8988-48b1-9f2d-89521821854f req-03856494-d4d4-49f2-a67c-183c67c8b8f6 1f76fca7ec8c4fd987f68aa1685dda73 901a62e3e689480c8fc4a52277b53200 - - default default] No more DHCP agents
2026-06-28 21:06:33.716 8 WARNING neutron.api.rpc.agentnotifiers.dhcp_rpc_agent_api [req-480bde74-8988-48b1-9f2d-89521821854f req-03856494-d4d4-49f2-a67c-183c67c8b8f6 1f76fca7ec8c4fd987f68aa1685dda73 901a62e3e689480c8fc4a52277b53200 - - default default] Unable to schedule network 0fd2dc07-7ae3-4b3d-ace3-525f8d4da782: no agents available; will retry on subsequent port and subnet creation events.
2026-06-28 21:06:33.839 8 INFO neutron.notifiers.nova [-] Nova event matching ['req-db0c5d3d-d6eb-43bb-9c08-e8d029ee3bc4'] response: {'server_uuid': '24314a33-e266-4cd6-a40f-400dbc043961', 'name': 'network-vif-deleted', 'tag': 'f1a4d86e-779e-45eb-bad0-93dff386e6b7', 'status': 'completed', 'code': 200}
2026-06-28 21:06:33.859 9 INFO neutron.notifiers.nova [-] Nova event matching ['req-b7d511f2-1def-4315-b3e2-92d10f24477f'] response: {'server_uuid': 'd3f809b4-07cb-4b12-914c-5b6a81ba3955', 'name': 'network-vif-deleted', 'tag': '98ac2381-ea58-4fb8-9d15-3b61dc404a3b', 'status': 'completed', 'code': 200}
2026-06-28 21:06:34.046 8 INFO neutron.db.ovn_revision_numbers_db [req-480bde74-8988-48b1-9f2d-89521821854f req-03856494-d4d4-49f2-a67c-183c67c8b8f6 1f76fca7ec8c4fd987f68aa1685dda73 901a62e3e689480c8fc4a52277b53200 - - default default] Successfully bumped revision number for resource f50ea1d4-e33c-42a3-8b2d-8a56628b46e4 (type: ports) to 1
2026-06-28 21:06:34.108 8 INFO neutron.wsgi [req-480bde74-8988-48b1-9f2d-89521821854f req-03856494-d4d4-49f2-a67c-183c67c8b8f6 1f76fca7ec8c4fd987f68aa1685dda73 901a62e3e689480c8fc4a52277b53200 - - default default] 199.204.45.23 "POST /v2.0/ports HTTP/1.1" status: 201 len: 1158 time: 0.8746586 /var/lib/openstack/lib/python3.10/site-packages/pycadf/identifier.py:71: UserWarning: Invalid uuid: neutron. To ensure interoperability, identifiers should be a valid uuid. warnings.warn(('Invalid uuid: %s. To ensure interoperability, '
2026-06-28 21:06:34.210 8 INFO neutron.wsgi [req-e238f1fe-898d-491e-9796-465453f707c3 req-5ae12c1b-bc3c-4bdf-bd3a-7a7593f30214 282603cdba6043dea337ec1d8398f454 72159362b122491d82b056bafe7e444f - - default default] 10.0.0.153 "GET /v2.0/ports?device_id=3268084d-9f4b-49a2-ab4a-6c48f0d900c4 HTTP/1.1" status: 200 len: 1168 time: 0.0771394
2026-06-28 21:06:34.263 8 INFO neutron.db.ovn_revision_numbers_db [req-d13e0cea-85b5-477f-979c-b1bb62ec92b8 req-2641b469-d9c5-4a3e-ae02-a68f397e5507 e19a0c7f39814e7bb6223dda14ce4989 cdb6b868bba9469ca81c23ad0bcd2f01 - - d1146906f66a4a0cb46ecefe67aee84b d1146906f66a4a0cb46ecefe67aee84b] Successfully bumped revision number for resource 06e24b41-c183-4fca-a43b-fbd37c9abea7 (type: ports) to 2
2026-06-28 21:06:34.275 8 INFO neutron.wsgi [req-d97304e4-b6c8-4b1e-80b9-c08939c2dfc3 req-7950236b-7c2d-40d1-9942-b92c7004fb2d 1f76fca7ec8c4fd987f68aa1685dda73 901a62e3e689480c8fc4a52277b53200 - - default default] 10.0.0.153 "GET /v2.0/ports?device_id=b86fbc89-3b99-4282-9017-9b5e65042eb4 HTTP/1.1" status: 200 len: 1156 time: 0.1018353
2026-06-28 21:06:34.505 8 INFO neutron.wsgi [req-e238f1fe-898d-491e-9796-465453f707c3 req-1dbcab05-4097-4697-8fb2-1722d6a2a0f2 282603cdba6043dea337ec1d8398f454 72159362b122491d82b056bafe7e444f - - default default] 10.0.0.153 "GET /v2.0/security-groups?id=91e6e8ca-04f5-4164-a25a-1dd392a4aa1d&fields=id&fields=name HTTP/1.1" status: 200 len: 313 time: 0.2730970
2026-06-28 21:06:34.582 8 INFO neutron.wsgi [req-d97304e4-b6c8-4b1e-80b9-c08939c2dfc3 req-bc24a8e7-6b21-4373-b69d-030482eb97ae 1f76fca7ec8c4fd987f68aa1685dda73 901a62e3e689480c8fc4a52277b53200 - - default default] 10.0.0.153 "GET /v2.0/security-groups?id=876528b8-edeb-41ab-bbab-eebb33342fa5&fields=id&fields=name HTTP/1.1" status: 200 len: 313 time: 0.1130009
2026-06-28 21:06:34.893 8 INFO neutron.db.ovn_revision_numbers_db [req-d13e0cea-85b5-477f-979c-b1bb62ec92b8 req-2641b469-d9c5-4a3e-ae02-a68f397e5507 e19a0c7f39814e7bb6223dda14ce4989 cdb6b868bba9469ca81c23ad0bcd2f01 - - d1146906f66a4a0cb46ecefe67aee84b d1146906f66a4a0cb46ecefe67aee84b] Successfully bumped revision number for resource 06e24b41-c183-4fca-a43b-fbd37c9abea7 (type: ports) to 2
2026-06-28 21:06:34.920 8 INFO neutron.wsgi [req-d13e0cea-85b5-477f-979c-b1bb62ec92b8 req-2641b469-d9c5-4a3e-ae02-a68f397e5507 e19a0c7f39814e7bb6223dda14ce4989 cdb6b868bba9469ca81c23ad0bcd2f01 - - d1146906f66a4a0cb46ecefe67aee84b d1146906f66a4a0cb46ecefe67aee84b] 199.204.45.23 "PUT /v2.0/ports/06e24b41-c183-4fca-a43b-fbd37c9abea7 HTTP/1.1" status: 200 len: 1376 time: 1.4396188
2026-06-28 21:06:34.940 9 INFO neutron.wsgi [None req-54232adb-994d-4656-9eb8-081565e2d7fb 7ce99a38adbf44dea1546587a3280700 ef3cff4f372848748245027e5e1fec4f - - default default] 10.0.0.131 "PUT /v2.0/routers/3933a650-4df1-4b6c-a950-07f9d6337762/remove_router_interface HTTP/1.1" status: 200 len: 503 time: 1.3329134 /var/lib/openstack/lib/python3.10/site-packages/pycadf/identifier.py:71: UserWarning: Invalid uuid: neutron. To ensure interoperability, identifiers should be a valid uuid. warnings.warn(('Invalid uuid: %s. To ensure interoperability, '
2026-06-28 21:06:35.061 8 INFO neutron.db.ovn_revision_numbers_db [req-480bde74-8988-48b1-9f2d-89521821854f req-5116dbb0-bb64-48c3-81b3-71fdce950185 e19a0c7f39814e7bb6223dda14ce4989 cdb6b868bba9469ca81c23ad0bcd2f01 - - d1146906f66a4a0cb46ecefe67aee84b d1146906f66a4a0cb46ecefe67aee84b] Successfully bumped revision number for resource f50ea1d4-e33c-42a3-8b2d-8a56628b46e4 (type: ports) to 2 /var/lib/openstack/lib/python3.10/site-packages/pycadf/identifier.py:71: UserWarning: Invalid uuid: neutron. To ensure interoperability, identifiers should be a valid uuid. warnings.warn(('Invalid uuid: %s. To ensure interoperability, '
2026-06-28 21:06:35.258 8 INFO neutron.wsgi [req-d13e0cea-85b5-477f-979c-b1bb62ec92b8 req-25532ceb-1d46-4a33-bf68-9798cec2a011 e19a0c7f39814e7bb6223dda14ce4989 cdb6b868bba9469ca81c23ad0bcd2f01 - - d1146906f66a4a0cb46ecefe67aee84b d1146906f66a4a0cb46ecefe67aee84b] 199.204.45.23 "GET /v2.0/ports?tenant_id=72159362b122491d82b056bafe7e444f&device_id=3268084d-9f4b-49a2-ab4a-6c48f0d900c4 HTTP/1.1" status: 200 len: 1407 time: 0.0592215
2026-06-28 21:06:35.292 8 INFO neutron.wsgi [req-d13e0cea-85b5-477f-979c-b1bb62ec92b8 req-97ca4640-62ea-428d-a974-46be3518bb3c e19a0c7f39814e7bb6223dda14ce4989 cdb6b868bba9469ca81c23ad0bcd2f01 - - d1146906f66a4a0cb46ecefe67aee84b d1146906f66a4a0cb46ecefe67aee84b] 199.204.45.23 "GET /v2.0/floatingips?fixed_ip_address=10.100.0.7&port_id=06e24b41-c183-4fca-a43b-fbd37c9abea7 HTTP/1.1" status: 200 len: 217 time: 0.0253458
2026-06-28 21:06:35.399 8 INFO neutron.wsgi [req-d13e0cea-85b5-477f-979c-b1bb62ec92b8 req-41aded20-8e00-42b7-9208-f80fd0819b0b e19a0c7f39814e7bb6223dda14ce4989 cdb6b868bba9469ca81c23ad0bcd2f01 - - d1146906f66a4a0cb46ecefe67aee84b d1146906f66a4a0cb46ecefe67aee84b] 199.204.45.23 "GET /v2.0/subnets?id=177c8015-2fb9-4165-a4b4-c80a84a3019d HTTP/1.1" status: 200 len: 868 time: 0.0901394 /var/lib/openstack/lib/python3.10/site-packages/pycadf/identifier.py:71: UserWarning: Invalid uuid: neutron. To ensure interoperability, identifiers should be a valid uuid. warnings.warn(('Invalid uuid: %s. To ensure interoperability, '
2026-06-28 21:06:35.438 8 INFO neutron.wsgi [req-d13e0cea-85b5-477f-979c-b1bb62ec92b8 req-47be38f8-6b0b-406a-8a26-244eba07a1b2 e19a0c7f39814e7bb6223dda14ce4989 cdb6b868bba9469ca81c23ad0bcd2f01 - - d1146906f66a4a0cb46ecefe67aee84b d1146906f66a4a0cb46ecefe67aee84b] 199.204.45.23 "GET /v2.0/ports?network_id=0b40e98c-57dd-44e7-8dce-a6152cdfc245&device_owner=network%3Adhcp HTTP/1.1" status: 200 len: 210 time: 0.0308416
2026-06-28 21:06:35.540 8 INFO neutron.db.ovn_revision_numbers_db [req-480bde74-8988-48b1-9f2d-89521821854f req-5116dbb0-bb64-48c3-81b3-71fdce950185 e19a0c7f39814e7bb6223dda14ce4989 cdb6b868bba9469ca81c23ad0bcd2f01 - - d1146906f66a4a0cb46ecefe67aee84b d1146906f66a4a0cb46ecefe67aee84b] Successfully bumped revision number for resource f50ea1d4-e33c-42a3-8b2d-8a56628b46e4 (type: ports) to 2
2026-06-28 21:06:35.562 9 INFO neutron.wsgi [None req-501077bf-c7a7-44c8-9207-c3ee91f6dbbd 7ce99a38adbf44dea1546587a3280700 ef3cff4f372848748245027e5e1fec4f - - default default] 10.0.0.131 "DELETE /v2.0/routers/3933a650-4df1-4b6c-a950-07f9d6337762 HTTP/1.1" status: 204 len: 168 time: 0.6134934
2026-06-28 21:06:35.571 8 INFO neutron.wsgi [req-d13e0cea-85b5-477f-979c-b1bb62ec92b8 req-a02a513c-f5c8-4588-8e69-d470e9dc2a6f e19a0c7f39814e7bb6223dda14ce4989 cdb6b868bba9469ca81c23ad0bcd2f01 - - d1146906f66a4a0cb46ecefe67aee84b d1146906f66a4a0cb46ecefe67aee84b] 199.204.45.23 "GET /v2.0/networks/0b40e98c-57dd-44e7-8dce-a6152cdfc245?fields=segments HTTP/1.1" status: 200 len: 212 time: 0.1233795
2026-06-28 21:06:35.578 8 INFO neutron.wsgi [req-480bde74-8988-48b1-9f2d-89521821854f req-5116dbb0-bb64-48c3-81b3-71fdce950185 e19a0c7f39814e7bb6223dda14ce4989 cdb6b868bba9469ca81c23ad0bcd2f01 - - d1146906f66a4a0cb46ecefe67aee84b d1146906f66a4a0cb46ecefe67aee84b] 199.204.45.23 "PUT /v2.0/ports/f50ea1d4-e33c-42a3-8b2d-8a56628b46e4 HTTP/1.1" status: 200 len: 1376 time: 1.4566298
2026-06-28 21:06:35.691 8 INFO neutron.wsgi [req-480bde74-8988-48b1-9f2d-89521821854f req-5ff99249-0b96-4d5c-8c4c-4e595849f3fb e19a0c7f39814e7bb6223dda14ce4989 cdb6b868bba9469ca81c23ad0bcd2f01 - - d1146906f66a4a0cb46ecefe67aee84b d1146906f66a4a0cb46ecefe67aee84b] 199.204.45.23 "GET /v2.0/ports?tenant_id=901a62e3e689480c8fc4a52277b53200&device_id=b86fbc89-3b99-4282-9017-9b5e65042eb4 HTTP/1.1" status: 200 len: 1407 time: 0.0792925
2026-06-28 21:06:35.698 8 INFO neutron.wsgi [req-a949e3f5-672f-467f-a5a2-18b9ca90d6bf req-5592188d-3144-497b-85cb-df6c70104469 282603cdba6043dea337ec1d8398f454 72159362b122491d82b056bafe7e444f - - default default] 10.0.0.153 "GET /v2.0/ports?device_id=3268084d-9f4b-49a2-ab4a-6c48f0d900c4 HTTP/1.1" status: 200 len: 1168 time: 0.1013749
2026-06-28 21:06:35.760 8 INFO neutron.wsgi [req-5b725fd1-a02d-4715-9418-d0887c879d61 req-23eb975b-dc36-46a9-8cf9-a5294ff601a0 1f76fca7ec8c4fd987f68aa1685dda73 901a62e3e689480c8fc4a52277b53200 - - default default] 10.0.0.153 "GET /v2.0/ports?device_id=b86fbc89-3b99-4282-9017-9b5e65042eb4 HTTP/1.1" status: 200 len: 1168 time: 0.1186829
2026-06-28 21:06:35.761 9 INFO neutron.wsgi [None req-0326256f-a903-42f7-9e87-95386edf5a84 7ce99a38adbf44dea1546587a3280700 ef3cff4f372848748245027e5e1fec4f - - default default] 10.0.0.131 "DELETE /v2.0/subnets/021b6632-7575-4544-8068-00327d99438c HTTP/1.1" status: 204 len: 168 time: 0.1951749
2026-06-28 21:06:35.765 8 INFO neutron.wsgi [req-d13e0cea-85b5-477f-979c-b1bb62ec92b8 req-4be0a466-c414-4bf6-b062-1911ac79fd0a e19a0c7f39814e7bb6223dda14ce4989 cdb6b868bba9469ca81c23ad0bcd2f01 - - d1146906f66a4a0cb46ecefe67aee84b d1146906f66a4a0cb46ecefe67aee84b] 199.204.45.23 "GET /v2.0/networks/0b40e98c-57dd-44e7-8dce-a6152cdfc245?fields=provider%3Aphysical_network&fields=provider%3Anetwork_type HTTP/1.1" status: 200 len: 277 time: 0.1768558
2026-06-28 21:06:35.767 8 INFO neutron.wsgi [req-480bde74-8988-48b1-9f2d-89521821854f req-619f55de-1004-42ed-a872-aff080b0f06c e19a0c7f39814e7bb6223dda14ce4989 cdb6b868bba9469ca81c23ad0bcd2f01 - - d1146906f66a4a0cb46ecefe67aee84b d1146906f66a4a0cb46ecefe67aee84b] 199.204.45.23 "GET /v2.0/floatingips?fixed_ip_address=10.100.0.8&port_id=f50ea1d4-e33c-42a3-8b2d-8a56628b46e4 HTTP/1.1" status: 200 len: 217 time: 0.0614312
2026-06-28 21:06:35.959 9 INFO neutron.plugins.ml2.drivers.ovn.mech_driver.mech_driver [None req-5e779a41-02ec-464b-86fc-eee7bd7635aa - - - - - -] OVN reports status up for port: 06e24b41-c183-4fca-a43b-fbd37c9abea7
2026-06-28 21:06:36.005 9 INFO neutron.plugins.ml2.plugin [None req-5e779a41-02ec-464b-86fc-eee7bd7635aa - - - - - -] Attempt 1 to provision port 06e24b41-c183-4fca-a43b-fbd37c9abea7
2026-06-28 21:06:36.035 8 INFO neutron.wsgi [req-a949e3f5-672f-467f-a5a2-18b9ca90d6bf req-7d3ded1a-bc7b-4551-9744-a5b626a26f3d 282603cdba6043dea337ec1d8398f454 72159362b122491d82b056bafe7e444f - - default default] 10.0.0.153 "GET /v2.0/security-groups?id=91e6e8ca-04f5-4164-a25a-1dd392a4aa1d&fields=id&fields=name HTTP/1.1" status: 200 len: 313 time: 0.3271966
2026-06-28 21:06:36.069 9 INFO neutron.services.segments.plugin [-] Segment 953329cb-a6b6-45da-9453-ef83f5a949d2 resource provider aggregate not found
2026-06-28 21:06:36.071 8 INFO neutron.wsgi [req-480bde74-8988-48b1-9f2d-89521821854f req-78e25e60-67a6-48c4-9654-9af879eb62e3 e19a0c7f39814e7bb6223dda14ce4989 cdb6b868bba9469ca81c23ad0bcd2f01 - - d1146906f66a4a0cb46ecefe67aee84b d1146906f66a4a0cb46ecefe67aee84b] 199.204.45.23 "GET /v2.0/subnets?id=bc85b470-b2a6-4bd5-ba49-8b00e43fd812 HTTP/1.1" status: 200 len: 876 time: 0.2942894
2026-06-28 21:06:36.076 9 INFO neutron.services.segments.plugin [-] Segment 953329cb-a6b6-45da-9453-ef83f5a949d2 resource provider aggregate not found
2026-06-28 21:06:36.093 8 INFO neutron.notifiers.nova [-] Nova event matching ['req-915bb5dd-2169-43b7-9876-cd3d682163a2'] response: {'name': 'network-changed', 'server_uuid': '3268084d-9f4b-49a2-ab4a-6c48f0d900c4', 'tag': '06e24b41-c183-4fca-a43b-fbd37c9abea7', 'status': 'completed', 'code': 200}
2026-06-28 21:06:36.093 8 INFO neutron.notifiers.nova [-] Nova event matching ['req-915bb5dd-2169-43b7-9876-cd3d682163a2'] response: {'name': 'network-changed', 'server_uuid': 'b86fbc89-3b99-4282-9017-9b5e65042eb4', 'tag': 'f50ea1d4-e33c-42a3-8b2d-8a56628b46e4', 'status': 'completed', 'code': 200}
2026-06-28 21:06:36.093 9 INFO neutron.services.segments.plugin [-] Segment 953329cb-a6b6-45da-9453-ef83f5a949d2 resource provider not found; error: Placement Client Error (4xx): {"errors": [{"status": 404, "title": "Not Found", "detail": "The resource could not be found.\n\n No resource provider with uuid 953329cb-a6b6-45da-9453-ef83f5a949d2 found for delete ", "request_id": "req-36042186-73f4-4672-8f91-0bc2ed812de1"}]}
2026-06-28 21:06:36.096 9 INFO neutron.services.segments.plugin [-] Segment 953329cb-a6b6-45da-9453-ef83f5a949d2 resource provider not found; error: Placement Client Error (4xx): {"errors": [{"status": 404, "title": "Not Found", "detail": "The resource could not be found.\n\n No resource provider with uuid 953329cb-a6b6-45da-9453-ef83f5a949d2 found for delete ", "request_id": "req-a1b08a64-778a-4709-87d4-a63aee4bd20b"}]}
2026-06-28 21:06:36.099 8 INFO neutron.wsgi [req-5b725fd1-a02d-4715-9418-d0887c879d61 req-7a1faa7f-487b-4712-beac-8a628a2ea4d5 1f76fca7ec8c4fd987f68aa1685dda73 901a62e3e689480c8fc4a52277b53200 - - default default] 10.0.0.153 "GET /v2.0/security-groups?id=876528b8-edeb-41ab-bbab-eebb33342fa5&fields=id&fields=name HTTP/1.1" status: 200 len: 313 time: 0.3308322
2026-06-28 21:06:36.115 8 INFO neutron.wsgi [req-480bde74-8988-48b1-9f2d-89521821854f req-1a5cebef-ca52-4292-afa6-4658ceb1b23e e19a0c7f39814e7bb6223dda14ce4989 cdb6b868bba9469ca81c23ad0bcd2f01 - - d1146906f66a4a0cb46ecefe67aee84b d1146906f66a4a0cb46ecefe67aee84b] 199.204.45.23 "GET /v2.0/ports?network_id=0fd2dc07-7ae3-4b3d-ace3-525f8d4da782&device_owner=network%3Adhcp HTTP/1.1" status: 200 len: 210 time: 0.0342233
2026-06-28 21:06:36.143 9 INFO neutron.wsgi [None req-78eea20b-3f12-4989-9254-9a086317d412 7ce99a38adbf44dea1546587a3280700 ef3cff4f372848748245027e5e1fec4f - - default default] 10.0.0.131 "DELETE /v2.0/networks/8ada63b6-4d67-4aa0-87ac-bc118449cc8c HTTP/1.1" status: 204 len: 168 time: 0.3761823
2026-06-28 21:06:36.191 8 INFO neutron.wsgi [req-8bebabe5-a5dd-4110-9191-84ce25523b2c req-a7e3f18c-537c-4c8d-bb78-691eb623f607 e19a0c7f39814e7bb6223dda14ce4989 cdb6b868bba9469ca81c23ad0bcd2f01 - - d1146906f66a4a0cb46ecefe67aee84b d1146906f66a4a0cb46ecefe67aee84b] 199.204.45.23 "GET /v2.0/ports?tenant_id=72159362b122491d82b056bafe7e444f&device_id=3268084d-9f4b-49a2-ab4a-6c48f0d900c4 HTTP/1.1" status: 200 len: 1407 time: 0.0583708
2026-06-28 21:06:36.214 9 INFO neutron.notifiers.nova [-] Nova event matching ['req-1e58354f-0fd5-4623-967f-b3c2708df122'] response: {'server_uuid': '3268084d-9f4b-49a2-ab4a-6c48f0d900c4', 'name': 'network-vif-plugged', 'status': 'completed', 'tag': '06e24b41-c183-4fca-a43b-fbd37c9abea7', 'code': 200} /var/lib/openstack/lib/python3.10/site-packages/pycadf/identifier.py:71: UserWarning: Invalid uuid: neutron. To ensure interoperability, identifiers should be a valid uuid. warnings.warn(('Invalid uuid: %s. To ensure interoperability, '
2026-06-28 21:06:36.254 8 INFO neutron.wsgi [None req-5258bc72-408f-4198-8fdb-22877c65d2d5 7ce99a38adbf44dea1546587a3280700 ef3cff4f372848748245027e5e1fec4f - - default default] 10.0.0.131 "PUT /v2.0/routers/a29c11a1-ea5f-4ad9-804d-4a3324542664/remove_router_interface HTTP/1.1" status: 200 len: 503 time: 2.6663530
2026-06-28 21:06:36.317 8 INFO neutron.wsgi [req-480bde74-8988-48b1-9f2d-89521821854f req-853ab897-c887-4d75-9273-595b34552e67 e19a0c7f39814e7bb6223dda14ce4989 cdb6b868bba9469ca81c23ad0bcd2f01 - - d1146906f66a4a0cb46ecefe67aee84b d1146906f66a4a0cb46ecefe67aee84b] 199.204.45.23 "GET /v2.0/networks/0fd2dc07-7ae3-4b3d-ace3-525f8d4da782?fields=segments HTTP/1.1" status: 200 len: 212 time: 0.1858227
2026-06-28 21:06:36.358 9 INFO neutron.wsgi [None req-dd621f44-819e-44ed-bbca-4117dab86c7d 7ce99a38adbf44dea1546587a3280700 ef3cff4f372848748245027e5e1fec4f - - default default] 10.0.0.131 "GET /v2.0/security-groups?tenant_id=b0cef0222f174c2bbadfbbd1637fd704&name=default HTTP/1.1" status: 200 len: 2992 time: 0.0536633
2026-06-28 21:06:36.398 8 INFO neutron.wsgi [req-8bebabe5-a5dd-4110-9191-84ce25523b2c req-c7efc7e8-07f7-4875-8ec9-8f5f7358d9c0 e19a0c7f39814e7bb6223dda14ce4989 cdb6b868bba9469ca81c23ad0bcd2f01 - - d1146906f66a4a0cb46ecefe67aee84b d1146906f66a4a0cb46ecefe67aee84b] 199.204.45.23 "GET /v2.0/networks?id=0b40e98c-57dd-44e7-8dce-a6152cdfc245 HTTP/1.1" status: 200 len: 973 time: 0.2011585
2026-06-28 21:06:36.409 9 INFO neutron.db.ovn_revision_numbers_db [None req-5e779a41-02ec-464b-86fc-eee7bd7635aa - - - - - -] Successfully bumped revision number for resource 06e24b41-c183-4fca-a43b-fbd37c9abea7 (type: ports) to 4
2026-06-28 21:06:36.448 8 INFO neutron.wsgi [req-8bebabe5-a5dd-4110-9191-84ce25523b2c req-614de6d6-2a68-4578-87ea-37d5f2bbe77a e19a0c7f39814e7bb6223dda14ce4989 cdb6b868bba9469ca81c23ad0bcd2f01 - - d1146906f66a4a0cb46ecefe67aee84b d1146906f66a4a0cb46ecefe67aee84b] 199.204.45.23 "GET /v2.0/floatingips?fixed_ip_address=10.100.0.7&port_id=06e24b41-c183-4fca-a43b-fbd37c9abea7 HTTP/1.1" status: 200 len: 217 time: 0.0437214
2026-06-28 21:06:36.471 8 INFO neutron.wsgi [req-480bde74-8988-48b1-9f2d-89521821854f req-0c958d66-8eec-4bc3-9ed4-a2bea5fd55f0 e19a0c7f39814e7bb6223dda14ce4989 cdb6b868bba9469ca81c23ad0bcd2f01 - - d1146906f66a4a0cb46ecefe67aee84b d1146906f66a4a0cb46ecefe67aee84b] 199.204.45.23 "GET /v2.0/networks/0fd2dc07-7ae3-4b3d-ace3-525f8d4da782?fields=provider%3Aphysical_network&fields=provider%3Anetwork_type HTTP/1.1" status: 200 len: 277 time: 0.1366656
2026-06-28 21:06:36.499 8 INFO neutron.wsgi [req-8bebabe5-a5dd-4110-9191-84ce25523b2c req-639c94b3-fdd0-4e46-8376-b48d2115ca09 e19a0c7f39814e7bb6223dda14ce4989 cdb6b868bba9469ca81c23ad0bcd2f01 - - d1146906f66a4a0cb46ecefe67aee84b d1146906f66a4a0cb46ecefe67aee84b] 199.204.45.23 "GET /v2.0/subnets?id=177c8015-2fb9-4165-a4b4-c80a84a3019d HTTP/1.1" status: 200 len: 868 time: 0.0405717
2026-06-28 21:06:36.544 8 INFO neutron.wsgi [req-8bebabe5-a5dd-4110-9191-84ce25523b2c req-608d60f3-2715-4faa-ab9a-805f69b51a73 e19a0c7f39814e7bb6223dda14ce4989 cdb6b868bba9469ca81c23ad0bcd2f01 - - d1146906f66a4a0cb46ecefe67aee84b d1146906f66a4a0cb46ecefe67aee84b] 199.204.45.23 "GET /v2.0/ports?network_id=0b40e98c-57dd-44e7-8dce-a6152cdfc245&device_owner=network%3Adhcp HTTP/1.1" status: 200 len: 210 time: 0.0365853
2026-06-28 21:06:36.648 8 INFO neutron.wsgi [req-8bebabe5-a5dd-4110-9191-84ce25523b2c req-0e1b450f-dd24-484c-9a42-968f25d0d5b6 e19a0c7f39814e7bb6223dda14ce4989 cdb6b868bba9469ca81c23ad0bcd2f01 - - d1146906f66a4a0cb46ecefe67aee84b d1146906f66a4a0cb46ecefe67aee84b] 199.204.45.23 "GET /v2.0/networks/0b40e98c-57dd-44e7-8dce-a6152cdfc245?fields=segments HTTP/1.1" status: 200 len: 212 time: 0.0980427
2026-06-28 21:06:36.668 9 INFO neutron.plugins.ml2.drivers.ovn.mech_driver.mech_driver [None req-5e779a41-02ec-464b-86fc-eee7bd7635aa - - - - - -] OVN reports status up for port: f50ea1d4-e33c-42a3-8b2d-8a56628b46e4
2026-06-28 21:06:36.685 9 INFO neutron.wsgi [None req-6bf8ed07-dc2f-4829-8f79-47293ffaee0f 7ce99a38adbf44dea1546587a3280700 ef3cff4f372848748245027e5e1fec4f - - default default] 10.0.0.131 "DELETE /v2.0/security-groups/013e21e0-6bcc-4d89-a72e-80d243be77f6 HTTP/1.1" status: 204 len: 168 time: 0.3194551
2026-06-28 21:06:36.686 9 INFO neutron.plugins.ml2.plugin [None req-5e779a41-02ec-464b-86fc-eee7bd7635aa - - - - - -] Attempt 1 to provision port f50ea1d4-e33c-42a3-8b2d-8a56628b46e4
2026-06-28 21:06:36.736 8 INFO neutron.wsgi [req-8bebabe5-a5dd-4110-9191-84ce25523b2c req-1123ceca-f0c8-4cdf-9a9e-e8f1c02ede77 e19a0c7f39814e7bb6223dda14ce4989 cdb6b868bba9469ca81c23ad0bcd2f01 - - d1146906f66a4a0cb46ecefe67aee84b d1146906f66a4a0cb46ecefe67aee84b] 199.204.45.23 "GET /v2.0/networks/0b40e98c-57dd-44e7-8dce-a6152cdfc245?fields=provider%3Aphysical_network&fields=provider%3Anetwork_type HTTP/1.1" status: 200 len: 277 time: 0.0729787
2026-06-28 21:06:36.827 8 INFO neutron.wsgi [req-8bebabe5-a5dd-4110-9191-84ce25523b2c req-84ae27a7-4e45-4301-9150-7cad944ebad9 e19a0c7f39814e7bb6223dda14ce4989 cdb6b868bba9469ca81c23ad0bcd2f01 - - d1146906f66a4a0cb46ecefe67aee84b d1146906f66a4a0cb46ecefe67aee84b] 199.204.45.23 "GET /v2.0/ports?tenant_id=901a62e3e689480c8fc4a52277b53200&device_id=b86fbc89-3b99-4282-9017-9b5e65042eb4 HTTP/1.1" status: 200 len: 1409 time: 0.0534663
2026-06-28 21:06:36.983 8 INFO neutron.wsgi [req-8bebabe5-a5dd-4110-9191-84ce25523b2c req-190b9815-346f-4b25-9f52-4616b188798c e19a0c7f39814e7bb6223dda14ce4989 cdb6b868bba9469ca81c23ad0bcd2f01 - - d1146906f66a4a0cb46ecefe67aee84b d1146906f66a4a0cb46ecefe67aee84b] 199.204.45.23 "GET /v2.0/networks?id=0fd2dc07-7ae3-4b3d-ace3-525f8d4da782 HTTP/1.1" status: 200 len: 981 time: 0.1404929
2026-06-28 21:06:37.029 8 INFO neutron.wsgi [req-8bebabe5-a5dd-4110-9191-84ce25523b2c req-df08d99e-415c-4a9e-ab9e-e83ac16b907d e19a0c7f39814e7bb6223dda14ce4989 cdb6b868bba9469ca81c23ad0bcd2f01 - - d1146906f66a4a0cb46ecefe67aee84b d1146906f66a4a0cb46ecefe67aee84b] 199.204.45.23 "GET /v2.0/floatingips?fixed_ip_address=10.100.0.8&port_id=f50ea1d4-e33c-42a3-8b2d-8a56628b46e4 HTTP/1.1" status: 200 len: 217 time: 0.0355957
2026-06-28 21:06:37.045 9 INFO neutron.db.ovn_revision_numbers_db [None req-5e779a41-02ec-464b-86fc-eee7bd7635aa - - - - - -] Successfully bumped revision number for resource f50ea1d4-e33c-42a3-8b2d-8a56628b46e4 (type: ports) to 4
2026-06-28 21:06:37.077 8 INFO neutron.wsgi [req-8bebabe5-a5dd-4110-9191-84ce25523b2c req-f66ec134-8f7f-4d86-b47c-c7e8779974be e19a0c7f39814e7bb6223dda14ce4989 cdb6b868bba9469ca81c23ad0bcd2f01 - - d1146906f66a4a0cb46ecefe67aee84b d1146906f66a4a0cb46ecefe67aee84b] 199.204.45.23 "GET /v2.0/subnets?id=bc85b470-b2a6-4bd5-ba49-8b00e43fd812 HTTP/1.1" status: 200 len: 876 time: 0.0414257
2026-06-28 21:06:37.127 8 INFO neutron.wsgi [req-8bebabe5-a5dd-4110-9191-84ce25523b2c req-1d7347e8-0ea1-4add-95e2-00408850d020 e19a0c7f39814e7bb6223dda14ce4989 cdb6b868bba9469ca81c23ad0bcd2f01 - - d1146906f66a4a0cb46ecefe67aee84b d1146906f66a4a0cb46ecefe67aee84b] 199.204.45.23 "GET /v2.0/ports?network_id=0fd2dc07-7ae3-4b3d-ace3-525f8d4da782&device_owner=network%3Adhcp HTTP/1.1" status: 200 len: 210 time: 0.0357361
2026-06-28 21:06:37.290 8 INFO neutron.wsgi [req-8bebabe5-a5dd-4110-9191-84ce25523b2c req-bfc65aff-7ccb-49ad-abd5-8a823dba0edb e19a0c7f39814e7bb6223dda14ce4989 cdb6b868bba9469ca81c23ad0bcd2f01 - - d1146906f66a4a0cb46ecefe67aee84b d1146906f66a4a0cb46ecefe67aee84b] 199.204.45.23 "GET /v2.0/networks/0fd2dc07-7ae3-4b3d-ace3-525f8d4da782?fields=segments HTTP/1.1" status: 200 len: 212 time: 0.1518934
2026-06-28 21:06:37.303 8 INFO neutron.wsgi [req-4651fc99-c3fc-4e77-9b4a-e174d8ccd751 req-cdfe8758-c824-491f-a525-d22730d9cd3e 282603cdba6043dea337ec1d8398f454 72159362b122491d82b056bafe7e444f - - default default] 10.0.0.153 "GET /v2.0/ports?device_id=3268084d-9f4b-49a2-ab4a-6c48f0d900c4 HTTP/1.1" status: 200 len: 1170 time: 0.1927674
2026-06-28 21:06:37.394 8 INFO neutron.wsgi [req-aacedca7-657c-4099-a469-251ceecd7584 req-89ade2bb-80ec-4238-9ac1-bd5492b6c548 1f76fca7ec8c4fd987f68aa1685dda73 901a62e3e689480c8fc4a52277b53200 - - default default] 10.0.0.153 "GET /v2.0/ports?device_id=b86fbc89-3b99-4282-9017-9b5e65042eb4 HTTP/1.1" status: 200 len: 1170 time: 0.2451372
2026-06-28 21:06:37.417 8 INFO neutron.wsgi [req-4651fc99-c3fc-4e77-9b4a-e174d8ccd751 req-98fa9966-391b-463e-bd76-f8943a6ae834 282603cdba6043dea337ec1d8398f454 72159362b122491d82b056bafe7e444f - - default default] 10.0.0.153 "GET /v2.0/security-groups?id=91e6e8ca-04f5-4164-a25a-1dd392a4aa1d&fields=id&fields=name HTTP/1.1" status: 200 len: 313 time: 0.1002233
2026-06-28 21:06:37.440 8 INFO neutron.wsgi [req-8bebabe5-a5dd-4110-9191-84ce25523b2c req-9e688d45-be7d-431a-8359-6f1915799961 e19a0c7f39814e7bb6223dda14ce4989 cdb6b868bba9469ca81c23ad0bcd2f01 - - d1146906f66a4a0cb46ecefe67aee84b d1146906f66a4a0cb46ecefe67aee84b] 199.204.45.23 "GET /v2.0/networks/0fd2dc07-7ae3-4b3d-ace3-525f8d4da782?fields=provider%3Aphysical_network&fields=provider%3Anetwork_type HTTP/1.1" status: 200 len: 277 time: 0.1408148
2026-06-28 21:06:37.442 8 INFO neutron.wsgi [None req-4a77df2e-a8f5-469d-8b53-fd20eb56d5b4 7ce99a38adbf44dea1546587a3280700 ef3cff4f372848748245027e5e1fec4f - - default default] 10.0.0.131 "DELETE /v2.0/routers/a29c11a1-ea5f-4ad9-804d-4a3324542664 HTTP/1.1" status: 204 len: 168 time: 1.1778421
2026-06-28 21:06:37.480 8 INFO neutron.wsgi [req-aacedca7-657c-4099-a469-251ceecd7584 req-66e1f7ad-0ad4-46f8-b244-bff50e480422 1f76fca7ec8c4fd987f68aa1685dda73 901a62e3e689480c8fc4a52277b53200 - - default default] 10.0.0.153 "GET /v2.0/security-groups?id=876528b8-edeb-41ab-bbab-eebb33342fa5&fields=id&fields=name HTTP/1.1" status: 200 len: 313 time: 0.0797317
2026-06-28 21:06:37.549 8 INFO neutron.wsgi [req-fb959404-3e9c-4a5a-9569-22923dcc7ca1 req-ce3115d1-54d0-441d-8179-f07ef63a6b91 282603cdba6043dea337ec1d8398f454 72159362b122491d82b056bafe7e444f - - default default] 10.0.0.153 "GET /v2.0/ports?device_id=3268084d-9f4b-49a2-ab4a-6c48f0d900c4 HTTP/1.1" status: 200 len: 1170 time: 0.0445611 /var/lib/openstack/lib/python3.10/site-packages/pycadf/identifier.py:71: UserWarning: Invalid uuid: neutron. To ensure interoperability, identifiers should be a valid uuid. warnings.warn(('Invalid uuid: %s. To ensure interoperability, '
2026-06-28 21:06:37.674 8 INFO neutron.wsgi [None req-34e4e871-1c50-434f-8eb3-16fe52efdc1b 7ce99a38adbf44dea1546587a3280700 ef3cff4f372848748245027e5e1fec4f - - default default] 10.0.0.131 "DELETE /v2.0/subnets/731c0074-1b1c-42df-a987-ad38bcebf2fd HTTP/1.1" status: 204 len: 168 time: 0.2259371
2026-06-28 21:06:37.823 9 INFO neutron.db.l3_db [None req-80303467-efa6-4fda-85c4-583648b41f06 282603cdba6043dea337ec1d8398f454 72159362b122491d82b056bafe7e444f - - default default] Floating IP 450ff3c9-26b2-4a64-8daf-1ce66395dd7f associated. External IP: 10.96.250.213, port: 06e24b41-c183-4fca-a43b-fbd37c9abea7.
2026-06-28 21:06:38.016 8 INFO neutron.services.segments.plugin [-] Segment 8045b438-25cd-4c5f-bbc5-5666a8a4dd2a resource provider aggregate not found
2026-06-28 21:06:38.035 8 INFO neutron.services.segments.plugin [-] Segment 8045b438-25cd-4c5f-bbc5-5666a8a4dd2a resource provider aggregate not found
2026-06-28 21:06:38.037 9 INFO neutron.db.ovn_revision_numbers_db [None req-80303467-efa6-4fda-85c4-583648b41f06 282603cdba6043dea337ec1d8398f454 72159362b122491d82b056bafe7e444f - - default default] Successfully bumped revision number for resource 450ff3c9-26b2-4a64-8daf-1ce66395dd7f (type: floatingips) to 1
2026-06-28 21:06:38.054 8 INFO neutron.services.segments.plugin [-] Segment 8045b438-25cd-4c5f-bbc5-5666a8a4dd2a resource provider not found; error: Placement Client Error (4xx): {"errors": [{"status": 404, "title": "Not Found", "detail": "The resource could not be found.\n\n No resource provider with uuid 8045b438-25cd-4c5f-bbc5-5666a8a4dd2a found for delete ", "request_id": "req-a43a5373-7cab-4f0f-996c-1cf2a1997889"}]}
2026-06-28 21:06:38.057 8 INFO neutron.services.segments.plugin [-] Segment 8045b438-25cd-4c5f-bbc5-5666a8a4dd2a resource provider not found; error: Placement Client Error (4xx): {"errors": [{"status": 404, "title": "Not Found", "detail": "The resource could not be found.\n\n No resource provider with uuid 8045b438-25cd-4c5f-bbc5-5666a8a4dd2a found for delete ", "request_id": "req-d0122341-2ae7-420c-ab53-73f2b42c5a56"}]}
2026-06-28 21:06:38.078 8 INFO neutron.wsgi [None req-50e391a8-5979-4580-b7b7-20353e99a0b4 7ce99a38adbf44dea1546587a3280700 ef3cff4f372848748245027e5e1fec4f - - default default] 10.0.0.131 "DELETE /v2.0/networks/6039d6bc-13b2-4a25-846e-8b0b8a26f604 HTTP/1.1" status: 204 len: 168 time: 0.3990080
2026-06-28 21:06:38.180 9 INFO neutron.db.ovn_revision_numbers_db [None req-80303467-efa6-4fda-85c4-583648b41f06 282603cdba6043dea337ec1d8398f454 72159362b122491d82b056bafe7e444f - - default default] Successfully bumped revision number for resource 450ff3c9-26b2-4a64-8daf-1ce66395dd7f (type: floatingips) to 2 /var/lib/openstack/lib/python3.10/site-packages/pycadf/identifier.py:71: UserWarning: Invalid uuid: neutron. To ensure interoperability, identifiers should be a valid uuid. warnings.warn(('Invalid uuid: %s. To ensure interoperability, '
2026-06-28 21:06:38.206 9 INFO neutron.wsgi [None req-80303467-efa6-4fda-85c4-583648b41f06 282603cdba6043dea337ec1d8398f454 72159362b122491d82b056bafe7e444f - - default default] 10.0.0.131 "PUT /v2.0/floatingips/450ff3c9-26b2-4a64-8daf-1ce66395dd7f HTTP/1.1" status: 200 len: 1049 time: 0.6450014
2026-06-28 21:06:38.237 8 INFO neutron.wsgi [None req-dc206c4c-8d01-482a-af1d-5b50f75a5e4b 7ce99a38adbf44dea1546587a3280700 ef3cff4f372848748245027e5e1fec4f - - default default] 10.0.0.131 "GET /v2.0/security-groups?tenant_id=252486220d174bf8ba5c45aec1095bb7&name=default HTTP/1.1" status: 200 len: 2992 time: 0.0399792
2026-06-28 21:06:38.260 9 INFO neutron.notifiers.nova [-] Nova event matching ['req-b7eb0a90-5d56-4fc4-b431-8b9c2a4e779f'] response: {'server_uuid': '3268084d-9f4b-49a2-ab4a-6c48f0d900c4', 'name': 'network-vif-plugged', 'status': 'completed', 'tag': '06e24b41-c183-4fca-a43b-fbd37c9abea7', 'code': 200}
2026-06-28 21:06:38.261 9 INFO neutron.notifiers.nova [-] Nova event matching ['req-b7eb0a90-5d56-4fc4-b431-8b9c2a4e779f'] response: {'server_uuid': 'b86fbc89-3b99-4282-9017-9b5e65042eb4', 'name': 'network-vif-plugged', 'status': 'completed', 'tag': 'f50ea1d4-e33c-42a3-8b2d-8a56628b46e4', 'code': 200}
2026-06-28 21:06:38.261 9 INFO neutron.notifiers.nova [-] Nova event matching ['req-b7eb0a90-5d56-4fc4-b431-8b9c2a4e779f'] response: {'server_uuid': 'b86fbc89-3b99-4282-9017-9b5e65042eb4', 'name': 'network-vif-plugged', 'status': 'completed', 'tag': 'f50ea1d4-e33c-42a3-8b2d-8a56628b46e4', 'code': 200}
