2026-06-28 21:10:50.189 8 INFO neutron.wsgi [None req-a15d1955-f547-45e2-85aa-8fbca0bf7645 7ce99a38adbf44dea1546587a3280700 ef3cff4f372848748245027e5e1fec4f - - default default] 199.204.45.23 "PUT /v2.0/ports/b59cb711-8bf7-497e-893c-ed2778b1cadf HTTP/1.1" status: 200 len: 1491 time: 0.5647857 /var/lib/openstack/lib/python3.10/site-packages/pycadf/identifier.py:71: UserWarning: Invalid uuid: neutron. To ensure interoperability, identifiers should be a valid uuid. warnings.warn(('Invalid uuid: %s. To ensure interoperability, '
2026-06-28 21:10:50.229 8 INFO neutron.wsgi [None req-75f6ea0c-a4f2-4802-b0d4-b241f1b0d42e 7ce99a38adbf44dea1546587a3280700 ef3cff4f372848748245027e5e1fec4f - - default default] 199.204.45.23 "GET /v2.0/security-groups?name=lb-2b7ad52e-1ef7-4c0f-b408-26aad13cfab6 HTTP/1.1" status: 200 len: 1775 time: 0.0331023
2026-06-28 21:10:50.230 8 INFO neutron.notifiers.nova [-] Nova event matching ['req-ed0f7d8e-c0cc-4b95-993e-22ce35421f0e'] response: {'name': 'network-changed', 'server_uuid': 'ce3a7d5d-4ed0-4170-a45f-34f4771036f9', 'tag': 'b59cb711-8bf7-497e-893c-ed2778b1cadf', 'status': 'completed', 'code': 200}
2026-06-28 21:10:50.270 8 INFO neutron.services.segments.plugin [-] Segment 71377a31-45e8-406f-8963-5845c5c1857e resource provider aggregate not found
2026-06-28 21:10:50.276 8 INFO neutron.services.segments.plugin [-] Segment 71377a31-45e8-406f-8963-5845c5c1857e resource provider aggregate not found
2026-06-28 21:10:50.286 8 INFO neutron.services.segments.plugin [-] Segment 71377a31-45e8-406f-8963-5845c5c1857e resource provider not found; error: Placement Client Error (4xx): {"errors": [{"status": 404, "title": "Not Found", "detail": "The resource could not be found.\n\n No resource provider with uuid 71377a31-45e8-406f-8963-5845c5c1857e found for delete ", "request_id": "req-c7122a57-b592-4e05-a2ac-2dbf9e5a976d"}]}
2026-06-28 21:10:50.296 8 INFO neutron.services.segments.plugin [-] Segment 71377a31-45e8-406f-8963-5845c5c1857e resource provider not found; error: Placement Client Error (4xx): {"errors": [{"status": 404, "title": "Not Found", "detail": "The resource could not be found.\n\n No resource provider with uuid 71377a31-45e8-406f-8963-5845c5c1857e found for delete ", "request_id": "req-ac2f0a39-7d66-4c8e-888c-4c1a0a33c29f"}]}
2026-06-28 21:10:50.305 9 INFO neutron.wsgi [req-bbd89fd7-ea9b-475d-af46-0ec3035e8673 req-f41976de-25b8-4ceb-be9d-d68de003b445 e19a0c7f39814e7bb6223dda14ce4989 cdb6b868bba9469ca81c23ad0bcd2f01 - - d1146906f66a4a0cb46ecefe67aee84b d1146906f66a4a0cb46ecefe67aee84b] 199.204.45.23 "GET /v2.0/ports?tenant_id=ef3cff4f372848748245027e5e1fec4f&device_id=ce3a7d5d-4ed0-4170-a45f-34f4771036f9 HTTP/1.1" status: 200 len: 2728 time: 0.0492465
2026-06-28 21:10:50.390 9 INFO neutron.wsgi [req-bbd89fd7-ea9b-475d-af46-0ec3035e8673 req-b44cecf3-daef-49ae-8836-4f72a9dfc599 e19a0c7f39814e7bb6223dda14ce4989 cdb6b868bba9469ca81c23ad0bcd2f01 - - d1146906f66a4a0cb46ecefe67aee84b d1146906f66a4a0cb46ecefe67aee84b] 199.204.45.23 "GET /v2.0/networks?id=fe2ccc63-fdb3-4e22-9237-58622519fe12 HTTP/1.1" status: 200 len: 1004 time: 0.0779157
2026-06-28 21:10:50.428 9 INFO neutron.wsgi [req-bbd89fd7-ea9b-475d-af46-0ec3035e8673 req-42b7503a-b8bd-4b1c-a411-f87884785e04 e19a0c7f39814e7bb6223dda14ce4989 cdb6b868bba9469ca81c23ad0bcd2f01 - - d1146906f66a4a0cb46ecefe67aee84b d1146906f66a4a0cb46ecefe67aee84b] 199.204.45.23 "GET /v2.0/floatingips?fixed_ip_address=10.1.1.252&port_id=b59cb711-8bf7-497e-893c-ed2778b1cadf HTTP/1.1" status: 200 len: 217 time: 0.0323105
2026-06-28 21:10:50.510 9 INFO neutron.wsgi [req-bbd89fd7-ea9b-475d-af46-0ec3035e8673 req-5f1e7fc9-2e4c-4139-a34e-7a73a5cd7d79 e19a0c7f39814e7bb6223dda14ce4989 cdb6b868bba9469ca81c23ad0bcd2f01 - - d1146906f66a4a0cb46ecefe67aee84b d1146906f66a4a0cb46ecefe67aee84b] 199.204.45.23 "GET /v2.0/subnets?id=94ff6381-acac-43cd-9d3d-245b2f481dd3 HTTP/1.1" status: 200 len: 854 time: 0.0711493
2026-06-28 21:10:50.531 9 INFO neutron.notifiers.nova [-] Nova event matching ['req-9616dd82-5183-43a5-8034-d09e2dabd4c8'] response: {'server_uuid': 'ce3a7d5d-4ed0-4170-a45f-34f4771036f9', 'name': 'network-vif-plugged', 'status': 'completed', 'tag': 'b59cb711-8bf7-497e-893c-ed2778b1cadf', 'code': 200}
2026-06-28 21:10:50.532 9 INFO neutron.notifiers.nova [-] Nova event matching ['req-9616dd82-5183-43a5-8034-d09e2dabd4c8'] response: {'server_uuid': 'ce3a7d5d-4ed0-4170-a45f-34f4771036f9', 'name': 'network-vif-plugged', 'status': 'completed', 'tag': 'b59cb711-8bf7-497e-893c-ed2778b1cadf', 'code': 200}
2026-06-28 21:10:50.537 8 INFO neutron.db.ovn_revision_numbers_db [None req-dde6faa9-c0dc-4b62-83cc-493c365249f0 7ce99a38adbf44dea1546587a3280700 ef3cff4f372848748245027e5e1fec4f - - default default] Successfully bumped revision number for resource b59cb711-8bf7-497e-893c-ed2778b1cadf (type: ports) to 6
2026-06-28 21:10:50.552 8 INFO neutron.wsgi [None req-dde6faa9-c0dc-4b62-83cc-493c365249f0 7ce99a38adbf44dea1546587a3280700 ef3cff4f372848748245027e5e1fec4f - - default default] 199.204.45.23 "PUT /v2.0/ports/b59cb711-8bf7-497e-893c-ed2778b1cadf HTTP/1.1" status: 200 len: 1491 time: 0.3189328
2026-06-28 21:10:50.564 9 INFO neutron.wsgi [req-bbd89fd7-ea9b-475d-af46-0ec3035e8673 req-762cccfe-9778-4f84-9416-3dcd01934ad7 e19a0c7f39814e7bb6223dda14ce4989 cdb6b868bba9469ca81c23ad0bcd2f01 - - d1146906f66a4a0cb46ecefe67aee84b d1146906f66a4a0cb46ecefe67aee84b] 199.204.45.23 "GET /v2.0/ports?network_id=fe2ccc63-fdb3-4e22-9237-58622519fe12&device_owner=network%3Adhcp HTTP/1.1" status: 200 len: 210 time: 0.0449221 /var/lib/openstack/lib/python3.10/site-packages/pycadf/identifier.py:71: UserWarning: Invalid uuid: neutron. To ensure interoperability, identifiers should be a valid uuid. warnings.warn(('Invalid uuid: %s. To ensure interoperability, '
2026-06-28 21:10:50.631 8 INFO neutron.wsgi [None req-5b87330c-2760-4ece-a364-a0dfb5038aa5 7ce99a38adbf44dea1546587a3280700 ef3cff4f372848748245027e5e1fec4f - - default default] 199.204.45.23 "GET /v2.0/extensions/security-group HTTP/1.1" status: 200 len: 369 time: 0.0062509
2026-06-28 21:10:50.641 8 INFO neutron.wsgi [None req-9fef80f4-9a5e-42f3-90dd-242870288443 7ce99a38adbf44dea1546587a3280700 ef3cff4f372848748245027e5e1fec4f - - default default] 199.204.45.23 "GET /v2.0/extensions/dns-integration HTTP/1.1" status: 200 len: 371 time: 0.0040867
2026-06-28 21:10:50.641 9 INFO neutron.wsgi [req-bbd89fd7-ea9b-475d-af46-0ec3035e8673 req-9363ae4e-a5e0-459c-8781-9c4f2a139a16 e19a0c7f39814e7bb6223dda14ce4989 cdb6b868bba9469ca81c23ad0bcd2f01 - - d1146906f66a4a0cb46ecefe67aee84b d1146906f66a4a0cb46ecefe67aee84b] 199.204.45.23 "GET /v2.0/networks/fe2ccc63-fdb3-4e22-9237-58622519fe12?fields=segments HTTP/1.1" status: 200 len: 212 time: 0.0718668
2026-06-28 21:10:50.649 8 INFO neutron.wsgi [None req-b89fcf65-3347-43fc-9fce-5c027310db67 7ce99a38adbf44dea1546587a3280700 ef3cff4f372848748245027e5e1fec4f - - default default] 199.204.45.23 "GET /v2.0/extensions/qos HTTP/1.1" status: 200 len: 365 time: 0.0038509
2026-06-28 21:10:50.658 8 INFO neutron.wsgi [None req-c47e2d24-9a2c-44f6-bb03-6f9d3f8cdb12 7ce99a38adbf44dea1546587a3280700 ef3cff4f372848748245027e5e1fec4f - - default default] 199.204.45.23 "GET /v2.0/extensions/allowed-address-pairs HTTP/1.1" status: 200 len: 383 time: 0.0047200
2026-06-28 21:10:50.698 8 INFO neutron.wsgi [None req-bb057867-f6e1-477f-b2e1-2d9be79fe5e9 7ce99a38adbf44dea1546587a3280700 ef3cff4f372848748245027e5e1fec4f - - default default] 199.204.45.23 "GET /v2.0/subnets/94ff6381-acac-43cd-9d3d-245b2f481dd3 HTTP/1.1" status: 200 len: 851 time: 0.0331595
2026-06-28 21:10:50.727 9 INFO neutron.wsgi [None req-ef6a233d-615b-42ed-a1bd-0a72538b155a 0682dc28ad6f41dfb07cb9a4ba819221 fe44edf4ba4c4116bf612e9ed3f96386 - - default default] 10.0.0.131 "DELETE /v2.0/networks/afe61fb3-ebc0-47cd-9e77-98228b4e52f7 HTTP/1.1" status: 204 len: 168 time: 0.5861175
2026-06-28 21:10:50.732 8 INFO neutron.wsgi [None req-80abb990-88c7-45c3-be5a-e1ba5cb32f77 7ce99a38adbf44dea1546587a3280700 ef3cff4f372848748245027e5e1fec4f - - default default] 199.204.45.23 "GET /v2.0/ports/fd86c992-91ae-4f52-b7f6-ac920b75fd6c HTTP/1.1" status: 200 len: 1332 time: 0.0266011
2026-06-28 21:10:50.744 9 INFO neutron.wsgi [req-bbd89fd7-ea9b-475d-af46-0ec3035e8673 req-09808951-67c5-4e5f-ada7-9aa9375437c8 e19a0c7f39814e7bb6223dda14ce4989 cdb6b868bba9469ca81c23ad0bcd2f01 - - d1146906f66a4a0cb46ecefe67aee84b d1146906f66a4a0cb46ecefe67aee84b] 199.204.45.23 "GET /v2.0/networks/fe2ccc63-fdb3-4e22-9237-58622519fe12?fields=provider%3Aphysical_network&fields=provider%3Anetwork_type HTTP/1.1" status: 200 len: 277 time: 0.0967283
2026-06-28 21:10:50.762 8 INFO neutron.wsgi [None req-59b37bf1-95db-4964-8f70-1ed0a66cc53b 7ce99a38adbf44dea1546587a3280700 ef3cff4f372848748245027e5e1fec4f - - default default] 199.204.45.23 "GET /v2.0/ports/b59cb711-8bf7-497e-893c-ed2778b1cadf HTTP/1.1" status: 200 len: 1519 time: 0.0220985
2026-06-28 21:10:50.794 8 INFO neutron.wsgi [None req-80b5f77e-bab7-4a9f-9d3f-0858163a958f 7ce99a38adbf44dea1546587a3280700 ef3cff4f372848748245027e5e1fec4f - - default default] 199.204.45.23 "GET /v2.0/subnets/94ff6381-acac-43cd-9d3d-245b2f481dd3 HTTP/1.1" status: 200 len: 851 time: 0.0247481
2026-06-28 21:10:50.859 8 INFO neutron.wsgi [None req-15fd8e08-8f36-4032-b915-434b274da556 7ce99a38adbf44dea1546587a3280700 ef3cff4f372848748245027e5e1fec4f - - default default] 199.204.45.23 "GET /v2.0/networks/fe2ccc63-fdb3-4e22-9237-58622519fe12 HTTP/1.1" status: 200 len: 1001 time: 0.0575480
2026-06-28 21:10:50.890 8 INFO neutron.wsgi [None req-e1048020-b20c-460c-a0ce-df60a89776ef 7ce99a38adbf44dea1546587a3280700 ef3cff4f372848748245027e5e1fec4f - - default default] 199.204.45.23 "GET /v2.0/ports/fd86c992-91ae-4f52-b7f6-ac920b75fd6c HTTP/1.1" status: 200 len: 1332 time: 0.0254393
2026-06-28 21:10:50.926 8 INFO neutron.wsgi [None req-5239ee7b-8d92-4459-9a4c-f90ad336726c 7ce99a38adbf44dea1546587a3280700 ef3cff4f372848748245027e5e1fec4f - - default default] 199.204.45.23 "GET /v2.0/subnets/94ff6381-acac-43cd-9d3d-245b2f481dd3 HTTP/1.1" status: 200 len: 851 time: 0.0296094
2026-06-28 21:10:50.986 9 INFO neutron.services.segments.plugin [-] Segment d0ea4b42-001c-4ef3-9089-29561e8720aa resource provider aggregate not found
2026-06-28 21:10:51.009 9 INFO neutron.services.segments.plugin [-] Segment d0ea4b42-001c-4ef3-9089-29561e8720aa resource provider not found; error: Placement Client Error (4xx): {"errors": [{"status": 404, "title": "Not Found", "detail": "The resource could not be found.\n\n No resource provider with uuid d0ea4b42-001c-4ef3-9089-29561e8720aa found for delete ", "request_id": "req-e2c7fa0b-1f0c-4524-bd15-3a2d48a14aee"}]}
2026-06-28 21:10:51.017 9 INFO neutron.services.segments.plugin [-] Segment d0ea4b42-001c-4ef3-9089-29561e8720aa resource provider aggregate not found
2026-06-28 21:10:51.034 9 INFO neutron.services.segments.plugin [-] Segment d0ea4b42-001c-4ef3-9089-29561e8720aa resource provider not found; error: Placement Client Error (4xx): {"errors": [{"status": 404, "title": "Not Found", "detail": "The resource could not be found.\n\n No resource provider with uuid d0ea4b42-001c-4ef3-9089-29561e8720aa found for delete ", "request_id": "req-04e802ad-332d-4eb7-a2ea-df891712d4fb"}]}
2026-06-28 21:10:51.043 9 INFO neutron.services.segments.plugin [-] Segment f68e705c-4679-4444-825c-edb589d17523 resource provider aggregate not found
2026-06-28 21:10:51.055 9 INFO neutron.services.segments.plugin [-] Segment f68e705c-4679-4444-825c-edb589d17523 resource provider aggregate not found
2026-06-28 21:10:51.063 9 INFO neutron.services.segments.plugin [-] Segment f68e705c-4679-4444-825c-edb589d17523 resource provider not found; error: Placement Client Error (4xx): {"errors": [{"status": 404, "title": "Not Found", "detail": "The resource could not be found.\n\n No resource provider with uuid f68e705c-4679-4444-825c-edb589d17523 found for delete ", "request_id": "req-25946d78-c16b-4133-988d-6f6b66d86732"}]}
2026-06-28 21:10:51.078 9 INFO neutron.services.segments.plugin [-] Segment f68e705c-4679-4444-825c-edb589d17523 resource provider not found; error: Placement Client Error (4xx): {"errors": [{"status": 404, "title": "Not Found", "detail": "The resource could not be found.\n\n No resource provider with uuid f68e705c-4679-4444-825c-edb589d17523 found for delete ", "request_id": "req-bc2c342e-97b8-4e40-9f06-e77d2b118afc"}]}
2026-06-28 21:10:51.872 9 INFO neutron.wsgi [None req-5a9800a5-448f-43be-a652-22ce55a48fdc 7ce99a38adbf44dea1546587a3280700 ef3cff4f372848748245027e5e1fec4f - - default default] 10.0.0.131 "GET /v2.0/security-groups?tenant_id=fe44edf4ba4c4116bf612e9ed3f96386&name=default HTTP/1.1" status: 200 len: 3000 time: 0.2231410
2026-06-28 21:10:52.071 9 INFO neutron.wsgi [None req-d31a9143-6bed-492d-9dfe-c43dc100e0f1 7ce99a38adbf44dea1546587a3280700 ef3cff4f372848748245027e5e1fec4f - - default default] 10.0.0.131 "DELETE /v2.0/security-groups/e9f7373d-f302-4a77-818e-49cb578cff8f HTTP/1.1" status: 204 len: 168 time: 0.1927366
2026-06-28 21:10:52.269 8 INFO neutron.notifiers.nova [-] Nova event matching ['req-2175a59c-7fbc-4207-840c-e816856887b0'] response: {'name': 'network-changed', 'server_uuid': 'ce3a7d5d-4ed0-4170-a45f-34f4771036f9', 'tag': 'b59cb711-8bf7-497e-893c-ed2778b1cadf', 'status': 'completed', 'code': 200}
2026-06-28 21:10:52.275 9 INFO neutron.db.ovn_revision_numbers_db [None req-06cec667-a943-4ebf-8f0f-bba0277710a4 7ce99a38adbf44dea1546587a3280700 ef3cff4f372848748245027e5e1fec4f - - default default] Successfully bumped revision number for resource dfc88729-8512-46e0-9423-aa63be54a777 (type: security_groups) to 1
2026-06-28 21:10:52.290 9 INFO neutron.db.ovn_revision_numbers_db [None req-06cec667-a943-4ebf-8f0f-bba0277710a4 7ce99a38adbf44dea1546587a3280700 ef3cff4f372848748245027e5e1fec4f - - default default] Successfully bumped revision number for resource 23e83dd3-dca0-44b9-8f75-e8e996e091ed (type: security_group_rules) to 0
2026-06-28 21:10:52.317 9 INFO neutron.db.ovn_revision_numbers_db [None req-06cec667-a943-4ebf-8f0f-bba0277710a4 7ce99a38adbf44dea1546587a3280700 ef3cff4f372848748245027e5e1fec4f - - default default] Successfully bumped revision number for resource 5d95a6ca-fd59-4d62-a14d-c612ee4c9c49 (type: security_group_rules) to 0
2026-06-28 21:10:52.331 9 INFO neutron.wsgi [req-9def6345-31ca-4ab1-aa11-2108a37a4c0c req-b1092e33-ed95-469c-973e-9946c5fa5402 e19a0c7f39814e7bb6223dda14ce4989 cdb6b868bba9469ca81c23ad0bcd2f01 - - d1146906f66a4a0cb46ecefe67aee84b d1146906f66a4a0cb46ecefe67aee84b] 199.204.45.23 "GET /v2.0/ports?tenant_id=ef3cff4f372848748245027e5e1fec4f&device_id=ce3a7d5d-4ed0-4170-a45f-34f4771036f9 HTTP/1.1" status: 200 len: 2728 time: 0.0388148
2026-06-28 21:10:52.345 9 INFO neutron.db.ovn_revision_numbers_db [None req-06cec667-a943-4ebf-8f0f-bba0277710a4 7ce99a38adbf44dea1546587a3280700 ef3cff4f372848748245027e5e1fec4f - - default default] Successfully bumped revision number for resource 7bb8e40c-8bc4-42ac-9bea-ba755c36c44b (type: security_group_rules) to 0
2026-06-28 21:10:52.374 9 INFO neutron.db.ovn_revision_numbers_db [None req-06cec667-a943-4ebf-8f0f-bba0277710a4 7ce99a38adbf44dea1546587a3280700 ef3cff4f372848748245027e5e1fec4f - - default default] Successfully bumped revision number for resource 96484fba-3b96-47d7-bdf7-76de31b2f637 (type: security_group_rules) to 0
2026-06-28 21:10:52.407 9 INFO neutron.wsgi [None req-06cec667-a943-4ebf-8f0f-bba0277710a4 7ce99a38adbf44dea1546587a3280700 ef3cff4f372848748245027e5e1fec4f - - default default] 10.0.0.131 "GET /v2.0/security-groups?tenant_id=caa1383c42fb4a7fb624433245bc9bce&name=default HTTP/1.1" status: 200 len: 3000 time: 0.2408779
2026-06-28 21:10:52.414 9 INFO neutron.wsgi [req-9def6345-31ca-4ab1-aa11-2108a37a4c0c req-8f1b5020-9c01-48b2-812a-c6c727d6fe74 e19a0c7f39814e7bb6223dda14ce4989 cdb6b868bba9469ca81c23ad0bcd2f01 - - d1146906f66a4a0cb46ecefe67aee84b d1146906f66a4a0cb46ecefe67aee84b] 199.204.45.23 "GET /v2.0/networks?id=fe2ccc63-fdb3-4e22-9237-58622519fe12 HTTP/1.1" status: 200 len: 1004 time: 0.0773351
2026-06-28 21:10:52.446 9 INFO neutron.wsgi [req-9def6345-31ca-4ab1-aa11-2108a37a4c0c req-cbb1cf8f-508a-4916-a6f7-d6e295f95026 e19a0c7f39814e7bb6223dda14ce4989 cdb6b868bba9469ca81c23ad0bcd2f01 - - d1146906f66a4a0cb46ecefe67aee84b d1146906f66a4a0cb46ecefe67aee84b] 199.204.45.23 "GET /v2.0/floatingips?fixed_ip_address=10.1.1.252&port_id=b59cb711-8bf7-497e-893c-ed2778b1cadf HTTP/1.1" status: 200 len: 217 time: 0.0221183
2026-06-28 21:10:52.488 9 INFO neutron.wsgi [req-9def6345-31ca-4ab1-aa11-2108a37a4c0c req-fda00f41-86eb-4511-b6af-66571301baea e19a0c7f39814e7bb6223dda14ce4989 cdb6b868bba9469ca81c23ad0bcd2f01 - - d1146906f66a4a0cb46ecefe67aee84b d1146906f66a4a0cb46ecefe67aee84b] 199.204.45.23 "GET /v2.0/subnets?id=94ff6381-acac-43cd-9d3d-245b2f481dd3 HTTP/1.1" status: 200 len: 854 time: 0.0363326
2026-06-28 21:10:52.516 9 INFO neutron.wsgi [req-9def6345-31ca-4ab1-aa11-2108a37a4c0c req-a8809526-ca82-4bdf-8151-111e52e30440 e19a0c7f39814e7bb6223dda14ce4989 cdb6b868bba9469ca81c23ad0bcd2f01 - - d1146906f66a4a0cb46ecefe67aee84b d1146906f66a4a0cb46ecefe67aee84b] 199.204.45.23 "GET /v2.0/ports?network_id=fe2ccc63-fdb3-4e22-9237-58622519fe12&device_owner=network%3Adhcp HTTP/1.1" status: 200 len: 210 time: 0.0211072
2026-06-28 21:10:52.591 9 INFO neutron.wsgi [req-9def6345-31ca-4ab1-aa11-2108a37a4c0c req-b49a84f6-e193-48db-86f5-6235b249d9c9 e19a0c7f39814e7bb6223dda14ce4989 cdb6b868bba9469ca81c23ad0bcd2f01 - - d1146906f66a4a0cb46ecefe67aee84b d1146906f66a4a0cb46ecefe67aee84b] 199.204.45.23 "GET /v2.0/networks/fe2ccc63-fdb3-4e22-9237-58622519fe12?fields=segments HTTP/1.1" status: 200 len: 212 time: 0.0678058
2026-06-28 21:10:52.675 9 INFO neutron.wsgi [req-9def6345-31ca-4ab1-aa11-2108a37a4c0c req-3fa65c23-b979-4f01-b0e7-461606a16716 e19a0c7f39814e7bb6223dda14ce4989 cdb6b868bba9469ca81c23ad0bcd2f01 - - d1146906f66a4a0cb46ecefe67aee84b d1146906f66a4a0cb46ecefe67aee84b] 199.204.45.23 "GET /v2.0/networks/fe2ccc63-fdb3-4e22-9237-58622519fe12?fields=provider%3Aphysical_network&fields=provider%3Anetwork_type HTTP/1.1" status: 200 len: 277 time: 0.0776541
2026-06-28 21:10:52.680 9 INFO neutron.wsgi [None req-e861d782-bd20-44ea-80b2-b0fb79418415 7ce99a38adbf44dea1546587a3280700 ef3cff4f372848748245027e5e1fec4f - - default default] 10.0.0.131 "DELETE /v2.0/security-groups/dfc88729-8512-46e0-9423-aa63be54a777 HTTP/1.1" status: 204 len: 168 time: 0.2681980
2026-06-28 21:10:52.942 9 INFO neutron.db.ovn_revision_numbers_db [None req-76023e8b-7376-4a59-bb0e-eb08ac62fd49 7ce99a38adbf44dea1546587a3280700 ef3cff4f372848748245027e5e1fec4f - - default default] Successfully bumped revision number for resource 9e41d555-9eeb-4390-8f31-c877f865c88e (type: security_groups) to 1
2026-06-28 21:10:52.958 9 INFO neutron.db.ovn_revision_numbers_db [None req-76023e8b-7376-4a59-bb0e-eb08ac62fd49 7ce99a38adbf44dea1546587a3280700 ef3cff4f372848748245027e5e1fec4f - - default default] Successfully bumped revision number for resource 3bc4291a-d264-4b0a-93b9-76a3644768d9 (type: security_group_rules) to 0
2026-06-28 21:10:52.971 9 INFO neutron.db.ovn_revision_numbers_db [None req-76023e8b-7376-4a59-bb0e-eb08ac62fd49 7ce99a38adbf44dea1546587a3280700 ef3cff4f372848748245027e5e1fec4f - - default default] Successfully bumped revision number for resource 7870bb55-2a82-4a88-aa9a-3e5412a9ba53 (type: security_group_rules) to 0
2026-06-28 21:10:52.984 9 INFO neutron.db.ovn_revision_numbers_db [None req-76023e8b-7376-4a59-bb0e-eb08ac62fd49 7ce99a38adbf44dea1546587a3280700 ef3cff4f372848748245027e5e1fec4f - - default default] Successfully bumped revision number for resource 9ad191b4-67bf-436d-9615-8ab0aaecc096 (type: security_group_rules) to 0
2026-06-28 21:10:53.001 9 INFO neutron.db.ovn_revision_numbers_db [None req-76023e8b-7376-4a59-bb0e-eb08ac62fd49 7ce99a38adbf44dea1546587a3280700 ef3cff4f372848748245027e5e1fec4f - - default default] Successfully bumped revision number for resource f3aff210-d46c-4715-b184-a3bfca017b0c (type: security_group_rules) to 0
2026-06-28 21:10:53.040 9 INFO neutron.wsgi [None req-76023e8b-7376-4a59-bb0e-eb08ac62fd49 7ce99a38adbf44dea1546587a3280700 ef3cff4f372848748245027e5e1fec4f - - default default] 10.0.0.131 "GET /v2.0/security-groups?tenant_id=fcf2a34ac1fe4df6bc9db74acb70c96d&name=default HTTP/1.1" status: 200 len: 3000 time: 0.1983876
2026-06-28 21:10:53.248 9 INFO neutron.wsgi [None req-2417f70d-3a85-4f7b-b89b-8289a02aa180 7ce99a38adbf44dea1546587a3280700 ef3cff4f372848748245027e5e1fec4f - - default default] 10.0.0.131 "DELETE /v2.0/security-groups/9e41d555-9eeb-4390-8f31-c877f865c88e HTTP/1.1" status: 204 len: 168 time: 0.2035325
2026-06-28 21:10:53.286 9 INFO neutron.wsgi [-] 10.0.0.157 "GET / HTTP/1.1" status: 200 len: 246 time: 0.0019968
2026-06-28 21:10:53.288 9 INFO neutron.wsgi [-] 10.0.0.157 "GET / HTTP/1.1" status: 200 len: 246 time: 0.0016015
2026-06-28 21:10:56.650 8 INFO neutron.db.ovn_revision_numbers_db [None req-6a8815f3-e448-4104-af36-d445ce51cb28 7d03b0ec6370400689cdda32e9c1c773 093381bfe4304476a4c261a0727d4972 - - default default] Successfully bumped revision number for resource 9031a675-350d-4fcb-95b3-4195b27b3399 (type: security_groups) to 1
2026-06-28 21:10:56.665 8 INFO neutron.db.ovn_revision_numbers_db [None req-6a8815f3-e448-4104-af36-d445ce51cb28 7d03b0ec6370400689cdda32e9c1c773 093381bfe4304476a4c261a0727d4972 - - default default] Successfully bumped revision number for resource 150ca579-6ace-40d9-9d99-42ed44aab8cb (type: security_group_rules) to 0
2026-06-28 21:10:56.678 8 INFO neutron.db.ovn_revision_numbers_db [None req-6a8815f3-e448-4104-af36-d445ce51cb28 7d03b0ec6370400689cdda32e9c1c773 093381bfe4304476a4c261a0727d4972 - - default default] Successfully bumped revision number for resource 4272eed4-bdef-40ea-b3ce-4907390a35d3 (type: security_group_rules) to 0
2026-06-28 21:10:56.698 8 INFO neutron.db.ovn_revision_numbers_db [None req-6a8815f3-e448-4104-af36-d445ce51cb28 7d03b0ec6370400689cdda32e9c1c773 093381bfe4304476a4c261a0727d4972 - - default default] Successfully bumped revision number for resource 45882fa2-a024-4e68-a6f6-f1aae1826fed (type: security_group_rules) to 0
2026-06-28 21:10:56.711 8 INFO neutron.db.ovn_revision_numbers_db [None req-6a8815f3-e448-4104-af36-d445ce51cb28 7d03b0ec6370400689cdda32e9c1c773 093381bfe4304476a4c261a0727d4972 - - default default] Successfully bumped revision number for resource c88a2db2-e5b6-4a83-bd19-e69982f2f22c (type: security_group_rules) to 0
2026-06-28 21:10:56.788 8 INFO neutron.db.ovn_revision_numbers_db [None req-6a8815f3-e448-4104-af36-d445ce51cb28 7d03b0ec6370400689cdda32e9c1c773 093381bfe4304476a4c261a0727d4972 - - default default] Successfully bumped revision number for resource 90c6cc12-1d63-4c79-8e60-87640efeeceb (type: security_groups) to 1
2026-06-28 21:10:56.802 8 INFO neutron.db.ovn_revision_numbers_db [None req-6a8815f3-e448-4104-af36-d445ce51cb28 7d03b0ec6370400689cdda32e9c1c773 093381bfe4304476a4c261a0727d4972 - - default default] Successfully bumped revision number for resource 38f47a62-ad5a-4447-8302-d5f44f965919 (type: security_group_rules) to 0
2026-06-28 21:10:56.816 8 INFO neutron.db.ovn_revision_numbers_db [None req-6a8815f3-e448-4104-af36-d445ce51cb28 7d03b0ec6370400689cdda32e9c1c773 093381bfe4304476a4c261a0727d4972 - - default default] Successfully bumped revision number for resource 8d3ab551-b413-4dd2-9e6a-1b60905e3062 (type: security_group_rules) to 0
2026-06-28 21:10:56.835 8 INFO neutron.wsgi [None req-6a8815f3-e448-4104-af36-d445ce51cb28 7d03b0ec6370400689cdda32e9c1c773 093381bfe4304476a4c261a0727d4972 - - default default] 10.0.0.131 "POST /v2.0/security-groups HTTP/1.1" status: 201 len: 1739 time: 0.4780617
2026-06-28 21:10:56.871 8 INFO neutron.wsgi [None req-a5ac2f08-9695-4014-a228-327c0fade254 7d03b0ec6370400689cdda32e9c1c773 093381bfe4304476a4c261a0727d4972 - - default default] 10.0.0.131 "PUT /v2.0/security-groups/90c6cc12-1d63-4c79-8e60-87640efeeceb/tags HTTP/1.1" status: 200 len: 218 time: 0.0289350
2026-06-28 21:10:56.894 8 INFO neutron.wsgi [None req-f893b381-7d4d-4228-b389-54451ef1c272 7d03b0ec6370400689cdda32e9c1c773 093381bfe4304476a4c261a0727d4972 - - default default] 10.0.0.131 "GET /v2.0/security-groups/90c6cc12-1d63-4c79-8e60-87640efeeceb/tags HTTP/1.1" status: 200 len: 218 time: 0.0161934
2026-06-28 21:10:56.922 8 INFO neutron.wsgi [None req-c24b2eb2-3186-4722-9375-b0f084cdf8e4 7d03b0ec6370400689cdda32e9c1c773 093381bfe4304476a4c261a0727d4972 - - default default] 10.0.0.131 "PUT /v2.0/security-groups/90c6cc12-1d63-4c79-8e60-87640efeeceb/tags/green HTTP/1.1" status: 201 len: 201 time: 0.0234990
2026-06-28 21:10:56.947 8 INFO neutron.wsgi [None req-a166472a-d40f-4eb0-a43e-f38389b97d8d 7d03b0ec6370400689cdda32e9c1c773 093381bfe4304476a4c261a0727d4972 - - default default] 10.0.0.131 "GET /v2.0/security-groups/90c6cc12-1d63-4c79-8e60-87640efeeceb/tags HTTP/1.1" status: 200 len: 227 time: 0.0159812
2026-06-28 21:10:56.971 8 INFO neutron.wsgi [None req-936295c4-c5f8-4ea6-b41b-17312bb99f80 7d03b0ec6370400689cdda32e9c1c773 093381bfe4304476a4c261a0727d4972 - - default default] 10.0.0.131 "PUT /v2.0/security-groups/90c6cc12-1d63-4c79-8e60-87640efeeceb/tags/red HTTP/1.1" status: 201 len: 201 time: 0.0183578
2026-06-28 21:10:56.999 9 INFO neutron.wsgi [None req-d5cbd41b-3e01-4c59-8010-a4e84f6e612d 7d03b0ec6370400689cdda32e9c1c773 093381bfe4304476a4c261a0727d4972 - - default default] 10.0.0.131 "GET /v2.0/security-groups/90c6cc12-1d63-4c79-8e60-87640efeeceb/tags HTTP/1.1" status: 200 len: 227 time: 0.0222487
2026-06-28 21:10:57.040 9 INFO neutron.wsgi [None req-5502e026-22c6-4bc3-9489-6aa9fe2c543d 7d03b0ec6370400689cdda32e9c1c773 093381bfe4304476a4c261a0727d4972 - - default default] 10.0.0.131 "PUT /v2.0/security-groups/90c6cc12-1d63-4c79-8e60-87640efeeceb/tags/black.or.white HTTP/1.1" status: 201 len: 201 time: 0.0323155
2026-06-28 21:10:57.074 8 INFO neutron.wsgi [None req-6c4b581d-fb00-4200-b673-f1508d08770a 7d03b0ec6370400689cdda32e9c1c773 093381bfe4304476a4c261a0727d4972 - - default default] 10.0.0.131 "GET /v2.0/security-groups/90c6cc12-1d63-4c79-8e60-87640efeeceb/tags HTTP/1.1" status: 200 len: 245 time: 0.0287452
2026-06-28 21:10:57.113 8 INFO neutron.wsgi [None req-d645c2f6-5554-4bd0-85f9-68426ba29930 7d03b0ec6370400689cdda32e9c1c773 093381bfe4304476a4c261a0727d4972 - - default default] 10.0.0.131 "PUT /v2.0/security-groups/90c6cc12-1d63-4c79-8e60-87640efeeceb/tags HTTP/1.1" status: 200 len: 230 time: 0.0334554
2026-06-28 21:10:57.143 8 INFO neutron.wsgi [None req-f033833e-4f4e-455f-8b77-613b03232ce9 7d03b0ec6370400689cdda32e9c1c773 093381bfe4304476a4c261a0727d4972 - - default default] 10.0.0.131 "GET /v2.0/security-groups/90c6cc12-1d63-4c79-8e60-87640efeeceb/tags HTTP/1.1" status: 200 len: 230 time: 0.0251508
2026-06-28 21:10:57.173 8 INFO neutron.wsgi [None req-dd7da250-3f3a-4607-b0f5-9f065d29cafd 7d03b0ec6370400689cdda32e9c1c773 093381bfe4304476a4c261a0727d4972 - - default default] 10.0.0.131 "GET /v2.0/security-groups/90c6cc12-1d63-4c79-8e60-87640efeeceb/tags/red HTTP/1.1" status: 204 len: 168 time: 0.0248475
2026-06-28 21:10:57.197 9 INFO neutron.api.v2.resource [None req-95f22d52-e0b1-48c3-a065-81a407e5d6bf 7d03b0ec6370400689cdda32e9c1c773 093381bfe4304476a4c261a0727d4972 - - default default] show failed (client error): The resource could not be found.
2026-06-28 21:10:57.198 9 INFO neutron.wsgi [None req-95f22d52-e0b1-48c3-a065-81a407e5d6bf 7d03b0ec6370400689cdda32e9c1c773 093381bfe4304476a4c261a0727d4972 - - default default] 10.0.0.131 "GET /v2.0/security-groups/90c6cc12-1d63-4c79-8e60-87640efeeceb/tags/green HTTP/1.1" status: 404 len: 299 time: 0.0190289
2026-06-28 21:10:57.232 9 INFO neutron.wsgi [None req-449f8202-5265-4cec-9508-8ed49e94d6bd 7d03b0ec6370400689cdda32e9c1c773 093381bfe4304476a4c261a0727d4972 - - default default] 10.0.0.131 "DELETE /v2.0/security-groups/90c6cc12-1d63-4c79-8e60-87640efeeceb/tags/red HTTP/1.1" status: 204 len: 168 time: 0.0289862
2026-06-28 21:10:57.256 9 INFO neutron.wsgi [None req-66ef04e2-4a97-492f-8b3f-96bcdde35741 7d03b0ec6370400689cdda32e9c1c773 093381bfe4304476a4c261a0727d4972 - - default default] 10.0.0.131 "GET /v2.0/security-groups/90c6cc12-1d63-4c79-8e60-87640efeeceb/tags HTTP/1.1" status: 200 len: 223 time: 0.0199988
2026-06-28 21:10:57.281 9 INFO neutron.api.v2.resource [None req-7b1f12a7-672b-4f77-917b-a59d3a4d15f0 7d03b0ec6370400689cdda32e9c1c773 093381bfe4304476a4c261a0727d4972 - - default default] delete failed (client error): The resource could not be found.
2026-06-28 21:10:57.283 9 INFO neutron.wsgi [None req-7b1f12a7-672b-4f77-917b-a59d3a4d15f0 7d03b0ec6370400689cdda32e9c1c773 093381bfe4304476a4c261a0727d4972 - - default default] 10.0.0.131 "DELETE /v2.0/security-groups/90c6cc12-1d63-4c79-8e60-87640efeeceb/tags/green HTTP/1.1" status: 404 len: 299 time: 0.0217392
2026-06-28 21:10:57.320 9 INFO neutron.wsgi [None req-5bff33a5-01d9-4628-b879-161772a79537 7d03b0ec6370400689cdda32e9c1c773 093381bfe4304476a4c261a0727d4972 - - default default] 10.0.0.131 "DELETE /v2.0/security-groups/90c6cc12-1d63-4c79-8e60-87640efeeceb/tags HTTP/1.1" status: 204 len: 168 time: 0.0322413
2026-06-28 21:10:57.344 9 INFO neutron.wsgi [None req-3de4ae76-3dfc-4cc9-b2ab-28c1d7c64f84 7d03b0ec6370400689cdda32e9c1c773 093381bfe4304476a4c261a0727d4972 - - default default] 10.0.0.131 "GET /v2.0/security-groups/90c6cc12-1d63-4c79-8e60-87640efeeceb/tags HTTP/1.1" status: 200 len: 205 time: 0.0179706
2026-06-28 21:10:57.456 9 INFO neutron.wsgi [None req-46fe2809-e9da-4cce-ab36-e1b27ac2303b 7d03b0ec6370400689cdda32e9c1c773 093381bfe4304476a4c261a0727d4972 - - default default] 10.0.0.131 "DELETE /v2.0/security-groups/90c6cc12-1d63-4c79-8e60-87640efeeceb HTTP/1.1" status: 204 len: 168 time: 0.1057827
2026-06-28 21:10:58.315 8 INFO neutron.wsgi [None req-df1e3f68-413c-4788-a244-697d4fb31668 7ce99a38adbf44dea1546587a3280700 ef3cff4f372848748245027e5e1fec4f - - default default] 10.0.0.131 "GET /v2.0/security-groups?tenant_id=093381bfe4304476a4c261a0727d4972&name=default HTTP/1.1" status: 200 len: 3000 time: 0.1464317
2026-06-28 21:10:58.467 9 WARNING neutron.scheduler.dhcp_agent_scheduler [None req-3b6ce122-c79b-4497-9111-020e16fe05c3 b133238fa39b42e296cd21c2ef23c70e deac786b806f4536b55b3377723c190f - - default default] No more DHCP agents
2026-06-28 21:10:58.471 9 WARNING neutron.api.rpc.agentnotifiers.dhcp_rpc_agent_api [None req-3b6ce122-c79b-4497-9111-020e16fe05c3 b133238fa39b42e296cd21c2ef23c70e deac786b806f4536b55b3377723c190f - - default default] Unable to schedule network 58ee145c-34ab-4f5b-bce6-9aed3f94978e: no agents available; will retry on subsequent port and subnet creation events.
2026-06-28 21:10:58.515 8 INFO neutron.wsgi [None req-e8bef53d-528b-4a92-88f0-bd6a83642108 7ce99a38adbf44dea1546587a3280700 ef3cff4f372848748245027e5e1fec4f - - default default] 10.0.0.131 "DELETE /v2.0/security-groups/9031a675-350d-4fcb-95b3-4195b27b3399 HTTP/1.1" status: 204 len: 168 time: 0.1950626
2026-06-28 21:10:58.725 8 INFO neutron.db.ovn_revision_numbers_db [None req-b185097b-aaeb-45a9-9e02-38b5eb86fa3b 7ce99a38adbf44dea1546587a3280700 ef3cff4f372848748245027e5e1fec4f - - default default] Successfully bumped revision number for resource f1070765-a37d-428c-a9d9-6471d80a20d4 (type: security_groups) to 1
2026-06-28 21:10:58.740 8 INFO neutron.db.ovn_revision_numbers_db [None req-b185097b-aaeb-45a9-9e02-38b5eb86fa3b 7ce99a38adbf44dea1546587a3280700 ef3cff4f372848748245027e5e1fec4f - - default default] Successfully bumped revision number for resource 99e5209e-3647-4fee-bf7b-e4fa4215f211 (type: security_group_rules) to 0
2026-06-28 21:10:58.754 8 INFO neutron.db.ovn_revision_numbers_db [None req-b185097b-aaeb-45a9-9e02-38b5eb86fa3b 7ce99a38adbf44dea1546587a3280700 ef3cff4f372848748245027e5e1fec4f - - default default] Successfully bumped revision number for resource aa267a9b-5dc0-4be9-9b70-a5bade263887 (type: security_group_rules) to 0
2026-06-28 21:10:58.768 8 INFO neutron.db.ovn_revision_numbers_db [None req-b185097b-aaeb-45a9-9e02-38b5eb86fa3b 7ce99a38adbf44dea1546587a3280700 ef3cff4f372848748245027e5e1fec4f - - default default] Successfully bumped revision number for resource b0486837-ce09-4db6-9853-605ff0f6e4a9 (type: security_group_rules) to 0
2026-06-28 21:10:58.781 8 INFO neutron.db.ovn_revision_numbers_db [None req-b185097b-aaeb-45a9-9e02-38b5eb86fa3b 7ce99a38adbf44dea1546587a3280700 ef3cff4f372848748245027e5e1fec4f - - default default] Successfully bumped revision number for resource d929be19-d4f9-4734-9483-bfac12494407 (type: security_group_rules) to 0
2026-06-28 21:10:58.803 8 INFO neutron.wsgi [None req-b185097b-aaeb-45a9-9e02-38b5eb86fa3b 7ce99a38adbf44dea1546587a3280700 ef3cff4f372848748245027e5e1fec4f - - default default] 10.0.0.131 "GET /v2.0/security-groups?tenant_id=67a7acea945442b289ada43ec7054c02&name=default HTTP/1.1" status: 200 len: 3000 time: 0.1943593
2026-06-28 21:10:59.016 8 INFO neutron.wsgi [None req-7811945e-d94f-4d01-a5b8-caf8239b6a97 7ce99a38adbf44dea1546587a3280700 ef3cff4f372848748245027e5e1fec4f - - default default] 10.0.0.131 "DELETE /v2.0/security-groups/f1070765-a37d-428c-a9d9-6471d80a20d4 HTTP/1.1" status: 204 len: 168 time: 0.2093706
2026-06-28 21:10:59.265 9 INFO neutron.db.l3_db [None req-3b6ce122-c79b-4497-9111-020e16fe05c3 b133238fa39b42e296cd21c2ef23c70e deac786b806f4536b55b3377723c190f - - default default] Floating IP aacac719-03e7-4528-af9f-276e978b4ceb associated. External IP: 10.96.250.205, port: fd86c992-91ae-4f52-b7f6-ac920b75fd6c.
2026-06-28 21:10:59.526 9 INFO neutron.db.ovn_revision_numbers_db [None req-3b6ce122-c79b-4497-9111-020e16fe05c3 b133238fa39b42e296cd21c2ef23c70e deac786b806f4536b55b3377723c190f - - default default] Successfully bumped revision number for resource aacac719-03e7-4528-af9f-276e978b4ceb (type: floatingips) to 0
2026-06-28 21:10:59.644 9 INFO neutron.db.ovn_revision_numbers_db [None req-3b6ce122-c79b-4497-9111-020e16fe05c3 b133238fa39b42e296cd21c2ef23c70e deac786b806f4536b55b3377723c190f - - default default] Successfully bumped revision number for resource aacac719-03e7-4528-af9f-276e978b4ceb (type: floatingips) to 1
2026-06-28 21:10:59.680 9 INFO neutron.wsgi [None req-3b6ce122-c79b-4497-9111-020e16fe05c3 b133238fa39b42e296cd21c2ef23c70e deac786b806f4536b55b3377723c190f - - default default] 10.0.0.131 "POST /v2.0/floatingips HTTP/1.1" status: 201 len: 1098 time: 1.5467718 /var/lib/openstack/lib/python3.10/site-packages/pycadf/identifier.py:71: UserWarning: Invalid uuid: neutron. To ensure interoperability, identifiers should be a valid uuid. warnings.warn(('Invalid uuid: %s. To ensure interoperability, '
2026-06-28 21:11:02.452 8 INFO neutron.wsgi [None req-fc643a95-f038-4dc0-89d9-8ca2fc7d5fb2 12d86a248b474e4a92dfb1fdca2a055e c71117d7c73a4e4ebe8879eb3c847f60 - - default default] 10.0.0.131 "POST /v2.0/subnetpools HTTP/1.1" status: 201 len: 715 time: 0.1966965
2026-06-28 21:11:02.491 8 INFO neutron.wsgi [None req-53892cab-b981-4acf-adec-5459998906f1 12d86a248b474e4a92dfb1fdca2a055e c71117d7c73a4e4ebe8879eb3c847f60 - - default default] 10.0.0.131 "PUT /v2.0/subnetpools/1faa0520-02e1-4965-b907-100f6017558d/tags HTTP/1.1" status: 200 len: 218 time: 0.0316267
2026-06-28 21:11:02.513 8 INFO neutron.wsgi [None req-db1ea908-9670-4ef7-a2b2-d7de9a7d8167 12d86a248b474e4a92dfb1fdca2a055e c71117d7c73a4e4ebe8879eb3c847f60 - - default default] 10.0.0.131 "GET /v2.0/subnetpools/1faa0520-02e1-4965-b907-100f6017558d/tags HTTP/1.1" status: 200 len: 218 time: 0.0175672
2026-06-28 21:11:02.543 8 INFO neutron.wsgi [None req-8fe04e0f-087c-41d9-bad7-8a097fc63520 12d86a248b474e4a92dfb1fdca2a055e c71117d7c73a4e4ebe8879eb3c847f60 - - default default] 10.0.0.131 "PUT /v2.0/subnetpools/1faa0520-02e1-4965-b907-100f6017558d/tags/green HTTP/1.1" status: 201 len: 201 time: 0.0258887
2026-06-28 21:11:02.565 8 INFO neutron.wsgi [None req-8256871b-e951-4374-a589-0486e91d7722 12d86a248b474e4a92dfb1fdca2a055e c71117d7c73a4e4ebe8879eb3c847f60 - - default default] 10.0.0.131 "GET /v2.0/subnetpools/1faa0520-02e1-4965-b907-100f6017558d/tags HTTP/1.1" status: 200 len: 227 time: 0.0172555
2026-06-28 21:11:02.595 9 INFO neutron.wsgi [None req-207994af-d894-43fb-8a76-460fc77f2b8d 12d86a248b474e4a92dfb1fdca2a055e c71117d7c73a4e4ebe8879eb3c847f60 - - default default] 10.0.0.131 "PUT /v2.0/subnetpools/1faa0520-02e1-4965-b907-100f6017558d/tags/red HTTP/1.1" status: 201 len: 201 time: 0.0248346
2026-06-28 21:11:02.616 9 INFO neutron.wsgi [None req-bc77ce53-6357-4887-a914-2fc667e76294 12d86a248b474e4a92dfb1fdca2a055e c71117d7c73a4e4ebe8879eb3c847f60 - - default default] 10.0.0.131 "GET /v2.0/subnetpools/1faa0520-02e1-4965-b907-100f6017558d/tags HTTP/1.1" status: 200 len: 227 time: 0.0175645
2026-06-28 21:11:02.648 9 INFO neutron.wsgi [None req-07bd1581-fba7-48d6-af01-5711f3ae833b 12d86a248b474e4a92dfb1fdca2a055e c71117d7c73a4e4ebe8879eb3c847f60 - - default default] 10.0.0.131 "PUT /v2.0/subnetpools/1faa0520-02e1-4965-b907-100f6017558d/tags/black.or.white HTTP/1.1" status: 201 len: 201 time: 0.0272694
2026-06-28 21:11:02.665 9 INFO neutron.wsgi [None req-6eac7788-8064-4a63-83b7-ff94c18680e5 12d86a248b474e4a92dfb1fdca2a055e c71117d7c73a4e4ebe8879eb3c847f60 - - default default] 10.0.0.131 "GET /v2.0/subnetpools/1faa0520-02e1-4965-b907-100f6017558d/tags HTTP/1.1" status: 200 len: 245 time: 0.0124407
2026-06-28 21:11:02.706 9 INFO neutron.wsgi [None req-6388dafc-cf8e-4b08-9206-603b62a19568 12d86a248b474e4a92dfb1fdca2a055e c71117d7c73a4e4ebe8879eb3c847f60 - - default default] 10.0.0.131 "PUT /v2.0/subnetpools/1faa0520-02e1-4965-b907-100f6017558d/tags HTTP/1.1" status: 200 len: 230 time: 0.0370030
2026-06-28 21:11:02.751 8 INFO neutron.wsgi [None req-b0798aa9-5298-4d15-88fe-14856bb204c1 12d86a248b474e4a92dfb1fdca2a055e c71117d7c73a4e4ebe8879eb3c847f60 - - default default] 10.0.0.131 "GET /v2.0/subnetpools/1faa0520-02e1-4965-b907-100f6017558d/tags HTTP/1.1" status: 200 len: 230 time: 0.0380225
2026-06-28 21:11:02.776 9 INFO neutron.wsgi [None req-81c07ffa-3313-49d1-96ca-7dea416d0c53 12d86a248b474e4a92dfb1fdca2a055e c71117d7c73a4e4ebe8879eb3c847f60 - - default default] 10.0.0.131 "GET /v2.0/subnetpools/1faa0520-02e1-4965-b907-100f6017558d/tags/red HTTP/1.1" status: 204 len: 168 time: 0.0193233
2026-06-28 21:11:02.809 9 INFO neutron.api.v2.resource [None req-31b1ff0f-ebb0-4405-9914-db52b1c271d1 12d86a248b474e4a92dfb1fdca2a055e c71117d7c73a4e4ebe8879eb3c847f60 - - default default] show failed (client error): The resource could not be found.
2026-06-28 21:11:02.811 9 INFO neutron.wsgi [None req-31b1ff0f-ebb0-4405-9914-db52b1c271d1 12d86a248b474e4a92dfb1fdca2a055e c71117d7c73a4e4ebe8879eb3c847f60 - - default default] 10.0.0.131 "GET /v2.0/subnetpools/1faa0520-02e1-4965-b907-100f6017558d/tags/green HTTP/1.1" status: 404 len: 299 time: 0.0295296
2026-06-28 21:11:02.860 9 INFO neutron.wsgi [None req-5ade65fe-1545-4c7c-84dc-9c0972aab647 12d86a248b474e4a92dfb1fdca2a055e c71117d7c73a4e4ebe8879eb3c847f60 - - default default] 10.0.0.131 "DELETE /v2.0/subnetpools/1faa0520-02e1-4965-b907-100f6017558d/tags/red HTTP/1.1" status: 204 len: 168 time: 0.0416732
2026-06-28 21:11:02.888 9 INFO neutron.wsgi [None req-7238a572-c00b-47e8-a485-9bafa5375693 12d86a248b474e4a92dfb1fdca2a055e c71117d7c73a4e4ebe8879eb3c847f60 - - default default] 10.0.0.131 "GET /v2.0/subnetpools/1faa0520-02e1-4965-b907-100f6017558d/tags HTTP/1.1" status: 200 len: 223 time: 0.0225914
2026-06-28 21:11:02.911 8 INFO neutron.db.ovn_revision_numbers_db [None req-8e8a4d23-33d5-4f20-82af-3d95ea56a328 - - - - - -] Successfully bumped revision number for resource fd86c992-91ae-4f52-b7f6-ac920b75fd6c (type: ports) to 4
2026-06-28 21:11:02.919 9 INFO neutron.api.v2.resource [None req-22279f10-7185-463f-980d-d6857916c300 12d86a248b474e4a92dfb1fdca2a055e c71117d7c73a4e4ebe8879eb3c847f60 - - default default] delete failed (client error): The resource could not be found.
2026-06-28 21:11:02.921 9 INFO neutron.wsgi [None req-22279f10-7185-463f-980d-d6857916c300 12d86a248b474e4a92dfb1fdca2a055e c71117d7c73a4e4ebe8879eb3c847f60 - - default default] 10.0.0.131 "DELETE /v2.0/subnetpools/1faa0520-02e1-4965-b907-100f6017558d/tags/green HTTP/1.1" status: 404 len: 299 time: 0.0270009
2026-06-28 21:11:02.961 9 INFO neutron.wsgi [None req-e206744e-0a01-484b-9250-0d9039f73542 12d86a248b474e4a92dfb1fdca2a055e c71117d7c73a4e4ebe8879eb3c847f60 - - default default] 10.0.0.131 "DELETE /v2.0/subnetpools/1faa0520-02e1-4965-b907-100f6017558d/tags HTTP/1.1" status: 204 len: 168 time: 0.0353072
2026-06-28 21:11:02.987 9 INFO neutron.wsgi [None req-41d49cee-ae83-441b-ba60-2dbab0fbd23f 12d86a248b474e4a92dfb1fdca2a055e c71117d7c73a4e4ebe8879eb3c847f60 - - default default] 10.0.0.131 "GET /v2.0/subnetpools/1faa0520-02e1-4965-b907-100f6017558d/tags HTTP/1.1" status: 200 len: 205 time: 0.0217948
2026-06-28 21:11:03.081 9 INFO neutron.wsgi [None req-de42336c-b6af-470a-9baa-250b05754fb9 12d86a248b474e4a92dfb1fdca2a055e c71117d7c73a4e4ebe8879eb3c847f60 - - default default] 10.0.0.131 "DELETE /v2.0/subnetpools/1faa0520-02e1-4965-b907-100f6017558d HTTP/1.1" status: 204 len: 168 time: 0.0812974
2026-06-28 21:11:03.618 8 INFO neutron.wsgi [None req-630e943b-76dd-45f2-a42b-8276038cf63e 7ce99a38adbf44dea1546587a3280700 ef3cff4f372848748245027e5e1fec4f - - default default] 199.204.45.23 "GET /v2.0/extensions/security-group HTTP/1.1" status: 200 len: 369 time: 0.3146813
2026-06-28 21:11:03.627 8 INFO neutron.wsgi [None req-240d1887-a4c5-46a8-93e9-e359554fb1a6 7ce99a38adbf44dea1546587a3280700 ef3cff4f372848748245027e5e1fec4f - - default default] 199.204.45.23 "GET /v2.0/extensions/dns-integration HTTP/1.1" status: 200 len: 371 time: 0.0038157
2026-06-28 21:11:03.635 8 INFO neutron.wsgi [None req-568c9c5e-d422-43c0-aeb7-6e33cbf14c54 7ce99a38adbf44dea1546587a3280700 ef3cff4f372848748245027e5e1fec4f - - default default] 199.204.45.23 "GET /v2.0/extensions/qos HTTP/1.1" status: 200 len: 365 time: 0.0044565
2026-06-28 21:11:03.643 8 INFO neutron.wsgi [None req-8236d830-e476-47be-b819-af5e3b17c30a 7ce99a38adbf44dea1546587a3280700 ef3cff4f372848748245027e5e1fec4f - - default default] 199.204.45.23 "GET /v2.0/extensions/allowed-address-pairs HTTP/1.1" status: 200 len: 383 time: 0.0035450
2026-06-28 21:11:03.790 8 INFO neutron.wsgi [None req-b45f0f3c-1d31-4347-952a-c1b826b89495 7ce99a38adbf44dea1546587a3280700 ef3cff4f372848748245027e5e1fec4f - - default default] 199.204.45.23 "GET /v2.0/security-groups?name=lb-2b7ad52e-1ef7-4c0f-b408-26aad13cfab6 HTTP/1.1" status: 200 len: 1775 time: 0.0364094
2026-06-28 21:11:03.825 8 INFO neutron.wsgi [None req-4f1fad18-4b05-498e-b4f7-090a0f4bcc94 7ce99a38adbf44dea1546587a3280700 ef3cff4f372848748245027e5e1fec4f - - default default] 199.204.45.23 "GET /v2.0/security-group-rules?security_group_id=6a0ac4db-e44c-48a7-ac8d-56c0b2acccce HTTP/1.1" status: 200 len: 1318 time: 0.0270483
2026-06-28 21:11:03.927 9 INFO neutron.db.ovn_revision_numbers_db [None req-0748ec13-02b1-485f-83fa-69f4be77258d 7ce99a38adbf44dea1546587a3280700 ef3cff4f372848748245027e5e1fec4f - - default default] Successfully bumped revision number for resource e223a1c3-c816-4820-9066-bba742e23596 (type: security_groups) to 1
2026-06-28 21:11:03.947 9 INFO neutron.db.ovn_revision_numbers_db [None req-0748ec13-02b1-485f-83fa-69f4be77258d 7ce99a38adbf44dea1546587a3280700 ef3cff4f372848748245027e5e1fec4f - - default default] Successfully bumped revision number for resource 1513192a-bf60-492f-ba81-8471583cbb91 (type: security_group_rules) to 0
2026-06-28 21:11:03.963 9 INFO neutron.db.ovn_revision_numbers_db [None req-0748ec13-02b1-485f-83fa-69f4be77258d 7ce99a38adbf44dea1546587a3280700 ef3cff4f372848748245027e5e1fec4f - - default default] Successfully bumped revision number for resource 1f421d21-dad8-497d-898c-88f740abc847 (type: security_group_rules) to 0
2026-06-28 21:11:03.967 8 INFO neutron.db.ovn_revision_numbers_db [None req-fa65d15c-b4ad-4d8d-bfe0-eac2c167c5d9 7ce99a38adbf44dea1546587a3280700 ef3cff4f372848748245027e5e1fec4f - - default default] Successfully bumped revision number for resource fc75603f-8a25-48fd-bddc-26b4cd4dbb57 (type: security_group_rules) to 0
2026-06-28 21:11:03.987 9 INFO neutron.db.ovn_revision_numbers_db [None req-0748ec13-02b1-485f-83fa-69f4be77258d 7ce99a38adbf44dea1546587a3280700 ef3cff4f372848748245027e5e1fec4f - - default default] Successfully bumped revision number for resource 4631f1d3-0d4e-4185-b62c-31c285e026bb (type: security_group_rules) to 0
2026-06-28 21:11:03.991 8 INFO neutron.wsgi [None req-fa65d15c-b4ad-4d8d-bfe0-eac2c167c5d9 7ce99a38adbf44dea1546587a3280700 ef3cff4f372848748245027e5e1fec4f - - default default] 199.204.45.23 "POST /v2.0/security-group-rules HTTP/1.1" status: 201 len: 769 time: 0.1605530
2026-06-28 21:11:04.002 9 INFO neutron.db.ovn_revision_numbers_db [None req-0748ec13-02b1-485f-83fa-69f4be77258d 7ce99a38adbf44dea1546587a3280700 ef3cff4f372848748245027e5e1fec4f - - default default] Successfully bumped revision number for resource 75e66a6f-6299-4dac-8de5-355c82ea5164 (type: security_group_rules) to 0
2026-06-28 21:11:04.035 9 INFO neutron.wsgi [None req-0748ec13-02b1-485f-83fa-69f4be77258d 7ce99a38adbf44dea1546587a3280700 ef3cff4f372848748245027e5e1fec4f - - default default] 10.0.0.131 "GET /v2.0/security-groups?tenant_id=c71117d7c73a4e4ebe8879eb3c847f60&name=default HTTP/1.1" status: 200 len: 3000 time: 0.3563366
2026-06-28 21:11:04.155 8 INFO neutron.db.ovn_revision_numbers_db [None req-a4f54339-37d9-4bf8-8bb5-669d5f43aa86 7ce99a38adbf44dea1546587a3280700 ef3cff4f372848748245027e5e1fec4f - - default default] Successfully bumped revision number for resource e1f2d528-ada5-4bf6-b985-e8565c7c28e8 (type: security_group_rules) to 0
2026-06-28 21:11:04.179 8 INFO neutron.wsgi [None req-a4f54339-37d9-4bf8-8bb5-669d5f43aa86 7ce99a38adbf44dea1546587a3280700 ef3cff4f372848748245027e5e1fec4f - - default default] 199.204.45.23 "POST /v2.0/security-group-rules HTTP/1.1" status: 201 len: 773 time: 0.1811202
2026-06-28 21:11:04.267 8 INFO neutron.wsgi [None req-0bbb069b-05f2-4956-88d9-289bb3e210e0 7ce99a38adbf44dea1546587a3280700 ef3cff4f372848748245027e5e1fec4f - - default default] 10.0.0.131 "DELETE /v2.0/security-groups/e223a1c3-c816-4820-9066-bba742e23596 HTTP/1.1" status: 204 len: 168 time: 0.2278850
2026-06-28 21:11:04.466 9 INFO neutron.db.ovn_revision_numbers_db [None req-9ce954ef-e99e-4a9d-829a-f9016fc349c6 7ce99a38adbf44dea1546587a3280700 ef3cff4f372848748245027e5e1fec4f - - default default] Successfully bumped revision number for resource 01dbe669-9793-44c0-8338-5cb5773b52d6 (type: security_groups) to 1
2026-06-28 21:11:04.481 9 INFO neutron.db.ovn_revision_numbers_db [None req-9ce954ef-e99e-4a9d-829a-f9016fc349c6 7ce99a38adbf44dea1546587a3280700 ef3cff4f372848748245027e5e1fec4f - - default default] Successfully bumped revision number for resource 111e4087-ce48-4417-b1d5-0f7ba1bca4a5 (type: security_group_rules) to 0
2026-06-28 21:11:04.496 9 INFO neutron.db.ovn_revision_numbers_db [None req-9ce954ef-e99e-4a9d-829a-f9016fc349c6 7ce99a38adbf44dea1546587a3280700 ef3cff4f372848748245027e5e1fec4f - - default default] Successfully bumped revision number for resource 615d0aa5-1423-4d67-884e-8eb7b9243f55 (type: security_group_rules) to 0
2026-06-28 21:11:04.511 9 INFO neutron.db.ovn_revision_numbers_db [None req-9ce954ef-e99e-4a9d-829a-f9016fc349c6 7ce99a38adbf44dea1546587a3280700 ef3cff4f372848748245027e5e1fec4f - - default default] Successfully bumped revision number for resource 7a9b0782-3402-494b-a85a-76b8f5817363 (type: security_group_rules) to 0
2026-06-28 21:11:04.523 9 INFO neutron.db.ovn_revision_numbers_db [None req-9ce954ef-e99e-4a9d-829a-f9016fc349c6 7ce99a38adbf44dea1546587a3280700 ef3cff4f372848748245027e5e1fec4f - - default default] Successfully bumped revision number for resource f77f3d57-e3c5-4c6d-8a98-386ba7902056 (type: security_group_rules) to 0
2026-06-28 21:11:04.546 9 INFO neutron.wsgi [None req-9ce954ef-e99e-4a9d-829a-f9016fc349c6 7ce99a38adbf44dea1546587a3280700 ef3cff4f372848748245027e5e1fec4f - - default default] 10.0.0.131 "GET /v2.0/security-groups?tenant_id=6ad7a4318737430f93b38dbebe80f53f&name=default HTTP/1.1" status: 200 len: 3000 time: 0.1855345
2026-06-28 21:11:04.727 9 INFO neutron.wsgi [None req-fa708f05-2a17-4dd2-a603-073f5082bc2e 7ce99a38adbf44dea1546587a3280700 ef3cff4f372848748245027e5e1fec4f - - default default] 10.0.0.131 "DELETE /v2.0/security-groups/01dbe669-9793-44c0-8338-5cb5773b52d6 HTTP/1.1" status: 204 len: 168 time: 0.1753786
2026-06-28 21:11:05.334 9 INFO neutron.wsgi [req-47bc886e-2df5-43f7-ac84-1a489b5c3dc5 req-f6be9230-7ef5-423a-8285-247fdd7c5ae6 e19a0c7f39814e7bb6223dda14ce4989 cdb6b868bba9469ca81c23ad0bcd2f01 - - d1146906f66a4a0cb46ecefe67aee84b d1146906f66a4a0cb46ecefe67aee84b] 199.204.45.23 "GET /v2.0/ports?device_id=16a00d63-903f-405e-8c46-88b1c406ce68&fields=binding%3Ahost_id&fields=binding%3Avif_type HTTP/1.1" status: 200 len: 265 time: 0.0503302
2026-06-28 21:11:05.394 9 INFO neutron.wsgi [req-47bc886e-2df5-43f7-ac84-1a489b5c3dc5 req-127ef70c-71a2-4db3-bc31-24e491f0005d e19a0c7f39814e7bb6223dda14ce4989 cdb6b868bba9469ca81c23ad0bcd2f01 - - d1146906f66a4a0cb46ecefe67aee84b d1146906f66a4a0cb46ecefe67aee84b] 199.204.45.23 "GET /v2.0/ports?tenant_id=deac786b806f4536b55b3377723c190f&device_id=16a00d63-903f-405e-8c46-88b1c406ce68 HTTP/1.1" status: 200 len: 1634 time: 0.0344288
2026-06-28 21:11:05.481 9 INFO neutron.wsgi [req-47bc886e-2df5-43f7-ac84-1a489b5c3dc5 req-327aa242-5b0b-4977-9789-0c939a2c0267 e19a0c7f39814e7bb6223dda14ce4989 cdb6b868bba9469ca81c23ad0bcd2f01 - - d1146906f66a4a0cb46ecefe67aee84b d1146906f66a4a0cb46ecefe67aee84b] 199.204.45.23 "GET /v2.0/networks?id=2e583238-3728-440c-b34d-d73b479b89fa HTTP/1.1" status: 200 len: 1002 time: 0.0707748
