2026-06-28 21:09:12.421 8 INFO neutron.db.ovn_revision_numbers_db [None req-437f589b-c88d-4789-9fb1-b3cea7f23306 ad1e96e118a2497fac5fe0259d75ce73 9e0b943a38534c8ba15f5cedd08344c6 - - default default] Successfully bumped revision number for resource 58d95ebd-3fd8-46bf-b5e7-d3f8f54ab58c (type: ports) to 1
2026-06-28 21:09:12.473 8 INFO neutron.wsgi [None req-437f589b-c88d-4789-9fb1-b3cea7f23306 ad1e96e118a2497fac5fe0259d75ce73 9e0b943a38534c8ba15f5cedd08344c6 - - default default] 10.0.0.131 "POST /v2.0/networks HTTP/1.1" status: 201 len: 830 time: 1.2971470
2026-06-28 21:09:12.781 9 WARNING neutron.scheduler.dhcp_agent_scheduler [None req-2eb562be-35fb-4966-a550-1853ad3a103c ad1e96e118a2497fac5fe0259d75ce73 9e0b943a38534c8ba15f5cedd08344c6 - - default default] No more DHCP agents
2026-06-28 21:09:12.783 9 WARNING neutron.api.rpc.agentnotifiers.dhcp_rpc_agent_api [None req-2eb562be-35fb-4966-a550-1853ad3a103c ad1e96e118a2497fac5fe0259d75ce73 9e0b943a38534c8ba15f5cedd08344c6 - - default default] Unable to schedule network b29c523f-84e1-4ccf-9091-3057977e4edd: no agents available; will retry on subsequent port and subnet creation events.
2026-06-28 21:09:12.882 9 INFO neutron.db.ovn_revision_numbers_db [None req-2eb562be-35fb-4966-a550-1853ad3a103c ad1e96e118a2497fac5fe0259d75ce73 9e0b943a38534c8ba15f5cedd08344c6 - - default default] Successfully bumped revision number for resource bfc77185-8233-4c89-bfc2-3e2a64911e14 (type: ports) to 1
2026-06-28 21:09:12.907 9 INFO neutron.wsgi [None req-2eb562be-35fb-4966-a550-1853ad3a103c ad1e96e118a2497fac5fe0259d75ce73 9e0b943a38534c8ba15f5cedd08344c6 - - default default] 10.0.0.131 "POST /v2.0/ports HTTP/1.1" status: 201 len: 942 time: 0.4277191 /var/lib/openstack/lib/python3.10/site-packages/pycadf/identifier.py:71: UserWarning: Invalid uuid: neutron. To ensure interoperability, identifiers should be a valid uuid. warnings.warn(('Invalid uuid: %s. To ensure interoperability, '
2026-06-28 21:09:12.944 8 INFO neutron.plugins.ml2.drivers.ovn.mech_driver.mech_driver [None req-b5cebebb-68c9-48bf-9c48-93b3cf057bd6 - - - - - -] OVN reports status up for port: 2294c5c9-9f48-4966-bdce-30650f54ceb6
2026-06-28 21:09:12.959 8 INFO neutron.plugins.ml2.drivers.ovn.mech_driver.ovsdb.ovsdb_monitor [None req-8e8a4d23-33d5-4f20-82af-3d95ea56a328 - - - - - -] Router 2787fda4-f465-4992-9298-b7373e51bcc6 is bound to host instance
2026-06-28 21:09:12.980 8 INFO neutron.plugins.ml2.plugin [None req-b5cebebb-68c9-48bf-9c48-93b3cf057bd6 - - - - - -] Attempt 1 to provision port 2294c5c9-9f48-4966-bdce-30650f54ceb6
2026-06-28 21:09:13.000 8 INFO neutron.db.ovn_revision_numbers_db [None req-57c1d1f3-1a9e-4b23-9eff-b43957ad9f24 b133238fa39b42e296cd21c2ef23c70e deac786b806f4536b55b3377723c190f - - default default] Successfully bumped revision number for resource 2294c5c9-9f48-4966-bdce-30650f54ceb6 (type: router_ports) to 1
2026-06-28 21:09:13.122 8 INFO neutron.db.ovn_revision_numbers_db [None req-57c1d1f3-1a9e-4b23-9eff-b43957ad9f24 b133238fa39b42e296cd21c2ef23c70e deac786b806f4536b55b3377723c190f - - default default] Successfully bumped revision number for resource 2787fda4-f465-4992-9298-b7373e51bcc6 (type: routers) to 2
2026-06-28 21:09:13.139 8 INFO neutron.wsgi [None req-57c1d1f3-1a9e-4b23-9eff-b43957ad9f24 b133238fa39b42e296cd21c2ef23c70e deac786b806f4536b55b3377723c190f - - default default] 10.0.0.131 "POST /v2.0/routers HTTP/1.1" status: 201 len: 864 time: 1.9873149
2026-06-28 21:09:13.212 9 INFO neutron.wsgi [None req-b83616de-f9ab-4307-99af-65521248f1d3 ad1e96e118a2497fac5fe0259d75ce73 9e0b943a38534c8ba15f5cedd08344c6 - - default default] 10.0.0.131 "POST /v2.0/trunks HTTP/1.1" status: 201 len: 608 time: 0.3014367
2026-06-28 21:09:13.284 9 INFO neutron.wsgi [None req-9c74b7bd-d5da-4fda-b887-ba541db85322 2347fd60cd314bf3bbf064c35e39821c b7d7a0510bb94c79b1b3144de5a0bda1 - - default default] 10.0.0.195 "GET /v2.0/extensions HTTP/1.1" status: 200 len: 16525 time: 0.0093861
2026-06-28 21:09:13.387 9 INFO neutron.wsgi [None req-cb6b751f-e581-40e5-af98-26454ce96a5b 2347fd60cd314bf3bbf064c35e39821c b7d7a0510bb94c79b1b3144de5a0bda1 - - default default] 10.0.0.195 "GET /v2.0/quotas/b7d7a0510bb94c79b1b3144de5a0bda1/details HTTP/1.1" status: 200 len: 756 time: 0.0847702
2026-06-28 21:09:13.391 8 INFO neutron.db.segments_db [None req-fd61c747-7cd3-49a6-875b-caf189ec8675 ad1e96e118a2497fac5fe0259d75ce73 9e0b943a38534c8ba15f5cedd08344c6 - - default default] Added segment 22c52412-f2e7-446f-874e-ff2ece201299 of type geneve for network 09ad5367-9fa2-496b-9fcd-a1c6d29c468b
2026-06-28 21:09:13.936 8 INFO neutron.db.ovn_revision_numbers_db [None req-fd61c747-7cd3-49a6-875b-caf189ec8675 ad1e96e118a2497fac5fe0259d75ce73 9e0b943a38534c8ba15f5cedd08344c6 - - default default] Successfully bumped revision number for resource 09ad5367-9fa2-496b-9fcd-a1c6d29c468b (type: networks) to 1
2026-06-28 21:09:13.969 9 WARNING neutron.scheduler.dhcp_agent_scheduler [None req-f948e8aa-b9e8-4832-abee-e87725a8d35f ebb14e9822e34de9a8c380a71459a8f7 d8af4396da61409a812ac6a4b3fefe85 - - default default] No more DHCP agents
2026-06-28 21:09:13.972 9 WARNING neutron.api.rpc.agentnotifiers.dhcp_rpc_agent_api [None req-f948e8aa-b9e8-4832-abee-e87725a8d35f ebb14e9822e34de9a8c380a71459a8f7 d8af4396da61409a812ac6a4b3fefe85 - - default default] Unable to schedule network 58ee145c-34ab-4f5b-bce6-9aed3f94978e: no agents available; will retry on subsequent port and subnet creation events.
2026-06-28 21:09:14.307 8 WARNING neutron.scheduler.dhcp_agent_scheduler [None req-fd61c747-7cd3-49a6-875b-caf189ec8675 ad1e96e118a2497fac5fe0259d75ce73 9e0b943a38534c8ba15f5cedd08344c6 - - default default] No more DHCP agents
2026-06-28 21:09:14.308 8 INFO neutron.db.ovn_revision_numbers_db [None req-8e8a4d23-33d5-4f20-82af-3d95ea56a328 - - - - - -] Successfully bumped revision number for resource 2294c5c9-9f48-4966-bdce-30650f54ceb6 (type: ports) to 1
2026-06-28 21:09:14.312 8 WARNING neutron.api.rpc.agentnotifiers.dhcp_rpc_agent_api [None req-fd61c747-7cd3-49a6-875b-caf189ec8675 ad1e96e118a2497fac5fe0259d75ce73 9e0b943a38534c8ba15f5cedd08344c6 - - default default] Unable to schedule network 09ad5367-9fa2-496b-9fcd-a1c6d29c468b: no agents available; will retry on subsequent port and subnet creation events.
2026-06-28 21:09:14.318 9 INFO neutron.db.ovn_revision_numbers_db [None req-f948e8aa-b9e8-4832-abee-e87725a8d35f ebb14e9822e34de9a8c380a71459a8f7 d8af4396da61409a812ac6a4b3fefe85 - - default default] Successfully bumped revision number for resource c16d4817-3f77-4b28-affd-f1f92aa6377d (type: floatingips) to 0
2026-06-28 21:09:14.331 9 INFO neutron.wsgi [None req-f948e8aa-b9e8-4832-abee-e87725a8d35f ebb14e9822e34de9a8c380a71459a8f7 d8af4396da61409a812ac6a4b3fefe85 - - default default] 10.0.0.131 "POST /v2.0/floatingips HTTP/1.1" status: 201 len: 751 time: 0.7236404
2026-06-28 21:09:14.378 9 INFO neutron.wsgi [None req-69fc349f-5df8-4dfc-8cd5-e46908b90246 ebb14e9822e34de9a8c380a71459a8f7 d8af4396da61409a812ac6a4b3fefe85 - - default default] 10.0.0.131 "PUT /v2.0/floatingips/c16d4817-3f77-4b28-affd-f1f92aa6377d/tags HTTP/1.1" status: 200 len: 218 time: 0.0414574
2026-06-28 21:09:14.408 9 INFO neutron.wsgi [None req-fa1521b7-4cd7-4828-b532-bab316bde15a ebb14e9822e34de9a8c380a71459a8f7 d8af4396da61409a812ac6a4b3fefe85 - - default default] 10.0.0.131 "GET /v2.0/floatingips/c16d4817-3f77-4b28-affd-f1f92aa6377d/tags HTTP/1.1" status: 200 len: 218 time: 0.0257518
2026-06-28 21:09:14.420 8 WARNING neutron.scheduler.dhcp_agent_scheduler [None req-fdc8324d-e33f-44bb-9c3d-ad40f27fa400 b133238fa39b42e296cd21c2ef23c70e deac786b806f4536b55b3377723c190f - - default default] No more DHCP agents
2026-06-28 21:09:14.426 8 WARNING neutron.api.rpc.agentnotifiers.dhcp_rpc_agent_api [None req-fdc8324d-e33f-44bb-9c3d-ad40f27fa400 b133238fa39b42e296cd21c2ef23c70e deac786b806f4536b55b3377723c190f - - default default] Unable to schedule network fe2ccc63-fdb3-4e22-9237-58622519fe12: no agents available; will retry on subsequent port and subnet creation events.
2026-06-28 21:09:14.446 9 INFO neutron.wsgi [None req-0e236b52-f26c-4676-8964-8b28c5f5fade ebb14e9822e34de9a8c380a71459a8f7 d8af4396da61409a812ac6a4b3fefe85 - - default default] 10.0.0.131 "PUT /v2.0/floatingips/c16d4817-3f77-4b28-affd-f1f92aa6377d/tags/green HTTP/1.1" status: 201 len: 201 time: 0.0339770
2026-06-28 21:09:14.457 8 INFO neutron.db.ovn_revision_numbers_db [None req-fd61c747-7cd3-49a6-875b-caf189ec8675 ad1e96e118a2497fac5fe0259d75ce73 9e0b943a38534c8ba15f5cedd08344c6 - - default default] Successfully bumped revision number for resource 7c188d96-f19a-4d7e-8472-fbf77b686b59 (type: ports) to 1
2026-06-28 21:09:14.476 9 INFO neutron.wsgi [None req-87633d3a-3108-4f93-bf3d-a4448393e892 ebb14e9822e34de9a8c380a71459a8f7 d8af4396da61409a812ac6a4b3fefe85 - - default default] 10.0.0.131 "GET /v2.0/floatingips/c16d4817-3f77-4b28-affd-f1f92aa6377d/tags HTTP/1.1" status: 200 len: 227 time: 0.0262580
2026-06-28 21:09:14.505 8 INFO neutron.wsgi [None req-fd61c747-7cd3-49a6-875b-caf189ec8675 ad1e96e118a2497fac5fe0259d75ce73 9e0b943a38534c8ba15f5cedd08344c6 - - default default] 10.0.0.131 "POST /v2.0/networks HTTP/1.1" status: 201 len: 830 time: 1.2864106
2026-06-28 21:09:14.746 9 INFO neutron.wsgi [None req-b58bb5e5-8711-4d23-b97d-caa6a2f7ba01 ebb14e9822e34de9a8c380a71459a8f7 d8af4396da61409a812ac6a4b3fefe85 - - default default] 10.0.0.131 "PUT /v2.0/floatingips/c16d4817-3f77-4b28-affd-f1f92aa6377d/tags/red HTTP/1.1" status: 201 len: 201 time: 0.2649274
2026-06-28 21:09:14.746 8 INFO neutron.db.ovn_revision_numbers_db [None req-fdc8324d-e33f-44bb-9c3d-ad40f27fa400 b133238fa39b42e296cd21c2ef23c70e deac786b806f4536b55b3377723c190f - - default default] Successfully bumped revision number for resource 703c5052-8ecf-49a7-ac25-b7f5fd22506f (type: ports) to 1
2026-06-28 21:09:14.774 9 INFO neutron.wsgi [None req-5cc784ce-dec3-483f-85cd-c837b4161ec5 ebb14e9822e34de9a8c380a71459a8f7 d8af4396da61409a812ac6a4b3fefe85 - - default default] 10.0.0.131 "GET /v2.0/floatingips/c16d4817-3f77-4b28-affd-f1f92aa6377d/tags HTTP/1.1" status: 200 len: 227 time: 0.0243866
2026-06-28 21:09:14.792 8 INFO neutron.db.ovn_revision_numbers_db [None req-8e8a4d23-33d5-4f20-82af-3d95ea56a328 - - - - - -] Successfully bumped revision number for resource 2294c5c9-9f48-4966-bdce-30650f54ceb6 (type: router_ports) to 3
2026-06-28 21:09:14.820 9 INFO neutron.wsgi [None req-6ed2c44b-1d59-4c47-9dbb-ec3d7101ba22 ebb14e9822e34de9a8c380a71459a8f7 d8af4396da61409a812ac6a4b3fefe85 - - default default] 10.0.0.131 "PUT /v2.0/floatingips/c16d4817-3f77-4b28-affd-f1f92aa6377d/tags/black.or.white HTTP/1.1" status: 201 len: 201 time: 0.0367448
2026-06-28 21:09:14.865 9 INFO neutron.wsgi [None req-e0cb6252-7996-4c35-95a8-d01e3f972ac8 ebb14e9822e34de9a8c380a71459a8f7 d8af4396da61409a812ac6a4b3fefe85 - - default default] 10.0.0.131 "GET /v2.0/floatingips/c16d4817-3f77-4b28-affd-f1f92aa6377d/tags HTTP/1.1" status: 200 len: 245 time: 0.0397789
2026-06-28 21:09:14.906 9 INFO neutron.wsgi [None req-bc427243-7e79-497a-bf8c-50d3bc3a6c8f ebb14e9822e34de9a8c380a71459a8f7 d8af4396da61409a812ac6a4b3fefe85 - - default default] 10.0.0.131 "PUT /v2.0/floatingips/c16d4817-3f77-4b28-affd-f1f92aa6377d/tags HTTP/1.1" status: 200 len: 230 time: 0.0371423
2026-06-28 21:09:14.928 8 WARNING neutron.scheduler.dhcp_agent_scheduler [None req-9f302229-d225-4418-84b4-70708588d1e9 ad1e96e118a2497fac5fe0259d75ce73 9e0b943a38534c8ba15f5cedd08344c6 - - default default] No more DHCP agents
2026-06-28 21:09:14.933 8 WARNING neutron.api.rpc.agentnotifiers.dhcp_rpc_agent_api [None req-9f302229-d225-4418-84b4-70708588d1e9 ad1e96e118a2497fac5fe0259d75ce73 9e0b943a38534c8ba15f5cedd08344c6 - - default default] Unable to schedule network 09ad5367-9fa2-496b-9fcd-a1c6d29c468b: no agents available; will retry on subsequent port and subnet creation events.
2026-06-28 21:09:14.941 9 INFO neutron.wsgi [None req-a1407687-47a0-42ce-b7c1-71707782db1f ebb14e9822e34de9a8c380a71459a8f7 d8af4396da61409a812ac6a4b3fefe85 - - default default] 10.0.0.131 "GET /v2.0/floatingips/c16d4817-3f77-4b28-affd-f1f92aa6377d/tags HTTP/1.1" status: 200 len: 230 time: 0.0297501
2026-06-28 21:09:14.970 9 INFO neutron.wsgi [None req-e09667bc-2a26-4aed-815b-2cece9559593 ebb14e9822e34de9a8c380a71459a8f7 d8af4396da61409a812ac6a4b3fefe85 - - default default] 10.0.0.131 "GET /v2.0/floatingips/c16d4817-3f77-4b28-affd-f1f92aa6377d/tags/red HTTP/1.1" status: 204 len: 168 time: 0.0235698
2026-06-28 21:09:15.000 9 INFO neutron.api.v2.resource [None req-6e7b0a13-cb75-4d18-91f0-227e0db4a19e ebb14e9822e34de9a8c380a71459a8f7 d8af4396da61409a812ac6a4b3fefe85 - - default default] show failed (client error): The resource could not be found.
2026-06-28 21:09:15.001 9 INFO neutron.wsgi [None req-6e7b0a13-cb75-4d18-91f0-227e0db4a19e ebb14e9822e34de9a8c380a71459a8f7 d8af4396da61409a812ac6a4b3fefe85 - - default default] 10.0.0.131 "GET /v2.0/floatingips/c16d4817-3f77-4b28-affd-f1f92aa6377d/tags/green HTTP/1.1" status: 404 len: 299 time: 0.0266287
2026-06-28 21:09:15.065 9 INFO neutron.wsgi [None req-f9d314e5-4021-4a32-8ab2-4338f1a09149 ebb14e9822e34de9a8c380a71459a8f7 d8af4396da61409a812ac6a4b3fefe85 - - default default] 10.0.0.131 "DELETE /v2.0/floatingips/c16d4817-3f77-4b28-affd-f1f92aa6377d/tags/red HTTP/1.1" status: 204 len: 168 time: 0.0586677 /var/lib/openstack/lib/python3.10/site-packages/pycadf/identifier.py:71: UserWarning: Invalid uuid: neutron. To ensure interoperability, identifiers should be a valid uuid. warnings.warn(('Invalid uuid: %s. To ensure interoperability, '
2026-06-28 21:09:15.122 8 INFO neutron.db.ovn_revision_numbers_db [None req-9f302229-d225-4418-84b4-70708588d1e9 ad1e96e118a2497fac5fe0259d75ce73 9e0b943a38534c8ba15f5cedd08344c6 - - default default] Successfully bumped revision number for resource b75f8078-a9c2-4ada-a25a-c7460765fede (type: ports) to 1
2026-06-28 21:09:15.127 8 INFO neutron.wsgi [None req-e9fdb23c-3cf0-4eb9-8f94-da18be6675c1 ebb14e9822e34de9a8c380a71459a8f7 d8af4396da61409a812ac6a4b3fefe85 - - default default] 10.0.0.131 "GET /v2.0/floatingips/c16d4817-3f77-4b28-affd-f1f92aa6377d/tags HTTP/1.1" status: 200 len: 223 time: 0.0514073
2026-06-28 21:09:15.168 8 INFO neutron.db.ovn_revision_numbers_db [None req-8e8a4d23-33d5-4f20-82af-3d95ea56a328 - - - - - -] Successfully bumped revision number for resource 2294c5c9-9f48-4966-bdce-30650f54ceb6 (type: ports) to 2
2026-06-28 21:09:15.175 8 INFO neutron.wsgi [None req-9f302229-d225-4418-84b4-70708588d1e9 ad1e96e118a2497fac5fe0259d75ce73 9e0b943a38534c8ba15f5cedd08344c6 - - default default] 10.0.0.131 "POST /v2.0/ports HTTP/1.1" status: 201 len: 942 time: 0.6628551
2026-06-28 21:09:15.183 8 INFO neutron.api.v2.resource [None req-913a20ef-534d-4f55-b5cc-12f81375d174 ebb14e9822e34de9a8c380a71459a8f7 d8af4396da61409a812ac6a4b3fefe85 - - default default] delete failed (client error): The resource could not be found.
2026-06-28 21:09:15.184 8 INFO neutron.wsgi [None req-913a20ef-534d-4f55-b5cc-12f81375d174 ebb14e9822e34de9a8c380a71459a8f7 d8af4396da61409a812ac6a4b3fefe85 - - default default] 10.0.0.131 "DELETE /v2.0/floatingips/c16d4817-3f77-4b28-affd-f1f92aa6377d/tags/green HTTP/1.1" status: 404 len: 299 time: 0.0507176
2026-06-28 21:09:15.238 9 INFO neutron.wsgi [None req-30f0b765-03c1-4449-89de-6a67750a42a6 ebb14e9822e34de9a8c380a71459a8f7 d8af4396da61409a812ac6a4b3fefe85 - - default default] 10.0.0.131 "DELETE /v2.0/floatingips/c16d4817-3f77-4b28-affd-f1f92aa6377d/tags HTTP/1.1" status: 204 len: 168 time: 0.0463493
2026-06-28 21:09:15.273 9 INFO neutron.wsgi [None req-91063827-3f23-4ad5-b36b-c9f54f7aae46 ebb14e9822e34de9a8c380a71459a8f7 d8af4396da61409a812ac6a4b3fefe85 - - default default] 10.0.0.131 "GET /v2.0/floatingips/c16d4817-3f77-4b28-affd-f1f92aa6377d/tags HTTP/1.1" status: 200 len: 205 time: 0.0289803
2026-06-28 21:09:15.414 9 INFO neutron.wsgi [None req-851c3129-1b2c-44d4-8c51-b82361b829ec ad1e96e118a2497fac5fe0259d75ce73 9e0b943a38534c8ba15f5cedd08344c6 - - default default] 10.0.0.131 "POST /v2.0/trunks HTTP/1.1" status: 201 len: 608 time: 0.2339840
2026-06-28 21:09:15.500 9 INFO neutron.db.segments_db [None req-344e7f24-3469-4d44-a179-3d6850ad761a ad1e96e118a2497fac5fe0259d75ce73 9e0b943a38534c8ba15f5cedd08344c6 - - default default] Added segment 7cc96d8d-c7fa-4026-adcb-f2f51f264f34 of type geneve for network a422e3b0-64d0-481a-b204-0b8e121f6b9c
2026-06-28 21:09:15.653 9 INFO neutron.db.ovn_revision_numbers_db [None req-344e7f24-3469-4d44-a179-3d6850ad761a ad1e96e118a2497fac5fe0259d75ce73 9e0b943a38534c8ba15f5cedd08344c6 - - default default] Successfully bumped revision number for resource a422e3b0-64d0-481a-b204-0b8e121f6b9c (type: networks) to 1
2026-06-28 21:09:15.924 9 WARNING neutron.scheduler.dhcp_agent_scheduler [None req-344e7f24-3469-4d44-a179-3d6850ad761a ad1e96e118a2497fac5fe0259d75ce73 9e0b943a38534c8ba15f5cedd08344c6 - - default default] No more DHCP agents
2026-06-28 21:09:15.926 9 WARNING neutron.api.rpc.agentnotifiers.dhcp_rpc_agent_api [None req-344e7f24-3469-4d44-a179-3d6850ad761a ad1e96e118a2497fac5fe0259d75ce73 9e0b943a38534c8ba15f5cedd08344c6 - - default default] Unable to schedule network a422e3b0-64d0-481a-b204-0b8e121f6b9c: no agents available; will retry on subsequent port and subnet creation events.
2026-06-28 21:09:15.945 9 INFO neutron.plugins.ml2.drivers.ovn.mech_driver.mech_driver [None req-5e779a41-02ec-464b-86fc-eee7bd7635aa - - - - - -] OVN reports status up for port: 703c5052-8ecf-49a7-ac25-b7f5fd22506f
2026-06-28 21:09:15.949 8 INFO neutron.db.ovn_revision_numbers_db [None req-8e8a4d23-33d5-4f20-82af-3d95ea56a328 - - - - - -] Successfully bumped revision number for resource 2294c5c9-9f48-4966-bdce-30650f54ceb6 (type: ports) to 4
2026-06-28 21:09:15.959 9 INFO neutron.plugins.ml2.plugin [None req-5e779a41-02ec-464b-86fc-eee7bd7635aa - - - - - -] Attempt 1 to provision port 703c5052-8ecf-49a7-ac25-b7f5fd22506f
2026-06-28 21:09:15.999 8 INFO neutron.db.ovn_revision_numbers_db [None req-fdc8324d-e33f-44bb-9c3d-ad40f27fa400 b133238fa39b42e296cd21c2ef23c70e deac786b806f4536b55b3377723c190f - - default default] Successfully bumped revision number for resource 703c5052-8ecf-49a7-ac25-b7f5fd22506f (type: router_ports) to 1
2026-06-28 21:09:16.039 9 INFO neutron.db.ovn_revision_numbers_db [None req-344e7f24-3469-4d44-a179-3d6850ad761a ad1e96e118a2497fac5fe0259d75ce73 9e0b943a38534c8ba15f5cedd08344c6 - - default default] Successfully bumped revision number for resource 04805559-ae22-48e4-ada9-c08ca353b8c4 (type: ports) to 1
2026-06-28 21:09:16.066 9 INFO neutron.wsgi [None req-344e7f24-3469-4d44-a179-3d6850ad761a ad1e96e118a2497fac5fe0259d75ce73 9e0b943a38534c8ba15f5cedd08344c6 - - default default] 10.0.0.131 "POST /v2.0/networks HTTP/1.1" status: 201 len: 831 time: 0.6479073
2026-06-28 21:09:16.242 8 INFO neutron.wsgi [None req-050947cd-cc0b-4c08-8630-a237389ed3e2 ebb14e9822e34de9a8c380a71459a8f7 d8af4396da61409a812ac6a4b3fefe85 - - default default] 10.0.0.131 "DELETE /v2.0/floatingips/c16d4817-3f77-4b28-affd-f1f92aa6377d HTTP/1.1" status: 204 len: 168 time: 0.9608786
2026-06-28 21:09:16.259 8 INFO neutron.db.ovn_revision_numbers_db [None req-bf131141-a8d2-4013-a313-5a914d165061 7ce99a38adbf44dea1546587a3280700 ef3cff4f372848748245027e5e1fec4f - - default default] Successfully bumped revision number for resource 2470e95d-560f-41cb-8cb9-c161c6d62e5b (type: security_groups) to 1
2026-06-28 21:09:16.300 8 INFO neutron.db.ovn_revision_numbers_db [None req-bf131141-a8d2-4013-a313-5a914d165061 7ce99a38adbf44dea1546587a3280700 ef3cff4f372848748245027e5e1fec4f - - default default] Successfully bumped revision number for resource 5f23d112-225d-4d15-86f8-3437ede7136d (type: security_group_rules) to 0
2026-06-28 21:09:16.324 8 INFO neutron.db.ovn_revision_numbers_db [None req-bf131141-a8d2-4013-a313-5a914d165061 7ce99a38adbf44dea1546587a3280700 ef3cff4f372848748245027e5e1fec4f - - default default] Successfully bumped revision number for resource 68a06f04-72af-4130-ba19-30ed6fdb0375 (type: security_group_rules) to 0
2026-06-28 21:09:16.327 8 INFO neutron.db.ovn_revision_numbers_db [None req-fdc8324d-e33f-44bb-9c3d-ad40f27fa400 b133238fa39b42e296cd21c2ef23c70e deac786b806f4536b55b3377723c190f - - default default] Successfully bumped revision number for resource 703c5052-8ecf-49a7-ac25-b7f5fd22506f (type: ports) to 1
2026-06-28 21:09:16.347 8 INFO neutron.db.ovn_revision_numbers_db [None req-bf131141-a8d2-4013-a313-5a914d165061 7ce99a38adbf44dea1546587a3280700 ef3cff4f372848748245027e5e1fec4f - - default default] Successfully bumped revision number for resource b0ea56e5-2390-4b63-ab38-c78ea12654f6 (type: security_group_rules) to 0
2026-06-28 21:09:16.349 9 INFO neutron.db.ovn_revision_numbers_db [None req-5e779a41-02ec-464b-86fc-eee7bd7635aa - - - - - -] Successfully bumped revision number for resource 703c5052-8ecf-49a7-ac25-b7f5fd22506f (type: ports) to 2
2026-06-28 21:09:16.368 8 INFO neutron.db.ovn_revision_numbers_db [None req-8e8a4d23-33d5-4f20-82af-3d95ea56a328 - - - - - -] Successfully bumped revision number for resource 2294c5c9-9f48-4966-bdce-30650f54ceb6 (type: router_ports) to 4
2026-06-28 21:09:16.377 8 INFO neutron.db.ovn_revision_numbers_db [None req-bf131141-a8d2-4013-a313-5a914d165061 7ce99a38adbf44dea1546587a3280700 ef3cff4f372848748245027e5e1fec4f - - default default] Successfully bumped revision number for resource b4fbe10e-e5ef-4aa3-903f-ca2726ff960b (type: security_group_rules) to 0
2026-06-28 21:09:16.383 9 WARNING neutron.scheduler.dhcp_agent_scheduler [None req-9bf9fe09-1645-40f5-8bf7-01ab18f0e561 ad1e96e118a2497fac5fe0259d75ce73 9e0b943a38534c8ba15f5cedd08344c6 - - default default] No more DHCP agents
2026-06-28 21:09:16.387 9 WARNING neutron.api.rpc.agentnotifiers.dhcp_rpc_agent_api [None req-9bf9fe09-1645-40f5-8bf7-01ab18f0e561 ad1e96e118a2497fac5fe0259d75ce73 9e0b943a38534c8ba15f5cedd08344c6 - - default default] Unable to schedule network a422e3b0-64d0-481a-b204-0b8e121f6b9c: no agents available; will retry on subsequent port and subnet creation events.
2026-06-28 21:09:16.421 8 INFO neutron.wsgi [None req-bf131141-a8d2-4013-a313-5a914d165061 7ce99a38adbf44dea1546587a3280700 ef3cff4f372848748245027e5e1fec4f - - default default] 10.0.0.131 "GET /v2.0/security-groups?tenant_id=b7d7a0510bb94c79b1b3144de5a0bda1&name=default HTTP/1.1" status: 200 len: 2996 time: 0.5691402
2026-06-28 21:09:16.454 8 WARNING neutron.scheduler.dhcp_agent_scheduler [None req-fdc8324d-e33f-44bb-9c3d-ad40f27fa400 b133238fa39b42e296cd21c2ef23c70e deac786b806f4536b55b3377723c190f - - default default] No more DHCP agents
2026-06-28 21:09:16.456 8 WARNING neutron.api.rpc.agentnotifiers.dhcp_rpc_agent_api [None req-fdc8324d-e33f-44bb-9c3d-ad40f27fa400 b133238fa39b42e296cd21c2ef23c70e deac786b806f4536b55b3377723c190f - - default default] Unable to schedule network fe2ccc63-fdb3-4e22-9237-58622519fe12: no agents available; will retry on subsequent port and subnet creation events.
2026-06-28 21:09:16.509 9 INFO neutron.db.ovn_revision_numbers_db [None req-9bf9fe09-1645-40f5-8bf7-01ab18f0e561 ad1e96e118a2497fac5fe0259d75ce73 9e0b943a38534c8ba15f5cedd08344c6 - - default default] Successfully bumped revision number for resource bf4e5586-3d33-4c6c-9788-cba69dbdf3df (type: ports) to 1
2026-06-28 21:09:16.511 9 INFO neutron.db.ovn_revision_numbers_db [None req-5e779a41-02ec-464b-86fc-eee7bd7635aa - - - - - -] Successfully bumped revision number for resource 703c5052-8ecf-49a7-ac25-b7f5fd22506f (type: router_ports) to 2
2026-06-28 21:09:16.542 9 INFO neutron.wsgi [None req-9bf9fe09-1645-40f5-8bf7-01ab18f0e561 ad1e96e118a2497fac5fe0259d75ce73 9e0b943a38534c8ba15f5cedd08344c6 - - default default] 10.0.0.131 "POST /v2.0/ports HTTP/1.1" status: 201 len: 942 time: 0.4701972 /var/lib/openstack/lib/python3.10/site-packages/pycadf/identifier.py:71: UserWarning: Invalid uuid: neutron. To ensure interoperability, identifiers should be a valid uuid. warnings.warn(('Invalid uuid: %s. To ensure interoperability, '
2026-06-28 21:09:16.678 8 INFO neutron.wsgi [None req-03106c8a-4543-4458-83ad-fa96ce6b14a5 7ce99a38adbf44dea1546587a3280700 ef3cff4f372848748245027e5e1fec4f - - default default] 10.0.0.131 "DELETE /v2.0/security-groups/2470e95d-560f-41cb-8cb9-c161c6d62e5b HTTP/1.1" status: 204 len: 168 time: 0.2525475
2026-06-28 21:09:16.748 9 INFO neutron.wsgi [None req-de0d1945-18b3-4c2a-b317-5f1b6ca5d62d ad1e96e118a2497fac5fe0259d75ce73 9e0b943a38534c8ba15f5cedd08344c6 - - default default] 10.0.0.131 "POST /v2.0/trunks HTTP/1.1" status: 201 len: 608 time: 0.1951835
2026-06-28 21:09:16.799 8 INFO neutron.db.ovn_revision_numbers_db [None req-fdc8324d-e33f-44bb-9c3d-ad40f27fa400 b133238fa39b42e296cd21c2ef23c70e deac786b806f4536b55b3377723c190f - - default default] Successfully bumped revision number for resource 703c5052-8ecf-49a7-ac25-b7f5fd22506f (type: router_ports) to 2
2026-06-28 21:09:16.801 8 INFO neutron.wsgi [None req-fdc8324d-e33f-44bb-9c3d-ad40f27fa400 b133238fa39b42e296cd21c2ef23c70e deac786b806f4536b55b3377723c190f - - default default] 10.0.0.131 "PUT /v2.0/routers/2787fda4-f465-4992-9298-b7373e51bcc6/add_router_interface HTTP/1.1" status: 200 len: 503 time: 3.6585991
2026-06-28 21:09:16.894 9 INFO neutron.db.segments_db [None req-5f2b6bf9-d4de-42c0-bca5-efbc93f33ca0 ad1e96e118a2497fac5fe0259d75ce73 9e0b943a38534c8ba15f5cedd08344c6 - - default default] Added segment c90821f4-d76f-44e6-9bde-f609162df45d of type geneve for network a6f208ec-9fe0-4f3b-868a-21e884435a91
2026-06-28 21:09:17.186 8 INFO neutron.db.ovn_revision_numbers_db [None req-bbd86364-582e-4c53-b110-a04007d6aaff 7ce99a38adbf44dea1546587a3280700 ef3cff4f372848748245027e5e1fec4f - - default default] Successfully bumped revision number for resource 0077f392-be4f-4452-928a-00913185f3b2 (type: security_groups) to 1
2026-06-28 21:09:17.199 8 INFO neutron.db.ovn_revision_numbers_db [None req-bbd86364-582e-4c53-b110-a04007d6aaff 7ce99a38adbf44dea1546587a3280700 ef3cff4f372848748245027e5e1fec4f - - default default] Successfully bumped revision number for resource 08e4bcde-b5c0-40a5-8e0c-232637d0c2bf (type: security_group_rules) to 0
2026-06-28 21:09:17.213 8 INFO neutron.db.ovn_revision_numbers_db [None req-bbd86364-582e-4c53-b110-a04007d6aaff 7ce99a38adbf44dea1546587a3280700 ef3cff4f372848748245027e5e1fec4f - - default default] Successfully bumped revision number for resource 2c68154a-9c9d-437f-aabd-60b1f688bc19 (type: security_group_rules) to 0
2026-06-28 21:09:17.228 8 INFO neutron.db.ovn_revision_numbers_db [None req-bbd86364-582e-4c53-b110-a04007d6aaff 7ce99a38adbf44dea1546587a3280700 ef3cff4f372848748245027e5e1fec4f - - default default] Successfully bumped revision number for resource 729f289e-48d7-4c15-9d95-55b77bd32884 (type: security_group_rules) to 0
2026-06-28 21:09:17.241 8 INFO neutron.db.ovn_revision_numbers_db [None req-bbd86364-582e-4c53-b110-a04007d6aaff 7ce99a38adbf44dea1546587a3280700 ef3cff4f372848748245027e5e1fec4f - - default default] Successfully bumped revision number for resource 7987d6ad-c08b-43e5-b5ce-f83d4b3d63a6 (type: security_group_rules) to 0
2026-06-28 21:09:17.255 9 INFO neutron.db.ovn_revision_numbers_db [None req-5f2b6bf9-d4de-42c0-bca5-efbc93f33ca0 ad1e96e118a2497fac5fe0259d75ce73 9e0b943a38534c8ba15f5cedd08344c6 - - default default] Successfully bumped revision number for resource a6f208ec-9fe0-4f3b-868a-21e884435a91 (type: networks) to 1
2026-06-28 21:09:17.261 8 INFO neutron.wsgi [None req-bbd86364-582e-4c53-b110-a04007d6aaff 7ce99a38adbf44dea1546587a3280700 ef3cff4f372848748245027e5e1fec4f - - default default] 10.0.0.131 "GET /v2.0/security-groups?tenant_id=ff3ef43e349542d3a411690446c8af81&name=default HTTP/1.1" status: 200 len: 2996 time: 0.3798044
2026-06-28 21:09:17.446 8 INFO neutron.wsgi [None req-af409015-44d3-49ee-a1d0-64e7c4a274da 7ce99a38adbf44dea1546587a3280700 ef3cff4f372848748245027e5e1fec4f - - default default] 10.0.0.131 "DELETE /v2.0/security-groups/0077f392-be4f-4452-928a-00913185f3b2 HTTP/1.1" status: 204 len: 168 time: 0.1798501
2026-06-28 21:09:17.495 9 WARNING neutron.scheduler.dhcp_agent_scheduler [None req-5f2b6bf9-d4de-42c0-bca5-efbc93f33ca0 ad1e96e118a2497fac5fe0259d75ce73 9e0b943a38534c8ba15f5cedd08344c6 - - default default] No more DHCP agents
2026-06-28 21:09:17.499 9 WARNING neutron.api.rpc.agentnotifiers.dhcp_rpc_agent_api [None req-5f2b6bf9-d4de-42c0-bca5-efbc93f33ca0 ad1e96e118a2497fac5fe0259d75ce73 9e0b943a38534c8ba15f5cedd08344c6 - - default default] Unable to schedule network a6f208ec-9fe0-4f3b-868a-21e884435a91: no agents available; will retry on subsequent port and subnet creation events.
2026-06-28 21:09:17.629 9 INFO neutron.db.ovn_revision_numbers_db [None req-5f2b6bf9-d4de-42c0-bca5-efbc93f33ca0 ad1e96e118a2497fac5fe0259d75ce73 9e0b943a38534c8ba15f5cedd08344c6 - - default default] Successfully bumped revision number for resource 8a86fe55-f4db-4021-ae22-b22c6d57db55 (type: ports) to 1
2026-06-28 21:09:17.662 8 INFO neutron.db.ovn_revision_numbers_db [None req-4e95be93-f3bc-4459-90c2-49121a5352df 7ce99a38adbf44dea1546587a3280700 ef3cff4f372848748245027e5e1fec4f - - default default] Successfully bumped revision number for resource e62e714d-12a6-4dc3-b8d5-11073e7406ca (type: security_groups) to 1
2026-06-28 21:09:17.668 9 INFO neutron.wsgi [None req-5f2b6bf9-d4de-42c0-bca5-efbc93f33ca0 ad1e96e118a2497fac5fe0259d75ce73 9e0b943a38534c8ba15f5cedd08344c6 - - default default] 10.0.0.131 "POST /v2.0/networks HTTP/1.1" status: 201 len: 831 time: 0.9110699
2026-06-28 21:09:17.678 8 INFO neutron.db.ovn_revision_numbers_db [None req-4e95be93-f3bc-4459-90c2-49121a5352df 7ce99a38adbf44dea1546587a3280700 ef3cff4f372848748245027e5e1fec4f - - default default] Successfully bumped revision number for resource 142c79e8-1f98-4dbb-9500-9da9fe8b5033 (type: security_group_rules) to 0
2026-06-28 21:09:17.701 8 INFO neutron.db.ovn_revision_numbers_db [None req-4e95be93-f3bc-4459-90c2-49121a5352df 7ce99a38adbf44dea1546587a3280700 ef3cff4f372848748245027e5e1fec4f - - default default] Successfully bumped revision number for resource 5274007f-60d6-497d-a46a-961b2ddf6707 (type: security_group_rules) to 0
2026-06-28 21:09:17.703 9 WARNING neutron.scheduler.dhcp_agent_scheduler [None req-f5543231-bec9-49ed-ba6f-83d48f097f5d b133238fa39b42e296cd21c2ef23c70e deac786b806f4536b55b3377723c190f - - default default] No more DHCP agents
2026-06-28 21:09:17.705 9 WARNING neutron.api.rpc.agentnotifiers.dhcp_rpc_agent_api [None req-f5543231-bec9-49ed-ba6f-83d48f097f5d b133238fa39b42e296cd21c2ef23c70e deac786b806f4536b55b3377723c190f - - default default] Unable to schedule network 5d36f857-38e6-42ff-9d0c-8e502325948e: no agents available; will retry on subsequent port and subnet creation events.
2026-06-28 21:09:17.722 8 INFO neutron.db.ovn_revision_numbers_db [None req-4e95be93-f3bc-4459-90c2-49121a5352df 7ce99a38adbf44dea1546587a3280700 ef3cff4f372848748245027e5e1fec4f - - default default] Successfully bumped revision number for resource 5c428477-0f99-4b89-a5db-1dacac49ffd2 (type: security_group_rules) to 0
2026-06-28 21:09:17.740 8 INFO neutron.db.ovn_revision_numbers_db [None req-4e95be93-f3bc-4459-90c2-49121a5352df 7ce99a38adbf44dea1546587a3280700 ef3cff4f372848748245027e5e1fec4f - - default default] Successfully bumped revision number for resource da2deae9-4876-445c-960c-3a2954cc14a9 (type: security_group_rules) to 0
2026-06-28 21:09:17.772 8 INFO neutron.wsgi [None req-4e95be93-f3bc-4459-90c2-49121a5352df 7ce99a38adbf44dea1546587a3280700 ef3cff4f372848748245027e5e1fec4f - - default default] 10.0.0.131 "GET /v2.0/security-groups?tenant_id=d8af4396da61409a812ac6a4b3fefe85&name=default HTTP/1.1" status: 200 len: 2996 time: 0.2106342
2026-06-28 21:09:17.874 9 INFO neutron.db.ovn_revision_numbers_db [None req-f5543231-bec9-49ed-ba6f-83d48f097f5d b133238fa39b42e296cd21c2ef23c70e deac786b806f4536b55b3377723c190f - - default default] Successfully bumped revision number for resource cfa95728-ae3a-41ea-9b49-81f78c93c8d5 (type: ports) to 1
2026-06-28 21:09:17.905 8 WARNING neutron.scheduler.dhcp_agent_scheduler [None req-87b0cac2-4a3f-4a58-9bf1-07135c5ed9e7 ad1e96e118a2497fac5fe0259d75ce73 9e0b943a38534c8ba15f5cedd08344c6 - - default default] No more DHCP agents
2026-06-28 21:09:17.911 8 WARNING neutron.api.rpc.agentnotifiers.dhcp_rpc_agent_api [None req-87b0cac2-4a3f-4a58-9bf1-07135c5ed9e7 ad1e96e118a2497fac5fe0259d75ce73 9e0b943a38534c8ba15f5cedd08344c6 - - default default] Unable to schedule network a6f208ec-9fe0-4f3b-868a-21e884435a91: no agents available; will retry on subsequent port and subnet creation events.
2026-06-28 21:09:17.999 8 INFO neutron.db.ovn_revision_numbers_db [None req-87b0cac2-4a3f-4a58-9bf1-07135c5ed9e7 ad1e96e118a2497fac5fe0259d75ce73 9e0b943a38534c8ba15f5cedd08344c6 - - default default] Successfully bumped revision number for resource c0ae6c81-2091-410f-8c88-8adb68b189f2 (type: ports) to 1
2026-06-28 21:09:18.032 8 INFO neutron.wsgi [None req-87b0cac2-4a3f-4a58-9bf1-07135c5ed9e7 ad1e96e118a2497fac5fe0259d75ce73 9e0b943a38534c8ba15f5cedd08344c6 - - default default] 10.0.0.131 "POST /v2.0/ports HTTP/1.1" status: 201 len: 942 time: 0.3586581
2026-06-28 21:09:18.066 9 INFO neutron.wsgi [None req-4a00e382-22be-4076-93f3-ea20d5e765e8 7ce99a38adbf44dea1546587a3280700 ef3cff4f372848748245027e5e1fec4f - - default default] 10.0.0.131 "DELETE /v2.0/security-groups/e62e714d-12a6-4dc3-b8d5-11073e7406ca HTTP/1.1" status: 204 len: 168 time: 0.2899926
2026-06-28 21:09:18.306 9 INFO neutron.wsgi [None req-b895d4e2-f322-41fb-b9b3-acffe41cf427 ad1e96e118a2497fac5fe0259d75ce73 9e0b943a38534c8ba15f5cedd08344c6 - - default default] 10.0.0.131 "POST /v2.0/trunks HTTP/1.1" status: 201 len: 608 time: 0.2663488
2026-06-28 21:09:18.403 9 INFO neutron.db.segments_db [None req-203621e3-9c5b-4a51-ac77-a000a2ddb74a ad1e96e118a2497fac5fe0259d75ce73 9e0b943a38534c8ba15f5cedd08344c6 - - default default] Added segment 6c178dd3-2a19-4986-af55-7f1a72ea1718 of type geneve for network 98b5614e-ac17-47f0-897c-dfd4f8861115
2026-06-28 21:09:18.487 8 INFO neutron.plugins.ml2.drivers.ovn.mech_driver.mech_driver [None req-b5cebebb-68c9-48bf-9c48-93b3cf057bd6 - - - - - -] OVN reports status up for port: cfa95728-ae3a-41ea-9b49-81f78c93c8d5
2026-06-28 21:09:18.495 8 INFO neutron.plugins.ml2.plugin [None req-b5cebebb-68c9-48bf-9c48-93b3cf057bd6 - - - - - -] Attempt 1 to provision port cfa95728-ae3a-41ea-9b49-81f78c93c8d5
2026-06-28 21:09:18.529 9 INFO neutron.db.ovn_revision_numbers_db [None req-f5543231-bec9-49ed-ba6f-83d48f097f5d b133238fa39b42e296cd21c2ef23c70e deac786b806f4536b55b3377723c190f - - default default] Successfully bumped revision number for resource cfa95728-ae3a-41ea-9b49-81f78c93c8d5 (type: router_ports) to 1
2026-06-28 21:09:18.574 9 INFO neutron.db.ovn_revision_numbers_db [None req-203621e3-9c5b-4a51-ac77-a000a2ddb74a ad1e96e118a2497fac5fe0259d75ce73 9e0b943a38534c8ba15f5cedd08344c6 - - default default] Successfully bumped revision number for resource 98b5614e-ac17-47f0-897c-dfd4f8861115 (type: networks) to 1
2026-06-28 21:09:18.749 9 INFO neutron.db.ovn_revision_numbers_db [None req-f5543231-bec9-49ed-ba6f-83d48f097f5d b133238fa39b42e296cd21c2ef23c70e deac786b806f4536b55b3377723c190f - - default default] Successfully bumped revision number for resource cfa95728-ae3a-41ea-9b49-81f78c93c8d5 (type: ports) to 1
2026-06-28 21:09:18.789 8 INFO neutron.db.ovn_revision_numbers_db [None req-b5cebebb-68c9-48bf-9c48-93b3cf057bd6 - - - - - -] Successfully bumped revision number for resource cfa95728-ae3a-41ea-9b49-81f78c93c8d5 (type: ports) to 2
2026-06-28 21:09:18.792 9 WARNING neutron.scheduler.dhcp_agent_scheduler [None req-203621e3-9c5b-4a51-ac77-a000a2ddb74a ad1e96e118a2497fac5fe0259d75ce73 9e0b943a38534c8ba15f5cedd08344c6 - - default default] No more DHCP agents
2026-06-28 21:09:18.802 9 WARNING neutron.api.rpc.agentnotifiers.dhcp_rpc_agent_api [None req-203621e3-9c5b-4a51-ac77-a000a2ddb74a ad1e96e118a2497fac5fe0259d75ce73 9e0b943a38534c8ba15f5cedd08344c6 - - default default] Unable to schedule network 98b5614e-ac17-47f0-897c-dfd4f8861115: no agents available; will retry on subsequent port and subnet creation events.
2026-06-28 21:09:18.853 9 WARNING neutron.scheduler.dhcp_agent_scheduler [None req-f5543231-bec9-49ed-ba6f-83d48f097f5d b133238fa39b42e296cd21c2ef23c70e deac786b806f4536b55b3377723c190f - - default default] No more DHCP agents
2026-06-28 21:09:18.856 9 WARNING neutron.api.rpc.agentnotifiers.dhcp_rpc_agent_api [None req-f5543231-bec9-49ed-ba6f-83d48f097f5d b133238fa39b42e296cd21c2ef23c70e deac786b806f4536b55b3377723c190f - - default default] Unable to schedule network 5d36f857-38e6-42ff-9d0c-8e502325948e: no agents available; will retry on subsequent port and subnet creation events.
2026-06-28 21:09:18.899 9 INFO neutron.db.ovn_revision_numbers_db [None req-203621e3-9c5b-4a51-ac77-a000a2ddb74a ad1e96e118a2497fac5fe0259d75ce73 9e0b943a38534c8ba15f5cedd08344c6 - - default default] Successfully bumped revision number for resource a091fc36-9ebe-4f7c-bf5c-79a8154ee813 (type: ports) to 1
2026-06-28 21:09:18.928 9 INFO neutron.wsgi [None req-203621e3-9c5b-4a51-ac77-a000a2ddb74a ad1e96e118a2497fac5fe0259d75ce73 9e0b943a38534c8ba15f5cedd08344c6 - - default default] 10.0.0.131 "POST /v2.0/networks HTTP/1.1" status: 201 len: 830 time: 0.6179399
2026-06-28 21:09:18.938 8 INFO neutron.db.ovn_revision_numbers_db [None req-b5cebebb-68c9-48bf-9c48-93b3cf057bd6 - - - - - -] Successfully bumped revision number for resource cfa95728-ae3a-41ea-9b49-81f78c93c8d5 (type: router_ports) to 2
2026-06-28 21:09:19.457 9 WARNING neutron.scheduler.dhcp_agent_scheduler [None req-7111d505-f7a2-4a3e-bd33-df4b94b03b81 ad1e96e118a2497fac5fe0259d75ce73 9e0b943a38534c8ba15f5cedd08344c6 - - default default] No more DHCP agents
2026-06-28 21:09:19.465 9 WARNING neutron.api.rpc.agentnotifiers.dhcp_rpc_agent_api [None req-7111d505-f7a2-4a3e-bd33-df4b94b03b81 ad1e96e118a2497fac5fe0259d75ce73 9e0b943a38534c8ba15f5cedd08344c6 - - default default] Unable to schedule network 98b5614e-ac17-47f0-897c-dfd4f8861115: no agents available; will retry on subsequent port and subnet creation events.
2026-06-28 21:09:19.496 9 INFO neutron.db.ovn_revision_numbers_db [None req-f5543231-bec9-49ed-ba6f-83d48f097f5d b133238fa39b42e296cd21c2ef23c70e deac786b806f4536b55b3377723c190f - - default default] Successfully bumped revision number for resource cfa95728-ae3a-41ea-9b49-81f78c93c8d5 (type: router_ports) to 2
2026-06-28 21:09:19.499 9 INFO neutron.wsgi [None req-f5543231-bec9-49ed-ba6f-83d48f097f5d b133238fa39b42e296cd21c2ef23c70e deac786b806f4536b55b3377723c190f - - default default] 10.0.0.131 "PUT /v2.0/routers/2787fda4-f465-4992-9298-b7373e51bcc6/add_router_interface HTTP/1.1" status: 200 len: 503 time: 2.6913145 /var/lib/openstack/lib/python3.10/site-packages/pycadf/identifier.py:71: UserWarning: Invalid uuid: neutron. To ensure interoperability, identifiers should be a valid uuid. warnings.warn(('Invalid uuid: %s. To ensure interoperability, '
2026-06-28 21:09:19.536 9 INFO neutron.db.ovn_revision_numbers_db [None req-7111d505-f7a2-4a3e-bd33-df4b94b03b81 ad1e96e118a2497fac5fe0259d75ce73 9e0b943a38534c8ba15f5cedd08344c6 - - default default] Successfully bumped revision number for resource f9875f8e-ac0b-436d-8a19-54f9766267db (type: ports) to 1
2026-06-28 21:09:19.559 9 INFO neutron.wsgi [None req-7111d505-f7a2-4a3e-bd33-df4b94b03b81 ad1e96e118a2497fac5fe0259d75ce73 9e0b943a38534c8ba15f5cedd08344c6 - - default default] 10.0.0.131 "POST /v2.0/ports HTTP/1.1" status: 201 len: 942 time: 0.6242831 /var/lib/openstack/lib/python3.10/site-packages/pycadf/identifier.py:71: UserWarning: Invalid uuid: neutron. To ensure interoperability, identifiers should be a valid uuid. warnings.warn(('Invalid uuid: %s. To ensure interoperability, '
2026-06-28 21:09:19.831 9 INFO neutron.wsgi [None req-793d9580-1326-4e20-a4e5-df261ecf77c8 ad1e96e118a2497fac5fe0259d75ce73 9e0b943a38534c8ba15f5cedd08344c6 - - default default] 10.0.0.131 "POST /v2.0/trunks HTTP/1.1" status: 201 len: 608 time: 0.2690284
2026-06-28 21:09:19.869 9 INFO neutron.wsgi [None req-d6cac104-8520-4707-bf69-2e695205906a ad1e96e118a2497fac5fe0259d75ce73 9e0b943a38534c8ba15f5cedd08344c6 - - default default] 10.0.0.131 "PUT /v2.0/trunks/f20ea02f-dd90-43b3-ac99-a3b2fc88390f/tags HTTP/1.1" status: 200 len: 210 time: 0.0341017
2026-06-28 21:09:19.898 9 INFO neutron.wsgi [None req-01b96616-a7e2-4456-92a6-2b694eab1605 ad1e96e118a2497fac5fe0259d75ce73 9e0b943a38534c8ba15f5cedd08344c6 - - default default] 10.0.0.131 "PUT /v2.0/trunks/3184df7f-54b4-4187-81fe-8e2b7abe2afc/tags HTTP/1.1" status: 200 len: 218 time: 0.0237203
2026-06-28 21:09:19.927 9 INFO neutron.wsgi [None req-8f3d5884-22aa-41a5-a8b3-7b388facce7f ad1e96e118a2497fac5fe0259d75ce73 9e0b943a38534c8ba15f5cedd08344c6 - - default default] 10.0.0.131 "PUT /v2.0/trunks/90b66533-caed-4ba4-a84d-f770e9525a1e/tags HTTP/1.1" status: 200 len: 227 time: 0.0246253
2026-06-28 21:09:19.976 9 INFO neutron.wsgi [None req-60cdf0fa-3902-47bd-9d88-9a30df2d0719 ad1e96e118a2497fac5fe0259d75ce73 9e0b943a38534c8ba15f5cedd08344c6 - - default default] 10.0.0.131 "PUT /v2.0/trunks/a811b69b-5fac-4d3f-bbb1-93962d0e749d/tags HTTP/1.1" status: 200 len: 212 time: 0.0436070
2026-06-28 21:09:20.008 9 INFO neutron.db.ovn_revision_numbers_db [None req-3e285c9a-7ae7-4516-b813-44f35757d84e 0b6701b39c304da185beb7a1d54e9b81 3d6630840dcb45cd9d479f6f7331b2ef - - default default] Successfully bumped revision number for resource 673d53d9-3b88-4155-bbcb-5e5ac6d33788 (type: security_groups) to 1
2026-06-28 21:09:20.014 9 INFO neutron.wsgi [None req-925d65f1-d963-4696-a123-5205710f321f ad1e96e118a2497fac5fe0259d75ce73 9e0b943a38534c8ba15f5cedd08344c6 - - default default] 10.0.0.131 "GET /v2.0/trunks?tags=red HTTP/1.1" status: 200 len: 1447 time: 0.0322025
2026-06-28 21:09:20.045 9 INFO neutron.db.ovn_revision_numbers_db [None req-3e285c9a-7ae7-4516-b813-44f35757d84e 0b6701b39c304da185beb7a1d54e9b81 3d6630840dcb45cd9d479f6f7331b2ef - - default default] Successfully bumped revision number for resource 56f9b58b-e671-4ad1-8e0c-4a3612d6b42a (type: security_group_rules) to 0
2026-06-28 21:09:20.053 9 INFO neutron.wsgi [None req-35e540c4-1a53-4910-9cf0-45048d6f8fbb ad1e96e118a2497fac5fe0259d75ce73 9e0b943a38534c8ba15f5cedd08344c6 - - default default] 10.0.0.131 "GET /v2.0/trunks?tags=red%2Cblue HTTP/1.1" status: 200 len: 1041 time: 0.0335050
2026-06-28 21:09:20.079 9 INFO neutron.db.ovn_revision_numbers_db [None req-3e285c9a-7ae7-4516-b813-44f35757d84e 0b6701b39c304da185beb7a1d54e9b81 3d6630840dcb45cd9d479f6f7331b2ef - - default default] Successfully bumped revision number for resource 741de04d-4892-4ba7-9f67-1a5cf3e21c9a (type: security_group_rules) to 0
2026-06-28 21:09:20.089 9 INFO neutron.wsgi [None req-f60eb927-5ab4-4a0b-be57-885403cf014d ad1e96e118a2497fac5fe0259d75ce73 9e0b943a38534c8ba15f5cedd08344c6 - - default default] 10.0.0.131 "GET /v2.0/trunks?tags-any=blue HTTP/1.1" status: 200 len: 1041 time: 0.0285337
2026-06-28 21:09:20.105 9 INFO neutron.db.ovn_revision_numbers_db [None req-3e285c9a-7ae7-4516-b813-44f35757d84e 0b6701b39c304da185beb7a1d54e9b81 3d6630840dcb45cd9d479f6f7331b2ef - - default default] Successfully bumped revision number for resource b0dbb3d4-bed2-47dc-9b41-30037e30f4e1 (type: security_group_rules) to 0
2026-06-28 21:09:20.122 9 INFO neutron.wsgi [None req-62f3c580-887a-4a5e-b4c6-a1ee10a43f0d ad1e96e118a2497fac5fe0259d75ce73 9e0b943a38534c8ba15f5cedd08344c6 - - default default] 10.0.0.131 "GET /v2.0/trunks?tags-any=red%2Cblue HTTP/1.1" status: 200 len: 1447 time: 0.0278599
2026-06-28 21:09:20.133 9 INFO neutron.db.ovn_revision_numbers_db [None req-3e285c9a-7ae7-4516-b813-44f35757d84e 0b6701b39c304da185beb7a1d54e9b81 3d6630840dcb45cd9d479f6f7331b2ef - - default default] Successfully bumped revision number for resource d5b4e3be-9fe8-4d2e-a7a6-5634128a2d83 (type: security_group_rules) to 0
2026-06-28 21:09:20.154 9 INFO neutron.wsgi [None req-c2a2981f-27b0-4946-850e-289d8be16a6d ad1e96e118a2497fac5fe0259d75ce73 9e0b943a38534c8ba15f5cedd08344c6 - - default default] 10.0.0.131 "GET /v2.0/trunks?not-tags=red HTTP/1.1" status: 200 len: 1013 time: 0.0277209
2026-06-28 21:09:20.188 9 INFO neutron.db.segments_db [None req-3e285c9a-7ae7-4516-b813-44f35757d84e 0b6701b39c304da185beb7a1d54e9b81 3d6630840dcb45cd9d479f6f7331b2ef - - default default] Added segment 51d851f4-7a83-47a5-bfe9-efa802879c92 of type geneve for network 81189298-884f-478d-8219-b9bc4cc9ee1d
2026-06-28 21:09:20.194 8 INFO neutron.wsgi [None req-e612fa0f-494c-4520-bd71-948a6c82eab3 ad1e96e118a2497fac5fe0259d75ce73 9e0b943a38534c8ba15f5cedd08344c6 - - default default] 10.0.0.131 "GET /v2.0/trunks?not-tags=red%2Cblue HTTP/1.1" status: 200 len: 1419 time: 0.0331457
2026-06-28 21:09:20.224 8 INFO neutron.wsgi [None req-434c44ea-7e73-4e51-9ac1-adb35ae52a5b ad1e96e118a2497fac5fe0259d75ce73 9e0b943a38534c8ba15f5cedd08344c6 - - default default] 10.0.0.131 "GET /v2.0/trunks?not-tags-any=blue HTTP/1.1" status: 200 len: 1419 time: 0.0258849
2026-06-28 21:09:20.256 8 INFO neutron.wsgi [None req-6e72456f-d6b0-444c-9497-dd6486061575 ad1e96e118a2497fac5fe0259d75ce73 9e0b943a38534c8ba15f5cedd08344c6 - - default default] 10.0.0.131 "GET /v2.0/trunks?not-tags-any=red%2Cblue HTTP/1.1" status: 200 len: 1013 time: 0.0273461
2026-06-28 21:09:20.298 8 INFO neutron.wsgi [None req-9c8b8bd4-1733-4678-b7cc-458beff78750 ad1e96e118a2497fac5fe0259d75ce73 9e0b943a38534c8ba15f5cedd08344c6 - - default default] 10.0.0.131 "GET /v2.0/trunks/f20ea02f-dd90-43b3-ac99-a3b2fc88390f HTTP/1.1" status: 200 len: 608 time: 0.0275857
2026-06-28 21:09:20.314 8 WARNING neutron.scheduler.dhcp_agent_scheduler [None req-44a94d65-2c84-4b7f-a856-91147f939911 b133238fa39b42e296cd21c2ef23c70e deac786b806f4536b55b3377723c190f - - default default] No more DHCP agents
2026-06-28 21:09:20.316 8 WARNING neutron.api.rpc.agentnotifiers.dhcp_rpc_agent_api [None req-44a94d65-2c84-4b7f-a856-91147f939911 b133238fa39b42e296cd21c2ef23c70e deac786b806f4536b55b3377723c190f - - default default] Unable to schedule network 2e583238-3728-440c-b34d-d73b479b89fa: no agents available; will retry on subsequent port and subnet creation events.
2026-06-28 21:09:20.360 9 INFO neutron.db.ovn_revision_numbers_db [None req-3e285c9a-7ae7-4516-b813-44f35757d84e 0b6701b39c304da185beb7a1d54e9b81 3d6630840dcb45cd9d479f6f7331b2ef - - default default] Successfully bumped revision number for resource 81189298-884f-478d-8219-b9bc4cc9ee1d (type: networks) to 1
2026-06-28 21:09:20.421 9 INFO neutron.wsgi [None req-890ebfec-2202-40e1-930d-7daa27e621ff ad1e96e118a2497fac5fe0259d75ce73 9e0b943a38534c8ba15f5cedd08344c6 - - default default] 10.0.0.131 "GET /v2.0/ports/bfc77185-8233-4c89-bfc2-3e2a64911e14 HTTP/1.1" status: 200 len: 1020 time: 0.1171668
2026-06-28 21:09:20.516 8 INFO neutron.db.ovn_revision_numbers_db [None req-44a94d65-2c84-4b7f-a856-91147f939911 b133238fa39b42e296cd21c2ef23c70e deac786b806f4536b55b3377723c190f - - default default] Successfully bumped revision number for resource 74ef3568-1154-4926-96c0-c8ae5db98fde (type: ports) to 1
2026-06-28 21:09:20.557 9 INFO neutron.wsgi [None req-abb3b121-2438-4c88-a4e3-02dd6fd34dce ad1e96e118a2497fac5fe0259d75ce73 9e0b943a38534c8ba15f5cedd08344c6 - - default default] 10.0.0.131 "DELETE /v2.0/trunks/f20ea02f-dd90-43b3-ac99-a3b2fc88390f HTTP/1.1" status: 204 len: 168 time: 0.1306429
2026-06-28 21:09:20.581 9 INFO neutron.wsgi [None req-6b012bb0-80d9-48c7-95b5-7eac65638640 ad1e96e118a2497fac5fe0259d75ce73 9e0b943a38534c8ba15f5cedd08344c6 - - default default] 10.0.0.131 "GET /v2.0/trunks/3184df7f-54b4-4187-81fe-8e2b7abe2afc HTTP/1.1" status: 200 len: 616 time: 0.0184143
2026-06-28 21:09:20.602 9 WARNING neutron.scheduler.dhcp_agent_scheduler [None req-3e285c9a-7ae7-4516-b813-44f35757d84e 0b6701b39c304da185beb7a1d54e9b81 3d6630840dcb45cd9d479f6f7331b2ef - - default default] No more DHCP agents
2026-06-28 21:09:20.605 9 WARNING neutron.api.rpc.agentnotifiers.dhcp_rpc_agent_api [None req-3e285c9a-7ae7-4516-b813-44f35757d84e 0b6701b39c304da185beb7a1d54e9b81 3d6630840dcb45cd9d479f6f7331b2ef - - default default] Unable to schedule network 81189298-884f-478d-8219-b9bc4cc9ee1d: no agents available; will retry on subsequent port and subnet creation events.
2026-06-28 21:09:20.685 9 INFO neutron.db.ovn_revision_numbers_db [None req-3e285c9a-7ae7-4516-b813-44f35757d84e 0b6701b39c304da185beb7a1d54e9b81 3d6630840dcb45cd9d479f6f7331b2ef - - default default] Successfully bumped revision number for resource fcf20604-24aa-49d6-9b69-8323d58eecf5 (type: ports) to 1
2026-06-28 21:09:20.706 9 INFO neutron.wsgi [None req-3e285c9a-7ae7-4516-b813-44f35757d84e 0b6701b39c304da185beb7a1d54e9b81 3d6630840dcb45cd9d479f6f7331b2ef - - default default] 10.0.0.131 "POST /v2.0/networks HTTP/1.1" status: 201 len: 832 time: 1.1081128
2026-06-28 21:09:20.726 8 INFO neutron.wsgi [None req-b99345a3-9a2c-4bc7-afad-2c456dfd79c3 ad1e96e118a2497fac5fe0259d75ce73 9e0b943a38534c8ba15f5cedd08344c6 - - default default] 10.0.0.131 "GET /v2.0/ports/b75f8078-a9c2-4ada-a25a-c7460765fede HTTP/1.1" status: 200 len: 1020 time: 0.1398356
2026-06-28 21:09:20.853 9 INFO neutron.wsgi [None req-4ad739a6-5f49-4f3f-b47b-5129fa99f2e4 ad1e96e118a2497fac5fe0259d75ce73 9e0b943a38534c8ba15f5cedd08344c6 - - default default] 10.0.0.131 "DELETE /v2.0/trunks/3184df7f-54b4-4187-81fe-8e2b7abe2afc HTTP/1.1" status: 204 len: 168 time: 0.1201766
2026-06-28 21:09:20.889 8 INFO neutron.wsgi [None req-d8321d86-746a-451e-aafc-5a13276603d8 ad1e96e118a2497fac5fe0259d75ce73 9e0b943a38534c8ba15f5cedd08344c6 - - default default] 10.0.0.131 "GET /v2.0/trunks/90b66533-caed-4ba4-a84d-f770e9525a1e HTTP/1.1" status: 200 len: 625 time: 0.0306582
2026-06-28 21:09:21.010 8 INFO neutron.wsgi [None req-5a571b62-8a07-4b31-9532-001cb8eccbd7 ad1e96e118a2497fac5fe0259d75ce73 9e0b943a38534c8ba15f5cedd08344c6 - - default default] 10.0.0.131 "GET /v2.0/ports/bf4e5586-3d33-4c6c-9788-cba69dbdf3df HTTP/1.1" status: 200 len: 1020 time: 0.1145921
