2026-06-28 21:09:33.345 9 INFO neutron.wsgi [req-208051c8-11fa-4a9c-bd37-3e55cff250bf req-2c14a4fa-dfe1-4d92-9f2e-6806e693b802 e19a0c7f39814e7bb6223dda14ce4989 cdb6b868bba9469ca81c23ad0bcd2f01 - - d1146906f66a4a0cb46ecefe67aee84b d1146906f66a4a0cb46ecefe67aee84b] 199.204.45.23 "GET /v2.0/ports?tenant_id=3d6630840dcb45cd9d479f6f7331b2ef&device_id=ce54a864-31d3-41f5-a651-670b92dbf565 HTTP/1.1" status: 200 len: 1411 time: 0.0510356
2026-06-28 21:09:33.346 9 WARNING neutron.plugins.ml2.drivers.ovn.mech_driver.ovsdb.ovn_client [None req-5e779a41-02ec-464b-86fc-eee7bd7635aa - - - - - -] No hosting information found for port e9e63a3d-8827-4b9d-9b9e-5b9c57d284c0: RuntimeError: No hosting information found for port e9e63a3d-8827-4b9d-9b9e-5b9c57d284c0
2026-06-28 21:09:33.404 9 INFO neutron.wsgi [req-208051c8-11fa-4a9c-bd37-3e55cff250bf req-118d7260-c4a1-48c7-8a3d-9131cf0c88cb e19a0c7f39814e7bb6223dda14ce4989 cdb6b868bba9469ca81c23ad0bcd2f01 - - d1146906f66a4a0cb46ecefe67aee84b d1146906f66a4a0cb46ecefe67aee84b] 199.204.45.23 "GET /v2.0/networks?id=81189298-884f-478d-8219-b9bc4cc9ee1d HTTP/1.1" status: 200 len: 958 time: 0.0539153
2026-06-28 21:09:33.432 9 INFO neutron.plugins.ml2.drivers.ovn.mech_driver.mech_driver [None req-5e779a41-02ec-464b-86fc-eee7bd7635aa - - - - - -] OVN reports status up for port: 2da2e7d8-fc17-491c-99e0-f70aca01fd1f
2026-06-28 21:09:33.434 9 INFO neutron.wsgi [req-208051c8-11fa-4a9c-bd37-3e55cff250bf req-70acfbb9-bf13-435a-96ea-1789a859dac7 e19a0c7f39814e7bb6223dda14ce4989 cdb6b868bba9469ca81c23ad0bcd2f01 - - d1146906f66a4a0cb46ecefe67aee84b d1146906f66a4a0cb46ecefe67aee84b] 199.204.45.23 "GET /v2.0/floatingips?fixed_ip_address=10.100.0.13&port_id=2da2e7d8-fc17-491c-99e0-f70aca01fd1f HTTP/1.1" status: 200 len: 217 time: 0.0249314
2026-06-28 21:09:33.449 9 INFO neutron.plugins.ml2.plugin [None req-5e779a41-02ec-464b-86fc-eee7bd7635aa - - - - - -] Attempt 1 to provision port 2da2e7d8-fc17-491c-99e0-f70aca01fd1f
2026-06-28 21:09:33.480 9 INFO neutron.wsgi [req-208051c8-11fa-4a9c-bd37-3e55cff250bf req-f34efc75-4edf-41b5-afd3-461d68bf91ec e19a0c7f39814e7bb6223dda14ce4989 cdb6b868bba9469ca81c23ad0bcd2f01 - - d1146906f66a4a0cb46ecefe67aee84b d1146906f66a4a0cb46ecefe67aee84b] 199.204.45.23 "GET /v2.0/subnets?id=d4b32674-9aa8-4f01-94d7-640303259ad9 HTTP/1.1" status: 200 len: 852 time: 0.0390651
2026-06-28 21:09:33.487 8 INFO neutron.db.l3_db [None req-0f3bef41-fb02-4aee-910a-03e1fa19f370 b133238fa39b42e296cd21c2ef23c70e deac786b806f4536b55b3377723c190f - - default default] Floating IP c5351f33-454e-4798-8e96-3692695b16d2 associated. External IP: 10.96.250.216, port: 6cdc20a9-f001-44bb-8a40-fd6450db07fe.
2026-06-28 21:09:33.505 9 INFO neutron.wsgi [req-208051c8-11fa-4a9c-bd37-3e55cff250bf req-2c8f51d4-f352-4fa8-878c-e9a0f349dce5 e19a0c7f39814e7bb6223dda14ce4989 cdb6b868bba9469ca81c23ad0bcd2f01 - - d1146906f66a4a0cb46ecefe67aee84b d1146906f66a4a0cb46ecefe67aee84b] 199.204.45.23 "GET /v2.0/ports?network_id=81189298-884f-478d-8219-b9bc4cc9ee1d&device_owner=network%3Adhcp HTTP/1.1" status: 200 len: 210 time: 0.0177143
2026-06-28 21:09:33.579 9 INFO neutron.wsgi [req-208051c8-11fa-4a9c-bd37-3e55cff250bf req-1986acc1-da4d-40b3-947d-14a42f1ca45a e19a0c7f39814e7bb6223dda14ce4989 cdb6b868bba9469ca81c23ad0bcd2f01 - - d1146906f66a4a0cb46ecefe67aee84b d1146906f66a4a0cb46ecefe67aee84b] 199.204.45.23 "GET /v2.0/networks/81189298-884f-478d-8219-b9bc4cc9ee1d?fields=segments HTTP/1.1" status: 200 len: 212 time: 0.0694361
2026-06-28 21:09:33.661 9 INFO neutron.wsgi [req-208051c8-11fa-4a9c-bd37-3e55cff250bf req-0699d6ca-b664-4027-84b0-65b5f9a3cc6a e19a0c7f39814e7bb6223dda14ce4989 cdb6b868bba9469ca81c23ad0bcd2f01 - - d1146906f66a4a0cb46ecefe67aee84b d1146906f66a4a0cb46ecefe67aee84b] 199.204.45.23 "GET /v2.0/networks/81189298-884f-478d-8219-b9bc4cc9ee1d?fields=provider%3Aphysical_network&fields=provider%3Anetwork_type HTTP/1.1" status: 200 len: 277 time: 0.0758712
2026-06-28 21:09:33.686 8 INFO neutron.wsgi [req-dbf2d7a5-a2cd-4f6c-ae8a-f8acfd7ed980 req-bb60ac75-c464-459b-8e3d-4cb4b5368954 0b6701b39c304da185beb7a1d54e9b81 3d6630840dcb45cd9d479f6f7331b2ef - - default default] 10.0.0.153 "GET /v2.0/ports?device_id=ce54a864-31d3-41f5-a651-670b92dbf565 HTTP/1.1" status: 200 len: 1174 time: 0.0421693
2026-06-28 21:09:33.735 8 INFO neutron.db.ovn_revision_numbers_db [None req-0f3bef41-fb02-4aee-910a-03e1fa19f370 b133238fa39b42e296cd21c2ef23c70e deac786b806f4536b55b3377723c190f - - default default] Successfully bumped revision number for resource c5351f33-454e-4798-8e96-3692695b16d2 (type: floatingips) to 0
2026-06-28 21:09:33.742 8 INFO neutron.wsgi [req-dbf2d7a5-a2cd-4f6c-ae8a-f8acfd7ed980 req-f70547af-2e20-41a6-a6a6-8f268ac702eb 0b6701b39c304da185beb7a1d54e9b81 3d6630840dcb45cd9d479f6f7331b2ef - - default default] 10.0.0.153 "GET /v2.0/security-groups?id=473c76b0-ce64-4a79-a2a5-820c0395dca8&fields=id&fields=name HTTP/1.1" status: 200 len: 313 time: 0.0427136
2026-06-28 21:09:33.811 9 INFO neutron.db.ovn_revision_numbers_db [None req-5e779a41-02ec-464b-86fc-eee7bd7635aa - - - - - -] Successfully bumped revision number for resource 2da2e7d8-fc17-491c-99e0-f70aca01fd1f (type: ports) to 4
2026-06-28 21:09:33.861 8 INFO neutron.db.ovn_revision_numbers_db [None req-0f3bef41-fb02-4aee-910a-03e1fa19f370 b133238fa39b42e296cd21c2ef23c70e deac786b806f4536b55b3377723c190f - - default default] Successfully bumped revision number for resource c5351f33-454e-4798-8e96-3692695b16d2 (type: floatingips) to 1
2026-06-28 21:09:33.892 8 INFO neutron.wsgi [None req-0f3bef41-fb02-4aee-910a-03e1fa19f370 b133238fa39b42e296cd21c2ef23c70e deac786b806f4536b55b3377723c190f - - default default] 10.0.0.131 "POST /v2.0/floatingips HTTP/1.1" status: 201 len: 1054 time: 1.2469444 /var/lib/openstack/lib/python3.10/site-packages/pycadf/identifier.py:71: UserWarning: Invalid uuid: neutron. To ensure interoperability, identifiers should be a valid uuid. warnings.warn(('Invalid uuid: %s. To ensure interoperability, '
2026-06-28 21:09:33.950 9 INFO neutron.wsgi [None req-307dd91e-eccd-49cd-871b-3465eb070333 7ce99a38adbf44dea1546587a3280700 ef3cff4f372848748245027e5e1fec4f - - default default] 10.0.0.131 "GET /v2.0/security-groups?tenant_id=b21ddeb57fba4e239118bd639e0838bb&name=default HTTP/1.1" status: 200 len: 2996 time: 0.2456319
2026-06-28 21:09:33.999 8 INFO neutron.wsgi [req-1ab32852-6258-4a89-96a4-a2fe380f8ac5 req-88a5992c-d06b-4f21-a898-f7cbb812b9dd b133238fa39b42e296cd21c2ef23c70e deac786b806f4536b55b3377723c190f - - default default] 10.0.0.153 "GET /v2.0/security-groups?name=tempest-lb_member_SG-239218717&fields=id&tenant_id=deac786b806f4536b55b3377723c190f HTTP/1.1" status: 200 len: 267 time: 0.0378997
2026-06-28 21:09:34.117 8 INFO neutron.wsgi [req-1ab32852-6258-4a89-96a4-a2fe380f8ac5 req-2bf38b95-65cf-4ca5-8bec-a7a7b41ca4b2 b133238fa39b42e296cd21c2ef23c70e deac786b806f4536b55b3377723c190f - - default default] 10.0.0.153 "GET /v2.0/networks?id=2e583238-3728-440c-b34d-d73b479b89fa HTTP/1.1" status: 200 len: 903 time: 0.1078737
2026-06-28 21:09:34.135 8 INFO neutron.wsgi [req-1ab32852-6258-4a89-96a4-a2fe380f8ac5 req-5d9aaede-b9a2-4547-bf47-07ca0cbf2027 b133238fa39b42e296cd21c2ef23c70e deac786b806f4536b55b3377723c190f - - default default] 10.0.0.153 "GET /v2.0/quotas/deac786b806f4536b55b3377723c190f HTTP/1.1" status: 200 len: 386 time: 0.0110719
2026-06-28 21:09:34.165 9 INFO neutron.wsgi [None req-9cce0f9a-614b-46ab-80eb-9ce9ef3c7406 7ce99a38adbf44dea1546587a3280700 ef3cff4f372848748245027e5e1fec4f - - default default] 10.0.0.131 "DELETE /v2.0/security-groups/ae6c52b7-e1d7-41cc-985a-242ed829ff4f HTTP/1.1" status: 204 len: 168 time: 0.2107804
2026-06-28 21:09:34.279 8 INFO neutron.wsgi [req-1ab32852-6258-4a89-96a4-a2fe380f8ac5 req-47cde24b-188e-4a30-a43f-b075e719d983 b133238fa39b42e296cd21c2ef23c70e deac786b806f4536b55b3377723c190f - - default default] 10.0.0.153 "GET /v2.0/ports?tenant_id=deac786b806f4536b55b3377723c190f&fields=id HTTP/1.1" status: 200 len: 532 time: 0.1344848
2026-06-28 21:09:34.359 8 INFO neutron.wsgi [req-1ab32852-6258-4a89-96a4-a2fe380f8ac5 req-791fa7b0-2aaf-401c-99ad-3cb681dbe5b2 e19a0c7f39814e7bb6223dda14ce4989 cdb6b868bba9469ca81c23ad0bcd2f01 - - d1146906f66a4a0cb46ecefe67aee84b d1146906f66a4a0cb46ecefe67aee84b] 10.0.0.153 "GET /v2.0/networks/2e583238-3728-440c-b34d-d73b479b89fa?fields=segments HTTP/1.1" status: 200 len: 212 time: 0.0672901
2026-06-28 21:09:34.379 9 INFO neutron.db.ovn_revision_numbers_db [None req-2b12715e-ca2e-4f2c-be47-ac947bbb637a 7ce99a38adbf44dea1546587a3280700 ef3cff4f372848748245027e5e1fec4f - - default default] Successfully bumped revision number for resource f46151be-2240-4a44-abcc-847579727a85 (type: security_groups) to 1
2026-06-28 21:09:34.395 9 INFO neutron.db.ovn_revision_numbers_db [None req-2b12715e-ca2e-4f2c-be47-ac947bbb637a 7ce99a38adbf44dea1546587a3280700 ef3cff4f372848748245027e5e1fec4f - - default default] Successfully bumped revision number for resource 45ba4cbb-ec33-4b85-8353-979b9576b4e2 (type: security_group_rules) to 0
2026-06-28 21:09:34.403 8 INFO neutron.notifiers.nova [-] Nova event matching ['req-25b4496e-01b3-4cc9-819a-2f1817e398b9'] response: {'name': 'network-changed', 'server_uuid': '51e44e5d-b451-40d3-b839-4351cb5f26eb', 'tag': '6cdc20a9-f001-44bb-8a40-fd6450db07fe', 'status': 'completed', 'code': 200}
2026-06-28 21:09:34.409 9 INFO neutron.db.ovn_revision_numbers_db [None req-2b12715e-ca2e-4f2c-be47-ac947bbb637a 7ce99a38adbf44dea1546587a3280700 ef3cff4f372848748245027e5e1fec4f - - default default] Successfully bumped revision number for resource 98ffff79-cd85-4386-aaed-095a1c0dcc15 (type: security_group_rules) to 0
2026-06-28 21:09:34.423 9 INFO neutron.db.ovn_revision_numbers_db [None req-2b12715e-ca2e-4f2c-be47-ac947bbb637a 7ce99a38adbf44dea1546587a3280700 ef3cff4f372848748245027e5e1fec4f - - default default] Successfully bumped revision number for resource b575e32e-8941-4e39-99b5-7d3c477a74b2 (type: security_group_rules) to 0
2026-06-28 21:09:34.427 8 INFO neutron.wsgi [req-1ab32852-6258-4a89-96a4-a2fe380f8ac5 req-9f6cc5df-842e-4fd9-b65b-3a8eefe45c72 e19a0c7f39814e7bb6223dda14ce4989 cdb6b868bba9469ca81c23ad0bcd2f01 - - d1146906f66a4a0cb46ecefe67aee84b d1146906f66a4a0cb46ecefe67aee84b] 10.0.0.153 "GET /v2.0/networks/2e583238-3728-440c-b34d-d73b479b89fa?fields=provider%3Aphysical_network&fields=provider%3Anetwork_type HTTP/1.1" status: 200 len: 277 time: 0.0579150
2026-06-28 21:09:34.458 9 INFO neutron.db.ovn_revision_numbers_db [None req-2b12715e-ca2e-4f2c-be47-ac947bbb637a 7ce99a38adbf44dea1546587a3280700 ef3cff4f372848748245027e5e1fec4f - - default default] Successfully bumped revision number for resource cddd6567-5b42-49ec-afa4-73a2230d0808 (type: security_group_rules) to 0
2026-06-28 21:09:34.474 9 INFO neutron.wsgi [req-95138906-4f59-4705-9516-c7916855ed83 req-1a8e6daf-69cf-43e0-b639-123b70a513df e19a0c7f39814e7bb6223dda14ce4989 cdb6b868bba9469ca81c23ad0bcd2f01 - - d1146906f66a4a0cb46ecefe67aee84b d1146906f66a4a0cb46ecefe67aee84b] 199.204.45.23 "GET /v2.0/ports?tenant_id=deac786b806f4536b55b3377723c190f&device_id=51e44e5d-b451-40d3-b839-4351cb5f26eb HTTP/1.1" status: 200 len: 1634 time: 0.0501490
2026-06-28 21:09:34.499 9 INFO neutron.wsgi [None req-2b12715e-ca2e-4f2c-be47-ac947bbb637a 7ce99a38adbf44dea1546587a3280700 ef3cff4f372848748245027e5e1fec4f - - default default] 10.0.0.131 "GET /v2.0/security-groups?tenant_id=276f6f0eee28413591d17970ded0fd5e&name=default HTTP/1.1" status: 200 len: 2996 time: 0.2316768
2026-06-28 21:09:34.547 9 INFO neutron.wsgi [req-95138906-4f59-4705-9516-c7916855ed83 req-35d458e0-83ff-4f61-a7e0-77a55b89c018 e19a0c7f39814e7bb6223dda14ce4989 cdb6b868bba9469ca81c23ad0bcd2f01 - - d1146906f66a4a0cb46ecefe67aee84b d1146906f66a4a0cb46ecefe67aee84b] 199.204.45.23 "GET /v2.0/networks?id=5d36f857-38e6-42ff-9d0c-8e502325948e HTTP/1.1" status: 200 len: 1003 time: 0.0664506
2026-06-28 21:09:34.579 8 INFO neutron.wsgi [req-de2294a5-cb69-4a35-b4c1-e3a0ed6d853c req-f2934456-0394-48a5-88cb-cda49a1b65dc b133238fa39b42e296cd21c2ef23c70e deac786b806f4536b55b3377723c190f - - default default] 10.0.0.153 "GET /v2.0/ports?device_id=16a00d63-903f-405e-8c46-88b1c406ce68 HTTP/1.1" status: 200 len: 210 time: 0.0221612
2026-06-28 21:09:34.615 9 INFO neutron.wsgi [req-95138906-4f59-4705-9516-c7916855ed83 req-f2e48ea3-3ee4-439d-8640-2eb28be4ae99 e19a0c7f39814e7bb6223dda14ce4989 cdb6b868bba9469ca81c23ad0bcd2f01 - - d1146906f66a4a0cb46ecefe67aee84b d1146906f66a4a0cb46ecefe67aee84b] 199.204.45.23 "GET /v2.0/floatingips?fixed_ip_address=10.2.1.174&port_id=6cdc20a9-f001-44bb-8a40-fd6450db07fe HTTP/1.1" status: 200 len: 1059 time: 0.0638771
2026-06-28 21:09:34.638 9 INFO neutron.wsgi [req-95138906-4f59-4705-9516-c7916855ed83 req-16d262fb-17bf-4c92-a402-f6ce497c66e7 e19a0c7f39814e7bb6223dda14ce4989 cdb6b868bba9469ca81c23ad0bcd2f01 - - d1146906f66a4a0cb46ecefe67aee84b d1146906f66a4a0cb46ecefe67aee84b] 199.204.45.23 "GET /v2.0/floatingips?fixed_ip_address=fd7b%3Af9f7%3Afff%3A4eca%3A%3Ad3&port_id=6cdc20a9-f001-44bb-8a40-fd6450db07fe HTTP/1.1" status: 200 len: 217 time: 0.0185938
2026-06-28 21:09:34.679 9 INFO neutron.wsgi [req-95138906-4f59-4705-9516-c7916855ed83 req-b42a31a9-baf0-4de8-9b0b-13da868f9d43 e19a0c7f39814e7bb6223dda14ce4989 cdb6b868bba9469ca81c23ad0bcd2f01 - - d1146906f66a4a0cb46ecefe67aee84b d1146906f66a4a0cb46ecefe67aee84b] 199.204.45.23 "GET /v2.0/subnets?id=2479ac3f-1b5a-4b14-a8ee-19a12abf84bf&id=30a91741-ad43-4ef9-a4e7-b935e089b02e HTTP/1.1" status: 200 len: 1559 time: 0.0340619
2026-06-28 21:09:34.704 9 INFO neutron.wsgi [req-95138906-4f59-4705-9516-c7916855ed83 req-f063d8b1-90be-4789-acfe-39bb1f44a90d e19a0c7f39814e7bb6223dda14ce4989 cdb6b868bba9469ca81c23ad0bcd2f01 - - d1146906f66a4a0cb46ecefe67aee84b d1146906f66a4a0cb46ecefe67aee84b] 199.204.45.23 "GET /v2.0/ports?network_id=5d36f857-38e6-42ff-9d0c-8e502325948e&device_owner=network%3Adhcp HTTP/1.1" status: 200 len: 210 time: 0.0200648
2026-06-28 21:09:34.716 8 INFO neutron.wsgi [None req-924731fb-77e5-4f1c-bf8a-ff16311a9e27 7ce99a38adbf44dea1546587a3280700 ef3cff4f372848748245027e5e1fec4f - - default default] 10.0.0.131 "DELETE /v2.0/security-groups/f46151be-2240-4a44-abcc-847579727a85 HTTP/1.1" status: 204 len: 168 time: 0.2105200
2026-06-28 21:09:34.729 9 INFO neutron.wsgi [req-95138906-4f59-4705-9516-c7916855ed83 req-61ee2ca2-cf42-40d3-a2a6-db0f95db5034 e19a0c7f39814e7bb6223dda14ce4989 cdb6b868bba9469ca81c23ad0bcd2f01 - - d1146906f66a4a0cb46ecefe67aee84b d1146906f66a4a0cb46ecefe67aee84b] 199.204.45.23 "GET /v2.0/ports?network_id=5d36f857-38e6-42ff-9d0c-8e502325948e&device_owner=network%3Adhcp HTTP/1.1" status: 200 len: 210 time: 0.0183272
2026-06-28 21:09:34.789 9 INFO neutron.wsgi [req-95138906-4f59-4705-9516-c7916855ed83 req-9f3918b6-c2f0-4993-9deb-24660ba2dc93 e19a0c7f39814e7bb6223dda14ce4989 cdb6b868bba9469ca81c23ad0bcd2f01 - - d1146906f66a4a0cb46ecefe67aee84b d1146906f66a4a0cb46ecefe67aee84b] 199.204.45.23 "GET /v2.0/networks/5d36f857-38e6-42ff-9d0c-8e502325948e?fields=segments HTTP/1.1" status: 200 len: 212 time: 0.0522807
2026-06-28 21:09:34.854 8 INFO neutron.wsgi [req-fc17513a-eb14-4eed-ac63-0923c6b7fc67 req-bf4a7978-55fe-40c9-9e30-2f0038fb2b88 0b6701b39c304da185beb7a1d54e9b81 3d6630840dcb45cd9d479f6f7331b2ef - - default default] 10.0.0.153 "GET /v2.0/ports?device_id=ce54a864-31d3-41f5-a651-670b92dbf565 HTTP/1.1" status: 200 len: 1174 time: 0.0369766
2026-06-28 21:09:34.861 9 INFO neutron.wsgi [req-95138906-4f59-4705-9516-c7916855ed83 req-2c41e0ab-ed0f-4001-9322-d622312d9058 e19a0c7f39814e7bb6223dda14ce4989 cdb6b868bba9469ca81c23ad0bcd2f01 - - d1146906f66a4a0cb46ecefe67aee84b d1146906f66a4a0cb46ecefe67aee84b] 199.204.45.23 "GET /v2.0/networks/5d36f857-38e6-42ff-9d0c-8e502325948e?fields=provider%3Aphysical_network&fields=provider%3Anetwork_type HTTP/1.1" status: 200 len: 277 time: 0.0679822
2026-06-28 21:09:34.918 8 INFO neutron.wsgi [req-fc17513a-eb14-4eed-ac63-0923c6b7fc67 req-6cdcd501-02ae-4771-a73c-5cdb5117cfc3 0b6701b39c304da185beb7a1d54e9b81 3d6630840dcb45cd9d479f6f7331b2ef - - default default] 10.0.0.153 "GET /v2.0/security-groups?id=473c76b0-ce64-4a79-a2a5-820c0395dca8&fields=id&fields=name HTTP/1.1" status: 200 len: 313 time: 0.0573540
2026-06-28 21:09:34.989 9 INFO neutron.notifiers.nova [-] Nova event matching ['req-8e248eee-85af-4adb-a253-56b334e2c1b1'] response: {'server_uuid': 'ce54a864-31d3-41f5-a651-670b92dbf565', 'name': 'network-vif-plugged', 'status': 'completed', 'tag': '2da2e7d8-fc17-491c-99e0-f70aca01fd1f', 'code': 200}
2026-06-28 21:09:34.989 9 INFO neutron.notifiers.nova [-] Nova event matching ['req-8e248eee-85af-4adb-a253-56b334e2c1b1'] response: {'server_uuid': 'ce54a864-31d3-41f5-a651-670b92dbf565', 'name': 'network-vif-plugged', 'status': 'completed', 'tag': '2da2e7d8-fc17-491c-99e0-f70aca01fd1f', 'code': 200}
2026-06-28 21:09:35.384 9 INFO neutron.wsgi [req-1ab32852-6258-4a89-96a4-a2fe380f8ac5 req-4e318627-1f75-4edd-96cb-b1e447723e7d b133238fa39b42e296cd21c2ef23c70e deac786b806f4536b55b3377723c190f - - default default] 199.204.45.23 "GET /v2.0/networks?id=2e583238-3728-440c-b34d-d73b479b89fa HTTP/1.1" status: 200 len: 903 time: 0.0764048
2026-06-28 21:09:35.445 9 INFO neutron.wsgi [req-1ab32852-6258-4a89-96a4-a2fe380f8ac5 req-eef1921a-22e0-4067-9d2a-f1db32e8fa8c b133238fa39b42e296cd21c2ef23c70e deac786b806f4536b55b3377723c190f - - default default] 199.204.45.23 "GET /v2.0/security-groups?fields=id&fields=name&tenant_id=deac786b806f4536b55b3377723c190f HTTP/1.1" status: 200 len: 377 time: 0.0525723
2026-06-28 21:09:35.817 9 WARNING neutron.scheduler.dhcp_agent_scheduler [req-1ab32852-6258-4a89-96a4-a2fe380f8ac5 req-b7f6b937-7ea3-4dae-b954-4776c01c642b b133238fa39b42e296cd21c2ef23c70e deac786b806f4536b55b3377723c190f - - default default] No more DHCP agents
2026-06-28 21:09:35.819 9 WARNING neutron.api.rpc.agentnotifiers.dhcp_rpc_agent_api [req-1ab32852-6258-4a89-96a4-a2fe380f8ac5 req-b7f6b937-7ea3-4dae-b954-4776c01c642b b133238fa39b42e296cd21c2ef23c70e deac786b806f4536b55b3377723c190f - - default default] Unable to schedule network 2e583238-3728-440c-b34d-d73b479b89fa: no agents available; will retry on subsequent port and subnet creation events.
2026-06-28 21:09:35.991 9 INFO neutron.db.ovn_revision_numbers_db [req-1ab32852-6258-4a89-96a4-a2fe380f8ac5 req-b7f6b937-7ea3-4dae-b954-4776c01c642b b133238fa39b42e296cd21c2ef23c70e deac786b806f4536b55b3377723c190f - - default default] Successfully bumped revision number for resource af112f7c-148a-4815-933f-d9a767a9cc7c (type: ports) to 1
2026-06-28 21:09:36.013 9 INFO neutron.wsgi [req-1ab32852-6258-4a89-96a4-a2fe380f8ac5 req-b7f6b937-7ea3-4dae-b954-4776c01c642b b133238fa39b42e296cd21c2ef23c70e deac786b806f4536b55b3377723c190f - - default default] 199.204.45.23 "POST /v2.0/ports HTTP/1.1" status: 201 len: 1384 time: 0.5633371 /var/lib/openstack/lib/python3.10/site-packages/pycadf/identifier.py:71: UserWarning: Invalid uuid: neutron. To ensure interoperability, identifiers should be a valid uuid. warnings.warn(('Invalid uuid: %s. To ensure interoperability, '
2026-06-28 21:09:36.066 8 INFO neutron.wsgi [req-7bfd864e-377c-442d-9de0-a7951d5cab04 req-28e9c8b5-0ddf-47a7-8599-37ef0425085b 0b6701b39c304da185beb7a1d54e9b81 3d6630840dcb45cd9d479f6f7331b2ef - - default default] 10.0.0.153 "GET /v2.0/ports?device_id=ce54a864-31d3-41f5-a651-670b92dbf565 HTTP/1.1" status: 200 len: 1174 time: 0.0861540
2026-06-28 21:09:36.127 8 INFO neutron.wsgi [req-7bfd864e-377c-442d-9de0-a7951d5cab04 req-d1166a0d-c738-49a5-a600-a7e0317411e1 0b6701b39c304da185beb7a1d54e9b81 3d6630840dcb45cd9d479f6f7331b2ef - - default default] 10.0.0.153 "GET /v2.0/security-groups?id=473c76b0-ce64-4a79-a2a5-820c0395dca8&fields=id&fields=name HTTP/1.1" status: 200 len: 313 time: 0.0501192
2026-06-28 21:09:36.237 8 INFO neutron.wsgi [req-bc4ad8ba-f2aa-47d3-85df-2bb1092c92e5 req-a326e617-b01f-4f6c-9736-e6cf3597f094 0b6701b39c304da185beb7a1d54e9b81 3d6630840dcb45cd9d479f6f7331b2ef - - default default] 10.0.0.153 "GET /v2.0/ports?device_id=ce54a864-31d3-41f5-a651-670b92dbf565 HTTP/1.1" status: 200 len: 1174 time: 0.0379107
2026-06-28 21:09:36.286 8 INFO neutron.wsgi [req-bc4ad8ba-f2aa-47d3-85df-2bb1092c92e5 req-170ca0c4-1564-4598-a897-b05f9542180e 0b6701b39c304da185beb7a1d54e9b81 3d6630840dcb45cd9d479f6f7331b2ef - - default default] 10.0.0.153 "GET /v2.0/security-groups?id=473c76b0-ce64-4a79-a2a5-820c0395dca8&fields=id&fields=name HTTP/1.1" status: 200 len: 313 time: 0.0403712
2026-06-28 21:09:36.358 8 INFO neutron.wsgi [None req-03cb3b78-8a1d-4dd2-a977-64d3e3eac8d7 cb921d28ead9484280a8bc0f538e208e 626b7ef642d64a4a9d7786433bb5b5b6 - - default default] 10.0.0.131 "GET /v2.0/ports?device_id=ce54a864-31d3-41f5-a651-670b92dbf565 HTTP/1.1" status: 200 len: 1408 time: 0.0450363
2026-06-28 21:09:36.606 9 INFO neutron.db.ovn_revision_numbers_db [req-1ab32852-6258-4a89-96a4-a2fe380f8ac5 req-baff5416-cf4d-42f1-a389-4154758b3494 e19a0c7f39814e7bb6223dda14ce4989 cdb6b868bba9469ca81c23ad0bcd2f01 - - d1146906f66a4a0cb46ecefe67aee84b d1146906f66a4a0cb46ecefe67aee84b] Successfully bumped revision number for resource af112f7c-148a-4815-933f-d9a767a9cc7c (type: ports) to 2
2026-06-28 21:09:36.632 8 WARNING neutron.scheduler.dhcp_agent_scheduler [None req-0abd1f0c-0045-47f2-8805-e0576446f6ec 0b6701b39c304da185beb7a1d54e9b81 3d6630840dcb45cd9d479f6f7331b2ef - - default default] No more DHCP agents
2026-06-28 21:09:36.633 8 WARNING neutron.api.rpc.agentnotifiers.dhcp_rpc_agent_api [None req-0abd1f0c-0045-47f2-8805-e0576446f6ec 0b6701b39c304da185beb7a1d54e9b81 3d6630840dcb45cd9d479f6f7331b2ef - - default default] Unable to schedule network 58ee145c-34ab-4f5b-bce6-9aed3f94978e: no agents available; will retry on subsequent port and subnet creation events.
2026-06-28 21:09:36.799 9 INFO neutron.db.ovn_revision_numbers_db [req-1ab32852-6258-4a89-96a4-a2fe380f8ac5 req-baff5416-cf4d-42f1-a389-4154758b3494 e19a0c7f39814e7bb6223dda14ce4989 cdb6b868bba9469ca81c23ad0bcd2f01 - - d1146906f66a4a0cb46ecefe67aee84b d1146906f66a4a0cb46ecefe67aee84b] Successfully bumped revision number for resource af112f7c-148a-4815-933f-d9a767a9cc7c (type: ports) to 2
2026-06-28 21:09:36.815 9 INFO neutron.wsgi [req-1ab32852-6258-4a89-96a4-a2fe380f8ac5 req-baff5416-cf4d-42f1-a389-4154758b3494 e19a0c7f39814e7bb6223dda14ce4989 cdb6b868bba9469ca81c23ad0bcd2f01 - - d1146906f66a4a0cb46ecefe67aee84b d1146906f66a4a0cb46ecefe67aee84b] 199.204.45.23 "PUT /v2.0/ports/af112f7c-148a-4815-933f-d9a767a9cc7c HTTP/1.1" status: 200 len: 1601 time: 0.7907364 /var/lib/openstack/lib/python3.10/site-packages/pycadf/identifier.py:71: UserWarning: Invalid uuid: neutron. To ensure interoperability, identifiers should be a valid uuid. warnings.warn(('Invalid uuid: %s. To ensure interoperability, '
2026-06-28 21:09:36.886 9 INFO neutron.wsgi [req-1ab32852-6258-4a89-96a4-a2fe380f8ac5 req-4029f5ad-7ebc-4e38-b8e3-369371365635 e19a0c7f39814e7bb6223dda14ce4989 cdb6b868bba9469ca81c23ad0bcd2f01 - - d1146906f66a4a0cb46ecefe67aee84b d1146906f66a4a0cb46ecefe67aee84b] 199.204.45.23 "GET /v2.0/ports?tenant_id=deac786b806f4536b55b3377723c190f&device_id=16a00d63-903f-405e-8c46-88b1c406ce68 HTTP/1.1" status: 200 len: 1632 time: 0.0371003
2026-06-28 21:09:36.917 9 INFO neutron.wsgi [req-1ab32852-6258-4a89-96a4-a2fe380f8ac5 req-cda8b895-27fd-471e-afaa-7cd303295751 e19a0c7f39814e7bb6223dda14ce4989 cdb6b868bba9469ca81c23ad0bcd2f01 - - d1146906f66a4a0cb46ecefe67aee84b d1146906f66a4a0cb46ecefe67aee84b] 199.204.45.23 "GET /v2.0/floatingips?fixed_ip_address=10.2.2.236&port_id=af112f7c-148a-4815-933f-d9a767a9cc7c HTTP/1.1" status: 200 len: 217 time: 0.0258667
2026-06-28 21:09:36.943 9 INFO neutron.wsgi [req-1ab32852-6258-4a89-96a4-a2fe380f8ac5 req-5be84fd6-4704-4542-a86c-20e94f53d098 e19a0c7f39814e7bb6223dda14ce4989 cdb6b868bba9469ca81c23ad0bcd2f01 - - d1146906f66a4a0cb46ecefe67aee84b d1146906f66a4a0cb46ecefe67aee84b] 199.204.45.23 "GET /v2.0/floatingips?fixed_ip_address=fd77%3A1457%3A4cf0%3A26a8%3A%3A5&port_id=af112f7c-148a-4815-933f-d9a767a9cc7c HTTP/1.1" status: 200 len: 217 time: 0.0205760
2026-06-28 21:09:36.984 9 INFO neutron.wsgi [req-1ab32852-6258-4a89-96a4-a2fe380f8ac5 req-a9a09c62-7dde-4db7-8169-1538e90de4f3 e19a0c7f39814e7bb6223dda14ce4989 cdb6b868bba9469ca81c23ad0bcd2f01 - - d1146906f66a4a0cb46ecefe67aee84b d1146906f66a4a0cb46ecefe67aee84b] 199.204.45.23 "GET /v2.0/subnets?id=7829f642-2636-4502-8990-dfddf15dc5d5&id=bbe31e09-53da-4ea2-a247-ad457486188a HTTP/1.1" status: 200 len: 1567 time: 0.0356512
2026-06-28 21:09:37.017 9 INFO neutron.wsgi [req-1ab32852-6258-4a89-96a4-a2fe380f8ac5 req-09076c96-fba1-4e23-943f-1111fdd5d689 e19a0c7f39814e7bb6223dda14ce4989 cdb6b868bba9469ca81c23ad0bcd2f01 - - d1146906f66a4a0cb46ecefe67aee84b d1146906f66a4a0cb46ecefe67aee84b] 199.204.45.23 "GET /v2.0/ports?network_id=2e583238-3728-440c-b34d-d73b479b89fa&device_owner=network%3Adhcp HTTP/1.1" status: 200 len: 210 time: 0.0207493
2026-06-28 21:09:37.041 9 INFO neutron.notifiers.nova [-] Nova event matching ['req-f4e7747d-a884-43c3-9a0f-9ab2f6b438f6'] response: {'name': 'network-changed', 'server_uuid': '16a00d63-903f-405e-8c46-88b1c406ce68', 'tag': 'af112f7c-148a-4815-933f-d9a767a9cc7c', 'status': 'completed', 'code': 200}
2026-06-28 21:09:37.043 9 INFO neutron.wsgi [req-1ab32852-6258-4a89-96a4-a2fe380f8ac5 req-acf6d0b1-8dde-4f09-b8f4-6e1b7869fff3 e19a0c7f39814e7bb6223dda14ce4989 cdb6b868bba9469ca81c23ad0bcd2f01 - - d1146906f66a4a0cb46ecefe67aee84b d1146906f66a4a0cb46ecefe67aee84b] 199.204.45.23 "GET /v2.0/ports?network_id=2e583238-3728-440c-b34d-d73b479b89fa&device_owner=network%3Adhcp HTTP/1.1" status: 200 len: 210 time: 0.0191786
2026-06-28 21:09:37.120 9 INFO neutron.wsgi [req-1ab32852-6258-4a89-96a4-a2fe380f8ac5 req-03fb7775-4bf9-4540-b623-51723db6d934 e19a0c7f39814e7bb6223dda14ce4989 cdb6b868bba9469ca81c23ad0bcd2f01 - - d1146906f66a4a0cb46ecefe67aee84b d1146906f66a4a0cb46ecefe67aee84b] 199.204.45.23 "GET /v2.0/networks/2e583238-3728-440c-b34d-d73b479b89fa?fields=segments HTTP/1.1" status: 200 len: 212 time: 0.0705261
2026-06-28 21:09:37.209 9 INFO neutron.wsgi [req-1ab32852-6258-4a89-96a4-a2fe380f8ac5 req-a36c6ce1-ba70-4725-9f15-4cd035181a4c e19a0c7f39814e7bb6223dda14ce4989 cdb6b868bba9469ca81c23ad0bcd2f01 - - d1146906f66a4a0cb46ecefe67aee84b d1146906f66a4a0cb46ecefe67aee84b] 199.204.45.23 "GET /v2.0/networks/2e583238-3728-440c-b34d-d73b479b89fa?fields=provider%3Aphysical_network&fields=provider%3Anetwork_type HTTP/1.1" status: 200 len: 277 time: 0.0824122
2026-06-28 21:09:37.302 8 INFO neutron.db.l3_db [None req-0abd1f0c-0045-47f2-8805-e0576446f6ec 0b6701b39c304da185beb7a1d54e9b81 3d6630840dcb45cd9d479f6f7331b2ef - - default default] Floating IP 6398aa0b-13a3-4a58-9dbd-ef6bdfa3ac80 associated. External IP: 10.96.250.206, port: 2da2e7d8-fc17-491c-99e0-f70aca01fd1f.
2026-06-28 21:09:37.330 9 INFO neutron.wsgi [req-dcfe9872-7d3a-48d9-b970-27be794c2f28 req-e285130f-4020-46e2-b9b7-0e7ab2d9d3ba e19a0c7f39814e7bb6223dda14ce4989 cdb6b868bba9469ca81c23ad0bcd2f01 - - d1146906f66a4a0cb46ecefe67aee84b d1146906f66a4a0cb46ecefe67aee84b] 199.204.45.23 "GET /v2.0/ports?tenant_id=deac786b806f4536b55b3377723c190f&device_id=16a00d63-903f-405e-8c46-88b1c406ce68 HTTP/1.1" status: 200 len: 1632 time: 0.0627267
2026-06-28 21:09:37.433 8 INFO neutron.plugins.ml2.drivers.ovn.mech_driver.mech_driver [None req-b5cebebb-68c9-48bf-9c48-93b3cf057bd6 - - - - - -] OVN reports status up for port: af112f7c-148a-4815-933f-d9a767a9cc7c
2026-06-28 21:09:37.441 9 INFO neutron.wsgi [req-dcfe9872-7d3a-48d9-b970-27be794c2f28 req-10f9442b-9456-439f-9ff7-72b543050e85 e19a0c7f39814e7bb6223dda14ce4989 cdb6b868bba9469ca81c23ad0bcd2f01 - - d1146906f66a4a0cb46ecefe67aee84b d1146906f66a4a0cb46ecefe67aee84b] 199.204.45.23 "GET /v2.0/networks?id=2e583238-3728-440c-b34d-d73b479b89fa HTTP/1.1" status: 200 len: 1002 time: 0.1045253
2026-06-28 21:09:37.451 8 INFO neutron.plugins.ml2.plugin [None req-b5cebebb-68c9-48bf-9c48-93b3cf057bd6 - - - - - -] Attempt 1 to provision port af112f7c-148a-4815-933f-d9a767a9cc7c
2026-06-28 21:09:37.478 9 INFO neutron.wsgi [req-dcfe9872-7d3a-48d9-b970-27be794c2f28 req-3734cb34-85c6-40f8-88df-9bfcf62f0152 e19a0c7f39814e7bb6223dda14ce4989 cdb6b868bba9469ca81c23ad0bcd2f01 - - d1146906f66a4a0cb46ecefe67aee84b d1146906f66a4a0cb46ecefe67aee84b] 199.204.45.23 "GET /v2.0/floatingips?fixed_ip_address=10.2.2.236&port_id=af112f7c-148a-4815-933f-d9a767a9cc7c HTTP/1.1" status: 200 len: 217 time: 0.0243287
2026-06-28 21:09:37.517 9 INFO neutron.wsgi [req-dcfe9872-7d3a-48d9-b970-27be794c2f28 req-05d0af79-5cd7-478c-8572-93de9edda176 e19a0c7f39814e7bb6223dda14ce4989 cdb6b868bba9469ca81c23ad0bcd2f01 - - d1146906f66a4a0cb46ecefe67aee84b d1146906f66a4a0cb46ecefe67aee84b] 199.204.45.23 "GET /v2.0/floatingips?fixed_ip_address=fd77%3A1457%3A4cf0%3A26a8%3A%3A5&port_id=af112f7c-148a-4815-933f-d9a767a9cc7c HTTP/1.1" status: 200 len: 217 time: 0.0332162
2026-06-28 21:09:37.548 9 INFO neutron.wsgi [req-dcfe9872-7d3a-48d9-b970-27be794c2f28 req-27b14b68-da99-4a79-b577-10c873071bae e19a0c7f39814e7bb6223dda14ce4989 cdb6b868bba9469ca81c23ad0bcd2f01 - - d1146906f66a4a0cb46ecefe67aee84b d1146906f66a4a0cb46ecefe67aee84b] 199.204.45.23 "GET /v2.0/subnets?id=7829f642-2636-4502-8990-dfddf15dc5d5&id=bbe31e09-53da-4ea2-a247-ad457486188a HTTP/1.1" status: 200 len: 1567 time: 0.0273097
2026-06-28 21:09:37.570 9 INFO neutron.wsgi [req-dcfe9872-7d3a-48d9-b970-27be794c2f28 req-a454b478-3c5b-45c1-b557-f26d7d565d76 e19a0c7f39814e7bb6223dda14ce4989 cdb6b868bba9469ca81c23ad0bcd2f01 - - d1146906f66a4a0cb46ecefe67aee84b d1146906f66a4a0cb46ecefe67aee84b] 199.204.45.23 "GET /v2.0/ports?network_id=2e583238-3728-440c-b34d-d73b479b89fa&device_owner=network%3Adhcp HTTP/1.1" status: 200 len: 210 time: 0.0163352 /var/lib/openstack/lib/python3.10/site-packages/pycadf/identifier.py:71: UserWarning: Invalid uuid: neutron. To ensure interoperability, identifiers should be a valid uuid. warnings.warn(('Invalid uuid: %s. To ensure interoperability, '
2026-06-28 21:09:37.622 9 INFO neutron.wsgi [req-dcfe9872-7d3a-48d9-b970-27be794c2f28 req-85959da0-c53f-4fb3-ae42-06da88dd61db e19a0c7f39814e7bb6223dda14ce4989 cdb6b868bba9469ca81c23ad0bcd2f01 - - d1146906f66a4a0cb46ecefe67aee84b d1146906f66a4a0cb46ecefe67aee84b] 199.204.45.23 "GET /v2.0/ports?network_id=2e583238-3728-440c-b34d-d73b479b89fa&device_owner=network%3Adhcp HTTP/1.1" status: 200 len: 210 time: 0.0267918
2026-06-28 21:09:37.641 8 INFO neutron.notifiers.nova [-] Nova event matching ['req-b52ddbb9-fd62-45bb-8bb3-9af58304e8de'] response: {'server_uuid': '16a00d63-903f-405e-8c46-88b1c406ce68', 'name': 'network-vif-plugged', 'status': 'completed', 'tag': 'af112f7c-148a-4815-933f-d9a767a9cc7c', 'code': 200}
2026-06-28 21:09:37.643 8 INFO neutron.db.ovn_revision_numbers_db [None req-0abd1f0c-0045-47f2-8805-e0576446f6ec 0b6701b39c304da185beb7a1d54e9b81 3d6630840dcb45cd9d479f6f7331b2ef - - default default] Successfully bumped revision number for resource 6398aa0b-13a3-4a58-9dbd-ef6bdfa3ac80 (type: floatingips) to 0
2026-06-28 21:09:37.684 9 INFO neutron.wsgi [req-dcfe9872-7d3a-48d9-b970-27be794c2f28 req-d90239d3-d77a-4098-9304-47958fbbc0a6 e19a0c7f39814e7bb6223dda14ce4989 cdb6b868bba9469ca81c23ad0bcd2f01 - - d1146906f66a4a0cb46ecefe67aee84b d1146906f66a4a0cb46ecefe67aee84b] 199.204.45.23 "GET /v2.0/networks/2e583238-3728-440c-b34d-d73b479b89fa?fields=segments HTTP/1.1" status: 200 len: 212 time: 0.0554030
2026-06-28 21:09:37.770 9 INFO neutron.wsgi [req-dcfe9872-7d3a-48d9-b970-27be794c2f28 req-192c42a8-074d-49c5-961c-353c4bb81fef e19a0c7f39814e7bb6223dda14ce4989 cdb6b868bba9469ca81c23ad0bcd2f01 - - d1146906f66a4a0cb46ecefe67aee84b d1146906f66a4a0cb46ecefe67aee84b] 199.204.45.23 "GET /v2.0/networks/2e583238-3728-440c-b34d-d73b479b89fa?fields=provider%3Aphysical_network&fields=provider%3Anetwork_type HTTP/1.1" status: 200 len: 277 time: 0.0810668
2026-06-28 21:09:37.786 8 INFO neutron.db.ovn_revision_numbers_db [None req-0abd1f0c-0045-47f2-8805-e0576446f6ec 0b6701b39c304da185beb7a1d54e9b81 3d6630840dcb45cd9d479f6f7331b2ef - - default default] Successfully bumped revision number for resource 6398aa0b-13a3-4a58-9dbd-ef6bdfa3ac80 (type: floatingips) to 1
2026-06-28 21:09:37.833 8 INFO neutron.db.ovn_revision_numbers_db [None req-b5cebebb-68c9-48bf-9c48-93b3cf057bd6 - - - - - -] Successfully bumped revision number for resource af112f7c-148a-4815-933f-d9a767a9cc7c (type: ports) to 4
2026-06-28 21:09:37.835 8 INFO neutron.wsgi [None req-0abd1f0c-0045-47f2-8805-e0576446f6ec 0b6701b39c304da185beb7a1d54e9b81 3d6630840dcb45cd9d479f6f7331b2ef - - default default] 10.0.0.131 "POST /v2.0/floatingips HTTP/1.1" status: 201 len: 1055 time: 1.4717073
2026-06-28 21:09:37.893 9 INFO neutron.wsgi [None req-a14cdd34-a4fe-4b16-9a23-b90c57220e48 0b6701b39c304da185beb7a1d54e9b81 3d6630840dcb45cd9d479f6f7331b2ef - - default default] 10.0.0.131 "GET /v2.0/floatingips/6398aa0b-13a3-4a58-9dbd-ef6bdfa3ac80 HTTP/1.1" status: 200 len: 1052 time: 0.0523102
2026-06-28 21:09:38.287 9 INFO neutron.wsgi [-] 10.0.0.157 "GET / HTTP/1.1" status: 200 len: 246 time: 0.0030270
2026-06-28 21:09:38.289 8 INFO neutron.wsgi [-] 10.0.0.157 "GET / HTTP/1.1" status: 200 len: 246 time: 0.0046394 /var/lib/openstack/lib/python3.10/site-packages/pycadf/identifier.py:71: UserWarning: Invalid uuid: neutron. To ensure interoperability, identifiers should be a valid uuid. warnings.warn(('Invalid uuid: %s. To ensure interoperability, '
2026-06-28 21:09:39.690 8 INFO neutron.notifiers.nova [-] Nova event matching ['req-d607950d-0ed6-49d6-9aaa-6a3e3d330c55'] response: {'name': 'network-changed', 'server_uuid': 'ce54a864-31d3-41f5-a651-670b92dbf565', 'tag': '2da2e7d8-fc17-491c-99e0-f70aca01fd1f', 'status': 'completed', 'code': 200}
2026-06-28 21:09:39.690 8 INFO neutron.notifiers.nova [-] Nova event matching ['req-d607950d-0ed6-49d6-9aaa-6a3e3d330c55'] response: {'server_uuid': '16a00d63-903f-405e-8c46-88b1c406ce68', 'name': 'network-vif-plugged', 'status': 'completed', 'tag': 'af112f7c-148a-4815-933f-d9a767a9cc7c', 'code': 200}
2026-06-28 21:09:39.747 9 INFO neutron.wsgi [req-d61b4554-1033-4bb2-965a-bb8f93d8ffce req-5ff5b6cd-c33d-4c48-9339-44dd3afd5284 e19a0c7f39814e7bb6223dda14ce4989 cdb6b868bba9469ca81c23ad0bcd2f01 - - d1146906f66a4a0cb46ecefe67aee84b d1146906f66a4a0cb46ecefe67aee84b] 199.204.45.23 "GET /v2.0/ports?tenant_id=3d6630840dcb45cd9d479f6f7331b2ef&device_id=ce54a864-31d3-41f5-a651-670b92dbf565 HTTP/1.1" status: 200 len: 1413 time: 0.0389245
2026-06-28 21:09:39.800 8 INFO neutron.wsgi [req-8f98ecf3-f34e-4404-90cf-c272cd470e82 req-13075499-be35-41f8-8257-ff1cbaae82b7 b133238fa39b42e296cd21c2ef23c70e deac786b806f4536b55b3377723c190f - - default default] 10.0.0.153 "GET /v2.0/ports?device_id=16a00d63-903f-405e-8c46-88b1c406ce68 HTTP/1.1" status: 200 len: 1396 time: 0.1293201
2026-06-28 21:09:39.831 9 INFO neutron.wsgi [req-d61b4554-1033-4bb2-965a-bb8f93d8ffce req-089fafdd-a90c-4d98-81e5-b33157f07e04 e19a0c7f39814e7bb6223dda14ce4989 cdb6b868bba9469ca81c23ad0bcd2f01 - - d1146906f66a4a0cb46ecefe67aee84b d1146906f66a4a0cb46ecefe67aee84b] 199.204.45.23 "GET /v2.0/networks?id=81189298-884f-478d-8219-b9bc4cc9ee1d HTTP/1.1" status: 200 len: 958 time: 0.0794947
2026-06-28 21:09:39.853 8 INFO neutron.wsgi [req-8f98ecf3-f34e-4404-90cf-c272cd470e82 req-460ba3f2-b701-4060-8098-7925977e1744 b133238fa39b42e296cd21c2ef23c70e deac786b806f4536b55b3377723c190f - - default default] 10.0.0.153 "GET /v2.0/security-groups?id=9940e386-a095-43e7-b3ba-3d9d452fd838&fields=id&fields=name HTTP/1.1" status: 200 len: 310 time: 0.0449340
2026-06-28 21:09:39.906 9 INFO neutron.wsgi [req-d61b4554-1033-4bb2-965a-bb8f93d8ffce req-95dd5473-1935-48b1-a23c-429d376da309 e19a0c7f39814e7bb6223dda14ce4989 cdb6b868bba9469ca81c23ad0bcd2f01 - - d1146906f66a4a0cb46ecefe67aee84b d1146906f66a4a0cb46ecefe67aee84b] 199.204.45.23 "GET /v2.0/floatingips?fixed_ip_address=10.100.0.13&port_id=2da2e7d8-fc17-491c-99e0-f70aca01fd1f HTTP/1.1" status: 200 len: 1060 time: 0.0697031
2026-06-28 21:09:39.969 9 INFO neutron.wsgi [req-d61b4554-1033-4bb2-965a-bb8f93d8ffce req-b2d0111b-6c2e-4ca6-9497-fcfba1e05a0d e19a0c7f39814e7bb6223dda14ce4989 cdb6b868bba9469ca81c23ad0bcd2f01 - - d1146906f66a4a0cb46ecefe67aee84b d1146906f66a4a0cb46ecefe67aee84b] 199.204.45.23 "GET /v2.0/subnets?id=d4b32674-9aa8-4f01-94d7-640303259ad9 HTTP/1.1" status: 200 len: 852 time: 0.0523326
2026-06-28 21:09:40.010 9 INFO neutron.wsgi [req-d61b4554-1033-4bb2-965a-bb8f93d8ffce req-e9f20003-bc37-487d-8650-2e1a872a2664 e19a0c7f39814e7bb6223dda14ce4989 cdb6b868bba9469ca81c23ad0bcd2f01 - - d1146906f66a4a0cb46ecefe67aee84b d1146906f66a4a0cb46ecefe67aee84b] 199.204.45.23 "GET /v2.0/ports?network_id=81189298-884f-478d-8219-b9bc4cc9ee1d&device_owner=network%3Adhcp HTTP/1.1" status: 200 len: 210 time: 0.0369704
2026-06-28 21:09:40.019 9 INFO neutron.wsgi [None req-65dd904d-f063-4c68-abd9-564d0250dd44 b133238fa39b42e296cd21c2ef23c70e deac786b806f4536b55b3377723c190f - - default default] 10.0.0.131 "GET /v2.0/ports?network_id=2e583238-3728-440c-b34d-d73b479b89fa&mac_address=fa%3A16%3A3e%3A40%3A0d%3A0e HTTP/1.1" status: 200 len: 1391 time: 0.1426392
2026-06-28 21:09:40.080 9 INFO neutron.wsgi [req-d61b4554-1033-4bb2-965a-bb8f93d8ffce req-2a644bd2-79bb-4b0f-a11c-f3fd90a3f25a e19a0c7f39814e7bb6223dda14ce4989 cdb6b868bba9469ca81c23ad0bcd2f01 - - d1146906f66a4a0cb46ecefe67aee84b d1146906f66a4a0cb46ecefe67aee84b] 199.204.45.23 "GET /v2.0/networks/81189298-884f-478d-8219-b9bc4cc9ee1d?fields=segments HTTP/1.1" status: 200 len: 212 time: 0.0601621
2026-06-28 21:09:40.163 9 INFO neutron.wsgi [req-d61b4554-1033-4bb2-965a-bb8f93d8ffce req-cca99de0-4166-4332-a735-4100619c19e0 e19a0c7f39814e7bb6223dda14ce4989 cdb6b868bba9469ca81c23ad0bcd2f01 - - d1146906f66a4a0cb46ecefe67aee84b d1146906f66a4a0cb46ecefe67aee84b] 199.204.45.23 "GET /v2.0/networks/81189298-884f-478d-8219-b9bc4cc9ee1d?fields=provider%3Aphysical_network&fields=provider%3Anetwork_type HTTP/1.1" status: 200 len: 277 time: 0.0781314
2026-06-28 21:09:40.328 8 WARNING neutron.scheduler.dhcp_agent_scheduler [None req-b086953d-38ba-48a2-a8e7-adc94f1fb44a b133238fa39b42e296cd21c2ef23c70e deac786b806f4536b55b3377723c190f - - default default] No more DHCP agents
2026-06-28 21:09:40.330 8 WARNING neutron.api.rpc.agentnotifiers.dhcp_rpc_agent_api [None req-b086953d-38ba-48a2-a8e7-adc94f1fb44a b133238fa39b42e296cd21c2ef23c70e deac786b806f4536b55b3377723c190f - - default default] Unable to schedule network 58ee145c-34ab-4f5b-bce6-9aed3f94978e: no agents available; will retry on subsequent port and subnet creation events.
2026-06-28 21:09:40.769 8 INFO neutron.db.l3_db [None req-b086953d-38ba-48a2-a8e7-adc94f1fb44a b133238fa39b42e296cd21c2ef23c70e deac786b806f4536b55b3377723c190f - - default default] Floating IP d92a8d40-3fb3-480f-b16a-38ee9ed23e8f associated. External IP: 10.96.250.203, port: af112f7c-148a-4815-933f-d9a767a9cc7c.
2026-06-28 21:09:40.984 8 INFO neutron.db.ovn_revision_numbers_db [None req-b086953d-38ba-48a2-a8e7-adc94f1fb44a b133238fa39b42e296cd21c2ef23c70e deac786b806f4536b55b3377723c190f - - default default] Successfully bumped revision number for resource d92a8d40-3fb3-480f-b16a-38ee9ed23e8f (type: floatingips) to 0
2026-06-28 21:09:41.120 8 INFO neutron.db.ovn_revision_numbers_db [None req-b086953d-38ba-48a2-a8e7-adc94f1fb44a b133238fa39b42e296cd21c2ef23c70e deac786b806f4536b55b3377723c190f - - default default] Successfully bumped revision number for resource d92a8d40-3fb3-480f-b16a-38ee9ed23e8f (type: floatingips) to 1
2026-06-28 21:09:41.155 8 INFO neutron.wsgi [None req-b086953d-38ba-48a2-a8e7-adc94f1fb44a b133238fa39b42e296cd21c2ef23c70e deac786b806f4536b55b3377723c190f - - default default] 10.0.0.131 "POST /v2.0/floatingips HTTP/1.1" status: 201 len: 1054 time: 1.1310673
2026-06-28 21:09:41.727 8 INFO neutron.notifiers.nova [-] Nova event matching ['req-056068f5-5370-49b3-84b9-ef5a3fb2b9c7'] response: {'name': 'network-changed', 'server_uuid': '16a00d63-903f-405e-8c46-88b1c406ce68', 'tag': 'af112f7c-148a-4815-933f-d9a767a9cc7c', 'status': 'completed', 'code': 200} /var/lib/openstack/lib/python3.10/site-packages/pycadf/identifier.py:71: UserWarning: Invalid uuid: neutron. To ensure interoperability, identifiers should be a valid uuid. warnings.warn(('Invalid uuid: %s. To ensure interoperability, '
2026-06-28 21:09:41.790 9 INFO neutron.wsgi [req-9f18a0ee-e273-40f9-8a53-065c6204e76e req-6604059f-d357-459e-be6b-8e09d59ed4f4 e19a0c7f39814e7bb6223dda14ce4989 cdb6b868bba9469ca81c23ad0bcd2f01 - - d1146906f66a4a0cb46ecefe67aee84b d1146906f66a4a0cb46ecefe67aee84b] 199.204.45.23 "GET /v2.0/ports?tenant_id=deac786b806f4536b55b3377723c190f&device_id=16a00d63-903f-405e-8c46-88b1c406ce68 HTTP/1.1" status: 200 len: 1634 time: 0.0393229
2026-06-28 21:09:41.881 9 INFO neutron.wsgi [req-9f18a0ee-e273-40f9-8a53-065c6204e76e req-e6e95a7d-27bc-4195-bf81-43cce1faeefa e19a0c7f39814e7bb6223dda14ce4989 cdb6b868bba9469ca81c23ad0bcd2f01 - - d1146906f66a4a0cb46ecefe67aee84b d1146906f66a4a0cb46ecefe67aee84b] 199.204.45.23 "GET /v2.0/networks?id=2e583238-3728-440c-b34d-d73b479b89fa HTTP/1.1" status: 200 len: 1002 time: 0.0835860
2026-06-28 21:09:41.936 9 INFO neutron.wsgi [req-9f18a0ee-e273-40f9-8a53-065c6204e76e req-06e95190-1dab-4c23-8f85-5fe443c1ab49 e19a0c7f39814e7bb6223dda14ce4989 cdb6b868bba9469ca81c23ad0bcd2f01 - - d1146906f66a4a0cb46ecefe67aee84b d1146906f66a4a0cb46ecefe67aee84b] 199.204.45.23 "GET /v2.0/floatingips?fixed_ip_address=10.2.2.236&port_id=af112f7c-148a-4815-933f-d9a767a9cc7c HTTP/1.1" status: 200 len: 1059 time: 0.0472703
2026-06-28 21:09:41.970 9 INFO neutron.wsgi [req-9f18a0ee-e273-40f9-8a53-065c6204e76e req-9cfc58ff-aec2-40b6-a301-7d63ff5e4550 e19a0c7f39814e7bb6223dda14ce4989 cdb6b868bba9469ca81c23ad0bcd2f01 - - d1146906f66a4a0cb46ecefe67aee84b d1146906f66a4a0cb46ecefe67aee84b] 199.204.45.23 "GET /v2.0/floatingips?fixed_ip_address=fd77%3A1457%3A4cf0%3A26a8%3A%3A5&port_id=af112f7c-148a-4815-933f-d9a767a9cc7c HTTP/1.1" status: 200 len: 217 time: 0.0283036
2026-06-28 21:09:42.007 9 INFO neutron.wsgi [req-9f18a0ee-e273-40f9-8a53-065c6204e76e req-3b971493-f360-4be4-a037-30d87b6594c1 e19a0c7f39814e7bb6223dda14ce4989 cdb6b868bba9469ca81c23ad0bcd2f01 - - d1146906f66a4a0cb46ecefe67aee84b d1146906f66a4a0cb46ecefe67aee84b] 199.204.45.23 "GET /v2.0/subnets?id=7829f642-2636-4502-8990-dfddf15dc5d5&id=bbe31e09-53da-4ea2-a247-ad457486188a HTTP/1.1" status: 200 len: 1567 time: 0.0321286
2026-06-28 21:09:42.035 9 INFO neutron.wsgi [req-9f18a0ee-e273-40f9-8a53-065c6204e76e req-aa8287cf-6df5-4139-9fda-6bce673c76ad e19a0c7f39814e7bb6223dda14ce4989 cdb6b868bba9469ca81c23ad0bcd2f01 - - d1146906f66a4a0cb46ecefe67aee84b d1146906f66a4a0cb46ecefe67aee84b] 199.204.45.23 "GET /v2.0/ports?network_id=2e583238-3728-440c-b34d-d73b479b89fa&device_owner=network%3Adhcp HTTP/1.1" status: 200 len: 210 time: 0.0219722
2026-06-28 21:09:42.061 9 INFO neutron.wsgi [req-9f18a0ee-e273-40f9-8a53-065c6204e76e req-22fca5f9-542a-4b7f-b781-50258f886d92 e19a0c7f39814e7bb6223dda14ce4989 cdb6b868bba9469ca81c23ad0bcd2f01 - - d1146906f66a4a0cb46ecefe67aee84b d1146906f66a4a0cb46ecefe67aee84b] 199.204.45.23 "GET /v2.0/ports?network_id=2e583238-3728-440c-b34d-d73b479b89fa&device_owner=network%3Adhcp HTTP/1.1" status: 200 len: 210 time: 0.0194035
2026-06-28 21:09:42.133 9 INFO neutron.wsgi [req-9f18a0ee-e273-40f9-8a53-065c6204e76e req-fcaffe2d-2ce5-4203-b3ce-eda2ec0a0c31 e19a0c7f39814e7bb6223dda14ce4989 cdb6b868bba9469ca81c23ad0bcd2f01 - - d1146906f66a4a0cb46ecefe67aee84b d1146906f66a4a0cb46ecefe67aee84b] 199.204.45.23 "GET /v2.0/networks/2e583238-3728-440c-b34d-d73b479b89fa?fields=segments HTTP/1.1" status: 200 len: 212 time: 0.0655303
2026-06-28 21:09:42.207 9 INFO neutron.wsgi [req-9f18a0ee-e273-40f9-8a53-065c6204e76e req-d136a9c8-b12e-4b80-8851-ab7d04ba4714 e19a0c7f39814e7bb6223dda14ce4989 cdb6b868bba9469ca81c23ad0bcd2f01 - - d1146906f66a4a0cb46ecefe67aee84b d1146906f66a4a0cb46ecefe67aee84b] 199.204.45.23 "GET /v2.0/networks/2e583238-3728-440c-b34d-d73b479b89fa?fields=provider%3Aphysical_network&fields=provider%3Anetwork_type HTTP/1.1" status: 200 len: 277 time: 0.0657749
2026-06-28 21:09:42.671 9 INFO neutron.wsgi [req-3548c18e-a8e4-485c-b94b-df967ccc42d6 req-8a52f669-1f03-46e2-8086-450756651040 e19a0c7f39814e7bb6223dda14ce4989 cdb6b868bba9469ca81c23ad0bcd2f01 - - d1146906f66a4a0cb46ecefe67aee84b d1146906f66a4a0cb46ecefe67aee84b] 10.0.0.50 "GET /v2.0/ports?device_id=51e44e5d-b451-40d3-b839-4351cb5f26eb HTTP/1.1" status: 200 len: 1634 time: 0.0477202
2026-06-28 21:09:42.733 9 INFO neutron.wsgi [req-3548c18e-a8e4-485c-b94b-df967ccc42d6 req-6299acba-9dbd-4125-b45d-4ede24182c82 e19a0c7f39814e7bb6223dda14ce4989 cdb6b868bba9469ca81c23ad0bcd2f01 - - d1146906f66a4a0cb46ecefe67aee84b d1146906f66a4a0cb46ecefe67aee84b] 10.0.0.50 "GET /v2.0/security-groups?id=9940e386-a095-43e7-b3ba-3d9d452fd838&fields=id&fields=name HTTP/1.1" status: 200 len: 310 time: 0.0556118
2026-06-28 21:09:47.214 9 INFO neutron.wsgi [req-31b8e09d-4e9b-4d41-9a2f-fcee5caa8049 req-be53365c-a74c-4894-9b60-693b2f9948db e19a0c7f39814e7bb6223dda14ce4989 cdb6b868bba9469ca81c23ad0bcd2f01 - - d1146906f66a4a0cb46ecefe67aee84b d1146906f66a4a0cb46ecefe67aee84b] 10.0.0.50 "GET /v2.0/ports?device_id=ce54a864-31d3-41f5-a651-670b92dbf565 HTTP/1.1" status: 200 len: 1413 time: 0.0315263
2026-06-28 21:09:47.263 9 INFO neutron.wsgi [req-31b8e09d-4e9b-4d41-9a2f-fcee5caa8049 req-60e0005e-1b70-456e-86b9-4faebcba734e e19a0c7f39814e7bb6223dda14ce4989 cdb6b868bba9469ca81c23ad0bcd2f01 - - d1146906f66a4a0cb46ecefe67aee84b d1146906f66a4a0cb46ecefe67aee84b] 10.0.0.50 "GET /v2.0/security-groups?id=473c76b0-ce64-4a79-a2a5-820c0395dca8&fields=id&fields=name HTTP/1.1" status: 200 len: 313 time: 0.0413158
2026-06-28 21:09:48.258 8 INFO neutron.wsgi [None req-cb27b56c-e914-45a2-accc-d43d26328ade cb921d28ead9484280a8bc0f538e208e 626b7ef642d64a4a9d7786433bb5b5b6 - - default default] 10.0.0.131 "GET /v2.0/ports?project_id=3d6630840dcb45cd9d479f6f7331b2ef&network_id=81189298-884f-478d-8219-b9bc4cc9ee1d HTTP/1.1" status: 200 len: 3514 time: 0.0580168
2026-06-28 21:09:48.507 8 INFO neutron.wsgi [None req-72f64e09-a0ca-4d59-8e0d-f3fdb4b49082 cb921d28ead9484280a8bc0f538e208e 626b7ef642d64a4a9d7786433bb5b5b6 - - default default] 10.0.0.131 "GET /v2.0/subnets?network_id=58ee145c-34ab-4f5b-bce6-9aed3f94978e HTTP/1.1" status: 200 len: 838 time: 0.0388529
2026-06-28 21:09:48.788 9 INFO neutron.db.l3_db [None req-f0ebbb68-5c3f-40a7-a51f-d3ebe54ed52d 0b6701b39c304da185beb7a1d54e9b81 3d6630840dcb45cd9d479f6f7331b2ef - - default default] Floating IP 6398aa0b-13a3-4a58-9dbd-ef6bdfa3ac80 disassociated. External IP: 10.96.250.206, port: 2da2e7d8-fc17-491c-99e0-f70aca01fd1f.
2026-06-28 21:09:48.863 9 INFO neutron.db.ovn_revision_numbers_db [None req-f0ebbb68-5c3f-40a7-a51f-d3ebe54ed52d 0b6701b39c304da185beb7a1d54e9b81 3d6630840dcb45cd9d479f6f7331b2ef - - default default] Successfully bumped revision number for resource 6398aa0b-13a3-4a58-9dbd-ef6bdfa3ac80 (type: floatingips) to 2
2026-06-28 21:09:48.951 9 INFO neutron.wsgi [None req-f0ebbb68-5c3f-40a7-a51f-d3ebe54ed52d 0b6701b39c304da185beb7a1d54e9b81 3d6630840dcb45cd9d479f6f7331b2ef - - default default] 10.0.0.131 "PUT /v2.0/floatingips/6398aa0b-13a3-4a58-9dbd-ef6bdfa3ac80 HTTP/1.1" status: 200 len: 748 time: 0.3095722
2026-06-28 21:09:48.986 8 INFO neutron.wsgi [None req-82da4e23-6397-4a5d-b832-40345952dedc 0b6701b39c304da185beb7a1d54e9b81 3d6630840dcb45cd9d479f6f7331b2ef - - default default] 10.0.0.131 "GET /v2.0/floatingips/6398aa0b-13a3-4a58-9dbd-ef6bdfa3ac80 HTTP/1.1" status: 200 len: 746 time: 0.0288453
2026-06-28 21:09:48.989 9 INFO neutron.notifiers.nova [-] Nova event matching ['req-3a2e24ac-c501-45d6-b85a-be733fa5e602'] response: {'name': 'network-changed', 'server_uuid': 'ce54a864-31d3-41f5-a651-670b92dbf565', 'tag': '2da2e7d8-fc17-491c-99e0-f70aca01fd1f', 'status': 'completed', 'code': 200} /var/lib/openstack/lib/python3.10/site-packages/pycadf/identifier.py:71: UserWarning: Invalid uuid: neutron. To ensure interoperability, identifiers should be a valid uuid. warnings.warn(('Invalid uuid: %s. To ensure interoperability, '
2026-06-28 21:09:49.063 9 INFO neutron.wsgi [req-fd94abd6-c848-4aec-bf9b-0cddb665ed56 req-87774442-f60d-4af6-b819-a7ed035bedc0 e19a0c7f39814e7bb6223dda14ce4989 cdb6b868bba9469ca81c23ad0bcd2f01 - - d1146906f66a4a0cb46ecefe67aee84b d1146906f66a4a0cb46ecefe67aee84b] 199.204.45.23 "GET /v2.0/ports?tenant_id=3d6630840dcb45cd9d479f6f7331b2ef&device_id=ce54a864-31d3-41f5-a651-670b92dbf565 HTTP/1.1" status: 200 len: 1413 time: 0.0511870
2026-06-28 21:09:49.170 9 INFO neutron.wsgi [req-fd94abd6-c848-4aec-bf9b-0cddb665ed56 req-8674c706-c9ea-48dc-8f72-9d95278cce3b e19a0c7f39814e7bb6223dda14ce4989 cdb6b868bba9469ca81c23ad0bcd2f01 - - d1146906f66a4a0cb46ecefe67aee84b d1146906f66a4a0cb46ecefe67aee84b] 199.204.45.23 "GET /v2.0/networks?id=81189298-884f-478d-8219-b9bc4cc9ee1d HTTP/1.1" status: 200 len: 958 time: 0.1012254
2026-06-28 21:09:49.201 9 INFO neutron.wsgi [req-fd94abd6-c848-4aec-bf9b-0cddb665ed56 req-ff1ebe32-0f34-48e2-990e-a48287568ea7 e19a0c7f39814e7bb6223dda14ce4989 cdb6b868bba9469ca81c23ad0bcd2f01 - - d1146906f66a4a0cb46ecefe67aee84b d1146906f66a4a0cb46ecefe67aee84b] 199.204.45.23 "GET /v2.0/floatingips?fixed_ip_address=10.100.0.13&port_id=2da2e7d8-fc17-491c-99e0-f70aca01fd1f HTTP/1.1" status: 200 len: 217 time: 0.0249927
2026-06-28 21:09:49.240 9 INFO neutron.wsgi [req-fd94abd6-c848-4aec-bf9b-0cddb665ed56 req-c9261565-ff4f-4128-8ea5-813e4c8df181 e19a0c7f39814e7bb6223dda14ce4989 cdb6b868bba9469ca81c23ad0bcd2f01 - - d1146906f66a4a0cb46ecefe67aee84b d1146906f66a4a0cb46ecefe67aee84b] 199.204.45.23 "GET /v2.0/subnets?id=d4b32674-9aa8-4f01-94d7-640303259ad9 HTTP/1.1" status: 200 len: 852 time: 0.0325215
2026-06-28 21:09:49.267 9 INFO neutron.wsgi [req-fd94abd6-c848-4aec-bf9b-0cddb665ed56 req-1dd12c3a-5d0f-47a0-940f-03e8bed311dc e19a0c7f39814e7bb6223dda14ce4989 cdb6b868bba9469ca81c23ad0bcd2f01 - - d1146906f66a4a0cb46ecefe67aee84b d1146906f66a4a0cb46ecefe67aee84b] 199.204.45.23 "GET /v2.0/ports?network_id=81189298-884f-478d-8219-b9bc4cc9ee1d&device_owner=network%3Adhcp HTTP/1.1" status: 200 len: 210 time: 0.0211172
