2026-06-28 21:07:45.005 9 INFO neutron.services.segments.plugin [-] Segment ff3ceb25-f60e-4dec-b945-23063ca2e079 resource provider not found; error: Placement Client Error (4xx): {"errors": [{"status": 404, "title": "Not Found", "detail": "The resource could not be found.\n\n No resource provider with uuid ff3ceb25-f60e-4dec-b945-23063ca2e079 found for delete ", "request_id": "req-451f263d-6fb3-4b37-a155-7edf6fa23524"}]}
2026-06-28 21:07:45.173 9 INFO neutron.wsgi [None req-bdaf3205-eb02-4d8a-8941-30f319f4aef9 7ce99a38adbf44dea1546587a3280700 ef3cff4f372848748245027e5e1fec4f - - default default] 10.0.0.131 "GET /v2.0/security-groups?tenant_id=68c8c27cf7fb4e3d8ac0d3ebba9f8e45&name=default HTTP/1.1" status: 200 len: 2996 time: 0.3097463
2026-06-28 21:07:45.320 9 INFO neutron.db.ovn_revision_numbers_db [None req-a0a62f44-dde2-4351-a3b5-572d4638e750 a4f65b138df14829b6cc0a72da129584 f68e60d44ba8424284599c6287ce7bd0 - - default default] Successfully bumped revision number for resource 0834ded2-ebde-4430-9f1c-09070d11ae59 (type: ports) to 2
2026-06-28 21:07:45.372 9 INFO neutron.db.ovn_revision_numbers_db [None req-a0a62f44-dde2-4351-a3b5-572d4638e750 a4f65b138df14829b6cc0a72da129584 f68e60d44ba8424284599c6287ce7bd0 - - default default] Successfully bumped revision number for resource 251222cf-c770-4828-a8a5-a4fe6cd59706 (type: subnets) to 0
2026-06-28 21:07:45.389 9 INFO neutron.wsgi [None req-a0a62f44-dde2-4351-a3b5-572d4638e750 a4f65b138df14829b6cc0a72da129584 f68e60d44ba8424284599c6287ce7bd0 - - default default] 10.0.0.131 "POST /v2.0/subnets HTTP/1.1" status: 201 len: 801 time: 0.9980917
2026-06-28 21:07:45.458 9 INFO neutron.wsgi [None req-946160e3-7236-42d9-b7c9-177980ef98a6 7ce99a38adbf44dea1546587a3280700 ef3cff4f372848748245027e5e1fec4f - - default default] 10.0.0.131 "DELETE /v2.0/security-groups/fd3527d1-af49-421a-8880-4eff0e0c2e3c HTTP/1.1" status: 204 len: 168 time: 0.2812288
2026-06-28 21:07:45.571 9 INFO neutron.db.ovn_revision_numbers_db [None req-2fc2472e-5cc9-4db1-9eb8-217dd91d334c a4f65b138df14829b6cc0a72da129584 f68e60d44ba8424284599c6287ce7bd0 - - default default] Successfully bumped revision number for resource dfe7bf0b-53ea-4bf0-bc8f-4937c60139c8 (type: routers) to 1
2026-06-28 21:07:45.581 9 INFO neutron.wsgi [None req-2fc2472e-5cc9-4db1-9eb8-217dd91d334c a4f65b138df14829b6cc0a72da129584 f68e60d44ba8424284599c6287ce7bd0 - - default default] 10.0.0.131 "POST /v2.0/routers HTTP/1.1" status: 201 len: 686 time: 0.1869755
2026-06-28 21:07:45.774 8 INFO neutron.services.segments.plugin [-] Segment 0b0c0491-144c-40af-969e-9add90fe23bc resource provider aggregate not found
2026-06-28 21:07:45.779 8 INFO neutron.services.segments.plugin [-] Segment 0b0c0491-144c-40af-969e-9add90fe23bc resource provider aggregate not found
2026-06-28 21:07:45.793 8 INFO neutron.services.segments.plugin [-] Segment 0b0c0491-144c-40af-969e-9add90fe23bc resource provider not found; error: Placement Client Error (4xx): {"errors": [{"status": 404, "title": "Not Found", "detail": "The resource could not be found.\n\n No resource provider with uuid 0b0c0491-144c-40af-969e-9add90fe23bc found for delete ", "request_id": "req-b09b48f3-f1c9-4438-9d00-a56396ad3f3d"}]}
2026-06-28 21:07:45.794 8 INFO neutron.services.segments.plugin [-] Segment 0b0c0491-144c-40af-969e-9add90fe23bc resource provider not found; error: Placement Client Error (4xx): {"errors": [{"status": 404, "title": "Not Found", "detail": "The resource could not be found.\n\n No resource provider with uuid 0b0c0491-144c-40af-969e-9add90fe23bc found for delete ", "request_id": "req-ebc8f86f-63bd-4f39-86cb-622e1ed71f64"}]}
2026-06-28 21:07:45.859 9 WARNING neutron.plugins.ml2.drivers.ovn.mech_driver.ovsdb.ovn_client [None req-5e779a41-02ec-464b-86fc-eee7bd7635aa - - - - - -] No port found with ID cc505417-8ae5-46e1-bf92-a6f94c1ff81e: RuntimeError: No port found with ID cc505417-8ae5-46e1-bf92-a6f94c1ff81e
2026-06-28 21:07:45.860 9 INFO neutron.plugins.ml2.drivers.ovn.mech_driver.mech_driver [None req-5e779a41-02ec-464b-86fc-eee7bd7635aa - - - - - -] OVN reports status down for port: 42a5ff28-0b67-4906-8b12-2fdb3b038add
2026-06-28 21:07:45.929 9 WARNING neutron.scheduler.dhcp_agent_scheduler [None req-a32ea0f5-b48a-4914-9905-363467c27e95 a4f65b138df14829b6cc0a72da129584 f68e60d44ba8424284599c6287ce7bd0 - - default default] No more DHCP agents
2026-06-28 21:07:45.935 9 WARNING neutron.api.rpc.agentnotifiers.dhcp_rpc_agent_api [None req-a32ea0f5-b48a-4914-9905-363467c27e95 a4f65b138df14829b6cc0a72da129584 f68e60d44ba8424284599c6287ce7bd0 - - default default] Unable to schedule network 698f0468-eadb-4b43-bb66-25ea5d6ab554: no agents available; will retry on subsequent port and subnet creation events.
2026-06-28 21:07:45.968 8 INFO neutron.db.ovn_revision_numbers_db [None req-63b88a57-f079-4a3c-be3e-2eb58482193c 5a66e630455048cf8e3e64a2d424a06d e803f358a74c49dea13fdff8a77e1839 - - default default] Successfully bumped revision number for resource 24f4d5a7-0765-41ab-941c-86c575692c6e (type: security_groups) to 1
2026-06-28 21:07:45.983 8 INFO neutron.db.ovn_revision_numbers_db [None req-63b88a57-f079-4a3c-be3e-2eb58482193c 5a66e630455048cf8e3e64a2d424a06d e803f358a74c49dea13fdff8a77e1839 - - default default] Successfully bumped revision number for resource 33c790d5-9e6d-41ce-817d-27fa704eee7c (type: security_group_rules) to 0
2026-06-28 21:07:45.998 8 INFO neutron.db.ovn_revision_numbers_db [None req-63b88a57-f079-4a3c-be3e-2eb58482193c 5a66e630455048cf8e3e64a2d424a06d e803f358a74c49dea13fdff8a77e1839 - - default default] Successfully bumped revision number for resource 7f896609-0263-4fbf-80c4-c2a2bf642d5c (type: security_group_rules) to 0
2026-06-28 21:07:46.034 8 INFO neutron.db.ovn_revision_numbers_db [None req-63b88a57-f079-4a3c-be3e-2eb58482193c 5a66e630455048cf8e3e64a2d424a06d e803f358a74c49dea13fdff8a77e1839 - - default default] Successfully bumped revision number for resource 98bfa604-59f5-4973-a2b1-56fd5526b07a (type: security_group_rules) to 0
2026-06-28 21:07:46.052 8 INFO neutron.db.ovn_revision_numbers_db [None req-63b88a57-f079-4a3c-be3e-2eb58482193c 5a66e630455048cf8e3e64a2d424a06d e803f358a74c49dea13fdff8a77e1839 - - default default] Successfully bumped revision number for resource d3205384-594f-4de1-93de-f084a87d506e (type: security_group_rules) to 0
2026-06-28 21:07:46.115 8 INFO neutron.db.segments_db [None req-63b88a57-f079-4a3c-be3e-2eb58482193c 5a66e630455048cf8e3e64a2d424a06d e803f358a74c49dea13fdff8a77e1839 - - default default] Added segment cf61e202-cb02-4b64-b7f4-0b1ba8cf8251 of type geneve for network b9b4c837-38b1-416e-bb30-e3324d919312
2026-06-28 21:07:46.259 8 INFO neutron.db.ovn_revision_numbers_db [None req-63b88a57-f079-4a3c-be3e-2eb58482193c 5a66e630455048cf8e3e64a2d424a06d e803f358a74c49dea13fdff8a77e1839 - - default default] Successfully bumped revision number for resource b9b4c837-38b1-416e-bb30-e3324d919312 (type: networks) to 1
2026-06-28 21:07:46.317 9 INFO neutron.db.ovn_revision_numbers_db [None req-a32ea0f5-b48a-4914-9905-363467c27e95 a4f65b138df14829b6cc0a72da129584 f68e60d44ba8424284599c6287ce7bd0 - - default default] Successfully bumped revision number for resource ed7ff3c7-4a6c-4cd9-85e6-e747a1bb1ab7 (type: ports) to 1
2026-06-28 21:07:46.421 8 WARNING neutron.scheduler.dhcp_agent_scheduler [None req-63b88a57-f079-4a3c-be3e-2eb58482193c 5a66e630455048cf8e3e64a2d424a06d e803f358a74c49dea13fdff8a77e1839 - - default default] No more DHCP agents
2026-06-28 21:07:46.425 8 WARNING neutron.api.rpc.agentnotifiers.dhcp_rpc_agent_api [None req-63b88a57-f079-4a3c-be3e-2eb58482193c 5a66e630455048cf8e3e64a2d424a06d e803f358a74c49dea13fdff8a77e1839 - - default default] Unable to schedule network b9b4c837-38b1-416e-bb30-e3324d919312: no agents available; will retry on subsequent port and subnet creation events.
2026-06-28 21:07:46.504 8 INFO neutron.db.ovn_revision_numbers_db [None req-63b88a57-f079-4a3c-be3e-2eb58482193c 5a66e630455048cf8e3e64a2d424a06d e803f358a74c49dea13fdff8a77e1839 - - default default] Successfully bumped revision number for resource efc14423-11f1-448a-a5df-6fa0045ed86e (type: ports) to 1
2026-06-28 21:07:46.530 8 INFO neutron.wsgi [None req-63b88a57-f079-4a3c-be3e-2eb58482193c 5a66e630455048cf8e3e64a2d424a06d e803f358a74c49dea13fdff8a77e1839 - - default default] 10.0.0.131 "POST /v2.0/networks HTTP/1.1" status: 201 len: 844 time: 0.8501415
2026-06-28 21:07:46.692 8 INFO neutron.plugins.ml2.drivers.ovn.mech_driver.mech_driver [None req-b5cebebb-68c9-48bf-9c48-93b3cf057bd6 - - - - - -] OVN reports status up for port: ed7ff3c7-4a6c-4cd9-85e6-e747a1bb1ab7
2026-06-28 21:07:46.710 8 INFO neutron.plugins.ml2.plugin [None req-b5cebebb-68c9-48bf-9c48-93b3cf057bd6 - - - - - -] Attempt 1 to provision port ed7ff3c7-4a6c-4cd9-85e6-e747a1bb1ab7
2026-06-28 21:07:46.716 9 INFO neutron.db.ovn_revision_numbers_db [None req-a32ea0f5-b48a-4914-9905-363467c27e95 a4f65b138df14829b6cc0a72da129584 f68e60d44ba8424284599c6287ce7bd0 - - default default] Successfully bumped revision number for resource ed7ff3c7-4a6c-4cd9-85e6-e747a1bb1ab7 (type: router_ports) to 1
2026-06-28 21:07:46.752 8 WARNING neutron.scheduler.dhcp_agent_scheduler [None req-dc04ec0a-60c8-4942-bac2-99e6b290e5f9 5a66e630455048cf8e3e64a2d424a06d e803f358a74c49dea13fdff8a77e1839 - - default default] No more DHCP agents
2026-06-28 21:07:46.756 8 WARNING neutron.api.rpc.agentnotifiers.dhcp_rpc_agent_api [None req-dc04ec0a-60c8-4942-bac2-99e6b290e5f9 5a66e630455048cf8e3e64a2d424a06d e803f358a74c49dea13fdff8a77e1839 - - default default] Unable to schedule network b9b4c837-38b1-416e-bb30-e3324d919312: no agents available; will retry on subsequent port and subnet creation events.
2026-06-28 21:07:46.863 9 INFO neutron.db.ovn_revision_numbers_db [None req-a32ea0f5-b48a-4914-9905-363467c27e95 a4f65b138df14829b6cc0a72da129584 f68e60d44ba8424284599c6287ce7bd0 - - default default] Successfully bumped revision number for resource ed7ff3c7-4a6c-4cd9-85e6-e747a1bb1ab7 (type: ports) to 1
2026-06-28 21:07:46.881 8 INFO neutron.db.ovn_revision_numbers_db [None req-dc04ec0a-60c8-4942-bac2-99e6b290e5f9 5a66e630455048cf8e3e64a2d424a06d e803f358a74c49dea13fdff8a77e1839 - - default default] Successfully bumped revision number for resource fa376751-f60e-4820-be6c-948464059386 (type: ports) to 1
2026-06-28 21:07:46.918 9 WARNING neutron.scheduler.dhcp_agent_scheduler [None req-a32ea0f5-b48a-4914-9905-363467c27e95 a4f65b138df14829b6cc0a72da129584 f68e60d44ba8424284599c6287ce7bd0 - - default default] No more DHCP agents
2026-06-28 21:07:46.919 9 WARNING neutron.api.rpc.agentnotifiers.dhcp_rpc_agent_api [None req-a32ea0f5-b48a-4914-9905-363467c27e95 a4f65b138df14829b6cc0a72da129584 f68e60d44ba8424284599c6287ce7bd0 - - default default] Unable to schedule network 698f0468-eadb-4b43-bb66-25ea5d6ab554: no agents available; will retry on subsequent port and subnet creation events.
2026-06-28 21:07:46.920 8 INFO neutron.wsgi [None req-dc04ec0a-60c8-4942-bac2-99e6b290e5f9 5a66e630455048cf8e3e64a2d424a06d e803f358a74c49dea13fdff8a77e1839 - - default default] 10.0.0.131 "POST /v2.0/ports HTTP/1.1" status: 201 len: 974 time: 0.3846064
2026-06-28 21:07:47.034 9 INFO neutron.db.segments_db [None req-43df104e-0e57-401f-9ff2-ff2db68bc44e 5a66e630455048cf8e3e64a2d424a06d e803f358a74c49dea13fdff8a77e1839 - - default default] Added segment f3d18b14-ab3b-4988-9772-c09fe6ba08b2 of type geneve for network 9ae9fcac-ebb1-43d4-aa2d-462427c80a47
2026-06-28 21:07:47.084 8 INFO neutron.db.ovn_revision_numbers_db [None req-b5cebebb-68c9-48bf-9c48-93b3cf057bd6 - - - - - -] Successfully bumped revision number for resource ed7ff3c7-4a6c-4cd9-85e6-e747a1bb1ab7 (type: ports) to 2
2026-06-28 21:07:47.186 9 INFO neutron.db.ovn_revision_numbers_db [None req-a32ea0f5-b48a-4914-9905-363467c27e95 a4f65b138df14829b6cc0a72da129584 f68e60d44ba8424284599c6287ce7bd0 - - default default] Successfully bumped revision number for resource ed7ff3c7-4a6c-4cd9-85e6-e747a1bb1ab7 (type: router_ports) to 2
2026-06-28 21:07:47.188 9 INFO neutron.wsgi [None req-a32ea0f5-b48a-4914-9905-363467c27e95 a4f65b138df14829b6cc0a72da129584 f68e60d44ba8424284599c6287ce7bd0 - - default default] 10.0.0.131 "PUT /v2.0/routers/dfe7bf0b-53ea-4bf0-bc8f-4937c60139c8/add_router_interface HTTP/1.1" status: 200 len: 503 time: 1.6024623 /var/lib/openstack/lib/python3.10/site-packages/pycadf/identifier.py:71: UserWarning: Invalid uuid: neutron. To ensure interoperability, identifiers should be a valid uuid. warnings.warn(('Invalid uuid: %s. To ensure interoperability, '
2026-06-28 21:07:47.233 9 INFO neutron.db.ovn_revision_numbers_db [None req-43df104e-0e57-401f-9ff2-ff2db68bc44e 5a66e630455048cf8e3e64a2d424a06d e803f358a74c49dea13fdff8a77e1839 - - default default] Successfully bumped revision number for resource 9ae9fcac-ebb1-43d4-aa2d-462427c80a47 (type: networks) to 1
2026-06-28 21:07:47.313 8 INFO neutron.wsgi [None req-4fd54009-8bad-4ff0-a72f-e8867efb27e2 a4f65b138df14829b6cc0a72da129584 f68e60d44ba8424284599c6287ce7bd0 - - default default] 10.0.0.131 "GET /v2.0/ports/ed7ff3c7-4a6c-4cd9-85e6-e747a1bb1ab7 HTTP/1.1" status: 200 len: 1137 time: 0.1189528
2026-06-28 21:07:47.361 8 INFO neutron.wsgi [None req-3bdff8f5-b3a6-40c4-90f1-6ce5d966affc a4f65b138df14829b6cc0a72da129584 f68e60d44ba8424284599c6287ce7bd0 - - default default] 10.0.0.131 "GET /v2.0/ports/ed7ff3c7-4a6c-4cd9-85e6-e747a1bb1ab7 HTTP/1.1" status: 200 len: 1137 time: 0.0442810
2026-06-28 21:07:47.417 9 WARNING neutron.scheduler.dhcp_agent_scheduler [None req-43df104e-0e57-401f-9ff2-ff2db68bc44e 5a66e630455048cf8e3e64a2d424a06d e803f358a74c49dea13fdff8a77e1839 - - default default] No more DHCP agents
2026-06-28 21:07:47.419 9 WARNING neutron.api.rpc.agentnotifiers.dhcp_rpc_agent_api [None req-43df104e-0e57-401f-9ff2-ff2db68bc44e 5a66e630455048cf8e3e64a2d424a06d e803f358a74c49dea13fdff8a77e1839 - - default default] Unable to schedule network 9ae9fcac-ebb1-43d4-aa2d-462427c80a47: no agents available; will retry on subsequent port and subnet creation events.
2026-06-28 21:07:47.519 9 INFO neutron.db.ovn_revision_numbers_db [None req-43df104e-0e57-401f-9ff2-ff2db68bc44e 5a66e630455048cf8e3e64a2d424a06d e803f358a74c49dea13fdff8a77e1839 - - default default] Successfully bumped revision number for resource 7be944cb-40e4-4879-a554-a72c00836b9b (type: ports) to 1
2026-06-28 21:07:47.541 9 INFO neutron.wsgi [None req-43df104e-0e57-401f-9ff2-ff2db68bc44e 5a66e630455048cf8e3e64a2d424a06d e803f358a74c49dea13fdff8a77e1839 - - default default] 10.0.0.131 "POST /v2.0/networks HTTP/1.1" status: 201 len: 830 time: 0.6171534
2026-06-28 21:07:47.544 8 INFO neutron.db.ovn_revision_numbers_db [None req-e7b2a993-a8e9-4ada-92ec-bb78880754a0 49ce7ff76cc74dd999fe9a4cbbbf4031 b2426aa844744f43bfff0a8f578cbf1a - - default default] Successfully bumped revision number for resource b5b6d36c-80d7-447f-a6a6-433aaa1cf813 (type: security_groups) to 1
2026-06-28 21:07:47.572 8 INFO neutron.db.ovn_revision_numbers_db [None req-e7b2a993-a8e9-4ada-92ec-bb78880754a0 49ce7ff76cc74dd999fe9a4cbbbf4031 b2426aa844744f43bfff0a8f578cbf1a - - default default] Successfully bumped revision number for resource 56a960e5-e1e9-426c-8aa6-13118cd9704e (type: security_group_rules) to 0
2026-06-28 21:07:47.593 8 INFO neutron.db.ovn_revision_numbers_db [None req-e7b2a993-a8e9-4ada-92ec-bb78880754a0 49ce7ff76cc74dd999fe9a4cbbbf4031 b2426aa844744f43bfff0a8f578cbf1a - - default default] Successfully bumped revision number for resource 6d0adcd3-a99f-45d5-82ff-690984270f42 (type: security_group_rules) to 0
2026-06-28 21:07:47.609 8 INFO neutron.db.ovn_revision_numbers_db [None req-e7b2a993-a8e9-4ada-92ec-bb78880754a0 49ce7ff76cc74dd999fe9a4cbbbf4031 b2426aa844744f43bfff0a8f578cbf1a - - default default] Successfully bumped revision number for resource 74e2c555-7829-4a23-9a70-b29a32c2cb3a (type: security_group_rules) to 0
2026-06-28 21:07:47.630 8 INFO neutron.db.ovn_revision_numbers_db [None req-e7b2a993-a8e9-4ada-92ec-bb78880754a0 49ce7ff76cc74dd999fe9a4cbbbf4031 b2426aa844744f43bfff0a8f578cbf1a - - default default] Successfully bumped revision number for resource 8bdcead9-872d-4bd6-92ad-4d028010af04 (type: security_group_rules) to 0
2026-06-28 21:07:47.709 8 INFO neutron.db.segments_db [None req-e7b2a993-a8e9-4ada-92ec-bb78880754a0 49ce7ff76cc74dd999fe9a4cbbbf4031 b2426aa844744f43bfff0a8f578cbf1a - - default default] Added segment c21e61de-8390-483d-9e8a-867bd5a4986a of type geneve for network 3fb36a25-d004-4197-b33b-17335dc6697a
2026-06-28 21:07:47.825 9 WARNING neutron.scheduler.dhcp_agent_scheduler [None req-17bc50eb-cba9-410d-86b5-c58d5dbd9879 5a66e630455048cf8e3e64a2d424a06d e803f358a74c49dea13fdff8a77e1839 - - default default] No more DHCP agents
2026-06-28 21:07:47.828 9 WARNING neutron.api.rpc.agentnotifiers.dhcp_rpc_agent_api [None req-17bc50eb-cba9-410d-86b5-c58d5dbd9879 5a66e630455048cf8e3e64a2d424a06d e803f358a74c49dea13fdff8a77e1839 - - default default] Unable to schedule network 9ae9fcac-ebb1-43d4-aa2d-462427c80a47: no agents available; will retry on subsequent port and subnet creation events.
2026-06-28 21:07:48.147 8 INFO neutron.db.ovn_revision_numbers_db [None req-e7b2a993-a8e9-4ada-92ec-bb78880754a0 49ce7ff76cc74dd999fe9a4cbbbf4031 b2426aa844744f43bfff0a8f578cbf1a - - default default] Successfully bumped revision number for resource 3fb36a25-d004-4197-b33b-17335dc6697a (type: networks) to 1
2026-06-28 21:07:48.389 9 INFO neutron.db.ovn_revision_numbers_db [None req-17bc50eb-cba9-410d-86b5-c58d5dbd9879 5a66e630455048cf8e3e64a2d424a06d e803f358a74c49dea13fdff8a77e1839 - - default default] Successfully bumped revision number for resource 7be944cb-40e4-4879-a554-a72c00836b9b (type: ports) to 2
2026-06-28 21:07:48.426 9 INFO neutron.db.ovn_revision_numbers_db [None req-17bc50eb-cba9-410d-86b5-c58d5dbd9879 5a66e630455048cf8e3e64a2d424a06d e803f358a74c49dea13fdff8a77e1839 - - default default] Successfully bumped revision number for resource eadef968-e408-4d1b-89db-e31a064c64d4 (type: subnets) to 0
2026-06-28 21:07:48.437 8 WARNING neutron.scheduler.dhcp_agent_scheduler [None req-e7b2a993-a8e9-4ada-92ec-bb78880754a0 49ce7ff76cc74dd999fe9a4cbbbf4031 b2426aa844744f43bfff0a8f578cbf1a - - default default] No more DHCP agents
2026-06-28 21:07:48.448 8 WARNING neutron.api.rpc.agentnotifiers.dhcp_rpc_agent_api [None req-e7b2a993-a8e9-4ada-92ec-bb78880754a0 49ce7ff76cc74dd999fe9a4cbbbf4031 b2426aa844744f43bfff0a8f578cbf1a - - default default] Unable to schedule network 3fb36a25-d004-4197-b33b-17335dc6697a: no agents available; will retry on subsequent port and subnet creation events.
2026-06-28 21:07:48.453 9 INFO neutron.wsgi [None req-17bc50eb-cba9-410d-86b5-c58d5dbd9879 5a66e630455048cf8e3e64a2d424a06d e803f358a74c49dea13fdff8a77e1839 - - default default] 10.0.0.131 "POST /v2.0/subnets HTTP/1.1" status: 201 len: 801 time: 0.9063089
2026-06-28 21:07:48.467 8 INFO neutron.wsgi [None req-4f8df3aa-aaba-4381-8523-0a8ae97b6a6d a4f65b138df14829b6cc0a72da129584 f68e60d44ba8424284599c6287ce7bd0 - - default default] 10.0.0.131 "PUT /v2.0/routers/dfe7bf0b-53ea-4bf0-bc8f-4937c60139c8/remove_router_interface HTTP/1.1" status: 200 len: 503 time: 1.0999575 /var/lib/openstack/lib/python3.10/site-packages/pycadf/identifier.py:71: UserWarning: Invalid uuid: neutron. To ensure interoperability, identifiers should be a valid uuid. warnings.warn(('Invalid uuid: %s. To ensure interoperability, '
2026-06-28 21:07:48.507 8 INFO neutron.wsgi [None req-a3b132ec-d989-437b-92ac-32ee1db1ebf9 a4f65b138df14829b6cc0a72da129584 f68e60d44ba8424284599c6287ce7bd0 - - default default] 10.0.0.131 "GET /v2.0/ports?device_id=dfe7bf0b-53ea-4bf0-bc8f-4937c60139c8 HTTP/1.1" status: 200 len: 205 time: 0.0360143
2026-06-28 21:07:48.565 8 INFO neutron.db.ovn_revision_numbers_db [None req-e7b2a993-a8e9-4ada-92ec-bb78880754a0 49ce7ff76cc74dd999fe9a4cbbbf4031 b2426aa844744f43bfff0a8f578cbf1a - - default default] Successfully bumped revision number for resource c186bfef-4bab-403a-9436-e01cdca37359 (type: ports) to 1
2026-06-28 21:07:48.587 8 INFO neutron.wsgi [None req-e7b2a993-a8e9-4ada-92ec-bb78880754a0 49ce7ff76cc74dd999fe9a4cbbbf4031 b2426aa844744f43bfff0a8f578cbf1a - - default default] 10.0.0.131 "POST /v2.0/networks HTTP/1.1" status: 201 len: 833 time: 1.4525602
2026-06-28 21:07:48.678 8 INFO neutron.db.segments_db [None req-9391fb55-6bbc-430a-a54c-dd2c9327af00 49ce7ff76cc74dd999fe9a4cbbbf4031 b2426aa844744f43bfff0a8f578cbf1a - - default default] Added segment 4194cc27-7432-4560-b443-8e9a7289f579 of type geneve for network 9de82a23-0448-4d7f-8e4a-bc1b43f3e539
2026-06-28 21:07:48.731 9 INFO neutron.wsgi [None req-95be6ca6-85a8-446f-a44a-017a6407ad41 a4f65b138df14829b6cc0a72da129584 f68e60d44ba8424284599c6287ce7bd0 - - default default] 10.0.0.131 "DELETE /v2.0/routers/dfe7bf0b-53ea-4bf0-bc8f-4937c60139c8 HTTP/1.1" status: 204 len: 168 time: 0.2200394
2026-06-28 21:07:48.843 8 INFO neutron.db.ovn_revision_numbers_db [None req-9391fb55-6bbc-430a-a54c-dd2c9327af00 49ce7ff76cc74dd999fe9a4cbbbf4031 b2426aa844744f43bfff0a8f578cbf1a - - default default] Successfully bumped revision number for resource 9de82a23-0448-4d7f-8e4a-bc1b43f3e539 (type: networks) to 1
2026-06-28 21:07:48.917 9 WARNING neutron.scheduler.dhcp_agent_scheduler [None req-0903d948-497f-40cf-b98f-c0f737705baa 5a66e630455048cf8e3e64a2d424a06d e803f358a74c49dea13fdff8a77e1839 - - default default] No more DHCP agents
2026-06-28 21:07:48.919 9 WARNING neutron.api.rpc.agentnotifiers.dhcp_rpc_agent_api [None req-0903d948-497f-40cf-b98f-c0f737705baa 5a66e630455048cf8e3e64a2d424a06d e803f358a74c49dea13fdff8a77e1839 - - default default] Unable to schedule network 9ae9fcac-ebb1-43d4-aa2d-462427c80a47: no agents available; will retry on subsequent port and subnet creation events.
2026-06-28 21:07:49.092 9 INFO neutron.db.ovn_revision_numbers_db [None req-0903d948-497f-40cf-b98f-c0f737705baa 5a66e630455048cf8e3e64a2d424a06d e803f358a74c49dea13fdff8a77e1839 - - default default] Successfully bumped revision number for resource 4c669221-1e88-41ed-8c3d-d7c391a24500 (type: ports) to 1
2026-06-28 21:07:49.092 8 INFO neutron.wsgi [None req-ade7e839-9c2c-4e54-83bf-4c49a7a03465 a4f65b138df14829b6cc0a72da129584 f68e60d44ba8424284599c6287ce7bd0 - - default default] 10.0.0.131 "DELETE /v2.0/subnets/251222cf-c770-4828-a8a5-a4fe6cd59706 HTTP/1.1" status: 204 len: 168 time: 0.3557544 /var/lib/openstack/lib/python3.10/site-packages/pycadf/identifier.py:71: UserWarning: Invalid uuid: neutron. To ensure interoperability, identifiers should be a valid uuid. warnings.warn(('Invalid uuid: %s. To ensure interoperability, '
2026-06-28 21:07:49.115 8 WARNING neutron.scheduler.dhcp_agent_scheduler [None req-9391fb55-6bbc-430a-a54c-dd2c9327af00 49ce7ff76cc74dd999fe9a4cbbbf4031 b2426aa844744f43bfff0a8f578cbf1a - - default default] No more DHCP agents
2026-06-28 21:07:49.117 8 WARNING neutron.api.rpc.agentnotifiers.dhcp_rpc_agent_api [None req-9391fb55-6bbc-430a-a54c-dd2c9327af00 49ce7ff76cc74dd999fe9a4cbbbf4031 b2426aa844744f43bfff0a8f578cbf1a - - default default] Unable to schedule network 9de82a23-0448-4d7f-8e4a-bc1b43f3e539: no agents available; will retry on subsequent port and subnet creation events.
2026-06-28 21:07:49.121 9 INFO neutron.wsgi [None req-0903d948-497f-40cf-b98f-c0f737705baa 5a66e630455048cf8e3e64a2d424a06d e803f358a74c49dea13fdff8a77e1839 - - default default] 10.0.0.131 "POST /v2.0/ports HTTP/1.1" status: 201 len: 1149 time: 0.6623750
2026-06-28 21:07:49.222 8 INFO neutron.db.ovn_revision_numbers_db [None req-9391fb55-6bbc-430a-a54c-dd2c9327af00 49ce7ff76cc74dd999fe9a4cbbbf4031 b2426aa844744f43bfff0a8f578cbf1a - - default default] Successfully bumped revision number for resource 570ffe08-5fd8-4bca-8193-e94abfd6db20 (type: ports) to 1
2026-06-28 21:07:49.257 8 INFO neutron.wsgi [None req-9391fb55-6bbc-430a-a54c-dd2c9327af00 49ce7ff76cc74dd999fe9a4cbbbf4031 b2426aa844744f43bfff0a8f578cbf1a - - default default] 10.0.0.131 "POST /v2.0/networks HTTP/1.1" status: 201 len: 831 time: 0.6649172
2026-06-28 21:07:49.465 8 INFO neutron.wsgi [None req-ed907001-1d28-4f4f-9a22-469f1c2960cb 5a66e630455048cf8e3e64a2d424a06d e803f358a74c49dea13fdff8a77e1839 - - default default] 10.0.0.131 "DELETE /v2.0/ports/4c669221-1e88-41ed-8c3d-d7c391a24500 HTTP/1.1" status: 204 len: 168 time: 0.3380597
2026-06-28 21:07:49.487 8 INFO neutron.pecan_wsgi.hooks.translation [None req-c1c0eed2-5fa7-4483-859a-34ed4c245932 5a66e630455048cf8e3e64a2d424a06d e803f358a74c49dea13fdff8a77e1839 - - default default] DELETE failed (client error): The resource could not be found.
2026-06-28 21:07:49.489 8 INFO neutron.wsgi [None req-c1c0eed2-5fa7-4483-859a-34ed4c245932 5a66e630455048cf8e3e64a2d424a06d e803f358a74c49dea13fdff8a77e1839 - - default default] 10.0.0.131 "DELETE /v2.0/ports/4c669221-1e88-41ed-8c3d-d7c391a24500 HTTP/1.1" status: 404 len: 333 time: 0.0189540
2026-06-28 21:07:49.492 9 INFO neutron.services.segments.plugin [-] Segment 09e50c1f-c0a0-45c0-84c2-8585e4277d54 resource provider aggregate not found
2026-06-28 21:07:49.496 9 INFO neutron.services.segments.plugin [-] Segment 09e50c1f-c0a0-45c0-84c2-8585e4277d54 resource provider aggregate not found
2026-06-28 21:07:49.510 8 INFO neutron.pecan_wsgi.hooks.translation [None req-47c0c939-edf9-469d-8778-3f96012a5951 5a66e630455048cf8e3e64a2d424a06d e803f358a74c49dea13fdff8a77e1839 - - default default] GET failed (client error): The resource could not be found.
2026-06-28 21:07:49.512 8 INFO neutron.wsgi [None req-47c0c939-edf9-469d-8778-3f96012a5951 5a66e630455048cf8e3e64a2d424a06d e803f358a74c49dea13fdff8a77e1839 - - default default] 10.0.0.131 "GET /v2.0/ports/4c669221-1e88-41ed-8c3d-d7c391a24500 HTTP/1.1" status: 404 len: 333 time: 0.0175927
2026-06-28 21:07:49.514 9 INFO neutron.services.segments.plugin [-] Segment 09e50c1f-c0a0-45c0-84c2-8585e4277d54 resource provider not found; error: Placement Client Error (4xx): {"errors": [{"status": 404, "title": "Not Found", "detail": "The resource could not be found.\n\n No resource provider with uuid 09e50c1f-c0a0-45c0-84c2-8585e4277d54 found for delete ", "request_id": "req-ef384581-5f6a-42b1-8cc1-413a4ba455ef"}]}
2026-06-28 21:07:49.515 9 INFO neutron.services.segments.plugin [-] Segment 09e50c1f-c0a0-45c0-84c2-8585e4277d54 resource provider not found; error: Placement Client Error (4xx): {"errors": [{"status": 404, "title": "Not Found", "detail": "The resource could not be found.\n\n No resource provider with uuid 09e50c1f-c0a0-45c0-84c2-8585e4277d54 found for delete ", "request_id": "req-a67c034a-85ec-4edd-a32c-0291536ac08f"}]}
2026-06-28 21:07:49.553 9 INFO neutron.wsgi [None req-0958a7ad-d72e-4f97-8aad-c5e689a7aa43 a4f65b138df14829b6cc0a72da129584 f68e60d44ba8424284599c6287ce7bd0 - - default default] 10.0.0.131 "DELETE /v2.0/networks/698f0468-eadb-4b43-bb66-25ea5d6ab554 HTTP/1.1" status: 204 len: 168 time: 0.4564698
2026-06-28 21:07:49.590 9 WARNING neutron.scheduler.dhcp_agent_scheduler [None req-5b738af7-b013-461f-a7de-f0a763fcbf1a 49ce7ff76cc74dd999fe9a4cbbbf4031 b2426aa844744f43bfff0a8f578cbf1a - - default default] No more DHCP agents
2026-06-28 21:07:49.591 9 WARNING neutron.api.rpc.agentnotifiers.dhcp_rpc_agent_api [None req-5b738af7-b013-461f-a7de-f0a763fcbf1a 49ce7ff76cc74dd999fe9a4cbbbf4031 b2426aa844744f43bfff0a8f578cbf1a - - default default] Unable to schedule network 3fb36a25-d004-4197-b33b-17335dc6697a: no agents available; will retry on subsequent port and subnet creation events.
2026-06-28 21:07:49.622 9 INFO neutron.db.ovn_revision_numbers_db [None req-5b738af7-b013-461f-a7de-f0a763fcbf1a 49ce7ff76cc74dd999fe9a4cbbbf4031 b2426aa844744f43bfff0a8f578cbf1a - - default default] Successfully bumped revision number for resource f2704e67-dbe3-4968-bc72-1f3a152d97f8 (type: subnets) to 0
2026-06-28 21:07:49.638 9 INFO neutron.wsgi [None req-5b738af7-b013-461f-a7de-f0a763fcbf1a 49ce7ff76cc74dd999fe9a4cbbbf4031 b2426aa844744f43bfff0a8f578cbf1a - - default default] 10.0.0.131 "POST /v2.0/subnets HTTP/1.1" status: 201 len: 821 time: 0.3755660
2026-06-28 21:07:49.801 8 INFO neutron.wsgi [None req-ac20c9f6-5f0d-4ab9-a075-95929c6c5d0e 5a66e630455048cf8e3e64a2d424a06d e803f358a74c49dea13fdff8a77e1839 - - default default] 10.0.0.131 "DELETE /v2.0/subnets/eadef968-e408-4d1b-89db-e31a064c64d4 HTTP/1.1" status: 204 len: 168 time: 0.2839308
2026-06-28 21:07:50.088 8 WARNING neutron.scheduler.dhcp_agent_scheduler [None req-cabea110-131b-4ea3-93ff-c324bfc1d931 a4f65b138df14829b6cc0a72da129584 f68e60d44ba8424284599c6287ce7bd0 - - default default] No more DHCP agents
2026-06-28 21:07:50.089 8 WARNING neutron.api.rpc.agentnotifiers.dhcp_rpc_agent_api [None req-cabea110-131b-4ea3-93ff-c324bfc1d931 a4f65b138df14829b6cc0a72da129584 f68e60d44ba8424284599c6287ce7bd0 - - default default] Unable to schedule network 58ee145c-34ab-4f5b-bce6-9aed3f94978e: no agents available; will retry on subsequent port and subnet creation events.
2026-06-28 21:07:50.162 9 WARNING neutron.scheduler.dhcp_agent_scheduler [None req-123b51cc-f8ee-4776-bb4c-1acc727d0a8c 49ce7ff76cc74dd999fe9a4cbbbf4031 b2426aa844744f43bfff0a8f578cbf1a - - default default] No more DHCP agents
2026-06-28 21:07:50.167 9 WARNING neutron.api.rpc.agentnotifiers.dhcp_rpc_agent_api [None req-123b51cc-f8ee-4776-bb4c-1acc727d0a8c 49ce7ff76cc74dd999fe9a4cbbbf4031 b2426aa844744f43bfff0a8f578cbf1a - - default default] Unable to schedule network 9de82a23-0448-4d7f-8e4a-bc1b43f3e539: no agents available; will retry on subsequent port and subnet creation events.
2026-06-28 21:07:50.217 9 INFO neutron.db.ovn_revision_numbers_db [None req-123b51cc-f8ee-4776-bb4c-1acc727d0a8c 49ce7ff76cc74dd999fe9a4cbbbf4031 b2426aa844744f43bfff0a8f578cbf1a - - default default] Successfully bumped revision number for resource 8b4eb541-f8eb-4c1b-9f3d-5332e08f6d2d (type: subnets) to 0
2026-06-28 21:07:50.247 9 INFO neutron.wsgi [None req-123b51cc-f8ee-4776-bb4c-1acc727d0a8c 49ce7ff76cc74dd999fe9a4cbbbf4031 b2426aa844744f43bfff0a8f578cbf1a - - default default] 10.0.0.131 "POST /v2.0/subnets HTTP/1.1" status: 201 len: 830 time: 0.6044106
2026-06-28 21:07:50.260 8 INFO neutron.db.ovn_revision_numbers_db [None req-cabea110-131b-4ea3-93ff-c324bfc1d931 a4f65b138df14829b6cc0a72da129584 f68e60d44ba8424284599c6287ce7bd0 - - default default] Successfully bumped revision number for resource 89942e87-a4e3-446f-844b-19a09ac6b63c (type: ports) to 1
2026-06-28 21:07:50.485 9 INFO neutron.db.ovn_revision_numbers_db [None req-15586495-40fd-4cca-9d31-6b7ca5639bd7 49ce7ff76cc74dd999fe9a4cbbbf4031 b2426aa844744f43bfff0a8f578cbf1a - - default default] Successfully bumped revision number for resource 087e097b-fb07-4df5-bc19-92f7787507ac (type: routers) to 1
2026-06-28 21:07:50.499 9 INFO neutron.wsgi [None req-15586495-40fd-4cca-9d31-6b7ca5639bd7 49ce7ff76cc74dd999fe9a4cbbbf4031 b2426aa844744f43bfff0a8f578cbf1a - - default default] 10.0.0.131 "POST /v2.0/routers HTTP/1.1" status: 201 len: 691 time: 0.2409782
2026-06-28 21:07:50.519 9 INFO neutron.wsgi [None req-9445e244-fb9b-4d27-a2a2-064d86e2e410 5a66e630455048cf8e3e64a2d424a06d e803f358a74c49dea13fdff8a77e1839 - - default default] 10.0.0.131 "DELETE /v2.0/networks/9ae9fcac-ebb1-43d4-aa2d-462427c80a47 HTTP/1.1" status: 204 len: 168 time: 0.7126985
2026-06-28 21:07:50.676 8 INFO neutron.db.segments_db [None req-1b58c0b7-9996-47da-82d5-a2ee50ed801f 5a66e630455048cf8e3e64a2d424a06d e803f358a74c49dea13fdff8a77e1839 - - default default] Added segment 26246483-8360-466d-b897-ba1728c52409 of type geneve for network b89acbb1-18d2-416b-afa0-499c1bd6991f
2026-06-28 21:07:51.189 8 INFO neutron.db.ovn_revision_numbers_db [None req-1b58c0b7-9996-47da-82d5-a2ee50ed801f 5a66e630455048cf8e3e64a2d424a06d e803f358a74c49dea13fdff8a77e1839 - - default default] Successfully bumped revision number for resource b89acbb1-18d2-416b-afa0-499c1bd6991f (type: networks) to 1
2026-06-28 21:07:51.485 8 WARNING neutron.scheduler.dhcp_agent_scheduler [None req-6e921d71-17a7-447f-a577-9ebe405ad60d 49ce7ff76cc74dd999fe9a4cbbbf4031 b2426aa844744f43bfff0a8f578cbf1a - - default default] No more DHCP agents
2026-06-28 21:07:51.492 8 WARNING neutron.api.rpc.agentnotifiers.dhcp_rpc_agent_api [None req-6e921d71-17a7-447f-a577-9ebe405ad60d 49ce7ff76cc74dd999fe9a4cbbbf4031 b2426aa844744f43bfff0a8f578cbf1a - - default default] Unable to schedule network 3fb36a25-d004-4197-b33b-17335dc6697a: no agents available; will retry on subsequent port and subnet creation events.
2026-06-28 21:07:51.531 9 INFO neutron.services.segments.plugin [-] Segment f3d18b14-ab3b-4988-9772-c09fe6ba08b2 resource provider aggregate not found
2026-06-28 21:07:51.539 9 INFO neutron.services.segments.plugin [-] Segment f3d18b14-ab3b-4988-9772-c09fe6ba08b2 resource provider aggregate not found
2026-06-28 21:07:51.547 9 INFO neutron.services.segments.plugin [-] Segment f3d18b14-ab3b-4988-9772-c09fe6ba08b2 resource provider not found; error: Placement Client Error (4xx): {"errors": [{"status": 404, "title": "Not Found", "detail": "The resource could not be found.\n\n No resource provider with uuid f3d18b14-ab3b-4988-9772-c09fe6ba08b2 found for delete ", "request_id": "req-49146b55-2fdf-4c94-a50d-6e693195a489"}]}
2026-06-28 21:07:51.556 8 WARNING neutron.scheduler.dhcp_agent_scheduler [None req-1b58c0b7-9996-47da-82d5-a2ee50ed801f 5a66e630455048cf8e3e64a2d424a06d e803f358a74c49dea13fdff8a77e1839 - - default default] No more DHCP agents
2026-06-28 21:07:51.560 9 INFO neutron.services.segments.plugin [-] Segment f3d18b14-ab3b-4988-9772-c09fe6ba08b2 resource provider not found; error: Placement Client Error (4xx): {"errors": [{"status": 404, "title": "Not Found", "detail": "The resource could not be found.\n\n No resource provider with uuid f3d18b14-ab3b-4988-9772-c09fe6ba08b2 found for delete ", "request_id": "req-0848a0de-a78c-4205-8a5c-28f447d2e453"}]}
2026-06-28 21:07:51.563 8 WARNING neutron.api.rpc.agentnotifiers.dhcp_rpc_agent_api [None req-1b58c0b7-9996-47da-82d5-a2ee50ed801f 5a66e630455048cf8e3e64a2d424a06d e803f358a74c49dea13fdff8a77e1839 - - default default] Unable to schedule network b89acbb1-18d2-416b-afa0-499c1bd6991f: no agents available; will retry on subsequent port and subnet creation events.
2026-06-28 21:07:51.564 8 INFO neutron.db.ovn_revision_numbers_db [None req-cabea110-131b-4ea3-93ff-c324bfc1d931 a4f65b138df14829b6cc0a72da129584 f68e60d44ba8424284599c6287ce7bd0 - - default default] Successfully bumped revision number for resource 89942e87-a4e3-446f-844b-19a09ac6b63c (type: router_ports) to 1
2026-06-28 21:07:51.572 9 INFO neutron.db.ovn_revision_numbers_db [None req-58c4b9fb-5e70-4264-b52f-cf77feada1bb 7ce99a38adbf44dea1546587a3280700 ef3cff4f372848748245027e5e1fec4f - - default default] Successfully bumped revision number for resource ac20ad04-93ea-4cd5-a740-e5a174e928a6 (type: security_groups) to 1
2026-06-28 21:07:51.586 9 INFO neutron.db.ovn_revision_numbers_db [None req-58c4b9fb-5e70-4264-b52f-cf77feada1bb 7ce99a38adbf44dea1546587a3280700 ef3cff4f372848748245027e5e1fec4f - - default default] Successfully bumped revision number for resource 195e24c5-4021-4d19-8d15-bd8f0b346ebb (type: security_group_rules) to 0
2026-06-28 21:07:51.602 9 INFO neutron.db.ovn_revision_numbers_db [None req-58c4b9fb-5e70-4264-b52f-cf77feada1bb 7ce99a38adbf44dea1546587a3280700 ef3cff4f372848748245027e5e1fec4f - - default default] Successfully bumped revision number for resource 48cd87bc-2764-4ca9-9bb1-767d4e35b53a (type: security_group_rules) to 0
2026-06-28 21:07:51.616 9 INFO neutron.db.ovn_revision_numbers_db [None req-58c4b9fb-5e70-4264-b52f-cf77feada1bb 7ce99a38adbf44dea1546587a3280700 ef3cff4f372848748245027e5e1fec4f - - default default] Successfully bumped revision number for resource ccfebeba-bdb4-4866-aff8-3b4cee86b5e8 (type: security_group_rules) to 0
2026-06-28 21:07:51.629 8 WARNING neutron.plugins.ml2.drivers.ovn.mech_driver.ovsdb.ovn_client [None req-b5cebebb-68c9-48bf-9c48-93b3cf057bd6 - - - - - -] No port found with ID ed7ff3c7-4a6c-4cd9-85e6-e747a1bb1ab7: RuntimeError: No port found with ID ed7ff3c7-4a6c-4cd9-85e6-e747a1bb1ab7
2026-06-28 21:07:51.630 9 INFO neutron.db.ovn_revision_numbers_db [None req-58c4b9fb-5e70-4264-b52f-cf77feada1bb 7ce99a38adbf44dea1546587a3280700 ef3cff4f372848748245027e5e1fec4f - - default default] Successfully bumped revision number for resource dd26785f-cbbb-40d5-8983-c3c200b76553 (type: security_group_rules) to 0
2026-06-28 21:07:51.630 8 INFO neutron.plugins.ml2.drivers.ovn.mech_driver.mech_driver [None req-b5cebebb-68c9-48bf-9c48-93b3cf057bd6 - - - - - -] OVN reports status up for port: 89942e87-a4e3-446f-844b-19a09ac6b63c
2026-06-28 21:07:51.652 9 INFO neutron.wsgi [None req-58c4b9fb-5e70-4264-b52f-cf77feada1bb 7ce99a38adbf44dea1546587a3280700 ef3cff4f372848748245027e5e1fec4f - - default default] 10.0.0.131 "GET /v2.0/security-groups?tenant_id=d50471a114c94671aa9c6e44acee026e&name=default HTTP/1.1" status: 200 len: 2996 time: 0.4318771
2026-06-28 21:07:51.662 8 INFO neutron.plugins.ml2.plugin [None req-b5cebebb-68c9-48bf-9c48-93b3cf057bd6 - - - - - -] Attempt 1 to provision port 89942e87-a4e3-446f-844b-19a09ac6b63c
2026-06-28 21:07:51.712 8 INFO neutron.db.ovn_revision_numbers_db [None req-cabea110-131b-4ea3-93ff-c324bfc1d931 a4f65b138df14829b6cc0a72da129584 f68e60d44ba8424284599c6287ce7bd0 - - default default] Successfully bumped revision number for resource 199149b0-a62c-4458-99a5-005f1ec94418 (type: routers) to 2
2026-06-28 21:07:51.757 8 INFO neutron.wsgi [None req-cabea110-131b-4ea3-93ff-c324bfc1d931 a4f65b138df14829b6cc0a72da129584 f68e60d44ba8424284599c6287ce7bd0 - - default default] 10.0.0.131 "POST /v2.0/routers HTTP/1.1" status: 201 len: 868 time: 2.1963630
2026-06-28 21:07:51.766 8 INFO neutron.db.ovn_revision_numbers_db [None req-6e921d71-17a7-447f-a577-9ebe405ad60d 49ce7ff76cc74dd999fe9a4cbbbf4031 b2426aa844744f43bfff0a8f578cbf1a - - default default] Successfully bumped revision number for resource 24cdd814-6f2f-41b3-be19-46b009666124 (type: ports) to 1
2026-06-28 21:07:51.771 8 INFO neutron.db.ovn_revision_numbers_db [None req-1b58c0b7-9996-47da-82d5-a2ee50ed801f 5a66e630455048cf8e3e64a2d424a06d e803f358a74c49dea13fdff8a77e1839 - - default default] Successfully bumped revision number for resource 0e6c7728-0411-4e47-aaed-af0295daf0c8 (type: ports) to 1
2026-06-28 21:07:51.819 8 INFO neutron.wsgi [None req-1b58c0b7-9996-47da-82d5-a2ee50ed801f 5a66e630455048cf8e3e64a2d424a06d e803f358a74c49dea13fdff8a77e1839 - - default default] 10.0.0.131 "POST /v2.0/networks HTTP/1.1" status: 201 len: 830 time: 1.2909932
2026-06-28 21:07:51.838 9 INFO neutron.wsgi [None req-d1e2f8dd-0f07-4f27-abcf-a5c8df02ed98 a4f65b138df14829b6cc0a72da129584 f68e60d44ba8424284599c6287ce7bd0 - - default default] 10.0.0.131 "GET /v2.0/routers/199149b0-a62c-4458-99a5-005f1ec94418 HTTP/1.1" status: 200 len: 869 time: 0.0754139
2026-06-28 21:07:51.942 9 INFO neutron.wsgi [None req-6d18e6c9-64ee-4fb0-aa26-1788c27f4de7 a4f65b138df14829b6cc0a72da129584 f68e60d44ba8424284599c6287ce7bd0 - - default default] 10.0.0.131 "GET /v2.0/routers HTTP/1.1" status: 200 len: 872 time: 0.0995247
2026-06-28 21:07:51.999 9 INFO neutron.wsgi [None req-61951199-e598-4cec-9a61-59305096830d 7ce99a38adbf44dea1546587a3280700 ef3cff4f372848748245027e5e1fec4f - - default default] 10.0.0.131 "DELETE /v2.0/security-groups/ac20ad04-93ea-4cd5-a740-e5a174e928a6 HTTP/1.1" status: 204 len: 168 time: 0.3412237
2026-06-28 21:07:52.172 8 WARNING neutron.scheduler.dhcp_agent_scheduler [None req-e8f222fd-8476-448f-a843-505ccc1e4d6f 5a66e630455048cf8e3e64a2d424a06d e803f358a74c49dea13fdff8a77e1839 - - default default] No more DHCP agents
2026-06-28 21:07:52.179 8 WARNING neutron.api.rpc.agentnotifiers.dhcp_rpc_agent_api [None req-e8f222fd-8476-448f-a843-505ccc1e4d6f 5a66e630455048cf8e3e64a2d424a06d e803f358a74c49dea13fdff8a77e1839 - - default default] Unable to schedule network b89acbb1-18d2-416b-afa0-499c1bd6991f: no agents available; will retry on subsequent port and subnet creation events.
2026-06-28 21:07:52.286 9 INFO neutron.db.ovn_revision_numbers_db [None req-6fb08a1a-bafc-4a6b-a946-c7e224976a3b 7ce99a38adbf44dea1546587a3280700 ef3cff4f372848748245027e5e1fec4f - - default default] Successfully bumped revision number for resource 55e9deae-0685-4ed8-9059-f44debcad9cd (type: security_groups) to 1
2026-06-28 21:07:52.288 8 INFO neutron.db.ovn_revision_numbers_db [None req-6e921d71-17a7-447f-a577-9ebe405ad60d 49ce7ff76cc74dd999fe9a4cbbbf4031 b2426aa844744f43bfff0a8f578cbf1a - - default default] Successfully bumped revision number for resource 24cdd814-6f2f-41b3-be19-46b009666124 (type: router_ports) to 1
2026-06-28 21:07:52.301 9 INFO neutron.db.ovn_revision_numbers_db [None req-6fb08a1a-bafc-4a6b-a946-c7e224976a3b 7ce99a38adbf44dea1546587a3280700 ef3cff4f372848748245027e5e1fec4f - - default default] Successfully bumped revision number for resource 535e93e2-f2ea-4df5-88c0-36130d1e9095 (type: security_group_rules) to 0
2026-06-28 21:07:52.326 9 INFO neutron.db.ovn_revision_numbers_db [None req-6fb08a1a-bafc-4a6b-a946-c7e224976a3b 7ce99a38adbf44dea1546587a3280700 ef3cff4f372848748245027e5e1fec4f - - default default] Successfully bumped revision number for resource 80fd7791-b358-40ca-9d3c-c5e19e072de5 (type: security_group_rules) to 0
2026-06-28 21:07:52.345 9 INFO neutron.db.ovn_revision_numbers_db [None req-6fb08a1a-bafc-4a6b-a946-c7e224976a3b 7ce99a38adbf44dea1546587a3280700 ef3cff4f372848748245027e5e1fec4f - - default default] Successfully bumped revision number for resource a1c23487-900e-4808-96e6-5c88687d6d7b (type: security_group_rules) to 0
2026-06-28 21:07:52.377 9 INFO neutron.db.ovn_revision_numbers_db [None req-6fb08a1a-bafc-4a6b-a946-c7e224976a3b 7ce99a38adbf44dea1546587a3280700 ef3cff4f372848748245027e5e1fec4f - - default default] Successfully bumped revision number for resource c6a1b378-dbf1-4c24-a4f4-60e108b476e2 (type: security_group_rules) to 0
2026-06-28 21:07:52.403 9 INFO neutron.wsgi [None req-6fb08a1a-bafc-4a6b-a946-c7e224976a3b 7ce99a38adbf44dea1546587a3280700 ef3cff4f372848748245027e5e1fec4f - - default default] 10.0.0.131 "GET /v2.0/security-groups?tenant_id=ad63b043a7474c93910282f3a8b493be&name=default HTTP/1.1" status: 200 len: 2996 time: 0.2873230
2026-06-28 21:07:52.419 8 INFO neutron.db.ovn_revision_numbers_db [None req-6e921d71-17a7-447f-a577-9ebe405ad60d 49ce7ff76cc74dd999fe9a4cbbbf4031 b2426aa844744f43bfff0a8f578cbf1a - - default default] Successfully bumped revision number for resource 24cdd814-6f2f-41b3-be19-46b009666124 (type: ports) to 1
2026-06-28 21:07:52.428 9 INFO neutron.db.ovn_revision_numbers_db [None req-53aacac3-194b-4e9a-8f06-30658ffaa530 a4f65b138df14829b6cc0a72da129584 f68e60d44ba8424284599c6287ce7bd0 - - default default] Successfully bumped revision number for resource 199149b0-a62c-4458-99a5-005f1ec94418 (type: routers) to 3
2026-06-28 21:07:52.430 9 INFO neutron.wsgi [None req-53aacac3-194b-4e9a-8f06-30658ffaa530 a4f65b138df14829b6cc0a72da129584 f68e60d44ba8424284599c6287ce7bd0 - - default default] 10.0.0.131 "PUT /v2.0/routers/199149b0-a62c-4458-99a5-005f1ec94418 HTTP/1.1" status: 200 len: 876 time: 0.4830306
2026-06-28 21:07:52.499 9 INFO neutron.wsgi [None req-921ec65f-c7aa-440d-b3d9-9223a1fc37eb a4f65b138df14829b6cc0a72da129584 f68e60d44ba8424284599c6287ce7bd0 - - default default] 10.0.0.131 "GET /v2.0/routers/199149b0-a62c-4458-99a5-005f1ec94418 HTTP/1.1" status: 200 len: 876 time: 0.0622094
2026-06-28 21:07:52.503 8 WARNING neutron.scheduler.dhcp_agent_scheduler [None req-6e921d71-17a7-447f-a577-9ebe405ad60d 49ce7ff76cc74dd999fe9a4cbbbf4031 b2426aa844744f43bfff0a8f578cbf1a - - default default] No more DHCP agents
2026-06-28 21:07:52.505 8 WARNING neutron.api.rpc.agentnotifiers.dhcp_rpc_agent_api [None req-6e921d71-17a7-447f-a577-9ebe405ad60d 49ce7ff76cc74dd999fe9a4cbbbf4031 b2426aa844744f43bfff0a8f578cbf1a - - default default] Unable to schedule network 3fb36a25-d004-4197-b33b-17335dc6697a: no agents available; will retry on subsequent port and subnet creation events.
2026-06-28 21:07:52.523 9 INFO neutron.wsgi [None req-5fa732b8-a1f9-4690-ba6a-0d91dd36aad2 a4f65b138df14829b6cc0a72da129584 f68e60d44ba8424284599c6287ce7bd0 - - default default] 10.0.0.131 "GET /v2.0/ports?device_id=199149b0-a62c-4458-99a5-005f1ec94418 HTTP/1.1" status: 200 len: 205 time: 0.0192993
2026-06-28 21:07:52.685 9 INFO neutron.wsgi [None req-e1fd45f5-b4e6-4c40-8575-ce7d4d50ed5c 7ce99a38adbf44dea1546587a3280700 ef3cff4f372848748245027e5e1fec4f - - default default] 10.0.0.131 "DELETE /v2.0/security-groups/55e9deae-0685-4ed8-9059-f44debcad9cd HTTP/1.1" status: 204 len: 168 time: 0.2767546
2026-06-28 21:07:52.981 8 INFO neutron.db.ovn_revision_numbers_db [None req-6e921d71-17a7-447f-a577-9ebe405ad60d 49ce7ff76cc74dd999fe9a4cbbbf4031 b2426aa844744f43bfff0a8f578cbf1a - - default default] Successfully bumped revision number for resource 24cdd814-6f2f-41b3-be19-46b009666124 (type: router_ports) to 1
2026-06-28 21:07:52.983 8 INFO neutron.wsgi [None req-6e921d71-17a7-447f-a577-9ebe405ad60d 49ce7ff76cc74dd999fe9a4cbbbf4031 b2426aa844744f43bfff0a8f578cbf1a - - default default] 10.0.0.131 "PUT /v2.0/routers/087e097b-fb07-4df5-bc19-92f7787507ac/add_router_interface HTTP/1.1" status: 200 len: 503 time: 2.4790909
2026-06-28 21:07:53.056 8 INFO neutron.db.ovn_revision_numbers_db [None req-e8f222fd-8476-448f-a843-505ccc1e4d6f 5a66e630455048cf8e3e64a2d424a06d e803f358a74c49dea13fdff8a77e1839 - - default default] Successfully bumped revision number for resource 0e6c7728-0411-4e47-aaed-af0295daf0c8 (type: ports) to 2
2026-06-28 21:07:53.106 8 INFO neutron.wsgi [None req-244689a7-592b-4508-8a23-704ae1d4fcc6 49ce7ff76cc74dd999fe9a4cbbbf4031 b2426aa844744f43bfff0a8f578cbf1a - - default default] 10.0.0.131 "GET /v2.0/ports/24cdd814-6f2f-41b3-be19-46b009666124 HTTP/1.1" status: 200 len: 1139 time: 0.1178057
2026-06-28 21:07:53.107 8 INFO neutron.db.ovn_revision_numbers_db [None req-e8f222fd-8476-448f-a843-505ccc1e4d6f 5a66e630455048cf8e3e64a2d424a06d e803f358a74c49dea13fdff8a77e1839 - - default default] Successfully bumped revision number for resource a6a212bc-ce92-43f8-a5dd-97fe6fccf0d5 (type: subnets) to 0
2026-06-28 21:07:53.136 8 INFO neutron.wsgi [None req-e8f222fd-8476-448f-a843-505ccc1e4d6f 5a66e630455048cf8e3e64a2d424a06d e803f358a74c49dea13fdff8a77e1839 - - default default] 10.0.0.131 "POST /v2.0/subnets HTTP/1.1" status: 201 len: 801 time: 1.3109705
2026-06-28 21:07:53.147 9 INFO neutron.wsgi [None req-e34c7aa2-c53a-49a8-8ea1-4eecf9c3aaef a4f65b138df14829b6cc0a72da129584 f68e60d44ba8424284599c6287ce7bd0 - - default default] 10.0.0.131 "DELETE /v2.0/routers/199149b0-a62c-4458-99a5-005f1ec94418 HTTP/1.1" status: 204 len: 168 time: 0.6189239
2026-06-28 21:07:53.172 9 INFO neutron.wsgi [None req-86958029-7476-4e8c-89e1-b675afde1faf a4f65b138df14829b6cc0a72da129584 f68e60d44ba8424284599c6287ce7bd0 - - default default] 10.0.0.131 "GET /v2.0/ports?device_id=199149b0-a62c-4458-99a5-005f1ec94418 HTTP/1.1" status: 200 len: 205 time: 0.0184898
2026-06-28 21:07:53.198 9 INFO neutron.api.v2.resource [None req-623463a5-2a17-485d-86e9-ee73fbff625c a4f65b138df14829b6cc0a72da129584 f68e60d44ba8424284599c6287ce7bd0 - - default default] delete failed (client error): The resource could not be found.
2026-06-28 21:07:53.199 9 INFO neutron.wsgi [None req-623463a5-2a17-485d-86e9-ee73fbff625c a4f65b138df14829b6cc0a72da129584 f68e60d44ba8424284599c6287ce7bd0 - - default default] 10.0.0.131 "DELETE /v2.0/routers/199149b0-a62c-4458-99a5-005f1ec94418 HTTP/1.1" status: 404 len: 336 time: 0.0226088
2026-06-28 21:07:53.221 9 INFO neutron.wsgi [None req-badcc214-e2fc-430c-b08d-3c588e179dc6 a4f65b138df14829b6cc0a72da129584 f68e60d44ba8424284599c6287ce7bd0 - - default default] 10.0.0.131 "GET /v2.0/ports?device_id=dfe7bf0b-53ea-4bf0-bc8f-4937c60139c8 HTTP/1.1" status: 200 len: 205 time: 0.0174005
2026-06-28 21:07:53.247 9 INFO neutron.api.v2.resource [None req-5517d2d5-135f-4841-a1da-7640eb39ee31 a4f65b138df14829b6cc0a72da129584 f68e60d44ba8424284599c6287ce7bd0 - - default default] delete failed (client error): The resource could not be found.
2026-06-28 21:07:53.248 9 INFO neutron.wsgi [None req-5517d2d5-135f-4841-a1da-7640eb39ee31 a4f65b138df14829b6cc0a72da129584 f68e60d44ba8424284599c6287ce7bd0 - - default default] 10.0.0.131 "DELETE /v2.0/routers/dfe7bf0b-53ea-4bf0-bc8f-4937c60139c8 HTTP/1.1" status: 404 len: 336 time: 0.0213122
2026-06-28 21:07:53.285 9 INFO neutron.wsgi [-] 10.0.0.157 "GET / HTTP/1.1" status: 200 len: 246 time: 0.0020909
2026-06-28 21:07:53.288 9 INFO neutron.wsgi [-] 10.0.0.157 "GET / HTTP/1.1" status: 200 len: 246 time: 0.0016067
2026-06-28 21:07:53.289 9 INFO neutron.pecan_wsgi.hooks.translation [None req-87f21ac5-c8a0-4337-a293-90f4256a5e35 a4f65b138df14829b6cc0a72da129584 f68e60d44ba8424284599c6287ce7bd0 - - default default] DELETE failed (client error): The resource could not be found.
2026-06-28 21:07:53.292 9 INFO neutron.wsgi [None req-87f21ac5-c8a0-4337-a293-90f4256a5e35 a4f65b138df14829b6cc0a72da129584 f68e60d44ba8424284599c6287ce7bd0 - - default default] 10.0.0.131 "DELETE /v2.0/subnets/251222cf-c770-4828-a8a5-a4fe6cd59706 HTTP/1.1" status: 404 len: 337 time: 0.0319343
2026-06-28 21:07:53.324 9 INFO neutron.wsgi [None req-b1f3814c-5576-4f43-b781-3c2f4e9a2273 a4f65b138df14829b6cc0a72da129584 f68e60d44ba8424284599c6287ce7bd0 - - default default] 10.0.0.131 "GET /v2.0/ports?device_id=af891db3-cfc0-462f-b584-8899e7e63870 HTTP/1.1" status: 200 len: 205 time: 0.0258429
2026-06-28 21:07:53.349 9 INFO neutron.api.v2.resource [None req-591d2dd2-e97a-4700-9d9d-6c73d2e00cd9 a4f65b138df14829b6cc0a72da129584 f68e60d44ba8424284599c6287ce7bd0 - - default default] delete failed (client error): The resource could not be found.
2026-06-28 21:07:53.350 9 INFO neutron.wsgi [None req-591d2dd2-e97a-4700-9d9d-6c73d2e00cd9 a4f65b138df14829b6cc0a72da129584 f68e60d44ba8424284599c6287ce7bd0 - - default default] 10.0.0.131 "DELETE /v2.0/routers/af891db3-cfc0-462f-b584-8899e7e63870 HTTP/1.1" status: 404 len: 336 time: 0.0224481
