2026-06-28 21:06:22.679 8 INFO neutron.db.ovn_revision_numbers_db [None req-62bb7a78-31ff-4f93-94a9-c4b8b1c2b6e6 7ce99a38adbf44dea1546587a3280700 ef3cff4f372848748245027e5e1fec4f - - default default] Successfully bumped revision number for resource d217405e-fc0a-46d6-80c7-c0d47cd34167 (type: ports) to 2
2026-06-28 21:06:22.685 8 INFO neutron.wsgi [req-0079d562-76c0-4278-aab0-adbfcefac516 req-f4d03970-77e8-4eaa-aeba-591824850b3e 49a5e9e6e618450fa43ff5695b451e47 b0cef0222f174c2bbadfbbd1637fd704 - - default default] 10.0.0.153 "GET /v2.0/security-groups?id=0d5793ad-5aeb-4dea-adb2-09f5ad693241&fields=id&fields=name HTTP/1.1" status: 200 len: 313 time: 0.0841765
2026-06-28 21:06:22.748 8 INFO neutron.db.ovn_revision_numbers_db [None req-62bb7a78-31ff-4f93-94a9-c4b8b1c2b6e6 7ce99a38adbf44dea1546587a3280700 ef3cff4f372848748245027e5e1fec4f - - default default] Successfully bumped revision number for resource bc85b470-b2a6-4bd5-ba49-8b00e43fd812 (type: subnets) to 0
2026-06-28 21:06:22.760 8 INFO neutron.wsgi [req-4a484b56-fefa-4ccc-9c42-34fe71b2da76 req-0b8066b7-5974-473b-99d9-4d5316421ed6 e19a0c7f39814e7bb6223dda14ce4989 cdb6b868bba9469ca81c23ad0bcd2f01 - - d1146906f66a4a0cb46ecefe67aee84b d1146906f66a4a0cb46ecefe67aee84b] 199.204.45.23 "GET /v2.0/networks/8ada63b6-4d67-4aa0-87ac-bc118449cc8c?fields=segments HTTP/1.1" status: 200 len: 212 time: 0.0892165
2026-06-28 21:06:22.763 8 INFO neutron.wsgi [None req-62bb7a78-31ff-4f93-94a9-c4b8b1c2b6e6 7ce99a38adbf44dea1546587a3280700 ef3cff4f372848748245027e5e1fec4f - - default default] 10.0.0.131 "POST /v2.0/subnets HTTP/1.1" status: 201 len: 873 time: 1.2930195
2026-06-28 21:06:22.847 8 INFO neutron.notifiers.nova [-] Nova event matching ['req-d82e34ad-9582-4348-9471-23dfb965c840'] response: {'name': 'network-changed', 'server_uuid': '24314a33-e266-4cd6-a40f-400dbc043961', 'tag': 'f1a4d86e-779e-45eb-bad0-93dff386e6b7', 'status': 'completed', 'code': 200}
2026-06-28 21:06:22.874 8 INFO neutron.wsgi [req-4a484b56-fefa-4ccc-9c42-34fe71b2da76 req-4ae4519d-66b2-4afb-92b4-84be6a0518b7 e19a0c7f39814e7bb6223dda14ce4989 cdb6b868bba9469ca81c23ad0bcd2f01 - - d1146906f66a4a0cb46ecefe67aee84b d1146906f66a4a0cb46ecefe67aee84b] 199.204.45.23 "GET /v2.0/networks/8ada63b6-4d67-4aa0-87ac-bc118449cc8c?fields=provider%3Aphysical_network&fields=provider%3Anetwork_type HTTP/1.1" status: 200 len: 277 time: 0.0899529
2026-06-28 21:06:22.940 9 INFO neutron.notifiers.nova [-] Nova event matching ['req-e79b98fb-276c-46fd-aef8-e881daa28b8d'] response: {'name': 'network-changed', 'server_uuid': 'd3f809b4-07cb-4b12-914c-5b6a81ba3955', 'tag': '98ac2381-ea58-4fb8-9d15-3b61dc404a3b', 'status': 'completed', 'code': 200}
2026-06-28 21:06:22.995 9 INFO neutron.wsgi [req-8e871394-4354-4d05-91e4-0fd64b910252 req-21430dec-879b-4a91-a278-b37b3bc83e8d e19a0c7f39814e7bb6223dda14ce4989 cdb6b868bba9469ca81c23ad0bcd2f01 - - d1146906f66a4a0cb46ecefe67aee84b d1146906f66a4a0cb46ecefe67aee84b] 199.204.45.23 "GET /v2.0/ports?tenant_id=252486220d174bf8ba5c45aec1095bb7&device_id=d3f809b4-07cb-4b12-914c-5b6a81ba3955 HTTP/1.1" status: 200 len: 1411 time: 0.0367420
2026-06-28 21:06:22.997 8 INFO neutron.wsgi [req-9eb2d08c-c01b-4b6f-9137-6fa11ef69ccb req-2223c106-c4c1-4a53-a4f4-b4f2254f726e e19a0c7f39814e7bb6223dda14ce4989 cdb6b868bba9469ca81c23ad0bcd2f01 - - d1146906f66a4a0cb46ecefe67aee84b d1146906f66a4a0cb46ecefe67aee84b] 199.204.45.23 "GET /v2.0/ports?tenant_id=b0cef0222f174c2bbadfbbd1637fd704&device_id=24314a33-e266-4cd6-a40f-400dbc043961 HTTP/1.1" status: 200 len: 1407 time: 0.0510764
2026-06-28 21:06:23.107 8 INFO neutron.wsgi [req-9eb2d08c-c01b-4b6f-9137-6fa11ef69ccb req-0286a8c8-f301-43df-af8f-57e1cdd15edc e19a0c7f39814e7bb6223dda14ce4989 cdb6b868bba9469ca81c23ad0bcd2f01 - - d1146906f66a4a0cb46ecefe67aee84b d1146906f66a4a0cb46ecefe67aee84b] 199.204.45.23 "GET /v2.0/networks?id=8ada63b6-4d67-4aa0-87ac-bc118449cc8c HTTP/1.1" status: 200 len: 967 time: 0.0969727
2026-06-28 21:06:23.116 9 INFO neutron.wsgi [req-8e871394-4354-4d05-91e4-0fd64b910252 req-27ac26f1-61f7-497c-9968-28fc5851c29c e19a0c7f39814e7bb6223dda14ce4989 cdb6b868bba9469ca81c23ad0bcd2f01 - - d1146906f66a4a0cb46ecefe67aee84b d1146906f66a4a0cb46ecefe67aee84b] 199.204.45.23 "GET /v2.0/networks?id=6039d6bc-13b2-4a25-846e-8b0b8a26f604 HTTP/1.1" status: 200 len: 978 time: 0.1058748
2026-06-28 21:06:23.197 9 WARNING neutron.scheduler.dhcp_agent_scheduler [None req-794e466b-38d5-484f-ad89-15648465b2a4 7ce99a38adbf44dea1546587a3280700 ef3cff4f372848748245027e5e1fec4f - - default default] No more DHCP agents
2026-06-28 21:06:23.199 9 WARNING neutron.api.rpc.agentnotifiers.dhcp_rpc_agent_api [None req-794e466b-38d5-484f-ad89-15648465b2a4 7ce99a38adbf44dea1546587a3280700 ef3cff4f372848748245027e5e1fec4f - - default default] Unable to schedule network 58ee145c-34ab-4f5b-bce6-9aed3f94978e: no agents available; will retry on subsequent port and subnet creation events.
2026-06-28 21:06:23.269 8 INFO neutron.wsgi [req-9eb2d08c-c01b-4b6f-9137-6fa11ef69ccb req-1115402d-8ca2-48b0-8758-9e021d28d4db e19a0c7f39814e7bb6223dda14ce4989 cdb6b868bba9469ca81c23ad0bcd2f01 - - d1146906f66a4a0cb46ecefe67aee84b d1146906f66a4a0cb46ecefe67aee84b] 199.204.45.23 "GET /v2.0/floatingips?fixed_ip_address=10.100.0.8&port_id=f1a4d86e-779e-45eb-bad0-93dff386e6b7 HTTP/1.1" status: 200 len: 217 time: 0.0220561
2026-06-28 21:06:23.274 9 INFO neutron.wsgi [req-8e871394-4354-4d05-91e4-0fd64b910252 req-4fe5a397-57c2-451c-9207-74113b906f89 e19a0c7f39814e7bb6223dda14ce4989 cdb6b868bba9469ca81c23ad0bcd2f01 - - d1146906f66a4a0cb46ecefe67aee84b d1146906f66a4a0cb46ecefe67aee84b] 199.204.45.23 "GET /v2.0/floatingips?fixed_ip_address=10.100.0.11&port_id=98ac2381-ea58-4fb8-9d15-3b61dc404a3b HTTP/1.1" status: 200 len: 217 time: 0.0250192
2026-06-28 21:06:23.285 8 INFO neutron.wsgi [-] 10.0.0.157 "GET / HTTP/1.1" status: 200 len: 246 time: 0.0012684
2026-06-28 21:06:23.286 8 INFO neutron.wsgi [-] 10.0.0.157 "GET / HTTP/1.1" status: 200 len: 246 time: 0.0009284
2026-06-28 21:06:23.338 8 WARNING neutron.scheduler.dhcp_agent_scheduler [None req-30bb73a3-5ac1-43b6-89b3-ea208c012d8c 7ce99a38adbf44dea1546587a3280700 ef3cff4f372848748245027e5e1fec4f - - default default] No more DHCP agents
2026-06-28 21:06:23.345 8 WARNING neutron.api.rpc.agentnotifiers.dhcp_rpc_agent_api [None req-30bb73a3-5ac1-43b6-89b3-ea208c012d8c 7ce99a38adbf44dea1546587a3280700 ef3cff4f372848748245027e5e1fec4f - - default default] Unable to schedule network 58ee145c-34ab-4f5b-bce6-9aed3f94978e: no agents available; will retry on subsequent port and subnet creation events.
2026-06-28 21:06:23.496 9 INFO neutron.wsgi [req-8e871394-4354-4d05-91e4-0fd64b910252 req-799ed4be-5491-460c-b7bd-59b81ac2fe16 e19a0c7f39814e7bb6223dda14ce4989 cdb6b868bba9469ca81c23ad0bcd2f01 - - d1146906f66a4a0cb46ecefe67aee84b d1146906f66a4a0cb46ecefe67aee84b] 199.204.45.23 "GET /v2.0/subnets?id=731c0074-1b1c-42df-a987-ad38bcebf2fd HTTP/1.1" status: 200 len: 873 time: 0.0364077
2026-06-28 21:06:23.524 9 INFO neutron.wsgi [req-8e871394-4354-4d05-91e4-0fd64b910252 req-357921bf-adf4-4977-9528-24fa7c3d633e e19a0c7f39814e7bb6223dda14ce4989 cdb6b868bba9469ca81c23ad0bcd2f01 - - d1146906f66a4a0cb46ecefe67aee84b d1146906f66a4a0cb46ecefe67aee84b] 199.204.45.23 "GET /v2.0/ports?network_id=6039d6bc-13b2-4a25-846e-8b0b8a26f604&device_owner=network%3Adhcp HTTP/1.1" status: 200 len: 210 time: 0.0204027
2026-06-28 21:06:23.550 8 INFO neutron.wsgi [req-9eb2d08c-c01b-4b6f-9137-6fa11ef69ccb req-96de2f73-e711-4a29-a462-426becf1428b e19a0c7f39814e7bb6223dda14ce4989 cdb6b868bba9469ca81c23ad0bcd2f01 - - d1146906f66a4a0cb46ecefe67aee84b d1146906f66a4a0cb46ecefe67aee84b] 199.204.45.23 "GET /v2.0/subnets?id=021b6632-7575-4544-8068-00327d99438c HTTP/1.1" status: 200 len: 862 time: 0.1876380
2026-06-28 21:06:23.577 8 INFO neutron.wsgi [req-76e6ff60-a131-4a55-b16e-1c994594beee req-c58768a4-295a-45a9-bc82-05c7364f8abe 56b671ce7012458a87999ac7a543802f 252486220d174bf8ba5c45aec1095bb7 - - default default] 10.0.0.153 "GET /v2.0/ports?device_id=d3f809b4-07cb-4b12-914c-5b6a81ba3955 HTTP/1.1" status: 200 len: 1172 time: 0.2808938
2026-06-28 21:06:23.585 8 INFO neutron.wsgi [req-9eb2d08c-c01b-4b6f-9137-6fa11ef69ccb req-68dcdd26-942f-4249-8eca-4c9af2e16ee7 e19a0c7f39814e7bb6223dda14ce4989 cdb6b868bba9469ca81c23ad0bcd2f01 - - d1146906f66a4a0cb46ecefe67aee84b d1146906f66a4a0cb46ecefe67aee84b] 199.204.45.23 "GET /v2.0/ports?network_id=8ada63b6-4d67-4aa0-87ac-bc118449cc8c&device_owner=network%3Adhcp HTTP/1.1" status: 200 len: 210 time: 0.0247068
2026-06-28 21:06:23.602 9 INFO neutron.wsgi [req-8e871394-4354-4d05-91e4-0fd64b910252 req-86dd0724-2ed5-4242-938c-56274eca7891 e19a0c7f39814e7bb6223dda14ce4989 cdb6b868bba9469ca81c23ad0bcd2f01 - - d1146906f66a4a0cb46ecefe67aee84b d1146906f66a4a0cb46ecefe67aee84b] 199.204.45.23 "GET /v2.0/networks/6039d6bc-13b2-4a25-846e-8b0b8a26f604?fields=segments HTTP/1.1" status: 200 len: 212 time: 0.0708058
2026-06-28 21:06:23.603 9 INFO neutron.db.ovn_revision_numbers_db [None req-794e466b-38d5-484f-ad89-15648465b2a4 7ce99a38adbf44dea1546587a3280700 ef3cff4f372848748245027e5e1fec4f - - default default] Successfully bumped revision number for resource c6c8e0f5-be0c-42e9-a1c7-ed9261f86b6e (type: ports) to 1
2026-06-28 21:06:23.659 8 INFO neutron.wsgi [req-76e6ff60-a131-4a55-b16e-1c994594beee req-d8129a9d-c52f-48ce-98dc-265925501a5f 56b671ce7012458a87999ac7a543802f 252486220d174bf8ba5c45aec1095bb7 - - default default] 10.0.0.153 "GET /v2.0/security-groups?id=68161614-0f2a-446a-8238-aec298551ff1&fields=id&fields=name HTTP/1.1" status: 200 len: 313 time: 0.0690699
2026-06-28 21:06:23.680 8 INFO neutron.wsgi [req-9eb2d08c-c01b-4b6f-9137-6fa11ef69ccb req-a07c9642-667d-4ccf-9034-b60b8c0c2feb e19a0c7f39814e7bb6223dda14ce4989 cdb6b868bba9469ca81c23ad0bcd2f01 - - d1146906f66a4a0cb46ecefe67aee84b d1146906f66a4a0cb46ecefe67aee84b] 199.204.45.23 "GET /v2.0/networks/8ada63b6-4d67-4aa0-87ac-bc118449cc8c?fields=segments HTTP/1.1" status: 200 len: 212 time: 0.0879457
2026-06-28 21:06:23.708 9 INFO neutron.wsgi [req-8e871394-4354-4d05-91e4-0fd64b910252 req-f0ad3f89-81d0-4b0c-afe4-56d8b77c6afc e19a0c7f39814e7bb6223dda14ce4989 cdb6b868bba9469ca81c23ad0bcd2f01 - - d1146906f66a4a0cb46ecefe67aee84b d1146906f66a4a0cb46ecefe67aee84b] 199.204.45.23 "GET /v2.0/networks/6039d6bc-13b2-4a25-846e-8b0b8a26f604?fields=provider%3Aphysical_network&fields=provider%3Anetwork_type HTTP/1.1" status: 200 len: 277 time: 0.0988586
2026-06-28 21:06:23.764 8 INFO neutron.db.ovn_revision_numbers_db [None req-30bb73a3-5ac1-43b6-89b3-ea208c012d8c 7ce99a38adbf44dea1546587a3280700 ef3cff4f372848748245027e5e1fec4f - - default default] Successfully bumped revision number for resource 34c001d5-242c-4c5e-8a19-8ebf1f92f9f3 (type: ports) to 1
2026-06-28 21:06:23.787 8 INFO neutron.wsgi [req-9eb2d08c-c01b-4b6f-9137-6fa11ef69ccb req-d20b98fe-c583-443b-993c-c687756457cd e19a0c7f39814e7bb6223dda14ce4989 cdb6b868bba9469ca81c23ad0bcd2f01 - - d1146906f66a4a0cb46ecefe67aee84b d1146906f66a4a0cb46ecefe67aee84b] 199.204.45.23 "GET /v2.0/networks/8ada63b6-4d67-4aa0-87ac-bc118449cc8c?fields=provider%3Aphysical_network&fields=provider%3Anetwork_type HTTP/1.1" status: 200 len: 277 time: 0.1001558
2026-06-28 21:06:23.822 8 INFO neutron.wsgi [req-6eb63f60-33f5-40ce-8c66-9165c66fde2e req-9654cb8c-d643-4655-a5bb-38c5b367908b 49a5e9e6e618450fa43ff5695b451e47 b0cef0222f174c2bbadfbbd1637fd704 - - default default] 10.0.0.153 "GET /v2.0/ports?device_id=24314a33-e266-4cd6-a40f-400dbc043961 HTTP/1.1" status: 200 len: 1168 time: 0.0488870
2026-06-28 21:06:23.878 8 INFO neutron.wsgi [req-6eb63f60-33f5-40ce-8c66-9165c66fde2e req-cdbce230-7286-4e10-a2db-664c4bd1e63e 49a5e9e6e618450fa43ff5695b451e47 b0cef0222f174c2bbadfbbd1637fd704 - - default default] 10.0.0.153 "GET /v2.0/security-groups?id=0d5793ad-5aeb-4dea-adb2-09f5ad693241&fields=id&fields=name HTTP/1.1" status: 200 len: 313 time: 0.0481391
2026-06-28 21:06:24.177 9 INFO neutron.plugins.ml2.drivers.ovn.mech_driver.ovsdb.ovsdb_monitor [None req-3dd1422b-0789-4fd6-b50f-5c78e1e8ceb4 - - - - - -] Router ac70a6c3-25e2-4e90-a9ce-07378cdd9c09 is bound to host instance
2026-06-28 21:06:24.190 8 INFO neutron.plugins.ml2.drivers.ovn.mech_driver.mech_driver [None req-b5cebebb-68c9-48bf-9c48-93b3cf057bd6 - - - - - -] OVN reports status up for port: c6c8e0f5-be0c-42e9-a1c7-ed9261f86b6e
2026-06-28 21:06:24.200 9 INFO neutron.db.ovn_revision_numbers_db [None req-794e466b-38d5-484f-ad89-15648465b2a4 7ce99a38adbf44dea1546587a3280700 ef3cff4f372848748245027e5e1fec4f - - default default] Successfully bumped revision number for resource c6c8e0f5-be0c-42e9-a1c7-ed9261f86b6e (type: router_ports) to 1
2026-06-28 21:06:24.201 8 INFO neutron.plugins.ml2.plugin [None req-b5cebebb-68c9-48bf-9c48-93b3cf057bd6 - - - - - -] Attempt 1 to provision port c6c8e0f5-be0c-42e9-a1c7-ed9261f86b6e
2026-06-28 21:06:24.283 9 INFO neutron.db.ovn_revision_numbers_db [None req-794e466b-38d5-484f-ad89-15648465b2a4 7ce99a38adbf44dea1546587a3280700 ef3cff4f372848748245027e5e1fec4f - - default default] Successfully bumped revision number for resource ac70a6c3-25e2-4e90-a9ce-07378cdd9c09 (type: routers) to 2
2026-06-28 21:06:24.301 9 INFO neutron.wsgi [None req-794e466b-38d5-484f-ad89-15648465b2a4 7ce99a38adbf44dea1546587a3280700 ef3cff4f372848748245027e5e1fec4f - - default default] 10.0.0.131 "POST /v2.0/routers HTTP/1.1" status: 201 len: 876 time: 1.6671848
2026-06-28 21:06:24.409 9 INFO neutron.plugins.ml2.drivers.ovn.mech_driver.mech_driver [None req-5e779a41-02ec-464b-86fc-eee7bd7635aa - - - - - -] OVN reports status up for port: 34c001d5-242c-4c5e-8a19-8ebf1f92f9f3
2026-06-28 21:06:24.418 8 INFO neutron.plugins.ml2.drivers.ovn.mech_driver.ovsdb.ovsdb_monitor [None req-8e8a4d23-33d5-4f20-82af-3d95ea56a328 - - - - - -] Router ce52ce7d-d919-4b01-a0d6-45c6d4e49a9f is bound to host instance
2026-06-28 21:06:24.418 9 INFO neutron.plugins.ml2.plugin [None req-5e779a41-02ec-464b-86fc-eee7bd7635aa - - - - - -] Attempt 1 to provision port 34c001d5-242c-4c5e-8a19-8ebf1f92f9f3
2026-06-28 21:06:24.456 8 INFO neutron.db.ovn_revision_numbers_db [None req-30bb73a3-5ac1-43b6-89b3-ea208c012d8c 7ce99a38adbf44dea1546587a3280700 ef3cff4f372848748245027e5e1fec4f - - default default] Successfully bumped revision number for resource 34c001d5-242c-4c5e-8a19-8ebf1f92f9f3 (type: router_ports) to 1
2026-06-28 21:06:24.557 8 INFO neutron.db.ovn_revision_numbers_db [None req-30bb73a3-5ac1-43b6-89b3-ea208c012d8c 7ce99a38adbf44dea1546587a3280700 ef3cff4f372848748245027e5e1fec4f - - default default] Successfully bumped revision number for resource ce52ce7d-d919-4b01-a0d6-45c6d4e49a9f (type: routers) to 2
2026-06-28 21:06:24.587 8 INFO neutron.wsgi [None req-30bb73a3-5ac1-43b6-89b3-ea208c012d8c 7ce99a38adbf44dea1546587a3280700 ef3cff4f372848748245027e5e1fec4f - - default default] 10.0.0.131 "POST /v2.0/routers HTTP/1.1" status: 201 len: 884 time: 1.8180082
2026-06-28 21:06:24.771 8 INFO neutron.wsgi [req-be897c9f-6971-4ec1-ac7a-ecd850518eef req-dea7765a-ede7-45ca-a30d-a9745de6578e 56b671ce7012458a87999ac7a543802f 252486220d174bf8ba5c45aec1095bb7 - - default default] 10.0.0.153 "GET /v2.0/ports?device_id=d3f809b4-07cb-4b12-914c-5b6a81ba3955 HTTP/1.1" status: 200 len: 1172 time: 0.0480227
2026-06-28 21:06:24.942 9 INFO neutron.db.ovn_revision_numbers_db [None req-3dd1422b-0789-4fd6-b50f-5c78e1e8ceb4 - - - - - -] Successfully bumped revision number for resource c6c8e0f5-be0c-42e9-a1c7-ed9261f86b6e (type: ports) to 1
2026-06-28 21:06:24.990 8 INFO neutron.wsgi [req-be897c9f-6971-4ec1-ac7a-ecd850518eef req-e8d7a548-b421-471a-8089-eb2fb09e6202 56b671ce7012458a87999ac7a543802f 252486220d174bf8ba5c45aec1095bb7 - - default default] 10.0.0.153 "GET /v2.0/security-groups?id=68161614-0f2a-446a-8238-aec298551ff1&fields=id&fields=name HTTP/1.1" status: 200 len: 313 time: 0.2092376
2026-06-28 21:06:25.028 8 INFO neutron.wsgi [req-f36faef1-a1a7-4fb5-ab8d-4b1bcb34df4a req-c4f2126b-be29-4f64-98fe-589326733eb3 49a5e9e6e618450fa43ff5695b451e47 b0cef0222f174c2bbadfbbd1637fd704 - - default default] 10.0.0.153 "GET /v2.0/ports?device_id=24314a33-e266-4cd6-a40f-400dbc043961 HTTP/1.1" status: 200 len: 1168 time: 0.0624721
2026-06-28 21:06:25.106 8 INFO neutron.wsgi [req-f36faef1-a1a7-4fb5-ab8d-4b1bcb34df4a req-06cd1152-a4d5-471f-b6d2-ebd2594b546d 49a5e9e6e618450fa43ff5695b451e47 b0cef0222f174c2bbadfbbd1637fd704 - - default default] 10.0.0.153 "GET /v2.0/security-groups?id=0d5793ad-5aeb-4dea-adb2-09f5ad693241&fields=id&fields=name HTTP/1.1" status: 200 len: 313 time: 0.0638325
2026-06-28 21:06:25.127 8 WARNING neutron.scheduler.dhcp_agent_scheduler [None req-1fab5015-cabd-42cf-aa60-4c4d241d25ad 7ce99a38adbf44dea1546587a3280700 ef3cff4f372848748245027e5e1fec4f - - default default] No more DHCP agents
2026-06-28 21:06:25.132 8 WARNING neutron.api.rpc.agentnotifiers.dhcp_rpc_agent_api [None req-1fab5015-cabd-42cf-aa60-4c4d241d25ad 7ce99a38adbf44dea1546587a3280700 ef3cff4f372848748245027e5e1fec4f - - default default] Unable to schedule network 0b40e98c-57dd-44e7-8dce-a6152cdfc245: no agents available; will retry on subsequent port and subnet creation events.
2026-06-28 21:06:25.278 9 WARNING neutron.scheduler.dhcp_agent_scheduler [None req-0c9b2276-1fb0-4268-b06f-0950b89b3825 7ce99a38adbf44dea1546587a3280700 ef3cff4f372848748245027e5e1fec4f - - default default] No more DHCP agents
2026-06-28 21:06:25.283 9 WARNING neutron.api.rpc.agentnotifiers.dhcp_rpc_agent_api [None req-0c9b2276-1fb0-4268-b06f-0950b89b3825 7ce99a38adbf44dea1546587a3280700 ef3cff4f372848748245027e5e1fec4f - - default default] Unable to schedule network 0fd2dc07-7ae3-4b3d-ace3-525f8d4da782: no agents available; will retry on subsequent port and subnet creation events.
2026-06-28 21:06:25.307 9 INFO neutron.db.ovn_revision_numbers_db [None req-3dd1422b-0789-4fd6-b50f-5c78e1e8ceb4 - - - - - -] Successfully bumped revision number for resource c6c8e0f5-be0c-42e9-a1c7-ed9261f86b6e (type: router_ports) to 3
2026-06-28 21:06:25.313 8 INFO neutron.db.ovn_revision_numbers_db [None req-8e8a4d23-33d5-4f20-82af-3d95ea56a328 - - - - - -] Successfully bumped revision number for resource 34c001d5-242c-4c5e-8a19-8ebf1f92f9f3 (type: ports) to 1
2026-06-28 21:06:25.326 8 INFO neutron.db.ovn_revision_numbers_db [None req-1fab5015-cabd-42cf-aa60-4c4d241d25ad 7ce99a38adbf44dea1546587a3280700 ef3cff4f372848748245027e5e1fec4f - - default default] Successfully bumped revision number for resource d30ce5b4-3849-44f8-b423-9d5cb201ce29 (type: ports) to 1
2026-06-28 21:06:25.513 9 INFO neutron.db.ovn_revision_numbers_db [None req-0c9b2276-1fb0-4268-b06f-0950b89b3825 7ce99a38adbf44dea1546587a3280700 ef3cff4f372848748245027e5e1fec4f - - default default] Successfully bumped revision number for resource 528ee578-bb85-42d0-8641-4a58ac173283 (type: ports) to 1
2026-06-28 21:06:25.514 9 INFO neutron.db.ovn_revision_numbers_db [None req-3dd1422b-0789-4fd6-b50f-5c78e1e8ceb4 - - - - - -] Successfully bumped revision number for resource c6c8e0f5-be0c-42e9-a1c7-ed9261f86b6e (type: ports) to 2
2026-06-28 21:06:25.636 8 INFO neutron.db.ovn_revision_numbers_db [None req-8e8a4d23-33d5-4f20-82af-3d95ea56a328 - - - - - -] Successfully bumped revision number for resource 34c001d5-242c-4c5e-8a19-8ebf1f92f9f3 (type: router_ports) to 3
2026-06-28 21:06:25.882 9 INFO neutron.db.ovn_revision_numbers_db [None req-3dd1422b-0789-4fd6-b50f-5c78e1e8ceb4 - - - - - -] Successfully bumped revision number for resource c6c8e0f5-be0c-42e9-a1c7-ed9261f86b6e (type: ports) to 4
2026-06-28 21:06:25.905 8 INFO neutron.db.ovn_revision_numbers_db [None req-8e8a4d23-33d5-4f20-82af-3d95ea56a328 - - - - - -] Successfully bumped revision number for resource 34c001d5-242c-4c5e-8a19-8ebf1f92f9f3 (type: ports) to 2
2026-06-28 21:06:25.999 8 INFO neutron.db.ovn_revision_numbers_db [None req-1fab5015-cabd-42cf-aa60-4c4d241d25ad 7ce99a38adbf44dea1546587a3280700 ef3cff4f372848748245027e5e1fec4f - - default default] Successfully bumped revision number for resource d30ce5b4-3849-44f8-b423-9d5cb201ce29 (type: router_ports) to 1
2026-06-28 21:06:26.121 9 INFO neutron.db.ovn_revision_numbers_db [None req-0c9b2276-1fb0-4268-b06f-0950b89b3825 7ce99a38adbf44dea1546587a3280700 ef3cff4f372848748245027e5e1fec4f - - default default] Successfully bumped revision number for resource 528ee578-bb85-42d0-8641-4a58ac173283 (type: router_ports) to 1
2026-06-28 21:06:26.134 8 INFO neutron.wsgi [req-a4aa9d06-21f4-4526-b096-6b879964c851 req-86ee854d-1c24-425d-a948-0489a34c3d99 56b671ce7012458a87999ac7a543802f 252486220d174bf8ba5c45aec1095bb7 - - default default] 10.0.0.153 "GET /v2.0/ports?device_id=d3f809b4-07cb-4b12-914c-5b6a81ba3955 HTTP/1.1" status: 200 len: 1172 time: 0.0568182
2026-06-28 21:06:26.234 8 INFO neutron.wsgi [req-a4aa9d06-21f4-4526-b096-6b879964c851 req-83b356a4-0911-4d3c-9087-0de621c7f9d7 56b671ce7012458a87999ac7a543802f 252486220d174bf8ba5c45aec1095bb7 - - default default] 10.0.0.153 "GET /v2.0/security-groups?id=68161614-0f2a-446a-8238-aec298551ff1&fields=id&fields=name HTTP/1.1" status: 200 len: 313 time: 0.0889921
2026-06-28 21:06:26.243 9 INFO neutron.db.ovn_revision_numbers_db [None req-3dd1422b-0789-4fd6-b50f-5c78e1e8ceb4 - - - - - -] Successfully bumped revision number for resource c6c8e0f5-be0c-42e9-a1c7-ed9261f86b6e (type: router_ports) to 4
2026-06-28 21:06:26.247 8 INFO neutron.wsgi [req-644615ac-7fc7-4361-a2da-bfe86facd52f req-158afb4b-5a34-46b6-b779-068e8bb17e23 49a5e9e6e618450fa43ff5695b451e47 b0cef0222f174c2bbadfbbd1637fd704 - - default default] 10.0.0.153 "GET /v2.0/ports?device_id=24314a33-e266-4cd6-a40f-400dbc043961 HTTP/1.1" status: 200 len: 1168 time: 0.0579941
2026-06-28 21:06:26.307 9 INFO neutron.db.ovn_revision_numbers_db [None req-0c9b2276-1fb0-4268-b06f-0950b89b3825 7ce99a38adbf44dea1546587a3280700 ef3cff4f372848748245027e5e1fec4f - - default default] Successfully bumped revision number for resource 528ee578-bb85-42d0-8641-4a58ac173283 (type: ports) to 1
2026-06-28 21:06:26.312 8 INFO neutron.wsgi [req-644615ac-7fc7-4361-a2da-bfe86facd52f req-ad2213a4-264f-4c03-8025-75ce8a8b65fb 49a5e9e6e618450fa43ff5695b451e47 b0cef0222f174c2bbadfbbd1637fd704 - - default default] 10.0.0.153 "GET /v2.0/security-groups?id=0d5793ad-5aeb-4dea-adb2-09f5ad693241&fields=id&fields=name HTTP/1.1" status: 200 len: 313 time: 0.0561306
2026-06-28 21:06:26.314 8 INFO neutron.db.ovn_revision_numbers_db [None req-1fab5015-cabd-42cf-aa60-4c4d241d25ad 7ce99a38adbf44dea1546587a3280700 ef3cff4f372848748245027e5e1fec4f - - default default] Successfully bumped revision number for resource d30ce5b4-3849-44f8-b423-9d5cb201ce29 (type: ports) to 1
2026-06-28 21:06:26.336 8 INFO neutron.db.ovn_revision_numbers_db [None req-8e8a4d23-33d5-4f20-82af-3d95ea56a328 - - - - - -] Successfully bumped revision number for resource 34c001d5-242c-4c5e-8a19-8ebf1f92f9f3 (type: ports) to 4
2026-06-28 21:06:26.369 9 WARNING neutron.scheduler.dhcp_agent_scheduler [None req-0c9b2276-1fb0-4268-b06f-0950b89b3825 7ce99a38adbf44dea1546587a3280700 ef3cff4f372848748245027e5e1fec4f - - default default] No more DHCP agents
2026-06-28 21:06:26.371 9 WARNING neutron.api.rpc.agentnotifiers.dhcp_rpc_agent_api [None req-0c9b2276-1fb0-4268-b06f-0950b89b3825 7ce99a38adbf44dea1546587a3280700 ef3cff4f372848748245027e5e1fec4f - - default default] Unable to schedule network 0fd2dc07-7ae3-4b3d-ace3-525f8d4da782: no agents available; will retry on subsequent port and subnet creation events.
2026-06-28 21:06:26.403 8 WARNING neutron.scheduler.dhcp_agent_scheduler [None req-1fab5015-cabd-42cf-aa60-4c4d241d25ad 7ce99a38adbf44dea1546587a3280700 ef3cff4f372848748245027e5e1fec4f - - default default] No more DHCP agents
2026-06-28 21:06:26.406 8 WARNING neutron.api.rpc.agentnotifiers.dhcp_rpc_agent_api [None req-1fab5015-cabd-42cf-aa60-4c4d241d25ad 7ce99a38adbf44dea1546587a3280700 ef3cff4f372848748245027e5e1fec4f - - default default] Unable to schedule network 0b40e98c-57dd-44e7-8dce-a6152cdfc245: no agents available; will retry on subsequent port and subnet creation events.
2026-06-28 21:06:26.875 8 INFO neutron.db.ovn_revision_numbers_db [None req-8e8a4d23-33d5-4f20-82af-3d95ea56a328 - - - - - -] Successfully bumped revision number for resource 34c001d5-242c-4c5e-8a19-8ebf1f92f9f3 (type: router_ports) to 4
2026-06-28 21:06:27.017 8 INFO neutron.plugins.ml2.drivers.ovn.mech_driver.mech_driver [None req-b5cebebb-68c9-48bf-9c48-93b3cf057bd6 - - - - - -] OVN reports status up for port: 98ac2381-ea58-4fb8-9d15-3b61dc404a3b
2026-06-28 21:06:27.031 8 INFO neutron.plugins.ml2.plugin [None req-b5cebebb-68c9-48bf-9c48-93b3cf057bd6 - - - - - -] Attempt 1 to provision port 98ac2381-ea58-4fb8-9d15-3b61dc404a3b
2026-06-28 21:06:27.086 9 INFO neutron.plugins.ml2.drivers.ovn.mech_driver.mech_driver [None req-5e779a41-02ec-464b-86fc-eee7bd7635aa - - - - - -] OVN reports status up for port: f1a4d86e-779e-45eb-bad0-93dff386e6b7
2026-06-28 21:06:27.098 9 INFO neutron.plugins.ml2.plugin [None req-5e779a41-02ec-464b-86fc-eee7bd7635aa - - - - - -] Attempt 1 to provision port f1a4d86e-779e-45eb-bad0-93dff386e6b7
2026-06-28 21:06:27.184 8 INFO neutron.notifiers.nova [-] Nova event matching ['req-1ac1f6ef-3638-4370-a88e-0c6af5fad44c'] response: {'server_uuid': 'd3f809b4-07cb-4b12-914c-5b6a81ba3955', 'name': 'network-vif-plugged', 'status': 'completed', 'tag': '98ac2381-ea58-4fb8-9d15-3b61dc404a3b', 'code': 200}
2026-06-28 21:06:27.278 9 INFO neutron.notifiers.nova [-] Nova event matching ['req-295a552b-ca73-4195-a333-799961f9f1b2'] response: {'server_uuid': '24314a33-e266-4cd6-a40f-400dbc043961', 'name': 'network-vif-plugged', 'status': 'completed', 'tag': 'f1a4d86e-779e-45eb-bad0-93dff386e6b7', 'code': 200}
2026-06-28 21:06:27.393 9 INFO neutron.db.ovn_revision_numbers_db [None req-0c9b2276-1fb0-4268-b06f-0950b89b3825 7ce99a38adbf44dea1546587a3280700 ef3cff4f372848748245027e5e1fec4f - - default default] Successfully bumped revision number for resource 528ee578-bb85-42d0-8641-4a58ac173283 (type: router_ports) to 1
2026-06-28 21:06:27.395 9 INFO neutron.wsgi [None req-0c9b2276-1fb0-4268-b06f-0950b89b3825 7ce99a38adbf44dea1546587a3280700 ef3cff4f372848748245027e5e1fec4f - - default default] 10.0.0.131 "PUT /v2.0/routers/ce52ce7d-d919-4b01-a0d6-45c6d4e49a9f/add_router_interface HTTP/1.1" status: 200 len: 503 time: 2.8025208
2026-06-28 21:06:27.396 8 INFO neutron.wsgi [req-ee01bd48-04ca-4e34-95c4-7d1ab5742468 req-91b982ae-dcdf-40cb-8952-7f0ab9fdc0bb 56b671ce7012458a87999ac7a543802f 252486220d174bf8ba5c45aec1095bb7 - - default default] 10.0.0.153 "GET /v2.0/ports?device_id=d3f809b4-07cb-4b12-914c-5b6a81ba3955 HTTP/1.1" status: 200 len: 1174 time: 0.0804312
2026-06-28 21:06:27.443 9 INFO neutron.db.ovn_revision_numbers_db [None req-5e779a41-02ec-464b-86fc-eee7bd7635aa - - - - - -] Successfully bumped revision number for resource f1a4d86e-779e-45eb-bad0-93dff386e6b7 (type: ports) to 4
2026-06-28 21:06:27.454 8 INFO neutron.wsgi [req-1520f30c-cde7-49a5-bf55-fee1d6a85f3b req-1f02967b-f2a4-442c-800b-5d5bb62c6845 49a5e9e6e618450fa43ff5695b451e47 b0cef0222f174c2bbadfbbd1637fd704 - - default default] 10.0.0.153 "GET /v2.0/ports?device_id=24314a33-e266-4cd6-a40f-400dbc043961 HTTP/1.1" status: 200 len: 1170 time: 0.0624700
2026-06-28 21:06:27.497 9 INFO neutron.plugins.ml2.drivers.ovn.mech_driver.mech_driver [None req-5e779a41-02ec-464b-86fc-eee7bd7635aa - - - - - -] OVN reports status up for port: 528ee578-bb85-42d0-8641-4a58ac173283
2026-06-28 21:06:27.498 8 INFO neutron.wsgi [req-ee01bd48-04ca-4e34-95c4-7d1ab5742468 req-3b4783a4-31ce-47a5-97e1-0e83e1625c88 56b671ce7012458a87999ac7a543802f 252486220d174bf8ba5c45aec1095bb7 - - default default] 10.0.0.153 "GET /v2.0/security-groups?id=68161614-0f2a-446a-8238-aec298551ff1&fields=id&fields=name HTTP/1.1" status: 200 len: 313 time: 0.0925751
2026-06-28 21:06:27.504 8 INFO neutron.db.ovn_revision_numbers_db [None req-b5cebebb-68c9-48bf-9c48-93b3cf057bd6 - - - - - -] Successfully bumped revision number for resource 98ac2381-ea58-4fb8-9d15-3b61dc404a3b (type: ports) to 4
2026-06-28 21:06:27.506 9 INFO neutron.plugins.ml2.plugin [None req-5e779a41-02ec-464b-86fc-eee7bd7635aa - - - - - -] Attempt 1 to provision port 528ee578-bb85-42d0-8641-4a58ac173283
2026-06-28 21:06:27.563 8 INFO neutron.wsgi [req-1520f30c-cde7-49a5-bf55-fee1d6a85f3b req-7ca4bc95-2f17-420f-8d47-472e75d1e401 49a5e9e6e618450fa43ff5695b451e47 b0cef0222f174c2bbadfbbd1637fd704 - - default default] 10.0.0.153 "GET /v2.0/security-groups?id=0d5793ad-5aeb-4dea-adb2-09f5ad693241&fields=id&fields=name HTTP/1.1" status: 200 len: 313 time: 0.0990465
2026-06-28 21:06:27.571 8 INFO neutron.plugins.ml2.drivers.ovn.mech_driver.mech_driver [None req-b5cebebb-68c9-48bf-9c48-93b3cf057bd6 - - - - - -] OVN reports status up for port: d30ce5b4-3849-44f8-b423-9d5cb201ce29
2026-06-28 21:06:27.587 8 INFO neutron.plugins.ml2.plugin [None req-b5cebebb-68c9-48bf-9c48-93b3cf057bd6 - - - - - -] Attempt 1 to provision port d30ce5b4-3849-44f8-b423-9d5cb201ce29
2026-06-28 21:06:27.708 8 INFO neutron.db.ovn_revision_numbers_db [None req-1fab5015-cabd-42cf-aa60-4c4d241d25ad 7ce99a38adbf44dea1546587a3280700 ef3cff4f372848748245027e5e1fec4f - - default default] Successfully bumped revision number for resource d30ce5b4-3849-44f8-b423-9d5cb201ce29 (type: router_ports) to 1
2026-06-28 21:06:27.710 8 INFO neutron.wsgi [None req-1fab5015-cabd-42cf-aa60-4c4d241d25ad 7ce99a38adbf44dea1546587a3280700 ef3cff4f372848748245027e5e1fec4f - - default default] 10.0.0.131 "PUT /v2.0/routers/ac70a6c3-25e2-4e90-a9ce-07378cdd9c09/add_router_interface HTTP/1.1" status: 200 len: 503 time: 3.4003670
2026-06-28 21:06:27.789 9 INFO neutron.db.ovn_revision_numbers_db [None req-5e779a41-02ec-464b-86fc-eee7bd7635aa - - - - - -] Successfully bumped revision number for resource 528ee578-bb85-42d0-8641-4a58ac173283 (type: ports) to 2
2026-06-28 21:06:27.922 8 INFO neutron.db.ovn_revision_numbers_db [None req-b5cebebb-68c9-48bf-9c48-93b3cf057bd6 - - - - - -] Successfully bumped revision number for resource d30ce5b4-3849-44f8-b423-9d5cb201ce29 (type: ports) to 2
2026-06-28 21:06:27.930 9 INFO neutron.db.ovn_revision_numbers_db [None req-5e779a41-02ec-464b-86fc-eee7bd7635aa - - - - - -] Successfully bumped revision number for resource 528ee578-bb85-42d0-8641-4a58ac173283 (type: router_ports) to 2 /var/lib/openstack/lib/python3.10/site-packages/pycadf/identifier.py:71: UserWarning: Invalid uuid: neutron. To ensure interoperability, identifiers should be a valid uuid. warnings.warn(('Invalid uuid: %s. To ensure interoperability, '
2026-06-28 21:06:28.054 8 INFO neutron.db.ovn_revision_numbers_db [None req-b5cebebb-68c9-48bf-9c48-93b3cf057bd6 - - - - - -] Successfully bumped revision number for resource d30ce5b4-3849-44f8-b423-9d5cb201ce29 (type: router_ports) to 2
2026-06-28 21:06:28.079 9 INFO neutron.db.ovn_revision_numbers_db [None req-f301a337-aa21-4b9d-b05d-e78cb2f2f3d1 1f76fca7ec8c4fd987f68aa1685dda73 901a62e3e689480c8fc4a52277b53200 - - default default] Successfully bumped revision number for resource 876528b8-edeb-41ab-bbab-eebb33342fa5 (type: security_groups) to 1
2026-06-28 21:06:28.099 9 INFO neutron.db.ovn_revision_numbers_db [None req-f301a337-aa21-4b9d-b05d-e78cb2f2f3d1 1f76fca7ec8c4fd987f68aa1685dda73 901a62e3e689480c8fc4a52277b53200 - - default default] Successfully bumped revision number for resource b0a9c963-7c41-4be6-a74c-4a06e4429f46 (type: security_group_rules) to 0
2026-06-28 21:06:28.117 9 INFO neutron.db.ovn_revision_numbers_db [None req-f301a337-aa21-4b9d-b05d-e78cb2f2f3d1 1f76fca7ec8c4fd987f68aa1685dda73 901a62e3e689480c8fc4a52277b53200 - - default default] Successfully bumped revision number for resource f2790306-b48c-4023-a297-4a32e1a324c1 (type: security_group_rules) to 0
2026-06-28 21:06:28.138 9 INFO neutron.wsgi [None req-f301a337-aa21-4b9d-b05d-e78cb2f2f3d1 1f76fca7ec8c4fd987f68aa1685dda73 901a62e3e689480c8fc4a52277b53200 - - default default] 10.0.0.131 "POST /v2.0/security-groups HTTP/1.1" status: 201 len: 1796 time: 0.1989858 /var/lib/openstack/lib/python3.10/site-packages/pycadf/identifier.py:71: UserWarning: Invalid uuid: neutron. To ensure interoperability, identifiers should be a valid uuid. warnings.warn(('Invalid uuid: %s. To ensure interoperability, '
2026-06-28 21:06:28.282 9 INFO neutron.db.ovn_revision_numbers_db [None req-4cb055c3-c7aa-4b40-ba3d-4a2529ae2d9c 1f76fca7ec8c4fd987f68aa1685dda73 901a62e3e689480c8fc4a52277b53200 - - default default] Successfully bumped revision number for resource 5ce4b7da-3e4d-41ee-be1e-2e803a462328 (type: security_group_rules) to 0
2026-06-28 21:06:28.325 9 INFO neutron.wsgi [None req-4cb055c3-c7aa-4b40-ba3d-4a2529ae2d9c 1f76fca7ec8c4fd987f68aa1685dda73 901a62e3e689480c8fc4a52277b53200 - - default default] 10.0.0.131 "POST /v2.0/security-group-rules HTTP/1.1" status: 201 len: 764 time: 0.1829715
2026-06-28 21:06:28.369 8 INFO neutron.wsgi [None req-dd9094bd-f88e-47e7-883d-9ae75c83b726 7ce99a38adbf44dea1546587a3280700 ef3cff4f372848748245027e5e1fec4f - - default default] 10.0.0.4 "GET /v2.0/routers HTTP/1.1" status: 200 len: 2888 time: 0.1694100
2026-06-28 21:06:28.388 8 INFO neutron.wsgi [None req-3b623105-7391-495a-866b-f59431cda5fc 7ce99a38adbf44dea1546587a3280700 ef3cff4f372848748245027e5e1fec4f - - default default] 10.0.0.4 "GET /v2.0/agents?binary=ovn-controller HTTP/1.1" status: 200 len: 591 time: 0.0175231
2026-06-28 21:06:28.454 9 INFO neutron.db.ovn_revision_numbers_db [None req-ccf11cfa-ea85-4dce-a563-6f46c99029da 282603cdba6043dea337ec1d8398f454 72159362b122491d82b056bafe7e444f - - default default] Successfully bumped revision number for resource 91e6e8ca-04f5-4164-a25a-1dd392a4aa1d (type: security_groups) to 1
2026-06-28 21:06:28.475 9 INFO neutron.db.ovn_revision_numbers_db [None req-ccf11cfa-ea85-4dce-a563-6f46c99029da 282603cdba6043dea337ec1d8398f454 72159362b122491d82b056bafe7e444f - - default default] Successfully bumped revision number for resource 1a994319-fcc6-4217-9f14-e3fcd2f8cc01 (type: security_group_rules) to 0
2026-06-28 21:06:28.494 9 INFO neutron.db.ovn_revision_numbers_db [None req-ccf11cfa-ea85-4dce-a563-6f46c99029da 282603cdba6043dea337ec1d8398f454 72159362b122491d82b056bafe7e444f - - default default] Successfully bumped revision number for resource 1d4ccb1e-28a4-4861-97c1-fcd481e177be (type: security_group_rules) to 0
2026-06-28 21:06:28.518 9 INFO neutron.wsgi [None req-ccf11cfa-ea85-4dce-a563-6f46c99029da 282603cdba6043dea337ec1d8398f454 72159362b122491d82b056bafe7e444f - - default default] 10.0.0.131 "POST /v2.0/security-groups HTTP/1.1" status: 201 len: 1796 time: 0.2211232
2026-06-28 21:06:28.654 9 INFO neutron.db.ovn_revision_numbers_db [None req-2a09239f-80c3-415b-b8f2-d06bc42b8209 282603cdba6043dea337ec1d8398f454 72159362b122491d82b056bafe7e444f - - default default] Successfully bumped revision number for resource d8ca4099-8ef6-4a92-b3bf-bf7aceb22c59 (type: security_group_rules) to 0
2026-06-28 21:06:28.689 9 INFO neutron.wsgi [None req-2a09239f-80c3-415b-b8f2-d06bc42b8209 282603cdba6043dea337ec1d8398f454 72159362b122491d82b056bafe7e444f - - default default] 10.0.0.131 "POST /v2.0/security-group-rules HTTP/1.1" status: 201 len: 764 time: 0.1660967
2026-06-28 21:06:28.713 8 INFO neutron.wsgi [None req-a9f1becf-3217-4abe-8bb1-a3a6c6a3d328 7ce99a38adbf44dea1546587a3280700 ef3cff4f372848748245027e5e1fec4f - - default default] 10.0.0.4 "GET /v2.0/networks HTTP/1.1" status: 200 len: 5397 time: 0.3195074
2026-06-28 21:06:28.816 8 INFO neutron.wsgi [None req-9953accd-be27-41cc-98e4-f13796ecbec0 7ce99a38adbf44dea1546587a3280700 ef3cff4f372848748245027e5e1fec4f - - default default] 10.0.0.4 "GET /v2.0/subnets HTTP/1.1" status: 200 len: 4068 time: 0.0980601
2026-06-28 21:06:28.841 9 INFO neutron.db.ovn_revision_numbers_db [None req-6a996b17-c7fb-4ea5-9732-daa65f61af19 282603cdba6043dea337ec1d8398f454 72159362b122491d82b056bafe7e444f - - default default] Successfully bumped revision number for resource 5fba2212-c826-4b6a-9405-9edfa842f562 (type: security_group_rules) to 0
2026-06-28 21:06:28.843 8 INFO neutron.wsgi [None req-24a6b11f-4e3a-42b4-8e8d-8e0da53cb842 7ce99a38adbf44dea1546587a3280700 ef3cff4f372848748245027e5e1fec4f - - default default] 10.0.0.4 "GET /v2.0/network-ip-availabilities HTTP/1.1" status: 200 len: 3198 time: 0.0247312
2026-06-28 21:06:28.869 9 INFO neutron.wsgi [None req-6a996b17-c7fb-4ea5-9732-daa65f61af19 282603cdba6043dea337ec1d8398f454 72159362b122491d82b056bafe7e444f - - default default] 10.0.0.131 "POST /v2.0/security-group-rules HTTP/1.1" status: 201 len: 769 time: 0.1768682
2026-06-28 21:06:28.873 8 INFO neutron.wsgi [req-77100d8a-9d33-4faf-ac1e-ab596aab5cc6 req-137622d5-7d38-4a3c-93d3-6708afe21b2f 56b671ce7012458a87999ac7a543802f 252486220d174bf8ba5c45aec1095bb7 - - default default] 10.0.0.153 "GET /v2.0/ports?device_id=d3f809b4-07cb-4b12-914c-5b6a81ba3955 HTTP/1.1" status: 200 len: 1174 time: 0.2365096
2026-06-28 21:06:28.878 8 INFO neutron.wsgi [req-2b39ba34-57ae-45a6-99d2-82f3cf328cfd req-216cb098-6957-4f95-a9ef-8af87bb3cd11 49a5e9e6e618450fa43ff5695b451e47 b0cef0222f174c2bbadfbbd1637fd704 - - default default] 10.0.0.153 "GET /v2.0/ports?device_id=24314a33-e266-4cd6-a40f-400dbc043961 HTTP/1.1" status: 200 len: 1170 time: 0.2428660
2026-06-28 21:06:28.880 8 INFO neutron.db.ovn_revision_numbers_db [None req-78adc772-777b-4d1b-98e4-77f47eae4bbb 1f76fca7ec8c4fd987f68aa1685dda73 901a62e3e689480c8fc4a52277b53200 - - default default] Successfully bumped revision number for resource cffe3d3f-5b21-4b9b-986e-6f9adf6a997f (type: security_group_rules) to 0
2026-06-28 21:06:28.947 8 INFO neutron.wsgi [None req-78adc772-777b-4d1b-98e4-77f47eae4bbb 1f76fca7ec8c4fd987f68aa1685dda73 901a62e3e689480c8fc4a52277b53200 - - default default] 10.0.0.131 "POST /v2.0/security-group-rules HTTP/1.1" status: 201 len: 769 time: 0.6169248
2026-06-28 21:06:28.962 8 INFO neutron.wsgi [req-77100d8a-9d33-4faf-ac1e-ab596aab5cc6 req-2eaa9d06-77c4-40a6-811c-1b064058f5f0 56b671ce7012458a87999ac7a543802f 252486220d174bf8ba5c45aec1095bb7 - - default default] 10.0.0.153 "GET /v2.0/security-groups?id=68161614-0f2a-446a-8238-aec298551ff1&fields=id&fields=name HTTP/1.1" status: 200 len: 313 time: 0.0793753
2026-06-28 21:06:28.969 8 INFO neutron.wsgi [req-2b39ba34-57ae-45a6-99d2-82f3cf328cfd req-5bf4749a-0f4e-4859-911f-2d4b1d9eda8c 49a5e9e6e618450fa43ff5695b451e47 b0cef0222f174c2bbadfbbd1637fd704 - - default default] 10.0.0.153 "GET /v2.0/security-groups?id=0d5793ad-5aeb-4dea-adb2-09f5ad693241&fields=id&fields=name HTTP/1.1" status: 200 len: 313 time: 0.0825484
2026-06-28 21:06:28.979 8 INFO neutron.wsgi [None req-a2259476-6e79-478d-8028-f57c8ce5a3da 7ce99a38adbf44dea1546587a3280700 ef3cff4f372848748245027e5e1fec4f - - default default] 10.0.0.4 "GET /v2.0/security-groups HTTP/1.1" status: 200 len: 38878 time: 0.1326892
2026-06-28 21:06:29.060 8 INFO neutron.wsgi [None req-547bbab9-18dd-4daf-9f16-e2720aaba504 7ce99a38adbf44dea1546587a3280700 ef3cff4f372848748245027e5e1fec4f - - default default] 10.0.0.4 "GET /v2.0/ports HTTP/1.1" status: 200 len: 22640 time: 0.0626450
2026-06-28 21:06:29.103 8 INFO neutron.wsgi [None req-b3af454a-06bc-4002-83b6-6756ebffcfd6 7ce99a38adbf44dea1546587a3280700 ef3cff4f372848748245027e5e1fec4f - - default default] 10.0.0.4 "GET /v2.0/agents HTTP/1.1" status: 200 len: 997 time: 0.0279081
2026-06-28 21:06:29.148 8 INFO neutron.wsgi [req-9e48e212-3112-4f16-9470-6d11099c8c76 req-d0078dbe-b157-4775-94ea-7081614ecd86 49a5e9e6e618450fa43ff5695b451e47 b0cef0222f174c2bbadfbbd1637fd704 - - default default] 10.0.0.153 "GET /v2.0/ports?device_id=24314a33-e266-4cd6-a40f-400dbc043961 HTTP/1.1" status: 200 len: 1170 time: 0.0652580
2026-06-28 21:06:29.156 8 INFO neutron.wsgi [req-8864078e-effa-4504-a483-ddb789e06ba7 req-14754ef1-4b93-4dc7-a803-9d17a6c594de 56b671ce7012458a87999ac7a543802f 252486220d174bf8ba5c45aec1095bb7 - - default default] 10.0.0.153 "GET /v2.0/ports?device_id=d3f809b4-07cb-4b12-914c-5b6a81ba3955 HTTP/1.1" status: 200 len: 1174 time: 0.0724330
2026-06-28 21:06:29.180 8 INFO neutron.wsgi [None req-5561daef-da03-4ffe-ac7f-b0dc12ea71f8 7ce99a38adbf44dea1546587a3280700 ef3cff4f372848748245027e5e1fec4f - - default default] 10.0.0.4 "GET /v2.0/subnets HTTP/1.1" status: 200 len: 4068 time: 0.0676687
2026-06-28 21:06:29.209 8 INFO neutron.wsgi [None req-d8dda0f1-9a05-4f82-873e-b7bdcfe51eb2 7ce99a38adbf44dea1546587a3280700 ef3cff4f372848748245027e5e1fec4f - - default default] 10.0.0.4 "GET /v2.0/subnetpools HTTP/1.1" status: 200 len: 193 time: 0.0105910
2026-06-28 21:06:29.249 8 INFO neutron.notifiers.nova [-] Nova event matching ['req-b5af27d2-9c2f-46fc-bc38-5665358793f6'] response: {'server_uuid': 'd3f809b4-07cb-4b12-914c-5b6a81ba3955', 'name': 'network-vif-plugged', 'status': 'completed', 'tag': '98ac2381-ea58-4fb8-9d15-3b61dc404a3b', 'code': 200}
2026-06-28 21:06:29.262 8 INFO neutron.wsgi [None req-40e2b321-dabb-40a9-b2f6-4615f3219c56 7ce99a38adbf44dea1546587a3280700 ef3cff4f372848748245027e5e1fec4f - - default default] 10.0.0.4 "GET /v2.0/floatingips HTTP/1.1" status: 200 len: 1269 time: 0.0508115
2026-06-28 21:06:29.439 9 INFO neutron.notifiers.nova [-] Nova event matching ['req-02e5ad0e-b21e-462b-a556-49dd7aa7118d'] response: {'server_uuid': '24314a33-e266-4cd6-a40f-400dbc043961', 'name': 'network-vif-plugged', 'status': 'completed', 'tag': 'f1a4d86e-779e-45eb-bad0-93dff386e6b7', 'code': 200}
2026-06-28 21:06:29.482 8 INFO neutron.db.l3_db [None req-7fbf6a11-9cbe-4578-acc1-8d964611b1db 49a5e9e6e618450fa43ff5695b451e47 b0cef0222f174c2bbadfbbd1637fd704 - - default default] Floating IP 22e92c97-0b0b-41e7-93f9-1be4bb7365f7 associated. External IP: 10.96.250.214, port: f1a4d86e-779e-45eb-bad0-93dff386e6b7.
2026-06-28 21:06:29.538 9 WARNING neutron.scheduler.dhcp_agent_scheduler [None req-bdf1a744-fc69-4d70-8f52-e48d05ba11b3 282603cdba6043dea337ec1d8398f454 72159362b122491d82b056bafe7e444f - - default default] No more DHCP agents
2026-06-28 21:06:29.545 9 WARNING neutron.api.rpc.agentnotifiers.dhcp_rpc_agent_api [None req-bdf1a744-fc69-4d70-8f52-e48d05ba11b3 282603cdba6043dea337ec1d8398f454 72159362b122491d82b056bafe7e444f - - default default] Unable to schedule network 58ee145c-34ab-4f5b-bce6-9aed3f94978e: no agents available; will retry on subsequent port and subnet creation events.
2026-06-28 21:06:29.633 9 WARNING neutron.scheduler.dhcp_agent_scheduler [None req-ae106b48-f9b6-4da3-84cc-f77da626fb0c 1f76fca7ec8c4fd987f68aa1685dda73 901a62e3e689480c8fc4a52277b53200 - - default default] No more DHCP agents
2026-06-28 21:06:29.642 9 WARNING neutron.api.rpc.agentnotifiers.dhcp_rpc_agent_api [None req-ae106b48-f9b6-4da3-84cc-f77da626fb0c 1f76fca7ec8c4fd987f68aa1685dda73 901a62e3e689480c8fc4a52277b53200 - - default default] Unable to schedule network 58ee145c-34ab-4f5b-bce6-9aed3f94978e: no agents available; will retry on subsequent port and subnet creation events.
2026-06-28 21:06:29.690 8 INFO neutron.db.ovn_revision_numbers_db [None req-7fbf6a11-9cbe-4578-acc1-8d964611b1db 49a5e9e6e618450fa43ff5695b451e47 b0cef0222f174c2bbadfbbd1637fd704 - - default default] Successfully bumped revision number for resource 22e92c97-0b0b-41e7-93f9-1be4bb7365f7 (type: floatingips) to 1
2026-06-28 21:06:29.795 8 INFO neutron.db.ovn_revision_numbers_db [None req-7fbf6a11-9cbe-4578-acc1-8d964611b1db 49a5e9e6e618450fa43ff5695b451e47 b0cef0222f174c2bbadfbbd1637fd704 - - default default] Successfully bumped revision number for resource 22e92c97-0b0b-41e7-93f9-1be4bb7365f7 (type: floatingips) to 2
2026-06-28 21:06:29.803 9 INFO neutron.db.l3_db [None req-73a88775-62fd-48fa-bf0f-1c4492e2cd9a 56b671ce7012458a87999ac7a543802f 252486220d174bf8ba5c45aec1095bb7 - - default default] Floating IP b23ab9cb-cb12-4afa-9c21-dae06b9fb07a associated. External IP: 10.96.250.218, port: 98ac2381-ea58-4fb8-9d15-3b61dc404a3b.
2026-06-28 21:06:29.821 8 INFO neutron.wsgi [None req-7fbf6a11-9cbe-4578-acc1-8d964611b1db 49a5e9e6e618450fa43ff5695b451e47 b0cef0222f174c2bbadfbbd1637fd704 - - default default] 10.0.0.131 "PUT /v2.0/floatingips/22e92c97-0b0b-41e7-93f9-1be4bb7365f7 HTTP/1.1" status: 200 len: 1049 time: 0.6618807
2026-06-28 21:06:30.052 8 INFO neutron.wsgi [req-261ebe33-5f63-40ec-8b81-511cba7cff0f req-b2b1c38e-f877-49e9-bfe5-e870b39778bc 49a5e9e6e618450fa43ff5695b451e47 b0cef0222f174c2bbadfbbd1637fd704 - - default default] 10.0.0.153 "GET /v2.0/ports?device_id=24314a33-e266-4cd6-a40f-400dbc043961 HTTP/1.1" status: 200 len: 1170 time: 0.1848402
2026-06-28 21:06:30.104 8 INFO neutron.wsgi [req-261ebe33-5f63-40ec-8b81-511cba7cff0f req-6dbff683-c434-4317-854b-bdd77ce51b2f 49a5e9e6e618450fa43ff5695b451e47 b0cef0222f174c2bbadfbbd1637fd704 - - default default] 10.0.0.153 "GET /v2.0/security-groups?id=0d5793ad-5aeb-4dea-adb2-09f5ad693241&fields=id&fields=name HTTP/1.1" status: 200 len: 313 time: 0.0412345
2026-06-28 21:06:30.164 9 INFO neutron.db.ovn_revision_numbers_db [None req-73a88775-62fd-48fa-bf0f-1c4492e2cd9a 56b671ce7012458a87999ac7a543802f 252486220d174bf8ba5c45aec1095bb7 - - default default] Successfully bumped revision number for resource b23ab9cb-cb12-4afa-9c21-dae06b9fb07a (type: floatingips) to 1
2026-06-28 21:06:30.463 9 INFO neutron.db.ovn_revision_numbers_db [None req-bdf1a744-fc69-4d70-8f52-e48d05ba11b3 282603cdba6043dea337ec1d8398f454 72159362b122491d82b056bafe7e444f - - default default] Successfully bumped revision number for resource 450ff3c9-26b2-4a64-8daf-1ce66395dd7f (type: floatingips) to 0
2026-06-28 21:06:30.473 8 INFO neutron.wsgi [req-af9d2cbb-1d28-4999-b342-5ead01428b11 req-487f2a75-accf-4c69-9274-8bc2fc64dc43 49a5e9e6e618450fa43ff5695b451e47 b0cef0222f174c2bbadfbbd1637fd704 - - default default] 10.0.0.153 "GET /v2.0/ports?device_id=24314a33-e266-4cd6-a40f-400dbc043961 HTTP/1.1" status: 200 len: 1170 time: 0.0483985
2026-06-28 21:06:30.513 9 INFO neutron.wsgi [None req-bdf1a744-fc69-4d70-8f52-e48d05ba11b3 282603cdba6043dea337ec1d8398f454 72159362b122491d82b056bafe7e444f - - default default] 10.0.0.131 "POST /v2.0/floatingips HTTP/1.1" status: 201 len: 751 time: 1.6399016
2026-06-28 21:06:30.531 9 INFO neutron.db.ovn_revision_numbers_db [None req-73a88775-62fd-48fa-bf0f-1c4492e2cd9a 56b671ce7012458a87999ac7a543802f 252486220d174bf8ba5c45aec1095bb7 - - default default] Successfully bumped revision number for resource b23ab9cb-cb12-4afa-9c21-dae06b9fb07a (type: floatingips) to 2
2026-06-28 21:06:30.531 8 INFO neutron.wsgi [req-af9d2cbb-1d28-4999-b342-5ead01428b11 req-63f4ebe2-e391-4e28-908e-bd7de6c6b124 49a5e9e6e618450fa43ff5695b451e47 b0cef0222f174c2bbadfbbd1637fd704 - - default default] 10.0.0.153 "GET /v2.0/security-groups?id=0d5793ad-5aeb-4dea-adb2-09f5ad693241&fields=id&fields=name HTTP/1.1" status: 200 len: 313 time: 0.0536926
2026-06-28 21:06:30.534 9 INFO neutron.db.ovn_revision_numbers_db [None req-ae106b48-f9b6-4da3-84cc-f77da626fb0c 1f76fca7ec8c4fd987f68aa1685dda73 901a62e3e689480c8fc4a52277b53200 - - default default] Successfully bumped revision number for resource 8dfc7ca8-c9de-4b81-870c-0d71ca0a5e79 (type: floatingips) to 0
2026-06-28 21:06:30.585 9 INFO neutron.wsgi [None req-73a88775-62fd-48fa-bf0f-1c4492e2cd9a 56b671ce7012458a87999ac7a543802f 252486220d174bf8ba5c45aec1095bb7 - - default default] 10.0.0.131 "PUT /v2.0/floatingips/b23ab9cb-cb12-4afa-9c21-dae06b9fb07a HTTP/1.1" status: 200 len: 1050 time: 1.4113069
2026-06-28 21:06:30.588 9 INFO neutron.wsgi [None req-ae106b48-f9b6-4da3-84cc-f77da626fb0c 1f76fca7ec8c4fd987f68aa1685dda73 901a62e3e689480c8fc4a52277b53200 - - default default] 10.0.0.131 "POST /v2.0/floatingips HTTP/1.1" status: 201 len: 751 time: 1.6363099
2026-06-28 21:06:30.700 8 INFO neutron.wsgi [req-414668d4-c737-471d-be27-e5998ed1c993 req-aa7438a1-2c70-4d6b-9166-4619c2d512cd 56b671ce7012458a87999ac7a543802f 252486220d174bf8ba5c45aec1095bb7 - - default default] 10.0.0.153 "GET /v2.0/ports?device_id=d3f809b4-07cb-4b12-914c-5b6a81ba3955 HTTP/1.1" status: 200 len: 1174 time: 0.0416355
2026-06-28 21:06:30.747 8 INFO neutron.wsgi [req-414668d4-c737-471d-be27-e5998ed1c993 req-be95ab67-1dc5-4fea-828c-236055a098a7 56b671ce7012458a87999ac7a543802f 252486220d174bf8ba5c45aec1095bb7 - - default default] 10.0.0.153 "GET /v2.0/security-groups?id=68161614-0f2a-446a-8238-aec298551ff1&fields=id&fields=name HTTP/1.1" status: 200 len: 313 time: 0.0417027
2026-06-28 21:06:30.813 8 INFO neutron.wsgi [req-1852e518-c2be-48de-a6f4-1b3cf914e84e req-d672eac7-baa6-45bf-b772-757ae424274c 49a5e9e6e618450fa43ff5695b451e47 b0cef0222f174c2bbadfbbd1637fd704 - - default default] 199.204.45.23 "GET /v2.0/ports?device_id=24314a33-e266-4cd6-a40f-400dbc043961 HTTP/1.1" status: 200 len: 1170 time: 0.0337906
2026-06-28 21:06:30.943 8 INFO neutron.wsgi [req-d13e0cea-85b5-477f-979c-b1bb62ec92b8 req-38bc31f1-47dd-4833-a5e9-75cd16e26798 282603cdba6043dea337ec1d8398f454 72159362b122491d82b056bafe7e444f - - default default] 10.0.0.153 "GET /v2.0/security-groups?name=tempest-securitygroup--1603757005&fields=id&tenant_id=72159362b122491d82b056bafe7e444f HTTP/1.1" status: 200 len: 267 time: 0.0359457
2026-06-28 21:06:31.091 8 INFO neutron.wsgi [req-d13e0cea-85b5-477f-979c-b1bb62ec92b8 req-4e30d2c6-b9ab-4665-b91f-bf64bf1ebb6f 282603cdba6043dea337ec1d8398f454 72159362b122491d82b056bafe7e444f - - default default] 10.0.0.153 "GET /v2.0/networks?id=0b40e98c-57dd-44e7-8dce-a6152cdfc245 HTTP/1.1" status: 200 len: 874 time: 0.1345584
2026-06-28 21:06:31.126 8 INFO neutron.wsgi [req-d13e0cea-85b5-477f-979c-b1bb62ec92b8 req-c3a88763-8324-4de2-95bd-78dc07cb8020 282603cdba6043dea337ec1d8398f454 72159362b122491d82b056bafe7e444f - - default default] 10.0.0.153 "GET /v2.0/quotas/72159362b122491d82b056bafe7e444f HTTP/1.1" status: 200 len: 386 time: 0.0275288
2026-06-28 21:06:31.166 8 INFO neutron.wsgi [req-480bde74-8988-48b1-9f2d-89521821854f req-c50f4478-5499-4143-939d-742d86a3e59b 1f76fca7ec8c4fd987f68aa1685dda73 901a62e3e689480c8fc4a52277b53200 - - default default] 10.0.0.153 "GET /v2.0/security-groups?name=tempest-securitygroup--2139936018&fields=id&tenant_id=901a62e3e689480c8fc4a52277b53200 HTTP/1.1" status: 200 len: 267 time: 0.1176293
