2026-06-28 21:08:51.430 9 INFO neutron.wsgi [req-d5a5e1b5-fca0-445c-8748-85317f5b02ac req-3587eda9-957e-4ec0-8984-efbd1d437f3b 36f3734ae2ec44bd8b9605f0058b527c 0aed039f2077440182e826c763bd79db - - default default] 199.204.45.23 "GET /v2.0/ports?device_id=78f9da82-4313-438f-90f4-9f2afe02edfc HTTP/1.1" status: 200 len: 1172 time: 0.1419485
2026-06-28 21:08:51.527 8 INFO neutron.wsgi [None req-135955f0-f904-45f1-a6d9-8392504a0384 7ce99a38adbf44dea1546587a3280700 ef3cff4f372848748245027e5e1fec4f - - default default] 10.0.0.131 "DELETE /v2.0/security-groups/fc98fdc0-e713-45c6-98cb-856f49eccad2 HTTP/1.1" status: 204 len: 168 time: 0.2310543
2026-06-28 21:08:51.574 9 INFO neutron.wsgi [None req-e0fe82eb-d0ae-4685-b6dc-aebf3a8ac19e 7ce99a38adbf44dea1546587a3280700 ef3cff4f372848748245027e5e1fec4f - - default default] 10.0.0.131 "DELETE /v2.0/subnets/c9c205a6-42a3-407c-ba55-7787f2027b60 HTTP/1.1" status: 204 len: 168 time: 0.3052669
2026-06-28 21:08:51.734 9 INFO neutron.wsgi [req-d5a5e1b5-fca0-445c-8748-85317f5b02ac req-b31d14cd-2e91-45cf-bf65-f75eaabff63c 36f3734ae2ec44bd8b9605f0058b527c 0aed039f2077440182e826c763bd79db - - default default] 199.204.45.23 "DELETE /v2.0/ports/668af48b-0d70-4f18-a30e-9892cb00e5dd HTTP/1.1" status: 204 len: 173 time: 0.2965884
2026-06-28 21:08:51.837 8 INFO neutron.db.ovn_revision_numbers_db [None req-1cdb9ee3-6973-4abd-a33c-5382e7a73337 7ce99a38adbf44dea1546587a3280700 ef3cff4f372848748245027e5e1fec4f - - default default] Successfully bumped revision number for resource ae31eb8d-3744-4e7b-8b22-1b9969d0398c (type: security_groups) to 1
2026-06-28 21:08:51.861 8 INFO neutron.db.ovn_revision_numbers_db [None req-1cdb9ee3-6973-4abd-a33c-5382e7a73337 7ce99a38adbf44dea1546587a3280700 ef3cff4f372848748245027e5e1fec4f - - default default] Successfully bumped revision number for resource 51abd2ae-ed9e-4e82-bdf1-0e6540fc77d6 (type: security_group_rules) to 0
2026-06-28 21:08:51.891 8 INFO neutron.db.ovn_revision_numbers_db [None req-1cdb9ee3-6973-4abd-a33c-5382e7a73337 7ce99a38adbf44dea1546587a3280700 ef3cff4f372848748245027e5e1fec4f - - default default] Successfully bumped revision number for resource 6161561b-955d-4b1b-87f6-45b1e42c79a3 (type: security_group_rules) to 0
2026-06-28 21:08:51.914 8 INFO neutron.db.ovn_revision_numbers_db [None req-1cdb9ee3-6973-4abd-a33c-5382e7a73337 7ce99a38adbf44dea1546587a3280700 ef3cff4f372848748245027e5e1fec4f - - default default] Successfully bumped revision number for resource ba47e6d6-d46d-433f-8b76-50e2ca1fb48d (type: security_group_rules) to 0
2026-06-28 21:08:51.934 8 INFO neutron.db.ovn_revision_numbers_db [None req-1cdb9ee3-6973-4abd-a33c-5382e7a73337 7ce99a38adbf44dea1546587a3280700 ef3cff4f372848748245027e5e1fec4f - - default default] Successfully bumped revision number for resource e5cac431-5428-4a70-b3bd-e594e7c780ac (type: security_group_rules) to 0
2026-06-28 21:08:51.976 8 INFO neutron.services.segments.plugin [-] Segment 8a45eaa4-0193-4df4-890e-029c1eb5c481 resource provider aggregate not found
2026-06-28 21:08:51.980 8 INFO neutron.services.segments.plugin [-] Segment 8a45eaa4-0193-4df4-890e-029c1eb5c481 resource provider aggregate not found
2026-06-28 21:08:51.997 8 INFO neutron.wsgi [None req-1cdb9ee3-6973-4abd-a33c-5382e7a73337 7ce99a38adbf44dea1546587a3280700 ef3cff4f372848748245027e5e1fec4f - - default default] 10.0.0.131 "GET /v2.0/security-groups?tenant_id=cfcd26c087f14da8af814c08de0f0699&name=default HTTP/1.1" status: 200 len: 2996 time: 0.3305144
2026-06-28 21:08:51.998 8 INFO neutron.services.segments.plugin [-] Segment 8a45eaa4-0193-4df4-890e-029c1eb5c481 resource provider not found; error: Placement Client Error (4xx): {"errors": [{"status": 404, "title": "Not Found", "detail": "The resource could not be found.\n\n No resource provider with uuid 8a45eaa4-0193-4df4-890e-029c1eb5c481 found for delete ", "request_id": "req-408f9d42-9e7f-4534-b274-6dd5aa8a6698"}]}
2026-06-28 21:08:51.999 8 INFO neutron.services.segments.plugin [-] Segment 8a45eaa4-0193-4df4-890e-029c1eb5c481 resource provider not found; error: Placement Client Error (4xx): {"errors": [{"status": 404, "title": "Not Found", "detail": "The resource could not be found.\n\n No resource provider with uuid 8a45eaa4-0193-4df4-890e-029c1eb5c481 found for delete ", "request_id": "req-f8cd77a1-b1c6-4f60-a506-484be7920aa5"}]}
2026-06-28 21:08:52.030 8 INFO neutron.wsgi [None req-60e7a23a-4265-4886-b08a-5cad64fdfa0d 7ce99a38adbf44dea1546587a3280700 ef3cff4f372848748245027e5e1fec4f - - default default] 10.0.0.131 "DELETE /v2.0/networks/1c40f91d-0bd1-4dda-83b9-540a9a0e7368 HTTP/1.1" status: 204 len: 168 time: 0.4501560 /var/lib/openstack/lib/python3.10/site-packages/pycadf/identifier.py:71: UserWarning: Invalid uuid: neutron. To ensure interoperability, identifiers should be a valid uuid. warnings.warn(('Invalid uuid: %s. To ensure interoperability, '
2026-06-28 21:08:52.222 8 INFO neutron.wsgi [None req-6254bff2-a6e8-4ac1-afc9-ce3901756b8d 7ce99a38adbf44dea1546587a3280700 ef3cff4f372848748245027e5e1fec4f - - default default] 10.0.0.131 "DELETE /v2.0/security-groups/ae31eb8d-3744-4e7b-8b22-1b9969d0398c HTTP/1.1" status: 204 len: 168 time: 0.2203534
2026-06-28 21:08:53.007 9 INFO neutron.wsgi [None req-a6725e09-6fdf-4661-abdf-fd4ac3009865 7ce99a38adbf44dea1546587a3280700 ef3cff4f372848748245027e5e1fec4f - - default default] 10.0.0.131 "PUT /v2.0/routers/37be24ea-fe55-4ab6-96cf-665ebcb57b7a/remove_router_interface HTTP/1.1" status: 200 len: 503 time: 0.9662280 /var/lib/openstack/lib/python3.10/site-packages/pycadf/identifier.py:71: UserWarning: Invalid uuid: neutron. To ensure interoperability, identifiers should be a valid uuid. warnings.warn(('Invalid uuid: %s. To ensure interoperability, '
2026-06-28 21:08:53.172 9 INFO neutron.notifiers.nova [-] Nova event matching ['req-1ef97246-db24-4826-88b7-4285b3cf00ff'] response: {'server_uuid': '78f9da82-4313-438f-90f4-9f2afe02edfc', 'name': 'network-vif-plugged', 'status': 'completed', 'tag': '668af48b-0d70-4f18-a30e-9892cb00e5dd', 'code': 200}
2026-06-28 21:08:53.172 9 INFO neutron.notifiers.nova [-] Nova event matching ['req-1ef97246-db24-4826-88b7-4285b3cf00ff'] response: {'server_uuid': '78f9da82-4313-438f-90f4-9f2afe02edfc', 'name': 'network-vif-deleted', 'tag': '668af48b-0d70-4f18-a30e-9892cb00e5dd', 'status': 'completed', 'code': 200}
2026-06-28 21:08:53.285 8 INFO neutron.wsgi [-] 10.0.0.157 "GET / HTTP/1.1" status: 200 len: 246 time: 0.0017374
2026-06-28 21:08:53.287 8 INFO neutron.wsgi [-] 10.0.0.157 "GET / HTTP/1.1" status: 200 len: 246 time: 0.0013087
2026-06-28 21:08:53.569 9 INFO neutron.wsgi [None req-62195761-b2a1-4276-b6ce-e73160331305 7ce99a38adbf44dea1546587a3280700 ef3cff4f372848748245027e5e1fec4f - - default default] 10.0.0.131 "DELETE /v2.0/routers/37be24ea-fe55-4ab6-96cf-665ebcb57b7a HTTP/1.1" status: 204 len: 168 time: 0.5562520
2026-06-28 21:08:53.769 9 INFO neutron.wsgi [None req-2ac1b95c-19e4-4d24-8787-f3d0758af391 7ce99a38adbf44dea1546587a3280700 ef3cff4f372848748245027e5e1fec4f - - default default] 10.0.0.131 "DELETE /v2.0/subnets/960b60e5-0e21-453a-a242-cfcab497a98d HTTP/1.1" status: 204 len: 168 time: 0.1944091
2026-06-28 21:08:54.120 9 INFO neutron.services.segments.plugin [-] Segment aa29d4d9-92c0-4be8-9404-2494f2e47801 resource provider aggregate not found
2026-06-28 21:08:54.128 9 INFO neutron.services.segments.plugin [-] Segment aa29d4d9-92c0-4be8-9404-2494f2e47801 resource provider aggregate not found
2026-06-28 21:08:54.148 9 INFO neutron.services.segments.plugin [-] Segment aa29d4d9-92c0-4be8-9404-2494f2e47801 resource provider not found; error: Placement Client Error (4xx): {"errors": [{"status": 404, "title": "Not Found", "detail": "The resource could not be found.\n\n No resource provider with uuid aa29d4d9-92c0-4be8-9404-2494f2e47801 found for delete ", "request_id": "req-6f019f31-608c-46f5-8671-30cf8fbabc87"}]}
2026-06-28 21:08:54.155 9 INFO neutron.services.segments.plugin [-] Segment aa29d4d9-92c0-4be8-9404-2494f2e47801 resource provider not found; error: Placement Client Error (4xx): {"errors": [{"status": 404, "title": "Not Found", "detail": "The resource could not be found.\n\n No resource provider with uuid aa29d4d9-92c0-4be8-9404-2494f2e47801 found for delete ", "request_id": "req-3ea631d7-5e63-4431-b197-098deaab2ea8"}]}
2026-06-28 21:08:54.186 9 INFO neutron.wsgi [None req-f79e6a6d-d6f8-4a50-b6e3-a63b6c5323c3 7ce99a38adbf44dea1546587a3280700 ef3cff4f372848748245027e5e1fec4f - - default default] 10.0.0.131 "DELETE /v2.0/networks/599f22b5-5d9e-4c46-89a6-a57f5d45e5bb HTTP/1.1" status: 204 len: 168 time: 0.4053860
2026-06-28 21:08:54.242 8 INFO neutron.wsgi [None req-dd57b0da-3a0c-4b24-bf63-585b4ac6686b 7ce99a38adbf44dea1546587a3280700 ef3cff4f372848748245027e5e1fec4f - - default default] 10.0.0.131 "PUT /v2.0/routers/e57efbb5-37c5-4cc2-9e40-fd72083fd29b/remove_router_interface HTTP/1.1" status: 200 len: 503 time: 0.9119647 /var/lib/openstack/lib/python3.10/site-packages/pycadf/identifier.py:71: UserWarning: Invalid uuid: neutron. To ensure interoperability, identifiers should be a valid uuid. warnings.warn(('Invalid uuid: %s. To ensure interoperability, '
2026-06-28 21:08:54.562 8 INFO neutron.wsgi [None req-0e1cefb1-022c-46f1-b353-cb5130e76e29 7ce99a38adbf44dea1546587a3280700 ef3cff4f372848748245027e5e1fec4f - - default default] 10.0.0.131 "GET /v2.0/security-groups?tenant_id=9f4c52b306d24be6b4904f53851696e7&name=default HTTP/1.1" status: 200 len: 2996 time: 0.0512402
2026-06-28 21:08:54.791 9 INFO neutron.db.ovn_revision_numbers_db [None req-9309108a-b179-4b28-9175-9f439c186ed6 8655ffda1fe24436b4d687ba43242316 dcc8566f40e144a29fdba57dd8f77574 - - default default] Successfully bumped revision number for resource 4c915954-354e-4aa6-9f51-bb4ca91eb900 (type: security_groups) to 1
2026-06-28 21:08:54.804 9 INFO neutron.db.ovn_revision_numbers_db [None req-9309108a-b179-4b28-9175-9f439c186ed6 8655ffda1fe24436b4d687ba43242316 dcc8566f40e144a29fdba57dd8f77574 - - default default] Successfully bumped revision number for resource 0d2a2bcb-aca7-43e1-931e-2624578545df (type: security_group_rules) to 0
2026-06-28 21:08:54.818 9 INFO neutron.db.ovn_revision_numbers_db [None req-9309108a-b179-4b28-9175-9f439c186ed6 8655ffda1fe24436b4d687ba43242316 dcc8566f40e144a29fdba57dd8f77574 - - default default] Successfully bumped revision number for resource 1bc2ae60-bcdd-4c49-8733-94cf492e8b40 (type: security_group_rules) to 0
2026-06-28 21:08:54.834 9 INFO neutron.db.ovn_revision_numbers_db [None req-9309108a-b179-4b28-9175-9f439c186ed6 8655ffda1fe24436b4d687ba43242316 dcc8566f40e144a29fdba57dd8f77574 - - default default] Successfully bumped revision number for resource 83af1b90-8235-4633-8cc4-7afbbeef58b8 (type: security_group_rules) to 0
2026-06-28 21:08:54.850 9 INFO neutron.db.ovn_revision_numbers_db [None req-9309108a-b179-4b28-9175-9f439c186ed6 8655ffda1fe24436b4d687ba43242316 dcc8566f40e144a29fdba57dd8f77574 - - default default] Successfully bumped revision number for resource eeb4c910-41b7-4ca7-b6c5-63728ebff78c (type: security_group_rules) to 0
2026-06-28 21:08:54.864 8 INFO neutron.wsgi [None req-1da0d48b-321f-433a-a202-8d50ae38287e 7ce99a38adbf44dea1546587a3280700 ef3cff4f372848748245027e5e1fec4f - - default default] 10.0.0.131 "DELETE /v2.0/routers/e57efbb5-37c5-4cc2-9e40-fd72083fd29b HTTP/1.1" status: 204 len: 168 time: 0.6172500
2026-06-28 21:08:54.901 9 INFO neutron.db.segments_db [None req-9309108a-b179-4b28-9175-9f439c186ed6 8655ffda1fe24436b4d687ba43242316 dcc8566f40e144a29fdba57dd8f77574 - - default default] Added segment 38c05bb8-ddd4-4ead-8a5b-047ea80ad707 of type geneve for network 6cca99d3-858c-4b7f-b826-b1f2ed6de9a8
2026-06-28 21:08:55.039 9 INFO neutron.wsgi [None req-014c31b6-6c71-4d86-a528-6b9bbf7145b4 7ce99a38adbf44dea1546587a3280700 ef3cff4f372848748245027e5e1fec4f - - default default] 10.0.0.131 "DELETE /v2.0/security-groups/6b18a5dd-a616-4d87-9c77-6b73e9dff205 HTTP/1.1" status: 204 len: 168 time: 0.4676840
2026-06-28 21:08:55.044 9 INFO neutron.db.ovn_revision_numbers_db [None req-9309108a-b179-4b28-9175-9f439c186ed6 8655ffda1fe24436b4d687ba43242316 dcc8566f40e144a29fdba57dd8f77574 - - default default] Successfully bumped revision number for resource 6cca99d3-858c-4b7f-b826-b1f2ed6de9a8 (type: networks) to 1
2026-06-28 21:08:55.061 8 INFO neutron.wsgi [None req-e4d8cfe6-2b60-4cb2-855a-893cce003e4b 7ce99a38adbf44dea1546587a3280700 ef3cff4f372848748245027e5e1fec4f - - default default] 10.0.0.131 "DELETE /v2.0/subnets/a8a795ea-ce70-4b24-af3b-93ee34f3cb68 HTTP/1.1" status: 204 len: 168 time: 0.1912446
2026-06-28 21:08:55.238 9 WARNING neutron.scheduler.dhcp_agent_scheduler [None req-9309108a-b179-4b28-9175-9f439c186ed6 8655ffda1fe24436b4d687ba43242316 dcc8566f40e144a29fdba57dd8f77574 - - default default] No more DHCP agents
2026-06-28 21:08:55.245 9 WARNING neutron.api.rpc.agentnotifiers.dhcp_rpc_agent_api [None req-9309108a-b179-4b28-9175-9f439c186ed6 8655ffda1fe24436b4d687ba43242316 dcc8566f40e144a29fdba57dd8f77574 - - default default] Unable to schedule network 6cca99d3-858c-4b7f-b826-b1f2ed6de9a8: no agents available; will retry on subsequent port and subnet creation events.
2026-06-28 21:08:55.256 9 INFO neutron.wsgi [None req-a61279e4-44ef-415c-979d-673ab25b22ca 7ce99a38adbf44dea1546587a3280700 ef3cff4f372848748245027e5e1fec4f - - default default] 10.0.0.131 "GET /v2.0/security-groups?tenant_id=68add6b179f34f2481beeb1de5d6bba1&name=default HTTP/1.1" status: 200 len: 2996 time: 0.0535650
2026-06-28 21:08:55.337 9 INFO neutron.db.ovn_revision_numbers_db [None req-9309108a-b179-4b28-9175-9f439c186ed6 8655ffda1fe24436b4d687ba43242316 dcc8566f40e144a29fdba57dd8f77574 - - default default] Successfully bumped revision number for resource f5c67c44-9186-4801-b67c-d89520028e05 (type: ports) to 1
2026-06-28 21:08:55.361 9 INFO neutron.wsgi [None req-9309108a-b179-4b28-9175-9f439c186ed6 8655ffda1fe24436b4d687ba43242316 dcc8566f40e144a29fdba57dd8f77574 - - default default] 10.0.0.131 "POST /v2.0/networks HTTP/1.1" status: 201 len: 830 time: 1.0796771
2026-06-28 21:08:55.413 8 INFO neutron.services.segments.plugin [-] Segment 1a92cc31-d4c3-4f35-a3ce-7c295082fb42 resource provider aggregate not found
2026-06-28 21:08:55.420 8 INFO neutron.services.segments.plugin [-] Segment 1a92cc31-d4c3-4f35-a3ce-7c295082fb42 resource provider aggregate not found
2026-06-28 21:08:55.430 8 INFO neutron.services.segments.plugin [-] Segment 1a92cc31-d4c3-4f35-a3ce-7c295082fb42 resource provider not found; error: Placement Client Error (4xx): {"errors": [{"status": 404, "title": "Not Found", "detail": "The resource could not be found.\n\n No resource provider with uuid 1a92cc31-d4c3-4f35-a3ce-7c295082fb42 found for delete ", "request_id": "req-f6c16a91-85c3-45ea-af2f-879835279f8b"}]}
2026-06-28 21:08:55.435 8 INFO neutron.services.segments.plugin [-] Segment 1a92cc31-d4c3-4f35-a3ce-7c295082fb42 resource provider not found; error: Placement Client Error (4xx): {"errors": [{"status": 404, "title": "Not Found", "detail": "The resource could not be found.\n\n No resource provider with uuid 1a92cc31-d4c3-4f35-a3ce-7c295082fb42 found for delete ", "request_id": "req-24cdc736-4671-4df7-babd-cf676a937264"}]}
2026-06-28 21:08:55.457 8 INFO neutron.wsgi [None req-0d5b70bc-7912-4a83-9803-96bd076a9a88 7ce99a38adbf44dea1546587a3280700 ef3cff4f372848748245027e5e1fec4f - - default default] 10.0.0.131 "DELETE /v2.0/networks/56420aee-5a92-4c70-9756-b095ee3e71e5 HTTP/1.1" status: 204 len: 168 time: 0.3890514
2026-06-28 21:08:55.521 8 INFO neutron.wsgi [None req-128aa1b0-4e0d-4f20-a893-7e4724cf4363 7ce99a38adbf44dea1546587a3280700 ef3cff4f372848748245027e5e1fec4f - - default default] 10.0.0.131 "DELETE /v2.0/security-groups/33f4a837-b361-4d79-89c5-9b5fa52ce5a2 HTTP/1.1" status: 204 len: 168 time: 0.2605021
2026-06-28 21:08:55.622 9 INFO neutron.wsgi [None req-42490c64-9923-4e5c-9be1-1e48169ed21c 7ce99a38adbf44dea1546587a3280700 ef3cff4f372848748245027e5e1fec4f - - default default] 10.0.0.131 "GET /v2.0/security-groups?tenant_id=0aed039f2077440182e826c763bd79db&name=default HTTP/1.1" status: 200 len: 2996 time: 0.0477080
2026-06-28 21:08:55.624 9 WARNING neutron.scheduler.dhcp_agent_scheduler [None req-d0aa5915-5535-4e9e-aeab-57b308e87b01 8655ffda1fe24436b4d687ba43242316 dcc8566f40e144a29fdba57dd8f77574 - - default default] No more DHCP agents
2026-06-28 21:08:55.626 9 WARNING neutron.api.rpc.agentnotifiers.dhcp_rpc_agent_api [None req-d0aa5915-5535-4e9e-aeab-57b308e87b01 8655ffda1fe24436b4d687ba43242316 dcc8566f40e144a29fdba57dd8f77574 - - default default] Unable to schedule network 6cca99d3-858c-4b7f-b826-b1f2ed6de9a8: no agents available; will retry on subsequent port and subnet creation events.
2026-06-28 21:08:55.705 9 INFO neutron.db.ovn_revision_numbers_db [None req-d0aa5915-5535-4e9e-aeab-57b308e87b01 8655ffda1fe24436b4d687ba43242316 dcc8566f40e144a29fdba57dd8f77574 - - default default] Successfully bumped revision number for resource af901348-9720-4d6d-80f0-9eb9d3af2a91 (type: ports) to 1
2026-06-28 21:08:55.728 9 INFO neutron.wsgi [None req-d0aa5915-5535-4e9e-aeab-57b308e87b01 8655ffda1fe24436b4d687ba43242316 dcc8566f40e144a29fdba57dd8f77574 - - default default] 10.0.0.131 "POST /v2.0/ports HTTP/1.1" status: 201 len: 942 time: 0.3625460 /var/lib/openstack/lib/python3.10/site-packages/pycadf/identifier.py:71: UserWarning: Invalid uuid: neutron. To ensure interoperability, identifiers should be a valid uuid. warnings.warn(('Invalid uuid: %s. To ensure interoperability, '
2026-06-28 21:08:55.807 8 INFO neutron.wsgi [None req-baf90e96-91df-4fc4-a1e0-2a49ff39c924 7ce99a38adbf44dea1546587a3280700 ef3cff4f372848748245027e5e1fec4f - - default default] 10.0.0.131 "DELETE /v2.0/security-groups/8efe1875-97d4-4cb5-806f-7e8e2eca4b30 HTTP/1.1" status: 204 len: 168 time: 0.1778483
2026-06-28 21:08:55.811 9 INFO neutron.db.segments_db [None req-d3533ad2-96b0-4fb3-87fc-334668b43e3b 8655ffda1fe24436b4d687ba43242316 dcc8566f40e144a29fdba57dd8f77574 - - default default] Added segment ca824765-37f8-41a1-b25f-33c8fe763c42 of type geneve for network 0e2709d2-d44d-46dc-a695-9ad82a976774
2026-06-28 21:08:55.967 9 INFO neutron.db.ovn_revision_numbers_db [None req-d3533ad2-96b0-4fb3-87fc-334668b43e3b 8655ffda1fe24436b4d687ba43242316 dcc8566f40e144a29fdba57dd8f77574 - - default default] Successfully bumped revision number for resource 0e2709d2-d44d-46dc-a695-9ad82a976774 (type: networks) to 1
2026-06-28 21:08:56.155 9 WARNING neutron.scheduler.dhcp_agent_scheduler [None req-d3533ad2-96b0-4fb3-87fc-334668b43e3b 8655ffda1fe24436b4d687ba43242316 dcc8566f40e144a29fdba57dd8f77574 - - default default] No more DHCP agents
2026-06-28 21:08:56.157 9 WARNING neutron.api.rpc.agentnotifiers.dhcp_rpc_agent_api [None req-d3533ad2-96b0-4fb3-87fc-334668b43e3b 8655ffda1fe24436b4d687ba43242316 dcc8566f40e144a29fdba57dd8f77574 - - default default] Unable to schedule network 0e2709d2-d44d-46dc-a695-9ad82a976774: no agents available; will retry on subsequent port and subnet creation events.
2026-06-28 21:08:56.231 9 INFO neutron.db.ovn_revision_numbers_db [None req-d3533ad2-96b0-4fb3-87fc-334668b43e3b 8655ffda1fe24436b4d687ba43242316 dcc8566f40e144a29fdba57dd8f77574 - - default default] Successfully bumped revision number for resource 9ca43120-9baa-42ac-9cf7-6519579b4c1c (type: ports) to 1
2026-06-28 21:08:56.257 9 INFO neutron.wsgi [None req-d3533ad2-96b0-4fb3-87fc-334668b43e3b 8655ffda1fe24436b4d687ba43242316 dcc8566f40e144a29fdba57dd8f77574 - - default default] 10.0.0.131 "POST /v2.0/networks HTTP/1.1" status: 201 len: 830 time: 0.5239992
2026-06-28 21:08:56.517 9 WARNING neutron.scheduler.dhcp_agent_scheduler [None req-a4d9d8d7-4055-45a0-ada8-afa5951afbbc 8655ffda1fe24436b4d687ba43242316 dcc8566f40e144a29fdba57dd8f77574 - - default default] No more DHCP agents
2026-06-28 21:08:56.518 9 WARNING neutron.api.rpc.agentnotifiers.dhcp_rpc_agent_api [None req-a4d9d8d7-4055-45a0-ada8-afa5951afbbc 8655ffda1fe24436b4d687ba43242316 dcc8566f40e144a29fdba57dd8f77574 - - default default] Unable to schedule network 0e2709d2-d44d-46dc-a695-9ad82a976774: no agents available; will retry on subsequent port and subnet creation events.
2026-06-28 21:08:56.601 9 INFO neutron.db.ovn_revision_numbers_db [None req-a4d9d8d7-4055-45a0-ada8-afa5951afbbc 8655ffda1fe24436b4d687ba43242316 dcc8566f40e144a29fdba57dd8f77574 - - default default] Successfully bumped revision number for resource 5d40fc02-84b7-45e5-b56f-8f7c3ce6f617 (type: ports) to 1
2026-06-28 21:08:56.625 9 INFO neutron.wsgi [None req-a4d9d8d7-4055-45a0-ada8-afa5951afbbc 8655ffda1fe24436b4d687ba43242316 dcc8566f40e144a29fdba57dd8f77574 - - default default] 10.0.0.131 "POST /v2.0/ports HTTP/1.1" status: 201 len: 942 time: 0.3631008 /var/lib/openstack/lib/python3.10/site-packages/pycadf/identifier.py:71: UserWarning: Invalid uuid: neutron. To ensure interoperability, identifiers should be a valid uuid. warnings.warn(('Invalid uuid: %s. To ensure interoperability, '
2026-06-28 21:08:56.728 9 INFO neutron.db.segments_db [None req-0d37d55d-0a25-43ce-8e14-4d6188c2768b 8655ffda1fe24436b4d687ba43242316 dcc8566f40e144a29fdba57dd8f77574 - - default default] Added segment 0f421f41-b25d-4270-94fc-cf7f5c708361 of type geneve for network a5ab6f8b-250e-4212-a52c-1e1d3c646c8e
2026-06-28 21:08:56.884 9 INFO neutron.db.ovn_revision_numbers_db [None req-0d37d55d-0a25-43ce-8e14-4d6188c2768b 8655ffda1fe24436b4d687ba43242316 dcc8566f40e144a29fdba57dd8f77574 - - default default] Successfully bumped revision number for resource a5ab6f8b-250e-4212-a52c-1e1d3c646c8e (type: networks) to 1
2026-06-28 21:08:57.118 9 WARNING neutron.scheduler.dhcp_agent_scheduler [None req-0d37d55d-0a25-43ce-8e14-4d6188c2768b 8655ffda1fe24436b4d687ba43242316 dcc8566f40e144a29fdba57dd8f77574 - - default default] No more DHCP agents
2026-06-28 21:08:57.123 9 WARNING neutron.api.rpc.agentnotifiers.dhcp_rpc_agent_api [None req-0d37d55d-0a25-43ce-8e14-4d6188c2768b 8655ffda1fe24436b4d687ba43242316 dcc8566f40e144a29fdba57dd8f77574 - - default default] Unable to schedule network a5ab6f8b-250e-4212-a52c-1e1d3c646c8e: no agents available; will retry on subsequent port and subnet creation events.
2026-06-28 21:08:57.174 9 INFO neutron.db.ovn_revision_numbers_db [None req-f9043dc7-ef8b-4d62-9297-80814c859201 794e797c370d4603a163b7cd285a01b7 569bf2a7bb434ca18cbabbf987d50405 - - default default] Successfully bumped revision number for resource 7f0315e0-7e33-43c9-bbc0-aa7c26de1419 (type: security_groups) to 1
2026-06-28 21:08:57.193 9 INFO neutron.db.ovn_revision_numbers_db [None req-f9043dc7-ef8b-4d62-9297-80814c859201 794e797c370d4603a163b7cd285a01b7 569bf2a7bb434ca18cbabbf987d50405 - - default default] Successfully bumped revision number for resource 772f31ad-f8b9-4182-9fee-3b2d1fb11319 (type: security_group_rules) to 0
2026-06-28 21:08:57.218 9 INFO neutron.db.ovn_revision_numbers_db [None req-f9043dc7-ef8b-4d62-9297-80814c859201 794e797c370d4603a163b7cd285a01b7 569bf2a7bb434ca18cbabbf987d50405 - - default default] Successfully bumped revision number for resource 786c9091-5113-4d15-8295-e2975eba3c4a (type: security_group_rules) to 0
2026-06-28 21:08:57.227 9 INFO neutron.db.ovn_revision_numbers_db [None req-0d37d55d-0a25-43ce-8e14-4d6188c2768b 8655ffda1fe24436b4d687ba43242316 dcc8566f40e144a29fdba57dd8f77574 - - default default] Successfully bumped revision number for resource 9af41b47-116a-45a1-b849-bceac3adca24 (type: ports) to 1
2026-06-28 21:08:57.237 9 INFO neutron.db.ovn_revision_numbers_db [None req-f9043dc7-ef8b-4d62-9297-80814c859201 794e797c370d4603a163b7cd285a01b7 569bf2a7bb434ca18cbabbf987d50405 - - default default] Successfully bumped revision number for resource b70e864b-7c80-47e9-88cd-c030f7810fe1 (type: security_group_rules) to 0
2026-06-28 21:08:57.249 9 INFO neutron.wsgi [None req-0d37d55d-0a25-43ce-8e14-4d6188c2768b 8655ffda1fe24436b4d687ba43242316 dcc8566f40e144a29fdba57dd8f77574 - - default default] 10.0.0.131 "POST /v2.0/networks HTTP/1.1" status: 201 len: 831 time: 0.6159892
2026-06-28 21:08:57.253 9 INFO neutron.db.ovn_revision_numbers_db [None req-f9043dc7-ef8b-4d62-9297-80814c859201 794e797c370d4603a163b7cd285a01b7 569bf2a7bb434ca18cbabbf987d50405 - - default default] Successfully bumped revision number for resource bf8298ca-238b-4bab-aa3e-427d71ef8054 (type: security_group_rules) to 0
2026-06-28 21:08:57.381 9 INFO neutron.db.ovn_revision_numbers_db [None req-f9043dc7-ef8b-4d62-9297-80814c859201 794e797c370d4603a163b7cd285a01b7 569bf2a7bb434ca18cbabbf987d50405 - - default default] Successfully bumped revision number for resource 1d7eb330-f34c-4cf5-ac8c-b87118854958 (type: security_groups) to 1
2026-06-28 21:08:57.403 9 INFO neutron.db.ovn_revision_numbers_db [None req-f9043dc7-ef8b-4d62-9297-80814c859201 794e797c370d4603a163b7cd285a01b7 569bf2a7bb434ca18cbabbf987d50405 - - default default] Successfully bumped revision number for resource 308f410c-1968-425f-83f5-c20504e03241 (type: security_group_rules) to 0
2026-06-28 21:08:57.422 9 INFO neutron.db.ovn_revision_numbers_db [None req-f9043dc7-ef8b-4d62-9297-80814c859201 794e797c370d4603a163b7cd285a01b7 569bf2a7bb434ca18cbabbf987d50405 - - default default] Successfully bumped revision number for resource 339fd317-0b3d-4b75-94d6-677125fb473f (type: security_group_rules) to 0
2026-06-28 21:08:57.445 9 INFO neutron.wsgi [None req-f9043dc7-ef8b-4d62-9297-80814c859201 794e797c370d4603a163b7cd285a01b7 569bf2a7bb434ca18cbabbf987d50405 - - default default] 10.0.0.131 "POST /v2.0/security-groups HTTP/1.1" status: 201 len: 1737 time: 0.7752075
2026-06-28 21:08:57.554 9 INFO neutron.db.ovn_revision_numbers_db [None req-b766806b-9eb7-4835-a0b0-a22cecd13b1a 794e797c370d4603a163b7cd285a01b7 569bf2a7bb434ca18cbabbf987d50405 - - default default] Successfully bumped revision number for resource 69d84ae2-4a2f-476e-923d-d07646ff2c93 (type: security_groups) to 1
2026-06-28 21:08:57.568 9 INFO neutron.db.ovn_revision_numbers_db [None req-b766806b-9eb7-4835-a0b0-a22cecd13b1a 794e797c370d4603a163b7cd285a01b7 569bf2a7bb434ca18cbabbf987d50405 - - default default] Successfully bumped revision number for resource c6227aa2-5760-4204-961f-e7252ac7434e (type: security_group_rules) to 0
2026-06-28 21:08:57.570 8 WARNING neutron.scheduler.dhcp_agent_scheduler [None req-ad503bc5-e757-4dc0-90a1-041df7982e0d 8655ffda1fe24436b4d687ba43242316 dcc8566f40e144a29fdba57dd8f77574 - - default default] No more DHCP agents
2026-06-28 21:08:57.572 8 WARNING neutron.api.rpc.agentnotifiers.dhcp_rpc_agent_api [None req-ad503bc5-e757-4dc0-90a1-041df7982e0d 8655ffda1fe24436b4d687ba43242316 dcc8566f40e144a29fdba57dd8f77574 - - default default] Unable to schedule network a5ab6f8b-250e-4212-a52c-1e1d3c646c8e: no agents available; will retry on subsequent port and subnet creation events.
2026-06-28 21:08:57.582 9 INFO neutron.db.ovn_revision_numbers_db [None req-b766806b-9eb7-4835-a0b0-a22cecd13b1a 794e797c370d4603a163b7cd285a01b7 569bf2a7bb434ca18cbabbf987d50405 - - default default] Successfully bumped revision number for resource fef80d45-3cfc-452c-9a36-70cdbc2a18da (type: security_group_rules) to 0
2026-06-28 21:08:57.599 9 INFO neutron.wsgi [None req-b766806b-9eb7-4835-a0b0-a22cecd13b1a 794e797c370d4603a163b7cd285a01b7 569bf2a7bb434ca18cbabbf987d50405 - - default default] 10.0.0.131 "POST /v2.0/security-groups HTTP/1.1" status: 201 len: 1737 time: 0.1494031
2026-06-28 21:08:57.653 8 INFO neutron.db.ovn_revision_numbers_db [None req-ad503bc5-e757-4dc0-90a1-041df7982e0d 8655ffda1fe24436b4d687ba43242316 dcc8566f40e144a29fdba57dd8f77574 - - default default] Successfully bumped revision number for resource e8eb0803-2b8f-4f43-8a3d-871969fbf1fd (type: ports) to 1
2026-06-28 21:08:57.681 8 INFO neutron.wsgi [None req-ad503bc5-e757-4dc0-90a1-041df7982e0d 8655ffda1fe24436b4d687ba43242316 dcc8566f40e144a29fdba57dd8f77574 - - default default] 10.0.0.131 "POST /v2.0/ports HTTP/1.1" status: 201 len: 942 time: 0.4223673 /var/lib/openstack/lib/python3.10/site-packages/pycadf/identifier.py:71: UserWarning: Invalid uuid: neutron. To ensure interoperability, identifiers should be a valid uuid. warnings.warn(('Invalid uuid: %s. To ensure interoperability, '
2026-06-28 21:08:57.732 9 INFO neutron.db.ovn_revision_numbers_db [None req-0415cbbd-8a1f-4cc6-8f2c-1da9ae484d4b 794e797c370d4603a163b7cd285a01b7 569bf2a7bb434ca18cbabbf987d50405 - - default default] Successfully bumped revision number for resource e9f9e1be-c414-4697-9689-3541d8bfff57 (type: security_groups) to 1
2026-06-28 21:08:57.745 9 INFO neutron.db.ovn_revision_numbers_db [None req-0415cbbd-8a1f-4cc6-8f2c-1da9ae484d4b 794e797c370d4603a163b7cd285a01b7 569bf2a7bb434ca18cbabbf987d50405 - - default default] Successfully bumped revision number for resource 75590b95-55e5-47ef-ad94-2ad72a59b0f6 (type: security_group_rules) to 0
2026-06-28 21:08:57.776 9 INFO neutron.db.ovn_revision_numbers_db [None req-0415cbbd-8a1f-4cc6-8f2c-1da9ae484d4b 794e797c370d4603a163b7cd285a01b7 569bf2a7bb434ca18cbabbf987d50405 - - default default] Successfully bumped revision number for resource b8369c95-70bc-4a4d-b00e-be63845c599d (type: security_group_rules) to 0
2026-06-28 21:08:57.796 8 INFO neutron.db.segments_db [None req-0d517264-6cc6-490a-86a9-583f40e716ca 8655ffda1fe24436b4d687ba43242316 dcc8566f40e144a29fdba57dd8f77574 - - default default] Added segment 4df204ef-af6a-4925-a8f9-380211bb3fcc of type geneve for network be7633d6-dc0b-427b-b1b8-2d87dd0f32f9
2026-06-28 21:08:57.799 9 INFO neutron.wsgi [None req-0415cbbd-8a1f-4cc6-8f2c-1da9ae484d4b 794e797c370d4603a163b7cd285a01b7 569bf2a7bb434ca18cbabbf987d50405 - - default default] 10.0.0.131 "POST /v2.0/security-groups HTTP/1.1" status: 201 len: 1737 time: 0.1936998
2026-06-28 21:08:57.943 9 INFO neutron.db.ovn_revision_numbers_db [None req-fafb065e-279c-4bd3-8ace-fd58f2694573 794e797c370d4603a163b7cd285a01b7 569bf2a7bb434ca18cbabbf987d50405 - - default default] Successfully bumped revision number for resource ea346faa-1f3b-4035-a5e1-1636a16a04cc (type: security_groups) to 1
2026-06-28 21:08:57.958 9 INFO neutron.db.ovn_revision_numbers_db [None req-fafb065e-279c-4bd3-8ace-fd58f2694573 794e797c370d4603a163b7cd285a01b7 569bf2a7bb434ca18cbabbf987d50405 - - default default] Successfully bumped revision number for resource 7542bb6e-44de-4fbd-b916-cb7cb4e0eebb (type: security_group_rules) to 0
2026-06-28 21:08:57.971 8 INFO neutron.db.ovn_revision_numbers_db [None req-0d517264-6cc6-490a-86a9-583f40e716ca 8655ffda1fe24436b4d687ba43242316 dcc8566f40e144a29fdba57dd8f77574 - - default default] Successfully bumped revision number for resource be7633d6-dc0b-427b-b1b8-2d87dd0f32f9 (type: networks) to 1
2026-06-28 21:08:57.973 9 INFO neutron.db.ovn_revision_numbers_db [None req-fafb065e-279c-4bd3-8ace-fd58f2694573 794e797c370d4603a163b7cd285a01b7 569bf2a7bb434ca18cbabbf987d50405 - - default default] Successfully bumped revision number for resource e796d47e-fe16-429b-9ad8-b2ddd39cf342 (type: security_group_rules) to 0
2026-06-28 21:08:57.994 9 INFO neutron.wsgi [None req-fafb065e-279c-4bd3-8ace-fd58f2694573 794e797c370d4603a163b7cd285a01b7 569bf2a7bb434ca18cbabbf987d50405 - - default default] 10.0.0.131 "POST /v2.0/security-groups HTTP/1.1" status: 201 len: 1737 time: 0.1889536
2026-06-28 21:08:58.148 9 INFO neutron.db.ovn_revision_numbers_db [None req-810ce10e-ddc6-491e-90c3-04eea51608ef 794e797c370d4603a163b7cd285a01b7 569bf2a7bb434ca18cbabbf987d50405 - - default default] Successfully bumped revision number for resource b2072df6-8fbe-427a-bd15-a15aa81c11d1 (type: security_groups) to 1
2026-06-28 21:08:58.162 9 INFO neutron.db.ovn_revision_numbers_db [None req-810ce10e-ddc6-491e-90c3-04eea51608ef 794e797c370d4603a163b7cd285a01b7 569bf2a7bb434ca18cbabbf987d50405 - - default default] Successfully bumped revision number for resource 19cf2e20-9005-4dda-96fe-5bce087c904a (type: security_group_rules) to 0
2026-06-28 21:08:58.182 8 WARNING neutron.scheduler.dhcp_agent_scheduler [None req-0d517264-6cc6-490a-86a9-583f40e716ca 8655ffda1fe24436b4d687ba43242316 dcc8566f40e144a29fdba57dd8f77574 - - default default] No more DHCP agents
2026-06-28 21:08:58.183 9 INFO neutron.db.ovn_revision_numbers_db [None req-810ce10e-ddc6-491e-90c3-04eea51608ef 794e797c370d4603a163b7cd285a01b7 569bf2a7bb434ca18cbabbf987d50405 - - default default] Successfully bumped revision number for resource a73719f8-a4fa-46c2-b402-543fd6001903 (type: security_group_rules) to 0
2026-06-28 21:08:58.185 8 WARNING neutron.api.rpc.agentnotifiers.dhcp_rpc_agent_api [None req-0d517264-6cc6-490a-86a9-583f40e716ca 8655ffda1fe24436b4d687ba43242316 dcc8566f40e144a29fdba57dd8f77574 - - default default] Unable to schedule network be7633d6-dc0b-427b-b1b8-2d87dd0f32f9: no agents available; will retry on subsequent port and subnet creation events.
2026-06-28 21:08:58.212 9 INFO neutron.wsgi [None req-810ce10e-ddc6-491e-90c3-04eea51608ef 794e797c370d4603a163b7cd285a01b7 569bf2a7bb434ca18cbabbf987d50405 - - default default] 10.0.0.131 "POST /v2.0/security-groups HTTP/1.1" status: 201 len: 1737 time: 0.2127163
2026-06-28 21:08:58.264 9 INFO neutron.wsgi [None req-6c924288-2dae-450e-94e9-eca1553bdd8e 794e797c370d4603a163b7cd285a01b7 569bf2a7bb434ca18cbabbf987d50405 - - default default] 10.0.0.131 "PUT /v2.0/security-groups/1d7eb330-f34c-4cf5-ac8c-b87118854958/tags HTTP/1.1" status: 200 len: 210 time: 0.0482082
2026-06-28 21:08:58.278 8 INFO neutron.db.ovn_revision_numbers_db [None req-0d517264-6cc6-490a-86a9-583f40e716ca 8655ffda1fe24436b4d687ba43242316 dcc8566f40e144a29fdba57dd8f77574 - - default default] Successfully bumped revision number for resource cec3cbb6-11e1-40f9-bfc0-8177c24f4240 (type: ports) to 1
2026-06-28 21:08:58.294 9 INFO neutron.wsgi [None req-0c9bd816-4677-4ef5-add9-44bbe744c39b 794e797c370d4603a163b7cd285a01b7 569bf2a7bb434ca18cbabbf987d50405 - - default default] 10.0.0.131 "PUT /v2.0/security-groups/69d84ae2-4a2f-476e-923d-d07646ff2c93/tags HTTP/1.1" status: 200 len: 218 time: 0.0257380
2026-06-28 21:08:58.300 8 INFO neutron.wsgi [None req-0d517264-6cc6-490a-86a9-583f40e716ca 8655ffda1fe24436b4d687ba43242316 dcc8566f40e144a29fdba57dd8f77574 - - default default] 10.0.0.131 "POST /v2.0/networks HTTP/1.1" status: 201 len: 830 time: 0.6127806
2026-06-28 21:08:58.341 9 INFO neutron.wsgi [None req-9b1194b8-4d6f-48ae-92a8-ea8c7c603eae 794e797c370d4603a163b7cd285a01b7 569bf2a7bb434ca18cbabbf987d50405 - - default default] 10.0.0.131 "PUT /v2.0/security-groups/e9f9e1be-c414-4697-9689-3541d8bfff57/tags HTTP/1.1" status: 200 len: 227 time: 0.0427434
2026-06-28 21:08:58.374 8 INFO neutron.wsgi [None req-92fe0d23-9616-4c7c-b64e-c2c55efea98d 794e797c370d4603a163b7cd285a01b7 569bf2a7bb434ca18cbabbf987d50405 - - default default] 10.0.0.131 "PUT /v2.0/security-groups/ea346faa-1f3b-4035-a5e1-1636a16a04cc/tags HTTP/1.1" status: 200 len: 212 time: 0.0277798
2026-06-28 21:08:58.416 8 INFO neutron.wsgi [None req-546e21a3-edf7-4634-8a8a-ae5f778d90a6 794e797c370d4603a163b7cd285a01b7 569bf2a7bb434ca18cbabbf987d50405 - - default default] 10.0.0.131 "GET /v2.0/security-groups?tags=red HTTP/1.1" status: 200 len: 4813 time: 0.0357802
2026-06-28 21:08:58.455 8 INFO neutron.wsgi [None req-7298a10e-074d-478c-ac56-23ef499b4374 794e797c370d4603a163b7cd285a01b7 569bf2a7bb434ca18cbabbf987d50405 - - default default] 10.0.0.131 "GET /v2.0/security-groups?tags=red%2Cblue HTTP/1.1" status: 200 len: 3289 time: 0.0336661
2026-06-28 21:08:58.499 8 INFO neutron.wsgi [None req-2c27dc53-1a61-4f03-8192-c9af8ef806ce 794e797c370d4603a163b7cd285a01b7 569bf2a7bb434ca18cbabbf987d50405 - - default default] 10.0.0.131 "GET /v2.0/security-groups?tags-any=blue HTTP/1.1" status: 200 len: 3289 time: 0.0385747
2026-06-28 21:08:58.546 9 WARNING neutron.scheduler.dhcp_agent_scheduler [None req-b5fe213e-792a-4a9f-9208-726cc877351b 8655ffda1fe24436b4d687ba43242316 dcc8566f40e144a29fdba57dd8f77574 - - default default] No more DHCP agents
2026-06-28 21:08:58.548 9 WARNING neutron.api.rpc.agentnotifiers.dhcp_rpc_agent_api [None req-b5fe213e-792a-4a9f-9208-726cc877351b 8655ffda1fe24436b4d687ba43242316 dcc8566f40e144a29fdba57dd8f77574 - - default default] Unable to schedule network be7633d6-dc0b-427b-b1b8-2d87dd0f32f9: no agents available; will retry on subsequent port and subnet creation events.
2026-06-28 21:08:58.549 8 INFO neutron.wsgi [None req-b333e77a-97cf-4b57-8d3a-2f551cf14edd 794e797c370d4603a163b7cd285a01b7 569bf2a7bb434ca18cbabbf987d50405 - - default default] 10.0.0.131 "GET /v2.0/security-groups?tags-any=red%2Cblue HTTP/1.1" status: 200 len: 4813 time: 0.0441751
2026-06-28 21:08:58.604 8 INFO neutron.wsgi [None req-6b9529a3-0145-4022-8320-161d9e6a2397 794e797c370d4603a163b7cd285a01b7 569bf2a7bb434ca18cbabbf987d50405 - - default default] 10.0.0.131 "GET /v2.0/security-groups?not-tags=red HTTP/1.1" status: 200 len: 6041 time: 0.0500979
2026-06-28 21:08:58.622 9 INFO neutron.db.ovn_revision_numbers_db [None req-b5fe213e-792a-4a9f-9208-726cc877351b 8655ffda1fe24436b4d687ba43242316 dcc8566f40e144a29fdba57dd8f77574 - - default default] Successfully bumped revision number for resource 85940456-38e9-45fc-b739-b0b1366121f4 (type: ports) to 1
2026-06-28 21:08:58.640 9 INFO neutron.wsgi [None req-b5fe213e-792a-4a9f-9208-726cc877351b 8655ffda1fe24436b4d687ba43242316 dcc8566f40e144a29fdba57dd8f77574 - - default default] 10.0.0.131 "POST /v2.0/ports HTTP/1.1" status: 201 len: 942 time: 0.3237786 /var/lib/openstack/lib/python3.10/site-packages/pycadf/identifier.py:71: UserWarning: Invalid uuid: neutron. To ensure interoperability, identifiers should be a valid uuid. warnings.warn(('Invalid uuid: %s. To ensure interoperability, '
2026-06-28 21:08:58.656 8 INFO neutron.wsgi [None req-133d2535-b27f-4f80-a6b5-65883b3b5945 794e797c370d4603a163b7cd285a01b7 569bf2a7bb434ca18cbabbf987d50405 - - default default] 10.0.0.131 "GET /v2.0/security-groups?not-tags=red%2Cblue HTTP/1.1" status: 200 len: 7565 time: 0.0472252
2026-06-28 21:08:58.726 8 INFO neutron.wsgi [None req-af315c7e-f4e9-4abe-a3b3-09d2235bea5b 794e797c370d4603a163b7cd285a01b7 569bf2a7bb434ca18cbabbf987d50405 - - default default] 10.0.0.131 "GET /v2.0/security-groups?not-tags-any=blue HTTP/1.1" status: 200 len: 7565 time: 0.0645204
2026-06-28 21:08:58.727 9 INFO neutron.db.segments_db [None req-be8ec60c-7024-41ce-b24d-f3331bbc9d64 8655ffda1fe24436b4d687ba43242316 dcc8566f40e144a29fdba57dd8f77574 - - default default] Added segment 21444d30-3188-4abb-83bb-53d5f41c3e31 of type geneve for network fdea48de-0d54-4d7c-8671-d00f42db4839
2026-06-28 21:08:58.770 8 INFO neutron.wsgi [None req-aadf1022-0a3c-4d8d-b611-f401b3354ef4 794e797c370d4603a163b7cd285a01b7 569bf2a7bb434ca18cbabbf987d50405 - - default default] 10.0.0.131 "GET /v2.0/security-groups?not-tags-any=red%2Cblue HTTP/1.1" status: 200 len: 6041 time: 0.0393493
2026-06-28 21:08:58.888 8 INFO neutron.wsgi [None req-20855132-d70c-4ea2-9e59-29451641aea8 794e797c370d4603a163b7cd285a01b7 569bf2a7bb434ca18cbabbf987d50405 - - default default] 10.0.0.131 "DELETE /v2.0/security-groups/1d7eb330-f34c-4cf5-ac8c-b87118854958 HTTP/1.1" status: 204 len: 168 time: 0.1114402
2026-06-28 21:08:58.916 9 INFO neutron.db.ovn_revision_numbers_db [None req-be8ec60c-7024-41ce-b24d-f3331bbc9d64 8655ffda1fe24436b4d687ba43242316 dcc8566f40e144a29fdba57dd8f77574 - - default default] Successfully bumped revision number for resource fdea48de-0d54-4d7c-8671-d00f42db4839 (type: networks) to 1
2026-06-28 21:08:59.018 8 INFO neutron.wsgi [None req-8a9037c8-2a71-481b-9ce0-6cfe30c6dfde 794e797c370d4603a163b7cd285a01b7 569bf2a7bb434ca18cbabbf987d50405 - - default default] 10.0.0.131 "DELETE /v2.0/security-groups/69d84ae2-4a2f-476e-923d-d07646ff2c93 HTTP/1.1" status: 204 len: 168 time: 0.1252675
2026-06-28 21:08:59.118 9 WARNING neutron.scheduler.dhcp_agent_scheduler [None req-be8ec60c-7024-41ce-b24d-f3331bbc9d64 8655ffda1fe24436b4d687ba43242316 dcc8566f40e144a29fdba57dd8f77574 - - default default] No more DHCP agents
2026-06-28 21:08:59.120 9 WARNING neutron.api.rpc.agentnotifiers.dhcp_rpc_agent_api [None req-be8ec60c-7024-41ce-b24d-f3331bbc9d64 8655ffda1fe24436b4d687ba43242316 dcc8566f40e144a29fdba57dd8f77574 - - default default] Unable to schedule network fdea48de-0d54-4d7c-8671-d00f42db4839: no agents available; will retry on subsequent port and subnet creation events.
2026-06-28 21:08:59.172 8 INFO neutron.wsgi [None req-74123c88-16be-47cb-b1c0-ea34baa5dec5 794e797c370d4603a163b7cd285a01b7 569bf2a7bb434ca18cbabbf987d50405 - - default default] 10.0.0.131 "DELETE /v2.0/security-groups/e9f9e1be-c414-4697-9689-3541d8bfff57 HTTP/1.1" status: 204 len: 168 time: 0.1484959
2026-06-28 21:08:59.228 9 INFO neutron.db.ovn_revision_numbers_db [None req-be8ec60c-7024-41ce-b24d-f3331bbc9d64 8655ffda1fe24436b4d687ba43242316 dcc8566f40e144a29fdba57dd8f77574 - - default default] Successfully bumped revision number for resource e28d8f6c-a3c8-4aac-b55f-90037340f8f7 (type: ports) to 1
2026-06-28 21:08:59.258 9 INFO neutron.wsgi [None req-be8ec60c-7024-41ce-b24d-f3331bbc9d64 8655ffda1fe24436b4d687ba43242316 dcc8566f40e144a29fdba57dd8f77574 - - default default] 10.0.0.131 "POST /v2.0/networks HTTP/1.1" status: 201 len: 830 time: 0.6142502
2026-06-28 21:08:59.303 9 INFO neutron.wsgi [None req-93861cb7-e7ea-49e1-9135-f5870ac2272a 794e797c370d4603a163b7cd285a01b7 569bf2a7bb434ca18cbabbf987d50405 - - default default] 10.0.0.131 "DELETE /v2.0/security-groups/ea346faa-1f3b-4035-a5e1-1636a16a04cc HTTP/1.1" status: 204 len: 168 time: 0.1263824
2026-06-28 21:08:59.422 9 INFO neutron.wsgi [None req-340a32d5-930e-48fb-b6f0-a6eb1cbb595a 794e797c370d4603a163b7cd285a01b7 569bf2a7bb434ca18cbabbf987d50405 - - default default] 10.0.0.131 "DELETE /v2.0/security-groups/b2072df6-8fbe-427a-bd15-a15aa81c11d1 HTTP/1.1" status: 204 len: 168 time: 0.1138594
2026-06-28 21:08:59.511 8 WARNING neutron.scheduler.dhcp_agent_scheduler [None req-79600b47-8d2f-4ba5-909f-6affed56ce0c 8655ffda1fe24436b4d687ba43242316 dcc8566f40e144a29fdba57dd8f77574 - - default default] No more DHCP agents
2026-06-28 21:08:59.513 8 WARNING neutron.api.rpc.agentnotifiers.dhcp_rpc_agent_api [None req-79600b47-8d2f-4ba5-909f-6affed56ce0c 8655ffda1fe24436b4d687ba43242316 dcc8566f40e144a29fdba57dd8f77574 - - default default] Unable to schedule network fdea48de-0d54-4d7c-8671-d00f42db4839: no agents available; will retry on subsequent port and subnet creation events.
2026-06-28 21:08:59.826 8 INFO neutron.db.ovn_revision_numbers_db [None req-79600b47-8d2f-4ba5-909f-6affed56ce0c 8655ffda1fe24436b4d687ba43242316 dcc8566f40e144a29fdba57dd8f77574 - - default default] Successfully bumped revision number for resource e6a2dfec-c356-4583-87e9-5317dc4c3b20 (type: ports) to 1
2026-06-28 21:08:59.848 8 INFO neutron.wsgi [None req-79600b47-8d2f-4ba5-909f-6affed56ce0c 8655ffda1fe24436b4d687ba43242316 dcc8566f40e144a29fdba57dd8f77574 - - default default] 10.0.0.131 "POST /v2.0/ports HTTP/1.1" status: 201 len: 942 time: 0.5834429 /var/lib/openstack/lib/python3.10/site-packages/pycadf/identifier.py:71: UserWarning: Invalid uuid: neutron. To ensure interoperability, identifiers should be a valid uuid. warnings.warn(('Invalid uuid: %s. To ensure interoperability, '
2026-06-28 21:08:59.885 8 INFO neutron.wsgi [None req-03443592-0c74-4fd0-ad1d-90297130280a 8655ffda1fe24436b4d687ba43242316 dcc8566f40e144a29fdba57dd8f77574 - - default default] 10.0.0.131 "PUT /v2.0/ports/af901348-9720-4d6d-80f0-9eb9d3af2a91/tags HTTP/1.1" status: 200 len: 210 time: 0.0322104
2026-06-28 21:08:59.938 8 INFO neutron.wsgi [None req-9547fcf7-d2de-4e8e-9cd6-46d9547fdbee 8655ffda1fe24436b4d687ba43242316 dcc8566f40e144a29fdba57dd8f77574 - - default default] 10.0.0.131 "PUT /v2.0/ports/5d40fc02-84b7-45e5-b56f-8f7c3ce6f617/tags HTTP/1.1" status: 200 len: 218 time: 0.0457795
2026-06-28 21:09:00.004 8 INFO neutron.wsgi [None req-d1bdf41e-44fd-45b5-a9e7-f231b103c27f 8655ffda1fe24436b4d687ba43242316 dcc8566f40e144a29fdba57dd8f77574 - - default default] 10.0.0.131 "PUT /v2.0/ports/e8eb0803-2b8f-4f43-8a3d-871969fbf1fd/tags HTTP/1.1" status: 200 len: 227 time: 0.0616813
2026-06-28 21:09:00.056 8 INFO neutron.wsgi [None req-b1e76bbe-5e46-40bc-bc1b-b71b587a06c1 8655ffda1fe24436b4d687ba43242316 dcc8566f40e144a29fdba57dd8f77574 - - default default] 10.0.0.131 "PUT /v2.0/ports/85940456-38e9-45fc-b739-b0b1366121f4/tags HTTP/1.1" status: 200 len: 212 time: 0.0446653
2026-06-28 21:09:00.276 8 INFO neutron.wsgi [None req-c13a2af7-9767-403b-8225-2c121ddc6740 8655ffda1fe24436b4d687ba43242316 dcc8566f40e144a29fdba57dd8f77574 - - default default] 10.0.0.131 "GET /v2.0/ports?tags=red HTTP/1.1" status: 200 len: 2448 time: 0.2145746
2026-06-28 21:09:00.353 8 INFO neutron.wsgi [None req-505c8eff-edd8-40ec-98c6-78d37ce77583 8655ffda1fe24436b4d687ba43242316 dcc8566f40e144a29fdba57dd8f77574 - - default default] 10.0.0.131 "GET /v2.0/ports?tags=red%2Cblue HTTP/1.1" status: 200 len: 1708 time: 0.0720220
2026-06-28 21:09:00.362 9 INFO neutron.wsgi [None req-19031671-6b88-4b26-a8a5-29021cc677fd 7ce99a38adbf44dea1546587a3280700 ef3cff4f372848748245027e5e1fec4f - - default default] 10.0.0.131 "GET /v2.0/security-groups?tenant_id=569bf2a7bb434ca18cbabbf987d50405&name=default HTTP/1.1" status: 200 len: 2996 time: 0.1909323
2026-06-28 21:09:00.426 8 INFO neutron.wsgi [None req-443f4655-c0a2-4cf1-8714-9c95c64338c1 8655ffda1fe24436b4d687ba43242316 dcc8566f40e144a29fdba57dd8f77574 - - default default] 10.0.0.131 "GET /v2.0/ports?tags-any=blue HTTP/1.1" status: 200 len: 1708 time: 0.0686934
2026-06-28 21:09:00.487 8 INFO neutron.wsgi [None req-9e061a6d-d327-4b8d-82e0-707f2d757240 8655ffda1fe24436b4d687ba43242316 dcc8566f40e144a29fdba57dd8f77574 - - default default] 10.0.0.131 "GET /v2.0/ports?tags-any=red%2Cblue HTTP/1.1" status: 200 len: 2448 time: 0.0536964
2026-06-28 21:09:00.630 9 INFO neutron.wsgi [None req-676f797f-3363-44fd-9131-905c1f545b54 7ce99a38adbf44dea1546587a3280700 ef3cff4f372848748245027e5e1fec4f - - default default] 10.0.0.131 "DELETE /v2.0/security-groups/7f0315e0-7e33-43c9-bbc0-aa7c26de1419 HTTP/1.1" status: 204 len: 168 time: 0.2614710
2026-06-28 21:09:00.672 8 INFO neutron.wsgi [None req-69848d79-3808-4cbf-949c-8d1699af880f 8655ffda1fe24436b4d687ba43242316 dcc8566f40e144a29fdba57dd8f77574 - - default default] 10.0.0.131 "GET /v2.0/ports?not-tags=red HTTP/1.1" status: 200 len: 5463 time: 0.1816771
2026-06-28 21:09:00.770 8 INFO neutron.wsgi [None req-7fd1fcc0-42bd-4701-9248-ca03c79e1456 8655ffda1fe24436b4d687ba43242316 dcc8566f40e144a29fdba57dd8f77574 - - default default] 10.0.0.131 "GET /v2.0/ports?not-tags=red%2Cblue HTTP/1.1" status: 200 len: 6203 time: 0.0934057
2026-06-28 21:09:00.849 9 INFO neutron.db.ovn_revision_numbers_db [None req-f4ed99f5-baa9-4eaa-b76e-23d6d19bb85a 7ce99a38adbf44dea1546587a3280700 ef3cff4f372848748245027e5e1fec4f - - default default] Successfully bumped revision number for resource 5487a44c-2586-4f98-b9fa-0c0a37145133 (type: security_groups) to 1
2026-06-28 21:09:00.852 8 INFO neutron.wsgi [None req-d41922fc-c8d5-4d59-a224-b8fdda7e1030 8655ffda1fe24436b4d687ba43242316 dcc8566f40e144a29fdba57dd8f77574 - - default default] 10.0.0.131 "GET /v2.0/ports?not-tags-any=blue HTTP/1.1" status: 200 len: 6203 time: 0.0756180
2026-06-28 21:09:00.860 9 INFO neutron.db.ovn_revision_numbers_db [None req-f4ed99f5-baa9-4eaa-b76e-23d6d19bb85a 7ce99a38adbf44dea1546587a3280700 ef3cff4f372848748245027e5e1fec4f - - default default] Successfully bumped revision number for resource 0438ae09-261a-46c0-b0f6-c71a4de8f147 (type: security_group_rules) to 0
2026-06-28 21:09:00.871 9 INFO neutron.db.ovn_revision_numbers_db [None req-f4ed99f5-baa9-4eaa-b76e-23d6d19bb85a 7ce99a38adbf44dea1546587a3280700 ef3cff4f372848748245027e5e1fec4f - - default default] Successfully bumped revision number for resource 7d7fec65-b84d-4c17-8a14-4201aaaccf99 (type: security_group_rules) to 0
2026-06-28 21:09:00.886 9 INFO neutron.db.ovn_revision_numbers_db [None req-f4ed99f5-baa9-4eaa-b76e-23d6d19bb85a 7ce99a38adbf44dea1546587a3280700 ef3cff4f372848748245027e5e1fec4f - - default default] Successfully bumped revision number for resource 7eec600f-136d-4a46-931f-8033ee3f530a (type: security_group_rules) to 0
2026-06-28 21:09:00.904 9 INFO neutron.db.ovn_revision_numbers_db [None req-f4ed99f5-baa9-4eaa-b76e-23d6d19bb85a 7ce99a38adbf44dea1546587a3280700 ef3cff4f372848748245027e5e1fec4f - - default default] Successfully bumped revision number for resource 94492b3c-e1b3-45b6-9bef-112b9a843600 (type: security_group_rules) to 0
2026-06-28 21:09:00.906 8 INFO neutron.wsgi [None req-73b5200d-cbd5-40b0-8186-fef40d6a91e0 8655ffda1fe24436b4d687ba43242316 dcc8566f40e144a29fdba57dd8f77574 - - default default] 10.0.0.131 "GET /v2.0/ports?not-tags-any=red%2Cblue HTTP/1.1" status: 200 len: 5463 time: 0.0500293
2026-06-28 21:09:00.926 9 INFO neutron.wsgi [None req-f4ed99f5-baa9-4eaa-b76e-23d6d19bb85a 7ce99a38adbf44dea1546587a3280700 ef3cff4f372848748245027e5e1fec4f - - default default] 10.0.0.131 "GET /v2.0/security-groups?tenant_id=abb9f90cac714dd393c5300be3f595df&name=default HTTP/1.1" status: 200 len: 2996 time: 0.1662407
2026-06-28 21:09:01.130 9 INFO neutron.wsgi [None req-b8da3113-24b0-4431-920f-48cd0ad2844d 7ce99a38adbf44dea1546587a3280700 ef3cff4f372848748245027e5e1fec4f - - default default] 10.0.0.131 "DELETE /v2.0/security-groups/5487a44c-2586-4f98-b9fa-0c0a37145133 HTTP/1.1" status: 204 len: 168 time: 0.1979954
2026-06-28 21:09:01.175 8 INFO neutron.wsgi [None req-6be65ef7-ac77-4d73-8847-35089cccd428 8655ffda1fe24436b4d687ba43242316 dcc8566f40e144a29fdba57dd8f77574 - - default default] 10.0.0.131 "DELETE /v2.0/ports/af901348-9720-4d6d-80f0-9eb9d3af2a91 HTTP/1.1" status: 204 len: 168 time: 0.2631764
2026-06-28 21:09:01.386 9 INFO neutron.db.ovn_revision_numbers_db [None req-fc71623d-905a-41e4-a9bc-e47b7b0e31a8 7ce99a38adbf44dea1546587a3280700 ef3cff4f372848748245027e5e1fec4f - - default default] Successfully bumped revision number for resource fa455c93-ea23-4510-b4a3-04806fa225ab (type: security_groups) to 1
