2026-06-28 21:09:01.408 9 INFO neutron.db.ovn_revision_numbers_db [None req-fc71623d-905a-41e4-a9bc-e47b7b0e31a8 7ce99a38adbf44dea1546587a3280700 ef3cff4f372848748245027e5e1fec4f - - default default] Successfully bumped revision number for resource 47dbfa9c-86cc-4cd1-bb3d-811ad95add56 (type: security_group_rules) to 0
2026-06-28 21:09:01.413 8 INFO neutron.wsgi [None req-5c3be5a1-7729-44d2-a4f0-f5836f2baeb8 8655ffda1fe24436b4d687ba43242316 dcc8566f40e144a29fdba57dd8f77574 - - default default] 10.0.0.131 "DELETE /v2.0/ports/5d40fc02-84b7-45e5-b56f-8f7c3ce6f617 HTTP/1.1" status: 204 len: 168 time: 0.2344306
2026-06-28 21:09:01.423 9 INFO neutron.db.ovn_revision_numbers_db [None req-fc71623d-905a-41e4-a9bc-e47b7b0e31a8 7ce99a38adbf44dea1546587a3280700 ef3cff4f372848748245027e5e1fec4f - - default default] Successfully bumped revision number for resource 81e77e28-af8b-4a4d-a00e-9f69b3b0fb3f (type: security_group_rules) to 0
2026-06-28 21:09:01.434 9 INFO neutron.db.ovn_revision_numbers_db [None req-fc71623d-905a-41e4-a9bc-e47b7b0e31a8 7ce99a38adbf44dea1546587a3280700 ef3cff4f372848748245027e5e1fec4f - - default default] Successfully bumped revision number for resource a144b0be-ff7f-4740-8f0f-090127f9a524 (type: security_group_rules) to 0
2026-06-28 21:09:01.449 9 INFO neutron.db.ovn_revision_numbers_db [None req-fc71623d-905a-41e4-a9bc-e47b7b0e31a8 7ce99a38adbf44dea1546587a3280700 ef3cff4f372848748245027e5e1fec4f - - default default] Successfully bumped revision number for resource e180a98c-389d-4316-aee4-677ae2e09370 (type: security_group_rules) to 0
2026-06-28 21:09:01.472 9 INFO neutron.wsgi [None req-fc71623d-905a-41e4-a9bc-e47b7b0e31a8 7ce99a38adbf44dea1546587a3280700 ef3cff4f372848748245027e5e1fec4f - - default default] 10.0.0.131 "GET /v2.0/security-groups?tenant_id=17faf1a3bb494237aba5b7ad24dc802b&name=default HTTP/1.1" status: 200 len: 2996 time: 0.2019022
2026-06-28 21:09:01.662 8 INFO neutron.wsgi [None req-40824c67-c5ba-4b6a-8a86-691b9f1ce4fe 8655ffda1fe24436b4d687ba43242316 dcc8566f40e144a29fdba57dd8f77574 - - default default] 10.0.0.131 "DELETE /v2.0/ports/e8eb0803-2b8f-4f43-8a3d-871969fbf1fd HTTP/1.1" status: 204 len: 168 time: 0.2431574
2026-06-28 21:09:01.684 9 INFO neutron.wsgi [None req-b064cd03-ee8b-4f42-82da-1f40a9ef861a 7ce99a38adbf44dea1546587a3280700 ef3cff4f372848748245027e5e1fec4f - - default default] 10.0.0.131 "DELETE /v2.0/security-groups/fa455c93-ea23-4510-b4a3-04806fa225ab HTTP/1.1" status: 204 len: 168 time: 0.2066567
2026-06-28 21:09:01.888 8 INFO neutron.wsgi [None req-4d4dee7c-b043-4d1f-bf87-f0ab5bfa0e91 8655ffda1fe24436b4d687ba43242316 dcc8566f40e144a29fdba57dd8f77574 - - default default] 10.0.0.131 "DELETE /v2.0/ports/85940456-38e9-45fc-b739-b0b1366121f4 HTTP/1.1" status: 204 len: 168 time: 0.2191195
2026-06-28 21:09:02.146 8 INFO neutron.wsgi [None req-031c5bff-4646-4cdb-9ea0-c32294af22bf 8655ffda1fe24436b4d687ba43242316 dcc8566f40e144a29fdba57dd8f77574 - - default default] 10.0.0.131 "DELETE /v2.0/ports/e6a2dfec-c356-4583-87e9-5317dc4c3b20 HTTP/1.1" status: 204 len: 168 time: 0.2549305
2026-06-28 21:09:02.471 8 INFO neutron.services.segments.plugin [-] Segment 38c05bb8-ddd4-4ead-8a5b-047ea80ad707 resource provider aggregate not found
2026-06-28 21:09:02.475 8 INFO neutron.services.segments.plugin [-] Segment 38c05bb8-ddd4-4ead-8a5b-047ea80ad707 resource provider aggregate not found
2026-06-28 21:09:02.487 8 INFO neutron.services.segments.plugin [-] Segment 38c05bb8-ddd4-4ead-8a5b-047ea80ad707 resource provider not found; error: Placement Client Error (4xx): {"errors": [{"status": 404, "title": "Not Found", "detail": "The resource could not be found.\n\n No resource provider with uuid 38c05bb8-ddd4-4ead-8a5b-047ea80ad707 found for delete ", "request_id": "req-8eadb71b-199c-4940-84ea-4c450071f182"}]}
2026-06-28 21:09:02.494 8 INFO neutron.services.segments.plugin [-] Segment 38c05bb8-ddd4-4ead-8a5b-047ea80ad707 resource provider not found; error: Placement Client Error (4xx): {"errors": [{"status": 404, "title": "Not Found", "detail": "The resource could not be found.\n\n No resource provider with uuid 38c05bb8-ddd4-4ead-8a5b-047ea80ad707 found for delete ", "request_id": "req-1242abaa-cdc2-44b1-b98d-cf34a975c8bd"}]}
2026-06-28 21:09:02.513 8 INFO neutron.wsgi [None req-9e852c01-571d-4772-964d-4c7071afbd83 8655ffda1fe24436b4d687ba43242316 dcc8566f40e144a29fdba57dd8f77574 - - default default] 10.0.0.131 "DELETE /v2.0/networks/6cca99d3-858c-4b7f-b826-b1f2ed6de9a8 HTTP/1.1" status: 204 len: 168 time: 0.3618374
2026-06-28 21:09:02.893 9 INFO neutron.services.segments.plugin [-] Segment ca824765-37f8-41a1-b25f-33c8fe763c42 resource provider aggregate not found
2026-06-28 21:09:02.900 9 INFO neutron.services.segments.plugin [-] Segment ca824765-37f8-41a1-b25f-33c8fe763c42 resource provider aggregate not found
2026-06-28 21:09:02.910 9 INFO neutron.services.segments.plugin [-] Segment ca824765-37f8-41a1-b25f-33c8fe763c42 resource provider not found; error: Placement Client Error (4xx): {"errors": [{"status": 404, "title": "Not Found", "detail": "The resource could not be found.\n\n No resource provider with uuid ca824765-37f8-41a1-b25f-33c8fe763c42 found for delete ", "request_id": "req-03ec2f18-086a-4040-990d-27e49edae5ae"}]}
2026-06-28 21:09:02.918 9 INFO neutron.services.segments.plugin [-] Segment ca824765-37f8-41a1-b25f-33c8fe763c42 resource provider not found; error: Placement Client Error (4xx): {"errors": [{"status": 404, "title": "Not Found", "detail": "The resource could not be found.\n\n No resource provider with uuid ca824765-37f8-41a1-b25f-33c8fe763c42 found for delete ", "request_id": "req-c72de42c-126c-4a5b-870e-ce777c2ba65f"}]}
2026-06-28 21:09:02.944 9 INFO neutron.wsgi [None req-81edce40-0a57-4299-a00d-84561e436cd5 8655ffda1fe24436b4d687ba43242316 dcc8566f40e144a29fdba57dd8f77574 - - default default] 10.0.0.131 "DELETE /v2.0/networks/0e2709d2-d44d-46dc-a695-9ad82a976774 HTTP/1.1" status: 204 len: 168 time: 0.4277439
2026-06-28 21:09:03.352 8 INFO neutron.wsgi [None req-d704b4b0-af22-40e4-82d0-295947f8fca8 8655ffda1fe24436b4d687ba43242316 dcc8566f40e144a29fdba57dd8f77574 - - default default] 10.0.0.131 "DELETE /v2.0/networks/a5ab6f8b-250e-4212-a52c-1e1d3c646c8e HTTP/1.1" status: 204 len: 168 time: 0.4024251
2026-06-28 21:09:03.750 8 INFO neutron.wsgi [None req-1fc04d75-5eff-401c-9427-e7365c39cc69 8655ffda1fe24436b4d687ba43242316 dcc8566f40e144a29fdba57dd8f77574 - - default default] 10.0.0.131 "DELETE /v2.0/networks/be7633d6-dc0b-427b-b1b8-2d87dd0f32f9 HTTP/1.1" status: 204 len: 168 time: 0.3903849
2026-06-28 21:09:04.167 9 INFO neutron.wsgi [None req-110f1124-1003-4b3e-a8a8-325bffa61647 8655ffda1fe24436b4d687ba43242316 dcc8566f40e144a29fdba57dd8f77574 - - default default] 10.0.0.131 "DELETE /v2.0/networks/fdea48de-0d54-4d7c-8671-d00f42db4839 HTTP/1.1" status: 204 len: 168 time: 0.4118278
2026-06-28 21:09:04.513 8 INFO neutron.services.segments.plugin [-] Segment 0f421f41-b25d-4270-94fc-cf7f5c708361 resource provider aggregate not found
2026-06-28 21:09:04.530 8 INFO neutron.services.segments.plugin [-] Segment 0f421f41-b25d-4270-94fc-cf7f5c708361 resource provider not found; error: Placement Client Error (4xx): {"errors": [{"status": 404, "title": "Not Found", "detail": "The resource could not be found.\n\n No resource provider with uuid 0f421f41-b25d-4270-94fc-cf7f5c708361 found for delete ", "request_id": "req-1afb2e93-8c7f-4322-b75a-81f593f41d14"}]}
2026-06-28 21:09:04.544 8 INFO neutron.services.segments.plugin [-] Segment 4df204ef-af6a-4925-a8f9-380211bb3fcc resource provider aggregate not found
2026-06-28 21:09:04.558 8 INFO neutron.services.segments.plugin [-] Segment 4df204ef-af6a-4925-a8f9-380211bb3fcc resource provider not found; error: Placement Client Error (4xx): {"errors": [{"status": 404, "title": "Not Found", "detail": "The resource could not be found.\n\n No resource provider with uuid 4df204ef-af6a-4925-a8f9-380211bb3fcc found for delete ", "request_id": "req-db982be2-d6f0-485c-bdfc-798cf098eda4"}]}
2026-06-28 21:09:04.559 8 INFO neutron.services.segments.plugin [-] Segment 0f421f41-b25d-4270-94fc-cf7f5c708361 resource provider aggregate not found
2026-06-28 21:09:04.572 8 INFO neutron.services.segments.plugin [-] Segment 0f421f41-b25d-4270-94fc-cf7f5c708361 resource provider not found; error: Placement Client Error (4xx): {"errors": [{"status": 404, "title": "Not Found", "detail": "The resource could not be found.\n\n No resource provider with uuid 0f421f41-b25d-4270-94fc-cf7f5c708361 found for delete ", "request_id": "req-a9b70319-951f-4510-a2d0-7a8ce9fafc91"}]}
2026-06-28 21:09:04.586 8 INFO neutron.services.segments.plugin [-] Segment 4df204ef-af6a-4925-a8f9-380211bb3fcc resource provider aggregate not found
2026-06-28 21:09:04.600 8 INFO neutron.services.segments.plugin [-] Segment 4df204ef-af6a-4925-a8f9-380211bb3fcc resource provider not found; error: Placement Client Error (4xx): {"errors": [{"status": 404, "title": "Not Found", "detail": "The resource could not be found.\n\n No resource provider with uuid 4df204ef-af6a-4925-a8f9-380211bb3fcc found for delete ", "request_id": "req-4da77dc0-da86-4ff0-a2eb-5655aa09707c"}]}
2026-06-28 21:09:04.932 9 INFO neutron.services.segments.plugin [-] Segment 21444d30-3188-4abb-83bb-53d5f41c3e31 resource provider aggregate not found
2026-06-28 21:09:04.939 9 INFO neutron.services.segments.plugin [-] Segment 21444d30-3188-4abb-83bb-53d5f41c3e31 resource provider aggregate not found
2026-06-28 21:09:04.952 9 INFO neutron.services.segments.plugin [-] Segment 21444d30-3188-4abb-83bb-53d5f41c3e31 resource provider not found; error: Placement Client Error (4xx): {"errors": [{"status": 404, "title": "Not Found", "detail": "The resource could not be found.\n\n No resource provider with uuid 21444d30-3188-4abb-83bb-53d5f41c3e31 found for delete ", "request_id": "req-619ca320-38f3-475f-abb8-d5067a80cab1"}]}
2026-06-28 21:09:04.954 9 INFO neutron.services.segments.plugin [-] Segment 21444d30-3188-4abb-83bb-53d5f41c3e31 resource provider not found; error: Placement Client Error (4xx): {"errors": [{"status": 404, "title": "Not Found", "detail": "The resource could not be found.\n\n No resource provider with uuid 21444d30-3188-4abb-83bb-53d5f41c3e31 found for delete ", "request_id": "req-b73f7aad-6498-4f4e-bd31-96f1fe485a88"}]}
2026-06-28 21:09:05.268 9 INFO neutron.wsgi [None req-e6cb016b-5e75-4520-8421-fe437e9e28e3 7ce99a38adbf44dea1546587a3280700 ef3cff4f372848748245027e5e1fec4f - - default default] 10.0.0.131 "GET /v2.0/security-groups?tenant_id=dcc8566f40e144a29fdba57dd8f77574&name=default HTTP/1.1" status: 200 len: 2996 time: 0.1444013
2026-06-28 21:09:05.445 9 INFO neutron.db.ovn_revision_numbers_db [None req-55a4d74e-021b-4d96-b236-ae5e273f6bb3 b133238fa39b42e296cd21c2ef23c70e deac786b806f4536b55b3377723c190f - - default default] Successfully bumped revision number for resource 8207244f-f2a6-449e-b741-ba910bcee9e0 (type: security_groups) to 1
2026-06-28 21:09:05.463 9 INFO neutron.db.ovn_revision_numbers_db [None req-55a4d74e-021b-4d96-b236-ae5e273f6bb3 b133238fa39b42e296cd21c2ef23c70e deac786b806f4536b55b3377723c190f - - default default] Successfully bumped revision number for resource 0dad5bbd-e524-4b0e-9c38-93c162446f5f (type: security_group_rules) to 0
2026-06-28 21:09:05.487 9 INFO neutron.db.ovn_revision_numbers_db [None req-55a4d74e-021b-4d96-b236-ae5e273f6bb3 b133238fa39b42e296cd21c2ef23c70e deac786b806f4536b55b3377723c190f - - default default] Successfully bumped revision number for resource 33a6e8a3-2992-4033-914a-4df40b4371c6 (type: security_group_rules) to 0
2026-06-28 21:09:05.502 9 INFO neutron.db.ovn_revision_numbers_db [None req-55a4d74e-021b-4d96-b236-ae5e273f6bb3 b133238fa39b42e296cd21c2ef23c70e deac786b806f4536b55b3377723c190f - - default default] Successfully bumped revision number for resource a42cf85d-196f-438b-9a60-236150ab2d8f (type: security_group_rules) to 0
2026-06-28 21:09:05.526 9 INFO neutron.db.ovn_revision_numbers_db [None req-55a4d74e-021b-4d96-b236-ae5e273f6bb3 b133238fa39b42e296cd21c2ef23c70e deac786b806f4536b55b3377723c190f - - default default] Successfully bumped revision number for resource ddcba8d4-9c88-4cbb-9835-b890cd732de8 (type: security_group_rules) to 0
2026-06-28 21:09:05.534 9 INFO neutron.wsgi [None req-21607312-c717-4be2-bde3-fb511f021b80 7ce99a38adbf44dea1546587a3280700 ef3cff4f372848748245027e5e1fec4f - - default default] 10.0.0.131 "DELETE /v2.0/security-groups/4c915954-354e-4aa6-9f51-bb4ca91eb900 HTTP/1.1" status: 204 len: 168 time: 0.2598403
2026-06-28 21:09:05.584 9 INFO neutron.db.segments_db [None req-55a4d74e-021b-4d96-b236-ae5e273f6bb3 b133238fa39b42e296cd21c2ef23c70e deac786b806f4536b55b3377723c190f - - default default] Added segment 799c28d5-df70-49ec-ab6f-afe3b6b8218e of type geneve for network fe2ccc63-fdb3-4e22-9237-58622519fe12
2026-06-28 21:09:05.724 9 INFO neutron.db.ovn_revision_numbers_db [None req-55a4d74e-021b-4d96-b236-ae5e273f6bb3 b133238fa39b42e296cd21c2ef23c70e deac786b806f4536b55b3377723c190f - - default default] Successfully bumped revision number for resource fe2ccc63-fdb3-4e22-9237-58622519fe12 (type: networks) to 1
2026-06-28 21:09:05.792 8 INFO neutron.db.ovn_revision_numbers_db [None req-bc294d94-8d46-4111-bded-63a572449f78 7ce99a38adbf44dea1546587a3280700 ef3cff4f372848748245027e5e1fec4f - - default default] Successfully bumped revision number for resource fbb8dc55-c708-411f-8b39-3660761d6ff8 (type: security_groups) to 1
2026-06-28 21:09:05.807 8 INFO neutron.db.ovn_revision_numbers_db [None req-bc294d94-8d46-4111-bded-63a572449f78 7ce99a38adbf44dea1546587a3280700 ef3cff4f372848748245027e5e1fec4f - - default default] Successfully bumped revision number for resource 1daa8537-8419-42bb-b3e2-5bdf5634b12d (type: security_group_rules) to 0
2026-06-28 21:09:05.820 8 INFO neutron.db.ovn_revision_numbers_db [None req-bc294d94-8d46-4111-bded-63a572449f78 7ce99a38adbf44dea1546587a3280700 ef3cff4f372848748245027e5e1fec4f - - default default] Successfully bumped revision number for resource 26da231c-5d61-4997-bdb6-e7cb480cf8df (type: security_group_rules) to 0
2026-06-28 21:09:05.833 8 INFO neutron.db.ovn_revision_numbers_db [None req-bc294d94-8d46-4111-bded-63a572449f78 7ce99a38adbf44dea1546587a3280700 ef3cff4f372848748245027e5e1fec4f - - default default] Successfully bumped revision number for resource 27bcd86f-4cdd-4c9d-baf4-6509e778c49d (type: security_group_rules) to 0
2026-06-28 21:09:05.846 8 INFO neutron.db.ovn_revision_numbers_db [None req-bc294d94-8d46-4111-bded-63a572449f78 7ce99a38adbf44dea1546587a3280700 ef3cff4f372848748245027e5e1fec4f - - default default] Successfully bumped revision number for resource 646d9417-fd6a-4d7a-9152-4c55eb204be3 (type: security_group_rules) to 0
2026-06-28 21:09:05.867 8 INFO neutron.wsgi [None req-bc294d94-8d46-4111-bded-63a572449f78 7ce99a38adbf44dea1546587a3280700 ef3cff4f372848748245027e5e1fec4f - - default default] 10.0.0.131 "GET /v2.0/security-groups?tenant_id=d71c794bdd194d92b21b572f3a183774&name=default HTTP/1.1" status: 200 len: 2996 time: 0.1821799
2026-06-28 21:09:05.903 9 WARNING neutron.scheduler.dhcp_agent_scheduler [None req-55a4d74e-021b-4d96-b236-ae5e273f6bb3 b133238fa39b42e296cd21c2ef23c70e deac786b806f4536b55b3377723c190f - - default default] No more DHCP agents
2026-06-28 21:09:05.904 9 WARNING neutron.api.rpc.agentnotifiers.dhcp_rpc_agent_api [None req-55a4d74e-021b-4d96-b236-ae5e273f6bb3 b133238fa39b42e296cd21c2ef23c70e deac786b806f4536b55b3377723c190f - - default default] Unable to schedule network fe2ccc63-fdb3-4e22-9237-58622519fe12: no agents available; will retry on subsequent port and subnet creation events.
2026-06-28 21:09:05.981 9 INFO neutron.db.ovn_revision_numbers_db [None req-55a4d74e-021b-4d96-b236-ae5e273f6bb3 b133238fa39b42e296cd21c2ef23c70e deac786b806f4536b55b3377723c190f - - default default] Successfully bumped revision number for resource 27cd9b89-833d-46b2-be3e-1e31bce350cc (type: ports) to 1
2026-06-28 21:09:06.003 9 INFO neutron.wsgi [None req-55a4d74e-021b-4d96-b236-ae5e273f6bb3 b133238fa39b42e296cd21c2ef23c70e deac786b806f4536b55b3377723c190f - - default default] 10.0.0.131 "POST /v2.0/networks HTTP/1.1" status: 201 len: 838 time: 0.8121388
2026-06-28 21:09:06.089 8 INFO neutron.wsgi [None req-c1b848ec-2443-4691-8842-c02f5e5c864e 7ce99a38adbf44dea1546587a3280700 ef3cff4f372848748245027e5e1fec4f - - default default] 10.0.0.131 "DELETE /v2.0/security-groups/fbb8dc55-c708-411f-8b39-3660761d6ff8 HTTP/1.1" status: 204 len: 168 time: 0.2168818
2026-06-28 21:09:06.272 8 WARNING neutron.scheduler.dhcp_agent_scheduler [None req-18854553-c1e6-4970-ba4c-402bb95f8d1e b133238fa39b42e296cd21c2ef23c70e deac786b806f4536b55b3377723c190f - - default default] No more DHCP agents
2026-06-28 21:09:06.275 8 WARNING neutron.api.rpc.agentnotifiers.dhcp_rpc_agent_api [None req-18854553-c1e6-4970-ba4c-402bb95f8d1e b133238fa39b42e296cd21c2ef23c70e deac786b806f4536b55b3377723c190f - - default default] Unable to schedule network fe2ccc63-fdb3-4e22-9237-58622519fe12: no agents available; will retry on subsequent port and subnet creation events.
2026-06-28 21:09:06.324 9 INFO neutron.db.ovn_revision_numbers_db [None req-93cb20d7-759f-41d4-89ff-5edc7b804570 7ce99a38adbf44dea1546587a3280700 ef3cff4f372848748245027e5e1fec4f - - default default] Successfully bumped revision number for resource 283d8e66-5041-4c74-b586-08a247de59f9 (type: security_groups) to 1
2026-06-28 21:09:06.350 9 INFO neutron.db.ovn_revision_numbers_db [None req-93cb20d7-759f-41d4-89ff-5edc7b804570 7ce99a38adbf44dea1546587a3280700 ef3cff4f372848748245027e5e1fec4f - - default default] Successfully bumped revision number for resource 3358bef7-03c5-4084-9448-da63e0d446bf (type: security_group_rules) to 0
2026-06-28 21:09:06.352 9 INFO neutron.db.ovn_revision_numbers_db [None req-9c243dfc-8611-4ff2-b936-7f86827f4e84 7ce99a38adbf44dea1546587a3280700 ef3cff4f372848748245027e5e1fec4f - - default default] Successfully bumped revision number for resource 7ae68ec3-e69f-46b3-8677-6ee1d6257336 (type: security_groups) to 1
2026-06-28 21:09:06.372 9 INFO neutron.db.ovn_revision_numbers_db [None req-93cb20d7-759f-41d4-89ff-5edc7b804570 7ce99a38adbf44dea1546587a3280700 ef3cff4f372848748245027e5e1fec4f - - default default] Successfully bumped revision number for resource 4aad4c7a-651d-44c9-a93e-c980a7ce7161 (type: security_group_rules) to 0
2026-06-28 21:09:06.376 9 INFO neutron.db.ovn_revision_numbers_db [None req-9c243dfc-8611-4ff2-b936-7f86827f4e84 7ce99a38adbf44dea1546587a3280700 ef3cff4f372848748245027e5e1fec4f - - default default] Successfully bumped revision number for resource 18254a79-644b-4ba7-8a08-7ad30eee2fb2 (type: security_group_rules) to 0
2026-06-28 21:09:06.392 9 INFO neutron.db.ovn_revision_numbers_db [None req-93cb20d7-759f-41d4-89ff-5edc7b804570 7ce99a38adbf44dea1546587a3280700 ef3cff4f372848748245027e5e1fec4f - - default default] Successfully bumped revision number for resource 7dca63ff-4049-4bbb-b47c-b443e9ab82f0 (type: security_group_rules) to 0
2026-06-28 21:09:06.398 9 INFO neutron.db.ovn_revision_numbers_db [None req-9c243dfc-8611-4ff2-b936-7f86827f4e84 7ce99a38adbf44dea1546587a3280700 ef3cff4f372848748245027e5e1fec4f - - default default] Successfully bumped revision number for resource 395252f7-d419-4d80-b413-c47e6cd473af (type: security_group_rules) to 0
2026-06-28 21:09:06.412 9 INFO neutron.db.ovn_revision_numbers_db [None req-93cb20d7-759f-41d4-89ff-5edc7b804570 7ce99a38adbf44dea1546587a3280700 ef3cff4f372848748245027e5e1fec4f - - default default] Successfully bumped revision number for resource 7e0170d8-4626-4016-a9d9-2920c509d80d (type: security_group_rules) to 0
2026-06-28 21:09:06.417 9 INFO neutron.wsgi [None req-f7bc4a1e-ba06-4398-9357-1ea5e126e83b 388fb3ab950d4970b11453cb9ad46762 9881195833014bdd854d1eedbd8921f4 - - default default] 10.0.0.131 "POST /v2.0/subnetpools HTTP/1.1" status: 201 len: 715 time: 0.2850440
2026-06-28 21:09:06.424 9 INFO neutron.db.ovn_revision_numbers_db [None req-9c243dfc-8611-4ff2-b936-7f86827f4e84 7ce99a38adbf44dea1546587a3280700 ef3cff4f372848748245027e5e1fec4f - - default default] Successfully bumped revision number for resource 70d2f096-2191-41bb-a398-4a31b11f98f5 (type: security_group_rules) to 0
2026-06-28 21:09:06.444 9 INFO neutron.wsgi [None req-93cb20d7-759f-41d4-89ff-5edc7b804570 7ce99a38adbf44dea1546587a3280700 ef3cff4f372848748245027e5e1fec4f - - default default] 10.0.0.131 "GET /v2.0/security-groups?tenant_id=77257816a0ee4d8a8a9916322ce24e96&name=default HTTP/1.1" status: 200 len: 2996 time: 0.2403138
2026-06-28 21:09:06.453 9 INFO neutron.db.ovn_revision_numbers_db [None req-9c243dfc-8611-4ff2-b936-7f86827f4e84 7ce99a38adbf44dea1546587a3280700 ef3cff4f372848748245027e5e1fec4f - - default default] Successfully bumped revision number for resource e6f9a103-2670-4b67-bb8a-278fcbbd9766 (type: security_group_rules) to 0
2026-06-28 21:09:06.489 9 INFO neutron.wsgi [None req-9c243dfc-8611-4ff2-b936-7f86827f4e84 7ce99a38adbf44dea1546587a3280700 ef3cff4f372848748245027e5e1fec4f - - default default] 10.0.0.131 "GET /v2.0/security-groups?tenant_id=7551c466e55e41be8c6a2688d5075bd4&name=default HTTP/1.1" status: 200 len: 2996 time: 0.4636421
2026-06-28 21:09:06.489 8 INFO neutron.wsgi [None req-a8e1f9a7-d891-4040-917d-8ead16d82656 388fb3ab950d4970b11453cb9ad46762 9881195833014bdd854d1eedbd8921f4 - - default default] 10.0.0.131 "POST /v2.0/subnetpools HTTP/1.1" status: 201 len: 715 time: 0.0676839
2026-06-28 21:09:06.580 8 INFO neutron.wsgi [None req-11e29c31-bef0-46ef-ab35-a75785b24cc4 388fb3ab950d4970b11453cb9ad46762 9881195833014bdd854d1eedbd8921f4 - - default default] 10.0.0.131 "POST /v2.0/subnetpools HTTP/1.1" status: 201 len: 715 time: 0.0849991
2026-06-28 21:09:06.648 9 INFO neutron.wsgi [None req-4c48decf-c433-4812-8e3f-cdd4cecce65e 388fb3ab950d4970b11453cb9ad46762 9881195833014bdd854d1eedbd8921f4 - - default default] 10.0.0.131 "POST /v2.0/subnetpools HTTP/1.1" status: 201 len: 715 time: 0.0623417
2026-06-28 21:09:06.693 9 INFO neutron.wsgi [None req-1fc8b8b1-143a-43af-abba-daed00a529f3 7ce99a38adbf44dea1546587a3280700 ef3cff4f372848748245027e5e1fec4f - - default default] 10.0.0.131 "DELETE /v2.0/security-groups/283d8e66-5041-4c74-b586-08a247de59f9 HTTP/1.1" status: 204 len: 168 time: 0.2446125
2026-06-28 21:09:06.726 9 INFO neutron.wsgi [None req-3c43c341-795a-4860-a9de-1ef0e2f88211 388fb3ab950d4970b11453cb9ad46762 9881195833014bdd854d1eedbd8921f4 - - default default] 10.0.0.131 "POST /v2.0/subnetpools HTTP/1.1" status: 201 len: 715 time: 0.0715761
2026-06-28 21:09:06.751 8 INFO neutron.wsgi [None req-13186726-590e-4cac-9598-40b818111041 7ce99a38adbf44dea1546587a3280700 ef3cff4f372848748245027e5e1fec4f - - default default] 10.0.0.131 "DELETE /v2.0/security-groups/7ae68ec3-e69f-46b3-8677-6ee1d6257336 HTTP/1.1" status: 204 len: 168 time: 0.2576828
2026-06-28 21:09:06.769 9 INFO neutron.wsgi [None req-ceb58461-0f12-4b6e-87e9-31d69c7e5ef1 388fb3ab950d4970b11453cb9ad46762 9881195833014bdd854d1eedbd8921f4 - - default default] 10.0.0.131 "PUT /v2.0/subnetpools/630e90aa-7c26-4cdf-a34a-9ccaa3c7e8e8/tags HTTP/1.1" status: 200 len: 210 time: 0.0357373
2026-06-28 21:09:06.809 9 INFO neutron.wsgi [None req-cf8f9d7a-fb45-403f-b063-e63f9dded51b 388fb3ab950d4970b11453cb9ad46762 9881195833014bdd854d1eedbd8921f4 - - default default] 10.0.0.131 "PUT /v2.0/subnetpools/ac4b0ca2-14fe-457a-bfb0-4c59e457c36a/tags HTTP/1.1" status: 200 len: 218 time: 0.0342045
2026-06-28 21:09:06.811 8 INFO neutron.db.ovn_revision_numbers_db [None req-18854553-c1e6-4970-ba4c-402bb95f8d1e b133238fa39b42e296cd21c2ef23c70e deac786b806f4536b55b3377723c190f - - default default] Successfully bumped revision number for resource 27cd9b89-833d-46b2-be3e-1e31bce350cc (type: ports) to 2
2026-06-28 21:09:06.855 8 INFO neutron.wsgi [None req-d3282484-d526-4b25-bf94-5236aefe94e2 388fb3ab950d4970b11453cb9ad46762 9881195833014bdd854d1eedbd8921f4 - - default default] 10.0.0.131 "PUT /v2.0/subnetpools/d337fca6-3b03-421c-a8a3-3a09618304ba/tags HTTP/1.1" status: 200 len: 227 time: 0.0401862
2026-06-28 21:09:06.856 8 INFO neutron.db.ovn_revision_numbers_db [None req-18854553-c1e6-4970-ba4c-402bb95f8d1e b133238fa39b42e296cd21c2ef23c70e deac786b806f4536b55b3377723c190f - - default default] Successfully bumped revision number for resource 94ff6381-acac-43cd-9d3d-245b2f481dd3 (type: subnets) to 0
2026-06-28 21:09:06.875 8 INFO neutron.wsgi [None req-18854553-c1e6-4970-ba4c-402bb95f8d1e b133238fa39b42e296cd21c2ef23c70e deac786b806f4536b55b3377723c190f - - default default] 10.0.0.131 "POST /v2.0/subnets HTTP/1.1" status: 201 len: 833 time: 0.8664260
2026-06-28 21:09:06.887 8 INFO neutron.wsgi [None req-6f3d0467-2050-4435-9d15-dc0b8c48daee 388fb3ab950d4970b11453cb9ad46762 9881195833014bdd854d1eedbd8921f4 - - default default] 10.0.0.131 "PUT /v2.0/subnetpools/5ba480d7-32a6-4d7f-a6ee-8b43813e4012/tags HTTP/1.1" status: 200 len: 212 time: 0.0265839
2026-06-28 21:09:06.917 9 INFO neutron.wsgi [None req-72d92503-6af7-4f7a-b689-edfc0ca010d9 388fb3ab950d4970b11453cb9ad46762 9881195833014bdd854d1eedbd8921f4 - - default default] 10.0.0.131 "GET /v2.0/subnetpools?tags=red HTTP/1.1" status: 200 len: 1758 time: 0.0239902
2026-06-28 21:09:06.950 9 INFO neutron.wsgi [None req-899835b3-cc66-461c-890e-91d25f561205 388fb3ab950d4970b11453cb9ad46762 9881195833014bdd854d1eedbd8921f4 - - default default] 10.0.0.131 "GET /v2.0/subnetpools?tags=red%2Cblue HTTP/1.1" status: 200 len: 1251 time: 0.0286839
2026-06-28 21:09:06.984 9 INFO neutron.wsgi [None req-78d40a42-c6ff-489e-af18-3405ddcdee62 388fb3ab950d4970b11453cb9ad46762 9881195833014bdd854d1eedbd8921f4 - - default default] 10.0.0.131 "GET /v2.0/subnetpools?tags-any=blue HTTP/1.1" status: 200 len: 1251 time: 0.0285797
2026-06-28 21:09:07.017 8 INFO neutron.wsgi [None req-68f2bf72-bf75-4c54-8816-5514eb1503bb 388fb3ab950d4970b11453cb9ad46762 9881195833014bdd854d1eedbd8921f4 - - default default] 10.0.0.131 "GET /v2.0/subnetpools?tags-any=red%2Cblue HTTP/1.1" status: 200 len: 1758 time: 0.0276718
2026-06-28 21:09:07.017 9 INFO neutron.wsgi [None req-fb0cf780-2feb-4206-8e12-78fd76755665 b1e3f5fe38504ff189d4cc9a36734dae 4eebf5e66251424096c133e957772239 - - default default] 10.0.0.131 "GET /v2.0/subnetpools?name=shared-default-subnetpool-v6 HTTP/1.1" status: 200 len: 212 time: 0.1358998
2026-06-28 21:09:07.057 8 INFO neutron.wsgi [None req-4003f60b-572d-4b13-91fc-a1412681fac1 388fb3ab950d4970b11453cb9ad46762 9881195833014bdd854d1eedbd8921f4 - - default default] 10.0.0.131 "GET /v2.0/subnetpools?not-tags=red HTTP/1.1" status: 200 len: 1223 time: 0.0341425
2026-06-28 21:09:07.088 8 INFO neutron.wsgi [None req-73b9dbad-d574-42e8-a5ec-05f0a60e4884 388fb3ab950d4970b11453cb9ad46762 9881195833014bdd854d1eedbd8921f4 - - default default] 10.0.0.131 "GET /v2.0/subnetpools?not-tags=red%2Cblue HTTP/1.1" status: 200 len: 1730 time: 0.0268843
2026-06-28 21:09:07.125 8 INFO neutron.wsgi [None req-09d388cd-c0ed-4b4e-ab92-56ed32d6123d 388fb3ab950d4970b11453cb9ad46762 9881195833014bdd854d1eedbd8921f4 - - default default] 10.0.0.131 "GET /v2.0/subnetpools?not-tags-any=blue HTTP/1.1" status: 200 len: 1730 time: 0.0303509
2026-06-28 21:09:07.152 8 INFO neutron.wsgi [None req-1083db18-17b0-4d53-8462-f2b387e14069 388fb3ab950d4970b11453cb9ad46762 9881195833014bdd854d1eedbd8921f4 - - default default] 10.0.0.131 "GET /v2.0/subnetpools?not-tags-any=red%2Cblue HTTP/1.1" status: 200 len: 1223 time: 0.0196900
2026-06-28 21:09:07.243 8 INFO neutron.wsgi [None req-49dc3dca-3c4a-4e4f-add8-77d25277052d 388fb3ab950d4970b11453cb9ad46762 9881195833014bdd854d1eedbd8921f4 - - default default] 10.0.0.131 "DELETE /v2.0/subnetpools/630e90aa-7c26-4cdf-a34a-9ccaa3c7e8e8 HTTP/1.1" status: 204 len: 168 time: 0.0765278
2026-06-28 21:09:07.306 8 INFO neutron.wsgi [None req-58e076fb-79be-48d6-8a75-b0d7d0de7947 388fb3ab950d4970b11453cb9ad46762 9881195833014bdd854d1eedbd8921f4 - - default default] 10.0.0.131 "DELETE /v2.0/subnetpools/ac4b0ca2-14fe-457a-bfb0-4c59e457c36a HTTP/1.1" status: 204 len: 168 time: 0.0515456
2026-06-28 21:09:07.366 8 INFO neutron.wsgi [None req-987512a8-5959-4688-b6d6-345c24e0c374 388fb3ab950d4970b11453cb9ad46762 9881195833014bdd854d1eedbd8921f4 - - default default] 10.0.0.131 "DELETE /v2.0/subnetpools/d337fca6-3b03-421c-a8a3-3a09618304ba HTTP/1.1" status: 204 len: 168 time: 0.0547206
2026-06-28 21:09:07.375 9 WARNING neutron.scheduler.dhcp_agent_scheduler [None req-557a9e66-f485-4616-9a7e-24fbaeb68e03 b133238fa39b42e296cd21c2ef23c70e deac786b806f4536b55b3377723c190f - - default default] No more DHCP agents
2026-06-28 21:09:07.377 9 WARNING neutron.api.rpc.agentnotifiers.dhcp_rpc_agent_api [None req-557a9e66-f485-4616-9a7e-24fbaeb68e03 b133238fa39b42e296cd21c2ef23c70e deac786b806f4536b55b3377723c190f - - default default] Unable to schedule network fe2ccc63-fdb3-4e22-9237-58622519fe12: no agents available; will retry on subsequent port and subnet creation events.
2026-06-28 21:09:07.657 9 INFO neutron.db.ovn_revision_numbers_db [None req-557a9e66-f485-4616-9a7e-24fbaeb68e03 b133238fa39b42e296cd21c2ef23c70e deac786b806f4536b55b3377723c190f - - default default] Successfully bumped revision number for resource 87ed87f9-f696-4333-88b0-acc324647a21 (type: subnets) to 0
2026-06-28 21:09:07.672 9 INFO neutron.wsgi [None req-557a9e66-f485-4616-9a7e-24fbaeb68e03 b133238fa39b42e296cd21c2ef23c70e deac786b806f4536b55b3377723c190f - - default default] 10.0.0.131 "POST /v2.0/subnets HTTP/1.1" status: 201 len: 906 time: 0.6492910
2026-06-28 21:09:07.674 9 INFO neutron.wsgi [None req-c8029c0b-27bd-4bb2-afe2-094b4b1cf772 388fb3ab950d4970b11453cb9ad46762 9881195833014bdd854d1eedbd8921f4 - - default default] 10.0.0.131 "DELETE /v2.0/subnetpools/5ba480d7-32a6-4d7f-a6ee-8b43813e4012 HTTP/1.1" status: 204 len: 168 time: 0.2908797
2026-06-28 21:09:07.736 8 INFO neutron.wsgi [None req-732de9f9-ad50-4866-b223-0c8471260737 388fb3ab950d4970b11453cb9ad46762 9881195833014bdd854d1eedbd8921f4 - - default default] 10.0.0.131 "DELETE /v2.0/subnetpools/23317709-4d0f-4768-a025-5368fb4c56e9 HTTP/1.1" status: 204 len: 168 time: 0.0557907
2026-06-28 21:09:07.751 9 INFO neutron.db.segments_db [None req-641d3eb5-6497-4387-8204-09e77ad8b2b9 b133238fa39b42e296cd21c2ef23c70e deac786b806f4536b55b3377723c190f - - default default] Added segment 51975857-457b-46ab-a7fc-1e8bb0833851 of type geneve for network 5d36f857-38e6-42ff-9d0c-8e502325948e
2026-06-28 21:09:07.917 9 INFO neutron.db.ovn_revision_numbers_db [None req-641d3eb5-6497-4387-8204-09e77ad8b2b9 b133238fa39b42e296cd21c2ef23c70e deac786b806f4536b55b3377723c190f - - default default] Successfully bumped revision number for resource 5d36f857-38e6-42ff-9d0c-8e502325948e (type: networks) to 1
2026-06-28 21:09:08.115 9 WARNING neutron.scheduler.dhcp_agent_scheduler [None req-641d3eb5-6497-4387-8204-09e77ad8b2b9 b133238fa39b42e296cd21c2ef23c70e deac786b806f4536b55b3377723c190f - - default default] No more DHCP agents
2026-06-28 21:09:08.117 9 WARNING neutron.api.rpc.agentnotifiers.dhcp_rpc_agent_api [None req-641d3eb5-6497-4387-8204-09e77ad8b2b9 b133238fa39b42e296cd21c2ef23c70e deac786b806f4536b55b3377723c190f - - default default] Unable to schedule network 5d36f857-38e6-42ff-9d0c-8e502325948e: no agents available; will retry on subsequent port and subnet creation events.
2026-06-28 21:09:08.197 9 INFO neutron.db.ovn_revision_numbers_db [None req-641d3eb5-6497-4387-8204-09e77ad8b2b9 b133238fa39b42e296cd21c2ef23c70e deac786b806f4536b55b3377723c190f - - default default] Successfully bumped revision number for resource 2fe608ad-ca8e-42a9-ad3a-d6d1dea56582 (type: ports) to 1
2026-06-28 21:09:08.224 9 INFO neutron.wsgi [None req-641d3eb5-6497-4387-8204-09e77ad8b2b9 b133238fa39b42e296cd21c2ef23c70e deac786b806f4536b55b3377723c190f - - default default] 10.0.0.131 "POST /v2.0/networks HTTP/1.1" status: 201 len: 837 time: 0.5481515
2026-06-28 21:09:08.285 9 INFO neutron.wsgi [-] 10.0.0.157 "GET / HTTP/1.1" status: 200 len: 246 time: 0.0017862
2026-06-28 21:09:08.286 8 INFO neutron.wsgi [-] 10.0.0.157 "GET / HTTP/1.1" status: 200 len: 246 time: 0.0022593
2026-06-28 21:09:08.458 9 WARNING neutron.scheduler.dhcp_agent_scheduler [None req-fb4a663d-eac8-4465-be87-cf320cf9c13f b133238fa39b42e296cd21c2ef23c70e deac786b806f4536b55b3377723c190f - - default default] No more DHCP agents
2026-06-28 21:09:08.459 9 WARNING neutron.api.rpc.agentnotifiers.dhcp_rpc_agent_api [None req-fb4a663d-eac8-4465-be87-cf320cf9c13f b133238fa39b42e296cd21c2ef23c70e deac786b806f4536b55b3377723c190f - - default default] Unable to schedule network 5d36f857-38e6-42ff-9d0c-8e502325948e: no agents available; will retry on subsequent port and subnet creation events.
2026-06-28 21:09:08.829 8 INFO neutron.db.ovn_revision_numbers_db [None req-a439793a-4777-46fd-8069-8aa1874ef33b 7ce99a38adbf44dea1546587a3280700 ef3cff4f372848748245027e5e1fec4f - - default default] Successfully bumped revision number for resource 6628f266-cd24-4446-a02a-62f870d1958b (type: security_groups) to 1
2026-06-28 21:09:08.842 8 INFO neutron.db.ovn_revision_numbers_db [None req-a439793a-4777-46fd-8069-8aa1874ef33b 7ce99a38adbf44dea1546587a3280700 ef3cff4f372848748245027e5e1fec4f - - default default] Successfully bumped revision number for resource 1921b671-d2ea-4a00-8e59-097c96fc866a (type: security_group_rules) to 0
2026-06-28 21:09:08.858 8 INFO neutron.db.ovn_revision_numbers_db [None req-a439793a-4777-46fd-8069-8aa1874ef33b 7ce99a38adbf44dea1546587a3280700 ef3cff4f372848748245027e5e1fec4f - - default default] Successfully bumped revision number for resource 2d976fe3-f09b-4584-90cb-0a5539461f03 (type: security_group_rules) to 0
2026-06-28 21:09:08.876 8 INFO neutron.db.ovn_revision_numbers_db [None req-a439793a-4777-46fd-8069-8aa1874ef33b 7ce99a38adbf44dea1546587a3280700 ef3cff4f372848748245027e5e1fec4f - - default default] Successfully bumped revision number for resource d7fb208b-45f3-4912-b3d4-f4d2ca0e7124 (type: security_group_rules) to 0
2026-06-28 21:09:08.898 9 INFO neutron.db.ovn_revision_numbers_db [None req-fb4a663d-eac8-4465-be87-cf320cf9c13f b133238fa39b42e296cd21c2ef23c70e deac786b806f4536b55b3377723c190f - - default default] Successfully bumped revision number for resource 2fe608ad-ca8e-42a9-ad3a-d6d1dea56582 (type: ports) to 2
2026-06-28 21:09:08.903 8 INFO neutron.db.ovn_revision_numbers_db [None req-a439793a-4777-46fd-8069-8aa1874ef33b 7ce99a38adbf44dea1546587a3280700 ef3cff4f372848748245027e5e1fec4f - - default default] Successfully bumped revision number for resource e8b4016d-6f23-45a4-a7d7-40d554da20e0 (type: security_group_rules) to 0
2026-06-28 21:09:08.930 8 INFO neutron.wsgi [None req-a439793a-4777-46fd-8069-8aa1874ef33b 7ce99a38adbf44dea1546587a3280700 ef3cff4f372848748245027e5e1fec4f - - default default] 10.0.0.131 "GET /v2.0/security-groups?tenant_id=3df5c020c917447083a83ccf48c4d509&name=default HTTP/1.1" status: 200 len: 2996 time: 0.3026450
2026-06-28 21:09:08.942 9 INFO neutron.db.ovn_revision_numbers_db [None req-fb4a663d-eac8-4465-be87-cf320cf9c13f b133238fa39b42e296cd21c2ef23c70e deac786b806f4536b55b3377723c190f - - default default] Successfully bumped revision number for resource 30a91741-ad43-4ef9-a4e7-b935e089b02e (type: subnets) to 0
2026-06-28 21:09:08.965 9 INFO neutron.wsgi [None req-fb4a663d-eac8-4465-be87-cf320cf9c13f b133238fa39b42e296cd21c2ef23c70e deac786b806f4536b55b3377723c190f - - default default] 10.0.0.131 "POST /v2.0/subnets HTTP/1.1" status: 201 len: 829 time: 0.7367783
2026-06-28 21:09:09.262 9 INFO neutron.wsgi [None req-54f5f12b-af61-463a-8376-52c414b7dfce 7ce99a38adbf44dea1546587a3280700 ef3cff4f372848748245027e5e1fec4f - - default default] 10.0.0.131 "DELETE /v2.0/security-groups/6628f266-cd24-4446-a02a-62f870d1958b HTTP/1.1" status: 204 len: 168 time: 0.3269308
2026-06-28 21:09:09.294 9 WARNING neutron.scheduler.dhcp_agent_scheduler [None req-af01cdfc-5a3a-4bab-bed0-0a106c8fb4b6 b133238fa39b42e296cd21c2ef23c70e deac786b806f4536b55b3377723c190f - - default default] No more DHCP agents
2026-06-28 21:09:09.296 9 WARNING neutron.api.rpc.agentnotifiers.dhcp_rpc_agent_api [None req-af01cdfc-5a3a-4bab-bed0-0a106c8fb4b6 b133238fa39b42e296cd21c2ef23c70e deac786b806f4536b55b3377723c190f - - default default] Unable to schedule network 5d36f857-38e6-42ff-9d0c-8e502325948e: no agents available; will retry on subsequent port and subnet creation events.
2026-06-28 21:09:09.322 9 INFO neutron.db.ovn_revision_numbers_db [None req-af01cdfc-5a3a-4bab-bed0-0a106c8fb4b6 b133238fa39b42e296cd21c2ef23c70e deac786b806f4536b55b3377723c190f - - default default] Successfully bumped revision number for resource 2479ac3f-1b5a-4b14-a8ee-19a12abf84bf (type: subnets) to 0
2026-06-28 21:09:09.335 9 INFO neutron.wsgi [None req-af01cdfc-5a3a-4bab-bed0-0a106c8fb4b6 b133238fa39b42e296cd21c2ef23c70e deac786b806f4536b55b3377723c190f - - default default] 10.0.0.131 "POST /v2.0/subnets HTTP/1.1" status: 201 len: 899 time: 0.3650904
2026-06-28 21:09:09.407 9 INFO neutron.db.segments_db [None req-a304eef6-4c55-4489-8f33-77af39a626ad b133238fa39b42e296cd21c2ef23c70e deac786b806f4536b55b3377723c190f - - default default] Added segment 8a5ee6f7-6896-4b45-a5bf-2e3f92db5fa1 of type geneve for network 2e583238-3728-440c-b34d-d73b479b89fa
2026-06-28 21:09:09.528 8 INFO neutron.db.ovn_revision_numbers_db [None req-ca436085-6ef4-443c-b2be-d4f1371bc356 7ce99a38adbf44dea1546587a3280700 ef3cff4f372848748245027e5e1fec4f - - default default] Successfully bumped revision number for resource 861cd59f-6a08-4cff-8ba7-4c545647fd20 (type: security_groups) to 1
2026-06-28 21:09:09.543 8 INFO neutron.db.ovn_revision_numbers_db [None req-ca436085-6ef4-443c-b2be-d4f1371bc356 7ce99a38adbf44dea1546587a3280700 ef3cff4f372848748245027e5e1fec4f - - default default] Successfully bumped revision number for resource 4579c2d2-55de-4810-ac57-9c52dc46c7ac (type: security_group_rules) to 0
2026-06-28 21:09:09.545 9 INFO neutron.db.ovn_revision_numbers_db [None req-a304eef6-4c55-4489-8f33-77af39a626ad b133238fa39b42e296cd21c2ef23c70e deac786b806f4536b55b3377723c190f - - default default] Successfully bumped revision number for resource 2e583238-3728-440c-b34d-d73b479b89fa (type: networks) to 1
2026-06-28 21:09:09.560 8 INFO neutron.db.ovn_revision_numbers_db [None req-ca436085-6ef4-443c-b2be-d4f1371bc356 7ce99a38adbf44dea1546587a3280700 ef3cff4f372848748245027e5e1fec4f - - default default] Successfully bumped revision number for resource b981c096-302e-4592-9cb8-c6238c351b99 (type: security_group_rules) to 0
2026-06-28 21:09:09.580 8 INFO neutron.db.ovn_revision_numbers_db [None req-ca436085-6ef4-443c-b2be-d4f1371bc356 7ce99a38adbf44dea1546587a3280700 ef3cff4f372848748245027e5e1fec4f - - default default] Successfully bumped revision number for resource bdfe8473-fc50-40bb-91de-685cae8ec0bf (type: security_group_rules) to 0
2026-06-28 21:09:09.611 8 INFO neutron.db.ovn_revision_numbers_db [None req-ca436085-6ef4-443c-b2be-d4f1371bc356 7ce99a38adbf44dea1546587a3280700 ef3cff4f372848748245027e5e1fec4f - - default default] Successfully bumped revision number for resource edcc2158-091e-4660-add7-4b02c2384f8d (type: security_group_rules) to 0
2026-06-28 21:09:09.637 8 INFO neutron.wsgi [None req-ca436085-6ef4-443c-b2be-d4f1371bc356 7ce99a38adbf44dea1546587a3280700 ef3cff4f372848748245027e5e1fec4f - - default default] 10.0.0.131 "GET /v2.0/security-groups?tenant_id=9881195833014bdd854d1eedbd8921f4&name=default HTTP/1.1" status: 200 len: 2996 time: 0.2348890
2026-06-28 21:09:09.746 9 WARNING neutron.scheduler.dhcp_agent_scheduler [None req-a304eef6-4c55-4489-8f33-77af39a626ad b133238fa39b42e296cd21c2ef23c70e deac786b806f4536b55b3377723c190f - - default default] No more DHCP agents
2026-06-28 21:09:09.747 9 WARNING neutron.api.rpc.agentnotifiers.dhcp_rpc_agent_api [None req-a304eef6-4c55-4489-8f33-77af39a626ad b133238fa39b42e296cd21c2ef23c70e deac786b806f4536b55b3377723c190f - - default default] Unable to schedule network 2e583238-3728-440c-b34d-d73b479b89fa: no agents available; will retry on subsequent port and subnet creation events.
2026-06-28 21:09:09.833 8 INFO neutron.wsgi [None req-ddd7799d-95ba-4425-9548-ce0f54fa4f7e 7ce99a38adbf44dea1546587a3280700 ef3cff4f372848748245027e5e1fec4f - - default default] 10.0.0.131 "DELETE /v2.0/security-groups/861cd59f-6a08-4cff-8ba7-4c545647fd20 HTTP/1.1" status: 204 len: 168 time: 0.1898735
2026-06-28 21:09:09.842 9 INFO neutron.db.ovn_revision_numbers_db [None req-a304eef6-4c55-4489-8f33-77af39a626ad b133238fa39b42e296cd21c2ef23c70e deac786b806f4536b55b3377723c190f - - default default] Successfully bumped revision number for resource d4bdf375-779b-4ad5-b33b-66c093dac9e4 (type: ports) to 1
2026-06-28 21:09:09.868 9 INFO neutron.wsgi [None req-a304eef6-4c55-4489-8f33-77af39a626ad b133238fa39b42e296cd21c2ef23c70e deac786b806f4536b55b3377723c190f - - default default] 10.0.0.131 "POST /v2.0/networks HTTP/1.1" status: 201 len: 836 time: 0.5271533
2026-06-28 21:09:10.087 8 INFO neutron.db.ovn_revision_numbers_db [None req-8371a6b4-4944-402d-b797-cfb194b8572d 7ce99a38adbf44dea1546587a3280700 ef3cff4f372848748245027e5e1fec4f - - default default] Successfully bumped revision number for resource 2d0afc34-b7dd-404d-b22e-410a051949e9 (type: security_groups) to 1
2026-06-28 21:09:10.105 8 INFO neutron.db.ovn_revision_numbers_db [None req-8371a6b4-4944-402d-b797-cfb194b8572d 7ce99a38adbf44dea1546587a3280700 ef3cff4f372848748245027e5e1fec4f - - default default] Successfully bumped revision number for resource 954412b5-e355-4326-9bc9-ab6ad1b5c595 (type: security_group_rules) to 0
2026-06-28 21:09:10.120 8 INFO neutron.db.ovn_revision_numbers_db [None req-8371a6b4-4944-402d-b797-cfb194b8572d 7ce99a38adbf44dea1546587a3280700 ef3cff4f372848748245027e5e1fec4f - - default default] Successfully bumped revision number for resource b27e368c-3748-4608-ad7e-dddddeec8a0b (type: security_group_rules) to 0
2026-06-28 21:09:10.139 9 WARNING neutron.scheduler.dhcp_agent_scheduler [None req-9cd2255b-4fa8-4931-863b-37eb763818f0 b133238fa39b42e296cd21c2ef23c70e deac786b806f4536b55b3377723c190f - - default default] No more DHCP agents
2026-06-28 21:09:10.142 8 INFO neutron.db.ovn_revision_numbers_db [None req-8371a6b4-4944-402d-b797-cfb194b8572d 7ce99a38adbf44dea1546587a3280700 ef3cff4f372848748245027e5e1fec4f - - default default] Successfully bumped revision number for resource c848e312-6d61-4220-83aa-2ffd5370d007 (type: security_group_rules) to 0
2026-06-28 21:09:10.145 9 WARNING neutron.api.rpc.agentnotifiers.dhcp_rpc_agent_api [None req-9cd2255b-4fa8-4931-863b-37eb763818f0 b133238fa39b42e296cd21c2ef23c70e deac786b806f4536b55b3377723c190f - - default default] Unable to schedule network 2e583238-3728-440c-b34d-d73b479b89fa: no agents available; will retry on subsequent port and subnet creation events.
2026-06-28 21:09:10.157 8 INFO neutron.db.ovn_revision_numbers_db [None req-8371a6b4-4944-402d-b797-cfb194b8572d 7ce99a38adbf44dea1546587a3280700 ef3cff4f372848748245027e5e1fec4f - - default default] Successfully bumped revision number for resource dc15cc5c-6e84-41bc-bbac-d2f69c879d86 (type: security_group_rules) to 0
2026-06-28 21:09:10.177 8 INFO neutron.wsgi [None req-8371a6b4-4944-402d-b797-cfb194b8572d 7ce99a38adbf44dea1546587a3280700 ef3cff4f372848748245027e5e1fec4f - - default default] 10.0.0.131 "GET /v2.0/security-groups?tenant_id=da70be1fdb094f3c8a3898952984f11f&name=default HTTP/1.1" status: 200 len: 2996 time: 0.2165804
2026-06-28 21:09:10.404 8 INFO neutron.wsgi [None req-e66be21f-be9e-4be9-8bdb-f1b2d3ca5b63 7ce99a38adbf44dea1546587a3280700 ef3cff4f372848748245027e5e1fec4f - - default default] 10.0.0.131 "DELETE /v2.0/security-groups/2d0afc34-b7dd-404d-b22e-410a051949e9 HTTP/1.1" status: 204 len: 168 time: 0.2215369
2026-06-28 21:09:10.450 9 INFO neutron.wsgi [None req-8b77f16a-180b-4c5d-8675-61115a204413 2347fd60cd314bf3bbf064c35e39821c b7d7a0510bb94c79b1b3144de5a0bda1 - - default default] 10.0.0.195 "GET /v2.0/extensions HTTP/1.1" status: 200 len: 16525 time: 0.2165995
2026-06-28 21:09:10.647 9 INFO neutron.wsgi [None req-4c6612fb-f50a-4a68-972f-d53c108c9ecf 2347fd60cd314bf3bbf064c35e39821c b7d7a0510bb94c79b1b3144de5a0bda1 - - default default] 10.0.0.195 "GET /v2.0/quotas/b7d7a0510bb94c79b1b3144de5a0bda1/details HTTP/1.1" status: 200 len: 756 time: 0.1770298
2026-06-28 21:09:10.734 9 INFO neutron.db.ovn_revision_numbers_db [None req-9cd2255b-4fa8-4931-863b-37eb763818f0 b133238fa39b42e296cd21c2ef23c70e deac786b806f4536b55b3377723c190f - - default default] Successfully bumped revision number for resource d4bdf375-779b-4ad5-b33b-66c093dac9e4 (type: ports) to 2
2026-06-28 21:09:10.777 9 INFO neutron.db.ovn_revision_numbers_db [None req-9cd2255b-4fa8-4931-863b-37eb763818f0 b133238fa39b42e296cd21c2ef23c70e deac786b806f4536b55b3377723c190f - - default default] Successfully bumped revision number for resource 7829f642-2636-4502-8990-dfddf15dc5d5 (type: subnets) to 0
2026-06-28 21:09:10.790 9 INFO neutron.wsgi [None req-9cd2255b-4fa8-4931-863b-37eb763818f0 b133238fa39b42e296cd21c2ef23c70e deac786b806f4536b55b3377723c190f - - default default] 10.0.0.131 "POST /v2.0/subnets HTTP/1.1" status: 201 len: 831 time: 0.9168487
2026-06-28 21:09:11.081 9 WARNING neutron.scheduler.dhcp_agent_scheduler [None req-2f40030e-1185-4cb1-92ab-96c8357b164e b133238fa39b42e296cd21c2ef23c70e deac786b806f4536b55b3377723c190f - - default default] No more DHCP agents
2026-06-28 21:09:11.084 9 WARNING neutron.api.rpc.agentnotifiers.dhcp_rpc_agent_api [None req-2f40030e-1185-4cb1-92ab-96c8357b164e b133238fa39b42e296cd21c2ef23c70e deac786b806f4536b55b3377723c190f - - default default] Unable to schedule network 2e583238-3728-440c-b34d-d73b479b89fa: no agents available; will retry on subsequent port and subnet creation events.
2026-06-28 21:09:11.129 9 INFO neutron.db.ovn_revision_numbers_db [None req-2f40030e-1185-4cb1-92ab-96c8357b164e b133238fa39b42e296cd21c2ef23c70e deac786b806f4536b55b3377723c190f - - default default] Successfully bumped revision number for resource bbe31e09-53da-4ea2-a247-ad457486188a (type: subnets) to 0
2026-06-28 21:09:11.147 9 INFO neutron.wsgi [None req-2f40030e-1185-4cb1-92ab-96c8357b164e b133238fa39b42e296cd21c2ef23c70e deac786b806f4536b55b3377723c190f - - default default] 10.0.0.131 "POST /v2.0/subnets HTTP/1.1" status: 201 len: 905 time: 0.3481476
2026-06-28 21:09:11.722 8 INFO neutron.db.ovn_revision_numbers_db [None req-437f589b-c88d-4789-9fb1-b3cea7f23306 ad1e96e118a2497fac5fe0259d75ce73 9e0b943a38534c8ba15f5cedd08344c6 - - default default] Successfully bumped revision number for resource c30b6145-3fb0-43b9-88f6-d24a763faf57 (type: security_groups) to 1
2026-06-28 21:09:11.741 8 INFO neutron.db.ovn_revision_numbers_db [None req-437f589b-c88d-4789-9fb1-b3cea7f23306 ad1e96e118a2497fac5fe0259d75ce73 9e0b943a38534c8ba15f5cedd08344c6 - - default default] Successfully bumped revision number for resource 2ba9ac9e-f7c5-47af-a66e-56a0d23a67b1 (type: security_group_rules) to 0
2026-06-28 21:09:11.761 8 INFO neutron.db.ovn_revision_numbers_db [None req-437f589b-c88d-4789-9fb1-b3cea7f23306 ad1e96e118a2497fac5fe0259d75ce73 9e0b943a38534c8ba15f5cedd08344c6 - - default default] Successfully bumped revision number for resource 5231cc4f-b3cf-4782-b115-06c48d2560be (type: security_group_rules) to 0
2026-06-28 21:09:11.785 8 INFO neutron.db.ovn_revision_numbers_db [None req-437f589b-c88d-4789-9fb1-b3cea7f23306 ad1e96e118a2497fac5fe0259d75ce73 9e0b943a38534c8ba15f5cedd08344c6 - - default default] Successfully bumped revision number for resource 63df0844-9b20-4fa7-8dc2-c2831ea46483 (type: security_group_rules) to 0
2026-06-28 21:09:11.798 8 INFO neutron.db.ovn_revision_numbers_db [None req-437f589b-c88d-4789-9fb1-b3cea7f23306 ad1e96e118a2497fac5fe0259d75ce73 9e0b943a38534c8ba15f5cedd08344c6 - - default default] Successfully bumped revision number for resource e2a93158-72a2-4915-a671-8a90a88ccfb6 (type: security_group_rules) to 0
2026-06-28 21:09:11.863 8 INFO neutron.db.segments_db [None req-437f589b-c88d-4789-9fb1-b3cea7f23306 ad1e96e118a2497fac5fe0259d75ce73 9e0b943a38534c8ba15f5cedd08344c6 - - default default] Added segment 0d79392d-772e-4352-8b10-72b8db4327e1 of type geneve for network b29c523f-84e1-4ccf-9091-3057977e4edd
2026-06-28 21:09:11.990 8 WARNING neutron.scheduler.dhcp_agent_scheduler [None req-57c1d1f3-1a9e-4b23-9eff-b43957ad9f24 b133238fa39b42e296cd21c2ef23c70e deac786b806f4536b55b3377723c190f - - default default] No more DHCP agents
2026-06-28 21:09:11.998 8 WARNING neutron.api.rpc.agentnotifiers.dhcp_rpc_agent_api [None req-57c1d1f3-1a9e-4b23-9eff-b43957ad9f24 b133238fa39b42e296cd21c2ef23c70e deac786b806f4536b55b3377723c190f - - default default] Unable to schedule network 58ee145c-34ab-4f5b-bce6-9aed3f94978e: no agents available; will retry on subsequent port and subnet creation events.
2026-06-28 21:09:12.060 8 INFO neutron.db.ovn_revision_numbers_db [None req-437f589b-c88d-4789-9fb1-b3cea7f23306 ad1e96e118a2497fac5fe0259d75ce73 9e0b943a38534c8ba15f5cedd08344c6 - - default default] Successfully bumped revision number for resource b29c523f-84e1-4ccf-9091-3057977e4edd (type: networks) to 1
2026-06-28 21:09:12.250 8 INFO neutron.db.ovn_revision_numbers_db [None req-57c1d1f3-1a9e-4b23-9eff-b43957ad9f24 b133238fa39b42e296cd21c2ef23c70e deac786b806f4536b55b3377723c190f - - default default] Successfully bumped revision number for resource 2294c5c9-9f48-4966-bdce-30650f54ceb6 (type: ports) to 1
2026-06-28 21:09:12.303 8 WARNING neutron.scheduler.dhcp_agent_scheduler [None req-437f589b-c88d-4789-9fb1-b3cea7f23306 ad1e96e118a2497fac5fe0259d75ce73 9e0b943a38534c8ba15f5cedd08344c6 - - default default] No more DHCP agents
2026-06-28 21:09:12.313 8 WARNING neutron.api.rpc.agentnotifiers.dhcp_rpc_agent_api [None req-437f589b-c88d-4789-9fb1-b3cea7f23306 ad1e96e118a2497fac5fe0259d75ce73 9e0b943a38534c8ba15f5cedd08344c6 - - default default] Unable to schedule network b29c523f-84e1-4ccf-9091-3057977e4edd: no agents available; will retry on subsequent port and subnet creation events.
