2026-06-28 21:07:20.004 8 INFO neutron.wsgi [None req-a0b052a4-ebbd-463c-bec2-127066cf4032 412b6d5ce7af4bbe9d6ac10f3475d4d8 d678ec80be784878a79bd240b48b0234 - - default default] 10.0.0.131 "DELETE /v2.0/networks/6e4f062e-b6f3-4445-938a-4b9603d67a42 HTTP/1.1" status: 204 len: 168 time: 0.3921430
2026-06-28 21:07:20.013 8 INFO neutron.db.ovn_revision_numbers_db [None req-3be232ba-4e6a-4036-bba3-68548fb7f215 7ce99a38adbf44dea1546587a3280700 ef3cff4f372848748245027e5e1fec4f - - default default] Successfully bumped revision number for resource 73aa752c-3a58-4866-91b2-c1242deef90a (type: security_group_rules) to 0
2026-06-28 21:07:20.031 8 INFO neutron.db.ovn_revision_numbers_db [None req-3be232ba-4e6a-4036-bba3-68548fb7f215 7ce99a38adbf44dea1546587a3280700 ef3cff4f372848748245027e5e1fec4f - - default default] Successfully bumped revision number for resource e536bfb0-5d3d-45ee-82fa-8c23f4f7a48a (type: security_group_rules) to 0
2026-06-28 21:07:20.058 8 INFO neutron.wsgi [None req-3be232ba-4e6a-4036-bba3-68548fb7f215 7ce99a38adbf44dea1546587a3280700 ef3cff4f372848748245027e5e1fec4f - - default default] 10.0.0.131 "GET /v2.0/security-groups?tenant_id=2ddb1da136f34cdebddf4279a0eebe9e&name=default HTTP/1.1" status: 200 len: 2996 time: 0.3700476
2026-06-28 21:07:20.284 8 INFO neutron.wsgi [None req-8c458ec0-0956-49b9-b577-c69449a684cd 7ce99a38adbf44dea1546587a3280700 ef3cff4f372848748245027e5e1fec4f - - default default] 10.0.0.131 "DELETE /v2.0/security-groups/5834abb5-f5a9-44cf-b4c4-db1d476a060d HTTP/1.1" status: 204 len: 168 time: 0.2223523
2026-06-28 21:07:20.562 9 INFO neutron.db.ovn_revision_numbers_db [None req-ffff605b-98f3-423c-ab5b-1de2481a9e93 7ce99a38adbf44dea1546587a3280700 ef3cff4f372848748245027e5e1fec4f - - default default] Successfully bumped revision number for resource 0fd17df5-3ee1-4e7a-a59b-df6dd9ea0aea (type: security_groups) to 1
2026-06-28 21:07:20.576 9 INFO neutron.db.ovn_revision_numbers_db [None req-ffff605b-98f3-423c-ab5b-1de2481a9e93 7ce99a38adbf44dea1546587a3280700 ef3cff4f372848748245027e5e1fec4f - - default default] Successfully bumped revision number for resource 335be94c-5ad5-4513-9255-f06453db51d2 (type: security_group_rules) to 0
2026-06-28 21:07:20.593 9 INFO neutron.db.ovn_revision_numbers_db [None req-ffff605b-98f3-423c-ab5b-1de2481a9e93 7ce99a38adbf44dea1546587a3280700 ef3cff4f372848748245027e5e1fec4f - - default default] Successfully bumped revision number for resource 391012d0-ac5c-44a8-8bef-50daa48535c2 (type: security_group_rules) to 0
2026-06-28 21:07:20.609 9 INFO neutron.db.ovn_revision_numbers_db [None req-ffff605b-98f3-423c-ab5b-1de2481a9e93 7ce99a38adbf44dea1546587a3280700 ef3cff4f372848748245027e5e1fec4f - - default default] Successfully bumped revision number for resource 672c5767-412f-4365-8cbd-07f018d07114 (type: security_group_rules) to 0
2026-06-28 21:07:20.624 9 INFO neutron.db.ovn_revision_numbers_db [None req-ffff605b-98f3-423c-ab5b-1de2481a9e93 7ce99a38adbf44dea1546587a3280700 ef3cff4f372848748245027e5e1fec4f - - default default] Successfully bumped revision number for resource ca9cb5cb-e65d-47a4-bac4-96d319111d68 (type: security_group_rules) to 0
2026-06-28 21:07:20.636 8 INFO neutron.services.segments.plugin [-] Segment 3e6d0e05-b239-4493-aeb0-c779da60e705 resource provider aggregate not found
2026-06-28 21:07:20.645 8 INFO neutron.services.segments.plugin [-] Segment 3e6d0e05-b239-4493-aeb0-c779da60e705 resource provider aggregate not found
2026-06-28 21:07:20.647 9 INFO neutron.wsgi [None req-ffff605b-98f3-423c-ab5b-1de2481a9e93 7ce99a38adbf44dea1546587a3280700 ef3cff4f372848748245027e5e1fec4f - - default default] 10.0.0.131 "GET /v2.0/security-groups?tenant_id=b6590c95a5e24b799ac73312f90aaea5&name=default HTTP/1.1" status: 200 len: 2996 time: 0.2249296
2026-06-28 21:07:20.652 8 INFO neutron.services.segments.plugin [-] Segment 3e6d0e05-b239-4493-aeb0-c779da60e705 resource provider not found; error: Placement Client Error (4xx): {"errors": [{"status": 404, "title": "Not Found", "detail": "The resource could not be found.\n\n No resource provider with uuid 3e6d0e05-b239-4493-aeb0-c779da60e705 found for delete ", "request_id": "req-06dea479-fdfb-444e-9621-4bfd2dfb1981"}]}
2026-06-28 21:07:20.666 8 INFO neutron.services.segments.plugin [-] Segment 3e6d0e05-b239-4493-aeb0-c779da60e705 resource provider not found; error: Placement Client Error (4xx): {"errors": [{"status": 404, "title": "Not Found", "detail": "The resource could not be found.\n\n No resource provider with uuid 3e6d0e05-b239-4493-aeb0-c779da60e705 found for delete ", "request_id": "req-1b98372a-bccb-494a-baa7-0143049a520c"}]}
2026-06-28 21:07:20.811 8 INFO neutron.wsgi [None req-f0b6e523-06e8-497c-886a-2a8b9e27de3f 7ce99a38adbf44dea1546587a3280700 ef3cff4f372848748245027e5e1fec4f - - default default] 10.0.0.131 "GET /v2.0/security-groups?tenant_id=d678ec80be784878a79bd240b48b0234&name=default HTTP/1.1" status: 200 len: 2996 time: 0.3016558
2026-06-28 21:07:20.829 9 INFO neutron.wsgi [None req-1297d56e-2911-41ca-9948-9ee0389cdc19 7ce99a38adbf44dea1546587a3280700 ef3cff4f372848748245027e5e1fec4f - - default default] 10.0.0.131 "DELETE /v2.0/security-groups/0fd17df5-3ee1-4e7a-a59b-df6dd9ea0aea HTTP/1.1" status: 204 len: 168 time: 0.1789534
2026-06-28 21:07:21.016 8 INFO neutron.wsgi [None req-ac932b87-fa92-46e4-beb4-003894ae63fb 7ce99a38adbf44dea1546587a3280700 ef3cff4f372848748245027e5e1fec4f - - default default] 10.0.0.131 "DELETE /v2.0/security-groups/55ca045e-06b0-4cee-a59a-dc86a28b7067 HTTP/1.1" status: 204 len: 168 time: 0.2001398
2026-06-28 21:07:21.878 8 INFO neutron.db.ovn_revision_numbers_db [None req-ac713793-e848-4994-8521-4adece194ee6 7ce99a38adbf44dea1546587a3280700 ef3cff4f372848748245027e5e1fec4f - - default default] Successfully bumped revision number for resource 54fd49c8-76c2-4490-9c91-dc3631efd02d (type: security_groups) to 1
2026-06-28 21:07:21.893 8 INFO neutron.db.ovn_revision_numbers_db [None req-ac713793-e848-4994-8521-4adece194ee6 7ce99a38adbf44dea1546587a3280700 ef3cff4f372848748245027e5e1fec4f - - default default] Successfully bumped revision number for resource 35677b96-e5e1-4eb5-a30c-db30d6389ef7 (type: security_group_rules) to 0
2026-06-28 21:07:21.912 8 INFO neutron.db.ovn_revision_numbers_db [None req-ac713793-e848-4994-8521-4adece194ee6 7ce99a38adbf44dea1546587a3280700 ef3cff4f372848748245027e5e1fec4f - - default default] Successfully bumped revision number for resource 7844468d-18d5-4d48-a795-d14a53561f26 (type: security_group_rules) to 0
2026-06-28 21:07:21.929 8 INFO neutron.db.ovn_revision_numbers_db [None req-ac713793-e848-4994-8521-4adece194ee6 7ce99a38adbf44dea1546587a3280700 ef3cff4f372848748245027e5e1fec4f - - default default] Successfully bumped revision number for resource 945339f1-84f0-4825-be63-6d5def7188ab (type: security_group_rules) to 0
2026-06-28 21:07:21.943 8 INFO neutron.db.ovn_revision_numbers_db [None req-ac713793-e848-4994-8521-4adece194ee6 7ce99a38adbf44dea1546587a3280700 ef3cff4f372848748245027e5e1fec4f - - default default] Successfully bumped revision number for resource cc1180cc-155d-4889-b69e-02c653e305d8 (type: security_group_rules) to 0
2026-06-28 21:07:21.964 8 INFO neutron.wsgi [None req-ac713793-e848-4994-8521-4adece194ee6 7ce99a38adbf44dea1546587a3280700 ef3cff4f372848748245027e5e1fec4f - - default default] 10.0.0.131 "GET /v2.0/security-groups?tenant_id=2614c0dcecfc48b294b66138671e0814&name=default HTTP/1.1" status: 200 len: 2996 time: 0.3754234
2026-06-28 21:07:22.176 8 INFO neutron.wsgi [None req-07c7568f-f711-4e3f-96f4-d765baa7696c 7ce99a38adbf44dea1546587a3280700 ef3cff4f372848748245027e5e1fec4f - - default default] 10.0.0.131 "DELETE /v2.0/security-groups/54fd49c8-76c2-4490-9c91-dc3631efd02d HTTP/1.1" status: 204 len: 168 time: 0.2071812
2026-06-28 21:07:23.042 8 INFO neutron.db.ovn_revision_numbers_db [None req-83b199be-b58c-46f8-858c-2f261bbc5b31 a4f65b138df14829b6cc0a72da129584 f68e60d44ba8424284599c6287ce7bd0 - - default default] Successfully bumped revision number for resource 4293ed28-808e-4bac-bbd2-d222438e9468 (type: security_groups) to 1
2026-06-28 21:07:23.059 8 INFO neutron.db.ovn_revision_numbers_db [None req-83b199be-b58c-46f8-858c-2f261bbc5b31 a4f65b138df14829b6cc0a72da129584 f68e60d44ba8424284599c6287ce7bd0 - - default default] Successfully bumped revision number for resource 1df967a8-fe24-4883-88d2-5a54a9e31ab2 (type: security_group_rules) to 0
2026-06-28 21:07:23.074 8 INFO neutron.db.ovn_revision_numbers_db [None req-83b199be-b58c-46f8-858c-2f261bbc5b31 a4f65b138df14829b6cc0a72da129584 f68e60d44ba8424284599c6287ce7bd0 - - default default] Successfully bumped revision number for resource 20d018b2-34d3-4c4a-a153-570d55102b0d (type: security_group_rules) to 0
2026-06-28 21:07:23.089 8 INFO neutron.db.ovn_revision_numbers_db [None req-83b199be-b58c-46f8-858c-2f261bbc5b31 a4f65b138df14829b6cc0a72da129584 f68e60d44ba8424284599c6287ce7bd0 - - default default] Successfully bumped revision number for resource 42d20a81-54de-4f9c-9af0-dbae9a518829 (type: security_group_rules) to 0
2026-06-28 21:07:23.104 8 INFO neutron.db.ovn_revision_numbers_db [None req-83b199be-b58c-46f8-858c-2f261bbc5b31 a4f65b138df14829b6cc0a72da129584 f68e60d44ba8424284599c6287ce7bd0 - - default default] Successfully bumped revision number for resource fae61c16-6f2a-4251-a85f-a8ed9f97c56c (type: security_group_rules) to 0
2026-06-28 21:07:23.149 8 INFO neutron.db.segments_db [None req-83b199be-b58c-46f8-858c-2f261bbc5b31 a4f65b138df14829b6cc0a72da129584 f68e60d44ba8424284599c6287ce7bd0 - - default default] Added segment fc7ba61c-6683-49fb-a269-058023232266 of type geneve for network a45f6f2c-8338-477e-8c31-3185920a190e
2026-06-28 21:07:23.285 8 INFO neutron.wsgi [-] 10.0.0.157 "GET / HTTP/1.1" status: 200 len: 246 time: 0.0018330
2026-06-28 21:07:23.286 9 INFO neutron.wsgi [-] 10.0.0.157 "GET / HTTP/1.1" status: 200 len: 246 time: 0.0024989
2026-06-28 21:07:23.292 8 INFO neutron.db.ovn_revision_numbers_db [None req-83b199be-b58c-46f8-858c-2f261bbc5b31 a4f65b138df14829b6cc0a72da129584 f68e60d44ba8424284599c6287ce7bd0 - - default default] Successfully bumped revision number for resource a45f6f2c-8338-477e-8c31-3185920a190e (type: networks) to 1
2026-06-28 21:07:23.496 8 WARNING neutron.scheduler.dhcp_agent_scheduler [None req-83b199be-b58c-46f8-858c-2f261bbc5b31 a4f65b138df14829b6cc0a72da129584 f68e60d44ba8424284599c6287ce7bd0 - - default default] No more DHCP agents
2026-06-28 21:07:23.501 8 WARNING neutron.api.rpc.agentnotifiers.dhcp_rpc_agent_api [None req-83b199be-b58c-46f8-858c-2f261bbc5b31 a4f65b138df14829b6cc0a72da129584 f68e60d44ba8424284599c6287ce7bd0 - - default default] Unable to schedule network a45f6f2c-8338-477e-8c31-3185920a190e: no agents available; will retry on subsequent port and subnet creation events.
2026-06-28 21:07:23.605 8 INFO neutron.db.ovn_revision_numbers_db [None req-83b199be-b58c-46f8-858c-2f261bbc5b31 a4f65b138df14829b6cc0a72da129584 f68e60d44ba8424284599c6287ce7bd0 - - default default] Successfully bumped revision number for resource 5f886ec9-76c6-478e-9193-205fccf1c943 (type: ports) to 1
2026-06-28 21:07:23.631 8 INFO neutron.wsgi [None req-83b199be-b58c-46f8-858c-2f261bbc5b31 a4f65b138df14829b6cc0a72da129584 f68e60d44ba8424284599c6287ce7bd0 - - default default] 10.0.0.131 "POST /v2.0/networks HTTP/1.1" status: 201 len: 828 time: 0.8183997
2026-06-28 21:07:23.720 8 INFO neutron.db.segments_db [None req-3ae48752-8f40-46c3-bf05-b0726052b8fd a4f65b138df14829b6cc0a72da129584 f68e60d44ba8424284599c6287ce7bd0 - - default default] Added segment 35c0c5bf-c214-4562-9199-9efd16636c4d of type geneve for network 6fbb8a92-6584-4821-928f-f0fb104fed28
2026-06-28 21:07:23.884 8 INFO neutron.db.ovn_revision_numbers_db [None req-3ae48752-8f40-46c3-bf05-b0726052b8fd a4f65b138df14829b6cc0a72da129584 f68e60d44ba8424284599c6287ce7bd0 - - default default] Successfully bumped revision number for resource 6fbb8a92-6584-4821-928f-f0fb104fed28 (type: networks) to 1
2026-06-28 21:07:24.085 8 WARNING neutron.scheduler.dhcp_agent_scheduler [None req-3ae48752-8f40-46c3-bf05-b0726052b8fd a4f65b138df14829b6cc0a72da129584 f68e60d44ba8424284599c6287ce7bd0 - - default default] No more DHCP agents
2026-06-28 21:07:24.087 8 WARNING neutron.api.rpc.agentnotifiers.dhcp_rpc_agent_api [None req-3ae48752-8f40-46c3-bf05-b0726052b8fd a4f65b138df14829b6cc0a72da129584 f68e60d44ba8424284599c6287ce7bd0 - - default default] Unable to schedule network 6fbb8a92-6584-4821-928f-f0fb104fed28: no agents available; will retry on subsequent port and subnet creation events.
2026-06-28 21:07:24.183 8 INFO neutron.db.ovn_revision_numbers_db [None req-3ae48752-8f40-46c3-bf05-b0726052b8fd a4f65b138df14829b6cc0a72da129584 f68e60d44ba8424284599c6287ce7bd0 - - default default] Successfully bumped revision number for resource 6f5d15da-7741-408b-b813-77ed5c8a15e8 (type: ports) to 1
2026-06-28 21:07:24.207 8 INFO neutron.wsgi [None req-3ae48752-8f40-46c3-bf05-b0726052b8fd a4f65b138df14829b6cc0a72da129584 f68e60d44ba8424284599c6287ce7bd0 - - default default] 10.0.0.131 "POST /v2.0/networks HTTP/1.1" status: 201 len: 829 time: 0.5706761
2026-06-28 21:07:24.466 8 WARNING neutron.scheduler.dhcp_agent_scheduler [None req-7d5f8cd5-8704-4cfa-8dbc-467f2fd8ae9e a4f65b138df14829b6cc0a72da129584 f68e60d44ba8424284599c6287ce7bd0 - - default default] No more DHCP agents
2026-06-28 21:07:24.470 8 WARNING neutron.api.rpc.agentnotifiers.dhcp_rpc_agent_api [None req-7d5f8cd5-8704-4cfa-8dbc-467f2fd8ae9e a4f65b138df14829b6cc0a72da129584 f68e60d44ba8424284599c6287ce7bd0 - - default default] Unable to schedule network a45f6f2c-8338-477e-8c31-3185920a190e: no agents available; will retry on subsequent port and subnet creation events.
2026-06-28 21:07:24.893 8 INFO neutron.db.ovn_revision_numbers_db [None req-7d5f8cd5-8704-4cfa-8dbc-467f2fd8ae9e a4f65b138df14829b6cc0a72da129584 f68e60d44ba8424284599c6287ce7bd0 - - default default] Successfully bumped revision number for resource 5f886ec9-76c6-478e-9193-205fccf1c943 (type: ports) to 2
2026-06-28 21:07:24.933 8 INFO neutron.db.ovn_revision_numbers_db [None req-7d5f8cd5-8704-4cfa-8dbc-467f2fd8ae9e a4f65b138df14829b6cc0a72da129584 f68e60d44ba8424284599c6287ce7bd0 - - default default] Successfully bumped revision number for resource 578d25c2-5b1b-42b1-aea5-579a32139bd6 (type: subnets) to 0
2026-06-28 21:07:24.946 8 INFO neutron.wsgi [None req-7d5f8cd5-8704-4cfa-8dbc-467f2fd8ae9e a4f65b138df14829b6cc0a72da129584 f68e60d44ba8424284599c6287ce7bd0 - - default default] 10.0.0.131 "POST /v2.0/subnets HTTP/1.1" status: 201 len: 801 time: 0.7339511
2026-06-28 21:07:25.207 8 WARNING neutron.scheduler.dhcp_agent_scheduler [None req-ceb61e97-01d9-4055-81f8-03574abc475d a4f65b138df14829b6cc0a72da129584 f68e60d44ba8424284599c6287ce7bd0 - - default default] No more DHCP agents
2026-06-28 21:07:25.208 8 WARNING neutron.api.rpc.agentnotifiers.dhcp_rpc_agent_api [None req-ceb61e97-01d9-4055-81f8-03574abc475d a4f65b138df14829b6cc0a72da129584 f68e60d44ba8424284599c6287ce7bd0 - - default default] Unable to schedule network 6fbb8a92-6584-4821-928f-f0fb104fed28: no agents available; will retry on subsequent port and subnet creation events.
2026-06-28 21:07:25.707 8 INFO neutron.db.ovn_revision_numbers_db [None req-ceb61e97-01d9-4055-81f8-03574abc475d a4f65b138df14829b6cc0a72da129584 f68e60d44ba8424284599c6287ce7bd0 - - default default] Successfully bumped revision number for resource 6f5d15da-7741-408b-b813-77ed5c8a15e8 (type: ports) to 2
2026-06-28 21:07:25.741 8 INFO neutron.db.ovn_revision_numbers_db [None req-ceb61e97-01d9-4055-81f8-03574abc475d a4f65b138df14829b6cc0a72da129584 f68e60d44ba8424284599c6287ce7bd0 - - default default] Successfully bumped revision number for resource d42728c3-4e86-4667-88aa-e060ae2cb2c9 (type: subnets) to 0
2026-06-28 21:07:25.761 8 INFO neutron.wsgi [None req-ceb61e97-01d9-4055-81f8-03574abc475d a4f65b138df14829b6cc0a72da129584 f68e60d44ba8424284599c6287ce7bd0 - - default default] 10.0.0.131 "POST /v2.0/subnets HTTP/1.1" status: 201 len: 801 time: 0.8079791
2026-06-28 21:07:25.934 9 INFO neutron.db.ovn_revision_numbers_db [None req-404365cd-abfb-4107-be6a-57898b578311 a4f65b138df14829b6cc0a72da129584 f68e60d44ba8424284599c6287ce7bd0 - - default default] Successfully bumped revision number for resource 727dd8e5-fc54-4b8e-b079-e054a22e6c80 (type: routers) to 1
2026-06-28 21:07:25.950 9 INFO neutron.wsgi [None req-404365cd-abfb-4107-be6a-57898b578311 a4f65b138df14829b6cc0a72da129584 f68e60d44ba8424284599c6287ce7bd0 - - default default] 10.0.0.131 "POST /v2.0/routers HTTP/1.1" status: 201 len: 687 time: 0.1843450
2026-06-28 21:07:26.371 9 WARNING neutron.scheduler.dhcp_agent_scheduler [None req-a8550898-cde4-4eba-9701-948355ad8b75 a4f65b138df14829b6cc0a72da129584 f68e60d44ba8424284599c6287ce7bd0 - - default default] No more DHCP agents
2026-06-28 21:07:26.374 9 WARNING neutron.api.rpc.agentnotifiers.dhcp_rpc_agent_api [None req-a8550898-cde4-4eba-9701-948355ad8b75 a4f65b138df14829b6cc0a72da129584 f68e60d44ba8424284599c6287ce7bd0 - - default default] Unable to schedule network a45f6f2c-8338-477e-8c31-3185920a190e: no agents available; will retry on subsequent port and subnet creation events.
2026-06-28 21:07:26.512 9 INFO neutron.db.ovn_revision_numbers_db [None req-a8550898-cde4-4eba-9701-948355ad8b75 a4f65b138df14829b6cc0a72da129584 f68e60d44ba8424284599c6287ce7bd0 - - default default] Successfully bumped revision number for resource 7b24756a-d323-447c-a7a0-cc6a643f9cf4 (type: ports) to 1
2026-06-28 21:07:26.593 9 INFO neutron.wsgi [req-9462434d-be9f-49d9-a1b9-414ff997cc9e req-a9bc92b2-9386-4b09-a1b6-bfbf490c4a83 e19a0c7f39814e7bb6223dda14ce4989 cdb6b868bba9469ca81c23ad0bcd2f01 - - d1146906f66a4a0cb46ecefe67aee84b d1146906f66a4a0cb46ecefe67aee84b] 10.0.0.50 "GET /v2.0/ports?device_id=54dda468-ea03-45ef-b720-9edf7a1852b5 HTTP/1.1" status: 200 len: 1409 time: 0.0326366
2026-06-28 21:07:26.638 9 INFO neutron.wsgi [req-9462434d-be9f-49d9-a1b9-414ff997cc9e req-6d88c58e-8e04-4acd-87c7-ab52735f5248 e19a0c7f39814e7bb6223dda14ce4989 cdb6b868bba9469ca81c23ad0bcd2f01 - - d1146906f66a4a0cb46ecefe67aee84b d1146906f66a4a0cb46ecefe67aee84b] 10.0.0.50 "GET /v2.0/security-groups?id=8a64a86b-52be-4e4f-83e3-6a61ddedca7a&fields=id&fields=name HTTP/1.1" status: 200 len: 313 time: 0.0347183
2026-06-28 21:07:26.772 8 INFO neutron.db.ovn_revision_numbers_db [None req-5b3901ec-f43a-4784-9ce3-b62afeabd221 7ce99a38adbf44dea1546587a3280700 ef3cff4f372848748245027e5e1fec4f - - default default] Successfully bumped revision number for resource 0ed54022-863e-46ea-8d65-358f84dc3a3d (type: security_groups) to 1
2026-06-28 21:07:26.779 8 INFO neutron.db.ovn_revision_numbers_db [None req-cafc6ad0-996d-4c7f-b1be-c3634b580b82 7ce99a38adbf44dea1546587a3280700 ef3cff4f372848748245027e5e1fec4f - - default default] Successfully bumped revision number for resource 8718eb01-c7f3-49b6-b4e2-304b150b9736 (type: security_groups) to 1
2026-06-28 21:07:26.789 8 INFO neutron.db.ovn_revision_numbers_db [None req-5b3901ec-f43a-4784-9ce3-b62afeabd221 7ce99a38adbf44dea1546587a3280700 ef3cff4f372848748245027e5e1fec4f - - default default] Successfully bumped revision number for resource 9054629f-9bf0-4768-90f2-6901ecff959c (type: security_group_rules) to 0
2026-06-28 21:07:26.796 8 INFO neutron.db.ovn_revision_numbers_db [None req-cafc6ad0-996d-4c7f-b1be-c3634b580b82 7ce99a38adbf44dea1546587a3280700 ef3cff4f372848748245027e5e1fec4f - - default default] Successfully bumped revision number for resource 3f784edb-09fe-4bea-a70b-66780d6f2eaf (type: security_group_rules) to 0
2026-06-28 21:07:26.803 8 INFO neutron.db.ovn_revision_numbers_db [None req-5b3901ec-f43a-4784-9ce3-b62afeabd221 7ce99a38adbf44dea1546587a3280700 ef3cff4f372848748245027e5e1fec4f - - default default] Successfully bumped revision number for resource 906141da-7fee-4413-9c5b-10f851ad1b34 (type: security_group_rules) to 0
2026-06-28 21:07:26.810 8 INFO neutron.db.ovn_revision_numbers_db [None req-cafc6ad0-996d-4c7f-b1be-c3634b580b82 7ce99a38adbf44dea1546587a3280700 ef3cff4f372848748245027e5e1fec4f - - default default] Successfully bumped revision number for resource a57900ea-5c65-48e5-bdb5-9aebc2097995 (type: security_group_rules) to 0
2026-06-28 21:07:26.822 8 INFO neutron.db.ovn_revision_numbers_db [None req-5b3901ec-f43a-4784-9ce3-b62afeabd221 7ce99a38adbf44dea1546587a3280700 ef3cff4f372848748245027e5e1fec4f - - default default] Successfully bumped revision number for resource d702a0c5-184a-44d6-9c1f-ed999e938ead (type: security_group_rules) to 0
2026-06-28 21:07:26.825 8 INFO neutron.db.ovn_revision_numbers_db [None req-cafc6ad0-996d-4c7f-b1be-c3634b580b82 7ce99a38adbf44dea1546587a3280700 ef3cff4f372848748245027e5e1fec4f - - default default] Successfully bumped revision number for resource c8df90d0-83e5-4550-943d-f490cf41a404 (type: security_group_rules) to 0
2026-06-28 21:07:26.837 8 INFO neutron.db.ovn_revision_numbers_db [None req-5b3901ec-f43a-4784-9ce3-b62afeabd221 7ce99a38adbf44dea1546587a3280700 ef3cff4f372848748245027e5e1fec4f - - default default] Successfully bumped revision number for resource d7691d59-11d9-41a8-8676-bd94e0585e97 (type: security_group_rules) to 0
2026-06-28 21:07:26.840 8 INFO neutron.db.ovn_revision_numbers_db [None req-cafc6ad0-996d-4c7f-b1be-c3634b580b82 7ce99a38adbf44dea1546587a3280700 ef3cff4f372848748245027e5e1fec4f - - default default] Successfully bumped revision number for resource f3d5f78c-6986-41f2-9bd4-fee6ea776d26 (type: security_group_rules) to 0
2026-06-28 21:07:26.867 8 INFO neutron.plugins.ml2.drivers.ovn.mech_driver.mech_driver [None req-b5cebebb-68c9-48bf-9c48-93b3cf057bd6 - - - - - -] OVN reports status up for port: 7b24756a-d323-447c-a7a0-cc6a643f9cf4
2026-06-28 21:07:26.871 8 INFO neutron.wsgi [None req-5b3901ec-f43a-4784-9ce3-b62afeabd221 7ce99a38adbf44dea1546587a3280700 ef3cff4f372848748245027e5e1fec4f - - default default] 10.0.0.131 "GET /v2.0/security-groups?tenant_id=6395adab1fa44b2eaaf3bbcf4b1dd2c0&name=default HTTP/1.1" status: 200 len: 2996 time: 0.4069948
2026-06-28 21:07:26.875 8 INFO neutron.wsgi [None req-cafc6ad0-996d-4c7f-b1be-c3634b580b82 7ce99a38adbf44dea1546587a3280700 ef3cff4f372848748245027e5e1fec4f - - default default] 10.0.0.131 "GET /v2.0/security-groups?tenant_id=b71131aaf8d7473c8415bca29a6f3cc9&name=default HTTP/1.1" status: 200 len: 2996 time: 0.3112962
2026-06-28 21:07:26.882 8 INFO neutron.plugins.ml2.plugin [None req-b5cebebb-68c9-48bf-9c48-93b3cf057bd6 - - - - - -] Attempt 1 to provision port 7b24756a-d323-447c-a7a0-cc6a643f9cf4
2026-06-28 21:07:26.902 9 INFO neutron.db.ovn_revision_numbers_db [None req-a8550898-cde4-4eba-9701-948355ad8b75 a4f65b138df14829b6cc0a72da129584 f68e60d44ba8424284599c6287ce7bd0 - - default default] Successfully bumped revision number for resource 7b24756a-d323-447c-a7a0-cc6a643f9cf4 (type: router_ports) to 1
2026-06-28 21:07:27.137 9 INFO neutron.db.ovn_revision_numbers_db [None req-a8550898-cde4-4eba-9701-948355ad8b75 a4f65b138df14829b6cc0a72da129584 f68e60d44ba8424284599c6287ce7bd0 - - default default] Successfully bumped revision number for resource 7b24756a-d323-447c-a7a0-cc6a643f9cf4 (type: ports) to 1
2026-06-28 21:07:27.182 8 INFO neutron.wsgi [None req-ac50b7f0-60bd-40c6-b2a6-1254ce8c2a4d 7ce99a38adbf44dea1546587a3280700 ef3cff4f372848748245027e5e1fec4f - - default default] 10.0.0.131 "DELETE /v2.0/security-groups/8718eb01-c7f3-49b6-b4e2-304b150b9736 HTTP/1.1" status: 204 len: 168 time: 0.2983668
2026-06-28 21:07:27.205 9 INFO neutron.wsgi [None req-58f30d54-784c-4b4d-a19e-0c87ec50d0eb 7ce99a38adbf44dea1546587a3280700 ef3cff4f372848748245027e5e1fec4f - - default default] 10.0.0.131 "DELETE /v2.0/security-groups/0ed54022-863e-46ea-8d65-358f84dc3a3d HTTP/1.1" status: 204 len: 168 time: 0.3301899
2026-06-28 21:07:27.214 9 WARNING neutron.scheduler.dhcp_agent_scheduler [None req-a8550898-cde4-4eba-9701-948355ad8b75 a4f65b138df14829b6cc0a72da129584 f68e60d44ba8424284599c6287ce7bd0 - - default default] No more DHCP agents
2026-06-28 21:07:27.221 9 WARNING neutron.api.rpc.agentnotifiers.dhcp_rpc_agent_api [None req-a8550898-cde4-4eba-9701-948355ad8b75 a4f65b138df14829b6cc0a72da129584 f68e60d44ba8424284599c6287ce7bd0 - - default default] Unable to schedule network a45f6f2c-8338-477e-8c31-3185920a190e: no agents available; will retry on subsequent port and subnet creation events.
2026-06-28 21:07:27.240 8 INFO neutron.db.ovn_revision_numbers_db [None req-b5cebebb-68c9-48bf-9c48-93b3cf057bd6 - - - - - -] Successfully bumped revision number for resource 7b24756a-d323-447c-a7a0-cc6a643f9cf4 (type: ports) to 2
2026-06-28 21:07:27.383 8 INFO neutron.db.ovn_revision_numbers_db [None req-b5cebebb-68c9-48bf-9c48-93b3cf057bd6 - - - - - -] Successfully bumped revision number for resource 7b24756a-d323-447c-a7a0-cc6a643f9cf4 (type: router_ports) to 2
2026-06-28 21:07:27.427 9 INFO neutron.db.ovn_revision_numbers_db [None req-a8550898-cde4-4eba-9701-948355ad8b75 a4f65b138df14829b6cc0a72da129584 f68e60d44ba8424284599c6287ce7bd0 - - default default] Successfully bumped revision number for resource 7b24756a-d323-447c-a7a0-cc6a643f9cf4 (type: router_ports) to 2
2026-06-28 21:07:27.429 8 INFO neutron.db.ovn_revision_numbers_db [None req-c897e074-9591-47d6-b561-30fd8eee8a96 7ce99a38adbf44dea1546587a3280700 ef3cff4f372848748245027e5e1fec4f - - default default] Successfully bumped revision number for resource 1a365b47-cbbe-43c2-8e78-053f7a2e0500 (type: security_groups) to 1
2026-06-28 21:07:27.430 9 INFO neutron.wsgi [None req-a8550898-cde4-4eba-9701-948355ad8b75 a4f65b138df14829b6cc0a72da129584 f68e60d44ba8424284599c6287ce7bd0 - - default default] 10.0.0.131 "PUT /v2.0/routers/727dd8e5-fc54-4b8e-b079-e054a22e6c80/add_router_interface HTTP/1.1" status: 200 len: 503 time: 1.4739571
2026-06-28 21:07:27.443 8 INFO neutron.db.ovn_revision_numbers_db [None req-c897e074-9591-47d6-b561-30fd8eee8a96 7ce99a38adbf44dea1546587a3280700 ef3cff4f372848748245027e5e1fec4f - - default default] Successfully bumped revision number for resource 3139f9a6-7049-4d40-8008-e908198cd716 (type: security_group_rules) to 0
2026-06-28 21:07:27.465 8 INFO neutron.db.ovn_revision_numbers_db [None req-c897e074-9591-47d6-b561-30fd8eee8a96 7ce99a38adbf44dea1546587a3280700 ef3cff4f372848748245027e5e1fec4f - - default default] Successfully bumped revision number for resource 5bfef1ab-fe05-4173-b0dc-fdc30d5d0834 (type: security_group_rules) to 0
2026-06-28 21:07:27.491 8 INFO neutron.db.ovn_revision_numbers_db [None req-c897e074-9591-47d6-b561-30fd8eee8a96 7ce99a38adbf44dea1546587a3280700 ef3cff4f372848748245027e5e1fec4f - - default default] Successfully bumped revision number for resource 74848c54-1880-41e0-ae3f-715aa550fca2 (type: security_group_rules) to 0
2026-06-28 21:07:27.505 8 INFO neutron.db.ovn_revision_numbers_db [None req-c897e074-9591-47d6-b561-30fd8eee8a96 7ce99a38adbf44dea1546587a3280700 ef3cff4f372848748245027e5e1fec4f - - default default] Successfully bumped revision number for resource ec299bdd-6166-447d-a17e-98f75c41b201 (type: security_group_rules) to 0
2026-06-28 21:07:27.526 8 INFO neutron.wsgi [None req-c897e074-9591-47d6-b561-30fd8eee8a96 7ce99a38adbf44dea1546587a3280700 ef3cff4f372848748245027e5e1fec4f - - default default] 10.0.0.131 "GET /v2.0/security-groups?tenant_id=529a83a468464acb80cfebc2daa44c61&name=default HTTP/1.1" status: 200 len: 2996 time: 0.2415018
2026-06-28 21:07:27.533 9 INFO neutron.wsgi [None req-f5b07cdf-946a-426f-83a9-98310fd9d4fd a4f65b138df14829b6cc0a72da129584 f68e60d44ba8424284599c6287ce7bd0 - - default default] 10.0.0.131 "GET /v2.0/ports/7b24756a-d323-447c-a7a0-cc6a643f9cf4 HTTP/1.1" status: 200 len: 1137 time: 0.0970974
2026-06-28 21:07:27.717 8 INFO neutron.wsgi [None req-818135ff-caf4-4522-a09c-fbce9ef3fbf5 7ce99a38adbf44dea1546587a3280700 ef3cff4f372848748245027e5e1fec4f - - default default] 10.0.0.131 "DELETE /v2.0/security-groups/1a365b47-cbbe-43c2-8e78-053f7a2e0500 HTTP/1.1" status: 204 len: 168 time: 0.1855319
2026-06-28 21:07:28.065 9 WARNING neutron.scheduler.dhcp_agent_scheduler [None req-9b99de09-bc94-4c59-ab64-c5fd643a0de2 a4f65b138df14829b6cc0a72da129584 f68e60d44ba8424284599c6287ce7bd0 - - default default] No more DHCP agents
2026-06-28 21:07:28.066 9 WARNING neutron.api.rpc.agentnotifiers.dhcp_rpc_agent_api [None req-9b99de09-bc94-4c59-ab64-c5fd643a0de2 a4f65b138df14829b6cc0a72da129584 f68e60d44ba8424284599c6287ce7bd0 - - default default] Unable to schedule network 6fbb8a92-6584-4821-928f-f0fb104fed28: no agents available; will retry on subsequent port and subnet creation events.
2026-06-28 21:07:28.249 9 INFO neutron.db.ovn_revision_numbers_db [None req-9b99de09-bc94-4c59-ab64-c5fd643a0de2 a4f65b138df14829b6cc0a72da129584 f68e60d44ba8424284599c6287ce7bd0 - - default default] Successfully bumped revision number for resource bb76c62d-ecae-4fa9-a190-b6d808565ef0 (type: ports) to 1
2026-06-28 21:07:28.409 8 INFO neutron.wsgi [None req-b2752940-257f-432a-a86d-8bcc04a03aca 7ce99a38adbf44dea1546587a3280700 ef3cff4f372848748245027e5e1fec4f - - default default] 10.0.0.4 "GET /v2.0/routers HTTP/1.1" status: 200 len: 1345 time: 0.1686132
2026-06-28 21:07:28.429 8 INFO neutron.wsgi [None req-b07947d5-7861-475d-a532-001c02c1955b 7ce99a38adbf44dea1546587a3280700 ef3cff4f372848748245027e5e1fec4f - - default default] 10.0.0.4 "GET /v2.0/agents?binary=ovn-controller HTTP/1.1" status: 200 len: 591 time: 0.0195098
2026-06-28 21:07:28.441 8 INFO neutron.wsgi [None req-aa347637-be16-428e-9256-d96b6f366a4b 7ce99a38adbf44dea1546587a3280700 ef3cff4f372848748245027e5e1fec4f - - default default] 10.0.0.4 "GET /v2.0/agents HTTP/1.1" status: 200 len: 997 time: 0.0096486
2026-06-28 21:07:28.453 8 INFO neutron.wsgi [None req-b233bd18-61ce-4afb-8407-66914439b90d 7ce99a38adbf44dea1546587a3280700 ef3cff4f372848748245027e5e1fec4f - - default default] 10.0.0.4 "GET /v2.0/network-ip-availabilities HTTP/1.1" status: 200 len: 2579 time: 0.0098500
2026-06-28 21:07:28.503 8 INFO neutron.wsgi [None req-a4124393-ebb3-4930-a24b-87e70de66ed6 7ce99a38adbf44dea1546587a3280700 ef3cff4f372848748245027e5e1fec4f - - default default] 10.0.0.4 "GET /v2.0/security-groups HTTP/1.1" status: 200 len: 25105 time: 0.0485661
2026-06-28 21:07:28.547 8 INFO neutron.wsgi [None req-803c2950-6d82-4dd4-a9b4-80c844d44860 7ce99a38adbf44dea1546587a3280700 ef3cff4f372848748245027e5e1fec4f - - default default] 10.0.0.4 "GET /v2.0/subnets HTTP/1.1" status: 200 len: 3312 time: 0.0351548
2026-06-28 21:07:28.583 8 INFO neutron.wsgi [None req-070f2332-6605-464b-a2bf-7511e5b7c2de 7ce99a38adbf44dea1546587a3280700 ef3cff4f372848748245027e5e1fec4f - - default default] 10.0.0.4 "GET /v2.0/ports HTTP/1.1" status: 200 len: 14979 time: 0.0328593
2026-06-28 21:07:28.629 8 INFO neutron.wsgi [None req-cd2a92dc-071b-42cd-959f-f6390d89830f 7ce99a38adbf44dea1546587a3280700 ef3cff4f372848748245027e5e1fec4f - - default default] 10.0.0.4 "GET /v2.0/subnets HTTP/1.1" status: 200 len: 3312 time: 0.0371847
2026-06-28 21:07:28.641 8 INFO neutron.wsgi [None req-43ea32c0-2917-45ce-9200-bc0b0fd00399 7ce99a38adbf44dea1546587a3280700 ef3cff4f372848748245027e5e1fec4f - - default default] 10.0.0.4 "GET /v2.0/subnetpools HTTP/1.1" status: 200 len: 193 time: 0.0097675
2026-06-28 21:07:28.681 8 INFO neutron.wsgi [None req-71b075b5-e12a-4f06-8f96-5ad67e4a023c 7ce99a38adbf44dea1546587a3280700 ef3cff4f372848748245027e5e1fec4f - - default default] 10.0.0.4 "GET /v2.0/floatingips HTTP/1.1" status: 200 len: 1035 time: 0.0398083
2026-06-28 21:07:28.765 8 INFO neutron.wsgi [None req-e494c840-c67c-482a-8b9b-5f0b830bf72a 7ce99a38adbf44dea1546587a3280700 ef3cff4f372848748245027e5e1fec4f - - default default] 10.0.0.4 "GET /v2.0/networks HTTP/1.1" status: 200 len: 4592 time: 0.0823364
2026-06-28 21:07:28.858 9 INFO neutron.db.ovn_revision_numbers_db [None req-9b99de09-bc94-4c59-ab64-c5fd643a0de2 a4f65b138df14829b6cc0a72da129584 f68e60d44ba8424284599c6287ce7bd0 - - default default] Successfully bumped revision number for resource bb76c62d-ecae-4fa9-a190-b6d808565ef0 (type: router_ports) to 1
2026-06-28 21:07:28.995 9 INFO neutron.db.ovn_revision_numbers_db [None req-9b99de09-bc94-4c59-ab64-c5fd643a0de2 a4f65b138df14829b6cc0a72da129584 f68e60d44ba8424284599c6287ce7bd0 - - default default] Successfully bumped revision number for resource bb76c62d-ecae-4fa9-a190-b6d808565ef0 (type: ports) to 1
2026-06-28 21:07:29.076 9 WARNING neutron.scheduler.dhcp_agent_scheduler [None req-9b99de09-bc94-4c59-ab64-c5fd643a0de2 a4f65b138df14829b6cc0a72da129584 f68e60d44ba8424284599c6287ce7bd0 - - default default] No more DHCP agents
2026-06-28 21:07:29.079 9 WARNING neutron.api.rpc.agentnotifiers.dhcp_rpc_agent_api [None req-9b99de09-bc94-4c59-ab64-c5fd643a0de2 a4f65b138df14829b6cc0a72da129584 f68e60d44ba8424284599c6287ce7bd0 - - default default] Unable to schedule network 6fbb8a92-6584-4821-928f-f0fb104fed28: no agents available; will retry on subsequent port and subnet creation events.
2026-06-28 21:07:29.085 8 INFO neutron.wsgi [None req-95244dbe-aaac-4a6e-a53c-867b53d72a14 b9d52388ac434073b2ed85e9ba6c3533 cf69961c94a746f3a6ac369af68569cc - - default default] 10.0.0.131 "GET /v2.0/extensions HTTP/1.1" status: 200 len: 16520 time: 0.1847003
2026-06-28 21:07:29.102 8 INFO neutron.wsgi [None req-affaa7a9-ac80-407f-9a62-fd23f1257a6e b9d52388ac434073b2ed85e9ba6c3533 cf69961c94a746f3a6ac369af68569cc - - default default] 10.0.0.131 "GET /v2.0/extensions/address-group HTTP/1.1" status: 200 len: 353 time: 0.0074804
2026-06-28 21:07:29.112 8 INFO neutron.wsgi [None req-cec2773c-4250-45da-bdf6-410bd0264421 b9d52388ac434073b2ed85e9ba6c3533 cf69961c94a746f3a6ac369af68569cc - - default default] 10.0.0.131 "GET /v2.0/extensions/address-scope HTTP/1.1" status: 200 len: 357 time: 0.0048516
2026-06-28 21:07:29.121 8 INFO neutron.wsgi [None req-5b38fdac-dbcd-4c69-a064-ba8ddb8252dd b9d52388ac434073b2ed85e9ba6c3533 cf69961c94a746f3a6ac369af68569cc - - default default] 10.0.0.131 "GET /v2.0/extensions/agent HTTP/1.1" status: 200 len: 347 time: 0.0053463
2026-06-28 21:07:29.131 8 INFO neutron.wsgi [None req-2349a234-89d3-42d3-92df-222f0610c214 b9d52388ac434073b2ed85e9ba6c3533 cf69961c94a746f3a6ac369af68569cc - - default default] 10.0.0.131 "GET /v2.0/extensions/allowed-address-pairs HTTP/1.1" status: 200 len: 378 time: 0.0036452
2026-06-28 21:07:29.139 8 INFO neutron.wsgi [None req-2517a7f3-6648-45e6-bbc1-0053ca672fdf b9d52388ac434073b2ed85e9ba6c3533 cf69961c94a746f3a6ac369af68569cc - - default default] 10.0.0.131 "GET /v2.0/extensions/auto-allocated-topology HTTP/1.1" status: 200 len: 394 time: 0.0045617
2026-06-28 21:07:29.146 8 INFO neutron.wsgi [None req-ba882c3d-6a19-4ef7-8fcd-2c3d742879bd b9d52388ac434073b2ed85e9ba6c3533 cf69961c94a746f3a6ac369af68569cc - - default default] 10.0.0.131 "GET /v2.0/extensions/availability_zone HTTP/1.1" status: 200 len: 372 time: 0.0037780
2026-06-28 21:07:29.156 8 INFO neutron.wsgi [None req-62e00781-d250-4c2c-a7e4-878ddc58f454 b9d52388ac434073b2ed85e9ba6c3533 cf69961c94a746f3a6ac369af68569cc - - default default] 10.0.0.131 "GET /v2.0/extensions/default-subnetpools HTTP/1.1" status: 200 len: 405 time: 0.0060453
2026-06-28 21:07:29.164 8 INFO neutron.wsgi [None req-29a775ce-e0d1-4257-a2d2-3a8f83c0b9fa b9d52388ac434073b2ed85e9ba6c3533 cf69961c94a746f3a6ac369af68569cc - - default default] 10.0.0.131 "GET /v2.0/extensions/dhcp_agent_scheduler HTTP/1.1" status: 200 len: 381 time: 0.0036728
2026-06-28 21:07:29.172 8 INFO neutron.wsgi [None req-9ea76f6f-5e66-4805-8145-d4ff1b2adf4e b9d52388ac434073b2ed85e9ba6c3533 cf69961c94a746f3a6ac369af68569cc - - default default] 10.0.0.131 "GET /v2.0/extensions/dns-integration HTTP/1.1" status: 200 len: 366 time: 0.0037086
2026-06-28 21:07:29.181 8 INFO neutron.wsgi [None req-93e1c958-e532-4571-8f3a-20b33115c012 b9d52388ac434073b2ed85e9ba6c3533 cf69961c94a746f3a6ac369af68569cc - - default default] 10.0.0.131 "GET /v2.0/extensions/dns-domain-ports HTTP/1.1" status: 200 len: 399 time: 0.0059595
2026-06-28 21:07:29.190 8 INFO neutron.wsgi [None req-55575179-88cd-4d9b-ad26-cbf9a3ded40b b9d52388ac434073b2ed85e9ba6c3533 cf69961c94a746f3a6ac369af68569cc - - default default] 10.0.0.131 "GET /v2.0/extensions/dns-integration-domain-keywords HTTP/1.1" status: 200 len: 477 time: 0.0050688
2026-06-28 21:07:29.198 8 INFO neutron.wsgi [None req-7dc37f4b-658d-44dc-a230-7f8fd14e8edb b9d52388ac434073b2ed85e9ba6c3533 cf69961c94a746f3a6ac369af68569cc - - default default] 10.0.0.131 "GET /v2.0/extensions/external-net HTTP/1.1" status: 200 len: 394 time: 0.0049591
2026-06-28 21:07:29.207 8 INFO neutron.wsgi [None req-0a1687d7-3613-4cf3-9580-5cc0fbb0ed5e b9d52388ac434073b2ed85e9ba6c3533 cf69961c94a746f3a6ac369af68569cc - - default default] 10.0.0.131 "GET /v2.0/extensions/extra_dhcp_opt HTTP/1.1" status: 200 len: 498 time: 0.0049417
2026-06-28 21:07:29.218 9 INFO neutron.wsgi [None req-4cfecb7a-91b8-46e8-8471-997a005f4085 b9d52388ac434073b2ed85e9ba6c3533 cf69961c94a746f3a6ac369af68569cc - - default default] 10.0.0.131 "GET /v2.0/extensions/extraroute HTTP/1.1" status: 200 len: 375 time: 0.0062389
2026-06-28 21:07:29.227 8 INFO neutron.wsgi [None req-00588b1e-8044-4109-b10d-b893a84c2e00 b9d52388ac434073b2ed85e9ba6c3533 cf69961c94a746f3a6ac369af68569cc - - default default] 10.0.0.131 "GET /v2.0/extensions/filter-validation HTTP/1.1" status: 200 len: 392 time: 0.0054712
2026-06-28 21:07:29.234 8 INFO neutron.wsgi [None req-e364b1ea-d57f-4b4a-a4fc-e6ea31bcce30 b9d52388ac434073b2ed85e9ba6c3533 cf69961c94a746f3a6ac369af68569cc - - default default] 10.0.0.131 "GET /v2.0/extensions/floating-ip-port-forwarding-detail HTTP/1.1" status: 200 len: 465 time: 0.0030596
2026-06-28 21:07:29.241 8 INFO neutron.wsgi [None req-8a9b7923-7e19-4029-ab4b-e47115322623 b9d52388ac434073b2ed85e9ba6c3533 cf69961c94a746f3a6ac369af68569cc - - default default] 10.0.0.131 "GET /v2.0/extensions/fip-port-details HTTP/1.1" status: 200 len: 406 time: 0.0044024
2026-06-28 21:07:29.248 8 INFO neutron.wsgi [None req-3742f2bf-ee4b-4e89-b75d-7921cae9daea b9d52388ac434073b2ed85e9ba6c3533 cf69961c94a746f3a6ac369af68569cc - - default default] 10.0.0.131 "GET /v2.0/extensions/flavors HTTP/1.1" status: 200 len: 387 time: 0.0037625
2026-06-28 21:07:29.254 8 INFO neutron.wsgi [None req-6d8df6fe-e8e3-47ad-9081-c12f632aa410 b9d52388ac434073b2ed85e9ba6c3533 cf69961c94a746f3a6ac369af68569cc - - default default] 10.0.0.131 "GET /v2.0/extensions/floatingip-pools HTTP/1.1" status: 200 len: 382 time: 0.0033479
2026-06-28 21:07:29.261 8 INFO neutron.wsgi [None req-e3d081e9-0c27-484f-89b3-dea31f17bc04 b9d52388ac434073b2ed85e9ba6c3533 cf69961c94a746f3a6ac369af68569cc - - default default] 10.0.0.131 "GET /v2.0/extensions/ip_allocation HTTP/1.1" status: 200 len: 356 time: 0.0032692
2026-06-28 21:07:29.271 8 INFO neutron.wsgi [None req-0fa2b4c5-31af-47e8-b551-c04af1273b74 b9d52388ac434073b2ed85e9ba6c3533 cf69961c94a746f3a6ac369af68569cc - - default default] 10.0.0.131 "GET /v2.0/extensions/l2_adjacency HTTP/1.1" status: 200 len: 372 time: 0.0045478
2026-06-28 21:07:29.279 8 INFO neutron.wsgi [None req-9f379bf8-76c9-4351-849d-0368225a0bd8 b9d52388ac434073b2ed85e9ba6c3533 cf69961c94a746f3a6ac369af68569cc - - default default] 10.0.0.131 "GET /v2.0/extensions/router HTTP/1.1" status: 200 len: 450 time: 0.0053332
2026-06-28 21:07:29.286 8 INFO neutron.wsgi [None req-d78fee3e-d3de-464c-a968-a56915868057 b9d52388ac434073b2ed85e9ba6c3533 cf69961c94a746f3a6ac369af68569cc - - default default] 10.0.0.131 "GET /v2.0/extensions/ext-gw-mode HTTP/1.1" status: 200 len: 462 time: 0.0032580
2026-06-28 21:07:29.291 8 INFO neutron.wsgi [None req-0b80015a-4572-4bb9-95fc-d4b3fbd8ab92 b9d52388ac434073b2ed85e9ba6c3533 cf69961c94a746f3a6ac369af68569cc - - default default] 10.0.0.131 "GET /v2.0/extensions/logging HTTP/1.1" status: 200 len: 407 time: 0.0028481
2026-06-28 21:07:29.299 8 INFO neutron.wsgi [None req-7f30894f-bac1-4c39-837f-833087ecb268 b9d52388ac434073b2ed85e9ba6c3533 cf69961c94a746f3a6ac369af68569cc - - default default] 10.0.0.131 "GET /v2.0/extensions/multi-provider HTTP/1.1" status: 200 len: 406 time: 0.0043323
2026-06-28 21:07:29.308 9 INFO neutron.wsgi [None req-5f85fada-ec55-47d1-9803-f8bf6777946a b9d52388ac434073b2ed85e9ba6c3533 cf69961c94a746f3a6ac369af68569cc - - default default] 10.0.0.131 "GET /v2.0/extensions/net-mtu HTTP/1.1" status: 200 len: 370 time: 0.0039163
2026-06-28 21:07:29.310 9 INFO neutron.db.ovn_revision_numbers_db [None req-9b99de09-bc94-4c59-ab64-c5fd643a0de2 a4f65b138df14829b6cc0a72da129584 f68e60d44ba8424284599c6287ce7bd0 - - default default] Successfully bumped revision number for resource bb76c62d-ecae-4fa9-a190-b6d808565ef0 (type: router_ports) to 1
2026-06-28 21:07:29.311 9 INFO neutron.wsgi [None req-9b99de09-bc94-4c59-ab64-c5fd643a0de2 a4f65b138df14829b6cc0a72da129584 f68e60d44ba8424284599c6287ce7bd0 - - default default] 10.0.0.131 "PUT /v2.0/routers/727dd8e5-fc54-4b8e-b079-e054a22e6c80/add_router_interface HTTP/1.1" status: 200 len: 503 time: 1.7727835
2026-06-28 21:07:29.315 8 INFO neutron.wsgi [None req-bbe2f14b-84a8-4c74-9636-fad206941534 b9d52388ac434073b2ed85e9ba6c3533 cf69961c94a746f3a6ac369af68569cc - - default default] 10.0.0.131 "GET /v2.0/extensions/net-mtu-writable HTTP/1.1" status: 200 len: 401 time: 0.0042486
2026-06-28 21:07:29.323 8 INFO neutron.wsgi [None req-7ecf67e0-7f52-444f-a24b-3aec66809c46 b9d52388ac434073b2ed85e9ba6c3533 cf69961c94a746f3a6ac369af68569cc - - default default] 10.0.0.131 "GET /v2.0/extensions/network_availability_zone HTTP/1.1" status: 200 len: 394 time: 0.0046847
2026-06-28 21:07:29.330 8 INFO neutron.wsgi [None req-c920413a-b2bc-4af0-bc43-f9b74b3835f7 b9d52388ac434073b2ed85e9ba6c3533 cf69961c94a746f3a6ac369af68569cc - - default default] 10.0.0.131 "GET /v2.0/extensions/network-ip-availability HTTP/1.1" status: 200 len: 410 time: 0.0043883
2026-06-28 21:07:29.337 8 INFO neutron.wsgi [None req-08730f08-6ed2-4efb-af00-8e48c10f2246 b9d52388ac434073b2ed85e9ba6c3533 cf69961c94a746f3a6ac369af68569cc - - default default] 10.0.0.131 "GET /v2.0/extensions/pagination HTTP/1.1" status: 200 len: 386 time: 0.0032380
2026-06-28 21:07:29.344 8 INFO neutron.wsgi [None req-aaeab87f-c6ae-483f-b380-61bd001338c3 b9d52388ac434073b2ed85e9ba6c3533 cf69961c94a746f3a6ac369af68569cc - - default default] 10.0.0.131 "GET /v2.0/extensions/port-device-profile HTTP/1.1" status: 200 len: 383 time: 0.0043428
2026-06-28 21:07:29.352 8 INFO neutron.wsgi [None req-dee3694d-633d-4c9e-8e1a-57af2e8619f1 b9d52388ac434073b2ed85e9ba6c3533 cf69961c94a746f3a6ac369af68569cc - - default default] 10.0.0.131 "GET /v2.0/extensions/port-mac-address-regenerate HTTP/1.1" status: 200 len: 403 time: 0.0043540
2026-06-28 21:07:29.360 8 INFO neutron.wsgi [None req-c9e56813-4c1d-4391-9b23-4529e26e8580 b9d52388ac434073b2ed85e9ba6c3533 cf69961c94a746f3a6ac369af68569cc - - default default] 10.0.0.131 "GET /v2.0/extensions/port-numa-affinity-policy HTTP/1.1" status: 200 len: 392 time: 0.0048099
2026-06-28 21:07:29.367 8 INFO neutron.wsgi [None req-44519fa6-1ba5-4e14-97e4-08dcab7f8e36 b9d52388ac434073b2ed85e9ba6c3533 cf69961c94a746f3a6ac369af68569cc - - default default] 10.0.0.131 "GET /v2.0/extensions/port-resource-request HTTP/1.1" status: 200 len: 379 time: 0.0042152
2026-06-28 21:07:29.377 8 INFO neutron.wsgi [None req-4f62db80-6a94-4006-900c-d97245b9e406 b9d52388ac434073b2ed85e9ba6c3533 cf69961c94a746f3a6ac369af68569cc - - default default] 10.0.0.131 "GET /v2.0/extensions/port-resource-request-groups HTTP/1.1" status: 200 len: 465 time: 0.0048695
2026-06-28 21:07:29.389 8 INFO neutron.wsgi [None req-63020c61-a6dc-4f96-afec-5ab8fea0aa75 b9d52388ac434073b2ed85e9ba6c3533 cf69961c94a746f3a6ac369af68569cc - - default default] 10.0.0.131 "GET /v2.0/extensions/binding HTTP/1.1" status: 200 len: 387 time: 0.0043676
2026-06-28 21:07:29.396 8 INFO neutron.wsgi [None req-fbfd9a0e-de1a-453b-8283-043fbc8cf122 b9d52388ac434073b2ed85e9ba6c3533 cf69961c94a746f3a6ac369af68569cc - - default default] 10.0.0.131 "GET /v2.0/extensions/binding-extended HTTP/1.1" status: 200 len: 406 time: 0.0041759
2026-06-28 21:07:29.400 9 INFO neutron.wsgi [None req-e40af9b7-d747-4782-b591-119db57eaef2 a4f65b138df14829b6cc0a72da129584 f68e60d44ba8424284599c6287ce7bd0 - - default default] 10.0.0.131 "GET /v2.0/ports/bb76c62d-ecae-4fa9-a190-b6d808565ef0 HTTP/1.1" status: 200 len: 1135 time: 0.0848200
2026-06-28 21:07:29.406 8 INFO neutron.wsgi [None req-390b2dcf-1e90-4df7-ad39-d8370a13715e b9d52388ac434073b2ed85e9ba6c3533 cf69961c94a746f3a6ac369af68569cc - - default default] 10.0.0.131 "GET /v2.0/extensions/port-security HTTP/1.1" status: 200 len: 354 time: 0.0043201
2026-06-28 21:07:29.413 8 INFO neutron.wsgi [None req-1284ea22-7a4e-4a0b-8af3-b2cf05639fba b9d52388ac434073b2ed85e9ba6c3533 cf69961c94a746f3a6ac369af68569cc - - default default] 10.0.0.131 "GET /v2.0/extensions/project-id HTTP/1.1" status: 200 len: 398 time: 0.0040581
2026-06-28 21:07:29.422 8 INFO neutron.wsgi [None req-893a1a2e-5230-4e0c-9c88-b3a4d413b057 b9d52388ac434073b2ed85e9ba6c3533 cf69961c94a746f3a6ac369af68569cc - - default default] 10.0.0.131 "GET /v2.0/extensions/provider HTTP/1.1" status: 200 len: 385 time: 0.0040767
2026-06-28 21:07:29.429 8 INFO neutron.wsgi [None req-6668186d-5659-4165-ac58-a98383ced8c3 b9d52388ac434073b2ed85e9ba6c3533 cf69961c94a746f3a6ac369af68569cc - - default default] 10.0.0.131 "GET /v2.0/extensions/qos HTTP/1.1" status: 200 len: 360 time: 0.0042129
2026-06-28 21:07:29.437 8 INFO neutron.wsgi [None req-f4e51000-8f80-4cd0-a51f-98ccf2bdac76 b9d52388ac434073b2ed85e9ba6c3533 cf69961c94a746f3a6ac369af68569cc - - default default] 10.0.0.131 "GET /v2.0/extensions/qos-bw-limit-direction HTTP/1.1" status: 200 len: 452 time: 0.0050418
2026-06-28 21:07:29.448 8 INFO neutron.wsgi [None req-87873a13-dc93-48ce-9d6a-1a45656a0aca b9d52388ac434073b2ed85e9ba6c3533 cf69961c94a746f3a6ac369af68569cc - - default default] 10.0.0.131 "GET /v2.0/extensions/qos-bw-minimum-ingress HTTP/1.1" status: 200 len: 445 time: 0.0059843
2026-06-28 21:07:29.453 9 INFO neutron.wsgi [None req-c2537e22-6025-4a34-8436-4cfd02fb6fbd a4f65b138df14829b6cc0a72da129584 f68e60d44ba8424284599c6287ce7bd0 - - default default] 10.0.0.131 "GET /v2.0/ports/bb76c62d-ecae-4fa9-a190-b6d808565ef0 HTTP/1.1" status: 200 len: 1135 time: 0.0484991
2026-06-28 21:07:29.455 8 INFO neutron.wsgi [None req-d21d8598-c96f-4b15-9767-d2e83f692e9a b9d52388ac434073b2ed85e9ba6c3533 cf69961c94a746f3a6ac369af68569cc - - default default] 10.0.0.131 "GET /v2.0/extensions/qos-default HTTP/1.1" status: 200 len: 377 time: 0.0037436
2026-06-28 21:07:29.462 9 INFO neutron.wsgi [None req-3ec11c00-6509-4c13-abde-b8479eaf57fb b9d52388ac434073b2ed85e9ba6c3533 cf69961c94a746f3a6ac369af68569cc - - default default] 10.0.0.131 "GET /v2.0/extensions/qos-fip HTTP/1.1" status: 200 len: 372 time: 0.0037956
2026-06-28 21:07:29.469 9 INFO neutron.wsgi [None req-bd0334f5-5e8d-483a-85d2-79d2f297b63e b9d52388ac434073b2ed85e9ba6c3533 cf69961c94a746f3a6ac369af68569cc - - default default] 10.0.0.131 "GET /v2.0/extensions/qos-gateway-ip HTTP/1.1" status: 200 len: 391 time: 0.0039005
2026-06-28 21:07:29.477 9 INFO neutron.wsgi [None req-803cccd8-237a-425e-9773-74542920bde7 b9d52388ac434073b2ed85e9ba6c3533 cf69961c94a746f3a6ac369af68569cc - - default default] 10.0.0.131 "GET /v2.0/extensions/qos-port-network-policy HTTP/1.1" status: 200 len: 403 time: 0.0042257
2026-06-28 21:07:29.485 9 INFO neutron.wsgi [None req-25bf2941-108a-4b2d-87c7-add949a8455c b9d52388ac434073b2ed85e9ba6c3533 cf69961c94a746f3a6ac369af68569cc - - default default] 10.0.0.131 "GET /v2.0/extensions/qos-pps-minimum HTTP/1.1" status: 200 len: 397 time: 0.0049808
2026-06-28 21:07:29.492 9 INFO neutron.wsgi [None req-a8b7f0a3-9600-49a2-aee9-2f6b62e69a26 b9d52388ac434073b2ed85e9ba6c3533 cf69961c94a746f3a6ac369af68569cc - - default default] 10.0.0.131 "GET /v2.0/extensions/qos-pps-minimum-rule-alias HTTP/1.1" status: 200 len: 471 time: 0.0043736
2026-06-28 21:07:29.500 9 INFO neutron.wsgi [None req-38ae03a8-80ea-4211-b6b4-a5ea6eb9d87b b9d52388ac434073b2ed85e9ba6c3533 cf69961c94a746f3a6ac369af68569cc - - default default] 10.0.0.131 "GET /v2.0/extensions/qos-pps HTTP/1.1" status: 200 len: 389 time: 0.0042076
2026-06-28 21:07:29.508 9 INFO neutron.wsgi [None req-80003911-c8e5-4824-86a0-998a20a1f6f4 b9d52388ac434073b2ed85e9ba6c3533 cf69961c94a746f3a6ac369af68569cc - - default default] 10.0.0.131 "GET /v2.0/extensions/qos-rule-type-details HTTP/1.1" status: 200 len: 423 time: 0.0042648
2026-06-28 21:07:29.516 9 INFO neutron.wsgi [None req-178262eb-60dc-4d32-99fb-16ee79dba755 b9d52388ac434073b2ed85e9ba6c3533 cf69961c94a746f3a6ac369af68569cc - - default default] 10.0.0.131 "GET /v2.0/extensions/qos-rule-type-filter HTTP/1.1" status: 200 len: 567 time: 0.0047166
2026-06-28 21:07:29.524 9 INFO neutron.wsgi [None req-b8f0de25-3340-4ff3-a96d-7ec0849361e2 b9d52388ac434073b2ed85e9ba6c3533 cf69961c94a746f3a6ac369af68569cc - - default default] 10.0.0.131 "GET /v2.0/extensions/qos-rules-alias HTTP/1.1" status: 200 len: 448 time: 0.0049481
2026-06-28 21:07:29.532 9 INFO neutron.wsgi [None req-f3c65e9e-20bc-4656-8e9c-9ea8b4e4361c b9d52388ac434073b2ed85e9ba6c3533 cf69961c94a746f3a6ac369af68569cc - - default default] 10.0.0.131 "GET /v2.0/extensions/quota-check-limit HTTP/1.1" status: 200 len: 420 time: 0.0042741
2026-06-28 21:07:29.539 9 INFO neutron.wsgi [None req-9955c458-bfd0-49b0-8f13-adc728c63a4f b9d52388ac434073b2ed85e9ba6c3533 cf69961c94a746f3a6ac369af68569cc - - default default] 10.0.0.131 "GET /v2.0/extensions/quotas HTTP/1.1" status: 200 len: 386 time: 0.0044308
2026-06-28 21:07:29.548 9 INFO neutron.wsgi [None req-453dd32a-00f1-4846-9b32-02540c4920b5 b9d52388ac434073b2ed85e9ba6c3533 cf69961c94a746f3a6ac369af68569cc - - default default] 10.0.0.131 "GET /v2.0/extensions/quota_details HTTP/1.1" status: 200 len: 407 time: 0.0048380
2026-06-28 21:07:29.556 9 INFO neutron.wsgi [None req-2e69bffc-7a03-4c9c-833f-f494d48b6d36 b9d52388ac434073b2ed85e9ba6c3533 cf69961c94a746f3a6ac369af68569cc - - default default] 10.0.0.131 "GET /v2.0/extensions/rbac-policies HTTP/1.1" status: 200 len: 417 time: 0.0042109
