2026-06-28 21:08:09.741 9 INFO neutron.db.ovn_revision_numbers_db [None req-42a50dfd-ade2-447f-8e05-5f59f055224b 5c49ad4594244038a628a1cdc2d7ffcb 10d27fa6e73849bc8d6b5f4825b53c21 - - default default] Successfully bumped revision number for resource 4dbb502f-0705-4df7-a1ac-ac852523ac00 (type: floatingips) to 1
2026-06-28 21:08:09.824 9 WARNING neutron.scheduler.dhcp_agent_scheduler [None req-8e86775e-50c1-42c1-b5d5-c9cf3036b753 49ce7ff76cc74dd999fe9a4cbbbf4031 b2426aa844744f43bfff0a8f578cbf1a - - default default] No more DHCP agents
2026-06-28 21:08:09.832 9 INFO neutron.wsgi [None req-42a50dfd-ade2-447f-8e05-5f59f055224b 5c49ad4594244038a628a1cdc2d7ffcb 10d27fa6e73849bc8d6b5f4825b53c21 - - default default] 10.0.0.131 "POST /v2.0/floatingips HTTP/1.1" status: 201 len: 1040 time: 2.3514121
2026-06-28 21:08:09.834 9 WARNING neutron.api.rpc.agentnotifiers.dhcp_rpc_agent_api [None req-8e86775e-50c1-42c1-b5d5-c9cf3036b753 49ce7ff76cc74dd999fe9a4cbbbf4031 b2426aa844744f43bfff0a8f578cbf1a - - default default] Unable to schedule network 87b6ad95-f4dc-4413-9d65-aa8d18db8591: no agents available; will retry on subsequent port and subnet creation events.
2026-06-28 21:08:09.875 9 INFO neutron.db.ovn_revision_numbers_db [None req-ba211cf5-48c7-4ced-b2aa-d0e419b86f4e 7ce99a38adbf44dea1546587a3280700 ef3cff4f372848748245027e5e1fec4f - - default default] Successfully bumped revision number for resource 37e653f6-8637-4484-a518-dc157f5f3688 (type: router_ports) to 1
2026-06-28 21:08:09.877 9 INFO neutron.wsgi [None req-ba211cf5-48c7-4ced-b2aa-d0e419b86f4e 7ce99a38adbf44dea1546587a3280700 ef3cff4f372848748245027e5e1fec4f - - default default] 10.0.0.131 "PUT /v2.0/routers/35246c2b-7efe-4cb8-af8a-c672e6f6f2bd/add_router_interface HTTP/1.1" status: 200 len: 503 time: 3.2841952
2026-06-28 21:08:09.921 8 INFO neutron.wsgi [None req-bba3aece-23ca-4dbb-80d3-bed3d89ee229 7ce99a38adbf44dea1546587a3280700 ef3cff4f372848748245027e5e1fec4f - - default default] 10.0.0.131 "GET /v2.0/security-groups?tenant_id=0d7c13c5ca68459293c1ccd1ec237bf0&name=default HTTP/1.1" status: 200 len: 2996 time: 0.1526737
2026-06-28 21:08:09.992 9 INFO neutron.db.ovn_revision_numbers_db [None req-5e779a41-02ec-464b-86fc-eee7bd7635aa - - - - - -] Successfully bumped revision number for resource 63adb916-af47-4cfd-bc85-e5f66bfabeef (type: ports) to 2
2026-06-28 21:08:10.009 8 INFO neutron.db.l3_db [None req-1c349d49-24f2-4175-82ca-d93aa568ed80 5c49ad4594244038a628a1cdc2d7ffcb 10d27fa6e73849bc8d6b5f4825b53c21 - - default default] Floating IP 4dbb502f-0705-4df7-a1ac-ac852523ac00 disassociated. External IP: 10.96.250.209, port: 3efddcc8-4647-4794-9a0f-2fd186ce9fff.
2026-06-28 21:08:10.037 9 INFO neutron.db.ovn_revision_numbers_db [None req-8e86775e-50c1-42c1-b5d5-c9cf3036b753 49ce7ff76cc74dd999fe9a4cbbbf4031 b2426aa844744f43bfff0a8f578cbf1a - - default default] Successfully bumped revision number for resource b007c3ad-d45f-4c4a-9858-8e432ebf6d61 (type: ports) to 1
2026-06-28 21:08:10.048 8 INFO neutron.db.ovn_revision_numbers_db [None req-1c349d49-24f2-4175-82ca-d93aa568ed80 5c49ad4594244038a628a1cdc2d7ffcb 10d27fa6e73849bc8d6b5f4825b53c21 - - default default] Successfully bumped revision number for resource 4dbb502f-0705-4df7-a1ac-ac852523ac00 (type: floatingips) to 2
2026-06-28 21:08:10.128 8 INFO neutron.wsgi [None req-1c349d49-24f2-4175-82ca-d93aa568ed80 5c49ad4594244038a628a1cdc2d7ffcb 10d27fa6e73849bc8d6b5f4825b53c21 - - default default] 10.0.0.131 "PUT /v2.0/floatingips/4dbb502f-0705-4df7-a1ac-ac852523ac00 HTTP/1.1" status: 200 len: 748 time: 0.2886436
2026-06-28 21:08:10.179 9 INFO neutron.db.ovn_revision_numbers_db [None req-5e779a41-02ec-464b-86fc-eee7bd7635aa - - - - - -] Successfully bumped revision number for resource 63adb916-af47-4cfd-bc85-e5f66bfabeef (type: router_ports) to 2
2026-06-28 21:08:10.314 9 INFO neutron.wsgi [None req-34ea61d3-7136-4229-80f7-c04eca46bafb 7ce99a38adbf44dea1546587a3280700 ef3cff4f372848748245027e5e1fec4f - - default default] 10.0.0.131 "DELETE /v2.0/security-groups/8a4f4239-f7da-4af8-9a6b-34826e226a5b HTTP/1.1" status: 204 len: 168 time: 0.3881629
2026-06-28 21:08:10.471 8 INFO neutron.wsgi [None req-51dbbc4b-2bb7-4c51-a423-c332941de04e 5c49ad4594244038a628a1cdc2d7ffcb 10d27fa6e73849bc8d6b5f4825b53c21 - - default default] 10.0.0.131 "DELETE /v2.0/floatingips/4dbb502f-0705-4df7-a1ac-ac852523ac00 HTTP/1.1" status: 204 len: 168 time: 0.3323035
2026-06-28 21:08:10.537 9 INFO neutron.db.ovn_revision_numbers_db [None req-8e86775e-50c1-42c1-b5d5-c9cf3036b753 49ce7ff76cc74dd999fe9a4cbbbf4031 b2426aa844744f43bfff0a8f578cbf1a - - default default] Successfully bumped revision number for resource b007c3ad-d45f-4c4a-9858-8e432ebf6d61 (type: router_ports) to 1
2026-06-28 21:08:10.702 9 INFO neutron.db.ovn_revision_numbers_db [None req-8e86775e-50c1-42c1-b5d5-c9cf3036b753 49ce7ff76cc74dd999fe9a4cbbbf4031 b2426aa844744f43bfff0a8f578cbf1a - - default default] Successfully bumped revision number for resource b007c3ad-d45f-4c4a-9858-8e432ebf6d61 (type: ports) to 1
2026-06-28 21:08:10.782 9 WARNING neutron.scheduler.dhcp_agent_scheduler [None req-8e86775e-50c1-42c1-b5d5-c9cf3036b753 49ce7ff76cc74dd999fe9a4cbbbf4031 b2426aa844744f43bfff0a8f578cbf1a - - default default] No more DHCP agents
2026-06-28 21:08:10.784 9 WARNING neutron.api.rpc.agentnotifiers.dhcp_rpc_agent_api [None req-8e86775e-50c1-42c1-b5d5-c9cf3036b753 49ce7ff76cc74dd999fe9a4cbbbf4031 b2426aa844744f43bfff0a8f578cbf1a - - default default] Unable to schedule network 87b6ad95-f4dc-4413-9d65-aa8d18db8591: no agents available; will retry on subsequent port and subnet creation events.
2026-06-28 21:08:10.808 8 WARNING neutron.scheduler.dhcp_agent_scheduler [None req-dfcf8021-10c1-4ca2-96b5-9706bfb9d55c 5c49ad4594244038a628a1cdc2d7ffcb 10d27fa6e73849bc8d6b5f4825b53c21 - - default default] No more DHCP agents
2026-06-28 21:08:10.810 8 WARNING neutron.api.rpc.agentnotifiers.dhcp_rpc_agent_api [None req-dfcf8021-10c1-4ca2-96b5-9706bfb9d55c 5c49ad4594244038a628a1cdc2d7ffcb 10d27fa6e73849bc8d6b5f4825b53c21 - - default default] Unable to schedule network 58ee145c-34ab-4f5b-bce6-9aed3f94978e: no agents available; will retry on subsequent port and subnet creation events.
2026-06-28 21:08:10.997 9 INFO neutron.db.ovn_revision_numbers_db [None req-8e86775e-50c1-42c1-b5d5-c9cf3036b753 49ce7ff76cc74dd999fe9a4cbbbf4031 b2426aa844744f43bfff0a8f578cbf1a - - default default] Successfully bumped revision number for resource b007c3ad-d45f-4c4a-9858-8e432ebf6d61 (type: router_ports) to 1
2026-06-28 21:08:10.999 9 INFO neutron.wsgi [None req-8e86775e-50c1-42c1-b5d5-c9cf3036b753 49ce7ff76cc74dd999fe9a4cbbbf4031 b2426aa844744f43bfff0a8f578cbf1a - - default default] 10.0.0.131 "PUT /v2.0/routers/3120c6a1-b226-4134-8629-cfe49e4f22c1/add_router_interface HTTP/1.1" status: 200 len: 503 time: 2.2165489
2026-06-28 21:08:11.049 9 INFO neutron.wsgi [None req-7183d663-9528-4a11-9587-e4d66b135fd4 49ce7ff76cc74dd999fe9a4cbbbf4031 b2426aa844744f43bfff0a8f578cbf1a - - default default] 10.0.0.131 "GET /v2.0/ports/b007c3ad-d45f-4c4a-9858-8e432ebf6d61 HTTP/1.1" status: 200 len: 1139 time: 0.0438051
2026-06-28 21:08:11.163 9 INFO neutron.db.ovn_revision_numbers_db [None req-2a67ac83-42f9-4212-9b3d-8eb3c06221a5 7ce99a38adbf44dea1546587a3280700 ef3cff4f372848748245027e5e1fec4f - - default default] Successfully bumped revision number for resource 33f4a837-b361-4d79-89c5-9b5fa52ce5a2 (type: security_groups) to 1
2026-06-28 21:08:11.176 9 INFO neutron.db.ovn_revision_numbers_db [None req-2a67ac83-42f9-4212-9b3d-8eb3c06221a5 7ce99a38adbf44dea1546587a3280700 ef3cff4f372848748245027e5e1fec4f - - default default] Successfully bumped revision number for resource 0eee031b-a1ec-427e-ae09-d3b7eb800a65 (type: security_group_rules) to 0
2026-06-28 21:08:11.189 9 INFO neutron.db.ovn_revision_numbers_db [None req-2a67ac83-42f9-4212-9b3d-8eb3c06221a5 7ce99a38adbf44dea1546587a3280700 ef3cff4f372848748245027e5e1fec4f - - default default] Successfully bumped revision number for resource 5a24760e-dfe6-404c-a139-f412135bcf47 (type: security_group_rules) to 0
2026-06-28 21:08:11.196 8 INFO neutron.wsgi [None req-6fce2184-70c9-4494-b0c3-87d0d9f960ea 49ce7ff76cc74dd999fe9a4cbbbf4031 b2426aa844744f43bfff0a8f578cbf1a - - default default] 10.0.0.131 "GET /v2.0/ports/b007c3ad-d45f-4c4a-9858-8e432ebf6d61 HTTP/1.1" status: 200 len: 1139 time: 0.1413872
2026-06-28 21:08:11.204 9 INFO neutron.db.ovn_revision_numbers_db [None req-2a67ac83-42f9-4212-9b3d-8eb3c06221a5 7ce99a38adbf44dea1546587a3280700 ef3cff4f372848748245027e5e1fec4f - - default default] Successfully bumped revision number for resource 5ec1c463-55ea-4f13-89be-b12411bfedae (type: security_group_rules) to 0
2026-06-28 21:08:11.216 9 INFO neutron.db.ovn_revision_numbers_db [None req-2a67ac83-42f9-4212-9b3d-8eb3c06221a5 7ce99a38adbf44dea1546587a3280700 ef3cff4f372848748245027e5e1fec4f - - default default] Successfully bumped revision number for resource f1ed3f2b-af92-449a-93a4-f138d0bbb693 (type: security_group_rules) to 0
2026-06-28 21:08:11.266 9 INFO neutron.db.segments_db [None req-2a67ac83-42f9-4212-9b3d-8eb3c06221a5 7ce99a38adbf44dea1546587a3280700 ef3cff4f372848748245027e5e1fec4f - - default default] Added segment aa29d4d9-92c0-4be8-9404-2494f2e47801 of type geneve for network 599f22b5-5d9e-4c46-89a6-a57f5d45e5bb
2026-06-28 21:08:11.291 8 INFO neutron.db.l3_db [None req-dfcf8021-10c1-4ca2-96b5-9706bfb9d55c 5c49ad4594244038a628a1cdc2d7ffcb 10d27fa6e73849bc8d6b5f4825b53c21 - - default default] Floating IP 2cab25fa-78ff-4607-8eb7-f1f2240cac12 associated. External IP: 10.96.250.217, port: 903ad876-d5d4-46b8-baf8-ebd6ed0b6d3d.
2026-06-28 21:08:11.398 9 INFO neutron.db.ovn_revision_numbers_db [None req-2a67ac83-42f9-4212-9b3d-8eb3c06221a5 7ce99a38adbf44dea1546587a3280700 ef3cff4f372848748245027e5e1fec4f - - default default] Successfully bumped revision number for resource 599f22b5-5d9e-4c46-89a6-a57f5d45e5bb (type: networks) to 1
2026-06-28 21:08:11.471 8 INFO neutron.db.ovn_revision_numbers_db [None req-dfcf8021-10c1-4ca2-96b5-9706bfb9d55c 5c49ad4594244038a628a1cdc2d7ffcb 10d27fa6e73849bc8d6b5f4825b53c21 - - default default] Successfully bumped revision number for resource 2cab25fa-78ff-4607-8eb7-f1f2240cac12 (type: floatingips) to 0
2026-06-28 21:08:11.559 9 WARNING neutron.scheduler.dhcp_agent_scheduler [None req-2a67ac83-42f9-4212-9b3d-8eb3c06221a5 7ce99a38adbf44dea1546587a3280700 ef3cff4f372848748245027e5e1fec4f - - default default] No more DHCP agents
2026-06-28 21:08:11.562 9 WARNING neutron.api.rpc.agentnotifiers.dhcp_rpc_agent_api [None req-2a67ac83-42f9-4212-9b3d-8eb3c06221a5 7ce99a38adbf44dea1546587a3280700 ef3cff4f372848748245027e5e1fec4f - - default default] Unable to schedule network 599f22b5-5d9e-4c46-89a6-a57f5d45e5bb: no agents available; will retry on subsequent port and subnet creation events.
2026-06-28 21:08:11.584 8 INFO neutron.db.ovn_revision_numbers_db [None req-dfcf8021-10c1-4ca2-96b5-9706bfb9d55c 5c49ad4594244038a628a1cdc2d7ffcb 10d27fa6e73849bc8d6b5f4825b53c21 - - default default] Successfully bumped revision number for resource 2cab25fa-78ff-4607-8eb7-f1f2240cac12 (type: floatingips) to 1
2026-06-28 21:08:11.640 8 INFO neutron.wsgi [None req-dfcf8021-10c1-4ca2-96b5-9706bfb9d55c 5c49ad4594244038a628a1cdc2d7ffcb 10d27fa6e73849bc8d6b5f4825b53c21 - - default default] 10.0.0.131 "POST /v2.0/floatingips HTTP/1.1" status: 201 len: 1041 time: 1.1556580
2026-06-28 21:08:11.668 9 INFO neutron.db.ovn_revision_numbers_db [None req-2a67ac83-42f9-4212-9b3d-8eb3c06221a5 7ce99a38adbf44dea1546587a3280700 ef3cff4f372848748245027e5e1fec4f - - default default] Successfully bumped revision number for resource 82ba1d96-3bfa-4813-9fe0-7a96affddcc2 (type: ports) to 1
2026-06-28 21:08:11.687 8 INFO neutron.wsgi [None req-fbecdc7e-d36d-4f0b-84f6-c62744cc641c 5c49ad4594244038a628a1cdc2d7ffcb 10d27fa6e73849bc8d6b5f4825b53c21 - - default default] 10.0.0.131 "GET /v2.0/floatingips/2cab25fa-78ff-4607-8eb7-f1f2240cac12 HTTP/1.1" status: 200 len: 1038 time: 0.0391855
2026-06-28 21:08:11.692 9 INFO neutron.wsgi [None req-2a67ac83-42f9-4212-9b3d-8eb3c06221a5 7ce99a38adbf44dea1546587a3280700 ef3cff4f372848748245027e5e1fec4f - - default default] 10.0.0.131 "POST /v2.0/networks HTTP/1.1" status: 201 len: 943 time: 0.7184331
2026-06-28 21:08:11.764 8 INFO neutron.wsgi [None req-5edc115d-8936-4a48-8bcf-bc8a53247218 5c49ad4594244038a628a1cdc2d7ffcb 10d27fa6e73849bc8d6b5f4825b53c21 - - default default] 10.0.0.131 "GET /v2.0/floatingips HTTP/1.1" status: 200 len: 1041 time: 0.0727830
2026-06-28 21:08:11.859 8 WARNING neutron.scheduler.dhcp_agent_scheduler [None req-4caa1bba-d689-4b96-96cb-f24fad8adf33 7ce99a38adbf44dea1546587a3280700 ef3cff4f372848748245027e5e1fec4f - - default default] No more DHCP agents
2026-06-28 21:08:11.861 8 WARNING neutron.api.rpc.agentnotifiers.dhcp_rpc_agent_api [None req-4caa1bba-d689-4b96-96cb-f24fad8adf33 7ce99a38adbf44dea1546587a3280700 ef3cff4f372848748245027e5e1fec4f - - default default] Unable to schedule network 599f22b5-5d9e-4c46-89a6-a57f5d45e5bb: no agents available; will retry on subsequent port and subnet creation events.
2026-06-28 21:08:12.037 9 INFO neutron.db.l3_db [None req-2ee413f5-1c3d-4914-8783-94158a5d9275 5c49ad4594244038a628a1cdc2d7ffcb 10d27fa6e73849bc8d6b5f4825b53c21 - - default default] Floating IP 2cab25fa-78ff-4607-8eb7-f1f2240cac12 associated. External IP: 10.96.250.217, port: 903ad876-d5d4-46b8-baf8-ebd6ed0b6d3d.
2026-06-28 21:08:12.238 9 INFO neutron.db.ovn_revision_numbers_db [None req-2ee413f5-1c3d-4914-8783-94158a5d9275 5c49ad4594244038a628a1cdc2d7ffcb 10d27fa6e73849bc8d6b5f4825b53c21 - - default default] Successfully bumped revision number for resource 2cab25fa-78ff-4607-8eb7-f1f2240cac12 (type: floatingips) to 2
2026-06-28 21:08:12.244 8 INFO neutron.wsgi [None req-e51a632d-83e9-4c80-9f6e-252cf791d228 49ce7ff76cc74dd999fe9a4cbbbf4031 b2426aa844744f43bfff0a8f578cbf1a - - default default] 10.0.0.131 "GET /v2.0/ports/b007c3ad-d45f-4c4a-9858-8e432ebf6d61 HTTP/1.1" status: 200 len: 1139 time: 0.0424681
2026-06-28 21:08:12.349 9 INFO neutron.db.ovn_revision_numbers_db [None req-2ee413f5-1c3d-4914-8783-94158a5d9275 5c49ad4594244038a628a1cdc2d7ffcb 10d27fa6e73849bc8d6b5f4825b53c21 - - default default] Successfully bumped revision number for resource 2cab25fa-78ff-4607-8eb7-f1f2240cac12 (type: floatingips) to 2
2026-06-28 21:08:12.363 8 INFO neutron.db.ovn_revision_numbers_db [None req-4caa1bba-d689-4b96-96cb-f24fad8adf33 7ce99a38adbf44dea1546587a3280700 ef3cff4f372848748245027e5e1fec4f - - default default] Successfully bumped revision number for resource 82ba1d96-3bfa-4813-9fe0-7a96affddcc2 (type: ports) to 2
2026-06-28 21:08:12.371 9 INFO neutron.wsgi [None req-3479d580-b486-4b6b-9c50-b73283c3f1e7 8c6cfe43e7c34fea9fed2d83e72d17d6 1e05d708a1ad41e0a86dc465f787c88d - - default default] 10.0.0.131 "POST /v2.0/subnetpools HTTP/1.1" status: 201 len: 748 time: 0.2283702
2026-06-28 21:08:12.390 9 INFO neutron.wsgi [None req-2ee413f5-1c3d-4914-8783-94158a5d9275 5c49ad4594244038a628a1cdc2d7ffcb 10d27fa6e73849bc8d6b5f4825b53c21 - - default default] 10.0.0.131 "PUT /v2.0/floatingips/2cab25fa-78ff-4607-8eb7-f1f2240cac12 HTTP/1.1" status: 200 len: 1037 time: 0.6218886
2026-06-28 21:08:12.422 8 INFO neutron.wsgi [None req-839bfe63-c6b7-4b60-b7b5-f8a3871366bc 8c6cfe43e7c34fea9fed2d83e72d17d6 1e05d708a1ad41e0a86dc465f787c88d - - default default] 10.0.0.131 "GET /v2.0/subnetpools/0aaa647c-a687-4d40-9d8c-1bc42a1f4232 HTTP/1.1" status: 200 len: 743 time: 0.0421793
2026-06-28 21:08:12.433 8 INFO neutron.db.ovn_revision_numbers_db [None req-4caa1bba-d689-4b96-96cb-f24fad8adf33 7ce99a38adbf44dea1546587a3280700 ef3cff4f372848748245027e5e1fec4f - - default default] Successfully bumped revision number for resource 960b60e5-0e21-453a-a242-cfcab497a98d (type: subnets) to 0
2026-06-28 21:08:12.451 8 INFO neutron.wsgi [None req-4caa1bba-d689-4b96-96cb-f24fad8adf33 7ce99a38adbf44dea1546587a3280700 ef3cff4f372848748245027e5e1fec4f - - default default] 10.0.0.131 "POST /v2.0/subnets HTTP/1.1" status: 201 len: 863 time: 0.7549984
2026-06-28 21:08:12.498 8 INFO neutron.wsgi [None req-77f372e3-1cf0-483c-8314-1787a68ef90d 8c6cfe43e7c34fea9fed2d83e72d17d6 1e05d708a1ad41e0a86dc465f787c88d - - default default] 10.0.0.131 "PUT /v2.0/subnetpools/0aaa647c-a687-4d40-9d8c-1bc42a1f4232 HTTP/1.1" status: 200 len: 695 time: 0.0694966
2026-06-28 21:08:12.555 9 INFO neutron.db.l3_db [None req-e7c4264a-aa8c-4731-8c73-72962f10afe9 5c49ad4594244038a628a1cdc2d7ffcb 10d27fa6e73849bc8d6b5f4825b53c21 - - default default] Floating IP 2cab25fa-78ff-4607-8eb7-f1f2240cac12 disassociated. External IP: 10.96.250.217, port: 3efddcc8-4647-4794-9a0f-2fd186ce9fff.
2026-06-28 21:08:12.608 9 INFO neutron.db.ovn_revision_numbers_db [None req-e7c4264a-aa8c-4731-8c73-72962f10afe9 5c49ad4594244038a628a1cdc2d7ffcb 10d27fa6e73849bc8d6b5f4825b53c21 - - default default] Successfully bumped revision number for resource 2cab25fa-78ff-4607-8eb7-f1f2240cac12 (type: floatingips) to 3
2026-06-28 21:08:12.629 9 INFO neutron.wsgi [None req-bab69cde-8479-46d1-9849-515e64431110 8c6cfe43e7c34fea9fed2d83e72d17d6 1e05d708a1ad41e0a86dc465f787c88d - - default default] 10.0.0.131 "DELETE /v2.0/subnetpools/0aaa647c-a687-4d40-9d8c-1bc42a1f4232 HTTP/1.1" status: 204 len: 168 time: 0.1227515
2026-06-28 21:08:12.655 9 INFO neutron.api.v2.resource [None req-5c00db3c-ac44-4c33-b9f0-7029eb3c3ccc 8c6cfe43e7c34fea9fed2d83e72d17d6 1e05d708a1ad41e0a86dc465f787c88d - - default default] show failed (client error): The resource could not be found.
2026-06-28 21:08:12.656 9 INFO neutron.wsgi [None req-5c00db3c-ac44-4c33-b9f0-7029eb3c3ccc 8c6cfe43e7c34fea9fed2d83e72d17d6 1e05d708a1ad41e0a86dc465f787c88d - - default default] 10.0.0.131 "GET /v2.0/subnetpools/0aaa647c-a687-4d40-9d8c-1bc42a1f4232 HTTP/1.1" status: 404 len: 346 time: 0.0211442
2026-06-28 21:08:12.682 9 INFO neutron.api.v2.resource [None req-f2842033-ed3f-485c-a115-d7d000e4be74 8c6cfe43e7c34fea9fed2d83e72d17d6 1e05d708a1ad41e0a86dc465f787c88d - - default default] delete failed (client error): The resource could not be found.
2026-06-28 21:08:12.684 9 INFO neutron.wsgi [None req-f2842033-ed3f-485c-a115-d7d000e4be74 8c6cfe43e7c34fea9fed2d83e72d17d6 1e05d708a1ad41e0a86dc465f787c88d - - default default] 10.0.0.131 "DELETE /v2.0/subnetpools/0aaa647c-a687-4d40-9d8c-1bc42a1f4232 HTTP/1.1" status: 404 len: 346 time: 0.0194736
2026-06-28 21:08:12.692 9 INFO neutron.wsgi [None req-e7c4264a-aa8c-4731-8c73-72962f10afe9 5c49ad4594244038a628a1cdc2d7ffcb 10d27fa6e73849bc8d6b5f4825b53c21 - - default default] 10.0.0.131 "PUT /v2.0/floatingips/2cab25fa-78ff-4607-8eb7-f1f2240cac12 HTTP/1.1" status: 200 len: 748 time: 0.2961659
2026-06-28 21:08:12.991 9 INFO neutron.wsgi [None req-7af776bf-28f5-48d5-a24a-9d9d2ec17c20 5c49ad4594244038a628a1cdc2d7ffcb 10d27fa6e73849bc8d6b5f4825b53c21 - - default default] 10.0.0.131 "DELETE /v2.0/floatingips/2cab25fa-78ff-4607-8eb7-f1f2240cac12 HTTP/1.1" status: 204 len: 168 time: 0.2944171
2026-06-28 21:08:13.012 9 INFO neutron.api.v2.resource [None req-9f61adb0-9748-4051-aa05-edc5106bf28c 5c49ad4594244038a628a1cdc2d7ffcb 10d27fa6e73849bc8d6b5f4825b53c21 - - default default] delete failed (client error): The resource could not be found.
2026-06-28 21:08:13.013 9 INFO neutron.wsgi [None req-9f61adb0-9748-4051-aa05-edc5106bf28c 5c49ad4594244038a628a1cdc2d7ffcb 10d27fa6e73849bc8d6b5f4825b53c21 - - default default] 10.0.0.131 "DELETE /v2.0/floatingips/2cab25fa-78ff-4607-8eb7-f1f2240cac12 HTTP/1.1" status: 404 len: 345 time: 0.0175259
2026-06-28 21:08:13.292 8 INFO neutron.wsgi [None req-97bab5a5-f279-416d-8b3e-490f14b437a6 49ce7ff76cc74dd999fe9a4cbbbf4031 b2426aa844744f43bfff0a8f578cbf1a - - default default] 10.0.0.131 "GET /v2.0/ports/b007c3ad-d45f-4c4a-9858-8e432ebf6d61 HTTP/1.1" status: 200 len: 1139 time: 0.0370867
2026-06-28 21:08:13.351 8 WARNING neutron.scheduler.dhcp_agent_scheduler [None req-07ea9abe-f6ab-47d3-81d5-39431fab7cee 7ce99a38adbf44dea1546587a3280700 ef3cff4f372848748245027e5e1fec4f - - default default] No more DHCP agents
2026-06-28 21:08:13.353 8 WARNING neutron.api.rpc.agentnotifiers.dhcp_rpc_agent_api [None req-07ea9abe-f6ab-47d3-81d5-39431fab7cee 7ce99a38adbf44dea1546587a3280700 ef3cff4f372848748245027e5e1fec4f - - default default] Unable to schedule network 58ee145c-34ab-4f5b-bce6-9aed3f94978e: no agents available; will retry on subsequent port and subnet creation events.
2026-06-28 21:08:13.478 8 INFO neutron.db.ovn_revision_numbers_db [None req-925920fb-cf2e-4fd6-8948-e000b9840cad 7ce99a38adbf44dea1546587a3280700 ef3cff4f372848748245027e5e1fec4f - - default default] Successfully bumped revision number for resource 50336849-8285-4fef-bc5d-c45da1923da0 (type: security_groups) to 1
2026-06-28 21:08:13.504 8 INFO neutron.db.ovn_revision_numbers_db [None req-925920fb-cf2e-4fd6-8948-e000b9840cad 7ce99a38adbf44dea1546587a3280700 ef3cff4f372848748245027e5e1fec4f - - default default] Successfully bumped revision number for resource 0a987996-d246-42e8-a9a7-a659767f0618 (type: security_group_rules) to 0
2026-06-28 21:08:13.505 9 INFO neutron.wsgi [None req-0a724787-ca96-4a71-9fd6-3f39b6a612f2 5c49ad4594244038a628a1cdc2d7ffcb 10d27fa6e73849bc8d6b5f4825b53c21 - - default default] 10.0.0.131 "DELETE /v2.0/ports/3efddcc8-4647-4794-9a0f-2fd186ce9fff HTTP/1.1" status: 204 len: 168 time: 0.4847806
2026-06-28 21:08:13.513 8 INFO neutron.db.ovn_revision_numbers_db [None req-07ea9abe-f6ab-47d3-81d5-39431fab7cee 7ce99a38adbf44dea1546587a3280700 ef3cff4f372848748245027e5e1fec4f - - default default] Successfully bumped revision number for resource 12c5ed5e-8a31-4059-a5f5-a3cdd4b57cf2 (type: ports) to 1
2026-06-28 21:08:13.518 8 INFO neutron.db.ovn_revision_numbers_db [None req-925920fb-cf2e-4fd6-8948-e000b9840cad 7ce99a38adbf44dea1546587a3280700 ef3cff4f372848748245027e5e1fec4f - - default default] Successfully bumped revision number for resource 0ceb5105-e1e2-4d31-a75b-f48899a2ba68 (type: security_group_rules) to 0
2026-06-28 21:08:13.557 8 INFO neutron.db.ovn_revision_numbers_db [None req-925920fb-cf2e-4fd6-8948-e000b9840cad 7ce99a38adbf44dea1546587a3280700 ef3cff4f372848748245027e5e1fec4f - - default default] Successfully bumped revision number for resource d9a07e5d-d310-4cc4-80d3-c737b969d2ea (type: security_group_rules) to 0
2026-06-28 21:08:13.572 8 INFO neutron.db.ovn_revision_numbers_db [None req-925920fb-cf2e-4fd6-8948-e000b9840cad 7ce99a38adbf44dea1546587a3280700 ef3cff4f372848748245027e5e1fec4f - - default default] Successfully bumped revision number for resource fb7da1b3-e451-4ed9-b553-e93aea4c271f (type: security_group_rules) to 0
2026-06-28 21:08:13.605 8 INFO neutron.wsgi [None req-925920fb-cf2e-4fd6-8948-e000b9840cad 7ce99a38adbf44dea1546587a3280700 ef3cff4f372848748245027e5e1fec4f - - default default] 10.0.0.131 "GET /v2.0/security-groups?tenant_id=1e05d708a1ad41e0a86dc465f787c88d&name=default HTTP/1.1" status: 200 len: 2996 time: 0.3718240
2026-06-28 21:08:13.838 9 INFO neutron.wsgi [None req-b825491a-00cc-4e6d-b29f-e9bd36b723f7 5c49ad4594244038a628a1cdc2d7ffcb 10d27fa6e73849bc8d6b5f4825b53c21 - - default default] 10.0.0.131 "DELETE /v2.0/ports/903ad876-d5d4-46b8-baf8-ebd6ed0b6d3d HTTP/1.1" status: 204 len: 168 time: 0.3291290
2026-06-28 21:08:13.847 9 INFO neutron.wsgi [None req-bb78a45c-3011-46e6-bf0d-15903b0f73ac 7ce99a38adbf44dea1546587a3280700 ef3cff4f372848748245027e5e1fec4f - - default default] 10.0.0.131 "DELETE /v2.0/security-groups/50336849-8285-4fef-bc5d-c45da1923da0 HTTP/1.1" status: 204 len: 168 time: 0.2349517
2026-06-28 21:08:13.977 8 INFO neutron.wsgi [None req-86eea728-c7fa-4281-8336-db1117033a09 5c49ad4594244038a628a1cdc2d7ffcb 10d27fa6e73849bc8d6b5f4825b53c21 - - default default] 10.0.0.131 "GET /v2.0/ports?device_id=c3414a16-fa12-4c10-8665-a447f4e120db HTTP/1.1" status: 200 len: 1140 time: 0.1344440
2026-06-28 21:08:14.151 8 INFO neutron.plugins.ml2.drivers.ovn.mech_driver.mech_driver [None req-b5cebebb-68c9-48bf-9c48-93b3cf057bd6 - - - - - -] OVN reports status up for port: 12c5ed5e-8a31-4059-a5f5-a3cdd4b57cf2
2026-06-28 21:08:14.183 8 INFO neutron.plugins.ml2.drivers.ovn.mech_driver.ovsdb.ovsdb_monitor [None req-8e8a4d23-33d5-4f20-82af-3d95ea56a328 - - - - - -] Router 37be24ea-fe55-4ab6-96cf-665ebcb57b7a is bound to host instance
2026-06-28 21:08:14.186 8 INFO neutron.plugins.ml2.plugin [None req-b5cebebb-68c9-48bf-9c48-93b3cf057bd6 - - - - - -] Attempt 1 to provision port 12c5ed5e-8a31-4059-a5f5-a3cdd4b57cf2
2026-06-28 21:08:14.212 8 INFO neutron.db.ovn_revision_numbers_db [None req-07ea9abe-f6ab-47d3-81d5-39431fab7cee 7ce99a38adbf44dea1546587a3280700 ef3cff4f372848748245027e5e1fec4f - - default default] Successfully bumped revision number for resource 12c5ed5e-8a31-4059-a5f5-a3cdd4b57cf2 (type: router_ports) to 1
2026-06-28 21:08:14.362 8 INFO neutron.db.ovn_revision_numbers_db [None req-07ea9abe-f6ab-47d3-81d5-39431fab7cee 7ce99a38adbf44dea1546587a3280700 ef3cff4f372848748245027e5e1fec4f - - default default] Successfully bumped revision number for resource 37be24ea-fe55-4ab6-96cf-665ebcb57b7a (type: routers) to 2
2026-06-28 21:08:14.412 8 INFO neutron.wsgi [None req-07ea9abe-f6ab-47d3-81d5-39431fab7cee 7ce99a38adbf44dea1546587a3280700 ef3cff4f372848748245027e5e1fec4f - - default default] 10.0.0.131 "POST /v2.0/routers HTTP/1.1" status: 201 len: 874 time: 1.9567585
2026-06-28 21:08:14.421 9 INFO neutron.wsgi [None req-08ed1615-df7c-43b4-a408-e0a8e3ac25dd 49ce7ff76cc74dd999fe9a4cbbbf4031 b2426aa844744f43bfff0a8f578cbf1a - - default default] 10.0.0.131 "GET /v2.0/ports/b007c3ad-d45f-4c4a-9858-8e432ebf6d61 HTTP/1.1" status: 200 len: 1139 time: 0.1218255
2026-06-28 21:08:15.036 9 WARNING neutron.scheduler.dhcp_agent_scheduler [None req-d87e8eea-91e2-407e-b3ff-65e35890e1ee 7ce99a38adbf44dea1546587a3280700 ef3cff4f372848748245027e5e1fec4f - - default default] No more DHCP agents
2026-06-28 21:08:15.037 8 INFO neutron.db.ovn_revision_numbers_db [None req-8e8a4d23-33d5-4f20-82af-3d95ea56a328 - - - - - -] Successfully bumped revision number for resource 12c5ed5e-8a31-4059-a5f5-a3cdd4b57cf2 (type: ports) to 1
2026-06-28 21:08:15.043 9 WARNING neutron.api.rpc.agentnotifiers.dhcp_rpc_agent_api [None req-d87e8eea-91e2-407e-b3ff-65e35890e1ee 7ce99a38adbf44dea1546587a3280700 ef3cff4f372848748245027e5e1fec4f - - default default] Unable to schedule network 599f22b5-5d9e-4c46-89a6-a57f5d45e5bb: no agents available; will retry on subsequent port and subnet creation events.
2026-06-28 21:08:15.146 9 INFO neutron.wsgi [None req-9b101203-6ffd-4093-91ee-50270e69d1ee 5c49ad4594244038a628a1cdc2d7ffcb 10d27fa6e73849bc8d6b5f4825b53c21 - - default default] 10.0.0.131 "PUT /v2.0/routers/c3414a16-fa12-4c10-8665-a447f4e120db/remove_router_interface HTTP/1.1" status: 200 len: 503 time: 1.1643445 /var/lib/openstack/lib/python3.10/site-packages/pycadf/identifier.py:71: UserWarning: Invalid uuid: neutron. To ensure interoperability, identifiers should be a valid uuid. warnings.warn(('Invalid uuid: %s. To ensure interoperability, '
2026-06-28 21:08:15.346 8 INFO neutron.db.ovn_revision_numbers_db [None req-8e8a4d23-33d5-4f20-82af-3d95ea56a328 - - - - - -] Successfully bumped revision number for resource 12c5ed5e-8a31-4059-a5f5-a3cdd4b57cf2 (type: router_ports) to 3
2026-06-28 21:08:15.357 9 INFO neutron.db.ovn_revision_numbers_db [None req-d87e8eea-91e2-407e-b3ff-65e35890e1ee 7ce99a38adbf44dea1546587a3280700 ef3cff4f372848748245027e5e1fec4f - - default default] Successfully bumped revision number for resource cc6f4883-1186-43ab-82cf-1e02c1f2ad61 (type: ports) to 1
2026-06-28 21:08:15.489 9 INFO neutron.wsgi [None req-1f06205d-6c90-49e4-b3fd-c3eb3d2b1051 49ce7ff76cc74dd999fe9a4cbbbf4031 b2426aa844744f43bfff0a8f578cbf1a - - default default] 10.0.0.131 "GET /v2.0/ports/b007c3ad-d45f-4c4a-9858-8e432ebf6d61 HTTP/1.1" status: 200 len: 1139 time: 0.0618429
2026-06-28 21:08:15.512 8 INFO neutron.db.ovn_revision_numbers_db [None req-8e8a4d23-33d5-4f20-82af-3d95ea56a328 - - - - - -] Successfully bumped revision number for resource 12c5ed5e-8a31-4059-a5f5-a3cdd4b57cf2 (type: ports) to 2
2026-06-28 21:08:15.763 8 INFO neutron.db.ovn_revision_numbers_db [None req-8e8a4d23-33d5-4f20-82af-3d95ea56a328 - - - - - -] Successfully bumped revision number for resource 12c5ed5e-8a31-4059-a5f5-a3cdd4b57cf2 (type: ports) to 4
2026-06-28 21:08:15.887 9 WARNING neutron.plugins.ml2.drivers.ovn.mech_driver.ovsdb.ovn_client [None req-5e779a41-02ec-464b-86fc-eee7bd7635aa - - - - - -] No port found with ID 63adb916-af47-4cfd-bc85-e5f66bfabeef: RuntimeError: No port found with ID 63adb916-af47-4cfd-bc85-e5f66bfabeef
2026-06-28 21:08:15.887 9 INFO neutron.plugins.ml2.drivers.ovn.mech_driver.mech_driver [None req-5e779a41-02ec-464b-86fc-eee7bd7635aa - - - - - -] OVN reports status up for port: 028d5c3e-bee5-43d8-ae56-d88fccb154a4
2026-06-28 21:08:15.911 9 INFO neutron.plugins.ml2.plugin [None req-5e779a41-02ec-464b-86fc-eee7bd7635aa - - - - - -] Attempt 1 to provision port 028d5c3e-bee5-43d8-ae56-d88fccb154a4
2026-06-28 21:08:16.016 8 INFO neutron.db.ovn_revision_numbers_db [None req-8e8a4d23-33d5-4f20-82af-3d95ea56a328 - - - - - -] Successfully bumped revision number for resource 12c5ed5e-8a31-4059-a5f5-a3cdd4b57cf2 (type: router_ports) to 4
2026-06-28 21:08:16.322 9 INFO neutron.plugins.ml2.drivers.ovn.mech_driver.mech_driver [None req-5e779a41-02ec-464b-86fc-eee7bd7635aa - - - - - -] OVN reports status up for port: 37e653f6-8637-4484-a518-dc157f5f3688
2026-06-28 21:08:16.325 9 INFO neutron.db.ovn_revision_numbers_db [None req-d87e8eea-91e2-407e-b3ff-65e35890e1ee 7ce99a38adbf44dea1546587a3280700 ef3cff4f372848748245027e5e1fec4f - - default default] Successfully bumped revision number for resource cc6f4883-1186-43ab-82cf-1e02c1f2ad61 (type: router_ports) to 1
2026-06-28 21:08:16.336 9 INFO neutron.plugins.ml2.plugin [None req-5e779a41-02ec-464b-86fc-eee7bd7635aa - - - - - -] Attempt 1 to provision port 37e653f6-8637-4484-a518-dc157f5f3688
2026-06-28 21:08:16.363 9 INFO neutron.wsgi [None req-f571c53a-be9e-4572-a47b-834f92b6c20c 5c49ad4594244038a628a1cdc2d7ffcb 10d27fa6e73849bc8d6b5f4825b53c21 - - default default] 10.0.0.131 "DELETE /v2.0/routers/c3414a16-fa12-4c10-8665-a447f4e120db HTTP/1.1" status: 204 len: 168 time: 1.2122061
2026-06-28 21:08:16.562 9 INFO neutron.db.ovn_revision_numbers_db [None req-d87e8eea-91e2-407e-b3ff-65e35890e1ee 7ce99a38adbf44dea1546587a3280700 ef3cff4f372848748245027e5e1fec4f - - default default] Successfully bumped revision number for resource cc6f4883-1186-43ab-82cf-1e02c1f2ad61 (type: ports) to 1
2026-06-28 21:08:16.624 8 INFO neutron.wsgi [None req-b994db54-cc5d-4db8-acae-060a272d75fb 5c49ad4594244038a628a1cdc2d7ffcb 10d27fa6e73849bc8d6b5f4825b53c21 - - default default] 10.0.0.131 "DELETE /v2.0/subnets/77dc622b-dca9-4db7-897a-d9d0fa2f31b2 HTTP/1.1" status: 204 len: 168 time: 0.2539961
2026-06-28 21:08:16.630 8 INFO neutron.wsgi [None req-79fa0af8-66dd-45ed-8a87-0f2cc9412596 49ce7ff76cc74dd999fe9a4cbbbf4031 b2426aa844744f43bfff0a8f578cbf1a - - default default] 10.0.0.131 "GET /v2.0/ports/b007c3ad-d45f-4c4a-9858-8e432ebf6d61 HTTP/1.1" status: 200 len: 1139 time: 0.1355407
2026-06-28 21:08:16.648 9 WARNING neutron.scheduler.dhcp_agent_scheduler [None req-d87e8eea-91e2-407e-b3ff-65e35890e1ee 7ce99a38adbf44dea1546587a3280700 ef3cff4f372848748245027e5e1fec4f - - default default] No more DHCP agents
2026-06-28 21:08:16.650 9 WARNING neutron.api.rpc.agentnotifiers.dhcp_rpc_agent_api [None req-d87e8eea-91e2-407e-b3ff-65e35890e1ee 7ce99a38adbf44dea1546587a3280700 ef3cff4f372848748245027e5e1fec4f - - default default] Unable to schedule network 599f22b5-5d9e-4c46-89a6-a57f5d45e5bb: no agents available; will retry on subsequent port and subnet creation events.
2026-06-28 21:08:16.725 9 INFO neutron.db.ovn_revision_numbers_db [None req-5e779a41-02ec-464b-86fc-eee7bd7635aa - - - - - -] Successfully bumped revision number for resource 37e653f6-8637-4484-a518-dc157f5f3688 (type: ports) to 2
2026-06-28 21:08:16.880 9 INFO neutron.db.ovn_revision_numbers_db [None req-5e779a41-02ec-464b-86fc-eee7bd7635aa - - - - - -] Successfully bumped revision number for resource 37e653f6-8637-4484-a518-dc157f5f3688 (type: router_ports) to 2
2026-06-28 21:08:16.982 8 INFO neutron.services.segments.plugin [-] Segment 703cd5bb-c52c-440a-8cac-a310c9a329a9 resource provider aggregate not found
2026-06-28 21:08:16.988 8 INFO neutron.services.segments.plugin [-] Segment 703cd5bb-c52c-440a-8cac-a310c9a329a9 resource provider aggregate not found
2026-06-28 21:08:17.005 8 INFO neutron.services.segments.plugin [-] Segment 703cd5bb-c52c-440a-8cac-a310c9a329a9 resource provider not found; error: Placement Client Error (4xx): {"errors": [{"status": 404, "title": "Not Found", "detail": "The resource could not be found.\n\n No resource provider with uuid 703cd5bb-c52c-440a-8cac-a310c9a329a9 found for delete ", "request_id": "req-07d2f45d-565d-489b-a9ac-61c5efae16fc"}]}
2026-06-28 21:08:17.007 8 INFO neutron.services.segments.plugin [-] Segment 703cd5bb-c52c-440a-8cac-a310c9a329a9 resource provider not found; error: Placement Client Error (4xx): {"errors": [{"status": 404, "title": "Not Found", "detail": "The resource could not be found.\n\n No resource provider with uuid 703cd5bb-c52c-440a-8cac-a310c9a329a9 found for delete ", "request_id": "req-85ef4aff-1638-4e45-b14d-204e7962a756"}]}
2026-06-28 21:08:17.039 8 INFO neutron.wsgi [None req-129d6ef3-2731-49f7-9f88-4586148d6505 5c49ad4594244038a628a1cdc2d7ffcb 10d27fa6e73849bc8d6b5f4825b53c21 - - default default] 10.0.0.131 "DELETE /v2.0/networks/3c6299c1-4d8b-48ed-896d-4185b66fd8d4 HTTP/1.1" status: 204 len: 168 time: 0.4085789
2026-06-28 21:08:17.052 8 INFO neutron.plugins.ml2.drivers.ovn.mech_driver.mech_driver [None req-b5cebebb-68c9-48bf-9c48-93b3cf057bd6 - - - - - -] OVN reports status up for port: cc6f4883-1186-43ab-82cf-1e02c1f2ad61
2026-06-28 21:08:17.060 8 INFO neutron.plugins.ml2.plugin [None req-b5cebebb-68c9-48bf-9c48-93b3cf057bd6 - - - - - -] Attempt 1 to provision port cc6f4883-1186-43ab-82cf-1e02c1f2ad61
2026-06-28 21:08:17.255 9 INFO neutron.db.ovn_revision_numbers_db [None req-d87e8eea-91e2-407e-b3ff-65e35890e1ee 7ce99a38adbf44dea1546587a3280700 ef3cff4f372848748245027e5e1fec4f - - default default] Successfully bumped revision number for resource cc6f4883-1186-43ab-82cf-1e02c1f2ad61 (type: router_ports) to 1
2026-06-28 21:08:17.258 9 INFO neutron.wsgi [None req-d87e8eea-91e2-407e-b3ff-65e35890e1ee 7ce99a38adbf44dea1546587a3280700 ef3cff4f372848748245027e5e1fec4f - - default default] 10.0.0.131 "PUT /v2.0/routers/37be24ea-fe55-4ab6-96cf-665ebcb57b7a/add_router_interface HTTP/1.1" status: 200 len: 503 time: 2.8404691
2026-06-28 21:08:17.339 8 INFO neutron.db.ovn_revision_numbers_db [None req-b5cebebb-68c9-48bf-9c48-93b3cf057bd6 - - - - - -] Successfully bumped revision number for resource cc6f4883-1186-43ab-82cf-1e02c1f2ad61 (type: ports) to 2
2026-06-28 21:08:17.479 8 INFO neutron.db.ovn_revision_numbers_db [None req-b5cebebb-68c9-48bf-9c48-93b3cf057bd6 - - - - - -] Successfully bumped revision number for resource cc6f4883-1186-43ab-82cf-1e02c1f2ad61 (type: router_ports) to 2
2026-06-28 21:08:17.495 8 INFO neutron.db.ovn_revision_numbers_db [None req-dfb69bf2-0c7c-4528-972b-74525d75da82 7ce99a38adbf44dea1546587a3280700 ef3cff4f372848748245027e5e1fec4f - - default default] Successfully bumped revision number for resource 7f25b703-7642-479b-a7e9-baf1e39e8e56 (type: security_groups) to 1
2026-06-28 21:08:17.518 8 INFO neutron.db.ovn_revision_numbers_db [None req-dfb69bf2-0c7c-4528-972b-74525d75da82 7ce99a38adbf44dea1546587a3280700 ef3cff4f372848748245027e5e1fec4f - - default default] Successfully bumped revision number for resource 6d80d099-5047-4da0-98c7-6bc4674ba579 (type: security_group_rules) to 0
2026-06-28 21:08:17.535 8 INFO neutron.db.ovn_revision_numbers_db [None req-dfb69bf2-0c7c-4528-972b-74525d75da82 7ce99a38adbf44dea1546587a3280700 ef3cff4f372848748245027e5e1fec4f - - default default] Successfully bumped revision number for resource 9feff1ad-7bfc-44cb-a953-95695daf8001 (type: security_group_rules) to 0
2026-06-28 21:08:17.556 8 INFO neutron.db.ovn_revision_numbers_db [None req-dfb69bf2-0c7c-4528-972b-74525d75da82 7ce99a38adbf44dea1546587a3280700 ef3cff4f372848748245027e5e1fec4f - - default default] Successfully bumped revision number for resource b5047747-c1a7-41e1-845d-c194c2146886 (type: security_group_rules) to 0
2026-06-28 21:08:17.578 8 INFO neutron.db.ovn_revision_numbers_db [None req-dfb69bf2-0c7c-4528-972b-74525d75da82 7ce99a38adbf44dea1546587a3280700 ef3cff4f372848748245027e5e1fec4f - - default default] Successfully bumped revision number for resource e3d9308a-538f-4cea-9a42-0a257f7e8979 (type: security_group_rules) to 0
2026-06-28 21:08:17.599 8 INFO neutron.wsgi [None req-dfb69bf2-0c7c-4528-972b-74525d75da82 7ce99a38adbf44dea1546587a3280700 ef3cff4f372848748245027e5e1fec4f - - default default] 10.0.0.131 "GET /v2.0/security-groups?tenant_id=ae48499fa5ce4516bd50b6c74f53faaa&name=default HTTP/1.1" status: 200 len: 2996 time: 0.4861624
2026-06-28 21:08:17.676 9 INFO neutron.wsgi [None req-f05819f5-232a-4d43-a908-a7a6c3c96e18 49ce7ff76cc74dd999fe9a4cbbbf4031 b2426aa844744f43bfff0a8f578cbf1a - - default default] 10.0.0.131 "GET /v2.0/ports/b007c3ad-d45f-4c4a-9858-8e432ebf6d61 HTTP/1.1" status: 200 len: 1139 time: 0.0378113
2026-06-28 21:08:17.737 9 INFO neutron.wsgi [None req-8b4c7884-888d-4522-bb95-615fc4628975 7ce99a38adbf44dea1546587a3280700 ef3cff4f372848748245027e5e1fec4f - - default default] 10.0.0.131 "GET /v2.0/security-groups?tenant_id=10d27fa6e73849bc8d6b5f4825b53c21&name=default HTTP/1.1" status: 200 len: 2996 time: 0.1486056
2026-06-28 21:08:17.804 8 INFO neutron.wsgi [None req-e6675940-429d-4a9b-8a7d-2924356e8422 7ce99a38adbf44dea1546587a3280700 ef3cff4f372848748245027e5e1fec4f - - default default] 10.0.0.131 "DELETE /v2.0/security-groups/7f25b703-7642-479b-a7e9-baf1e39e8e56 HTTP/1.1" status: 204 len: 168 time: 0.1992648
2026-06-28 21:08:17.949 9 INFO neutron.wsgi [None req-26db6473-c527-45e3-8002-0eb90d6661ca 7ce99a38adbf44dea1546587a3280700 ef3cff4f372848748245027e5e1fec4f - - default default] 10.0.0.131 "DELETE /v2.0/security-groups/7cebcfad-9c09-4792-b08b-0d20f54da8d1 HTTP/1.1" status: 204 len: 168 time: 0.2061923
2026-06-28 21:08:18.028 9 INFO neutron.db.ovn_revision_numbers_db [None req-f74a8117-e600-417f-8000-c38f9a729f95 e2cd192ce879437b9805f2ac29c15855 9f4c52b306d24be6b4904f53851696e7 - - default default] Successfully bumped revision number for resource 6101725d-0467-4ebf-a25c-24d6c9051a4c (type: security_groups) to 1
2026-06-28 21:08:18.059 9 INFO neutron.db.ovn_revision_numbers_db [None req-f74a8117-e600-417f-8000-c38f9a729f95 e2cd192ce879437b9805f2ac29c15855 9f4c52b306d24be6b4904f53851696e7 - - default default] Successfully bumped revision number for resource afa71885-cce2-477f-a441-0b621a17c58f (type: security_group_rules) to 0
2026-06-28 21:08:18.078 9 INFO neutron.db.ovn_revision_numbers_db [None req-f74a8117-e600-417f-8000-c38f9a729f95 e2cd192ce879437b9805f2ac29c15855 9f4c52b306d24be6b4904f53851696e7 - - default default] Successfully bumped revision number for resource b9228203-3789-4833-b721-046fa3c26948 (type: security_group_rules) to 0
2026-06-28 21:08:18.104 9 INFO neutron.wsgi [None req-f74a8117-e600-417f-8000-c38f9a729f95 e2cd192ce879437b9805f2ac29c15855 9f4c52b306d24be6b4904f53851696e7 - - default default] 10.0.0.131 "POST /v2.0/security-groups HTTP/1.1" status: 201 len: 1811 time: 0.1994064
2026-06-28 21:08:18.222 9 INFO neutron.db.ovn_revision_numbers_db [None req-a67ad363-ee0b-4fde-9a1c-da60b8f14b8a e2cd192ce879437b9805f2ac29c15855 9f4c52b306d24be6b4904f53851696e7 - - default default] Successfully bumped revision number for resource c48dcb56-6fbd-4a20-8ef8-7d17970fca40 (type: security_group_rules) to 0
2026-06-28 21:08:18.244 9 INFO neutron.wsgi [None req-a67ad363-ee0b-4fde-9a1c-da60b8f14b8a e2cd192ce879437b9805f2ac29c15855 9f4c52b306d24be6b4904f53851696e7 - - default default] 10.0.0.131 "POST /v2.0/security-group-rules HTTP/1.1" status: 201 len: 764 time: 0.1327078
2026-06-28 21:08:18.370 9 INFO neutron.db.ovn_revision_numbers_db [None req-02d5b984-9625-4fbe-9449-430c8940cdb9 e2cd192ce879437b9805f2ac29c15855 9f4c52b306d24be6b4904f53851696e7 - - default default] Successfully bumped revision number for resource 9b248d7d-e96a-49e1-bab3-8b85ca980745 (type: security_group_rules) to 0
2026-06-28 21:08:18.395 9 INFO neutron.wsgi [None req-02d5b984-9625-4fbe-9449-430c8940cdb9 e2cd192ce879437b9805f2ac29c15855 9f4c52b306d24be6b4904f53851696e7 - - default default] 10.0.0.131 "POST /v2.0/security-group-rules HTTP/1.1" status: 201 len: 763 time: 0.1438711
2026-06-28 21:08:18.538 9 INFO neutron.db.ovn_revision_numbers_db [None req-13a54e6f-cf3e-4071-9372-f25db46771a8 e2cd192ce879437b9805f2ac29c15855 9f4c52b306d24be6b4904f53851696e7 - - default default] Successfully bumped revision number for resource 52895eb4-638e-45ae-bd21-a2f28dcb71e8 (type: security_group_rules) to 0
2026-06-28 21:08:18.573 9 INFO neutron.wsgi [None req-13a54e6f-cf3e-4071-9372-f25db46771a8 e2cd192ce879437b9805f2ac29c15855 9f4c52b306d24be6b4904f53851696e7 - - default default] 10.0.0.131 "POST /v2.0/security-group-rules HTTP/1.1" status: 201 len: 769 time: 0.1729140
2026-06-28 21:08:18.718 8 INFO neutron.db.ovn_revision_numbers_db [None req-365494c8-d737-46a1-a1b2-cbccd3db4f07 e2cd192ce879437b9805f2ac29c15855 9f4c52b306d24be6b4904f53851696e7 - - default default] Successfully bumped revision number for resource 39bfdb50-283e-4bf4-853f-1dea90c9ec5a (type: security_group_rules) to 0
2026-06-28 21:08:18.727 9 INFO neutron.wsgi [None req-84806fc3-b8c8-4e2f-86a2-f71658c463c1 49ce7ff76cc74dd999fe9a4cbbbf4031 b2426aa844744f43bfff0a8f578cbf1a - - default default] 10.0.0.131 "GET /v2.0/ports/b007c3ad-d45f-4c4a-9858-8e432ebf6d61 HTTP/1.1" status: 200 len: 1139 time: 0.0407901
2026-06-28 21:08:18.747 8 INFO neutron.wsgi [None req-365494c8-d737-46a1-a1b2-cbccd3db4f07 e2cd192ce879437b9805f2ac29c15855 9f4c52b306d24be6b4904f53851696e7 - - default default] 10.0.0.131 "POST /v2.0/security-group-rules HTTP/1.1" status: 201 len: 768 time: 0.1690738
2026-06-28 21:08:18.775 8 INFO neutron.db.securitygroups_db [None req-6a5477fc-a2c5-4eae-a7e0-c4222805a4fa e2cd192ce879437b9805f2ac29c15855 9f4c52b306d24be6b4904f53851696e7 - - default default] Project 9f4c52b306d24be6b4904f53851696e7 added a security group rule with legacy IPv6 ICMP protocol name icmp, ipv6-icmp should be used instead. It was automatically converted.
2026-06-28 21:08:18.876 8 INFO neutron.db.ovn_revision_numbers_db [None req-6a5477fc-a2c5-4eae-a7e0-c4222805a4fa e2cd192ce879437b9805f2ac29c15855 9f4c52b306d24be6b4904f53851696e7 - - default default] Successfully bumped revision number for resource 75be9ec5-27ed-4bc4-9662-8af80bf12a96 (type: security_group_rules) to 0
2026-06-28 21:08:18.904 8 INFO neutron.wsgi [None req-6a5477fc-a2c5-4eae-a7e0-c4222805a4fa e2cd192ce879437b9805f2ac29c15855 9f4c52b306d24be6b4904f53851696e7 - - default default] 10.0.0.131 "POST /v2.0/security-group-rules HTTP/1.1" status: 201 len: 774 time: 0.1515329
2026-06-28 21:08:18.938 8 INFO neutron.db.securitygroups_db [None req-e1450100-9fa9-46a4-9fe5-76538cf05adc e2cd192ce879437b9805f2ac29c15855 9f4c52b306d24be6b4904f53851696e7 - - default default] Project 9f4c52b306d24be6b4904f53851696e7 added a security group rule with legacy IPv6 ICMP protocol name icmp, ipv6-icmp should be used instead. It was automatically converted.
2026-06-28 21:08:19.066 8 INFO neutron.db.ovn_revision_numbers_db [None req-e1450100-9fa9-46a4-9fe5-76538cf05adc e2cd192ce879437b9805f2ac29c15855 9f4c52b306d24be6b4904f53851696e7 - - default default] Successfully bumped revision number for resource d1d97e73-a84e-4efc-88cb-32d0d07176df (type: security_group_rules) to 0
2026-06-28 21:08:19.096 8 INFO neutron.wsgi [None req-e1450100-9fa9-46a4-9fe5-76538cf05adc e2cd192ce879437b9805f2ac29c15855 9f4c52b306d24be6b4904f53851696e7 - - default default] 10.0.0.131 "POST /v2.0/security-group-rules HTTP/1.1" status: 201 len: 773 time: 0.1877530
2026-06-28 21:08:19.683 8 INFO neutron.db.ovn_revision_numbers_db [None req-88ed5864-0a49-4cc2-ac77-5b4cc0964002 e2cd192ce879437b9805f2ac29c15855 9f4c52b306d24be6b4904f53851696e7 - - default default] Successfully bumped revision number for resource ed90ec1d-3c8c-4212-8ecd-eafef24226ab (type: security_groups) to 1
2026-06-28 21:08:19.698 8 INFO neutron.db.ovn_revision_numbers_db [None req-88ed5864-0a49-4cc2-ac77-5b4cc0964002 e2cd192ce879437b9805f2ac29c15855 9f4c52b306d24be6b4904f53851696e7 - - default default] Successfully bumped revision number for resource a2f2f50b-f2ad-49ab-bbd6-6f95930ae4a9 (type: security_group_rules) to 0
2026-06-28 21:08:19.716 8 INFO neutron.db.ovn_revision_numbers_db [None req-88ed5864-0a49-4cc2-ac77-5b4cc0964002 e2cd192ce879437b9805f2ac29c15855 9f4c52b306d24be6b4904f53851696e7 - - default default] Successfully bumped revision number for resource ba995f0f-ec64-4ec8-8378-f1cba90ff610 (type: security_group_rules) to 0
2026-06-28 21:08:19.753 8 INFO neutron.wsgi [None req-88ed5864-0a49-4cc2-ac77-5b4cc0964002 e2cd192ce879437b9805f2ac29c15855 9f4c52b306d24be6b4904f53851696e7 - - default default] 10.0.0.131 "POST /v2.0/security-groups HTTP/1.1" status: 201 len: 1796 time: 0.2147079
2026-06-28 21:08:19.821 9 INFO neutron.wsgi [None req-e51c22df-849f-4ccb-b1d9-13cbb00bdf37 49ce7ff76cc74dd999fe9a4cbbbf4031 b2426aa844744f43bfff0a8f578cbf1a - - default default] 10.0.0.131 "GET /v2.0/ports/b007c3ad-d45f-4c4a-9858-8e432ebf6d61 HTTP/1.1" status: 200 len: 1139 time: 0.0890303
2026-06-28 21:08:19.872 8 INFO neutron.db.ovn_revision_numbers_db [None req-9e311341-1f22-4c31-a603-cac7c99c5e90 e2cd192ce879437b9805f2ac29c15855 9f4c52b306d24be6b4904f53851696e7 - - default default] Successfully bumped revision number for resource bb75bc28-b3fb-490e-bd76-757b3b62b558 (type: security_group_rules) to 0
2026-06-28 21:08:19.894 8 INFO neutron.wsgi [None req-9e311341-1f22-4c31-a603-cac7c99c5e90 e2cd192ce879437b9805f2ac29c15855 9f4c52b306d24be6b4904f53851696e7 - - default default] 10.0.0.131 "POST /v2.0/security-group-rules HTTP/1.1" status: 201 len: 764 time: 0.1354260
2026-06-28 21:08:20.030 8 INFO neutron.db.ovn_revision_numbers_db [None req-22596c0b-35d3-4316-a3a9-ca9a156822fe e2cd192ce879437b9805f2ac29c15855 9f4c52b306d24be6b4904f53851696e7 - - default default] Successfully bumped revision number for resource 9a6c2d83-fdbe-483d-ba7e-706f324dd0ce (type: security_group_rules) to 0
2026-06-28 21:08:20.061 8 INFO neutron.wsgi [None req-22596c0b-35d3-4316-a3a9-ca9a156822fe e2cd192ce879437b9805f2ac29c15855 9f4c52b306d24be6b4904f53851696e7 - - default default] 10.0.0.131 "POST /v2.0/security-group-rules HTTP/1.1" status: 201 len: 769 time: 0.1624653
2026-06-28 21:08:20.181 8 INFO neutron.db.ovn_revision_numbers_db [None req-17a09c00-2633-4a3f-932e-a1b1ab2959f6 ceee71dc06ef40b2b8268d07cf43bbac 0417769be0df4d2882706fe59f55f207 - - default default] Successfully bumped revision number for resource 25e8b4c6-1965-453e-9fe9-4ae68755f746 (type: security_groups) to 1
2026-06-28 21:08:20.207 8 INFO neutron.db.ovn_revision_numbers_db [None req-17a09c00-2633-4a3f-932e-a1b1ab2959f6 ceee71dc06ef40b2b8268d07cf43bbac 0417769be0df4d2882706fe59f55f207 - - default default] Successfully bumped revision number for resource 147cef85-e058-43aa-b5fd-0d9e63029560 (type: security_group_rules) to 0
2026-06-28 21:08:20.228 8 INFO neutron.db.ovn_revision_numbers_db [None req-17a09c00-2633-4a3f-932e-a1b1ab2959f6 ceee71dc06ef40b2b8268d07cf43bbac 0417769be0df4d2882706fe59f55f207 - - default default] Successfully bumped revision number for resource 57327d39-5905-418b-951c-2b0111b82192 (type: security_group_rules) to 0
2026-06-28 21:08:20.244 8 INFO neutron.db.ovn_revision_numbers_db [None req-17a09c00-2633-4a3f-932e-a1b1ab2959f6 ceee71dc06ef40b2b8268d07cf43bbac 0417769be0df4d2882706fe59f55f207 - - default default] Successfully bumped revision number for resource 8d6752b3-5776-42e8-a962-6b91be0e7286 (type: security_group_rules) to 0
2026-06-28 21:08:20.269 9 INFO neutron.db.ovn_revision_numbers_db [None req-046075d3-b162-4bb3-ae3d-da9ed7b932f3 7ce99a38adbf44dea1546587a3280700 ef3cff4f372848748245027e5e1fec4f - - default default] Successfully bumped revision number for resource f386e6a6-b66f-4e37-b017-1785931c62ae (type: security_groups) to 1
2026-06-28 21:08:20.281 9 INFO neutron.db.ovn_revision_numbers_db [None req-046075d3-b162-4bb3-ae3d-da9ed7b932f3 7ce99a38adbf44dea1546587a3280700 ef3cff4f372848748245027e5e1fec4f - - default default] Successfully bumped revision number for resource 359cc606-d317-486b-a3ed-2a35351342d6 (type: security_group_rules) to 0
2026-06-28 21:08:20.283 8 INFO neutron.db.ovn_revision_numbers_db [None req-17a09c00-2633-4a3f-932e-a1b1ab2959f6 ceee71dc06ef40b2b8268d07cf43bbac 0417769be0df4d2882706fe59f55f207 - - default default] Successfully bumped revision number for resource 96a37764-40bf-4e88-b6c9-16036579b004 (type: security_group_rules) to 0
2026-06-28 21:08:20.296 9 INFO neutron.db.ovn_revision_numbers_db [None req-046075d3-b162-4bb3-ae3d-da9ed7b932f3 7ce99a38adbf44dea1546587a3280700 ef3cff4f372848748245027e5e1fec4f - - default default] Successfully bumped revision number for resource 458773bf-3fa4-4ece-af11-7e69a0659288 (type: security_group_rules) to 0
2026-06-28 21:08:20.312 9 INFO neutron.db.ovn_revision_numbers_db [None req-046075d3-b162-4bb3-ae3d-da9ed7b932f3 7ce99a38adbf44dea1546587a3280700 ef3cff4f372848748245027e5e1fec4f - - default default] Successfully bumped revision number for resource 96a2a2f9-b65a-49fe-8610-b7006d4dc0b4 (type: security_group_rules) to 0
2026-06-28 21:08:20.340 9 INFO neutron.db.ovn_revision_numbers_db [None req-046075d3-b162-4bb3-ae3d-da9ed7b932f3 7ce99a38adbf44dea1546587a3280700 ef3cff4f372848748245027e5e1fec4f - - default default] Successfully bumped revision number for resource aec34c29-56a4-4f8f-a2bf-c707457d3eed (type: security_group_rules) to 0
