2026-06-28 21:08:28.689 8 INFO neutron.wsgi [None req-29d773b8-3b35-4fb7-88f8-c7c92887783a 7ce99a38adbf44dea1546587a3280700 ef3cff4f372848748245027e5e1fec4f - - default default] 10.0.0.4 "GET /v2.0/agents?binary=ovn-controller HTTP/1.1" status: 200 len: 591 time: 0.0139890
2026-06-28 21:08:28.715 9 INFO neutron.api.v2.resource [None req-277f658c-e144-4fd1-834d-0be23d09c690 49ce7ff76cc74dd999fe9a4cbbbf4031 b2426aa844744f43bfff0a8f578cbf1a - - default default] delete failed (client error): The resource could not be found.
2026-06-28 21:08:28.716 9 INFO neutron.wsgi [None req-277f658c-e144-4fd1-834d-0be23d09c690 49ce7ff76cc74dd999fe9a4cbbbf4031 b2426aa844744f43bfff0a8f578cbf1a - - default default] 10.0.0.131 "DELETE /v2.0/routers/db0540a3-b71f-48f9-8fa0-b649f84d2407 HTTP/1.1" status: 404 len: 336 time: 0.0455589
2026-06-28 21:08:28.749 9 INFO neutron.wsgi [None req-2610436d-2021-4e75-93c6-051e412316f3 49ce7ff76cc74dd999fe9a4cbbbf4031 b2426aa844744f43bfff0a8f578cbf1a - - default default] 10.0.0.131 "GET /v2.0/ports?device_id=3120c6a1-b226-4134-8629-cfe49e4f22c1 HTTP/1.1" status: 200 len: 205 time: 0.0279310
2026-06-28 21:08:28.797 9 INFO neutron.api.v2.resource [None req-c5c5fd6f-f2e1-47aa-bd83-ddd05ca911f9 49ce7ff76cc74dd999fe9a4cbbbf4031 b2426aa844744f43bfff0a8f578cbf1a - - default default] delete failed (client error): The resource could not be found.
2026-06-28 21:08:28.798 9 INFO neutron.wsgi [None req-c5c5fd6f-f2e1-47aa-bd83-ddd05ca911f9 49ce7ff76cc74dd999fe9a4cbbbf4031 b2426aa844744f43bfff0a8f578cbf1a - - default default] 10.0.0.131 "DELETE /v2.0/routers/3120c6a1-b226-4134-8629-cfe49e4f22c1 HTTP/1.1" status: 404 len: 336 time: 0.0303996
2026-06-28 21:08:28.822 9 INFO neutron.pecan_wsgi.hooks.translation [None req-890dfe14-5f90-4a58-b1cd-8467abc270fd 49ce7ff76cc74dd999fe9a4cbbbf4031 b2426aa844744f43bfff0a8f578cbf1a - - default default] DELETE failed (client error): The resource could not be found.
2026-06-28 21:08:28.825 9 INFO neutron.wsgi [None req-890dfe14-5f90-4a58-b1cd-8467abc270fd 49ce7ff76cc74dd999fe9a4cbbbf4031 b2426aa844744f43bfff0a8f578cbf1a - - default default] 10.0.0.131 "DELETE /v2.0/subnets/5ba580e9-7892-4152-9c49-f76189803626 HTTP/1.1" status: 404 len: 337 time: 0.0196998
2026-06-28 21:08:28.854 9 INFO neutron.wsgi [None req-bc2336b5-6756-46c9-b541-3af5f3298742 49ce7ff76cc74dd999fe9a4cbbbf4031 b2426aa844744f43bfff0a8f578cbf1a - - default default] 10.0.0.131 "GET /v2.0/ports?device_id=5e6f614a-2044-40c3-a82a-7c54eeac44bc HTTP/1.1" status: 200 len: 205 time: 0.0241096
2026-06-28 21:08:28.887 9 INFO neutron.api.v2.resource [None req-fb068446-cb53-4d83-bf44-07395b4ecac8 49ce7ff76cc74dd999fe9a4cbbbf4031 b2426aa844744f43bfff0a8f578cbf1a - - default default] delete failed (client error): The resource could not be found.
2026-06-28 21:08:28.888 9 INFO neutron.wsgi [None req-fb068446-cb53-4d83-bf44-07395b4ecac8 49ce7ff76cc74dd999fe9a4cbbbf4031 b2426aa844744f43bfff0a8f578cbf1a - - default default] 10.0.0.131 "DELETE /v2.0/routers/5e6f614a-2044-40c3-a82a-7c54eeac44bc HTTP/1.1" status: 404 len: 336 time: 0.0276132
2026-06-28 21:08:28.913 9 INFO neutron.pecan_wsgi.hooks.translation [None req-f46b2d54-3bfb-4259-a46c-8c308c643091 49ce7ff76cc74dd999fe9a4cbbbf4031 b2426aa844744f43bfff0a8f578cbf1a - - default default] DELETE failed (client error): The resource could not be found.
2026-06-28 21:08:28.915 9 INFO neutron.wsgi [None req-f46b2d54-3bfb-4259-a46c-8c308c643091 49ce7ff76cc74dd999fe9a4cbbbf4031 b2426aa844744f43bfff0a8f578cbf1a - - default default] 10.0.0.131 "DELETE /v2.0/subnets/2f79efb0-c6ac-4610-865b-08da622f7733 HTTP/1.1" status: 404 len: 337 time: 0.0200093
2026-06-28 21:08:28.939 9 INFO neutron.wsgi [None req-0f662783-f7e4-4090-a8a4-1fde24ab5ee2 49ce7ff76cc74dd999fe9a4cbbbf4031 b2426aa844744f43bfff0a8f578cbf1a - - default default] 10.0.0.131 "GET /v2.0/ports?device_id=087e097b-fb07-4df5-bc19-92f7787507ac HTTP/1.1" status: 200 len: 205 time: 0.0180848
2026-06-28 21:08:28.964 9 INFO neutron.api.v2.resource [None req-05dc801b-51fa-435b-9de9-2536d9eddac9 49ce7ff76cc74dd999fe9a4cbbbf4031 b2426aa844744f43bfff0a8f578cbf1a - - default default] delete failed (client error): The resource could not be found.
2026-06-28 21:08:28.965 9 INFO neutron.wsgi [None req-05dc801b-51fa-435b-9de9-2536d9eddac9 49ce7ff76cc74dd999fe9a4cbbbf4031 b2426aa844744f43bfff0a8f578cbf1a - - default default] 10.0.0.131 "DELETE /v2.0/routers/087e097b-fb07-4df5-bc19-92f7787507ac HTTP/1.1" status: 404 len: 336 time: 0.0201812
2026-06-28 21:08:28.984 9 INFO neutron.pecan_wsgi.hooks.translation [None req-46d9f1b6-c3ba-45e3-8027-ed6dc13379c4 49ce7ff76cc74dd999fe9a4cbbbf4031 b2426aa844744f43bfff0a8f578cbf1a - - default default] DELETE failed (client error): The resource could not be found.
2026-06-28 21:08:28.986 9 INFO neutron.wsgi [None req-46d9f1b6-c3ba-45e3-8027-ed6dc13379c4 49ce7ff76cc74dd999fe9a4cbbbf4031 b2426aa844744f43bfff0a8f578cbf1a - - default default] 10.0.0.131 "DELETE /v2.0/subnets/8b4eb541-f8eb-4c1b-9f3d-5332e08f6d2d HTTP/1.1" status: 404 len: 337 time: 0.0173790
2026-06-28 21:08:28.996 8 INFO neutron.wsgi [None req-14f71c6a-e9c4-4eb8-a770-d412ddda8f04 7ce99a38adbf44dea1546587a3280700 ef3cff4f372848748245027e5e1fec4f - - default default] 10.0.0.4 "GET /v2.0/networks HTTP/1.1" status: 200 len: 3865 time: 0.3034849
2026-06-28 21:08:29.006 9 INFO neutron.pecan_wsgi.hooks.translation [None req-0b40c9bb-cecb-4850-b1b7-70efae8ccaeb 49ce7ff76cc74dd999fe9a4cbbbf4031 b2426aa844744f43bfff0a8f578cbf1a - - default default] DELETE failed (client error): The resource could not be found.
2026-06-28 21:08:29.010 9 INFO neutron.wsgi [None req-0b40c9bb-cecb-4850-b1b7-70efae8ccaeb 49ce7ff76cc74dd999fe9a4cbbbf4031 b2426aa844744f43bfff0a8f578cbf1a - - default default] 10.0.0.131 "DELETE /v2.0/subnets/f2704e67-dbe3-4968-bc72-1f3a152d97f8 HTTP/1.1" status: 404 len: 337 time: 0.0193906
2026-06-28 21:08:29.063 8 INFO neutron.wsgi [None req-68837984-14fe-403b-8be8-d1e816ec965a 7ce99a38adbf44dea1546587a3280700 ef3cff4f372848748245027e5e1fec4f - - default default] 10.0.0.4 "GET /v2.0/ports HTTP/1.1" status: 200 len: 14037 time: 0.0647340
2026-06-28 21:08:29.089 8 INFO neutron.wsgi [None req-cd72fa41-e426-4124-b53c-03b487d347ed 7ce99a38adbf44dea1546587a3280700 ef3cff4f372848748245027e5e1fec4f - - default default] 10.0.0.4 "GET /v2.0/agents HTTP/1.1" status: 200 len: 997 time: 0.0148895
2026-06-28 21:08:29.110 8 INFO neutron.wsgi [None req-bd81e471-591e-4a8f-83cd-b2760dec6a2a 7ce99a38adbf44dea1546587a3280700 ef3cff4f372848748245027e5e1fec4f - - default default] 10.0.0.4 "GET /v2.0/network-ip-availabilities HTTP/1.1" status: 200 len: 2222 time: 0.0195837
2026-06-28 21:08:29.160 8 INFO neutron.wsgi [None req-d672fd27-5468-4bb9-8492-1a36ed03a7aa 7ce99a38adbf44dea1546587a3280700 ef3cff4f372848748245027e5e1fec4f - - default default] 10.0.0.4 "GET /v2.0/subnets HTTP/1.1" status: 200 len: 2744 time: 0.0476902
2026-06-28 21:08:29.169 8 INFO neutron.wsgi [None req-1b8c583c-da57-4b78-b6a9-0e93bcc46122 7ce99a38adbf44dea1546587a3280700 ef3cff4f372848748245027e5e1fec4f - - default default] 10.0.0.4 "GET /v2.0/subnetpools HTTP/1.1" status: 200 len: 193 time: 0.0084851
2026-06-28 21:08:29.230 8 INFO neutron.wsgi [None req-051567c6-55b6-4036-b5ec-b5cd9cc726b5 7ce99a38adbf44dea1546587a3280700 ef3cff4f372848748245027e5e1fec4f - - default default] 10.0.0.4 "GET /v2.0/floatingips HTTP/1.1" status: 200 len: 1036 time: 0.0593016
2026-06-28 21:08:29.260 8 INFO neutron.wsgi [None req-8b323d6f-8abb-4d14-9d25-5dbc2d064e79 7ce99a38adbf44dea1546587a3280700 ef3cff4f372848748245027e5e1fec4f - - default default] 10.0.0.4 "GET /v2.0/subnets HTTP/1.1" status: 200 len: 2744 time: 0.0295162
2026-06-28 21:08:29.740 9 INFO neutron.wsgi [None req-50956bc7-3841-4b78-8c6a-2d9f9da3fe4b 7ce99a38adbf44dea1546587a3280700 ef3cff4f372848748245027e5e1fec4f - - default default] 10.0.0.131 "GET /v2.0/security-groups?tenant_id=b2426aa844744f43bfff0a8f578cbf1a&name=default HTTP/1.1" status: 200 len: 2996 time: 0.2146933
2026-06-28 21:08:29.971 9 INFO neutron.wsgi [None req-e86a41be-4a3b-43b9-b782-4114615aa2a8 7ce99a38adbf44dea1546587a3280700 ef3cff4f372848748245027e5e1fec4f - - default default] 10.0.0.131 "DELETE /v2.0/security-groups/b5b6d36c-80d7-447f-a6a6-433aaa1cf813 HTTP/1.1" status: 204 len: 168 time: 0.2250261
2026-06-28 21:08:31.739 9 INFO neutron.wsgi [-] 10.0.0.131 "GET / HTTP/1.1" status: 200 len: 279 time: 0.0027831
2026-06-28 21:08:31.890 8 WARNING neutron.plugins.ml2.drivers.ovn.mech_driver.ovsdb.ovn_client [None req-b5cebebb-68c9-48bf-9c48-93b3cf057bd6 - - - - - -] No port found with ID 0c054c57-9a09-43f7-8530-f0b4f8bf016d: RuntimeError: No port found with ID 0c054c57-9a09-43f7-8530-f0b4f8bf016d
2026-06-28 21:08:31.926 9 INFO neutron.wsgi [None req-51641e95-ab53-4dc4-951a-d192bd09e5ec 24362d57b7324eb0b18913f6432f7ed6 5d24e0980cd64e0bb4ccd7375dea58cb - - default default] 10.0.0.131 "GET /v2.0/ HTTP/1.1" status: 200 len: 826 time: 0.1820188
2026-06-28 21:08:32.789 8 INFO neutron.db.ovn_revision_numbers_db [None req-cf637fc5-d132-42ec-a9ee-dfe1a5457819 7ce99a38adbf44dea1546587a3280700 ef3cff4f372848748245027e5e1fec4f - - default default] Successfully bumped revision number for resource a763371b-7946-43a8-b1bb-3fe02fc3ae89 (type: security_groups) to 1
2026-06-28 21:08:32.799 8 INFO neutron.db.ovn_revision_numbers_db [None req-b485ea75-0d12-4d06-ad99-d78650e0b16e 7ce99a38adbf44dea1546587a3280700 ef3cff4f372848748245027e5e1fec4f - - default default] Successfully bumped revision number for resource 9aab0eaa-2772-47fc-97ab-98852b08f4bd (type: security_groups) to 1
2026-06-28 21:08:32.804 8 INFO neutron.db.ovn_revision_numbers_db [None req-cf637fc5-d132-42ec-a9ee-dfe1a5457819 7ce99a38adbf44dea1546587a3280700 ef3cff4f372848748245027e5e1fec4f - - default default] Successfully bumped revision number for resource 09c87187-36e9-44e7-abfe-f1f90275cce3 (type: security_group_rules) to 0
2026-06-28 21:08:32.812 8 INFO neutron.db.ovn_revision_numbers_db [None req-b485ea75-0d12-4d06-ad99-d78650e0b16e 7ce99a38adbf44dea1546587a3280700 ef3cff4f372848748245027e5e1fec4f - - default default] Successfully bumped revision number for resource 3270fe71-c958-47cd-9462-8e44a2a6735b (type: security_group_rules) to 0
2026-06-28 21:08:32.818 8 INFO neutron.db.ovn_revision_numbers_db [None req-cf637fc5-d132-42ec-a9ee-dfe1a5457819 7ce99a38adbf44dea1546587a3280700 ef3cff4f372848748245027e5e1fec4f - - default default] Successfully bumped revision number for resource 2a249bdb-5d4b-4be0-bf94-f94b0e99f695 (type: security_group_rules) to 0
2026-06-28 21:08:32.826 8 INFO neutron.db.ovn_revision_numbers_db [None req-b485ea75-0d12-4d06-ad99-d78650e0b16e 7ce99a38adbf44dea1546587a3280700 ef3cff4f372848748245027e5e1fec4f - - default default] Successfully bumped revision number for resource abf6fd43-eea2-426e-a17c-56bfe7fbcb54 (type: security_group_rules) to 0
2026-06-28 21:08:32.834 8 INFO neutron.db.ovn_revision_numbers_db [None req-cf637fc5-d132-42ec-a9ee-dfe1a5457819 7ce99a38adbf44dea1546587a3280700 ef3cff4f372848748245027e5e1fec4f - - default default] Successfully bumped revision number for resource 3bf3f1f1-edee-4eaa-b80e-81e6deb34b7c (type: security_group_rules) to 0
2026-06-28 21:08:32.851 8 INFO neutron.db.ovn_revision_numbers_db [None req-b485ea75-0d12-4d06-ad99-d78650e0b16e 7ce99a38adbf44dea1546587a3280700 ef3cff4f372848748245027e5e1fec4f - - default default] Successfully bumped revision number for resource e1d5d0ae-52df-4818-bc56-b330683841c1 (type: security_group_rules) to 0
2026-06-28 21:08:32.858 8 INFO neutron.db.ovn_revision_numbers_db [None req-cf637fc5-d132-42ec-a9ee-dfe1a5457819 7ce99a38adbf44dea1546587a3280700 ef3cff4f372848748245027e5e1fec4f - - default default] Successfully bumped revision number for resource b2e146c9-1b08-48e9-93f9-e3806662b399 (type: security_group_rules) to 0
2026-06-28 21:08:32.872 8 INFO neutron.db.ovn_revision_numbers_db [None req-b485ea75-0d12-4d06-ad99-d78650e0b16e 7ce99a38adbf44dea1546587a3280700 ef3cff4f372848748245027e5e1fec4f - - default default] Successfully bumped revision number for resource fd2d716b-40b0-437a-b0b0-e8386f258f2d (type: security_group_rules) to 0
2026-06-28 21:08:32.889 8 INFO neutron.wsgi [None req-cf637fc5-d132-42ec-a9ee-dfe1a5457819 7ce99a38adbf44dea1546587a3280700 ef3cff4f372848748245027e5e1fec4f - - default default] 10.0.0.131 "GET /v2.0/security-groups?tenant_id=5d24e0980cd64e0bb4ccd7375dea58cb&name=default HTTP/1.1" status: 200 len: 2996 time: 0.4127135
2026-06-28 21:08:32.900 8 INFO neutron.wsgi [None req-b485ea75-0d12-4d06-ad99-d78650e0b16e 7ce99a38adbf44dea1546587a3280700 ef3cff4f372848748245027e5e1fec4f - - default default] 10.0.0.131 "GET /v2.0/security-groups?tenant_id=76d76998e6bd4628be4206096f9b67cc&name=default HTTP/1.1" status: 200 len: 2996 time: 0.3381147
2026-06-28 21:08:33.107 8 INFO neutron.wsgi [None req-e3cf303c-1e48-4b95-824b-63aa214c2085 7ce99a38adbf44dea1546587a3280700 ef3cff4f372848748245027e5e1fec4f - - default default] 10.0.0.131 "DELETE /v2.0/security-groups/9aab0eaa-2772-47fc-97ab-98852b08f4bd HTTP/1.1" status: 204 len: 168 time: 0.2014229
2026-06-28 21:08:33.107 9 INFO neutron.wsgi [None req-41f58407-9306-4df1-b270-4b30fe4853a6 7ce99a38adbf44dea1546587a3280700 ef3cff4f372848748245027e5e1fec4f - - default default] 10.0.0.131 "DELETE /v2.0/security-groups/a763371b-7946-43a8-b1bb-3fe02fc3ae89 HTTP/1.1" status: 204 len: 168 time: 0.2112963
2026-06-28 21:08:33.313 8 INFO neutron.db.ovn_revision_numbers_db [None req-7cdc25ea-8708-4da8-8ef0-ecffa05257fe 7ce99a38adbf44dea1546587a3280700 ef3cff4f372848748245027e5e1fec4f - - default default] Successfully bumped revision number for resource 416850fc-75c2-49bf-9178-d2942a42b133 (type: security_groups) to 1
2026-06-28 21:08:33.326 8 INFO neutron.db.ovn_revision_numbers_db [None req-7cdc25ea-8708-4da8-8ef0-ecffa05257fe 7ce99a38adbf44dea1546587a3280700 ef3cff4f372848748245027e5e1fec4f - - default default] Successfully bumped revision number for resource 2ef035ef-3e10-4857-a1a7-dd13a824fa25 (type: security_group_rules) to 0
2026-06-28 21:08:33.340 8 INFO neutron.db.ovn_revision_numbers_db [None req-7cdc25ea-8708-4da8-8ef0-ecffa05257fe 7ce99a38adbf44dea1546587a3280700 ef3cff4f372848748245027e5e1fec4f - - default default] Successfully bumped revision number for resource a28552c7-869a-4d1d-8a1c-abf7c63ee2db (type: security_group_rules) to 0
2026-06-28 21:08:33.358 8 INFO neutron.db.ovn_revision_numbers_db [None req-7cdc25ea-8708-4da8-8ef0-ecffa05257fe 7ce99a38adbf44dea1546587a3280700 ef3cff4f372848748245027e5e1fec4f - - default default] Successfully bumped revision number for resource c614de13-a8ef-42aa-ae58-61f313dba9a8 (type: security_group_rules) to 0
2026-06-28 21:08:33.372 8 INFO neutron.db.ovn_revision_numbers_db [None req-7cdc25ea-8708-4da8-8ef0-ecffa05257fe 7ce99a38adbf44dea1546587a3280700 ef3cff4f372848748245027e5e1fec4f - - default default] Successfully bumped revision number for resource d5a85319-66a1-43a3-9aa4-f3f09ca3d0f6 (type: security_group_rules) to 0
2026-06-28 21:08:33.397 8 INFO neutron.wsgi [None req-7cdc25ea-8708-4da8-8ef0-ecffa05257fe 7ce99a38adbf44dea1546587a3280700 ef3cff4f372848748245027e5e1fec4f - - default default] 10.0.0.131 "GET /v2.0/security-groups?tenant_id=cd98e927fe0043b6a2bddd298c879562&name=default HTTP/1.1" status: 200 len: 2996 time: 0.1930873
2026-06-28 21:08:33.579 8 INFO neutron.wsgi [None req-6e1a1a97-eb46-46c5-92ec-d4f8a5ff191e 7ce99a38adbf44dea1546587a3280700 ef3cff4f372848748245027e5e1fec4f - - default default] 10.0.0.131 "DELETE /v2.0/security-groups/416850fc-75c2-49bf-9178-d2942a42b133 HTTP/1.1" status: 204 len: 168 time: 0.1776633
2026-06-28 21:08:34.315 8 INFO neutron.db.ovn_revision_numbers_db [None req-13b6514d-c4c7-473b-9a34-f2b84158917e 7ce99a38adbf44dea1546587a3280700 ef3cff4f372848748245027e5e1fec4f - - default default] Successfully bumped revision number for resource ffc998cb-6078-4329-a25a-77d75a0b2e44 (type: security_groups) to 1
2026-06-28 21:08:34.328 8 INFO neutron.db.ovn_revision_numbers_db [None req-13b6514d-c4c7-473b-9a34-f2b84158917e 7ce99a38adbf44dea1546587a3280700 ef3cff4f372848748245027e5e1fec4f - - default default] Successfully bumped revision number for resource 03cf7773-1128-41f1-8b5e-7bf15e3a2f16 (type: security_group_rules) to 0
2026-06-28 21:08:34.343 8 INFO neutron.db.ovn_revision_numbers_db [None req-13b6514d-c4c7-473b-9a34-f2b84158917e 7ce99a38adbf44dea1546587a3280700 ef3cff4f372848748245027e5e1fec4f - - default default] Successfully bumped revision number for resource 2658e796-f6b2-4336-bf43-a1136c217333 (type: security_group_rules) to 0
2026-06-28 21:08:34.357 8 INFO neutron.db.ovn_revision_numbers_db [None req-13b6514d-c4c7-473b-9a34-f2b84158917e 7ce99a38adbf44dea1546587a3280700 ef3cff4f372848748245027e5e1fec4f - - default default] Successfully bumped revision number for resource 7ed7cd0a-1b57-4240-aa67-4a68a82e3055 (type: security_group_rules) to 0
2026-06-28 21:08:34.372 8 INFO neutron.db.ovn_revision_numbers_db [None req-13b6514d-c4c7-473b-9a34-f2b84158917e 7ce99a38adbf44dea1546587a3280700 ef3cff4f372848748245027e5e1fec4f - - default default] Successfully bumped revision number for resource ea7c5ea3-a4d6-4705-b729-9fc6e23fdf02 (type: security_group_rules) to 0
2026-06-28 21:08:34.399 8 INFO neutron.wsgi [None req-13b6514d-c4c7-473b-9a34-f2b84158917e 7ce99a38adbf44dea1546587a3280700 ef3cff4f372848748245027e5e1fec4f - - default default] 10.0.0.131 "GET /v2.0/security-groups?tenant_id=bf71f4c6fb3f47a9ab9ab13c842a5582&name=default HTTP/1.1" status: 200 len: 2996 time: 0.2792294
2026-06-28 21:08:34.594 8 INFO neutron.wsgi [None req-439c6eb8-3437-4be6-8081-6be939855e98 7ce99a38adbf44dea1546587a3280700 ef3cff4f372848748245027e5e1fec4f - - default default] 10.0.0.131 "DELETE /v2.0/security-groups/ffc998cb-6078-4329-a25a-77d75a0b2e44 HTTP/1.1" status: 204 len: 168 time: 0.1896641
2026-06-28 21:08:35.497 8 INFO neutron.db.ovn_revision_numbers_db [None req-bdf258a9-5619-4cc4-8b49-6d310b8a8f08 7ce99a38adbf44dea1546587a3280700 ef3cff4f372848748245027e5e1fec4f - - default default] Successfully bumped revision number for resource 8efe1875-97d4-4cb5-806f-7e8e2eca4b30 (type: security_groups) to 1
2026-06-28 21:08:35.511 8 INFO neutron.db.ovn_revision_numbers_db [None req-bdf258a9-5619-4cc4-8b49-6d310b8a8f08 7ce99a38adbf44dea1546587a3280700 ef3cff4f372848748245027e5e1fec4f - - default default] Successfully bumped revision number for resource 2261b2ec-bc67-46da-88c7-979aaa7a2c25 (type: security_group_rules) to 0
2026-06-28 21:08:35.527 8 INFO neutron.db.ovn_revision_numbers_db [None req-bdf258a9-5619-4cc4-8b49-6d310b8a8f08 7ce99a38adbf44dea1546587a3280700 ef3cff4f372848748245027e5e1fec4f - - default default] Successfully bumped revision number for resource 5ab59361-ddc7-43be-a00b-38501efb27ed (type: security_group_rules) to 0
2026-06-28 21:08:35.541 8 INFO neutron.db.ovn_revision_numbers_db [None req-bdf258a9-5619-4cc4-8b49-6d310b8a8f08 7ce99a38adbf44dea1546587a3280700 ef3cff4f372848748245027e5e1fec4f - - default default] Successfully bumped revision number for resource 8e0c714b-9e60-4009-be60-6aca0759188c (type: security_group_rules) to 0
2026-06-28 21:08:35.554 8 INFO neutron.db.ovn_revision_numbers_db [None req-bdf258a9-5619-4cc4-8b49-6d310b8a8f08 7ce99a38adbf44dea1546587a3280700 ef3cff4f372848748245027e5e1fec4f - - default default] Successfully bumped revision number for resource 8ebd96d1-1d97-415e-bcc6-a1a7add8a8e7 (type: security_group_rules) to 0
2026-06-28 21:08:35.598 8 INFO neutron.db.segments_db [None req-bdf258a9-5619-4cc4-8b49-6d310b8a8f08 7ce99a38adbf44dea1546587a3280700 ef3cff4f372848748245027e5e1fec4f - - default default] Added segment 1a92cc31-d4c3-4f35-a3ce-7c295082fb42 of type geneve for network 56420aee-5a92-4c70-9756-b095ee3e71e5
2026-06-28 21:08:35.737 8 INFO neutron.db.ovn_revision_numbers_db [None req-bdf258a9-5619-4cc4-8b49-6d310b8a8f08 7ce99a38adbf44dea1546587a3280700 ef3cff4f372848748245027e5e1fec4f - - default default] Successfully bumped revision number for resource 56420aee-5a92-4c70-9756-b095ee3e71e5 (type: networks) to 1
2026-06-28 21:08:35.916 8 WARNING neutron.scheduler.dhcp_agent_scheduler [None req-bdf258a9-5619-4cc4-8b49-6d310b8a8f08 7ce99a38adbf44dea1546587a3280700 ef3cff4f372848748245027e5e1fec4f - - default default] No more DHCP agents
2026-06-28 21:08:35.919 8 WARNING neutron.api.rpc.agentnotifiers.dhcp_rpc_agent_api [None req-bdf258a9-5619-4cc4-8b49-6d310b8a8f08 7ce99a38adbf44dea1546587a3280700 ef3cff4f372848748245027e5e1fec4f - - default default] Unable to schedule network 56420aee-5a92-4c70-9756-b095ee3e71e5: no agents available; will retry on subsequent port and subnet creation events.
2026-06-28 21:08:36.004 8 INFO neutron.db.ovn_revision_numbers_db [None req-bdf258a9-5619-4cc4-8b49-6d310b8a8f08 7ce99a38adbf44dea1546587a3280700 ef3cff4f372848748245027e5e1fec4f - - default default] Successfully bumped revision number for resource c8bd1016-d10d-4d70-9d51-a63cf8338def (type: ports) to 1
2026-06-28 21:08:36.025 8 INFO neutron.wsgi [None req-bdf258a9-5619-4cc4-8b49-6d310b8a8f08 7ce99a38adbf44dea1546587a3280700 ef3cff4f372848748245027e5e1fec4f - - default default] 10.0.0.131 "POST /v2.0/networks HTTP/1.1" status: 201 len: 942 time: 0.7462230
2026-06-28 21:08:36.205 8 WARNING neutron.scheduler.dhcp_agent_scheduler [None req-e7c382f1-6681-42cc-a4a8-f3ba57f66d73 7ce99a38adbf44dea1546587a3280700 ef3cff4f372848748245027e5e1fec4f - - default default] No more DHCP agents
2026-06-28 21:08:36.207 8 WARNING neutron.api.rpc.agentnotifiers.dhcp_rpc_agent_api [None req-e7c382f1-6681-42cc-a4a8-f3ba57f66d73 7ce99a38adbf44dea1546587a3280700 ef3cff4f372848748245027e5e1fec4f - - default default] Unable to schedule network 56420aee-5a92-4c70-9756-b095ee3e71e5: no agents available; will retry on subsequent port and subnet creation events.
2026-06-28 21:08:36.694 8 INFO neutron.db.ovn_revision_numbers_db [None req-e7c382f1-6681-42cc-a4a8-f3ba57f66d73 7ce99a38adbf44dea1546587a3280700 ef3cff4f372848748245027e5e1fec4f - - default default] Successfully bumped revision number for resource c8bd1016-d10d-4d70-9d51-a63cf8338def (type: ports) to 2
2026-06-28 21:08:36.736 8 INFO neutron.db.ovn_revision_numbers_db [None req-e7c382f1-6681-42cc-a4a8-f3ba57f66d73 7ce99a38adbf44dea1546587a3280700 ef3cff4f372848748245027e5e1fec4f - - default default] Successfully bumped revision number for resource a8a795ea-ce70-4b24-af3b-93ee34f3cb68 (type: subnets) to 0
2026-06-28 21:08:36.751 8 INFO neutron.wsgi [None req-e7c382f1-6681-42cc-a4a8-f3ba57f66d73 7ce99a38adbf44dea1546587a3280700 ef3cff4f372848748245027e5e1fec4f - - default default] 10.0.0.131 "POST /v2.0/subnets HTTP/1.1" status: 201 len: 862 time: 0.7182491
2026-06-28 21:08:37.303 8 WARNING neutron.scheduler.dhcp_agent_scheduler [None req-113e2f6c-4a2e-4aa7-accf-40d1dcfa9bd7 7ce99a38adbf44dea1546587a3280700 ef3cff4f372848748245027e5e1fec4f - - default default] No more DHCP agents
2026-06-28 21:08:37.308 8 WARNING neutron.api.rpc.agentnotifiers.dhcp_rpc_agent_api [None req-113e2f6c-4a2e-4aa7-accf-40d1dcfa9bd7 7ce99a38adbf44dea1546587a3280700 ef3cff4f372848748245027e5e1fec4f - - default default] Unable to schedule network 58ee145c-34ab-4f5b-bce6-9aed3f94978e: no agents available; will retry on subsequent port and subnet creation events.
2026-06-28 21:08:37.479 8 INFO neutron.db.ovn_revision_numbers_db [None req-113e2f6c-4a2e-4aa7-accf-40d1dcfa9bd7 7ce99a38adbf44dea1546587a3280700 ef3cff4f372848748245027e5e1fec4f - - default default] Successfully bumped revision number for resource d491a63c-3b23-4018-93c8-986ded048063 (type: ports) to 1
2026-06-28 21:08:37.682 9 INFO neutron.db.ovn_revision_numbers_db [None req-603ceb52-1643-4fd8-b721-5030204bd2e1 7ce99a38adbf44dea1546587a3280700 ef3cff4f372848748245027e5e1fec4f - - default default] Successfully bumped revision number for resource e7a070eb-3044-4b0c-a16f-df8617cc439d (type: security_groups) to 1
2026-06-28 21:08:37.696 9 INFO neutron.db.ovn_revision_numbers_db [None req-603ceb52-1643-4fd8-b721-5030204bd2e1 7ce99a38adbf44dea1546587a3280700 ef3cff4f372848748245027e5e1fec4f - - default default] Successfully bumped revision number for resource 4a8db84f-cc1d-490d-8be0-f056f2eb4456 (type: security_group_rules) to 0
2026-06-28 21:08:37.709 9 INFO neutron.db.ovn_revision_numbers_db [None req-603ceb52-1643-4fd8-b721-5030204bd2e1 7ce99a38adbf44dea1546587a3280700 ef3cff4f372848748245027e5e1fec4f - - default default] Successfully bumped revision number for resource a01136ca-5d72-4955-864f-cf590c959201 (type: security_group_rules) to 0
2026-06-28 21:08:37.722 9 INFO neutron.db.ovn_revision_numbers_db [None req-603ceb52-1643-4fd8-b721-5030204bd2e1 7ce99a38adbf44dea1546587a3280700 ef3cff4f372848748245027e5e1fec4f - - default default] Successfully bumped revision number for resource aeb0b812-972b-49c0-946f-fbeabd07b859 (type: security_group_rules) to 0
2026-06-28 21:08:37.734 9 INFO neutron.db.ovn_revision_numbers_db [None req-603ceb52-1643-4fd8-b721-5030204bd2e1 7ce99a38adbf44dea1546587a3280700 ef3cff4f372848748245027e5e1fec4f - - default default] Successfully bumped revision number for resource cbfc9621-4b70-493d-8180-8cb3e1eafe39 (type: security_group_rules) to 0
2026-06-28 21:08:37.756 9 INFO neutron.wsgi [None req-603ceb52-1643-4fd8-b721-5030204bd2e1 7ce99a38adbf44dea1546587a3280700 ef3cff4f372848748245027e5e1fec4f - - default default] 10.0.0.131 "GET /v2.0/security-groups?tenant_id=ed4ad4a3f0d743d48bdc8c797ebd9fe2&name=default HTTP/1.1" status: 200 len: 2996 time: 0.2928972
2026-06-28 21:08:37.937 9 INFO neutron.wsgi [None req-d6428496-c6a8-4ce8-84b6-8a3531fde6c4 7ce99a38adbf44dea1546587a3280700 ef3cff4f372848748245027e5e1fec4f - - default default] 10.0.0.131 "DELETE /v2.0/security-groups/e7a070eb-3044-4b0c-a16f-df8617cc439d HTTP/1.1" status: 204 len: 168 time: 0.1759241
2026-06-28 21:08:37.993 8 INFO neutron.plugins.ml2.drivers.ovn.mech_driver.mech_driver [None req-b5cebebb-68c9-48bf-9c48-93b3cf057bd6 - - - - - -] OVN reports status up for port: d491a63c-3b23-4018-93c8-986ded048063
2026-06-28 21:08:38.011 8 INFO neutron.plugins.ml2.drivers.ovn.mech_driver.ovsdb.ovsdb_monitor [None req-8e8a4d23-33d5-4f20-82af-3d95ea56a328 - - - - - -] Router e57efbb5-37c5-4cc2-9e40-fd72083fd29b is bound to host instance
2026-06-28 21:08:38.013 8 INFO neutron.plugins.ml2.plugin [None req-b5cebebb-68c9-48bf-9c48-93b3cf057bd6 - - - - - -] Attempt 1 to provision port d491a63c-3b23-4018-93c8-986ded048063
2026-06-28 21:08:38.186 9 INFO neutron.db.ovn_revision_numbers_db [None req-c05c1b87-e230-4eef-8365-905848b419f2 7ce99a38adbf44dea1546587a3280700 ef3cff4f372848748245027e5e1fec4f - - default default] Successfully bumped revision number for resource 0976ce41-ae86-404c-b2e5-ba4f1c8fe8cc (type: security_groups) to 1
2026-06-28 21:08:38.206 9 INFO neutron.db.ovn_revision_numbers_db [None req-c05c1b87-e230-4eef-8365-905848b419f2 7ce99a38adbf44dea1546587a3280700 ef3cff4f372848748245027e5e1fec4f - - default default] Successfully bumped revision number for resource 3d6785ed-9fd3-4c22-9c2e-1fed16655133 (type: security_group_rules) to 0
2026-06-28 21:08:38.225 9 INFO neutron.db.ovn_revision_numbers_db [None req-c05c1b87-e230-4eef-8365-905848b419f2 7ce99a38adbf44dea1546587a3280700 ef3cff4f372848748245027e5e1fec4f - - default default] Successfully bumped revision number for resource 7dc1729f-94e1-4519-b965-469094d14122 (type: security_group_rules) to 0
2026-06-28 21:08:38.245 8 INFO neutron.db.ovn_revision_numbers_db [None req-113e2f6c-4a2e-4aa7-accf-40d1dcfa9bd7 7ce99a38adbf44dea1546587a3280700 ef3cff4f372848748245027e5e1fec4f - - default default] Successfully bumped revision number for resource d491a63c-3b23-4018-93c8-986ded048063 (type: router_ports) to 1
2026-06-28 21:08:38.245 9 INFO neutron.db.ovn_revision_numbers_db [None req-c05c1b87-e230-4eef-8365-905848b419f2 7ce99a38adbf44dea1546587a3280700 ef3cff4f372848748245027e5e1fec4f - - default default] Successfully bumped revision number for resource 88e5c23f-1505-481d-b0c9-34ded4489670 (type: security_group_rules) to 0
2026-06-28 21:08:38.262 9 INFO neutron.db.ovn_revision_numbers_db [None req-c05c1b87-e230-4eef-8365-905848b419f2 7ce99a38adbf44dea1546587a3280700 ef3cff4f372848748245027e5e1fec4f - - default default] Successfully bumped revision number for resource d066e335-1770-43cd-9c32-2fec5db8d746 (type: security_group_rules) to 0
2026-06-28 21:08:38.285 9 INFO neutron.wsgi [-] 10.0.0.157 "GET / HTTP/1.1" status: 200 len: 246 time: 0.0011952
2026-06-28 21:08:38.288 9 INFO neutron.wsgi [-] 10.0.0.157 "GET / HTTP/1.1" status: 200 len: 246 time: 0.0012915
2026-06-28 21:08:38.291 9 INFO neutron.wsgi [None req-c05c1b87-e230-4eef-8365-905848b419f2 7ce99a38adbf44dea1546587a3280700 ef3cff4f372848748245027e5e1fec4f - - default default] 10.0.0.131 "GET /v2.0/security-groups?tenant_id=c3022f0ec1144ccca2bba883a2097a09&name=default HTTP/1.1" status: 200 len: 2996 time: 0.2300828
2026-06-28 21:08:38.369 8 INFO neutron.db.ovn_revision_numbers_db [None req-113e2f6c-4a2e-4aa7-accf-40d1dcfa9bd7 7ce99a38adbf44dea1546587a3280700 ef3cff4f372848748245027e5e1fec4f - - default default] Successfully bumped revision number for resource e57efbb5-37c5-4cc2-9e40-fd72083fd29b (type: routers) to 2
2026-06-28 21:08:38.389 8 INFO neutron.wsgi [None req-113e2f6c-4a2e-4aa7-accf-40d1dcfa9bd7 7ce99a38adbf44dea1546587a3280700 ef3cff4f372848748245027e5e1fec4f - - default default] 10.0.0.131 "POST /v2.0/routers HTTP/1.1" status: 201 len: 873 time: 1.6308513
2026-06-28 21:08:38.538 9 INFO neutron.wsgi [None req-28090174-2c1a-43c8-9c17-740cd590b8ae 7ce99a38adbf44dea1546587a3280700 ef3cff4f372848748245027e5e1fec4f - - default default] 10.0.0.131 "DELETE /v2.0/security-groups/0976ce41-ae86-404c-b2e5-ba4f1c8fe8cc HTTP/1.1" status: 204 len: 168 time: 0.2345016
2026-06-28 21:08:39.021 8 WARNING neutron.scheduler.dhcp_agent_scheduler [None req-cfca2213-33cd-4dc0-a682-a65a4e65aa98 7ce99a38adbf44dea1546587a3280700 ef3cff4f372848748245027e5e1fec4f - - default default] No more DHCP agents
2026-06-28 21:08:39.026 8 WARNING neutron.api.rpc.agentnotifiers.dhcp_rpc_agent_api [None req-cfca2213-33cd-4dc0-a682-a65a4e65aa98 7ce99a38adbf44dea1546587a3280700 ef3cff4f372848748245027e5e1fec4f - - default default] Unable to schedule network 56420aee-5a92-4c70-9756-b095ee3e71e5: no agents available; will retry on subsequent port and subnet creation events.
2026-06-28 21:08:39.090 8 INFO neutron.db.ovn_revision_numbers_db [None req-8e8a4d23-33d5-4f20-82af-3d95ea56a328 - - - - - -] Successfully bumped revision number for resource d491a63c-3b23-4018-93c8-986ded048063 (type: ports) to 1
2026-06-28 21:08:39.302 8 INFO neutron.db.ovn_revision_numbers_db [None req-cfca2213-33cd-4dc0-a682-a65a4e65aa98 7ce99a38adbf44dea1546587a3280700 ef3cff4f372848748245027e5e1fec4f - - default default] Successfully bumped revision number for resource 6aa6d07f-8e29-4346-a6e6-311537bfa817 (type: ports) to 1
2026-06-28 21:08:39.359 9 INFO neutron.db.ovn_revision_numbers_db [None req-17189f9a-5706-497b-8be0-dd1317232c83 799ee73636404a0295a5349cc05a1c18 3cd513e185fb4714b6afa21742896ca7 - - default default] Successfully bumped revision number for resource 74b337f8-d208-4c09-8899-c37984cc446e (type: security_groups) to 1
2026-06-28 21:08:39.369 9 INFO neutron.db.ovn_revision_numbers_db [None req-17189f9a-5706-497b-8be0-dd1317232c83 799ee73636404a0295a5349cc05a1c18 3cd513e185fb4714b6afa21742896ca7 - - default default] Successfully bumped revision number for resource 3e1766cd-1ffe-4fdf-9a65-ca2423399517 (type: security_group_rules) to 0
2026-06-28 21:08:39.379 9 INFO neutron.db.ovn_revision_numbers_db [None req-17189f9a-5706-497b-8be0-dd1317232c83 799ee73636404a0295a5349cc05a1c18 3cd513e185fb4714b6afa21742896ca7 - - default default] Successfully bumped revision number for resource 7dac66f1-8716-496f-9767-dcc97a1d9cad (type: security_group_rules) to 0
2026-06-28 21:08:39.391 9 INFO neutron.db.ovn_revision_numbers_db [None req-17189f9a-5706-497b-8be0-dd1317232c83 799ee73636404a0295a5349cc05a1c18 3cd513e185fb4714b6afa21742896ca7 - - default default] Successfully bumped revision number for resource d1db07c4-421c-4565-905a-e90753b89508 (type: security_group_rules) to 0
2026-06-28 21:08:39.404 9 INFO neutron.db.ovn_revision_numbers_db [None req-17189f9a-5706-497b-8be0-dd1317232c83 799ee73636404a0295a5349cc05a1c18 3cd513e185fb4714b6afa21742896ca7 - - default default] Successfully bumped revision number for resource f8425dfd-8b44-4103-9a99-55ebd1dcc932 (type: security_group_rules) to 0
2026-06-28 21:08:39.466 9 INFO neutron.db.segments_db [None req-17189f9a-5706-497b-8be0-dd1317232c83 799ee73636404a0295a5349cc05a1c18 3cd513e185fb4714b6afa21742896ca7 - - default default] Added segment 0fa77590-d47f-47d0-9faf-baf12d725b89 of type geneve for network 2177193c-baeb-4589-ad68-704d754ac783
2026-06-28 21:08:39.468 8 INFO neutron.db.ovn_revision_numbers_db [None req-8e8a4d23-33d5-4f20-82af-3d95ea56a328 - - - - - -] Successfully bumped revision number for resource d491a63c-3b23-4018-93c8-986ded048063 (type: router_ports) to 3
2026-06-28 21:08:39.650 9 INFO neutron.db.ovn_revision_numbers_db [None req-17189f9a-5706-497b-8be0-dd1317232c83 799ee73636404a0295a5349cc05a1c18 3cd513e185fb4714b6afa21742896ca7 - - default default] Successfully bumped revision number for resource 2177193c-baeb-4589-ad68-704d754ac783 (type: networks) to 1
2026-06-28 21:08:39.696 8 INFO neutron.db.ovn_revision_numbers_db [None req-8e8a4d23-33d5-4f20-82af-3d95ea56a328 - - - - - -] Successfully bumped revision number for resource d491a63c-3b23-4018-93c8-986ded048063 (type: ports) to 2
2026-06-28 21:08:39.814 9 WARNING neutron.scheduler.dhcp_agent_scheduler [None req-17189f9a-5706-497b-8be0-dd1317232c83 799ee73636404a0295a5349cc05a1c18 3cd513e185fb4714b6afa21742896ca7 - - default default] No more DHCP agents
2026-06-28 21:08:39.816 9 WARNING neutron.api.rpc.agentnotifiers.dhcp_rpc_agent_api [None req-17189f9a-5706-497b-8be0-dd1317232c83 799ee73636404a0295a5349cc05a1c18 3cd513e185fb4714b6afa21742896ca7 - - default default] Unable to schedule network 2177193c-baeb-4589-ad68-704d754ac783: no agents available; will retry on subsequent port and subnet creation events.
2026-06-28 21:08:39.898 9 INFO neutron.db.ovn_revision_numbers_db [None req-17189f9a-5706-497b-8be0-dd1317232c83 799ee73636404a0295a5349cc05a1c18 3cd513e185fb4714b6afa21742896ca7 - - default default] Successfully bumped revision number for resource ca670331-5c0e-4d77-ab1b-5eff0b77d115 (type: ports) to 1
2026-06-28 21:08:39.920 9 INFO neutron.wsgi [None req-17189f9a-5706-497b-8be0-dd1317232c83 799ee73636404a0295a5349cc05a1c18 3cd513e185fb4714b6afa21742896ca7 - - default default] 10.0.0.131 "POST /v2.0/networks HTTP/1.1" status: 201 len: 929 time: 0.7906356
2026-06-28 21:08:40.095 9 WARNING neutron.scheduler.dhcp_agent_scheduler [None req-50d9cd56-f73c-408a-8fc6-2743a74a89d2 799ee73636404a0295a5349cc05a1c18 3cd513e185fb4714b6afa21742896ca7 - - default default] No more DHCP agents
2026-06-28 21:08:40.097 9 WARNING neutron.api.rpc.agentnotifiers.dhcp_rpc_agent_api [None req-50d9cd56-f73c-408a-8fc6-2743a74a89d2 799ee73636404a0295a5349cc05a1c18 3cd513e185fb4714b6afa21742896ca7 - - default default] Unable to schedule network 2177193c-baeb-4589-ad68-704d754ac783: no agents available; will retry on subsequent port and subnet creation events.
2026-06-28 21:08:40.188 8 INFO neutron.db.ovn_revision_numbers_db [None req-cfca2213-33cd-4dc0-a682-a65a4e65aa98 7ce99a38adbf44dea1546587a3280700 ef3cff4f372848748245027e5e1fec4f - - default default] Successfully bumped revision number for resource 6aa6d07f-8e29-4346-a6e6-311537bfa817 (type: router_ports) to 1
2026-06-28 21:08:40.262 8 INFO neutron.db.ovn_revision_numbers_db [None req-8e8a4d23-33d5-4f20-82af-3d95ea56a328 - - - - - -] Successfully bumped revision number for resource d491a63c-3b23-4018-93c8-986ded048063 (type: ports) to 4
2026-06-28 21:08:40.393 8 INFO neutron.db.ovn_revision_numbers_db [None req-cfca2213-33cd-4dc0-a682-a65a4e65aa98 7ce99a38adbf44dea1546587a3280700 ef3cff4f372848748245027e5e1fec4f - - default default] Successfully bumped revision number for resource 6aa6d07f-8e29-4346-a6e6-311537bfa817 (type: ports) to 1
2026-06-28 21:08:40.506 8 WARNING neutron.scheduler.dhcp_agent_scheduler [None req-cfca2213-33cd-4dc0-a682-a65a4e65aa98 7ce99a38adbf44dea1546587a3280700 ef3cff4f372848748245027e5e1fec4f - - default default] No more DHCP agents
2026-06-28 21:08:40.508 8 INFO neutron.plugins.ml2.drivers.ovn.mech_driver.mech_driver [None req-b5cebebb-68c9-48bf-9c48-93b3cf057bd6 - - - - - -] OVN reports status up for port: 6aa6d07f-8e29-4346-a6e6-311537bfa817
2026-06-28 21:08:40.511 8 WARNING neutron.api.rpc.agentnotifiers.dhcp_rpc_agent_api [None req-cfca2213-33cd-4dc0-a682-a65a4e65aa98 7ce99a38adbf44dea1546587a3280700 ef3cff4f372848748245027e5e1fec4f - - default default] Unable to schedule network 56420aee-5a92-4c70-9756-b095ee3e71e5: no agents available; will retry on subsequent port and subnet creation events.
2026-06-28 21:08:40.528 8 INFO neutron.plugins.ml2.plugin [None req-b5cebebb-68c9-48bf-9c48-93b3cf057bd6 - - - - - -] Attempt 1 to provision port 6aa6d07f-8e29-4346-a6e6-311537bfa817
2026-06-28 21:08:40.588 9 INFO neutron.db.ovn_revision_numbers_db [None req-50d9cd56-f73c-408a-8fc6-2743a74a89d2 799ee73636404a0295a5349cc05a1c18 3cd513e185fb4714b6afa21742896ca7 - - default default] Successfully bumped revision number for resource ca670331-5c0e-4d77-ab1b-5eff0b77d115 (type: ports) to 2
2026-06-28 21:08:40.633 8 INFO neutron.db.ovn_revision_numbers_db [None req-8e8a4d23-33d5-4f20-82af-3d95ea56a328 - - - - - -] Successfully bumped revision number for resource d491a63c-3b23-4018-93c8-986ded048063 (type: router_ports) to 4
2026-06-28 21:08:40.634 9 INFO neutron.db.ovn_revision_numbers_db [None req-50d9cd56-f73c-408a-8fc6-2743a74a89d2 799ee73636404a0295a5349cc05a1c18 3cd513e185fb4714b6afa21742896ca7 - - default default] Successfully bumped revision number for resource d6ed219b-4337-4856-8980-485323e03198 (type: subnets) to 0
2026-06-28 21:08:40.663 9 INFO neutron.wsgi [None req-50d9cd56-f73c-408a-8fc6-2743a74a89d2 799ee73636404a0295a5349cc05a1c18 3cd513e185fb4714b6afa21742896ca7 - - default default] 10.0.0.131 "POST /v2.0/subnets HTTP/1.1" status: 201 len: 819 time: 0.7364125
2026-06-28 21:08:40.675 9 WARNING neutron.api.v2.base [None req-3c08bf35-7404-4695-b093-bd1613f766fd 799ee73636404a0295a5349cc05a1c18 3cd513e185fb4714b6afa21742896ca7 - - default default] An exception happened while processing the request body. The exception message is [Invalid input for target_tenant. Reason: 'None' is not a valid string.].: webob.exc.HTTPBadRequest: Invalid input for target_tenant. Reason: 'None' is not a valid string.
2026-06-28 21:08:40.676 9 INFO neutron.api.v2.resource [None req-3c08bf35-7404-4695-b093-bd1613f766fd 799ee73636404a0295a5349cc05a1c18 3cd513e185fb4714b6afa21742896ca7 - - default default] create failed (client error): Invalid input for target_tenant. Reason: 'None' is not a valid string.
2026-06-28 21:08:40.677 9 INFO neutron.wsgi [None req-3c08bf35-7404-4695-b093-bd1613f766fd 799ee73636404a0295a5349cc05a1c18 3cd513e185fb4714b6afa21742896ca7 - - default default] 10.0.0.131 "POST /v2.0/rbac-policies HTTP/1.1" status: 400 len: 346 time: 0.0090804
2026-06-28 21:08:40.952 8 INFO neutron.db.ovn_revision_numbers_db [None req-b5cebebb-68c9-48bf-9c48-93b3cf057bd6 - - - - - -] Successfully bumped revision number for resource 6aa6d07f-8e29-4346-a6e6-311537bfa817 (type: ports) to 2
2026-06-28 21:08:41.127 8 INFO neutron.db.ovn_revision_numbers_db [None req-b5cebebb-68c9-48bf-9c48-93b3cf057bd6 - - - - - -] Successfully bumped revision number for resource 6aa6d07f-8e29-4346-a6e6-311537bfa817 (type: router_ports) to 2
2026-06-28 21:08:41.395 8 INFO neutron.wsgi [None req-cfca2213-33cd-4dc0-a682-a65a4e65aa98 7ce99a38adbf44dea1546587a3280700 ef3cff4f372848748245027e5e1fec4f - - default default] 10.0.0.131 "PUT /v2.0/routers/e57efbb5-37c5-4cc2-9e40-fd72083fd29b/add_router_interface HTTP/1.1" status: 200 len: 503 time: 3.0023875
2026-06-28 21:08:41.475 9 INFO neutron.services.segments.plugin [-] Segment 0fa77590-d47f-47d0-9faf-baf12d725b89 resource provider aggregate not found
2026-06-28 21:08:41.494 9 INFO neutron.services.segments.plugin [-] Segment 0fa77590-d47f-47d0-9faf-baf12d725b89 resource provider aggregate not found
2026-06-28 21:08:41.501 9 INFO neutron.services.segments.plugin [-] Segment 0fa77590-d47f-47d0-9faf-baf12d725b89 resource provider not found; error: Placement Client Error (4xx): {"errors": [{"status": 404, "title": "Not Found", "detail": "The resource could not be found.\n\n No resource provider with uuid 0fa77590-d47f-47d0-9faf-baf12d725b89 found for delete ", "request_id": "req-af64fec3-46a8-4e45-8ab3-256ec81e2463"}]}
2026-06-28 21:08:41.520 9 INFO neutron.services.segments.plugin [-] Segment 0fa77590-d47f-47d0-9faf-baf12d725b89 resource provider not found; error: Placement Client Error (4xx): {"errors": [{"status": 404, "title": "Not Found", "detail": "The resource could not be found.\n\n No resource provider with uuid 0fa77590-d47f-47d0-9faf-baf12d725b89 found for delete ", "request_id": "req-0284f93b-a022-4dc6-b9d7-5f86f58e41d8"}]}
2026-06-28 21:08:41.538 9 INFO neutron.wsgi [None req-754c1c3f-5bb2-4333-a99b-0861743ededc 799ee73636404a0295a5349cc05a1c18 3cd513e185fb4714b6afa21742896ca7 - - default default] 10.0.0.131 "DELETE /v2.0/networks/2177193c-baeb-4589-ad68-704d754ac783 HTTP/1.1" status: 204 len: 168 time: 0.8542416
2026-06-28 21:08:41.617 8 INFO neutron.db.segments_db [None req-effa8a75-145d-4866-a16b-10a14b431501 799ee73636404a0295a5349cc05a1c18 3cd513e185fb4714b6afa21742896ca7 - - default default] Added segment 3f4fc5c8-d150-4acd-8216-fd02ffcecbaa of type geneve for network 507348bf-d95b-406a-9e65-c495ad02ca9a
2026-06-28 21:08:41.755 8 INFO neutron.db.ovn_revision_numbers_db [None req-effa8a75-145d-4866-a16b-10a14b431501 799ee73636404a0295a5349cc05a1c18 3cd513e185fb4714b6afa21742896ca7 - - default default] Successfully bumped revision number for resource 507348bf-d95b-406a-9e65-c495ad02ca9a (type: networks) to 1
2026-06-28 21:08:41.913 8 WARNING neutron.scheduler.dhcp_agent_scheduler [None req-effa8a75-145d-4866-a16b-10a14b431501 799ee73636404a0295a5349cc05a1c18 3cd513e185fb4714b6afa21742896ca7 - - default default] No more DHCP agents
2026-06-28 21:08:41.915 8 WARNING neutron.api.rpc.agentnotifiers.dhcp_rpc_agent_api [None req-effa8a75-145d-4866-a16b-10a14b431501 799ee73636404a0295a5349cc05a1c18 3cd513e185fb4714b6afa21742896ca7 - - default default] Unable to schedule network 507348bf-d95b-406a-9e65-c495ad02ca9a: no agents available; will retry on subsequent port and subnet creation events.
2026-06-28 21:08:42.004 8 INFO neutron.db.ovn_revision_numbers_db [None req-effa8a75-145d-4866-a16b-10a14b431501 799ee73636404a0295a5349cc05a1c18 3cd513e185fb4714b6afa21742896ca7 - - default default] Successfully bumped revision number for resource 40a20b61-5062-4395-8c5a-195f33d5c7dc (type: ports) to 1
2026-06-28 21:08:42.032 8 INFO neutron.wsgi [None req-effa8a75-145d-4866-a16b-10a14b431501 799ee73636404a0295a5349cc05a1c18 3cd513e185fb4714b6afa21742896ca7 - - default default] 10.0.0.131 "POST /v2.0/networks HTTP/1.1" status: 201 len: 928 time: 0.4875941
2026-06-28 21:08:42.207 8 WARNING neutron.scheduler.dhcp_agent_scheduler [None req-a4e29302-627c-443d-857c-96ea44fbde9d 799ee73636404a0295a5349cc05a1c18 3cd513e185fb4714b6afa21742896ca7 - - default default] No more DHCP agents
2026-06-28 21:08:42.208 8 WARNING neutron.api.rpc.agentnotifiers.dhcp_rpc_agent_api [None req-a4e29302-627c-443d-857c-96ea44fbde9d 799ee73636404a0295a5349cc05a1c18 3cd513e185fb4714b6afa21742896ca7 - - default default] Unable to schedule network 507348bf-d95b-406a-9e65-c495ad02ca9a: no agents available; will retry on subsequent port and subnet creation events.
2026-06-28 21:08:42.294 9 INFO neutron.db.ovn_revision_numbers_db [None req-6f9a54ce-1c29-466a-b33c-f0f69a80cbd3 7ce99a38adbf44dea1546587a3280700 ef3cff4f372848748245027e5e1fec4f - - default default] Successfully bumped revision number for resource 892cbbc5-6383-4603-b85a-b2b15f3bc08f (type: security_groups) to 1
2026-06-28 21:08:42.321 9 INFO neutron.db.ovn_revision_numbers_db [None req-6f9a54ce-1c29-466a-b33c-f0f69a80cbd3 7ce99a38adbf44dea1546587a3280700 ef3cff4f372848748245027e5e1fec4f - - default default] Successfully bumped revision number for resource 07bf5934-ca04-44af-8f22-02a84e49f4cd (type: security_group_rules) to 0
2026-06-28 21:08:42.336 9 INFO neutron.db.ovn_revision_numbers_db [None req-6f9a54ce-1c29-466a-b33c-f0f69a80cbd3 7ce99a38adbf44dea1546587a3280700 ef3cff4f372848748245027e5e1fec4f - - default default] Successfully bumped revision number for resource 16ef0dcd-63f9-4e14-a7e5-674bac69a196 (type: security_group_rules) to 0
2026-06-28 21:08:42.352 9 INFO neutron.db.ovn_revision_numbers_db [None req-6f9a54ce-1c29-466a-b33c-f0f69a80cbd3 7ce99a38adbf44dea1546587a3280700 ef3cff4f372848748245027e5e1fec4f - - default default] Successfully bumped revision number for resource 23cfe621-1639-454f-8990-96183a132933 (type: security_group_rules) to 0
2026-06-28 21:08:42.366 9 INFO neutron.db.ovn_revision_numbers_db [None req-6f9a54ce-1c29-466a-b33c-f0f69a80cbd3 7ce99a38adbf44dea1546587a3280700 ef3cff4f372848748245027e5e1fec4f - - default default] Successfully bumped revision number for resource ec74cdd5-072e-47d5-8c43-012b8fe56df7 (type: security_group_rules) to 0
2026-06-28 21:08:42.388 9 INFO neutron.wsgi [None req-6f9a54ce-1c29-466a-b33c-f0f69a80cbd3 7ce99a38adbf44dea1546587a3280700 ef3cff4f372848748245027e5e1fec4f - - default default] 10.0.0.131 "GET /v2.0/security-groups?tenant_id=1a1a6c4bc77d45c7913891041e77c967&name=default HTTP/1.1" status: 200 len: 2996 time: 0.3333471
2026-06-28 21:08:42.645 9 INFO neutron.wsgi [None req-62098cad-9395-4ada-a87a-b0b465137bb8 7ce99a38adbf44dea1546587a3280700 ef3cff4f372848748245027e5e1fec4f - - default default] 10.0.0.131 "DELETE /v2.0/security-groups/892cbbc5-6383-4603-b85a-b2b15f3bc08f HTTP/1.1" status: 204 len: 168 time: 0.2505481
2026-06-28 21:08:42.798 8 INFO neutron.db.ovn_revision_numbers_db [None req-a4e29302-627c-443d-857c-96ea44fbde9d 799ee73636404a0295a5349cc05a1c18 3cd513e185fb4714b6afa21742896ca7 - - default default] Successfully bumped revision number for resource 40a20b61-5062-4395-8c5a-195f33d5c7dc (type: ports) to 2
2026-06-28 21:08:42.828 8 INFO neutron.wsgi [req-01f5abe6-691d-4703-a1e9-817143cffd60 req-c55881b9-d3ad-482e-bb85-f3d3c0250f89 e2cd192ce879437b9805f2ac29c15855 9f4c52b306d24be6b4904f53851696e7 - - default default] 10.0.0.153 "GET /v2.0/ports?device_id=c4852c0d-3265-4142-aa01-e6143bd0aedc HTTP/1.1" status: 200 len: 1214 time: 0.0973310
2026-06-28 21:08:42.836 8 INFO neutron.db.ovn_revision_numbers_db [None req-a4e29302-627c-443d-857c-96ea44fbde9d 799ee73636404a0295a5349cc05a1c18 3cd513e185fb4714b6afa21742896ca7 - - default default] Successfully bumped revision number for resource f21444d4-da0e-47e7-a29f-2ab7742b9e76 (type: subnets) to 0
2026-06-28 21:08:42.856 8 INFO neutron.wsgi [None req-a4e29302-627c-443d-857c-96ea44fbde9d 799ee73636404a0295a5349cc05a1c18 3cd513e185fb4714b6afa21742896ca7 - - default default] 10.0.0.131 "POST /v2.0/subnets HTTP/1.1" status: 201 len: 822 time: 0.8182116
2026-06-28 21:08:42.867 8 WARNING neutron.api.v2.base [None req-1620d9ff-4466-4698-93b4-08e144046188 799ee73636404a0295a5349cc05a1c18 3cd513e185fb4714b6afa21742896ca7 - - default default] An exception happened while processing the request body. The exception message is [Invalid input for target_tenant. Reason: '1234123412341234123412341234123412341234123412341234123412341234123412341234123412341234123412341234123412341234123412341234123412341234123412341234123412341234123412341234123412341234123412341234123412341234123412341234123412341234123412341234123412341234123412341234123412341234123412341234123412341234123412341234123412341234123412341234123412341234123412341234123412341234123412341234123412341234' exceeds maximum length of 255.].: webob.exc.HTTPBadRequest: Invalid input for target_tenant. Reason: '1234123412341234123412341234123412341234123412341234123412341234123412341234123412341234123412341234123412341234123412341234123412341234123412341234123412341234123412341234123412341234123412341234123412341234123412341234123412341234123412341234123412341234123412341234123412341234123412341234123412341234123412341234123412341234123412341234123412341234123412341234123412341234123412341234123412341234' exceeds maximum length of 255.
2026-06-28 21:08:42.868 8 INFO neutron.api.v2.resource [None req-1620d9ff-4466-4698-93b4-08e144046188 799ee73636404a0295a5349cc05a1c18 3cd513e185fb4714b6afa21742896ca7 - - default default] create failed (client error): Invalid input for target_tenant. Reason: '1234123412341234123412341234123412341234123412341234123412341234123412341234123412341234123412341234123412341234123412341234123412341234123412341234123412341234123412341234123412341234123412341234123412341234123412341234123412341234123412341234123412341234123412341234123412341234123412341234123412341234123412341234123412341234123412341234123412341234123412341234123412341234123412341234123412341234' exceeds maximum length of 255.
2026-06-28 21:08:42.869 8 INFO neutron.wsgi [None req-1620d9ff-4466-4698-93b4-08e144046188 799ee73636404a0295a5349cc05a1c18 3cd513e185fb4714b6afa21742896ca7 - - default default] 10.0.0.131 "POST /v2.0/rbac-policies HTTP/1.1" status: 400 len: 750 time: 0.0077751
2026-06-28 21:08:42.884 8 INFO neutron.wsgi [req-01f5abe6-691d-4703-a1e9-817143cffd60 req-6beee104-7724-48e9-b2ee-c07c40cf31ea e2cd192ce879437b9805f2ac29c15855 9f4c52b306d24be6b4904f53851696e7 - - default default] 10.0.0.153 "GET /v2.0/security-groups?id=6101725d-0467-4ebf-a25c-24d6c9051a4c&id=ed90ec1d-3c8c-4212-8ecd-eafef24226ab&fields=id&fields=name HTTP/1.1" status: 200 len: 406 time: 0.0458217
