2026-06-28 21:06:49.570 8 INFO neutron.wsgi [req-0b529df7-fbe0-4df7-878a-b0ae022bd659 req-9cb8a84e-022c-4d4a-9e42-e27a7d799dd7 1f5bc46874ce411da2971240018caaf8 9c37521b27394dc885fe10ae2f8e229a - - default default] 10.0.0.153 "GET /v2.0/ports?device_id=54dda468-ea03-45ef-b720-9edf7a1852b5 HTTP/1.1" status: 200 len: 210 time: 0.0237615
2026-06-28 21:06:49.842 8 INFO neutron.wsgi [req-70a42724-4fe8-4d12-97f6-93d4566c4fff req-8f60c0a2-1b1e-4b5c-b84a-b60183b70a85 37cf80a7011c41d4b92e0319fee00918 7eeac2a5c4f24eb7842f8a477aa6d03e - - default default] 199.204.45.23 "GET /v2.0/networks?id=ace4ff07-de47-4d15-ab11-9ddd958ad10c HTTP/1.1" status: 200 len: 877 time: 0.0752802
2026-06-28 21:06:50.201 8 INFO neutron.wsgi [req-968d3f4a-1c20-4a2b-a92e-838e181589c7 req-6b73af51-869f-4351-8057-2ac57bcb168e 37cf80a7011c41d4b92e0319fee00918 7eeac2a5c4f24eb7842f8a477aa6d03e - - default default] 10.0.0.153 "GET /v2.0/ports?device_id=e9be9c33-5cde-4714-8288-f6cbda8d145b HTTP/1.1" status: 200 len: 210 time: 0.0195496
2026-06-28 21:06:50.233 8 WARNING neutron.scheduler.dhcp_agent_scheduler [req-70a42724-4fe8-4d12-97f6-93d4566c4fff req-f7f3a9c2-989c-416a-bba3-edee34a6f150 37cf80a7011c41d4b92e0319fee00918 7eeac2a5c4f24eb7842f8a477aa6d03e - - default default] No more DHCP agents
2026-06-28 21:06:50.235 8 WARNING neutron.api.rpc.agentnotifiers.dhcp_rpc_agent_api [req-70a42724-4fe8-4d12-97f6-93d4566c4fff req-f7f3a9c2-989c-416a-bba3-edee34a6f150 37cf80a7011c41d4b92e0319fee00918 7eeac2a5c4f24eb7842f8a477aa6d03e - - default default] Unable to schedule network ace4ff07-de47-4d15-ab11-9ddd958ad10c: no agents available; will retry on subsequent port and subnet creation events. /var/lib/openstack/lib/python3.10/site-packages/pycadf/identifier.py:71: UserWarning: Invalid uuid: neutron. To ensure interoperability, identifiers should be a valid uuid. warnings.warn(('Invalid uuid: %s. To ensure interoperability, '
2026-06-28 21:06:50.354 8 INFO neutron.wsgi [req-77818d80-105f-456a-8a42-ca5fb69c8024 req-9e25194f-3b17-4f3b-add5-03adae91a720 1f5bc46874ce411da2971240018caaf8 9c37521b27394dc885fe10ae2f8e229a - - default default] 199.204.45.23 "GET /v2.0/networks?id=670eb6ef-bc67-4799-bcb2-2b52e7f07246 HTTP/1.1" status: 200 len: 873 time: 0.0885913
2026-06-28 21:06:50.426 8 INFO neutron.wsgi [req-77818d80-105f-456a-8a42-ca5fb69c8024 req-23d163f2-aecd-4d6c-ba17-bb3b03d9c6e8 1f5bc46874ce411da2971240018caaf8 9c37521b27394dc885fe10ae2f8e229a - - default default] 199.204.45.23 "GET /v2.0/security-groups?fields=id&fields=name&tenant_id=9c37521b27394dc885fe10ae2f8e229a HTTP/1.1" status: 200 len: 380 time: 0.0646782
2026-06-28 21:06:50.495 8 INFO neutron.db.ovn_revision_numbers_db [req-70a42724-4fe8-4d12-97f6-93d4566c4fff req-f7f3a9c2-989c-416a-bba3-edee34a6f150 37cf80a7011c41d4b92e0319fee00918 7eeac2a5c4f24eb7842f8a477aa6d03e - - default default] Successfully bumped revision number for resource f7589243-e55e-4a50-9edb-f1fa8b1b1a9a (type: ports) to 1
2026-06-28 21:06:50.524 8 INFO neutron.wsgi [req-70a42724-4fe8-4d12-97f6-93d4566c4fff req-f7f3a9c2-989c-416a-bba3-edee34a6f150 37cf80a7011c41d4b92e0319fee00918 7eeac2a5c4f24eb7842f8a477aa6d03e - - default default] 199.204.45.23 "POST /v2.0/ports HTTP/1.1" status: 201 len: 1162 time: 0.6732979
2026-06-28 21:06:50.670 8 INFO neutron.wsgi [req-f7602e67-c0eb-46b3-96aa-d0b3397e73b4 req-53cb3230-16ae-4aee-ab99-2e6172964137 1f5bc46874ce411da2971240018caaf8 9c37521b27394dc885fe10ae2f8e229a - - default default] 10.0.0.153 "GET /v2.0/ports?device_id=54dda468-ea03-45ef-b720-9edf7a1852b5 HTTP/1.1" status: 200 len: 210 time: 0.0348706
2026-06-28 21:06:50.955 8 WARNING neutron.scheduler.dhcp_agent_scheduler [req-77818d80-105f-456a-8a42-ca5fb69c8024 req-126acba4-3b46-44df-9995-0094a0e37ed1 1f5bc46874ce411da2971240018caaf8 9c37521b27394dc885fe10ae2f8e229a - - default default] No more DHCP agents
2026-06-28 21:06:50.958 8 WARNING neutron.api.rpc.agentnotifiers.dhcp_rpc_agent_api [req-77818d80-105f-456a-8a42-ca5fb69c8024 req-126acba4-3b46-44df-9995-0094a0e37ed1 1f5bc46874ce411da2971240018caaf8 9c37521b27394dc885fe10ae2f8e229a - - default default] Unable to schedule network 670eb6ef-bc67-4799-bcb2-2b52e7f07246: no agents available; will retry on subsequent port and subnet creation events.
2026-06-28 21:06:51.199 8 INFO neutron.db.ovn_revision_numbers_db [req-70a42724-4fe8-4d12-97f6-93d4566c4fff req-04d058d1-d736-44f1-9314-072430861d1e e19a0c7f39814e7bb6223dda14ce4989 cdb6b868bba9469ca81c23ad0bcd2f01 - - d1146906f66a4a0cb46ecefe67aee84b d1146906f66a4a0cb46ecefe67aee84b] Successfully bumped revision number for resource f7589243-e55e-4a50-9edb-f1fa8b1b1a9a (type: ports) to 2
2026-06-28 21:06:51.210 8 INFO neutron.db.ovn_revision_numbers_db [req-77818d80-105f-456a-8a42-ca5fb69c8024 req-126acba4-3b46-44df-9995-0094a0e37ed1 1f5bc46874ce411da2971240018caaf8 9c37521b27394dc885fe10ae2f8e229a - - default default] Successfully bumped revision number for resource eb2b2b76-d998-4335-9689-50cb20ffbc29 (type: ports) to 1
2026-06-28 21:06:51.238 8 INFO neutron.wsgi [req-77818d80-105f-456a-8a42-ca5fb69c8024 req-126acba4-3b46-44df-9995-0094a0e37ed1 1f5bc46874ce411da2971240018caaf8 9c37521b27394dc885fe10ae2f8e229a - - default default] 199.204.45.23 "POST /v2.0/ports HTTP/1.1" status: 201 len: 1158 time: 0.7786832 /var/lib/openstack/lib/python3.10/site-packages/pycadf/identifier.py:71: UserWarning: Invalid uuid: neutron. To ensure interoperability, identifiers should be a valid uuid. warnings.warn(('Invalid uuid: %s. To ensure interoperability, '
2026-06-28 21:06:51.323 8 INFO neutron.wsgi [req-742662fe-0425-4e29-9a01-354b6e8b49ec req-c81e0181-97f0-401f-922b-2fcd010632e1 37cf80a7011c41d4b92e0319fee00918 7eeac2a5c4f24eb7842f8a477aa6d03e - - default default] 10.0.0.153 "GET /v2.0/ports?device_id=e9be9c33-5cde-4714-8288-f6cbda8d145b HTTP/1.1" status: 200 len: 1172 time: 0.0470572
2026-06-28 21:06:51.423 8 INFO neutron.wsgi [req-742662fe-0425-4e29-9a01-354b6e8b49ec req-1c104136-5932-4710-a957-593a6a80b1cc 37cf80a7011c41d4b92e0319fee00918 7eeac2a5c4f24eb7842f8a477aa6d03e - - default default] 10.0.0.153 "GET /v2.0/security-groups?id=14e745cc-c406-4828-9e38-b95910cf23f5&fields=id&fields=name HTTP/1.1" status: 200 len: 286 time: 0.0928464
2026-06-28 21:06:51.531 8 INFO neutron.db.ovn_revision_numbers_db [req-70a42724-4fe8-4d12-97f6-93d4566c4fff req-04d058d1-d736-44f1-9314-072430861d1e e19a0c7f39814e7bb6223dda14ce4989 cdb6b868bba9469ca81c23ad0bcd2f01 - - d1146906f66a4a0cb46ecefe67aee84b d1146906f66a4a0cb46ecefe67aee84b] Successfully bumped revision number for resource f7589243-e55e-4a50-9edb-f1fa8b1b1a9a (type: ports) to 2
2026-06-28 21:06:51.551 8 INFO neutron.wsgi [req-70a42724-4fe8-4d12-97f6-93d4566c4fff req-04d058d1-d736-44f1-9314-072430861d1e e19a0c7f39814e7bb6223dda14ce4989 cdb6b868bba9469ca81c23ad0bcd2f01 - - d1146906f66a4a0cb46ecefe67aee84b d1146906f66a4a0cb46ecefe67aee84b] 199.204.45.23 "PUT /v2.0/ports/f7589243-e55e-4a50-9edb-f1fa8b1b1a9a HTTP/1.1" status: 200 len: 1380 time: 0.9938259 /var/lib/openstack/lib/python3.10/site-packages/pycadf/identifier.py:71: UserWarning: Invalid uuid: neutron. To ensure interoperability, identifiers should be a valid uuid. warnings.warn(('Invalid uuid: %s. To ensure interoperability, '
2026-06-28 21:06:51.599 8 INFO neutron.notifiers.nova [-] Nova event matching ['req-076d0910-9fa9-42c8-a2b9-96bea1985bbe'] response: {'name': 'network-changed', 'server_uuid': 'e9be9c33-5cde-4714-8288-f6cbda8d145b', 'tag': 'f7589243-e55e-4a50-9edb-f1fa8b1b1a9a', 'status': 'completed', 'code': 200}
2026-06-28 21:06:51.625 8 INFO neutron.wsgi [req-70a42724-4fe8-4d12-97f6-93d4566c4fff req-ddb8ddfa-9b50-4a5f-9aed-8c7d48e66b74 e19a0c7f39814e7bb6223dda14ce4989 cdb6b868bba9469ca81c23ad0bcd2f01 - - d1146906f66a4a0cb46ecefe67aee84b d1146906f66a4a0cb46ecefe67aee84b] 199.204.45.23 "GET /v2.0/ports?tenant_id=7eeac2a5c4f24eb7842f8a477aa6d03e&device_id=e9be9c33-5cde-4714-8288-f6cbda8d145b HTTP/1.1" status: 200 len: 1411 time: 0.0346215
2026-06-28 21:06:51.655 8 INFO neutron.wsgi [req-70a42724-4fe8-4d12-97f6-93d4566c4fff req-2a08c239-a5c5-4c25-90ae-4e10e3e12064 e19a0c7f39814e7bb6223dda14ce4989 cdb6b868bba9469ca81c23ad0bcd2f01 - - d1146906f66a4a0cb46ecefe67aee84b d1146906f66a4a0cb46ecefe67aee84b] 199.204.45.23 "GET /v2.0/floatingips?fixed_ip_address=10.100.0.10&port_id=f7589243-e55e-4a50-9edb-f1fa8b1b1a9a HTTP/1.1" status: 200 len: 217 time: 0.0218887
2026-06-28 21:06:51.707 8 INFO neutron.wsgi [req-70a42724-4fe8-4d12-97f6-93d4566c4fff req-d36b6854-3bdf-49b3-baaa-f5ce72317cd8 e19a0c7f39814e7bb6223dda14ce4989 cdb6b868bba9469ca81c23ad0bcd2f01 - - d1146906f66a4a0cb46ecefe67aee84b d1146906f66a4a0cb46ecefe67aee84b] 199.204.45.23 "GET /v2.0/subnets?id=c7651a8f-5b78-4ce2-af2e-41b738598639 HTTP/1.1" status: 200 len: 871 time: 0.0432546
2026-06-28 21:06:51.734 8 INFO neutron.wsgi [req-70a42724-4fe8-4d12-97f6-93d4566c4fff req-c9da9636-bae2-4922-a304-5119f9487881 e19a0c7f39814e7bb6223dda14ce4989 cdb6b868bba9469ca81c23ad0bcd2f01 - - d1146906f66a4a0cb46ecefe67aee84b d1146906f66a4a0cb46ecefe67aee84b] 199.204.45.23 "GET /v2.0/ports?network_id=ace4ff07-de47-4d15-ab11-9ddd958ad10c&device_owner=network%3Adhcp HTTP/1.1" status: 200 len: 210 time: 0.0207996
2026-06-28 21:06:51.802 8 INFO neutron.wsgi [req-73e711c3-47e3-48dc-b0b8-f620fe5854ca req-ceab12d0-3a08-4300-946c-f2d9504f119b 1f5bc46874ce411da2971240018caaf8 9c37521b27394dc885fe10ae2f8e229a - - default default] 10.0.0.153 "GET /v2.0/ports?device_id=54dda468-ea03-45ef-b720-9edf7a1852b5 HTTP/1.1" status: 200 len: 1168 time: 0.0592740
2026-06-28 21:06:51.803 8 INFO neutron.db.ovn_revision_numbers_db [req-77818d80-105f-456a-8a42-ca5fb69c8024 req-469d0b5c-e398-4723-b828-a2196acbb05a e19a0c7f39814e7bb6223dda14ce4989 cdb6b868bba9469ca81c23ad0bcd2f01 - - d1146906f66a4a0cb46ecefe67aee84b d1146906f66a4a0cb46ecefe67aee84b] Successfully bumped revision number for resource eb2b2b76-d998-4335-9689-50cb20ffbc29 (type: ports) to 2
2026-06-28 21:06:51.829 9 INFO neutron.wsgi [req-18cbe3e3-affa-42db-abf8-9a16b23a7089 req-672ee422-be0b-4fe7-9240-e431893c8ddc e19a0c7f39814e7bb6223dda14ce4989 cdb6b868bba9469ca81c23ad0bcd2f01 - - d1146906f66a4a0cb46ecefe67aee84b d1146906f66a4a0cb46ecefe67aee84b] 10.0.0.50 "GET /v2.0/ports?device_id=b86fbc89-3b99-4282-9017-9b5e65042eb4 HTTP/1.1" status: 200 len: 1409 time: 0.4280314
2026-06-28 21:06:51.831 8 INFO neutron.wsgi [req-70a42724-4fe8-4d12-97f6-93d4566c4fff req-1c1a5c25-b02b-4fee-8758-4cf91a7a0c44 e19a0c7f39814e7bb6223dda14ce4989 cdb6b868bba9469ca81c23ad0bcd2f01 - - d1146906f66a4a0cb46ecefe67aee84b d1146906f66a4a0cb46ecefe67aee84b] 199.204.45.23 "GET /v2.0/networks/ace4ff07-de47-4d15-ab11-9ddd958ad10c?fields=segments HTTP/1.1" status: 200 len: 212 time: 0.0912056
2026-06-28 21:06:51.880 8 INFO neutron.wsgi [req-73e711c3-47e3-48dc-b0b8-f620fe5854ca req-ad509b78-a301-4895-9811-6a750f3db9f1 1f5bc46874ce411da2971240018caaf8 9c37521b27394dc885fe10ae2f8e229a - - default default] 10.0.0.153 "GET /v2.0/security-groups?id=8a64a86b-52be-4e4f-83e3-6a61ddedca7a&fields=id&fields=name HTTP/1.1" status: 200 len: 313 time: 0.0702667
2026-06-28 21:06:51.884 9 INFO neutron.wsgi [req-18cbe3e3-affa-42db-abf8-9a16b23a7089 req-72af5126-8126-4edf-9218-addbadb7bac2 e19a0c7f39814e7bb6223dda14ce4989 cdb6b868bba9469ca81c23ad0bcd2f01 - - d1146906f66a4a0cb46ecefe67aee84b d1146906f66a4a0cb46ecefe67aee84b] 10.0.0.50 "GET /v2.0/security-groups?id=876528b8-edeb-41ab-bbab-eebb33342fa5&fields=id&fields=name HTTP/1.1" status: 200 len: 313 time: 0.0485659
2026-06-28 21:06:51.938 8 INFO neutron.wsgi [req-70a42724-4fe8-4d12-97f6-93d4566c4fff req-43199099-c5b6-48fd-9114-29e46b4747b5 e19a0c7f39814e7bb6223dda14ce4989 cdb6b868bba9469ca81c23ad0bcd2f01 - - d1146906f66a4a0cb46ecefe67aee84b d1146906f66a4a0cb46ecefe67aee84b] 199.204.45.23 "GET /v2.0/networks/ace4ff07-de47-4d15-ab11-9ddd958ad10c?fields=provider%3Aphysical_network&fields=provider%3Anetwork_type HTTP/1.1" status: 200 len: 277 time: 0.0892127 /var/lib/openstack/lib/python3.10/site-packages/pycadf/identifier.py:71: UserWarning: Invalid uuid: neutron. To ensure interoperability, identifiers should be a valid uuid. warnings.warn(('Invalid uuid: %s. To ensure interoperability, '
2026-06-28 21:06:52.052 8 INFO neutron.wsgi [req-a7333e60-816d-47a9-8bce-858f297270c0 req-630bd8c2-d735-443f-b769-713dc084b6ba e19a0c7f39814e7bb6223dda14ce4989 cdb6b868bba9469ca81c23ad0bcd2f01 - - d1146906f66a4a0cb46ecefe67aee84b d1146906f66a4a0cb46ecefe67aee84b] 199.204.45.23 "GET /v2.0/ports?tenant_id=7eeac2a5c4f24eb7842f8a477aa6d03e&device_id=e9be9c33-5cde-4714-8288-f6cbda8d145b HTTP/1.1" status: 200 len: 1411 time: 0.0539773
2026-06-28 21:06:52.116 8 INFO neutron.db.ovn_revision_numbers_db [req-77818d80-105f-456a-8a42-ca5fb69c8024 req-469d0b5c-e398-4723-b828-a2196acbb05a e19a0c7f39814e7bb6223dda14ce4989 cdb6b868bba9469ca81c23ad0bcd2f01 - - d1146906f66a4a0cb46ecefe67aee84b d1146906f66a4a0cb46ecefe67aee84b] Successfully bumped revision number for resource eb2b2b76-d998-4335-9689-50cb20ffbc29 (type: ports) to 2
2026-06-28 21:06:52.148 8 INFO neutron.wsgi [req-77818d80-105f-456a-8a42-ca5fb69c8024 req-469d0b5c-e398-4723-b828-a2196acbb05a e19a0c7f39814e7bb6223dda14ce4989 cdb6b868bba9469ca81c23ad0bcd2f01 - - d1146906f66a4a0cb46ecefe67aee84b d1146906f66a4a0cb46ecefe67aee84b] 199.204.45.23 "PUT /v2.0/ports/eb2b2b76-d998-4335-9689-50cb20ffbc29 HTTP/1.1" status: 200 len: 1376 time: 0.9035485
2026-06-28 21:06:52.157 8 INFO neutron.wsgi [req-a7333e60-816d-47a9-8bce-858f297270c0 req-9c257def-5099-427a-91fe-2d70f31f6358 e19a0c7f39814e7bb6223dda14ce4989 cdb6b868bba9469ca81c23ad0bcd2f01 - - d1146906f66a4a0cb46ecefe67aee84b d1146906f66a4a0cb46ecefe67aee84b] 199.204.45.23 "GET /v2.0/networks?id=ace4ff07-de47-4d15-ab11-9ddd958ad10c HTTP/1.1" status: 200 len: 976 time: 0.0990260
2026-06-28 21:06:52.212 8 INFO neutron.wsgi [req-a7333e60-816d-47a9-8bce-858f297270c0 req-c3b8f154-ad3d-45f5-83a5-20cb377c49c9 e19a0c7f39814e7bb6223dda14ce4989 cdb6b868bba9469ca81c23ad0bcd2f01 - - d1146906f66a4a0cb46ecefe67aee84b d1146906f66a4a0cb46ecefe67aee84b] 199.204.45.23 "GET /v2.0/floatingips?fixed_ip_address=10.100.0.10&port_id=f7589243-e55e-4a50-9edb-f1fa8b1b1a9a HTTP/1.1" status: 200 len: 217 time: 0.0479193
2026-06-28 21:06:52.252 8 INFO neutron.wsgi [req-77818d80-105f-456a-8a42-ca5fb69c8024 req-61bc272a-fb01-4848-9672-a0ec1420ac42 e19a0c7f39814e7bb6223dda14ce4989 cdb6b868bba9469ca81c23ad0bcd2f01 - - d1146906f66a4a0cb46ecefe67aee84b d1146906f66a4a0cb46ecefe67aee84b] 199.204.45.23 "GET /v2.0/ports?tenant_id=9c37521b27394dc885fe10ae2f8e229a&device_id=54dda468-ea03-45ef-b720-9edf7a1852b5 HTTP/1.1" status: 200 len: 1407 time: 0.0466900
2026-06-28 21:06:52.284 8 INFO neutron.wsgi [req-a7333e60-816d-47a9-8bce-858f297270c0 req-1c601ec9-6409-45d0-8975-233c8e84395a e19a0c7f39814e7bb6223dda14ce4989 cdb6b868bba9469ca81c23ad0bcd2f01 - - d1146906f66a4a0cb46ecefe67aee84b d1146906f66a4a0cb46ecefe67aee84b] 199.204.45.23 "GET /v2.0/subnets?id=c7651a8f-5b78-4ce2-af2e-41b738598639 HTTP/1.1" status: 200 len: 871 time: 0.0684893
2026-06-28 21:06:52.286 8 INFO neutron.wsgi [req-77818d80-105f-456a-8a42-ca5fb69c8024 req-b8648973-e8d8-48f6-a2a0-e6979e8d4929 e19a0c7f39814e7bb6223dda14ce4989 cdb6b868bba9469ca81c23ad0bcd2f01 - - d1146906f66a4a0cb46ecefe67aee84b d1146906f66a4a0cb46ecefe67aee84b] 199.204.45.23 "GET /v2.0/floatingips?fixed_ip_address=10.100.0.9&port_id=eb2b2b76-d998-4335-9689-50cb20ffbc29 HTTP/1.1" status: 200 len: 217 time: 0.0274937
2026-06-28 21:06:52.337 8 INFO neutron.wsgi [req-a7333e60-816d-47a9-8bce-858f297270c0 req-a3d317d8-b6a1-4cc0-b2d9-eaaa81632caf e19a0c7f39814e7bb6223dda14ce4989 cdb6b868bba9469ca81c23ad0bcd2f01 - - d1146906f66a4a0cb46ecefe67aee84b d1146906f66a4a0cb46ecefe67aee84b] 199.204.45.23 "GET /v2.0/ports?network_id=ace4ff07-de47-4d15-ab11-9ddd958ad10c&device_owner=network%3Adhcp HTTP/1.1" status: 200 len: 210 time: 0.0342681
2026-06-28 21:06:52.357 8 INFO neutron.wsgi [req-77818d80-105f-456a-8a42-ca5fb69c8024 req-dd3ad1ef-26da-4d19-8d17-b35006e98e7d e19a0c7f39814e7bb6223dda14ce4989 cdb6b868bba9469ca81c23ad0bcd2f01 - - d1146906f66a4a0cb46ecefe67aee84b d1146906f66a4a0cb46ecefe67aee84b] 199.204.45.23 "GET /v2.0/subnets?id=38c0d499-2cbe-4e58-8109-e273da1ffb91 HTTP/1.1" status: 200 len: 867 time: 0.0530703
2026-06-28 21:06:52.395 8 INFO neutron.wsgi [req-77818d80-105f-456a-8a42-ca5fb69c8024 req-3bf1f9db-962e-465f-b9b7-f6ffe211e2de e19a0c7f39814e7bb6223dda14ce4989 cdb6b868bba9469ca81c23ad0bcd2f01 - - d1146906f66a4a0cb46ecefe67aee84b d1146906f66a4a0cb46ecefe67aee84b] 199.204.45.23 "GET /v2.0/ports?network_id=670eb6ef-bc67-4799-bcb2-2b52e7f07246&device_owner=network%3Adhcp HTTP/1.1" status: 200 len: 210 time: 0.0292480
2026-06-28 21:06:52.458 8 INFO neutron.wsgi [req-a7333e60-816d-47a9-8bce-858f297270c0 req-51b1007f-281f-44eb-b3d8-ac5174837e50 e19a0c7f39814e7bb6223dda14ce4989 cdb6b868bba9469ca81c23ad0bcd2f01 - - d1146906f66a4a0cb46ecefe67aee84b d1146906f66a4a0cb46ecefe67aee84b] 199.204.45.23 "GET /v2.0/networks/ace4ff07-de47-4d15-ab11-9ddd958ad10c?fields=segments HTTP/1.1" status: 200 len: 212 time: 0.1095052
2026-06-28 21:06:52.478 9 INFO neutron.db.ovn_revision_numbers_db [None req-ec7fda35-a5dc-4b17-99d8-7be8de06b814 7ce99a38adbf44dea1546587a3280700 ef3cff4f372848748245027e5e1fec4f - - default default] Successfully bumped revision number for resource ce49fa2f-a93e-4b51-b2d4-bd6938409020 (type: security_groups) to 1
2026-06-28 21:06:52.499 9 INFO neutron.db.ovn_revision_numbers_db [None req-ec7fda35-a5dc-4b17-99d8-7be8de06b814 7ce99a38adbf44dea1546587a3280700 ef3cff4f372848748245027e5e1fec4f - - default default] Successfully bumped revision number for resource 1413b0ad-882c-4966-92cf-9762756ac033 (type: security_group_rules) to 0
2026-06-28 21:06:52.502 8 INFO neutron.wsgi [req-77818d80-105f-456a-8a42-ca5fb69c8024 req-feafe6c5-85e1-4c97-8198-c939e2d08646 e19a0c7f39814e7bb6223dda14ce4989 cdb6b868bba9469ca81c23ad0bcd2f01 - - d1146906f66a4a0cb46ecefe67aee84b d1146906f66a4a0cb46ecefe67aee84b] 199.204.45.23 "GET /v2.0/networks/670eb6ef-bc67-4799-bcb2-2b52e7f07246?fields=segments HTTP/1.1" status: 200 len: 212 time: 0.1001937
2026-06-28 21:06:52.515 9 INFO neutron.db.ovn_revision_numbers_db [None req-ec7fda35-a5dc-4b17-99d8-7be8de06b814 7ce99a38adbf44dea1546587a3280700 ef3cff4f372848748245027e5e1fec4f - - default default] Successfully bumped revision number for resource 36e102a4-b094-4518-8723-c3d2287df09e (type: security_group_rules) to 0
2026-06-28 21:06:52.531 9 INFO neutron.db.ovn_revision_numbers_db [None req-ec7fda35-a5dc-4b17-99d8-7be8de06b814 7ce99a38adbf44dea1546587a3280700 ef3cff4f372848748245027e5e1fec4f - - default default] Successfully bumped revision number for resource 5a1cc128-504c-4fc4-8b5b-0e201c09c7e8 (type: security_group_rules) to 0
2026-06-28 21:06:52.547 9 INFO neutron.db.ovn_revision_numbers_db [None req-ec7fda35-a5dc-4b17-99d8-7be8de06b814 7ce99a38adbf44dea1546587a3280700 ef3cff4f372848748245027e5e1fec4f - - default default] Successfully bumped revision number for resource 9d2438a9-09ad-45b9-b94f-38688b093126 (type: security_group_rules) to 0
2026-06-28 21:06:52.577 9 INFO neutron.wsgi [None req-ec7fda35-a5dc-4b17-99d8-7be8de06b814 7ce99a38adbf44dea1546587a3280700 ef3cff4f372848748245027e5e1fec4f - - default default] 10.0.0.131 "GET /v2.0/security-groups?tenant_id=a225522398fa4d3796e7518b36e17fa8&name=default HTTP/1.1" status: 200 len: 2996 time: 0.3671539
2026-06-28 21:06:52.789 8 INFO neutron.wsgi [req-359d2749-45c5-43c0-900a-7e3af3f2bc54 req-0e458a09-fedc-4fa2-9625-fed78938d126 37cf80a7011c41d4b92e0319fee00918 7eeac2a5c4f24eb7842f8a477aa6d03e - - default default] 10.0.0.153 "GET /v2.0/ports?device_id=e9be9c33-5cde-4714-8288-f6cbda8d145b HTTP/1.1" status: 200 len: 1172 time: 0.2865944
2026-06-28 21:06:52.805 9 INFO neutron.wsgi [None req-4173a5d1-484c-4584-862f-bc744080ab20 7ce99a38adbf44dea1546587a3280700 ef3cff4f372848748245027e5e1fec4f - - default default] 10.0.0.131 "DELETE /v2.0/security-groups/ce49fa2f-a93e-4b51-b2d4-bd6938409020 HTTP/1.1" status: 204 len: 168 time: 0.2222106
2026-06-28 21:06:52.813 8 INFO neutron.wsgi [req-a7333e60-816d-47a9-8bce-858f297270c0 req-2413e964-5123-463a-ac79-4638aec99563 e19a0c7f39814e7bb6223dda14ce4989 cdb6b868bba9469ca81c23ad0bcd2f01 - - d1146906f66a4a0cb46ecefe67aee84b d1146906f66a4a0cb46ecefe67aee84b] 199.204.45.23 "GET /v2.0/networks/ace4ff07-de47-4d15-ab11-9ddd958ad10c?fields=provider%3Aphysical_network&fields=provider%3Anetwork_type HTTP/1.1" status: 200 len: 277 time: 0.3403280
2026-06-28 21:06:52.832 8 INFO neutron.wsgi [req-77818d80-105f-456a-8a42-ca5fb69c8024 req-babf4fe0-7d4c-42af-91c6-05dea645fbc0 e19a0c7f39814e7bb6223dda14ce4989 cdb6b868bba9469ca81c23ad0bcd2f01 - - d1146906f66a4a0cb46ecefe67aee84b d1146906f66a4a0cb46ecefe67aee84b] 199.204.45.23 "GET /v2.0/networks/670eb6ef-bc67-4799-bcb2-2b52e7f07246?fields=provider%3Aphysical_network&fields=provider%3Anetwork_type HTTP/1.1" status: 200 len: 277 time: 0.3118894
2026-06-28 21:06:52.844 8 INFO neutron.wsgi [req-359d2749-45c5-43c0-900a-7e3af3f2bc54 req-db6f88f8-163f-435f-bb36-4cd2550ee122 37cf80a7011c41d4b92e0319fee00918 7eeac2a5c4f24eb7842f8a477aa6d03e - - default default] 10.0.0.153 "GET /v2.0/security-groups?id=14e745cc-c406-4828-9e38-b95910cf23f5&fields=id&fields=name HTTP/1.1" status: 200 len: 286 time: 0.0463872
2026-06-28 21:06:52.999 8 INFO neutron.wsgi [req-51cb3dd8-5391-4d8a-a2f7-fed65192033f req-ade9a874-db5c-40c7-8882-5f49f9ac611b 1f5bc46874ce411da2971240018caaf8 9c37521b27394dc885fe10ae2f8e229a - - default default] 10.0.0.153 "GET /v2.0/ports?device_id=54dda468-ea03-45ef-b720-9edf7a1852b5 HTTP/1.1" status: 200 len: 1168 time: 0.0442612
2026-06-28 21:06:53.029 8 INFO neutron.plugins.ml2.drivers.ovn.mech_driver.mech_driver [None req-b5cebebb-68c9-48bf-9c48-93b3cf057bd6 - - - - - -] OVN reports status up for port: eb2b2b76-d998-4335-9689-50cb20ffbc29
2026-06-28 21:06:53.050 9 INFO neutron.db.ovn_revision_numbers_db [None req-5579363e-eb83-42e1-89e0-5b0bf21a4a36 7ce99a38adbf44dea1546587a3280700 ef3cff4f372848748245027e5e1fec4f - - default default] Successfully bumped revision number for resource a5f88d63-1db9-4b20-b41a-fd1453f75155 (type: security_groups) to 1
2026-06-28 21:06:53.052 8 INFO neutron.plugins.ml2.plugin [None req-b5cebebb-68c9-48bf-9c48-93b3cf057bd6 - - - - - -] Attempt 1 to provision port eb2b2b76-d998-4335-9689-50cb20ffbc29
2026-06-28 21:06:53.058 8 INFO neutron.wsgi [req-51cb3dd8-5391-4d8a-a2f7-fed65192033f req-de3e466d-d3e6-454b-88fa-db4f5a10ca2d 1f5bc46874ce411da2971240018caaf8 9c37521b27394dc885fe10ae2f8e229a - - default default] 10.0.0.153 "GET /v2.0/security-groups?id=8a64a86b-52be-4e4f-83e3-6a61ddedca7a&fields=id&fields=name HTTP/1.1" status: 200 len: 313 time: 0.0513885
2026-06-28 21:06:53.079 9 INFO neutron.db.ovn_revision_numbers_db [None req-5579363e-eb83-42e1-89e0-5b0bf21a4a36 7ce99a38adbf44dea1546587a3280700 ef3cff4f372848748245027e5e1fec4f - - default default] Successfully bumped revision number for resource 2335deb6-6add-4606-adad-9a7d654a0afb (type: security_group_rules) to 0
2026-06-28 21:06:53.093 9 INFO neutron.db.ovn_revision_numbers_db [None req-5579363e-eb83-42e1-89e0-5b0bf21a4a36 7ce99a38adbf44dea1546587a3280700 ef3cff4f372848748245027e5e1fec4f - - default default] Successfully bumped revision number for resource 3039b0d7-b62a-46a9-8d01-d41131aa56db (type: security_group_rules) to 0
2026-06-28 21:06:53.118 9 INFO neutron.db.ovn_revision_numbers_db [None req-5579363e-eb83-42e1-89e0-5b0bf21a4a36 7ce99a38adbf44dea1546587a3280700 ef3cff4f372848748245027e5e1fec4f - - default default] Successfully bumped revision number for resource 67a08276-8776-4992-bdfa-ea881ba9c414 (type: security_group_rules) to 0
2026-06-28 21:06:53.134 9 INFO neutron.db.ovn_revision_numbers_db [None req-5579363e-eb83-42e1-89e0-5b0bf21a4a36 7ce99a38adbf44dea1546587a3280700 ef3cff4f372848748245027e5e1fec4f - - default default] Successfully bumped revision number for resource 93615bf4-45fc-4c7d-a690-844147bc0ba3 (type: security_group_rules) to 0
2026-06-28 21:06:53.170 9 INFO neutron.wsgi [None req-5579363e-eb83-42e1-89e0-5b0bf21a4a36 7ce99a38adbf44dea1546587a3280700 ef3cff4f372848748245027e5e1fec4f - - default default] 10.0.0.131 "GET /v2.0/security-groups?tenant_id=6e47f3e254154c19aab80c324035d8af&name=default HTTP/1.1" status: 200 len: 2996 time: 0.2536588
2026-06-28 21:06:53.209 9 WARNING neutron.plugins.ml2.drivers.ovn.mech_driver.ovsdb.ovn_client [None req-5e779a41-02ec-464b-86fc-eee7bd7635aa - - - - - -] No hosting information found for port 5f1b45c7-d4fc-4f34-9328-38fb4ebce702: RuntimeError: No hosting information found for port 5f1b45c7-d4fc-4f34-9328-38fb4ebce702
2026-06-28 21:06:53.209 9 INFO neutron.plugins.ml2.drivers.ovn.mech_driver.mech_driver [None req-5e779a41-02ec-464b-86fc-eee7bd7635aa - - - - - -] OVN reports status up for port: 878c0083-02b3-4a02-b654-aa648aaa600e
2026-06-28 21:06:53.220 9 INFO neutron.plugins.ml2.plugin [None req-5e779a41-02ec-464b-86fc-eee7bd7635aa - - - - - -] Attempt 1 to provision port 878c0083-02b3-4a02-b654-aa648aaa600e
2026-06-28 21:06:53.287 8 INFO neutron.wsgi [-] 10.0.0.157 "GET / HTTP/1.1" status: 200 len: 246 time: 0.0023692
2026-06-28 21:06:53.289 8 INFO neutron.wsgi [-] 10.0.0.157 "GET / HTTP/1.1" status: 200 len: 246 time: 0.0013998
2026-06-28 21:06:53.354 8 INFO neutron.db.ovn_revision_numbers_db [None req-b5cebebb-68c9-48bf-9c48-93b3cf057bd6 - - - - - -] Successfully bumped revision number for resource eb2b2b76-d998-4335-9689-50cb20ffbc29 (type: ports) to 4
2026-06-28 21:06:53.481 9 INFO neutron.wsgi [None req-e984294a-3c3c-401a-b442-017c324d097b 7ce99a38adbf44dea1546587a3280700 ef3cff4f372848748245027e5e1fec4f - - default default] 10.0.0.131 "DELETE /v2.0/security-groups/a5f88d63-1db9-4b20-b41a-fd1453f75155 HTTP/1.1" status: 204 len: 168 time: 0.3071489
2026-06-28 21:06:53.599 9 INFO neutron.db.ovn_revision_numbers_db [None req-5e779a41-02ec-464b-86fc-eee7bd7635aa - - - - - -] Successfully bumped revision number for resource 878c0083-02b3-4a02-b654-aa648aaa600e (type: ports) to 2
2026-06-28 21:06:53.647 8 INFO neutron.notifiers.nova [-] Nova event matching ['req-815d95cf-8892-4f59-a537-690b9996eb07'] response: {'name': 'network-changed', 'server_uuid': '54dda468-ea03-45ef-b720-9edf7a1852b5', 'tag': 'eb2b2b76-d998-4335-9689-50cb20ffbc29', 'status': 'completed', 'code': 200}
2026-06-28 21:06:53.647 8 INFO neutron.notifiers.nova [-] Nova event matching ['req-815d95cf-8892-4f59-a537-690b9996eb07'] response: {'server_uuid': '54dda468-ea03-45ef-b720-9edf7a1852b5', 'name': 'network-vif-plugged', 'status': 'completed', 'tag': 'eb2b2b76-d998-4335-9689-50cb20ffbc29', 'code': 200}
2026-06-28 21:06:53.647 8 INFO neutron.notifiers.nova [-] Nova event matching ['req-815d95cf-8892-4f59-a537-690b9996eb07'] response: {'server_uuid': '54dda468-ea03-45ef-b720-9edf7a1852b5', 'name': 'network-vif-plugged', 'status': 'completed', 'tag': 'eb2b2b76-d998-4335-9689-50cb20ffbc29', 'code': 200} /var/lib/openstack/lib/python3.10/site-packages/pycadf/identifier.py:71: UserWarning: Invalid uuid: neutron. To ensure interoperability, identifiers should be a valid uuid. warnings.warn(('Invalid uuid: %s. To ensure interoperability, '
2026-06-28 21:06:53.732 8 INFO neutron.wsgi [req-aeaa5f57-1aaf-4e8f-ba64-3656bfe3531c req-85379b81-46b0-4591-affc-264e6aea7b23 e19a0c7f39814e7bb6223dda14ce4989 cdb6b868bba9469ca81c23ad0bcd2f01 - - d1146906f66a4a0cb46ecefe67aee84b d1146906f66a4a0cb46ecefe67aee84b] 199.204.45.23 "GET /v2.0/ports?tenant_id=9c37521b27394dc885fe10ae2f8e229a&device_id=54dda468-ea03-45ef-b720-9edf7a1852b5 HTTP/1.1" status: 200 len: 1409 time: 0.0379226
2026-06-28 21:06:53.734 9 INFO neutron.db.ovn_revision_numbers_db [None req-5e779a41-02ec-464b-86fc-eee7bd7635aa - - - - - -] Successfully bumped revision number for resource 878c0083-02b3-4a02-b654-aa648aaa600e (type: router_ports) to 2
2026-06-28 21:06:53.814 8 INFO neutron.wsgi [req-aeaa5f57-1aaf-4e8f-ba64-3656bfe3531c req-0a8e2aab-f958-41da-a5be-4bd5b7fc59c8 e19a0c7f39814e7bb6223dda14ce4989 cdb6b868bba9469ca81c23ad0bcd2f01 - - d1146906f66a4a0cb46ecefe67aee84b d1146906f66a4a0cb46ecefe67aee84b] 199.204.45.23 "GET /v2.0/networks?id=670eb6ef-bc67-4799-bcb2-2b52e7f07246 HTTP/1.1" status: 200 len: 971 time: 0.0712793
2026-06-28 21:06:53.848 8 INFO neutron.wsgi [req-aeaa5f57-1aaf-4e8f-ba64-3656bfe3531c req-b363e232-f6e7-4ae1-bb16-9b22d981bc78 e19a0c7f39814e7bb6223dda14ce4989 cdb6b868bba9469ca81c23ad0bcd2f01 - - d1146906f66a4a0cb46ecefe67aee84b d1146906f66a4a0cb46ecefe67aee84b] 199.204.45.23 "GET /v2.0/floatingips?fixed_ip_address=10.100.0.9&port_id=eb2b2b76-d998-4335-9689-50cb20ffbc29 HTTP/1.1" status: 200 len: 217 time: 0.0267961
2026-06-28 21:06:53.914 8 INFO neutron.wsgi [req-aeaa5f57-1aaf-4e8f-ba64-3656bfe3531c req-9d43d9d2-2b9f-4e10-a804-27bd385a54d1 e19a0c7f39814e7bb6223dda14ce4989 cdb6b868bba9469ca81c23ad0bcd2f01 - - d1146906f66a4a0cb46ecefe67aee84b d1146906f66a4a0cb46ecefe67aee84b] 199.204.45.23 "GET /v2.0/subnets?id=38c0d499-2cbe-4e58-8109-e273da1ffb91 HTTP/1.1" status: 200 len: 867 time: 0.0416222
2026-06-28 21:06:53.955 8 INFO neutron.wsgi [req-aeaa5f57-1aaf-4e8f-ba64-3656bfe3531c req-4110e8e3-ecf5-44fa-8208-f01448355ece e19a0c7f39814e7bb6223dda14ce4989 cdb6b868bba9469ca81c23ad0bcd2f01 - - d1146906f66a4a0cb46ecefe67aee84b d1146906f66a4a0cb46ecefe67aee84b] 199.204.45.23 "GET /v2.0/ports?network_id=670eb6ef-bc67-4799-bcb2-2b52e7f07246&device_owner=network%3Adhcp HTTP/1.1" status: 200 len: 210 time: 0.0293078
2026-06-28 21:06:54.038 8 INFO neutron.wsgi [req-aeaa5f57-1aaf-4e8f-ba64-3656bfe3531c req-424e6eb6-f91f-4b3b-baf7-fb3293a503c1 e19a0c7f39814e7bb6223dda14ce4989 cdb6b868bba9469ca81c23ad0bcd2f01 - - d1146906f66a4a0cb46ecefe67aee84b d1146906f66a4a0cb46ecefe67aee84b] 199.204.45.23 "GET /v2.0/networks/670eb6ef-bc67-4799-bcb2-2b52e7f07246?fields=segments HTTP/1.1" status: 200 len: 212 time: 0.0771015
2026-06-28 21:06:54.042 8 INFO neutron.wsgi [req-7c17a2ba-ffc4-4acd-a74d-589e2643afa1 req-42ecf0e7-77ec-4ea2-95bf-2ddb394e63ac 37cf80a7011c41d4b92e0319fee00918 7eeac2a5c4f24eb7842f8a477aa6d03e - - default default] 10.0.0.153 "GET /v2.0/ports?device_id=e9be9c33-5cde-4714-8288-f6cbda8d145b HTTP/1.1" status: 200 len: 1172 time: 0.1236451
2026-06-28 21:06:54.121 8 INFO neutron.wsgi [req-7c17a2ba-ffc4-4acd-a74d-589e2643afa1 req-177d9035-3d3e-40c1-b964-13ad70069c99 37cf80a7011c41d4b92e0319fee00918 7eeac2a5c4f24eb7842f8a477aa6d03e - - default default] 10.0.0.153 "GET /v2.0/security-groups?id=14e745cc-c406-4828-9e38-b95910cf23f5&fields=id&fields=name HTTP/1.1" status: 200 len: 286 time: 0.0650051
2026-06-28 21:06:54.152 8 INFO neutron.wsgi [req-aeaa5f57-1aaf-4e8f-ba64-3656bfe3531c req-4e1357fb-4bf7-49c2-ad7e-27dee9e2869a e19a0c7f39814e7bb6223dda14ce4989 cdb6b868bba9469ca81c23ad0bcd2f01 - - d1146906f66a4a0cb46ecefe67aee84b d1146906f66a4a0cb46ecefe67aee84b] 199.204.45.23 "GET /v2.0/networks/670eb6ef-bc67-4799-bcb2-2b52e7f07246?fields=provider%3Aphysical_network&fields=provider%3Anetwork_type HTTP/1.1" status: 200 len: 277 time: 0.1058931
2026-06-28 21:06:54.230 8 INFO neutron.wsgi [req-9cb89741-0bad-4d68-9756-29149d82cfd6 req-b23faf16-0294-4ccd-9a2b-c23ce1d9ad68 1f5bc46874ce411da2971240018caaf8 9c37521b27394dc885fe10ae2f8e229a - - default default] 10.0.0.153 "GET /v2.0/ports?device_id=54dda468-ea03-45ef-b720-9edf7a1852b5 HTTP/1.1" status: 200 len: 1170 time: 0.0943656
2026-06-28 21:06:54.281 8 INFO neutron.wsgi [req-9cb89741-0bad-4d68-9756-29149d82cfd6 req-e065e4ba-b4a2-4e95-a0fb-509dda55af3c 1f5bc46874ce411da2971240018caaf8 9c37521b27394dc885fe10ae2f8e229a - - default default] 10.0.0.153 "GET /v2.0/security-groups?id=8a64a86b-52be-4e4f-83e3-6a61ddedca7a&fields=id&fields=name HTTP/1.1" status: 200 len: 313 time: 0.0434914
2026-06-28 21:06:55.232 8 INFO neutron.wsgi [req-7e31cd81-a6d7-4668-90f5-6dd39118eaf2 req-ee1aa0b4-0e14-4b74-a154-423f55b8f0a8 37cf80a7011c41d4b92e0319fee00918 7eeac2a5c4f24eb7842f8a477aa6d03e - - default default] 10.0.0.153 "GET /v2.0/ports?device_id=e9be9c33-5cde-4714-8288-f6cbda8d145b HTTP/1.1" status: 200 len: 1172 time: 0.0431166
2026-06-28 21:06:55.271 8 INFO neutron.wsgi [req-7e31cd81-a6d7-4668-90f5-6dd39118eaf2 req-28ab902f-aeb1-4c8c-9d8d-9e87d4faacaa 37cf80a7011c41d4b92e0319fee00918 7eeac2a5c4f24eb7842f8a477aa6d03e - - default default] 10.0.0.153 "GET /v2.0/security-groups?id=14e745cc-c406-4828-9e38-b95910cf23f5&fields=id&fields=name HTTP/1.1" status: 200 len: 286 time: 0.0341611
2026-06-28 21:06:55.381 8 INFO neutron.wsgi [req-f9ac982e-047d-4929-ba0a-82864f8ad8fc req-0853e8e1-ab97-4758-8213-a29593def797 1f5bc46874ce411da2971240018caaf8 9c37521b27394dc885fe10ae2f8e229a - - default default] 10.0.0.153 "GET /v2.0/ports?device_id=54dda468-ea03-45ef-b720-9edf7a1852b5 HTTP/1.1" status: 200 len: 1170 time: 0.0348675
2026-06-28 21:06:55.436 8 INFO neutron.wsgi [req-f9ac982e-047d-4929-ba0a-82864f8ad8fc req-269130ca-7f21-4fe9-8fe2-5380a490790b 1f5bc46874ce411da2971240018caaf8 9c37521b27394dc885fe10ae2f8e229a - - default default] 10.0.0.153 "GET /v2.0/security-groups?id=8a64a86b-52be-4e4f-83e3-6a61ddedca7a&fields=id&fields=name HTTP/1.1" status: 200 len: 313 time: 0.0499675
2026-06-28 21:06:55.534 8 INFO neutron.wsgi [req-c93417b0-6367-4392-bc82-3233d0bd9a94 req-5d611583-27bc-4920-8e5b-d87006df08b0 1f5bc46874ce411da2971240018caaf8 9c37521b27394dc885fe10ae2f8e229a - - default default] 10.0.0.153 "GET /v2.0/ports?device_id=54dda468-ea03-45ef-b720-9edf7a1852b5 HTTP/1.1" status: 200 len: 1170 time: 0.0364568
2026-06-28 21:06:55.804 8 INFO neutron.wsgi [req-a71fd28c-8079-4625-8c00-999938dceedc req-f5b94648-971b-43ad-b166-eebcfac5e7af 1f76fca7ec8c4fd987f68aa1685dda73 901a62e3e689480c8fc4a52277b53200 - - default default] 10.0.0.153 "GET /v2.0/ports?device_id=b86fbc89-3b99-4282-9017-9b5e65042eb4 HTTP/1.1" status: 200 len: 1170 time: 0.1240695
2026-06-28 21:06:55.823 8 INFO neutron.db.l3_db [None req-8ff2cdb8-1f2d-412d-9d57-f1c7385e7291 1f5bc46874ce411da2971240018caaf8 9c37521b27394dc885fe10ae2f8e229a - - default default] Floating IP 9231e2d1-b69b-44e3-a405-6223f555954a associated. External IP: 10.96.250.218, port: eb2b2b76-d998-4335-9689-50cb20ffbc29.
2026-06-28 21:06:55.887 8 INFO neutron.wsgi [req-8ef55b32-5c23-47b9-ab7c-848bbc3b06ff req-330ff5d2-17e9-4560-aa6d-322397795be2 1f76fca7ec8c4fd987f68aa1685dda73 901a62e3e689480c8fc4a52277b53200 - - default default] 10.0.0.153 "GET /v2.0/ports/f50ea1d4-e33c-42a3-8b2d-8a56628b46e4 HTTP/1.1" status: 200 len: 1167 time: 0.0361938
2026-06-28 21:06:56.088 8 INFO neutron.db.ovn_revision_numbers_db [None req-8ff2cdb8-1f2d-412d-9d57-f1c7385e7291 1f5bc46874ce411da2971240018caaf8 9c37521b27394dc885fe10ae2f8e229a - - default default] Successfully bumped revision number for resource 9231e2d1-b69b-44e3-a405-6223f555954a (type: floatingips) to 1
2026-06-28 21:06:56.117 8 INFO neutron.wsgi [req-a9fb94d0-7bbe-4b38-a626-8f7566098dc3 req-cbe38668-07fd-4f7d-bc18-b53961d02845 1f76fca7ec8c4fd987f68aa1685dda73 901a62e3e689480c8fc4a52277b53200 - - default default] 199.204.45.23 "GET /v2.0/subnets?network_id=0fd2dc07-7ae3-4b3d-ace3-525f8d4da782 HTTP/1.1" status: 200 len: 858 time: 0.0753653
2026-06-28 21:06:56.213 8 INFO neutron.wsgi [req-a9fb94d0-7bbe-4b38-a626-8f7566098dc3 req-a297642d-ec69-46c5-832f-d0cfeedc4803 1f76fca7ec8c4fd987f68aa1685dda73 901a62e3e689480c8fc4a52277b53200 - - default default] 199.204.45.23 "GET /v2.0/ports?device_id=b86fbc89-3b99-4282-9017-9b5e65042eb4&device_owner=compute%3Anova&network_id=0fd2dc07-7ae3-4b3d-ace3-525f8d4da782 HTTP/1.1" status: 200 len: 1170 time: 0.0871956
2026-06-28 21:06:56.290 8 INFO neutron.db.ovn_revision_numbers_db [None req-8ff2cdb8-1f2d-412d-9d57-f1c7385e7291 1f5bc46874ce411da2971240018caaf8 9c37521b27394dc885fe10ae2f8e229a - - default default] Successfully bumped revision number for resource 9231e2d1-b69b-44e3-a405-6223f555954a (type: floatingips) to 2
2026-06-28 21:06:56.316 8 INFO neutron.wsgi [None req-8ff2cdb8-1f2d-412d-9d57-f1c7385e7291 1f5bc46874ce411da2971240018caaf8 9c37521b27394dc885fe10ae2f8e229a - - default default] 10.0.0.131 "PUT /v2.0/floatingips/9231e2d1-b69b-44e3-a405-6223f555954a HTTP/1.1" status: 200 len: 1049 time: 0.7701619
2026-06-28 21:06:56.362 8 INFO neutron.notifiers.nova [-] Nova event matching ['req-9d817c6f-3ca9-4757-bb06-e9baebf6384c'] response: {'name': 'network-changed', 'server_uuid': '54dda468-ea03-45ef-b720-9edf7a1852b5', 'tag': 'eb2b2b76-d998-4335-9689-50cb20ffbc29', 'status': 'completed', 'code': 200}
2026-06-28 21:06:56.368 9 INFO neutron.db.ovn_revision_numbers_db [None req-342ad2b1-ca33-4563-a4fe-ec1bc2f883b7 7ce99a38adbf44dea1546587a3280700 ef3cff4f372848748245027e5e1fec4f - - default default] Successfully bumped revision number for resource 9612e3a1-af98-495e-9449-4a764828a4bf (type: security_groups) to 1
2026-06-28 21:06:56.395 9 INFO neutron.db.ovn_revision_numbers_db [None req-342ad2b1-ca33-4563-a4fe-ec1bc2f883b7 7ce99a38adbf44dea1546587a3280700 ef3cff4f372848748245027e5e1fec4f - - default default] Successfully bumped revision number for resource 52553f3f-b9f6-48f4-9456-c143fa883328 (type: security_group_rules) to 0
2026-06-28 21:06:56.412 8 INFO neutron.wsgi [req-610dbe38-6700-4a23-80e9-e4d4e72891a4 req-2d8de666-0058-4ebd-b50c-2f5a8348fce0 37cf80a7011c41d4b92e0319fee00918 7eeac2a5c4f24eb7842f8a477aa6d03e - - default default] 10.0.0.153 "GET /v2.0/ports?device_id=e9be9c33-5cde-4714-8288-f6cbda8d145b HTTP/1.1" status: 200 len: 1172 time: 0.0626981
2026-06-28 21:06:56.416 9 INFO neutron.db.ovn_revision_numbers_db [None req-342ad2b1-ca33-4563-a4fe-ec1bc2f883b7 7ce99a38adbf44dea1546587a3280700 ef3cff4f372848748245027e5e1fec4f - - default default] Successfully bumped revision number for resource cf08716a-e2f7-4038-b951-d1671cc97286 (type: security_group_rules) to 0
2026-06-28 21:06:56.432 8 INFO neutron.wsgi [req-76b29945-491b-4d64-bab1-146b9929bd2a req-003ae810-3ad6-4d76-83ec-ce1f1535b764 e19a0c7f39814e7bb6223dda14ce4989 cdb6b868bba9469ca81c23ad0bcd2f01 - - d1146906f66a4a0cb46ecefe67aee84b d1146906f66a4a0cb46ecefe67aee84b] 199.204.45.23 "GET /v2.0/ports?tenant_id=9c37521b27394dc885fe10ae2f8e229a&device_id=54dda468-ea03-45ef-b720-9edf7a1852b5 HTTP/1.1" status: 200 len: 1409 time: 0.0509515
2026-06-28 21:06:56.435 9 INFO neutron.db.ovn_revision_numbers_db [None req-342ad2b1-ca33-4563-a4fe-ec1bc2f883b7 7ce99a38adbf44dea1546587a3280700 ef3cff4f372848748245027e5e1fec4f - - default default] Successfully bumped revision number for resource d2be6958-04d5-4d48-8720-9a7baa2bc01d (type: security_group_rules) to 0
2026-06-28 21:06:56.454 9 INFO neutron.db.ovn_revision_numbers_db [None req-342ad2b1-ca33-4563-a4fe-ec1bc2f883b7 7ce99a38adbf44dea1546587a3280700 ef3cff4f372848748245027e5e1fec4f - - default default] Successfully bumped revision number for resource eebd4133-fcb4-4dfa-9eba-53784ba9031d (type: security_group_rules) to 0
2026-06-28 21:06:56.481 9 INFO neutron.wsgi [None req-342ad2b1-ca33-4563-a4fe-ec1bc2f883b7 7ce99a38adbf44dea1546587a3280700 ef3cff4f372848748245027e5e1fec4f - - default default] 10.0.0.131 "GET /v2.0/security-groups?tenant_id=8170faa0300c479db3667f07ba88a22a&name=default HTTP/1.1" status: 200 len: 2996 time: 0.4331968
2026-06-28 21:06:56.536 8 INFO neutron.wsgi [req-610dbe38-6700-4a23-80e9-e4d4e72891a4 req-6963335b-e020-46ac-9b15-a9ff501b29f7 37cf80a7011c41d4b92e0319fee00918 7eeac2a5c4f24eb7842f8a477aa6d03e - - default default] 10.0.0.153 "GET /v2.0/security-groups?id=14e745cc-c406-4828-9e38-b95910cf23f5&fields=id&fields=name HTTP/1.1" status: 200 len: 286 time: 0.1128500
2026-06-28 21:06:56.577 8 INFO neutron.wsgi [req-76b29945-491b-4d64-bab1-146b9929bd2a req-86df01e5-dcc0-4595-8795-b52a105248d4 e19a0c7f39814e7bb6223dda14ce4989 cdb6b868bba9469ca81c23ad0bcd2f01 - - d1146906f66a4a0cb46ecefe67aee84b d1146906f66a4a0cb46ecefe67aee84b] 199.204.45.23 "GET /v2.0/networks?id=670eb6ef-bc67-4799-bcb2-2b52e7f07246 HTTP/1.1" status: 200 len: 971 time: 0.1276760
2026-06-28 21:06:56.635 8 INFO neutron.wsgi [req-76b29945-491b-4d64-bab1-146b9929bd2a req-7e162143-851f-440f-9bdf-ed9a4679256c e19a0c7f39814e7bb6223dda14ce4989 cdb6b868bba9469ca81c23ad0bcd2f01 - - d1146906f66a4a0cb46ecefe67aee84b d1146906f66a4a0cb46ecefe67aee84b] 199.204.45.23 "GET /v2.0/floatingips?fixed_ip_address=10.100.0.9&port_id=eb2b2b76-d998-4335-9689-50cb20ffbc29 HTTP/1.1" status: 200 len: 1059 time: 0.0509963
2026-06-28 21:06:56.680 8 INFO neutron.wsgi [req-76b29945-491b-4d64-bab1-146b9929bd2a req-efc65d3a-3a97-49d7-a540-2896342b7139 e19a0c7f39814e7bb6223dda14ce4989 cdb6b868bba9469ca81c23ad0bcd2f01 - - d1146906f66a4a0cb46ecefe67aee84b d1146906f66a4a0cb46ecefe67aee84b] 199.204.45.23 "GET /v2.0/subnets?id=38c0d499-2cbe-4e58-8109-e273da1ffb91 HTTP/1.1" status: 200 len: 867 time: 0.0358357
2026-06-28 21:06:56.689 9 INFO neutron.wsgi [None req-abe7ab9e-15c1-42f6-be08-d5fd56e3e0a1 7ce99a38adbf44dea1546587a3280700 ef3cff4f372848748245027e5e1fec4f - - default default] 10.0.0.131 "DELETE /v2.0/security-groups/9612e3a1-af98-495e-9449-4a764828a4bf HTTP/1.1" status: 204 len: 168 time: 0.2017422
2026-06-28 21:06:56.720 8 INFO neutron.wsgi [req-76b29945-491b-4d64-bab1-146b9929bd2a req-3fcda27d-565f-4f11-be3b-e65bcc9b8373 e19a0c7f39814e7bb6223dda14ce4989 cdb6b868bba9469ca81c23ad0bcd2f01 - - d1146906f66a4a0cb46ecefe67aee84b d1146906f66a4a0cb46ecefe67aee84b] 199.204.45.23 "GET /v2.0/ports?network_id=670eb6ef-bc67-4799-bcb2-2b52e7f07246&device_owner=network%3Adhcp HTTP/1.1" status: 200 len: 210 time: 0.0340919
2026-06-28 21:06:57.003 8 INFO neutron.wsgi [req-76b29945-491b-4d64-bab1-146b9929bd2a req-e64570c2-20af-41cb-81ee-724798f94572 e19a0c7f39814e7bb6223dda14ce4989 cdb6b868bba9469ca81c23ad0bcd2f01 - - d1146906f66a4a0cb46ecefe67aee84b d1146906f66a4a0cb46ecefe67aee84b] 199.204.45.23 "GET /v2.0/networks/670eb6ef-bc67-4799-bcb2-2b52e7f07246?fields=segments HTTP/1.1" status: 200 len: 212 time: 0.2770143 /var/lib/openstack/lib/python3.10/site-packages/pycadf/identifier.py:71: UserWarning: Invalid uuid: neutron. To ensure interoperability, identifiers should be a valid uuid. warnings.warn(('Invalid uuid: %s. To ensure interoperability, '
2026-06-28 21:06:57.079 8 INFO neutron.db.ovn_revision_numbers_db [req-a9fb94d0-7bbe-4b38-a626-8f7566098dc3 req-fc86081d-5bef-4f2e-8e3b-32cb03402721 1f76fca7ec8c4fd987f68aa1685dda73 901a62e3e689480c8fc4a52277b53200 - - default default] Successfully bumped revision number for resource f50ea1d4-e33c-42a3-8b2d-8a56628b46e4 (type: ports) to 5
2026-06-28 21:06:57.101 8 INFO neutron.wsgi [req-a9fb94d0-7bbe-4b38-a626-8f7566098dc3 req-fc86081d-5bef-4f2e-8e3b-32cb03402721 1f76fca7ec8c4fd987f68aa1685dda73 901a62e3e689480c8fc4a52277b53200 - - default default] 199.204.45.23 "PUT /v2.0/ports/f50ea1d4-e33c-42a3-8b2d-8a56628b46e4 HTTP/1.1" status: 200 len: 1345 time: 0.8831980
2026-06-28 21:06:57.115 8 INFO neutron.wsgi [req-76b29945-491b-4d64-bab1-146b9929bd2a req-e8470497-db9a-4a84-835a-48f762f86329 e19a0c7f39814e7bb6223dda14ce4989 cdb6b868bba9469ca81c23ad0bcd2f01 - - d1146906f66a4a0cb46ecefe67aee84b d1146906f66a4a0cb46ecefe67aee84b] 199.204.45.23 "GET /v2.0/networks/670eb6ef-bc67-4799-bcb2-2b52e7f07246?fields=provider%3Aphysical_network&fields=provider%3Anetwork_type HTTP/1.1" status: 200 len: 277 time: 0.0897086
2026-06-28 21:06:57.162 8 INFO neutron.wsgi [req-a9fb94d0-7bbe-4b38-a626-8f7566098dc3 req-3f365c35-5ad9-4138-9771-571aa3480915 e19a0c7f39814e7bb6223dda14ce4989 cdb6b868bba9469ca81c23ad0bcd2f01 - - d1146906f66a4a0cb46ecefe67aee84b d1146906f66a4a0cb46ecefe67aee84b] 199.204.45.23 "GET /v2.0/ports?tenant_id=901a62e3e689480c8fc4a52277b53200&device_id=b86fbc89-3b99-4282-9017-9b5e65042eb4 HTTP/1.1" status: 200 len: 1586 time: 0.0376995
2026-06-28 21:06:57.230 8 INFO neutron.wsgi [req-a9fb94d0-7bbe-4b38-a626-8f7566098dc3 req-6cd12054-8cc4-4edd-971d-6bfa817471e1 e19a0c7f39814e7bb6223dda14ce4989 cdb6b868bba9469ca81c23ad0bcd2f01 - - d1146906f66a4a0cb46ecefe67aee84b d1146906f66a4a0cb46ecefe67aee84b] 199.204.45.23 "GET /v2.0/networks?id=0fd2dc07-7ae3-4b3d-ace3-525f8d4da782 HTTP/1.1" status: 200 len: 981 time: 0.0604374
2026-06-28 21:06:57.299 8 INFO neutron.wsgi [req-a9fb94d0-7bbe-4b38-a626-8f7566098dc3 req-027269b4-1370-4004-93b3-4bf8bed1b29e e19a0c7f39814e7bb6223dda14ce4989 cdb6b868bba9469ca81c23ad0bcd2f01 - - d1146906f66a4a0cb46ecefe67aee84b d1146906f66a4a0cb46ecefe67aee84b] 199.204.45.23 "GET /v2.0/floatingips?fixed_ip_address=10.100.0.8&port_id=f50ea1d4-e33c-42a3-8b2d-8a56628b46e4 HTTP/1.1" status: 200 len: 1059 time: 0.0618606
2026-06-28 21:06:57.331 8 INFO neutron.wsgi [req-a9fb94d0-7bbe-4b38-a626-8f7566098dc3 req-7e21e682-456c-4c0e-948b-3e236005154e e19a0c7f39814e7bb6223dda14ce4989 cdb6b868bba9469ca81c23ad0bcd2f01 - - d1146906f66a4a0cb46ecefe67aee84b d1146906f66a4a0cb46ecefe67aee84b] 199.204.45.23 "GET /v2.0/floatingips?fixed_ip_address=10.100.0.9&port_id=f50ea1d4-e33c-42a3-8b2d-8a56628b46e4 HTTP/1.1" status: 200 len: 217 time: 0.0264556
2026-06-28 21:06:57.379 8 INFO neutron.wsgi [req-a9fb94d0-7bbe-4b38-a626-8f7566098dc3 req-dbffb9a5-89e2-4441-a6a8-e2ffbbef26ae e19a0c7f39814e7bb6223dda14ce4989 cdb6b868bba9469ca81c23ad0bcd2f01 - - d1146906f66a4a0cb46ecefe67aee84b d1146906f66a4a0cb46ecefe67aee84b] 199.204.45.23 "GET /v2.0/subnets?id=bc85b470-b2a6-4bd5-ba49-8b00e43fd812 HTTP/1.1" status: 200 len: 876 time: 0.0381804
2026-06-28 21:06:57.407 8 INFO neutron.wsgi [req-a9fb94d0-7bbe-4b38-a626-8f7566098dc3 req-b3b78a8a-7b6b-4091-a777-f156c671c1f0 e19a0c7f39814e7bb6223dda14ce4989 cdb6b868bba9469ca81c23ad0bcd2f01 - - d1146906f66a4a0cb46ecefe67aee84b d1146906f66a4a0cb46ecefe67aee84b] 199.204.45.23 "GET /v2.0/ports?network_id=0fd2dc07-7ae3-4b3d-ace3-525f8d4da782&device_owner=network%3Adhcp HTTP/1.1" status: 200 len: 210 time: 0.0221105
2026-06-28 21:06:57.485 8 INFO neutron.wsgi [req-a9fb94d0-7bbe-4b38-a626-8f7566098dc3 req-43509592-ca87-4cfb-a7c0-186e5f27717e e19a0c7f39814e7bb6223dda14ce4989 cdb6b868bba9469ca81c23ad0bcd2f01 - - d1146906f66a4a0cb46ecefe67aee84b d1146906f66a4a0cb46ecefe67aee84b] 199.204.45.23 "GET /v2.0/networks/0fd2dc07-7ae3-4b3d-ace3-525f8d4da782?fields=segments HTTP/1.1" status: 200 len: 212 time: 0.0701847
2026-06-28 21:06:57.550 8 INFO neutron.wsgi [req-a9fb94d0-7bbe-4b38-a626-8f7566098dc3 req-04586a13-6087-4081-abaf-2ab7a5e62cb0 e19a0c7f39814e7bb6223dda14ce4989 cdb6b868bba9469ca81c23ad0bcd2f01 - - d1146906f66a4a0cb46ecefe67aee84b d1146906f66a4a0cb46ecefe67aee84b] 199.204.45.23 "GET /v2.0/networks/0fd2dc07-7ae3-4b3d-ace3-525f8d4da782?fields=provider%3Aphysical_network&fields=provider%3Anetwork_type HTTP/1.1" status: 200 len: 277 time: 0.0577762
2026-06-28 21:06:57.643 8 INFO neutron.wsgi [req-efc24a7c-2fb0-4757-9aa2-e846e981b22d req-b3ba58b9-1b1b-4f0e-b39b-8cbb33a6fbbf 37cf80a7011c41d4b92e0319fee00918 7eeac2a5c4f24eb7842f8a477aa6d03e - - default default] 10.0.0.153 "GET /v2.0/ports?device_id=e9be9c33-5cde-4714-8288-f6cbda8d145b HTTP/1.1" status: 200 len: 1172 time: 0.0461786
2026-06-28 21:06:57.688 8 INFO neutron.wsgi [req-efc24a7c-2fb0-4757-9aa2-e846e981b22d req-8785e7f4-4043-4468-93bf-47d65eaa4556 37cf80a7011c41d4b92e0319fee00918 7eeac2a5c4f24eb7842f8a477aa6d03e - - default default] 10.0.0.153 "GET /v2.0/security-groups?id=14e745cc-c406-4828-9e38-b95910cf23f5&fields=id&fields=name HTTP/1.1" status: 200 len: 286 time: 0.0380950
2026-06-28 21:06:58.227 8 INFO neutron.wsgi [req-f843a8e3-075e-4457-827e-d563f9321af3 req-3fd2c16b-0bc6-421c-9588-e6ca8566a355 1f76fca7ec8c4fd987f68aa1685dda73 901a62e3e689480c8fc4a52277b53200 - - default default] 10.0.0.153 "GET /v2.0/ports?device_id=b86fbc89-3b99-4282-9017-9b5e65042eb4 HTTP/1.1" status: 200 len: 1348 time: 0.0593884
2026-06-28 21:06:58.270 8 INFO neutron.wsgi [req-f843a8e3-075e-4457-827e-d563f9321af3 req-0751fd6c-ed04-4e02-b967-e6679fc6a95a 1f76fca7ec8c4fd987f68aa1685dda73 901a62e3e689480c8fc4a52277b53200 - - default default] 10.0.0.153 "GET /v2.0/security-groups?id=876528b8-edeb-41ab-bbab-eebb33342fa5&fields=id&fields=name HTTP/1.1" status: 200 len: 313 time: 0.0350966
2026-06-28 21:06:58.413 8 INFO neutron.notifiers.nova [-] Nova event matching ['req-1c17f1b5-2b73-400e-9b06-b9305a493e26'] response: {'name': 'network-changed', 'server_uuid': 'b86fbc89-3b99-4282-9017-9b5e65042eb4', 'tag': 'f50ea1d4-e33c-42a3-8b2d-8a56628b46e4', 'status': 'completed', 'code': 200}
2026-06-28 21:06:58.437 8 INFO neutron.wsgi [req-cbf37f92-2f7f-4b37-9e6f-05591886c9db req-5cbd151f-5b3c-495a-8e2c-6641c3a2606b 1f76fca7ec8c4fd987f68aa1685dda73 901a62e3e689480c8fc4a52277b53200 - - default default] 199.204.45.23 "GET /v2.0/ports?device_id=b86fbc89-3b99-4282-9017-9b5e65042eb4&device_owner=compute%3Anova&fixed_ips=ip_address%3D10.100.0.9 HTTP/1.1" status: 200 len: 1348 time: 0.0771868
2026-06-28 21:06:58.805 8 INFO neutron.wsgi [req-446d82a9-5dde-4ffb-8fac-c0392219d3d0 req-d3fba57c-704d-4ae7-9e4f-3e6c6a82704e 37cf80a7011c41d4b92e0319fee00918 7eeac2a5c4f24eb7842f8a477aa6d03e - - default default] 10.0.0.153 "GET /v2.0/ports?device_id=e9be9c33-5cde-4714-8288-f6cbda8d145b HTTP/1.1" status: 200 len: 1172 time: 0.0549700
2026-06-28 21:06:58.867 8 INFO neutron.db.ovn_revision_numbers_db [None req-eb25e555-09ea-4eea-8d37-f1e1c9381eae 6b0aab5639dc40f69fc3e3a6e741e9cb 9a33c2e7c5cc4e31813c847fee43635f - - default default] Successfully bumped revision number for resource b9a6384d-e432-4d5a-bccc-d7cd6c0788fe (type: security_groups) to 1
2026-06-28 21:06:58.877 8 INFO neutron.wsgi [req-446d82a9-5dde-4ffb-8fac-c0392219d3d0 req-0a9c5418-8487-42e7-a016-ecf8fddef8d1 37cf80a7011c41d4b92e0319fee00918 7eeac2a5c4f24eb7842f8a477aa6d03e - - default default] 10.0.0.153 "GET /v2.0/security-groups?id=14e745cc-c406-4828-9e38-b95910cf23f5&fields=id&fields=name HTTP/1.1" status: 200 len: 286 time: 0.0584118
2026-06-28 21:06:58.916 8 INFO neutron.db.ovn_revision_numbers_db [None req-eb25e555-09ea-4eea-8d37-f1e1c9381eae 6b0aab5639dc40f69fc3e3a6e741e9cb 9a33c2e7c5cc4e31813c847fee43635f - - default default] Successfully bumped revision number for resource 28347981-fa94-4c4e-85af-86d96ce22a50 (type: security_group_rules) to 0
