Mar 05 16:42:15.172111 np0000157913 devstack@neutron-api.service[103193]: DEBUG ovsdbapp.backend.ovs_idl [None req-c56c70f9-7b28-4a2e-8453-c9e637d3e4b1 None None] Created schema index Datapath_Binding.tunnel_key {{(pid=103193) autocreate_indices /opt/stack/data/venv/lib/python3.12/site-packages/ovsdbapp/backend/ovs_idl/__init__.py:106}}
Mar 05 16:42:15.173927 np0000157913 devstack@neutron-api.service[103193]: INFO ovsdbapp.backend.ovs_idl.vlog [None req-c56c70f9-7b28-4a2e-8453-c9e637d3e4b1 None None] ssl:199.204.45.144:6642: connecting...
Mar 05 16:42:15.179377 np0000157913 devstack@neutron-api.service[103193]: INFO ovsdbapp.backend.ovs_idl.vlog [None req-c56c70f9-7b28-4a2e-8453-c9e637d3e4b1 None None] ssl:199.204.45.144:6642: connected
Mar 05 16:42:15.185018 np0000157913 devstack@neutron-api.service[103194]: DEBUG ovsdbapp.backend.ovs_idl [None req-68d1175a-7768-4c86-a5f0-84fbaf5062d7 None None] Created lookup_table index Logical_Switch.name {{(pid=103194) autocreate_indices /opt/stack/data/venv/lib/python3.12/site-packages/ovsdbapp/backend/ovs_idl/__init__.py:87}}
Mar 05 16:42:15.185131 np0000157913 devstack@neutron-api.service[103194]: DEBUG ovsdbapp.backend.ovs_idl [None req-68d1175a-7768-4c86-a5f0-84fbaf5062d7 None None] Created lookup_table index Logical_Router.name {{(pid=103194) autocreate_indices /opt/stack/data/venv/lib/python3.12/site-packages/ovsdbapp/backend/ovs_idl/__init__.py:87}}
Mar 05 16:42:15.185246 np0000157913 devstack@neutron-api.service[103194]: DEBUG ovsdbapp.backend.ovs_idl [None req-68d1175a-7768-4c86-a5f0-84fbaf5062d7 None None] Created lookup_table index Load_Balancer.name {{(pid=103194) autocreate_indices /opt/stack/data/venv/lib/python3.12/site-packages/ovsdbapp/backend/ovs_idl/__init__.py:87}}
Mar 05 16:42:15.185347 np0000157913 devstack@neutron-api.service[103194]: DEBUG ovsdbapp.backend.ovs_idl [None req-68d1175a-7768-4c86-a5f0-84fbaf5062d7 None None] Created schema index Copp.name {{(pid=103194) autocreate_indices /opt/stack/data/venv/lib/python3.12/site-packages/ovsdbapp/backend/ovs_idl/__init__.py:106}}
Mar 05 16:42:15.185446 np0000157913 devstack@neutron-api.service[103194]: DEBUG ovsdbapp.backend.ovs_idl [None req-68d1175a-7768-4c86-a5f0-84fbaf5062d7 None None] Created schema index Meter.name {{(pid=103194) autocreate_indices /opt/stack/data/venv/lib/python3.12/site-packages/ovsdbapp/backend/ovs_idl/__init__.py:106}}
Mar 05 16:42:15.185536 np0000157913 devstack@neutron-api.service[103194]: DEBUG ovsdbapp.backend.ovs_idl [None req-68d1175a-7768-4c86-a5f0-84fbaf5062d7 None None] Created schema index Load_Balancer_Group.name {{(pid=103194) autocreate_indices /opt/stack/data/venv/lib/python3.12/site-packages/ovsdbapp/backend/ovs_idl/__init__.py:106}}
Mar 05 16:42:15.185630 np0000157913 devstack@neutron-api.service[103194]: DEBUG ovsdbapp.backend.ovs_idl [None req-68d1175a-7768-4c86-a5f0-84fbaf5062d7 None None] Created schema index HA_Chassis_Group.name {{(pid=103194) autocreate_indices /opt/stack/data/venv/lib/python3.12/site-packages/ovsdbapp/backend/ovs_idl/__init__.py:106}}
Mar 05 16:42:15.185718 np0000157913 devstack@neutron-api.service[103194]: DEBUG ovsdbapp.backend.ovs_idl [None req-68d1175a-7768-4c86-a5f0-84fbaf5062d7 None None] Created schema index Address_Set.name {{(pid=103194) autocreate_indices /opt/stack/data/venv/lib/python3.12/site-packages/ovsdbapp/backend/ovs_idl/__init__.py:106}}
Mar 05 16:42:15.185812 np0000157913 devstack@neutron-api.service[103194]: DEBUG ovsdbapp.backend.ovs_idl [None req-68d1175a-7768-4c86-a5f0-84fbaf5062d7 None None] Created schema index Connection.target {{(pid=103194) autocreate_indices /opt/stack/data/venv/lib/python3.12/site-packages/ovsdbapp/backend/ovs_idl/__init__.py:106}}
Mar 05 16:42:15.185958 np0000157913 devstack@neutron-api.service[103194]: DEBUG ovsdbapp.backend.ovs_idl [None req-68d1175a-7768-4c86-a5f0-84fbaf5062d7 None None] Created schema index Gateway_Chassis.name {{(pid=103194) autocreate_indices /opt/stack/data/venv/lib/python3.12/site-packages/ovsdbapp/backend/ovs_idl/__init__.py:106}}
Mar 05 16:42:15.186010 np0000157913 devstack@neutron-api.service[103194]: DEBUG ovsdbapp.backend.ovs_idl [None req-68d1175a-7768-4c86-a5f0-84fbaf5062d7 None None] Created schema index Mirror.name {{(pid=103194) autocreate_indices /opt/stack/data/venv/lib/python3.12/site-packages/ovsdbapp/backend/ovs_idl/__init__.py:106}}
Mar 05 16:42:15.186452 np0000157913 devstack@neutron-api.service[103194]: DEBUG ovsdbapp.backend.ovs_idl [None req-68d1175a-7768-4c86-a5f0-84fbaf5062d7 None None] Created schema index Chassis_Template_Var.chassis {{(pid=103194) autocreate_indices /opt/stack/data/venv/lib/python3.12/site-packages/ovsdbapp/backend/ovs_idl/__init__.py:106}}
Mar 05 16:42:15.186452 np0000157913 devstack@neutron-api.service[103194]: DEBUG ovsdbapp.backend.ovs_idl [None req-68d1175a-7768-4c86-a5f0-84fbaf5062d7 None None] Created schema index Logical_Router_Port.name {{(pid=103194) autocreate_indices /opt/stack/data/venv/lib/python3.12/site-packages/ovsdbapp/backend/ovs_idl/__init__.py:106}}
Mar 05 16:42:15.186452 np0000157913 devstack@neutron-api.service[103194]: DEBUG ovsdbapp.backend.ovs_idl [None req-68d1175a-7768-4c86-a5f0-84fbaf5062d7 None None] Created schema index Port_Group.name {{(pid=103194) autocreate_indices /opt/stack/data/venv/lib/python3.12/site-packages/ovsdbapp/backend/ovs_idl/__init__.py:106}}
Mar 05 16:42:15.186452 np0000157913 devstack@neutron-api.service[103194]: DEBUG ovsdbapp.backend.ovs_idl [None req-68d1175a-7768-4c86-a5f0-84fbaf5062d7 None None] Created schema index Logical_Switch_Port.name {{(pid=103194) autocreate_indices /opt/stack/data/venv/lib/python3.12/site-packages/ovsdbapp/backend/ovs_idl/__init__.py:106}}
Mar 05 16:42:15.188568 np0000157913 devstack@neutron-api.service[103194]: INFO ovsdbapp.backend.ovs_idl.vlog [None req-68d1175a-7768-4c86-a5f0-84fbaf5062d7 None None] ssl:199.204.45.144:6641: connecting...
Mar 05 16:42:15.193189 np0000157913 devstack@neutron-api.service[103192]: DEBUG neutron.common.ovn.hash_ring_manager [None req-748b2fc5-c2a9-494b-964b-154c801d3208 None None] Allow caching, nodes 4>=4 {{(pid=103192) _wait_startup_before_caching /opt/stack/neutron/neutron/common/ovn/hash_ring_manager.py:65}}
Mar 05 16:42:15.194850 np0000157913 devstack@neutron-api.service[103194]: INFO ovsdbapp.backend.ovs_idl.vlog [None req-68d1175a-7768-4c86-a5f0-84fbaf5062d7 None None] ssl:199.204.45.144:6641: connected
Mar 05 16:42:15.199991 np0000157913 devstack@neutron-api.service[103192]: DEBUG neutron.common.ovn.hash_ring_manager [None req-748b2fc5-c2a9-494b-964b-154c801d3208 None None] Hash Ring loaded. 4 active nodes. 0 offline nodes {{(pid=103192) _load_hash_ring /opt/stack/neutron/neutron/common/ovn/hash_ring_manager.py:102}}
Mar 05 16:42:15.201091 np0000157913 devstack@neutron-api.service[103192]: INFO neutron.plugins.ml2.drivers.ovn.mech_driver.ovsdb.impl_idl_ovn [None req-748b2fc5-c2a9-494b-964b-154c801d3208 None None] Getting OvsdbSbOvnIdl for WorkerService with retry
Mar 05 16:42:15.213167 np0000157913 devstack@neutron-api.service[103193]: DEBUG neutron.common.ovn.hash_ring_manager [None req-c56c70f9-7b28-4a2e-8453-c9e637d3e4b1 None None] Allow caching, nodes 4>=4 {{(pid=103193) _wait_startup_before_caching /opt/stack/neutron/neutron/common/ovn/hash_ring_manager.py:65}}
Mar 05 16:42:15.216394 np0000157913 devstack@neutron-api.service[103193]: DEBUG neutron.common.ovn.hash_ring_manager [None req-c56c70f9-7b28-4a2e-8453-c9e637d3e4b1 None None] Hash Ring loaded. 4 active nodes. 0 offline nodes {{(pid=103193) _load_hash_ring /opt/stack/neutron/neutron/common/ovn/hash_ring_manager.py:102}}
Mar 05 16:42:15.216557 np0000157913 devstack@neutron-api.service[103193]: DEBUG neutron.plugins.ml2.drivers.ovn.mech_driver.ovsdb.ovsdb_monitor [None req-c56c70f9-7b28-4a2e-8453-c9e637d3e4b1 None None] ChassisOVNAgentWriteEvent : Matched Chassis_Private, create, None None {{(pid=103193) matches /opt/stack/neutron/neutron/plugins/ml2/drivers/ovn/mech_driver/ovsdb/ovsdb_monitor.py:64}}
Mar 05 16:42:15.216658 np0000157913 devstack@neutron-api.service[103193]: DEBUG neutron.plugins.ml2.drivers.ovn.mech_driver.ovsdb.ovsdb_monitor [None req-c56c70f9-7b28-4a2e-8453-c9e637d3e4b1 None None] ChassisAgentWriteEvent : Matched Chassis_Private, create, None None {{(pid=103193) matches /opt/stack/neutron/neutron/plugins/ml2/drivers/ovn/mech_driver/ovsdb/ovsdb_monitor.py:64}}
Mar 05 16:42:15.218899 np0000157913 devstack@neutron-api.service[103193]: INFO neutron.plugins.ml2.drivers.ovn.mech_driver.mech_driver [None req-c56c70f9-7b28-4a2e-8453-c9e637d3e4b1 None None] WorkerService process has finished the post initialization
Mar 05 16:42:15.220007 np0000157913 devstack@neutron-api.service[103193]: WSGI app 0 (mountpoint='') ready in 7 seconds on interpreter 0x7ab4c9ca3668 pid: 103193 (default app)
Mar 05 16:42:15.230022 np0000157913 devstack@neutron-api.service[103194]: DEBUG neutron.common.ovn.hash_ring_manager [None req-68d1175a-7768-4c86-a5f0-84fbaf5062d7 None None] Allow caching, nodes 4>=4 {{(pid=103194) _wait_startup_before_caching /opt/stack/neutron/neutron/common/ovn/hash_ring_manager.py:65}}
Mar 05 16:42:15.233809 np0000157913 devstack@neutron-api.service[103192]: DEBUG ovsdbapp.backend.ovs_idl [None req-748b2fc5-c2a9-494b-964b-154c801d3208 None None] Created lookup_table index Chassis.name {{(pid=103192) autocreate_indices /opt/stack/data/venv/lib/python3.12/site-packages/ovsdbapp/backend/ovs_idl/__init__.py:87}}
Mar 05 16:42:15.233903 np0000157913 devstack@neutron-api.service[103192]: DEBUG ovsdbapp.backend.ovs_idl [None req-748b2fc5-c2a9-494b-964b-154c801d3208 None None] Created lookup_table index Port_Binding.logical_port {{(pid=103192) autocreate_indices /opt/stack/data/venv/lib/python3.12/site-packages/ovsdbapp/backend/ovs_idl/__init__.py:87}}
Mar 05 16:42:15.234038 np0000157913 devstack@neutron-api.service[103192]: DEBUG ovsdbapp.backend.ovs_idl [None req-748b2fc5-c2a9-494b-964b-154c801d3208 None None] Created schema index Chassis_Private.name {{(pid=103192) autocreate_indices /opt/stack/data/venv/lib/python3.12/site-packages/ovsdbapp/backend/ovs_idl/__init__.py:106}}
Mar 05 16:42:15.234175 np0000157913 devstack@neutron-api.service[103192]: DEBUG ovsdbapp.backend.ovs_idl [None req-748b2fc5-c2a9-494b-964b-154c801d3208 None None] Created schema index Datapath_Binding.tunnel_key {{(pid=103192) autocreate_indices /opt/stack/data/venv/lib/python3.12/site-packages/ovsdbapp/backend/ovs_idl/__init__.py:106}}
Mar 05 16:42:15.236705 np0000157913 devstack@neutron-api.service[103192]: INFO ovsdbapp.backend.ovs_idl.vlog [None req-748b2fc5-c2a9-494b-964b-154c801d3208 None None] ssl:199.204.45.144:6642: connecting...
Mar 05 16:42:15.238496 np0000157913 devstack@neutron-api.service[103194]: DEBUG neutron.common.ovn.hash_ring_manager [None req-68d1175a-7768-4c86-a5f0-84fbaf5062d7 None None] Hash Ring loaded. 4 active nodes. 0 offline nodes {{(pid=103194) _load_hash_ring /opt/stack/neutron/neutron/common/ovn/hash_ring_manager.py:102}}
Mar 05 16:42:15.238619 np0000157913 devstack@neutron-api.service[103194]: DEBUG neutron.plugins.ml2.drivers.ovn.mech_driver.ovsdb.ovsdb_monitor [None req-68d1175a-7768-4c86-a5f0-84fbaf5062d7 None None] Hash Ring: Node 7574744193c05255989bf6c1c23d4767 (host: np0000157913) handling event "create" for row 5c57161b-819f-4b4a-aaa8-2a328bc7ecb1 (table: ACL) {{(pid=103194) notify /opt/stack/neutron/neutron/plugins/ml2/drivers/ovn/mech_driver/ovsdb/ovsdb_monitor.py:906}}
Mar 05 16:42:15.238884 np0000157913 devstack@neutron-api.service[103194]: DEBUG neutron.plugins.ml2.drivers.ovn.mech_driver.ovsdb.ovsdb_monitor [None req-68d1175a-7768-4c86-a5f0-84fbaf5062d7 None None] Hash Ring: Node 7574744193c05255989bf6c1c23d4767 (host: np0000157913) handling event "create" for row bb46e468-7f69-4175-911a-80333fa88f8f (table: ACL) {{(pid=103194) notify /opt/stack/neutron/neutron/plugins/ml2/drivers/ovn/mech_driver/ovsdb/ovsdb_monitor.py:906}}
Mar 05 16:42:15.239201 np0000157913 devstack@neutron-api.service[103194]: DEBUG neutron.plugins.ml2.drivers.ovn.mech_driver.ovsdb.ovsdb_monitor [None req-68d1175a-7768-4c86-a5f0-84fbaf5062d7 None None] Hash Ring: Node 7574744193c05255989bf6c1c23d4767 (host: np0000157913) handling event "create" for row 36ebd8a7-29fe-4163-88d9-202b55807f6d (table: SSL) {{(pid=103194) notify /opt/stack/neutron/neutron/plugins/ml2/drivers/ovn/mech_driver/ovsdb/ovsdb_monitor.py:906}}
Mar 05 16:42:15.240407 np0000157913 devstack@neutron-api.service[103194]: INFO neutron.plugins.ml2.drivers.ovn.mech_driver.ovsdb.impl_idl_ovn [None req-68d1175a-7768-4c86-a5f0-84fbaf5062d7 None None] Getting OvsdbSbOvnIdl for WorkerService with retry
Mar 05 16:42:15.242620 np0000157913 devstack@neutron-api.service[103192]: INFO ovsdbapp.backend.ovs_idl.vlog [None req-748b2fc5-c2a9-494b-964b-154c801d3208 None None] ssl:199.204.45.144:6642: connected
Mar 05 16:42:15.272844 np0000157913 devstack@neutron-api.service[103194]: DEBUG ovsdbapp.backend.ovs_idl [None req-68d1175a-7768-4c86-a5f0-84fbaf5062d7 None None] Created lookup_table index Chassis.name {{(pid=103194) autocreate_indices /opt/stack/data/venv/lib/python3.12/site-packages/ovsdbapp/backend/ovs_idl/__init__.py:87}}
Mar 05 16:42:15.272844 np0000157913 devstack@neutron-api.service[103194]: DEBUG ovsdbapp.backend.ovs_idl [None req-68d1175a-7768-4c86-a5f0-84fbaf5062d7 None None] Created lookup_table index Port_Binding.logical_port {{(pid=103194) autocreate_indices /opt/stack/data/venv/lib/python3.12/site-packages/ovsdbapp/backend/ovs_idl/__init__.py:87}}
Mar 05 16:42:15.273307 np0000157913 devstack@neutron-api.service[103194]: DEBUG ovsdbapp.backend.ovs_idl [None req-68d1175a-7768-4c86-a5f0-84fbaf5062d7 None None] Created schema index Chassis_Private.name {{(pid=103194) autocreate_indices /opt/stack/data/venv/lib/python3.12/site-packages/ovsdbapp/backend/ovs_idl/__init__.py:106}}
Mar 05 16:42:15.273307 np0000157913 devstack@neutron-api.service[103194]: DEBUG ovsdbapp.backend.ovs_idl [None req-68d1175a-7768-4c86-a5f0-84fbaf5062d7 None None] Created schema index Datapath_Binding.tunnel_key {{(pid=103194) autocreate_indices /opt/stack/data/venv/lib/python3.12/site-packages/ovsdbapp/backend/ovs_idl/__init__.py:106}}
Mar 05 16:42:15.274994 np0000157913 devstack@neutron-api.service[103194]: INFO ovsdbapp.backend.ovs_idl.vlog [None req-68d1175a-7768-4c86-a5f0-84fbaf5062d7 None None] ssl:199.204.45.144:6642: connecting...
Mar 05 16:42:15.279321 np0000157913 devstack@neutron-api.service[103192]: DEBUG neutron.common.ovn.hash_ring_manager [None req-748b2fc5-c2a9-494b-964b-154c801d3208 None None] Allow caching, nodes 4>=4 {{(pid=103192) _wait_startup_before_caching /opt/stack/neutron/neutron/common/ovn/hash_ring_manager.py:65}}
Mar 05 16:42:15.279984 np0000157913 devstack@neutron-api.service[103194]: INFO ovsdbapp.backend.ovs_idl.vlog [None req-68d1175a-7768-4c86-a5f0-84fbaf5062d7 None None] ssl:199.204.45.144:6642: connected
Mar 05 16:42:15.283409 np0000157913 devstack@neutron-api.service[103192]: DEBUG neutron.common.ovn.hash_ring_manager [None req-748b2fc5-c2a9-494b-964b-154c801d3208 None None] Hash Ring loaded. 4 active nodes. 0 offline nodes {{(pid=103192) _load_hash_ring /opt/stack/neutron/neutron/common/ovn/hash_ring_manager.py:102}}
Mar 05 16:42:15.283795 np0000157913 devstack@neutron-api.service[103192]: DEBUG neutron.plugins.ml2.drivers.ovn.mech_driver.ovsdb.ovsdb_monitor [None req-748b2fc5-c2a9-494b-964b-154c801d3208 None None] Hash Ring: Node 4b721c5f0a145a91820a1d48a8e3a032 (host: np0000157913) handling event "create" for row e6c3d55c-61f9-4f6a-b136-f02f77785de7 (table: Chassis) {{(pid=103192) notify /opt/stack/neutron/neutron/plugins/ml2/drivers/ovn/mech_driver/ovsdb/ovsdb_monitor.py:906}}
Mar 05 16:42:15.284713 np0000157913 devstack@neutron-api.service[103192]: DEBUG ovsdbapp.backend.ovs_idl.event [None req-748b2fc5-c2a9-494b-964b-154c801d3208 None None] Matched CREATE: ChassisBandwidthConfigEvent(events=('create', 'update'), table='Chassis', conditions=None, old_conditions=None), priority=20 to row=Chassis(uuid=e6c3d55c-61f9-4f6a-b136-f02f77785de7, encaps=[c6502c01-6adc-40a2-8e7b-80a281c6b9a3], external_ids={}, hostname='np0000157913', name='f7e44ad4-9f02-40f6-a788-a40d73e2fa81', nb_cfg=0, other_config={'ct-commit-nat-v2': 'true', 'ct-commit-to-zone': 'true', 'ct-next-zone': 'true', 'ct-no-masked-label': 'true', 'ct-state-save': 'true', 'datapath-type': 'system', 'fdb-timestamp': 'true', 'iface-types': 'afxdp,afxdp-nonpmd,bareudp,erspan,geneve,gre,gtpu,internal,ip6erspan,ip6gre,lisp,patch,srv6,stt,system,tap,vxlan', 'is-interconn': 'false', 'ls-dpg-column': 'true', 'mac-binding-timestamp': 'true', 'ovn-bridge-mappings': 'public:br-ex', 'ovn-chassis-mac-mappings': '', 'ovn-cms-options': 'enable-chassis-as-gw', 'ovn-ct-lb-related': 'true', 'ovn-enable-lflow-cache': 'true', 'ovn-limit-lflow-cache': '', 'ovn-memlimit-lflow-cache-kb': '', 'ovn-monitor-all': 'false', 'ovn-trim-limit-lflow-cache': '', 'ovn-trim-timeout-ms': '', 'ovn-trim-wmark-perc-lflow-cache': '', 'port-up-notif': 'true'}, transport_zones=[], vtep_logical_switches=[]) old= {{(pid=103192) matches /opt/stack/data/venv/lib/python3.12/site-packages/ovsdbapp/backend/ovs_idl/event.py:55}}
Mar 05 16:42:15.285347 np0000157913 devstack@neutron-api.service[103192]: DEBUG neutron.plugins.ml2.drivers.ovn.mech_driver.ovsdb.ovsdb_monitor [None req-748b2fc5-c2a9-494b-964b-154c801d3208 None None] ChassisAgentWriteEvent : Matched Chassis_Private, create, None None {{(pid=103192) matches /opt/stack/neutron/neutron/plugins/ml2/drivers/ovn/mech_driver/ovsdb/ovsdb_monitor.py:64}}
Mar 05 16:42:15.285543 np0000157913 devstack@neutron-api.service[103192]: DEBUG neutron.plugins.ml2.drivers.ovn.mech_driver.ovsdb.ovsdb_monitor [None req-748b2fc5-c2a9-494b-964b-154c801d3208 None None] ChassisOVNAgentWriteEvent : Matched Chassis_Private, create, None None {{(pid=103192) matches /opt/stack/neutron/neutron/plugins/ml2/drivers/ovn/mech_driver/ovsdb/ovsdb_monitor.py:64}}
Mar 05 16:42:15.287286 np0000157913 devstack@neutron-api.service[103192]: INFO neutron.plugins.ml2.drivers.ovn.mech_driver.mech_driver [None req-748b2fc5-c2a9-494b-964b-154c801d3208 None None] WorkerService process has finished the post initialization
Mar 05 16:42:15.288152 np0000157913 devstack@neutron-api.service[103192]: INFO neutron.plugins.ml2.drivers.ovn.mech_driver.ovsdb.extensions.qos [-] Starting OVNClientQosExtension
Mar 05 16:42:15.288685 np0000157913 devstack@neutron-api.service[103192]: INFO neutron.plugins.ml2.drivers.ovn.mech_driver.ovsdb.extensions.placement [-] Starting OVNClientPlacementExtension
Mar 05 16:42:15.291037 np0000157913 devstack@neutron-api.service[103192]: WSGI app 0 (mountpoint='') ready in 7 seconds on interpreter 0x7ab4c9ca3668 pid: 103192 (default app)
Mar 05 16:42:15.308411 np0000157913 devstack@neutron-api.service[103194]: DEBUG neutron.common.ovn.hash_ring_manager [None req-68d1175a-7768-4c86-a5f0-84fbaf5062d7 None None] Allow caching, nodes 4>=4 {{(pid=103194) _wait_startup_before_caching /opt/stack/neutron/neutron/common/ovn/hash_ring_manager.py:65}}
Mar 05 16:42:15.312267 np0000157913 devstack@neutron-api.service[103194]: DEBUG neutron.common.ovn.hash_ring_manager [None req-68d1175a-7768-4c86-a5f0-84fbaf5062d7 None None] Hash Ring loaded. 4 active nodes. 0 offline nodes {{(pid=103194) _load_hash_ring /opt/stack/neutron/neutron/common/ovn/hash_ring_manager.py:102}}
Mar 05 16:42:15.312445 np0000157913 devstack@neutron-api.service[103194]: DEBUG neutron.plugins.ml2.drivers.ovn.mech_driver.ovsdb.ovsdb_monitor [None req-68d1175a-7768-4c86-a5f0-84fbaf5062d7 None None] ChassisOVNAgentWriteEvent : Matched Chassis_Private, create, None None {{(pid=103194) matches /opt/stack/neutron/neutron/plugins/ml2/drivers/ovn/mech_driver/ovsdb/ovsdb_monitor.py:64}}
Mar 05 16:42:15.312550 np0000157913 devstack@neutron-api.service[103194]: DEBUG neutron.plugins.ml2.drivers.ovn.mech_driver.ovsdb.ovsdb_monitor [None req-68d1175a-7768-4c86-a5f0-84fbaf5062d7 None None] ChassisAgentWriteEvent : Matched Chassis_Private, create, None None {{(pid=103194) matches /opt/stack/neutron/neutron/plugins/ml2/drivers/ovn/mech_driver/ovsdb/ovsdb_monitor.py:64}}
Mar 05 16:42:15.315055 np0000157913 devstack@neutron-api.service[103194]: INFO neutron.plugins.ml2.drivers.ovn.mech_driver.mech_driver [None req-68d1175a-7768-4c86-a5f0-84fbaf5062d7 None None] WorkerService process has finished the post initialization
Mar 05 16:42:15.316143 np0000157913 devstack@neutron-api.service[103194]: WSGI app 0 (mountpoint='') ready in 7 seconds on interpreter 0x7ab4c9ca3668 pid: 103194 (default app)
Mar 05 16:42:16.983002 np0000157913 devstack@neutron-api.service[103193]: DEBUG neutron.plugins.ml2.drivers.ovn.mech_driver.ovsdb.ovsdb_monitor [-] Hash Ring: Node a05e41467ee25a5b8dd261313bcd9c35 (host: np0000157913) handling event "update" for row 0077a9f3-28fe-41c4-a02c-ea7ab24dbc90 (table: Connection) {{(pid=103193) notify /opt/stack/neutron/neutron/plugins/ml2/drivers/ovn/mech_driver/ovsdb/ovsdb_monitor.py:906}}
Mar 05 16:42:16.990201 np0000157913 devstack@neutron-api.service[103191]: DEBUG neutron.common.ovn.hash_ring_manager [-] Allow caching, nodes 4>=4 {{(pid=103191) _wait_startup_before_caching /opt/stack/neutron/neutron/common/ovn/hash_ring_manager.py:65}}
Mar 05 16:42:16.991119 np0000157913 devstack@neutron-api.service[103191]: DEBUG neutron.plugins.ml2.drivers.ovn.mech_driver.ovsdb.ovsdb_monitor [-] Hash Ring: Node 6c29f7a1defe50bc8cc925de26536d2b (host: np0000157913) handling event "update" for row 0077a9f3-28fe-41c4-a02c-ea7ab24dbc90 (table: Connection) {{(pid=103191) notify /opt/stack/neutron/neutron/plugins/ml2/drivers/ovn/mech_driver/ovsdb/ovsdb_monitor.py:906}}
Mar 05 16:42:19.481866 np0000157913 devstack@neutron-api.service[103193]: DEBUG neutron.plugins.ml2.drivers.ovn.mech_driver.ovsdb.ovsdb_monitor [-] Hash Ring: Node a05e41467ee25a5b8dd261313bcd9c35 (host: np0000157913) handling event "update" for row 0077a9f3-28fe-41c4-a02c-ea7ab24dbc90 (table: Connection) {{(pid=103193) notify /opt/stack/neutron/neutron/plugins/ml2/drivers/ovn/mech_driver/ovsdb/ovsdb_monitor.py:906}}
Mar 05 16:42:19.482185 np0000157913 devstack@neutron-api.service[103191]: DEBUG neutron.plugins.ml2.drivers.ovn.mech_driver.ovsdb.ovsdb_monitor [-] Hash Ring: Node 6c29f7a1defe50bc8cc925de26536d2b (host: np0000157913) handling event "update" for row 0077a9f3-28fe-41c4-a02c-ea7ab24dbc90 (table: Connection) {{(pid=103191) notify /opt/stack/neutron/neutron/plugins/ml2/drivers/ovn/mech_driver/ovsdb/ovsdb_monitor.py:906}}
Mar 05 16:42:21.711792 np0000157913 devstack@neutron-api.service[103191]: DEBUG neutron.api.wsgi [None req-a7a5349b-8591-4a64-85f7-b984da5fcc8f admin admin] Missing Content-Type {{(pid=103191) get_content_type /opt/stack/neutron/neutron/api/wsgi.py:85}}
Mar 05 16:42:21.712655 np0000157913 devstack@neutron-api.service[103191]: DEBUG neutron.api.wsgi [None req-a7a5349b-8591-4a64-85f7-b984da5fcc8f admin admin] https://199.204.45.144/networking/v2.0/extensions returned with HTTP 200 {{(pid=103191) __call__ /opt/stack/neutron/neutron/api/wsgi.py:545}}
Mar 05 16:42:21.712655 np0000157913 devstack@neutron-api.service[103191]: [pid: 103191|app: 0|req: 2/2] 199.204.45.144 () {64 vars in 1323 bytes} [Thu Mar 5 16:42:21 2026] GET /networking/v2.0/extensions => generated 15208 bytes in 260 msecs (HTTP/1.1 200) 4 headers in 159 bytes (1 switches on core 0)
Mar 05 16:42:22.130433 np0000157913 devstack@neutron-api.service[103193]: DEBUG neutron.api.v2.base [None req-aff5cec6-8ffe-490b-9a1a-bd1f09332eab admin admin] Request body: {'subnetpool': {'is_default': True, 'shared': True, 'prefixes': ['10.1.0.0/20'], 'name': 'shared-default-subnetpool-v4', 'default_prefixlen': 26}} {{(pid=103193) prepare_request_body /opt/stack/neutron/neutron/api/v2/base.py:729}}
Mar 05 16:42:22.326554 np0000157913 devstack@neutron-api.service[103193]: DEBUG neutron.policy [None req-aff5cec6-8ffe-490b-9a1a-bd1f09332eab admin admin] Loaded default policies from ['neutron'] under neutron.policies entry points {{(pid=103193) register_rules /opt/stack/neutron/neutron/policy.py:65}}
Mar 05 16:42:22.470511 np0000157913 devstack@neutron-api.service[103193]: DEBUG neutron_lib.callbacks.manager [None req-aff5cec6-8ffe-490b-9a1a-bd1f09332eab admin admin] Publish callbacks ['neutron.objects.securitygroup.RbacNeutronDbObjectMixin.validate_rbac_policy_change-2631501967314', 'neutron.objects.address_group.RbacNeutronDbObjectMixin.validate_rbac_policy_change-2631501989961', 'neutron.objects.network.RbacNeutronDbObjectMixin.validate_rbac_policy_change-2631501936876', 'neutron.objects.qos.policy.RbacNeutronDbObjectMixin.validate_rbac_policy_change-2631501932029', 'neutron.objects.subnetpool.RbacNeutronDbObjectMixin.validate_rbac_policy_change-2631501908922', 'neutron.objects.address_scope.RbacNeutronDbObjectMixin.validate_rbac_policy_change-2631501917838', 'neutron.plugins.ml2.plugin.External_net_db_mixin._process_ext_policy_create-135468', 'neutron.plugins.ml2.plugin.NeutronDbPluginV2.validate_network_rbac_policy_change-133718', 'neutron.services.network_ip_availability.plugin.NeutronDbPluginV2.validate_network_rbac_policy_change-3687592', 'neutron.services.network_ip_availability.plugin.NeutronDbPluginV2.validate_network_rbac_policy_change-3732476'] for rbac-policy (None), before_create {{(pid=103193) _notify_loop /opt/stack/data/venv/lib/python3.12/site-packages/neutron_lib/callbacks/manager.py:184}}
Mar 05 16:42:22.523640 np0000157913 devstack@neutron-api.service[103193]: DEBUG neutron_lib.callbacks.manager [None req-aff5cec6-8ffe-490b-9a1a-bd1f09332eab admin admin] Publish callbacks [] for subnetpool (None), before_response {{(pid=103193) _notify_loop /opt/stack/data/venv/lib/python3.12/site-packages/neutron_lib/callbacks/manager.py:184}}
Mar 05 16:42:22.524862 np0000157913 devstack@neutron-api.service[103193]: [pid: 103193|app: 0|req: 1/3] 199.204.45.144 () {68 vars in 1367 bytes} [Thu Mar 5 16:42:22 2026] POST /networking/v2.0/subnetpools => generated 533 bytes in 502 msecs (HTTP/1.1 201) 4 headers in 162 bytes (1 switches on core 0)
Mar 05 16:42:22.843482 np0000157913 devstack@neutron-api.service[103192]: DEBUG neutron.api.v2.base [None req-3f5079e5-3bc8-46a9-b25e-c83a8ca66547 admin admin] Request body: {'subnetpool': {'is_default': True, 'shared': True, 'prefixes': ['fddb:f067:c185::/56'], 'name': 'shared-default-subnetpool-v6', 'default_prefixlen': 64}} {{(pid=103192) prepare_request_body /opt/stack/neutron/neutron/api/v2/base.py:729}}
Mar 05 16:42:23.010043 np0000157913 devstack@neutron-api.service[103192]: DEBUG neutron.policy [None req-3f5079e5-3bc8-46a9-b25e-c83a8ca66547 admin admin] Loaded default policies from ['neutron'] under neutron.policies entry points {{(pid=103192) register_rules /opt/stack/neutron/neutron/policy.py:65}}
Mar 05 16:42:23.151182 np0000157913 devstack@neutron-api.service[103192]: DEBUG neutron_lib.callbacks.manager [None req-3f5079e5-3bc8-46a9-b25e-c83a8ca66547 admin admin] Publish callbacks ['neutron.objects.securitygroup.RbacNeutronDbObjectMixin.validate_rbac_policy_change-2631501898611', 'neutron.objects.address_group.RbacNeutronDbObjectMixin.validate_rbac_policy_change-2631501793878', 'neutron.objects.network.RbacNeutronDbObjectMixin.validate_rbac_policy_change-2631501929235', 'neutron.objects.qos.policy.RbacNeutronDbObjectMixin.validate_rbac_policy_change-2631501932548', 'neutron.objects.subnetpool.RbacNeutronDbObjectMixin.validate_rbac_policy_change-2631501911636', 'neutron.objects.address_scope.RbacNeutronDbObjectMixin.validate_rbac_policy_change-2631501918511', 'neutron.plugins.ml2.plugin.External_net_db_mixin._process_ext_policy_create-20840', 'neutron.plugins.ml2.plugin.NeutronDbPluginV2.validate_network_rbac_policy_change-25124', 'neutron.services.network_ip_availability.plugin.NeutronDbPluginV2.validate_network_rbac_policy_change-2782872', 'neutron.services.network_ip_availability.plugin.NeutronDbPluginV2.validate_network_rbac_policy_change-2796121'] for rbac-policy (None), before_create {{(pid=103192) _notify_loop /opt/stack/data/venv/lib/python3.12/site-packages/neutron_lib/callbacks/manager.py:184}}
Mar 05 16:42:23.197039 np0000157913 devstack@neutron-api.service[103192]: DEBUG neutron_lib.callbacks.manager [None req-3f5079e5-3bc8-46a9-b25e-c83a8ca66547 admin admin] Publish callbacks [] for subnetpool (None), before_response {{(pid=103192) _notify_loop /opt/stack/data/venv/lib/python3.12/site-packages/neutron_lib/callbacks/manager.py:184}}
Mar 05 16:42:23.197737 np0000157913 devstack@neutron-api.service[103192]: [pid: 103192|app: 0|req: 1/4] 199.204.45.144 () {68 vars in 1367 bytes} [Thu Mar 5 16:42:22 2026] POST /networking/v2.0/subnetpools => generated 543 bytes in 458 msecs (HTTP/1.1 201) 4 headers in 162 bytes (1 switches on core 0)
Mar 05 16:42:23.604152 np0000157913 devstack@neutron-api.service[103194]: DEBUG neutron.api.v2.base [None req-d412ef37-e697-4496-a570-a1d8fe2633b0 admin admin] Request body: {'network': {'admin_state_up': True, 'name': 'private'}} {{(pid=103194) prepare_request_body /opt/stack/neutron/neutron/api/v2/base.py:729}}
Mar 05 16:42:23.633771 np0000157913 devstack@neutron-api.service[103194]: DEBUG neutron.pecan_wsgi.hooks.quota_enforcement [None req-d412ef37-e697-4496-a570-a1d8fe2633b0 admin admin] Made reservation on behalf of efee7b0a09b04a3ab435b70be4d22256 for: {'network': 1} {{(pid=103194) before /opt/stack/neutron/neutron/pecan_wsgi/hooks/quota_enforcement.py:66}}
Mar 05 16:42:23.813642 np0000157913 devstack@neutron-api.service[103194]: DEBUG neutron.policy [None req-d412ef37-e697-4496-a570-a1d8fe2633b0 admin admin] Loaded default policies from ['neutron'] under neutron.policies entry points {{(pid=103194) register_rules /opt/stack/neutron/neutron/policy.py:65}}
Mar 05 16:42:23.918486 np0000157913 devstack@neutron-api.service[103194]: DEBUG neutron_lib.callbacks.manager [None req-d412ef37-e697-4496-a570-a1d8fe2633b0 admin admin] Publish callbacks ['neutron.plugins.ml2.plugin.SecurityGroupDbMixin._ensure_default_security_group_handler-55481'] for network (None), before_create {{(pid=103194) _notify_loop /opt/stack/data/venv/lib/python3.12/site-packages/neutron_lib/callbacks/manager.py:184}}
Mar 05 16:42:23.938053 np0000157913 devstack@neutron-api.service[103194]: DEBUG neutron_lib.callbacks.manager [None req-d412ef37-e697-4496-a570-a1d8fe2633b0 admin admin] Publish callbacks [] for security_group (None), before_create {{(pid=103194) _notify_loop /opt/stack/data/venv/lib/python3.12/site-packages/neutron_lib/callbacks/manager.py:184}}
Mar 05 16:42:24.032567 np0000157913 devstack@neutron-api.service[103194]: DEBUG neutron_lib.callbacks.manager [None req-d412ef37-e697-4496-a570-a1d8fe2633b0 admin admin] Publish callbacks ['neutron.plugins.ml2.drivers.ovn.mech_driver.mech_driver.OVNMechanismDriver._create_security_group_precommit-225858'] for security_group (821c1dc8-4de6-411c-a1c0-88dbc971d93b), precommit_create {{(pid=103194) _notify_loop /opt/stack/data/venv/lib/python3.12/site-packages/neutron_lib/callbacks/manager.py:184}}
Mar 05 16:42:24.032857 np0000157913 devstack@neutron-api.service[103194]: DEBUG neutron.db.ovn_revision_numbers_db [None req-d412ef37-e697-4496-a570-a1d8fe2633b0 admin admin] create_initial_revision uuid=821c1dc8-4de6-411c-a1c0-88dbc971d93b, type=security_groups, rev=-1 {{(pid=103194) create_initial_revision /opt/stack/neutron/neutron/db/ovn_revision_numbers_db.py:98}}
Mar 05 16:42:24.035215 np0000157913 devstack@neutron-api.service[103194]: DEBUG neutron.db.ovn_revision_numbers_db [None req-d412ef37-e697-4496-a570-a1d8fe2633b0 admin admin] create_initial_revision uuid=1b7c2d9a-6574-461b-8411-34485bf40a96, type=security_group_rules, rev=-1 {{(pid=103194) create_initial_revision /opt/stack/neutron/neutron/db/ovn_revision_numbers_db.py:98}}
Mar 05 16:42:24.036326 np0000157913 devstack@neutron-api.service[103194]: DEBUG neutron.db.ovn_revision_numbers_db [None req-d412ef37-e697-4496-a570-a1d8fe2633b0 admin admin] create_initial_revision uuid=7c339b05-cf1d-476a-9b15-ea9d82bdd60a, type=security_group_rules, rev=-1 {{(pid=103194) create_initial_revision /opt/stack/neutron/neutron/db/ovn_revision_numbers_db.py:98}}
Mar 05 16:42:24.037611 np0000157913 devstack@neutron-api.service[103194]: DEBUG neutron.db.ovn_revision_numbers_db [None req-d412ef37-e697-4496-a570-a1d8fe2633b0 admin admin] create_initial_revision uuid=a3ea3929-0e90-45ee-8efa-7a0e298affd7, type=security_group_rules, rev=-1 {{(pid=103194) create_initial_revision /opt/stack/neutron/neutron/db/ovn_revision_numbers_db.py:98}}
Mar 05 16:42:24.038713 np0000157913 devstack@neutron-api.service[103194]: DEBUG neutron.db.ovn_revision_numbers_db [None req-d412ef37-e697-4496-a570-a1d8fe2633b0 admin admin] create_initial_revision uuid=d8e0bc37-efa2-4efb-bf44-cc0d3ed84b39, type=security_group_rules, rev=-1 {{(pid=103194) create_initial_revision /opt/stack/neutron/neutron/db/ovn_revision_numbers_db.py:98}}
Mar 05 16:42:24.047262 np0000157913 devstack@neutron-api.service[103194]: DEBUG neutron_lib.callbacks.manager [None req-d412ef37-e697-4496-a570-a1d8fe2633b0 admin admin] Publish callbacks ['neutron.plugins.ml2.drivers.ovn.mech_driver.mech_driver.OVNMechanismDriver._create_security_group-225880', 'neutron.plugins.ml2.ovo_rpc._ObjectChangeHandler.handle_event-2762998'] for security_group (821c1dc8-4de6-411c-a1c0-88dbc971d93b), after_create {{(pid=103194) _notify_loop /opt/stack/data/venv/lib/python3.12/site-packages/neutron_lib/callbacks/manager.py:184}}
Mar 05 16:42:24.047455 np0000157913 devstack@neutron-api.service[103194]: INFO neutron.plugins.ml2.drivers.ovn.mech_driver.ovsdb.extensions.qos [None req-d412ef37-e697-4496-a570-a1d8fe2633b0 admin admin] Starting OVNClientQosExtension
Mar 05 16:42:24.047558 np0000157913 devstack@neutron-api.service[103194]: INFO neutron.plugins.ml2.drivers.ovn.mech_driver.ovsdb.extensions.placement [None req-d412ef37-e697-4496-a570-a1d8fe2633b0 admin admin] Starting OVNClientPlacementExtension
Mar 05 16:42:24.049099 np0000157913 devstack@neutron-api.service[103194]: DEBUG ovsdbapp.backend.ovs_idl.transaction [-] Running txn n=1 command(idx=0): PgAddCommand(_result=None, name=pg_821c1dc8_4de6_411c_a1c0_88dbc971d93b, may_exist=False, columns={'acls': [], 'external_ids': {'neutron:security_group_id': '821c1dc8-4de6-411c-a1c0-88dbc971d93b'}}) {{(pid=103194) do_commit /opt/stack/data/venv/lib/python3.12/site-packages/ovsdbapp/backend/ovs_idl/transaction.py:89}}
Mar 05 16:42:24.051367 np0000157913 devstack@neutron-api.service[103194]: DEBUG ovsdbapp.backend.ovs_idl.transaction [-] Running txn n=1 command(idx=1): PgAclAddCommand(_result=None, entity=pg_821c1dc8_4de6_411c_a1c0_88dbc971d93b, direction=to-lport, priority=1002, match=outport == @pg_821c1dc8_4de6_411c_a1c0_88dbc971d93b && ip6 && ip6.src == $pg_821c1dc8_4de6_411c_a1c0_88dbc971d93b_ip6, action=allow-related, log=False, may_exist=True, severity=[], name=[], meter=[], external_ids={'neutron:security_group_rule_id': '1b7c2d9a-6574-461b-8411-34485bf40a96'}) {{(pid=103194) do_commit /opt/stack/data/venv/lib/python3.12/site-packages/ovsdbapp/backend/ovs_idl/transaction.py:89}}
Mar 05 16:42:24.051960 np0000157913 devstack@neutron-api.service[103194]: DEBUG ovsdbapp.backend.ovs_idl.transaction [-] Running txn n=1 command(idx=2): PgAclAddCommand(_result=None, entity=pg_821c1dc8_4de6_411c_a1c0_88dbc971d93b, direction=from-lport, priority=1002, match=inport == @pg_821c1dc8_4de6_411c_a1c0_88dbc971d93b && ip6, action=allow-related, log=False, may_exist=True, severity=[], name=[], meter=[], external_ids={'neutron:security_group_rule_id': '7c339b05-cf1d-476a-9b15-ea9d82bdd60a'}) {{(pid=103194) do_commit /opt/stack/data/venv/lib/python3.12/site-packages/ovsdbapp/backend/ovs_idl/transaction.py:89}}
Mar 05 16:42:24.052491 np0000157913 devstack@neutron-api.service[103194]: DEBUG ovsdbapp.backend.ovs_idl.transaction [-] Running txn n=1 command(idx=3): PgAclAddCommand(_result=None, entity=pg_821c1dc8_4de6_411c_a1c0_88dbc971d93b, direction=from-lport, priority=1002, match=inport == @pg_821c1dc8_4de6_411c_a1c0_88dbc971d93b && ip4, action=allow-related, log=False, may_exist=True, severity=[], name=[], meter=[], external_ids={'neutron:security_group_rule_id': 'a3ea3929-0e90-45ee-8efa-7a0e298affd7'}) {{(pid=103194) do_commit /opt/stack/data/venv/lib/python3.12/site-packages/ovsdbapp/backend/ovs_idl/transaction.py:89}}
Mar 05 16:42:24.052970 np0000157913 devstack@neutron-api.service[103194]: DEBUG ovsdbapp.backend.ovs_idl.transaction [-] Running txn n=1 command(idx=4): PgAclAddCommand(_result=None, entity=pg_821c1dc8_4de6_411c_a1c0_88dbc971d93b, direction=to-lport, priority=1002, match=outport == @pg_821c1dc8_4de6_411c_a1c0_88dbc971d93b && ip4 && ip4.src == $pg_821c1dc8_4de6_411c_a1c0_88dbc971d93b_ip4, action=allow-related, log=False, may_exist=True, severity=[], name=[], meter=[], external_ids={'neutron:security_group_rule_id': 'd8e0bc37-efa2-4efb-bf44-cc0d3ed84b39'}) {{(pid=103194) do_commit /opt/stack/data/venv/lib/python3.12/site-packages/ovsdbapp/backend/ovs_idl/transaction.py:89}}
Mar 05 16:42:24.059802 np0000157913 devstack@neutron-api.service[103191]: DEBUG neutron.plugins.ml2.drivers.ovn.mech_driver.ovsdb.ovsdb_monitor [-] Hash Ring: Node 6c29f7a1defe50bc8cc925de26536d2b (host: np0000157913) handling event "create" for row 0039b49a-9aa6-4ad8-a6d7-7d2ca4d01a22 (table: ACL) {{(pid=103191) notify /opt/stack/neutron/neutron/plugins/ml2/drivers/ovn/mech_driver/ovsdb/ovsdb_monitor.py:906}}
Mar 05 16:42:24.060083 np0000157913 devstack@neutron-api.service[103191]: DEBUG neutron.plugins.ml2.drivers.ovn.mech_driver.ovsdb.ovsdb_monitor [-] Hash Ring: Node 6c29f7a1defe50bc8cc925de26536d2b (host: np0000157913) handling event "create" for row 1b03163a-87a7-409a-9827-b7a7f70dd595 (table: ACL) {{(pid=103191) notify /opt/stack/neutron/neutron/plugins/ml2/drivers/ovn/mech_driver/ovsdb/ovsdb_monitor.py:906}}
Mar 05 16:42:24.060083 np0000157913 devstack@neutron-api.service[103191]: DEBUG neutron.plugins.ml2.drivers.ovn.mech_driver.ovsdb.ovsdb_monitor [-] Hash Ring: Node 6c29f7a1defe50bc8cc925de26536d2b (host: np0000157913) handling event "create" for row 2bfef464-b53d-4af8-b452-a5f214847bdd (table: ACL) {{(pid=103191) notify /opt/stack/neutron/neutron/plugins/ml2/drivers/ovn/mech_driver/ovsdb/ovsdb_monitor.py:906}}
Mar 05 16:42:24.060163 np0000157913 devstack@neutron-api.service[103191]: DEBUG neutron.plugins.ml2.drivers.ovn.mech_driver.ovsdb.ovsdb_monitor [-] Hash Ring: Node 6c29f7a1defe50bc8cc925de26536d2b (host: np0000157913) handling event "create" for row d2808b78-7f8f-47f4-ac74-6a8ecfc971a5 (table: ACL) {{(pid=103191) notify /opt/stack/neutron/neutron/plugins/ml2/drivers/ovn/mech_driver/ovsdb/ovsdb_monitor.py:906}}
Mar 05 16:42:24.060292 np0000157913 devstack@neutron-api.service[103191]: DEBUG neutron.plugins.ml2.drivers.ovn.mech_driver.ovsdb.ovsdb_monitor [-] Hash Ring: Node 6c29f7a1defe50bc8cc925de26536d2b (host: np0000157913) handling event "create" for row abf08b7c-8de7-4475-a6c7-64a223d84540 (table: Port_Group) {{(pid=103191) notify /opt/stack/neutron/neutron/plugins/ml2/drivers/ovn/mech_driver/ovsdb/ovsdb_monitor.py:906}}
Mar 05 16:42:24.060997 np0000157913 devstack@neutron-api.service[103194]: DEBUG neutron.plugins.ml2.drivers.ovn.mech_driver.ovsdb.ovsdb_monitor [-] Hash Ring: Node 7574744193c05255989bf6c1c23d4767 (host: np0000157913) handling event "create" for row 1b03163a-87a7-409a-9827-b7a7f70dd595 (table: ACL) {{(pid=103194) notify /opt/stack/neutron/neutron/plugins/ml2/drivers/ovn/mech_driver/ovsdb/ovsdb_monitor.py:906}}
Mar 05 16:42:24.062676 np0000157913 devstack@neutron-api.service[103193]: DEBUG neutron.plugins.ml2.drivers.ovn.mech_driver.ovsdb.ovsdb_monitor [-] Hash Ring: Node a05e41467ee25a5b8dd261313bcd9c35 (host: np0000157913) handling event "create" for row d2808b78-7f8f-47f4-ac74-6a8ecfc971a5 (table: ACL) {{(pid=103193) notify /opt/stack/neutron/neutron/plugins/ml2/drivers/ovn/mech_driver/ovsdb/ovsdb_monitor.py:906}}
Mar 05 16:42:24.063895 np0000157913 devstack@neutron-api.service[103192]: DEBUG neutron.plugins.ml2.drivers.ovn.mech_driver.ovsdb.ovsdb_monitor [-] Hash Ring: Node 4b721c5f0a145a91820a1d48a8e3a032 (host: np0000157913) handling event "create" for row 0039b49a-9aa6-4ad8-a6d7-7d2ca4d01a22 (table: ACL) {{(pid=103192) notify /opt/stack/neutron/neutron/plugins/ml2/drivers/ovn/mech_driver/ovsdb/ovsdb_monitor.py:906}}
Mar 05 16:42:24.099413 np0000157913 devstack@neutron-api.service[103194]: INFO neutron.db.ovn_revision_numbers_db [None req-d412ef37-e697-4496-a570-a1d8fe2633b0 admin admin] Successfully bumped revision number for resource 821c1dc8-4de6-411c-a1c0-88dbc971d93b (type: security_groups) to 1
Mar 05 16:42:24.115741 np0000157913 devstack@neutron-api.service[103194]: INFO neutron.db.ovn_revision_numbers_db [None req-d412ef37-e697-4496-a570-a1d8fe2633b0 admin admin] Successfully bumped revision number for resource 1b7c2d9a-6574-461b-8411-34485bf40a96 (type: security_group_rules) to 0
Mar 05 16:42:24.134343 np0000157913 devstack@neutron-api.service[103194]: INFO neutron.db.ovn_revision_numbers_db [None req-d412ef37-e697-4496-a570-a1d8fe2633b0 admin admin] Successfully bumped revision number for resource 7c339b05-cf1d-476a-9b15-ea9d82bdd60a (type: security_group_rules) to 0
Mar 05 16:42:24.147686 np0000157913 devstack@neutron-api.service[103194]: INFO neutron.db.ovn_revision_numbers_db [None req-d412ef37-e697-4496-a570-a1d8fe2633b0 admin admin] Successfully bumped revision number for resource a3ea3929-0e90-45ee-8efa-7a0e298affd7 (type: security_group_rules) to 0
Mar 05 16:42:24.160265 np0000157913 devstack@neutron-api.service[103194]: INFO neutron.db.ovn_revision_numbers_db [None req-d412ef37-e697-4496-a570-a1d8fe2633b0 admin admin] Successfully bumped revision number for resource d8e0bc37-efa2-4efb-bf44-cc0d3ed84b39 (type: security_group_rules) to 0
Mar 05 16:42:24.195919 np0000157913 devstack@neutron-api.service[103194]: DEBUG neutron.api.rpc.handlers.resources_rpc [None req-d412ef37-e697-4496-a570-a1d8fe2633b0 admin admin] Pushing event updated for resources: {'SecurityGroup': ['ID=821c1dc8-4de6-411c-a1c0-88dbc971d93b,revision_number=1']} {{(pid=103194) push /opt/stack/neutron/neutron/api/rpc/handlers/resources_rpc.py:237}}
Mar 05 16:42:24.204364 np0000157913 devstack@neutron-api.service[103194]: DEBUG ovsdbapp.backend.ovs_idl.transaction [-] Running txn n=1 command(idx=0): CheckLivenessCommand(_result=None) {{(pid=103194) do_commit /opt/stack/data/venv/lib/python3.12/site-packages/ovsdbapp/backend/ovs_idl/transaction.py:89}}
Mar 05 16:42:24.208391 np0000157913 devstack@neutron-api.service[103191]: DEBUG neutron.plugins.ml2.drivers.ovn.mech_driver.ovsdb.ovsdb_monitor [-] Hash Ring: Node 6c29f7a1defe50bc8cc925de26536d2b (host: np0000157913) handling event "update" for row 284c18bf-6707-4562-81af-3a0d58f6dd80 (table: NB_Global) {{(pid=103191) notify /opt/stack/neutron/neutron/plugins/ml2/drivers/ovn/mech_driver/ovsdb/ovsdb_monitor.py:906}}
Mar 05 16:42:24.208981 np0000157913 devstack@neutron-api.service[103193]: DEBUG neutron.plugins.ml2.drivers.ovn.mech_driver.ovsdb.ovsdb_monitor [-] Hash Ring: Node a05e41467ee25a5b8dd261313bcd9c35 (host: np0000157913) handling event "update" for row 284c18bf-6707-4562-81af-3a0d58f6dd80 (table: NB_Global) {{(pid=103193) notify /opt/stack/neutron/neutron/plugins/ml2/drivers/ovn/mech_driver/ovsdb/ovsdb_monitor.py:906}}
Mar 05 16:42:24.209363 np0000157913 devstack@neutron-api.service[103191]: DEBUG neutron.plugins.ml2.drivers.ovn.mech_driver.ovsdb.ovsdb_monitor [-] Hash Ring: Node 6c29f7a1defe50bc8cc925de26536d2b (host: np0000157913) handling event "update" for row 284c18bf-6707-4562-81af-3a0d58f6dd80 (table: NB_Global) {{(pid=103191) notify /opt/stack/neutron/neutron/plugins/ml2/drivers/ovn/mech_driver/ovsdb/ovsdb_monitor.py:906}}
Mar 05 16:42:24.210156 np0000157913 devstack@neutron-api.service[103193]: DEBUG neutron.plugins.ml2.drivers.ovn.mech_driver.ovsdb.ovsdb_monitor [-] Hash Ring: Node a05e41467ee25a5b8dd261313bcd9c35 (host: np0000157913) handling event "update" for row 284c18bf-6707-4562-81af-3a0d58f6dd80 (table: NB_Global) {{(pid=103193) notify /opt/stack/neutron/neutron/plugins/ml2/drivers/ovn/mech_driver/ovsdb/ovsdb_monitor.py:906}}
Mar 05 16:42:24.211390 np0000157913 devstack@neutron-api.service[103194]: DEBUG neutron.api.rpc.callbacks.version_manager [None req-d412ef37-e697-4496-a570-a1d8fe2633b0 admin admin] Tracked resource versions report:
Mar 05 16:42:24.211390 np0000157913 devstack@neutron-api.service[103194]: pushed versions:
Mar 05 16:42:24.211390 np0000157913 devstack@neutron-api.service[103194]: { 'AddressGroup': {'1.2'},
Mar 05 16:42:24.211390 np0000157913 devstack@neutron-api.service[103194]: 'Agent': {'1.1'},
Mar 05 16:42:24.211390 np0000157913 devstack@neutron-api.service[103194]: 'ConntrackHelper': {'1.0'},
Mar 05 16:42:24.211390 np0000157913 devstack@neutron-api.service[103194]: 'LocalIPAssociation': {'1.0'},
Mar 05 16:42:24.211390 np0000157913 devstack@neutron-api.service[103194]: 'Log': {'1.0'},
Mar 05 16:42:24.211390 np0000157913 devstack@neutron-api.service[103194]: 'NDPProxy': {'1.0'},
Mar 05 16:42:24.211390 np0000157913 devstack@neutron-api.service[103194]: 'Network': {'1.2'},
Mar 05 16:42:24.211390 np0000157913 devstack@neutron-api.service[103194]: 'Port': {'1.10'},
Mar 05 16:42:24.211390 np0000157913 devstack@neutron-api.service[103194]: 'PortForwarding': {'1.3'},
Mar 05 16:42:24.211390 np0000157913 devstack@neutron-api.service[103194]: 'QosPolicy': {'1.10'},
Mar 05 16:42:24.211390 np0000157913 devstack@neutron-api.service[103194]: 'SecurityGroup': {'1.6'},
Mar 05 16:42:24.211390 np0000157913 devstack@neutron-api.service[103194]: 'SecurityGroupRule': {'1.3'},
Mar 05 16:42:24.211390 np0000157913 devstack@neutron-api.service[103194]: 'SubPort': {'1.0'},
Mar 05 16:42:24.211390 np0000157913 devstack@neutron-api.service[103194]: 'Subnet': {'1.2'},
Mar 05 16:42:24.211390 np0000157913 devstack@neutron-api.service[103194]: 'Trunk': {'1.1'}}
Mar 05 16:42:24.211390 np0000157913 devstack@neutron-api.service[103194]: consumer versions:
Mar 05 16:42:24.211390 np0000157913 devstack@neutron-api.service[103194]: {}
Mar 05 16:42:24.211390 np0000157913 devstack@neutron-api.service[103194]: {{(pid=103194) report /opt/stack/neutron/neutron/api/rpc/callbacks/version_manager.py:183}}
Mar 05 16:42:24.214170 np0000157913 devstack@neutron-api.service[103191]: DEBUG neutron.plugins.ml2.drivers.ovn.mech_driver.ovsdb.ovsdb_monitor [-] ChassisAgentWriteEvent : Matched Chassis_Private, update, None None {{(pid=103191) matches /opt/stack/neutron/neutron/plugins/ml2/drivers/ovn/mech_driver/ovsdb/ovsdb_monitor.py:64}}
Mar 05 16:42:24.214975 np0000157913 devstack@neutron-api.service[103192]: DEBUG neutron.plugins.ml2.drivers.ovn.mech_driver.ovsdb.ovsdb_monitor [-] ChassisAgentWriteEvent : Matched Chassis_Private, update, None None {{(pid=103192) matches /opt/stack/neutron/neutron/plugins/ml2/drivers/ovn/mech_driver/ovsdb/ovsdb_monitor.py:64}}
Mar 05 16:42:24.215670 np0000157913 devstack@neutron-api.service[103193]: DEBUG neutron.plugins.ml2.drivers.ovn.mech_driver.ovsdb.ovsdb_monitor [-] Hash Ring: Node a05e41467ee25a5b8dd261313bcd9c35 (host: np0000157913) handling event "update" for row 284c18bf-6707-4562-81af-3a0d58f6dd80 (table: NB_Global) {{(pid=103193) notify /opt/stack/neutron/neutron/plugins/ml2/drivers/ovn/mech_driver/ovsdb/ovsdb_monitor.py:906}}
Mar 05 16:42:24.215670 np0000157913 devstack@neutron-api.service[103193]: DEBUG neutron.plugins.ml2.drivers.ovn.mech_driver.ovsdb.ovsdb_monitor [-] ChassisAgentWriteEvent : Matched Chassis_Private, update, None None {{(pid=103193) matches /opt/stack/neutron/neutron/plugins/ml2/drivers/ovn/mech_driver/ovsdb/ovsdb_monitor.py:64}}
Mar 05 16:42:24.216633 np0000157913 devstack@neutron-api.service[103191]: DEBUG neutron.plugins.ml2.drivers.ovn.mech_driver.ovsdb.ovsdb_monitor [-] Hash Ring: Node 6c29f7a1defe50bc8cc925de26536d2b (host: np0000157913) handling event "update" for row 284c18bf-6707-4562-81af-3a0d58f6dd80 (table: NB_Global) {{(pid=103191) notify /opt/stack/neutron/neutron/plugins/ml2/drivers/ovn/mech_driver/ovsdb/ovsdb_monitor.py:906}}
Mar 05 16:42:24.217346 np0000157913 devstack@neutron-api.service[103191]: DEBUG neutron.plugins.ml2.drivers.ovn.mech_driver.ovsdb.ovsdb_monitor [-] Hash Ring: Node 6c29f7a1defe50bc8cc925de26536d2b (host: np0000157913) handling event "update" for row 284c18bf-6707-4562-81af-3a0d58f6dd80 (table: NB_Global) {{(pid=103191) notify /opt/stack/neutron/neutron/plugins/ml2/drivers/ovn/mech_driver/ovsdb/ovsdb_monitor.py:906}}
Mar 05 16:42:24.217566 np0000157913 devstack@neutron-api.service[103192]: DEBUG neutron.plugins.ml2.drivers.ovn.mech_driver.ovsdb.ovsdb_monitor [-] ChassisOVNAgentWriteEvent : Matched Chassis_Private, update, None None {{(pid=103192) matches /opt/stack/neutron/neutron/plugins/ml2/drivers/ovn/mech_driver/ovsdb/ovsdb_monitor.py:64}}
Mar 05 16:42:24.217655 np0000157913 devstack@neutron-api.service[103194]: DEBUG neutron.plugins.ml2.drivers.ovn.mech_driver.ovsdb.ovsdb_monitor [-] ChassisAgentWriteEvent : Matched Chassis_Private, update, None None {{(pid=103194) matches /opt/stack/neutron/neutron/plugins/ml2/drivers/ovn/mech_driver/ovsdb/ovsdb_monitor.py:64}}
Mar 05 16:42:24.218433 np0000157913 devstack@neutron-api.service[103193]: DEBUG neutron.plugins.ml2.drivers.ovn.mech_driver.ovsdb.ovsdb_monitor [-] ChassisOVNAgentWriteEvent : Matched Chassis_Private, update, None None {{(pid=103193) matches /opt/stack/neutron/neutron/plugins/ml2/drivers/ovn/mech_driver/ovsdb/ovsdb_monitor.py:64}}
Mar 05 16:42:24.218991 np0000157913 devstack@neutron-api.service[103194]: DEBUG neutron.plugins.ml2.drivers.ovn.mech_driver.ovsdb.ovsdb_monitor [-] ChassisOVNAgentWriteEvent : Matched Chassis_Private, update, None None {{(pid=103194) matches /opt/stack/neutron/neutron/plugins/ml2/drivers/ovn/mech_driver/ovsdb/ovsdb_monitor.py:64}}
