Mar 05 16:42:14.740240 np0000157913 devstack@neutron-api.service[103193]: DEBUG neutron.api.extensions [None req-c56c70f9-7b28-4a2e-8453-c9e637d3e4b1 None None] Ext name="L3 Conntrack helper" alias="l3-conntrack-helper" description="Allow adding CT target rules for conntrack helper" updated="2019-04-04T10:00:00-00:00" {{(pid=103193) _check_extension /opt/stack/neutron/neutron/api/extensions.py:415}}
Mar 05 16:42:14.740269 np0000157913 devstack@neutron-api.service[103192]: DEBUG neutron_lib.callbacks.manager [None req-748b2fc5-c2a9-494b-964b-154c801d3208 None None] Subscribe: > security_group after_delete 55550000, False {{(pid=103192) subscribe /opt/stack/data/venv/lib/python3.12/site-packages/neutron_lib/callbacks/manager.py:52}}
Mar 05 16:42:14.740452 np0000157913 devstack@neutron-api.service[103192]: DEBUG neutron_lib.callbacks.manager [None req-748b2fc5-c2a9-494b-964b-154c801d3208 None None] Subscribe: > security_group_rule after_create 55550000, False {{(pid=103192) subscribe /opt/stack/data/venv/lib/python3.12/site-packages/neutron_lib/callbacks/manager.py:52}}
Mar 05 16:42:14.740515 np0000157913 devstack@neutron-api.service[103193]: INFO neutron.api.extensions [None req-c56c70f9-7b28-4a2e-8453-c9e637d3e4b1 None None] Extension l3-conntrack-helper not supported by any of loaded plugins
Mar 05 16:42:14.740579 np0000157913 devstack@neutron-api.service[103192]: DEBUG neutron_lib.callbacks.manager [None req-748b2fc5-c2a9-494b-964b-154c801d3208 None None] Subscribe: > security_group_rule after_update 55550000, False {{(pid=103192) subscribe /opt/stack/data/venv/lib/python3.12/site-packages/neutron_lib/callbacks/manager.py:52}}
Mar 05 16:42:14.740643 np0000157913 devstack@neutron-api.service[103193]: DEBUG neutron.api.extensions [None req-c56c70f9-7b28-4a2e-8453-c9e637d3e4b1 None None] Loading extension file: l3_enable_default_route_bfd.py {{(pid=103193) _load_all_extensions_from_path /opt/stack/neutron/neutron/api/extensions.py:449}}
Mar 05 16:42:14.740771 np0000157913 devstack@neutron-api.service[103192]: DEBUG neutron_lib.callbacks.manager [None req-748b2fc5-c2a9-494b-964b-154c801d3208 None None] Subscribe: > security_group_rule after_delete 55550000, False {{(pid=103192) subscribe /opt/stack/data/venv/lib/python3.12/site-packages/neutron_lib/callbacks/manager.py:52}}
Mar 05 16:42:14.740771 np0000157913 devstack@neutron-api.service[103192]: DEBUG neutron_lib.callbacks.manager [None req-748b2fc5-c2a9-494b-964b-154c801d3208 None None] Subscribe: > address_group after_create 55550000, False {{(pid=103192) subscribe /opt/stack/data/venv/lib/python3.12/site-packages/neutron_lib/callbacks/manager.py:52}}
Mar 05 16:42:14.740869 np0000157913 devstack@neutron-api.service[103193]: DEBUG neutron.api.extensions [None req-c56c70f9-7b28-4a2e-8453-c9e637d3e4b1 None None] Ext name="Enable Default Route BFD" alias="enable-default-route-bfd" description="Enables configurable BFD behavior for default routes" updated="2023-02-27T00:00:00-00:00" {{(pid=103193) _check_extension /opt/stack/neutron/neutron/api/extensions.py:415}}
Mar 05 16:42:14.740901 np0000157913 devstack@neutron-api.service[103192]: DEBUG neutron_lib.callbacks.manager [None req-748b2fc5-c2a9-494b-964b-154c801d3208 None None] Subscribe: > address_group after_update 55550000, False {{(pid=103192) subscribe /opt/stack/data/venv/lib/python3.12/site-packages/neutron_lib/callbacks/manager.py:52}}
Mar 05 16:42:14.740901 np0000157913 devstack@neutron-api.service[103192]: DEBUG neutron_lib.callbacks.manager [None req-748b2fc5-c2a9-494b-964b-154c801d3208 None None] Subscribe: > address_group after_delete 55550000, False {{(pid=103192) subscribe /opt/stack/data/venv/lib/python3.12/site-packages/neutron_lib/callbacks/manager.py:52}}
Mar 05 16:42:14.740950 np0000157913 devstack@neutron-api.service[103193]: INFO neutron.api.extensions [None req-c56c70f9-7b28-4a2e-8453-c9e637d3e4b1 None None] Loaded extension: enable-default-route-bfd
Mar 05 16:42:14.741007 np0000157913 devstack@neutron-api.service[103192]: DEBUG neutron.plugins.ml2.ovo_rpc [None req-748b2fc5-c2a9-494b-964b-154c801d3208 None None] ML2 OVO RPC backend initialized. {{(pid=103192) __init__ /opt/stack/neutron/neutron/plugins/ml2/ovo_rpc.py:117}}
Mar 05 16:42:14.741032 np0000157913 devstack@neutron-api.service[103193]: DEBUG neutron.api.extensions [None req-c56c70f9-7b28-4a2e-8453-c9e637d3e4b1 None None] Loading extension file: l3_enable_default_route_ecmp.py {{(pid=103193) _load_all_extensions_from_path /opt/stack/neutron/neutron/api/extensions.py:449}}
Mar 05 16:42:14.741446 np0000157913 devstack@neutron-api.service[103193]: DEBUG neutron.api.extensions [None req-c56c70f9-7b28-4a2e-8453-c9e637d3e4b1 None None] Ext name="Enable Default Route ECMP" alias="enable-default-route-ecmp" description="Enables configurable ECMP behavior for default routes" updated="2023-02-27T00:00:00-00:00" {{(pid=103193) _check_extension /opt/stack/neutron/neutron/api/extensions.py:415}}
Mar 05 16:42:14.741446 np0000157913 devstack@neutron-api.service[103193]: INFO neutron.api.extensions [None req-c56c70f9-7b28-4a2e-8453-c9e637d3e4b1 None None] Loaded extension: enable-default-route-ecmp
Mar 05 16:42:14.741543 np0000157913 devstack@neutron-api.service[103193]: DEBUG neutron.api.extensions [None req-c56c70f9-7b28-4a2e-8453-c9e637d3e4b1 None None] Loading extension file: l3_ext_gw_mode.py {{(pid=103193) _load_all_extensions_from_path /opt/stack/neutron/neutron/api/extensions.py:449}}
Mar 05 16:42:14.741675 np0000157913 devstack@neutron-api.service[103192]: INFO neutron.quota [None req-748b2fc5-c2a9-494b-964b-154c801d3208 None None] Loaded quota_driver: .
Mar 05 16:42:14.741799 np0000157913 devstack@neutron-api.service[103193]: DEBUG neutron.api.extensions [None req-c56c70f9-7b28-4a2e-8453-c9e637d3e4b1 None None] Ext name="Neutron L3 Configurable external gateway mode" alias="ext-gw-mode" description="Extension of the router abstraction for specifying whether SNAT should occur on the external gateway" updated="2013-03-28T10:00:00-00:00" {{(pid=103193) _check_extension /opt/stack/neutron/neutron/api/extensions.py:415}}
Mar 05 16:42:14.741978 np0000157913 devstack@neutron-api.service[103192]: INFO neutron.plugins.ml2.plugin [None req-748b2fc5-c2a9-494b-964b-154c801d3208 None None] Modular L2 Plugin initialization complete
Mar 05 16:42:14.742041 np0000157913 devstack@neutron-api.service[103193]: INFO neutron.api.extensions [None req-c56c70f9-7b28-4a2e-8453-c9e637d3e4b1 None None] Loaded extension: ext-gw-mode
Mar 05 16:42:14.742069 np0000157913 devstack@neutron-api.service[103192]: DEBUG neutron.manager [None req-748b2fc5-c2a9-494b-964b-154c801d3208 None None] Loading services supported by the core plugin {{(pid=103192) _load_services_from_core_plugin /opt/stack/neutron/neutron/manager.py:169}}
Mar 05 16:42:14.742097 np0000157913 devstack@neutron-api.service[103193]: DEBUG neutron.api.extensions [None req-c56c70f9-7b28-4a2e-8453-c9e637d3e4b1 None None] Loading extension file: l3_ext_ha_mode.py {{(pid=103193) _load_all_extensions_from_path /opt/stack/neutron/neutron/api/extensions.py:449}}
Mar 05 16:42:14.742122 np0000157913 devstack@neutron-api.service[103192]: INFO neutron.plugins.ml2.managers [None req-748b2fc5-c2a9-494b-964b-154c801d3208 None None] Got port-security extension from driver 'port_security'
Mar 05 16:42:14.742270 np0000157913 devstack@neutron-api.service[103193]: DEBUG neutron.api.extensions [None req-c56c70f9-7b28-4a2e-8453-c9e637d3e4b1 None None] Ext name="HA Router extension" alias="l3-ha" description="Adds HA capability to routers." updated="2014-04-26T00:00:00-00:00" {{(pid=103193) _check_extension /opt/stack/neutron/neutron/api/extensions.py:415}}
Mar 05 16:42:14.742428 np0000157913 devstack@neutron-api.service[103192]: DEBUG neutron.manager [None req-748b2fc5-c2a9-494b-964b-154c801d3208 None None] Loading service plugins: ['ovn-router', 'auto_allocate', 'tag', 'timestamp', 'network_ip_availability', 'flavors', 'revisions'] {{(pid=103192) _load_service_plugins /opt/stack/neutron/neutron/manager.py:194}}
Mar 05 16:42:14.742428 np0000157913 devstack@neutron-api.service[103192]: INFO neutron.manager [None req-748b2fc5-c2a9-494b-964b-154c801d3208 None None] Loading Plugin: ovn-router
Mar 05 16:42:14.742538 np0000157913 devstack@neutron-api.service[103193]: INFO neutron.api.extensions [None req-c56c70f9-7b28-4a2e-8453-c9e637d3e4b1 None None] Loaded extension: l3-ha
Mar 05 16:42:14.742538 np0000157913 devstack@neutron-api.service[103193]: DEBUG neutron.api.extensions [None req-c56c70f9-7b28-4a2e-8453-c9e637d3e4b1 None None] Loading extension file: l3_ext_ndp_proxy.py {{(pid=103193) _load_all_extensions_from_path /opt/stack/neutron/neutron/api/extensions.py:449}}
Mar 05 16:42:14.742719 np0000157913 devstack@neutron-api.service[103193]: DEBUG neutron.api.extensions [None req-c56c70f9-7b28-4a2e-8453-c9e637d3e4b1 None None] Ext name="Router support to enable NDP proxy" alias="l3-ext-ndp-proxy" description="Router extension to enable ndp proxy" updated="2020-08-25T00:00:00-00:00" {{(pid=103193) _check_extension /opt/stack/neutron/neutron/api/extensions.py:415}}
Mar 05 16:42:14.742885 np0000157913 devstack@neutron-api.service[103193]: INFO neutron.api.extensions [None req-c56c70f9-7b28-4a2e-8453-c9e637d3e4b1 None None] Extension l3-ext-ndp-proxy not supported by any of loaded plugins
Mar 05 16:42:14.742974 np0000157913 devstack@neutron-api.service[103193]: DEBUG neutron.api.extensions [None req-c56c70f9-7b28-4a2e-8453-c9e637d3e4b1 None None] Loading extension file: l3_extra_gws.py {{(pid=103193) _load_all_extensions_from_path /opt/stack/neutron/neutron/api/extensions.py:449}}
Mar 05 16:42:14.743180 np0000157913 devstack@neutron-api.service[103193]: DEBUG neutron.api.extensions [None req-c56c70f9-7b28-4a2e-8453-c9e637d3e4b1 None None] Ext name="Neutron L3 External Gateway Multihoming" alias="external-gateway-multihoming" description="Allow multiple external gateway ports per router" updated="2023-01-18T00:00:00-00:00" {{(pid=103193) _check_extension /opt/stack/neutron/neutron/api/extensions.py:415}}
Mar 05 16:42:14.743382 np0000157913 devstack@neutron-api.service[103193]: INFO neutron.api.extensions [None req-c56c70f9-7b28-4a2e-8453-c9e637d3e4b1 None None] Loaded extension: external-gateway-multihoming
Mar 05 16:42:14.743457 np0000157913 devstack@neutron-api.service[103193]: DEBUG neutron.api.extensions [None req-c56c70f9-7b28-4a2e-8453-c9e637d3e4b1 None None] Loading extension file: l3_flavors.py {{(pid=103193) _load_all_extensions_from_path /opt/stack/neutron/neutron/api/extensions.py:449}}
Mar 05 16:42:14.743676 np0000157913 devstack@neutron-api.service[103193]: DEBUG neutron.api.extensions [None req-c56c70f9-7b28-4a2e-8453-c9e637d3e4b1 None None] Ext name="Router Flavor Extension" alias="l3-flavors" description="Flavor support for routers." updated="2016-05-17T00:00:00-00:00" {{(pid=103193) _check_extension /opt/stack/neutron/neutron/api/extensions.py:415}}
Mar 05 16:42:14.744175 np0000157913 devstack@neutron-api.service[103193]: INFO neutron.api.extensions [None req-c56c70f9-7b28-4a2e-8453-c9e637d3e4b1 None None] Loaded extension: l3-flavors
Mar 05 16:42:14.744175 np0000157913 devstack@neutron-api.service[103193]: DEBUG neutron.api.extensions [None req-c56c70f9-7b28-4a2e-8453-c9e637d3e4b1 None None] Loading extension file: l3_ndp_proxy.py {{(pid=103193) _load_all_extensions_from_path /opt/stack/neutron/neutron/api/extensions.py:449}}
Mar 05 16:42:14.744175 np0000157913 devstack@neutron-api.service[103193]: DEBUG neutron.api.extensions [None req-c56c70f9-7b28-4a2e-8453-c9e637d3e4b1 None None] Ext name="name" alias="l3-ndp-proxy" description="description" updated="2021-06-29T10:00:00-00:00" {{(pid=103193) _check_extension /opt/stack/neutron/neutron/api/extensions.py:415}}
Mar 05 16:42:14.744569 np0000157913 devstack@neutron-api.service[103193]: INFO neutron.api.extensions [None req-c56c70f9-7b28-4a2e-8453-c9e637d3e4b1 None None] Extension l3-ndp-proxy not supported by any of loaded plugins
Mar 05 16:42:14.744745 np0000157913 devstack@neutron-api.service[103193]: DEBUG neutron.api.extensions [None req-c56c70f9-7b28-4a2e-8453-c9e637d3e4b1 None None] Loading extension file: l3_port_ip_change_not_allowed.py {{(pid=103193) _load_all_extensions_from_path /opt/stack/neutron/neutron/api/extensions.py:449}}
Mar 05 16:42:14.744910 np0000157913 devstack@neutron-api.service[103193]: DEBUG neutron.api.extensions [None req-c56c70f9-7b28-4a2e-8453-c9e637d3e4b1 None None] Ext name="Prevent L3 router ports IP address change extension" alias="l3-port-ip-change-not-allowed" description="Prevent change of IP address for some L3 router ports" updated="2018-10-09T10:00:00-00:00" {{(pid=103193) _check_extension /opt/stack/neutron/neutron/api/extensions.py:415}}
Mar 05 16:42:14.745202 np0000157913 devstack@neutron-api.service[103193]: INFO neutron.api.extensions [None req-c56c70f9-7b28-4a2e-8453-c9e637d3e4b1 None None] Extension l3-port-ip-change-not-allowed not supported by any of loaded plugins
Mar 05 16:42:14.745202 np0000157913 devstack@neutron-api.service[103193]: DEBUG neutron.api.extensions [None req-c56c70f9-7b28-4a2e-8453-c9e637d3e4b1 None None] Loading extension file: l3agentscheduler.py {{(pid=103193) _load_all_extensions_from_path /opt/stack/neutron/neutron/api/extensions.py:449}}
Mar 05 16:42:14.745471 np0000157913 devstack@neutron-api.service[103194]: INFO neutron.plugins.ml2.drivers.type_vlan [None req-68d1175a-7768-4c86-a5f0-84fbaf5062d7 None None] VlanTypeDriver initialization complete
Mar 05 16:42:14.745471 np0000157913 devstack@neutron-api.service[103194]: INFO neutron.plugins.ml2.managers [None req-68d1175a-7768-4c86-a5f0-84fbaf5062d7 None None] Initializing extension driver 'port_security'
Mar 05 16:42:14.745471 np0000157913 devstack@neutron-api.service[103194]: INFO neutron.plugins.ml2.extensions.port_security [None req-68d1175a-7768-4c86-a5f0-84fbaf5062d7 None None] PortSecurityExtensionDriver initialization complete
Mar 05 16:42:14.745471 np0000157913 devstack@neutron-api.service[103194]: INFO neutron.plugins.ml2.managers [None req-68d1175a-7768-4c86-a5f0-84fbaf5062d7 None None] Initializing extension driver 'qos'
Mar 05 16:42:14.745757 np0000157913 devstack@neutron-api.service[103194]: DEBUG neutron.plugins.ml2.extensions.qos [None req-68d1175a-7768-4c86-a5f0-84fbaf5062d7 None None] QosExtensionDriver initialization complete {{(pid=103194) initialize /opt/stack/neutron/neutron/plugins/ml2/extensions/qos.py:31}}
Mar 05 16:42:14.745757 np0000157913 devstack@neutron-api.service[103194]: INFO neutron.plugins.ml2.managers [None req-68d1175a-7768-4c86-a5f0-84fbaf5062d7 None None] Initializing mechanism driver 'ovn'
Mar 05 16:42:14.745850 np0000157913 devstack@neutron-api.service[103193]: DEBUG neutron.api.extensions [None req-c56c70f9-7b28-4a2e-8453-c9e637d3e4b1 None None] Ext name="L3 Agent Scheduler" alias="l3_agent_scheduler" description="Schedule routers among l3 agents" updated="2013-02-07T10:00:00-00:00" {{(pid=103193) _check_extension /opt/stack/neutron/neutron/api/extensions.py:415}}
Mar 05 16:42:14.745906 np0000157913 devstack@neutron-api.service[103194]: INFO neutron.plugins.ml2.drivers.ovn.mech_driver.mech_driver [None req-68d1175a-7768-4c86-a5f0-84fbaf5062d7 None None] Starting OVNMechanismDriver
Mar 05 16:42:14.745954 np0000157913 devstack@neutron-api.service[103193]: INFO neutron.api.extensions [None req-c56c70f9-7b28-4a2e-8453-c9e637d3e4b1 None None] Extension l3_agent_scheduler not supported by any of loaded plugins
Mar 05 16:42:14.745954 np0000157913 devstack@neutron-api.service[103193]: DEBUG neutron.api.extensions [None req-c56c70f9-7b28-4a2e-8453-c9e637d3e4b1 None None] Loading extension file: local_ip.py {{(pid=103193) _load_all_extensions_from_path /opt/stack/neutron/neutron/api/extensions.py:449}}
Mar 05 16:42:14.746216 np0000157913 devstack@neutron-api.service[103193]: DEBUG neutron.api.extensions [None req-c56c70f9-7b28-4a2e-8453-c9e637d3e4b1 None None] Ext name="Local IP" alias="local_ip" description="Support Node Local Virtual IP" updated="2021-07-26T10:00:00-00:00" {{(pid=103193) _check_extension /opt/stack/neutron/neutron/api/extensions.py:415}}
Mar 05 16:42:14.746403 np0000157913 devstack@neutron-api.service[103193]: INFO neutron.api.extensions [None req-c56c70f9-7b28-4a2e-8453-c9e637d3e4b1 None None] Extension local_ip not supported by any of loaded plugins
Mar 05 16:42:14.746492 np0000157913 devstack@neutron-api.service[103193]: DEBUG neutron.api.extensions [None req-c56c70f9-7b28-4a2e-8453-c9e637d3e4b1 None None] Loading extension file: logging.py {{(pid=103193) _load_all_extensions_from_path /opt/stack/neutron/neutron/api/extensions.py:449}}
Mar 05 16:42:14.746805 np0000157913 devstack@neutron-api.service[103193]: DEBUG neutron.api.extensions [None req-c56c70f9-7b28-4a2e-8453-c9e637d3e4b1 None None] Ext name="Logging API Extension" alias="logging" description="Provides a logging API for resources such as security group and firewall." updated="2017-01-01T10:00:00-00:00" {{(pid=103193) _check_extension /opt/stack/neutron/neutron/api/extensions.py:415}}
Mar 05 16:42:14.746974 np0000157913 devstack@neutron-api.service[103193]: INFO neutron.api.extensions [None req-c56c70f9-7b28-4a2e-8453-c9e637d3e4b1 None None] Extension logging not supported by any of loaded plugins
Mar 05 16:42:14.747063 np0000157913 devstack@neutron-api.service[103193]: DEBUG neutron.api.extensions [None req-c56c70f9-7b28-4a2e-8453-c9e637d3e4b1 None None] Loading extension file: metering.py {{(pid=103193) _load_all_extensions_from_path /opt/stack/neutron/neutron/api/extensions.py:449}}
Mar 05 16:42:14.747474 np0000157913 devstack@neutron-api.service[103194]: DEBUG neutron_lib.callbacks.manager [None req-68d1175a-7768-4c86-a5f0-84fbaf5062d7 None None] Subscribe: > process before_spawn 55550000, False {{(pid=103194) subscribe /opt/stack/data/venv/lib/python3.12/site-packages/neutron_lib/callbacks/manager.py:52}}
Mar 05 16:42:14.747706 np0000157913 devstack@neutron-api.service[103193]: DEBUG neutron.api.extensions [None req-c56c70f9-7b28-4a2e-8453-c9e637d3e4b1 None None] Ext name="Neutron Metering" alias="metering" description="Neutron Metering extension." updated="2013-06-12T10:00:00-00:00" {{(pid=103193) _check_extension /opt/stack/neutron/neutron/api/extensions.py:415}}
Mar 05 16:42:14.747905 np0000157913 devstack@neutron-api.service[103194]: DEBUG neutron_lib.callbacks.manager [None req-68d1175a-7768-4c86-a5f0-84fbaf5062d7 None None] Subscribe: > process after_init 55550000, True {{(pid=103194) subscribe /opt/stack/data/venv/lib/python3.12/site-packages/neutron_lib/callbacks/manager.py:52}}
Mar 05 16:42:14.748059 np0000157913 devstack@neutron-api.service[103193]: INFO neutron.api.extensions [None req-c56c70f9-7b28-4a2e-8453-c9e637d3e4b1 None None] Extension metering not supported by any of loaded plugins
Mar 05 16:42:14.748165 np0000157913 devstack@neutron-api.service[103194]: DEBUG neutron_lib.callbacks.manager [None req-68d1175a-7768-4c86-a5f0-84fbaf5062d7 None None] Subscribe: > segment after_create 55550000, False {{(pid=103194) subscribe /opt/stack/data/venv/lib/python3.12/site-packages/neutron_lib/callbacks/manager.py:52}}
Mar 05 16:42:14.748220 np0000157913 devstack@neutron-api.service[103193]: DEBUG neutron.api.extensions [None req-c56c70f9-7b28-4a2e-8453-c9e637d3e4b1 None None] Loading extension file: metering_source_and_destination_fields.py {{(pid=103193) _load_all_extensions_from_path /opt/stack/neutron/neutron/api/extensions.py:449}}
Mar 05 16:42:14.748266 np0000157913 devstack@neutron-api.service[103194]: DEBUG neutron_lib.callbacks.manager [None req-68d1175a-7768-4c86-a5f0-84fbaf5062d7 None None] Subscribe: > segment after_create 55550000, False {{(pid=103194) subscribe /opt/stack/data/venv/lib/python3.12/site-packages/neutron_lib/callbacks/manager.py:52}}
Mar 05 16:42:14.748266 np0000157913 devstack@neutron-api.service[103194]: DEBUG neutron_lib.callbacks.manager [None req-68d1175a-7768-4c86-a5f0-84fbaf5062d7 None None] Subscribe: > segment after_delete 55550000, False {{(pid=103194) subscribe /opt/stack/data/venv/lib/python3.12/site-packages/neutron_lib/callbacks/manager.py:52}}
Mar 05 16:42:14.748350 np0000157913 devstack@neutron-api.service[103193]: DEBUG neutron.api.extensions [None req-c56c70f9-7b28-4a2e-8453-c9e637d3e4b1 None None] Ext name="Neutron Metering with source and destination filtering" alias="metering_source_and_destination_fields" description="Neutron Metering extension that enables the use of source and destination IP prefixes to create metering label rules." updated="2020-08-21T08:12:00-00:00" {{(pid=103193) _check_extension /opt/stack/neutron/neutron/api/extensions.py:415}}
Mar 05 16:42:14.748378 np0000157913 devstack@neutron-api.service[103194]: DEBUG neutron_lib.callbacks.manager [None req-68d1175a-7768-4c86-a5f0-84fbaf5062d7 None None] Subscribe: > allowed_address_pair before_create 55550000, False {{(pid=103194) subscribe /opt/stack/data/venv/lib/python3.12/site-packages/neutron_lib/callbacks/manager.py:52}}
Mar 05 16:42:14.748378 np0000157913 devstack@neutron-api.service[103194]: DEBUG neutron_lib.callbacks.manager [None req-68d1175a-7768-4c86-a5f0-84fbaf5062d7 None None] Subscribe: > security_group precommit_create 55550000, False {{(pid=103194) subscribe /opt/stack/data/venv/lib/python3.12/site-packages/neutron_lib/callbacks/manager.py:52}}
Mar 05 16:42:14.748428 np0000157913 devstack@neutron-api.service[103193]: INFO neutron.api.extensions [None req-c56c70f9-7b28-4a2e-8453-c9e637d3e4b1 None None] Extension metering_source_and_destination_fields not supported by any of loaded plugins
Mar 05 16:42:14.748490 np0000157913 devstack@neutron-api.service[103194]: DEBUG neutron_lib.callbacks.manager [None req-68d1175a-7768-4c86-a5f0-84fbaf5062d7 None None] Subscribe: > security_group after_update 55550000, False {{(pid=103194) subscribe /opt/stack/data/venv/lib/python3.12/site-packages/neutron_lib/callbacks/manager.py:52}}
Mar 05 16:42:14.748549 np0000157913 devstack@neutron-api.service[103193]: DEBUG neutron.api.extensions [None req-c56c70f9-7b28-4a2e-8453-c9e637d3e4b1 None None] Loading extension file: multiprovidernet.py {{(pid=103193) _load_all_extensions_from_path /opt/stack/neutron/neutron/api/extensions.py:449}}
Mar 05 16:42:14.748574 np0000157913 devstack@neutron-api.service[103194]: DEBUG neutron_lib.callbacks.manager [None req-68d1175a-7768-4c86-a5f0-84fbaf5062d7 None None] Subscribe: > security_group after_create 55550000, False {{(pid=103194) subscribe /opt/stack/data/venv/lib/python3.12/site-packages/neutron_lib/callbacks/manager.py:52}}
Mar 05 16:42:14.748574 np0000157913 devstack@neutron-api.service[103194]: DEBUG neutron_lib.callbacks.manager [None req-68d1175a-7768-4c86-a5f0-84fbaf5062d7 None None] Subscribe: > security_group precommit_delete 55550000, False {{(pid=103194) subscribe /opt/stack/data/venv/lib/python3.12/site-packages/neutron_lib/callbacks/manager.py:52}}
Mar 05 16:42:14.748667 np0000157913 devstack@neutron-api.service[103193]: DEBUG neutron.api.extensions [None req-c56c70f9-7b28-4a2e-8453-c9e637d3e4b1 None None] Ext name="Multi Provider Network" alias="multi-provider" description="Expose mapping of virtual networks to multiple physical networks" updated="2013-06-27T10:00:00-00:00" {{(pid=103193) _check_extension /opt/stack/neutron/neutron/api/extensions.py:415}}
Mar 05 16:42:14.748723 np0000157913 devstack@neutron-api.service[103194]: DEBUG neutron_lib.callbacks.manager [None req-68d1175a-7768-4c86-a5f0-84fbaf5062d7 None None] Subscribe: > security_group after_delete 55550000, False {{(pid=103194) subscribe /opt/stack/data/venv/lib/python3.12/site-packages/neutron_lib/callbacks/manager.py:52}}
Mar 05 16:42:14.748723 np0000157913 devstack@neutron-api.service[103194]: DEBUG neutron_lib.callbacks.manager [None req-68d1175a-7768-4c86-a5f0-84fbaf5062d7 None None] Subscribe: > security_group_rule precommit_create 55550000, False {{(pid=103194) subscribe /opt/stack/data/venv/lib/python3.12/site-packages/neutron_lib/callbacks/manager.py:52}}
Mar 05 16:42:14.748774 np0000157913 devstack@neutron-api.service[103193]: INFO neutron.api.extensions [None req-c56c70f9-7b28-4a2e-8453-c9e637d3e4b1 None None] Loaded extension: multi-provider
Mar 05 16:42:14.748828 np0000157913 devstack@neutron-api.service[103194]: DEBUG neutron_lib.callbacks.manager [None req-68d1175a-7768-4c86-a5f0-84fbaf5062d7 None None] Subscribe: > security_group_rule after_create 55550000, False {{(pid=103194) subscribe /opt/stack/data/venv/lib/python3.12/site-packages/neutron_lib/callbacks/manager.py:52}}
Mar 05 16:42:14.748890 np0000157913 devstack@neutron-api.service[103193]: DEBUG neutron.api.extensions [None req-c56c70f9-7b28-4a2e-8453-c9e637d3e4b1 None None] Loading extension file: netmtu.py {{(pid=103193) _load_all_extensions_from_path /opt/stack/neutron/neutron/api/extensions.py:449}}
Mar 05 16:42:14.748918 np0000157913 devstack@neutron-api.service[103194]: DEBUG neutron_lib.callbacks.manager [None req-68d1175a-7768-4c86-a5f0-84fbaf5062d7 None None] Subscribe: > security_group_rule before_delete 55550000, False {{(pid=103194) subscribe /opt/stack/data/venv/lib/python3.12/site-packages/neutron_lib/callbacks/manager.py:52}}
Mar 05 16:42:14.748918 np0000157913 devstack@neutron-api.service[103194]: DEBUG neutron_lib.callbacks.manager [None req-68d1175a-7768-4c86-a5f0-84fbaf5062d7 None None] Subscribe: > address_group after_create 55550000, False {{(pid=103194) subscribe /opt/stack/data/venv/lib/python3.12/site-packages/neutron_lib/callbacks/manager.py:52}}
Mar 05 16:42:14.749000 np0000157913 devstack@neutron-api.service[103193]: DEBUG neutron.api.extensions [None req-c56c70f9-7b28-4a2e-8453-c9e637d3e4b1 None None] Ext name="Network MTU" alias="net-mtu" description="Provides MTU attribute for a network resource." updated="2015-03-25T10:00:00-00:00" {{(pid=103193) _check_extension /opt/stack/neutron/neutron/api/extensions.py:415}}
Mar 05 16:42:14.749058 np0000157913 devstack@neutron-api.service[103194]: DEBUG neutron_lib.callbacks.manager [None req-68d1175a-7768-4c86-a5f0-84fbaf5062d7 None None] Subscribe: > address_group after_update 55550000, False {{(pid=103194) subscribe /opt/stack/data/venv/lib/python3.12/site-packages/neutron_lib/callbacks/manager.py:52}}
Mar 05 16:42:14.749113 np0000157913 devstack@neutron-api.service[103194]: DEBUG neutron_lib.callbacks.manager [None req-68d1175a-7768-4c86-a5f0-84fbaf5062d7 None None] Subscribe: > address_group after_delete 55550000, False {{(pid=103194) subscribe /opt/stack/data/venv/lib/python3.12/site-packages/neutron_lib/callbacks/manager.py:52}}
Mar 05 16:42:14.749139 np0000157913 devstack@neutron-api.service[103193]: INFO neutron.api.extensions [None req-c56c70f9-7b28-4a2e-8453-c9e637d3e4b1 None None] Loaded extension: net-mtu
Mar 05 16:42:14.749809 np0000157913 devstack@neutron-api.service[103193]: DEBUG neutron.api.extensions [None req-c56c70f9-7b28-4a2e-8453-c9e637d3e4b1 None None] Loading extension file: netmtu_writable.py {{(pid=103193) _load_all_extensions_from_path /opt/stack/neutron/neutron/api/extensions.py:449}}
Mar 05 16:42:14.750172 np0000157913 devstack@neutron-api.service[103194]: DEBUG neutron_lib.callbacks.manager [None req-68d1175a-7768-4c86-a5f0-84fbaf5062d7 None None] Subscribe: > qos_plugin after_init 55550000, False {{(pid=103194) subscribe /opt/stack/data/venv/lib/python3.12/site-packages/neutron_lib/callbacks/manager.py:52}}
Mar 05 16:42:14.750523 np0000157913 devstack@neutron-api.service[103193]: DEBUG neutron.api.extensions [None req-c56c70f9-7b28-4a2e-8453-c9e637d3e4b1 None None] Ext name="Network MTU (writable)" alias="net-mtu-writable" description="Provides a writable MTU attribute for a network resource." updated="2017-07-12T00:00:00-00:00" {{(pid=103193) _check_extension /opt/stack/neutron/neutron/api/extensions.py:415}}
Mar 05 16:42:14.750789 np0000157913 devstack@neutron-api.service[103194]: DEBUG neutron_lib.callbacks.manager [None req-68d1175a-7768-4c86-a5f0-84fbaf5062d7 None None] Subscribe: > trunk_plugin after_init 55550000, False {{(pid=103194) subscribe /opt/stack/data/venv/lib/python3.12/site-packages/neutron_lib/callbacks/manager.py:52}}
Mar 05 16:42:14.750988 np0000157913 devstack@neutron-api.service[103193]: INFO neutron.api.extensions [None req-c56c70f9-7b28-4a2e-8453-c9e637d3e4b1 None None] Loaded extension: net-mtu-writable
Mar 05 16:42:14.750988 np0000157913 devstack@neutron-api.service[103193]: DEBUG neutron.api.extensions [None req-c56c70f9-7b28-4a2e-8453-c9e637d3e4b1 None None] Loading extension file: network_availability_zone.py {{(pid=103193) _load_all_extensions_from_path /opt/stack/neutron/neutron/api/extensions.py:449}}
Mar 05 16:42:14.751182 np0000157913 devstack@neutron-api.service[103194]: DEBUG neutron_lib.callbacks.manager [None req-68d1175a-7768-4c86-a5f0-84fbaf5062d7 None None] Subscribe: > logging-plugin after_init 55550000, False {{(pid=103194) subscribe /opt/stack/data/venv/lib/python3.12/site-packages/neutron_lib/callbacks/manager.py:52}}
Mar 05 16:42:14.751263 np0000157913 devstack@neutron-api.service[103193]: DEBUG neutron.api.extensions [None req-c56c70f9-7b28-4a2e-8453-c9e637d3e4b1 None None] Ext name="Network Availability Zone" alias="network_availability_zone" description="Availability zone support for network." updated="2015-01-01T10:00:00-00:00" {{(pid=103193) _check_extension /opt/stack/neutron/neutron/api/extensions.py:415}}
Mar 05 16:42:14.751263 np0000157913 devstack@neutron-api.service[103193]: INFO neutron.api.extensions [None req-c56c70f9-7b28-4a2e-8453-c9e637d3e4b1 None None] Loaded extension: network_availability_zone
Mar 05 16:42:14.751346 np0000157913 devstack@neutron-api.service[103194]: INFO neutron.services.logapi.drivers.ovn.driver [None req-68d1175a-7768-4c86-a5f0-84fbaf5062d7 None None] OVN logging driver registered
Mar 05 16:42:14.751377 np0000157913 devstack@neutron-api.service[103193]: DEBUG neutron.api.extensions [None req-c56c70f9-7b28-4a2e-8453-c9e637d3e4b1 None None] Loading extension file: network_ha.py {{(pid=103193) _load_all_extensions_from_path /opt/stack/neutron/neutron/api/extensions.py:449}}
Mar 05 16:42:14.751377 np0000157913 devstack@neutron-api.service[103193]: DEBUG neutron.api.extensions [None req-c56c70f9-7b28-4a2e-8453-c9e637d3e4b1 None None] Ext name="Network HA creation flag" alias="network_ha" description="Network high availability creation flag." updated="2023-04-27T10:00:00-00:00" {{(pid=103193) _check_extension /opt/stack/neutron/neutron/api/extensions.py:415}}
Mar 05 16:42:14.751377 np0000157913 devstack@neutron-api.service[103193]: INFO neutron.api.extensions [None req-c56c70f9-7b28-4a2e-8453-c9e637d3e4b1 None None] Extension network_ha not supported by any of loaded plugins
Mar 05 16:42:14.751377 np0000157913 devstack@neutron-api.service[103193]: DEBUG neutron.api.extensions [None req-c56c70f9-7b28-4a2e-8453-c9e637d3e4b1 None None] Loading extension file: network_ip_availability.py {{(pid=103193) _load_all_extensions_from_path /opt/stack/neutron/neutron/api/extensions.py:449}}
Mar 05 16:42:14.751521 np0000157913 devstack@neutron-api.service[103192]: DEBUG neutron_lib.callbacks.manager [None req-748b2fc5-c2a9-494b-964b-154c801d3208 None None] Subscribe: > router before_delete 55550000, False {{(pid=103192) subscribe /opt/stack/data/venv/lib/python3.12/site-packages/neutron_lib/callbacks/manager.py:52}}
Mar 05 16:42:14.751721 np0000157913 devstack@neutron-api.service[103193]: DEBUG neutron.api.extensions [None req-c56c70f9-7b28-4a2e-8453-c9e637d3e4b1 None None] Ext name="Network IP Availability" alias="network-ip-availability" description="Provides IP availability data for each network and subnet." updated="2015-09-24T00:00:00-00:00" {{(pid=103193) _check_extension /opt/stack/neutron/neutron/api/extensions.py:415}}
Mar 05 16:42:14.751819 np0000157913 devstack@neutron-api.service[103192]: DEBUG neutron_lib.callbacks.manager [None req-748b2fc5-c2a9-494b-964b-154c801d3208 None None] Subscribe: port after_update 55550000, False {{(pid=103192) subscribe /opt/stack/data/venv/lib/python3.12/site-packages/neutron_lib/callbacks/manager.py:52}}
Mar 05 16:42:14.751899 np0000157913 devstack@neutron-api.service[103193]: INFO neutron.api.extensions [None req-c56c70f9-7b28-4a2e-8453-c9e637d3e4b1 None None] Loaded extension: network-ip-availability
Mar 05 16:42:14.751927 np0000157913 devstack@neutron-api.service[103192]: DEBUG neutron_lib.callbacks.manager [None req-748b2fc5-c2a9-494b-964b-154c801d3208 None None] Subscribe: port after_delete 55550000, False {{(pid=103192) subscribe /opt/stack/data/venv/lib/python3.12/site-packages/neutron_lib/callbacks/manager.py:52}}
Mar 05 16:42:14.751986 np0000157913 devstack@neutron-api.service[103193]: DEBUG neutron.api.extensions [None req-c56c70f9-7b28-4a2e-8453-c9e637d3e4b1 None None] Loading extension file: network_ip_availability_details.py {{(pid=103193) _load_all_extensions_from_path /opt/stack/neutron/neutron/api/extensions.py:449}}
Mar 05 16:42:14.752012 np0000157913 devstack@neutron-api.service[103192]: DEBUG neutron_lib.callbacks.manager [None req-748b2fc5-c2a9-494b-964b-154c801d3208 None None] Subscribe: subnet after_update 55550000, False {{(pid=103192) subscribe /opt/stack/data/venv/lib/python3.12/site-packages/neutron_lib/callbacks/manager.py:52}}
Mar 05 16:42:14.752012 np0000157913 devstack@neutron-api.service[103192]: DEBUG neutron_lib.callbacks.manager [None req-748b2fc5-c2a9-494b-964b-154c801d3208 None None] Subscribe: subnetpool_address_scope after_update 55550000, False {{(pid=103192) subscribe /opt/stack/data/venv/lib/python3.12/site-packages/neutron_lib/callbacks/manager.py:52}}
Mar 05 16:42:14.752105 np0000157913 devstack@neutron-api.service[103193]: DEBUG neutron.api.extensions [None req-c56c70f9-7b28-4a2e-8453-c9e637d3e4b1 None None] Ext name="Network IP Availability Details Extension" alias="network-ip-availability-details" description="Add ip_availability_details attribute to network-ip-availabilities resource." updated="2025-10-31T00:00:00-00:00" {{(pid=103193) _check_extension /opt/stack/neutron/neutron/api/extensions.py:415}}
Mar 05 16:42:14.752157 np0000157913 devstack@neutron-api.service[103192]: DEBUG neutron_lib.callbacks.manager [None req-748b2fc5-c2a9-494b-964b-154c801d3208 None None] Subscribe: port before_update 55550000, False {{(pid=103192) subscribe /opt/stack/data/venv/lib/python3.12/site-packages/neutron_lib/callbacks/manager.py:52}}
Mar 05 16:42:14.752157 np0000157913 devstack@neutron-api.service[103192]: DEBUG neutron_lib.callbacks.manager [None req-748b2fc5-c2a9-494b-964b-154c801d3208 None None] Subscribe: port after_update 55550000, False {{(pid=103192) subscribe /opt/stack/data/venv/lib/python3.12/site-packages/neutron_lib/callbacks/manager.py:52}}
Mar 05 16:42:14.752206 np0000157913 devstack@neutron-api.service[103193]: INFO neutron.api.extensions [None req-c56c70f9-7b28-4a2e-8453-c9e637d3e4b1 None None] Loaded extension: network-ip-availability-details
Mar 05 16:42:14.752275 np0000157913 devstack@neutron-api.service[103194]: DEBUG neutron.plugins.ml2.plugin [None req-68d1175a-7768-4c86-a5f0-84fbaf5062d7 None None] neutron.plugins.ml2.plugin.Ml2Plugin method _start_rpc_notifiers called with arguments () {} {{(pid=103194) wrapper /opt/stack/data/venv/lib/python3.12/site-packages/oslo_log/helpers.py:77}}
Mar 05 16:42:14.752335 np0000157913 devstack@neutron-api.service[103192]: DEBUG neutron_lib.callbacks.manager [None req-748b2fc5-c2a9-494b-964b-154c801d3208 None None] Subscribe: > port precommit_delete 55550000, False {{(pid=103192) subscribe /opt/stack/data/venv/lib/python3.12/site-packages/neutron_lib/callbacks/manager.py:52}}
Mar 05 16:42:14.752365 np0000157913 devstack@neutron-api.service[103193]: DEBUG neutron.api.extensions [None req-c56c70f9-7b28-4a2e-8453-c9e637d3e4b1 None None] Loading extension file: network_segment_range.py {{(pid=103193) _load_all_extensions_from_path /opt/stack/neutron/neutron/api/extensions.py:449}}
Mar 05 16:42:14.752416 np0000157913 devstack@neutron-api.service[103192]: DEBUG neutron_lib.callbacks.manager [None req-748b2fc5-c2a9-494b-964b-154c801d3208 None None] Subscribe: port before_update 55550000, False {{(pid=103192) subscribe /opt/stack/data/venv/lib/python3.12/site-packages/neutron_lib/callbacks/manager.py:52}}
Mar 05 16:42:14.752416 np0000157913 devstack@neutron-api.service[103192]: DEBUG neutron_lib.callbacks.manager [None req-748b2fc5-c2a9-494b-964b-154c801d3208 None None] Subscribe: port before_delete 55550000, False {{(pid=103192) subscribe /opt/stack/data/venv/lib/python3.12/site-packages/neutron_lib/callbacks/manager.py:52}}
Mar 05 16:42:14.752469 np0000157913 devstack@neutron-api.service[103194]: DEBUG neutron_lib.callbacks.manager [None req-68d1175a-7768-4c86-a5f0-84fbaf5062d7 None None] Subscribe: > port after_create 55550000, False {{(pid=103194) subscribe /opt/stack/data/venv/lib/python3.12/site-packages/neutron_lib/callbacks/manager.py:52}}
Mar 05 16:42:14.752531 np0000157913 devstack@neutron-api.service[103192]: DEBUG neutron_lib.callbacks.manager [None req-748b2fc5-c2a9-494b-964b-154c801d3208 None None] Subscribe: > router precommit_create 55550000, False {{(pid=103192) subscribe /opt/stack/data/venv/lib/python3.12/site-packages/neutron_lib/callbacks/manager.py:52}}
Mar 05 16:42:14.752584 np0000157913 devstack@neutron-api.service[103194]: DEBUG neutron_lib.callbacks.manager [None req-68d1175a-7768-4c86-a5f0-84fbaf5062d7 None None] Subscribe: > port after_update 55550000, False {{(pid=103194) subscribe /opt/stack/data/venv/lib/python3.12/site-packages/neutron_lib/callbacks/manager.py:52}}
Mar 05 16:42:14.752616 np0000157913 devstack@neutron-api.service[103193]: DEBUG neutron.api.extensions [None req-c56c70f9-7b28-4a2e-8453-c9e637d3e4b1 None None] Ext name="Neutron Network Segment Range" alias="network-segment-range" description="Provides support for the network segment range management" updated="2018-11-29T00:00:00-00:00" {{(pid=103193) _check_extension /opt/stack/neutron/neutron/api/extensions.py:415}}
Mar 05 16:42:14.752703 np0000157913 devstack@neutron-api.service[103192]: DEBUG neutron_lib.callbacks.manager [None req-748b2fc5-c2a9-494b-964b-154c801d3208 None None] Subscribe: > router precommit_create 55550000, False {{(pid=103192) subscribe /opt/stack/data/venv/lib/python3.12/site-packages/neutron_lib/callbacks/manager.py:52}}
Mar 05 16:42:14.752730 np0000157913 devstack@neutron-api.service[103194]: DEBUG neutron_lib.callbacks.manager [None req-68d1175a-7768-4c86-a5f0-84fbaf5062d7 None None] Subscribe: > port after_delete 55550000, False {{(pid=103194) subscribe /opt/stack/data/venv/lib/python3.12/site-packages/neutron_lib/callbacks/manager.py:52}}
Mar 05 16:42:14.752784 np0000157913 devstack@neutron-api.service[103192]: DEBUG neutron_lib.callbacks.manager [None req-748b2fc5-c2a9-494b-964b-154c801d3208 None None] Subscribe: > router precommit_update 55550000, False {{(pid=103192) subscribe /opt/stack/data/venv/lib/python3.12/site-packages/neutron_lib/callbacks/manager.py:52}}
Mar 05 16:42:14.752810 np0000157913 devstack@neutron-api.service[103193]: INFO neutron.api.extensions [None req-c56c70f9-7b28-4a2e-8453-c9e637d3e4b1 None None] Extension network-segment-range not supported by any of loaded plugins
Mar 05 16:42:14.752867 np0000157913 devstack@neutron-api.service[103194]: DEBUG neutron_lib.callbacks.manager [None req-68d1175a-7768-4c86-a5f0-84fbaf5062d7 None None] Subscribe: > subnet after_create 55550000, False {{(pid=103194) subscribe /opt/stack/data/venv/lib/python3.12/site-packages/neutron_lib/callbacks/manager.py:52}}
Mar 05 16:42:14.752900 np0000157913 devstack@neutron-api.service[103193]: DEBUG neutron.api.extensions [None req-c56c70f9-7b28-4a2e-8453-c9e637d3e4b1 None None] Loading extension file: pagination.py {{(pid=103193) _load_all_extensions_from_path /opt/stack/neutron/neutron/api/extensions.py:449}}
Mar 05 16:42:14.752959 np0000157913 devstack@neutron-api.service[103192]: DEBUG neutron_lib.callbacks.manager [None req-748b2fc5-c2a9-494b-964b-154c801d3208 None None] Subscribe: subnet after_update 55550000, False {{(pid=103192) subscribe /opt/stack/data/venv/lib/python3.12/site-packages/neutron_lib/callbacks/manager.py:52}}
Mar 05 16:42:14.753015 np0000157913 devstack@neutron-api.service[103194]: DEBUG neutron_lib.callbacks.manager [None req-68d1175a-7768-4c86-a5f0-84fbaf5062d7 None None] Subscribe: > subnet after_update 55550000, False {{(pid=103194) subscribe /opt/stack/data/venv/lib/python3.12/site-packages/neutron_lib/callbacks/manager.py:52}}
Mar 05 16:42:14.753015 np0000157913 devstack@neutron-api.service[103194]: DEBUG neutron_lib.callbacks.manager [None req-68d1175a-7768-4c86-a5f0-84fbaf5062d7 None None] Subscribe: > subnet after_delete 55550000, False {{(pid=103194) subscribe /opt/stack/data/venv/lib/python3.12/site-packages/neutron_lib/callbacks/manager.py:52}}
Mar 05 16:42:14.753101 np0000157913 devstack@neutron-api.service[103193]: DEBUG neutron.api.extensions [None req-c56c70f9-7b28-4a2e-8453-c9e637d3e4b1 None None] Ext name="Pagination support" alias="pagination" description="Extension that indicates that pagination is enabled." updated="2016-06-12T00:00:00-00:00" {{(pid=103193) _check_extension /opt/stack/neutron/neutron/api/extensions.py:415}}
Mar 05 16:42:14.753156 np0000157913 devstack@neutron-api.service[103194]: DEBUG neutron_lib.callbacks.manager [None req-68d1175a-7768-4c86-a5f0-84fbaf5062d7 None None] Subscribe: > network after_create 55550000, False {{(pid=103194) subscribe /opt/stack/data/venv/lib/python3.12/site-packages/neutron_lib/callbacks/manager.py:52}}
Mar 05 16:42:14.753183 np0000157913 devstack@neutron-api.service[103193]: INFO neutron.api.extensions [None req-c56c70f9-7b28-4a2e-8453-c9e637d3e4b1 None None] Loaded extension: pagination
Mar 05 16:42:14.753493 np0000157913 devstack@neutron-api.service[103194]: DEBUG neutron_lib.callbacks.manager [None req-68d1175a-7768-4c86-a5f0-84fbaf5062d7 None None] Subscribe: > network after_update 55550000, False {{(pid=103194) subscribe /opt/stack/data/venv/lib/python3.12/site-packages/neutron_lib/callbacks/manager.py:52}}
Mar 05 16:42:14.754461 np0000157913 devstack@neutron-api.service[103193]: DEBUG neutron.api.extensions [None req-c56c70f9-7b28-4a2e-8453-c9e637d3e4b1 None None] Loading extension file: port_device_profile.py {{(pid=103193) _load_all_extensions_from_path /opt/stack/neutron/neutron/api/extensions.py:449}}
Mar 05 16:42:14.754878 np0000157913 devstack@neutron-api.service[103194]: DEBUG neutron_lib.callbacks.manager [None req-68d1175a-7768-4c86-a5f0-84fbaf5062d7 None None] Subscribe: > network after_delete 55550000, False {{(pid=103194) subscribe /opt/stack/data/venv/lib/python3.12/site-packages/neutron_lib/callbacks/manager.py:52}}
Mar 05 16:42:14.754878 np0000157913 devstack@neutron-api.service[103194]: DEBUG neutron_lib.callbacks.manager [None req-68d1175a-7768-4c86-a5f0-84fbaf5062d7 None None] Subscribe: > security_group after_create 55550000, False {{(pid=103194) subscribe /opt/stack/data/venv/lib/python3.12/site-packages/neutron_lib/callbacks/manager.py:52}}
Mar 05 16:42:14.754878 np0000157913 devstack@neutron-api.service[103194]: DEBUG neutron_lib.callbacks.manager [None req-68d1175a-7768-4c86-a5f0-84fbaf5062d7 None None] Subscribe: > security_group after_update 55550000, False {{(pid=103194) subscribe /opt/stack/data/venv/lib/python3.12/site-packages/neutron_lib/callbacks/manager.py:52}}
Mar 05 16:42:14.755388 np0000157913 devstack@neutron-api.service[103193]: DEBUG neutron.api.extensions [None req-c56c70f9-7b28-4a2e-8453-c9e637d3e4b1 None None] Ext name="Port device profile" alias="port-device-profile" description="Expose the port device profile (Cyborg)" updated="2020-12-17T10:00:00-00:00" {{(pid=103193) _check_extension /opt/stack/neutron/neutron/api/extensions.py:415}}
Mar 05 16:42:14.755780 np0000157913 devstack@neutron-api.service[103192]: DEBUG neutron.quota.resource_registry [None req-748b2fc5-c2a9-494b-964b-154c801d3208 None None] Tracking information for resource: router configured {{(pid=103192) set_tracked_resource /opt/stack/neutron/neutron/quota/resource_registry.py:203}}
Mar 05 16:42:14.756109 np0000157913 devstack@neutron-api.service[103194]: DEBUG neutron_lib.callbacks.manager [None req-68d1175a-7768-4c86-a5f0-84fbaf5062d7 None None] Subscribe: > security_group after_delete 55550000, False {{(pid=103194) subscribe /opt/stack/data/venv/lib/python3.12/site-packages/neutron_lib/callbacks/manager.py:52}}
Mar 05 16:42:14.756380 np0000157913 devstack@neutron-api.service[103192]: DEBUG neutron.quota.resource_registry [None req-748b2fc5-c2a9-494b-964b-154c801d3208 None None] Tracking information for resource: floatingip configured {{(pid=103192) set_tracked_resource /opt/stack/neutron/neutron/quota/resource_registry.py:203}}
Mar 05 16:42:14.756573 np0000157913 devstack@neutron-api.service[103193]: INFO neutron.api.extensions [None req-c56c70f9-7b28-4a2e-8453-c9e637d3e4b1 None None] Loaded extension: port-device-profile
Mar 05 16:42:14.756766 np0000157913 devstack@neutron-api.service[103194]: DEBUG neutron_lib.callbacks.manager [None req-68d1175a-7768-4c86-a5f0-84fbaf5062d7 None None] Subscribe: > security_group_rule after_create 55550000, False {{(pid=103194) subscribe /opt/stack/data/venv/lib/python3.12/site-packages/neutron_lib/callbacks/manager.py:52}}
Mar 05 16:42:14.756917 np0000157913 devstack@neutron-api.service[103192]: INFO neutron.services.ovn_l3.plugin [None req-748b2fc5-c2a9-494b-964b-154c801d3208 None None] Starting OVNL3RouterPlugin
Mar 05 16:42:14.757062 np0000157913 devstack@neutron-api.service[103193]: DEBUG neutron.api.extensions [None req-c56c70f9-7b28-4a2e-8453-c9e637d3e4b1 None None] Loading extension file: port_hardware_offload_type.py {{(pid=103193) _load_all_extensions_from_path /opt/stack/neutron/neutron/api/extensions.py:449}}
Mar 05 16:42:14.757217 np0000157913 devstack@neutron-api.service[103194]: DEBUG neutron_lib.callbacks.manager [None req-68d1175a-7768-4c86-a5f0-84fbaf5062d7 None None] Subscribe: > security_group_rule after_update 55550000, False {{(pid=103194) subscribe /opt/stack/data/venv/lib/python3.12/site-packages/neutron_lib/callbacks/manager.py:52}}
Mar 05 16:42:14.757217 np0000157913 devstack@neutron-api.service[103194]: DEBUG neutron_lib.callbacks.manager [None req-68d1175a-7768-4c86-a5f0-84fbaf5062d7 None None] Subscribe: > security_group_rule after_delete 55550000, False {{(pid=103194) subscribe /opt/stack/data/venv/lib/python3.12/site-packages/neutron_lib/callbacks/manager.py:52}}
Mar 05 16:42:14.757362 np0000157913 devstack@neutron-api.service[103192]: DEBUG neutron_lib.callbacks.manager [None req-748b2fc5-c2a9-494b-964b-154c801d3208 None None] Subscribe: > port_forwarding_plugin after_init 55550000, False {{(pid=103192) subscribe /opt/stack/data/venv/lib/python3.12/site-packages/neutron_lib/callbacks/manager.py:52}}
Mar 05 16:42:14.757426 np0000157913 devstack@neutron-api.service[103193]: DEBUG neutron.api.extensions [None req-c56c70f9-7b28-4a2e-8453-c9e637d3e4b1 None None] Ext name="Port hardware offload" alias="port-hardware-offload-type" description="Expose port hardware offload extension" updated="2023-05-09T10:00:00-00:00" {{(pid=103193) _check_extension /opt/stack/neutron/neutron/api/extensions.py:415}}
Mar 05 16:42:14.757453 np0000157913 devstack@neutron-api.service[103194]: DEBUG neutron_lib.callbacks.manager [None req-68d1175a-7768-4c86-a5f0-84fbaf5062d7 None None] Subscribe: > address_group after_create 55550000, False {{(pid=103194) subscribe /opt/stack/data/venv/lib/python3.12/site-packages/neutron_lib/callbacks/manager.py:52}}
Mar 05 16:42:14.757453 np0000157913 devstack@neutron-api.service[103194]: DEBUG neutron_lib.callbacks.manager [None req-68d1175a-7768-4c86-a5f0-84fbaf5062d7 None None] Subscribe: > address_group after_update 55550000, False {{(pid=103194) subscribe /opt/stack/data/venv/lib/python3.12/site-packages/neutron_lib/callbacks/manager.py:52}}
Mar 05 16:42:14.757535 np0000157913 devstack@neutron-api.service[103193]: INFO neutron.api.extensions [None req-c56c70f9-7b28-4a2e-8453-c9e637d3e4b1 None None] Extension port-hardware-offload-type not supported by any of loaded plugins
Mar 05 16:42:14.757586 np0000157913 devstack@neutron-api.service[103192]: DEBUG neutron_lib.callbacks.manager [None req-748b2fc5-c2a9-494b-964b-154c801d3208 None None] Subscribe: > router before_create 55550100, False {{(pid=103192) subscribe /opt/stack/data/venv/lib/python3.12/site-packages/neutron_lib/callbacks/manager.py:52}}
Mar 05 16:42:14.757617 np0000157913 devstack@neutron-api.service[103194]: DEBUG neutron_lib.callbacks.manager [None req-68d1175a-7768-4c86-a5f0-84fbaf5062d7 None None] Subscribe: > address_group after_delete 55550000, False {{(pid=103194) subscribe /opt/stack/data/venv/lib/python3.12/site-packages/neutron_lib/callbacks/manager.py:52}}
Mar 05 16:42:14.757669 np0000157913 devstack@neutron-api.service[103193]: DEBUG neutron.api.extensions [None req-c56c70f9-7b28-4a2e-8453-c9e637d3e4b1 None None] Loading extension file: port_hint_ovs_tx_steering.py {{(pid=103193) _load_all_extensions_from_path /opt/stack/neutron/neutron/api/extensions.py:449}}
Mar 05 16:42:14.757694 np0000157913 devstack@neutron-api.service[103192]: DEBUG neutron_lib.callbacks.manager [None req-748b2fc5-c2a9-494b-964b-154c801d3208 None None] Subscribe: > router precommit_delete 55550100, False {{(pid=103192) subscribe /opt/stack/data/venv/lib/python3.12/site-packages/neutron_lib/callbacks/manager.py:52}}
Mar 05 16:42:14.757751 np0000157913 devstack@neutron-api.service[103194]: DEBUG neutron.plugins.ml2.ovo_rpc [None req-68d1175a-7768-4c86-a5f0-84fbaf5062d7 None None] ML2 OVO RPC backend initialized. {{(pid=103194) __init__ /opt/stack/neutron/neutron/plugins/ml2/ovo_rpc.py:117}}
