+ COMMAND=start + start + exec neutron-rpc-server --config-file /etc/neutron/neutron.conf --config-file /etc/neutron/plugins/ml2/ml2_conf.ini /var/lib/openstack/lib/python3.10/site-packages/neutron/common/utils.py:55: UserWarning: pkg_resources is deprecated as an API. See https://setuptools.pypa.io/en/latest/pkg_resources.html. The pkg_resources package is slated for removal as early as 2025-11-30. Refrain from using this package or pin to Setuptools<81. import pkg_resources
2026-06-26 04:11:11.544 1 INFO neutron.common.config [-] Logging enabled!
2026-06-26 04:11:11.545 1 INFO neutron.common.config [-] /var/lib/openstack/bin/neutron-rpc-server version 24.2.2.dev7
2026-06-26 04:11:11.545 1 INFO neutron.server.rpc_eventlet [-] Eventlet based AMQP RPC server starting...
2026-06-26 04:11:11.545 1 INFO neutron.manager [-] Loading core plugin: ml2
2026-06-26 04:11:12.534 1 INFO neutron.plugins.ml2.managers [-] Configured type driver names: ['flat', 'gre', 'vlan', 'vxlan']
2026-06-26 04:11:12.536 1 INFO neutron.plugins.ml2.drivers.type_flat [-] Arbitrary flat physical_network names allowed
2026-06-26 04:11:12.539 1 INFO neutron.plugins.ml2.drivers.type_vlan [-] Network VLAN ranges: OrderedDict([('external', [(1, 4094)])])
2026-06-26 04:11:12.539 1 INFO neutron.plugins.ml2.managers [-] Loaded type driver names: ['flat', 'gre', 'vlan', 'vxlan']
2026-06-26 04:11:12.540 1 INFO neutron.plugins.ml2.managers [-] Registered types: dict_keys(['flat', 'gre', 'vlan', 'vxlan'])
2026-06-26 04:11:12.540 1 INFO neutron.plugins.ml2.managers [-] Tenant network_types: ['vxlan']
2026-06-26 04:11:12.540 1 INFO neutron.plugins.ml2.managers [-] Configured extension driver names: ['dns_domain_ports', 'port_security', 'qos']
2026-06-26 04:11:12.545 1 INFO neutron.plugins.ml2.managers [-] Loaded extension driver names: ['dns_domain_ports', 'port_security', 'qos']
2026-06-26 04:11:12.545 1 INFO neutron.plugins.ml2.managers [-] Registered extension drivers: ['dns_domain_ports', 'port_security', 'qos']
2026-06-26 04:11:12.545 1 INFO neutron.plugins.ml2.managers [-] Configured mechanism driver names: ['openvswitch', 'l2population']
2026-06-26 04:11:12.560 1 INFO neutron.plugins.ml2.drivers.mech_agent [-] Open vSwitch agent's supported_vnic_types: ['normal', 'direct', 'smart-nic', 'vdpa']
2026-06-26 04:11:12.561 1 INFO neutron.plugins.ml2.managers [-] Loaded mechanism driver names: ['openvswitch', 'l2population']
2026-06-26 04:11:12.561 1 INFO neutron.plugins.ml2.managers [-] Registered mechanism drivers: ['openvswitch', 'l2population']
2026-06-26 04:11:12.587 1 INFO neutron.plugins.ml2.managers [-] Initializing driver for type 'flat'
2026-06-26 04:11:12.588 1 INFO neutron.plugins.ml2.drivers.type_flat [-] ML2 FlatTypeDriver initialization complete
2026-06-26 04:11:12.588 1 INFO neutron.plugins.ml2.managers [-] Initializing driver for type 'gre'
2026-06-26 04:11:12.588 1 INFO neutron.plugins.ml2.drivers.type_tunnel [-] gre ID ranges: [(1, 1000)]
2026-06-26 04:11:12.593 1 WARNING oslo_policy.policy [None req-da3915eb-5c2f-4e9d-a796-c08da1359fd0 - - - - - -] Policies ['delete_port', 'update_port:allowed_address_pairs', 'update_port:allowed_address_pairs:ip_address', 'update_port:allowed_address_pairs:mac_address', 'update_port:fixed_ips', 'update_port:mac_address'] reference a rule that is not defined.
2026-06-26 04:11:12.832 1 INFO neutron.plugins.ml2.managers [None req-da3915eb-5c2f-4e9d-a796-c08da1359fd0 - - - - - -] Initializing driver for type 'vlan'
2026-06-26 04:11:12.999 1 INFO neutron.plugins.ml2.drivers.type_vlan [None req-da3915eb-5c2f-4e9d-a796-c08da1359fd0 - - - - - -] VlanTypeDriver initialization complete
2026-06-26 04:11:12.999 1 INFO neutron.plugins.ml2.managers [None req-da3915eb-5c2f-4e9d-a796-c08da1359fd0 - - - - - -] Initializing driver for type 'vxlan'
2026-06-26 04:11:12.999 1 INFO neutron.plugins.ml2.drivers.type_tunnel [None req-da3915eb-5c2f-4e9d-a796-c08da1359fd0 - - - - - -] vxlan ID ranges: [(1, 1000)]
2026-06-26 04:11:13.034 1 INFO neutron.plugins.ml2.managers [None req-da3915eb-5c2f-4e9d-a796-c08da1359fd0 - - - - - -] Initializing extension driver 'dns_domain_ports'
2026-06-26 04:11:13.035 1 INFO neutron.plugins.ml2.extensions.dns_integration [None req-da3915eb-5c2f-4e9d-a796-c08da1359fd0 - - - - - -] DNSDomainPortsExtensionDriver initialization complete
2026-06-26 04:11:13.035 1 INFO neutron.plugins.ml2.managers [None req-da3915eb-5c2f-4e9d-a796-c08da1359fd0 - - - - - -] Initializing extension driver 'port_security'
2026-06-26 04:11:13.035 1 INFO neutron.plugins.ml2.extensions.port_security [None req-da3915eb-5c2f-4e9d-a796-c08da1359fd0 - - - - - -] PortSecurityExtensionDriver initialization complete
2026-06-26 04:11:13.035 1 INFO neutron.plugins.ml2.managers [None req-da3915eb-5c2f-4e9d-a796-c08da1359fd0 - - - - - -] Initializing extension driver 'qos'
2026-06-26 04:11:13.035 1 INFO neutron.plugins.ml2.managers [None req-da3915eb-5c2f-4e9d-a796-c08da1359fd0 - - - - - -] Initializing mechanism driver 'openvswitch'
2026-06-26 04:11:13.035 1 INFO neutron.plugins.ml2.managers [None req-da3915eb-5c2f-4e9d-a796-c08da1359fd0 - - - - - -] Initializing mechanism driver 'l2population'
2026-06-26 04:11:13.045 1 INFO neutron.quota [None req-ba07d377-49df-470e-9823-845a7a1a5862 - - - - - -] Loaded quota_driver: .
2026-06-26 04:11:13.045 1 INFO neutron.plugins.ml2.plugin [None req-ba07d377-49df-470e-9823-845a7a1a5862 - - - - - -] Modular L2 Plugin initialization complete
2026-06-26 04:11:13.045 1 INFO neutron.plugins.ml2.managers [None req-ba07d377-49df-470e-9823-845a7a1a5862 - - - - - -] Got dns-integration extension from driver 'dns_domain_ports'
2026-06-26 04:11:13.045 1 INFO neutron.plugins.ml2.managers [None req-ba07d377-49df-470e-9823-845a7a1a5862 - - - - - -] Got dns-domain-ports extension from driver 'dns_domain_ports'
2026-06-26 04:11:13.046 1 INFO neutron.plugins.ml2.managers [None req-ba07d377-49df-470e-9823-845a7a1a5862 - - - - - -] Got port-security extension from driver 'port_security'
2026-06-26 04:11:13.046 1 INFO neutron.extensions.vlantransparent [None req-ba07d377-49df-470e-9823-845a7a1a5862 - - - - - -] Disabled vlantransparent extension.
2026-06-26 04:11:13.046 1 INFO neutron.manager [None req-ba07d377-49df-470e-9823-845a7a1a5862 - - - - - -] Loading Plugin: qos
2026-06-26 04:11:13.055 1 INFO neutron.manager [None req-ba07d377-49df-470e-9823-845a7a1a5862 - - - - - -] Loading Plugin: router
2026-06-26 04:11:13.082 1 INFO neutron.services.service_base [None req-ba07d377-49df-470e-9823-845a7a1a5862 - - - - - -] Default provider is not specified for service type L3_ROUTER_NAT
2026-06-26 04:11:13.082 1 INFO neutron.manager [None req-ba07d377-49df-470e-9823-845a7a1a5862 - - - - - -] Loading Plugin: segments
2026-06-26 04:11:13.140 1 INFO neutron.manager [None req-ba07d377-49df-470e-9823-845a7a1a5862 - - - - - -] Loading Plugin: trunk
2026-06-26 04:11:13.188 1 INFO neutron.manager [None req-ba07d377-49df-470e-9823-845a7a1a5862 - - - - - -] Loading Plugin: vpnaas
2026-06-26 04:11:13.216 1 WARNING stevedore.named [None req-ba07d377-49df-470e-9823-845a7a1a5862 - - - - - -] Could not load neutron_vpnaas.services.vpn.service_drivers.ipsec.IPsecVPNDriver
2026-06-26 04:11:13.270 1 INFO neutron_vpnaas.services.vpn.plugin [None req-ba07d377-49df-470e-9823-845a7a1a5862 - - - - - -] VPN plugin using service drivers: dict_keys(['strongswan']), default: strongswan
2026-06-26 04:11:13.271 1 INFO neutron.common.utils [None req-ba07d377-49df-470e-9823-845a7a1a5862 - - - - - -] Disable filter validation extension by service plugin VPNDriverPlugin.
2026-06-26 04:11:13.271 1 INFO neutron.manager [None req-ba07d377-49df-470e-9823-845a7a1a5862 - - - - - -] Loading Plugin: auto_allocate
2026-06-26 04:11:13.274 1 INFO neutron.manager [None req-ba07d377-49df-470e-9823-845a7a1a5862 - - - - - -] Loading Plugin: tag
2026-06-26 04:11:13.278 1 INFO neutron.manager [None req-ba07d377-49df-470e-9823-845a7a1a5862 - - - - - -] Loading Plugin: timestamp
2026-06-26 04:11:13.280 1 INFO neutron.manager [None req-ba07d377-49df-470e-9823-845a7a1a5862 - - - - - -] Loading Plugin: network_ip_availability
2026-06-26 04:11:13.284 1 INFO neutron.manager [None req-ba07d377-49df-470e-9823-845a7a1a5862 - - - - - -] Loading Plugin: flavors
2026-06-26 04:11:13.286 1 INFO neutron.manager [None req-ba07d377-49df-470e-9823-845a7a1a5862 - - - - - -] Loading Plugin: revisions
2026-06-26 04:11:13.289 1 INFO neutron.api.extensions [None req-ba07d377-49df-470e-9823-845a7a1a5862 - - - - - -] Initializing extension manager.
2026-06-26 04:11:13.290 1 INFO neutron.api.extensions [None req-ba07d377-49df-470e-9823-845a7a1a5862 - - - - - -] Loaded extension: address-group
2026-06-26 04:11:13.291 1 INFO neutron.api.extensions [None req-ba07d377-49df-470e-9823-845a7a1a5862 - - - - - -] Loaded extension: address-scope
2026-06-26 04:11:13.291 1 INFO neutron.api.extensions [None req-ba07d377-49df-470e-9823-845a7a1a5862 - - - - - -] Loaded extension: router-admin-state-down-before-update
2026-06-26 04:11:13.292 1 INFO neutron.api.extensions [None req-ba07d377-49df-470e-9823-845a7a1a5862 - - - - - -] Loaded extension: agent
2026-06-26 04:11:13.292 1 INFO neutron.api.extensions [None req-ba07d377-49df-470e-9823-845a7a1a5862 - - - - - -] Loaded extension: agent-resources-synced
2026-06-26 04:11:13.293 1 INFO neutron.api.extensions [None req-ba07d377-49df-470e-9823-845a7a1a5862 - - - - - -] Loaded extension: allowed-address-pairs
2026-06-26 04:11:13.294 1 INFO neutron.api.extensions [None req-ba07d377-49df-470e-9823-845a7a1a5862 - - - - - -] Loaded extension: auto-allocated-topology
2026-06-26 04:11:13.295 1 INFO neutron.api.extensions [None req-ba07d377-49df-470e-9823-845a7a1a5862 - - - - - -] Loaded extension: availability_zone
2026-06-26 04:11:13.295 1 INFO neutron.api.extensions [None req-ba07d377-49df-470e-9823-845a7a1a5862 - - - - - -] Loaded extension: availability_zone_filter
2026-06-26 04:11:13.295 1 INFO neutron.api.extensions [None req-ba07d377-49df-470e-9823-845a7a1a5862 - - - - - -] Extension data-plane-status not supported by any of loaded plugins
2026-06-26 04:11:13.296 1 INFO neutron.api.extensions [None req-ba07d377-49df-470e-9823-845a7a1a5862 - - - - - -] Loaded extension: default-subnetpools
2026-06-26 04:11:13.297 1 INFO neutron.api.extensions [None req-ba07d377-49df-470e-9823-845a7a1a5862 - - - - - -] Loaded extension: dhcp_agent_scheduler
2026-06-26 04:11:13.298 1 INFO neutron.api.extensions [None req-ba07d377-49df-470e-9823-845a7a1a5862 - - - - - -] Loaded extension: dns-integration
2026-06-26 04:11:13.298 1 INFO neutron.api.extensions [None req-ba07d377-49df-470e-9823-845a7a1a5862 - - - - - -] Loaded extension: dns-domain-ports
2026-06-26 04:11:13.299 1 INFO neutron.api.extensions [None req-ba07d377-49df-470e-9823-845a7a1a5862 - - - - - -] Extension dns-integration-domain-keywords not supported by any of loaded plugins
2026-06-26 04:11:13.299 1 INFO neutron.api.extensions [None req-ba07d377-49df-470e-9823-845a7a1a5862 - - - - - -] Loaded extension: dvr
2026-06-26 04:11:13.299 1 INFO neutron.api.extensions [None req-ba07d377-49df-470e-9823-845a7a1a5862 - - - - - -] Extension ecmp_routes not supported by any of loaded plugins
2026-06-26 04:11:13.300 1 INFO neutron.api.extensions [None req-ba07d377-49df-470e-9823-845a7a1a5862 - - - - - -] Loaded extension: empty-string-filtering
2026-06-26 04:11:13.300 1 INFO neutron.api.extensions [None req-ba07d377-49df-470e-9823-845a7a1a5862 - - - - - -] Extension expose-l3-conntrack-helper not supported by any of loaded plugins
2026-06-26 04:11:13.301 1 INFO neutron.api.extensions [None req-ba07d377-49df-470e-9823-845a7a1a5862 - - - - - -] Extension expose-port-forwarding-in-fip not supported by any of loaded plugins
2026-06-26 04:11:13.301 1 INFO neutron.api.extensions [None req-ba07d377-49df-470e-9823-845a7a1a5862 - - - - - -] Loaded extension: external-net
2026-06-26 04:11:13.302 1 INFO neutron.api.extensions [None req-ba07d377-49df-470e-9823-845a7a1a5862 - - - - - -] Loaded extension: extra_dhcp_opt
2026-06-26 04:11:13.302 1 INFO neutron.api.extensions [None req-ba07d377-49df-470e-9823-845a7a1a5862 - - - - - -] Loaded extension: extraroute
2026-06-26 04:11:13.303 1 INFO neutron.api.extensions [None req-ba07d377-49df-470e-9823-845a7a1a5862 - - - - - -] Loaded extension: extraroute-atomic
2026-06-26 04:11:13.303 1 INFO neutron.api.extensions [None req-ba07d377-49df-470e-9823-845a7a1a5862 - - - - - -] Extension filter-validation not supported by any of loaded plugins
2026-06-26 04:11:13.304 1 INFO neutron.api.extensions [None req-ba07d377-49df-470e-9823-845a7a1a5862 - - - - - -] Extension floating-ip-port-forwarding-description not supported by any of loaded plugins
2026-06-26 04:11:13.304 1 INFO neutron.api.extensions [None req-ba07d377-49df-470e-9823-845a7a1a5862 - - - - - -] Loaded extension: floating-ip-port-forwarding-detail
2026-06-26 04:11:13.305 1 INFO neutron.api.extensions [None req-ba07d377-49df-470e-9823-845a7a1a5862 - - - - - -] Extension floating-ip-port-forwarding-port-ranges not supported by any of loaded plugins
2026-06-26 04:11:13.305 1 INFO neutron.api.extensions [None req-ba07d377-49df-470e-9823-845a7a1a5862 - - - - - -] Loaded extension: fip-port-details
2026-06-26 04:11:13.306 1 INFO neutron.api.extensions [None req-ba07d377-49df-470e-9823-845a7a1a5862 - - - - - -] Loaded extension: flavors
2026-06-26 04:11:13.307 1 INFO neutron.api.extensions [None req-ba07d377-49df-470e-9823-845a7a1a5862 - - - - - -] Extension floating-ip-port-forwarding not supported by any of loaded plugins
2026-06-26 04:11:13.307 1 INFO neutron.api.extensions [None req-ba07d377-49df-470e-9823-845a7a1a5862 - - - - - -] Loaded extension: floatingip-pools
2026-06-26 04:11:13.308 1 INFO neutron.api.extensions [None req-ba07d377-49df-470e-9823-845a7a1a5862 - - - - - -] Loaded extension: ip_allocation
2026-06-26 04:11:13.308 1 INFO neutron.api.extensions [None req-ba07d377-49df-470e-9823-845a7a1a5862 - - - - - -] Loaded extension: ip-substring-filtering
2026-06-26 04:11:13.309 1 INFO neutron.api.extensions [None req-ba07d377-49df-470e-9823-845a7a1a5862 - - - - - -] Loaded extension: l2_adjacency
2026-06-26 04:11:13.309 1 INFO neutron.api.extensions [None req-ba07d377-49df-470e-9823-845a7a1a5862 - - - - - -] Loaded extension: router
2026-06-26 04:11:13.311 1 INFO neutron.api.extensions [None req-ba07d377-49df-470e-9823-845a7a1a5862 - - - - - -] Extension l3-conntrack-helper not supported by any of loaded plugins
2026-06-26 04:11:13.311 1 INFO neutron.api.extensions [None req-ba07d377-49df-470e-9823-845a7a1a5862 - - - - - -] Extension enable-default-route-bfd not supported by any of loaded plugins
2026-06-26 04:11:13.312 1 INFO neutron.api.extensions [None req-ba07d377-49df-470e-9823-845a7a1a5862 - - - - - -] Extension enable-default-route-ecmp not supported by any of loaded plugins
2026-06-26 04:11:13.312 1 INFO neutron.api.extensions [None req-ba07d377-49df-470e-9823-845a7a1a5862 - - - - - -] Loaded extension: ext-gw-mode
2026-06-26 04:11:13.313 1 INFO neutron.api.extensions [None req-ba07d377-49df-470e-9823-845a7a1a5862 - - - - - -] Loaded extension: l3-ha
2026-06-26 04:11:13.313 1 INFO neutron.api.extensions [None req-ba07d377-49df-470e-9823-845a7a1a5862 - - - - - -] Extension l3-ext-ndp-proxy not supported by any of loaded plugins
2026-06-26 04:11:13.313 1 INFO neutron.api.extensions [None req-ba07d377-49df-470e-9823-845a7a1a5862 - - - - - -] Extension external-gateway-multihoming not supported by any of loaded plugins
2026-06-26 04:11:13.314 1 INFO neutron.api.extensions [None req-ba07d377-49df-470e-9823-845a7a1a5862 - - - - - -] Loaded extension: l3-flavors
2026-06-26 04:11:13.315 1 INFO neutron.api.extensions [None req-ba07d377-49df-470e-9823-845a7a1a5862 - - - - - -] Extension l3-ndp-proxy not supported by any of loaded plugins
2026-06-26 04:11:13.315 1 INFO neutron.api.extensions [None req-ba07d377-49df-470e-9823-845a7a1a5862 - - - - - -] Loaded extension: l3-port-ip-change-not-allowed
2026-06-26 04:11:13.317 1 INFO neutron.api.extensions [None req-ba07d377-49df-470e-9823-845a7a1a5862 - - - - - -] Loaded extension: l3_agent_scheduler
2026-06-26 04:11:13.318 1 INFO neutron.api.extensions [None req-ba07d377-49df-470e-9823-845a7a1a5862 - - - - - -] Extension local_ip not supported by any of loaded plugins
2026-06-26 04:11:13.318 1 INFO neutron.api.extensions [None req-ba07d377-49df-470e-9823-845a7a1a5862 - - - - - -] Extension logging not supported by any of loaded plugins
2026-06-26 04:11:13.319 1 INFO neutron.api.extensions [None req-ba07d377-49df-470e-9823-845a7a1a5862 - - - - - -] Extension metering not supported by any of loaded plugins
2026-06-26 04:11:13.320 1 INFO neutron.api.extensions [None req-ba07d377-49df-470e-9823-845a7a1a5862 - - - - - -] Extension metering_source_and_destination_fields not supported by any of loaded plugins
2026-06-26 04:11:13.320 1 INFO neutron.api.extensions [None req-ba07d377-49df-470e-9823-845a7a1a5862 - - - - - -] Loaded extension: multi-provider
2026-06-26 04:11:13.321 1 INFO neutron.api.extensions [None req-ba07d377-49df-470e-9823-845a7a1a5862 - - - - - -] Loaded extension: net-mtu
2026-06-26 04:11:13.321 1 INFO neutron.api.extensions [None req-ba07d377-49df-470e-9823-845a7a1a5862 - - - - - -] Loaded extension: net-mtu-writable
2026-06-26 04:11:13.322 1 INFO neutron.api.extensions [None req-ba07d377-49df-470e-9823-845a7a1a5862 - - - - - -] Loaded extension: network_availability_zone
2026-06-26 04:11:13.322 1 INFO neutron.api.extensions [None req-ba07d377-49df-470e-9823-845a7a1a5862 - - - - - -] Loaded extension: network_ha
2026-06-26 04:11:13.323 1 INFO neutron.api.extensions [None req-ba07d377-49df-470e-9823-845a7a1a5862 - - - - - -] Loaded extension: network-ip-availability
2026-06-26 04:11:13.323 1 INFO neutron.api.extensions [None req-ba07d377-49df-470e-9823-845a7a1a5862 - - - - - -] Extension network-segment-range not supported by any of loaded plugins
2026-06-26 04:11:13.324 1 INFO neutron.api.extensions [None req-ba07d377-49df-470e-9823-845a7a1a5862 - - - - - -] Loaded extension: pagination
2026-06-26 04:11:13.324 1 INFO neutron.api.extensions [None req-ba07d377-49df-470e-9823-845a7a1a5862 - - - - - -] Loaded extension: port-device-profile
2026-06-26 04:11:13.325 1 INFO neutron.api.extensions [None req-ba07d377-49df-470e-9823-845a7a1a5862 - - - - - -] Extension port-hardware-offload-type not supported by any of loaded plugins
2026-06-26 04:11:13.325 1 INFO neutron.api.extensions [None req-ba07d377-49df-470e-9823-845a7a1a5862 - - - - - -] Extension port-hint-ovs-tx-steering not supported by any of loaded plugins
2026-06-26 04:11:13.325 1 INFO neutron.api.extensions [None req-ba07d377-49df-470e-9823-845a7a1a5862 - - - - - -] Extension port-hints not supported by any of loaded plugins
2026-06-26 04:11:13.326 1 INFO neutron.api.extensions [None req-ba07d377-49df-470e-9823-845a7a1a5862 - - - - - -] Loaded extension: port-mac-override
2026-06-26 04:11:13.326 1 INFO neutron.api.extensions [None req-ba07d377-49df-470e-9823-845a7a1a5862 - - - - - -] Loaded extension: port-mac-address-regenerate
2026-06-26 04:11:13.327 1 INFO neutron.api.extensions [None req-ba07d377-49df-470e-9823-845a7a1a5862 - - - - - -] Loaded extension: port-numa-affinity-policy
2026-06-26 04:11:13.327 1 INFO neutron.api.extensions [None req-ba07d377-49df-470e-9823-845a7a1a5862 - - - - - -] Loaded extension: port-resource-request
2026-06-26 04:11:13.328 1 INFO neutron.api.extensions [None req-ba07d377-49df-470e-9823-845a7a1a5862 - - - - - -] Loaded extension: port-resource-request-groups
2026-06-26 04:11:13.328 1 INFO neutron.api.extensions [None req-ba07d377-49df-470e-9823-845a7a1a5862 - - - - - -] Loaded extension: binding
2026-06-26 04:11:13.329 1 INFO neutron.api.extensions [None req-ba07d377-49df-470e-9823-845a7a1a5862 - - - - - -] Loaded extension: binding-extended
2026-06-26 04:11:13.329 1 INFO neutron.api.extensions [None req-ba07d377-49df-470e-9823-845a7a1a5862 - - - - - -] Loaded extension: port-security
2026-06-26 04:11:13.330 1 INFO neutron.api.extensions [None req-ba07d377-49df-470e-9823-845a7a1a5862 - - - - - -] Loaded extension: project-id
2026-06-26 04:11:13.330 1 INFO neutron.api.extensions [None req-ba07d377-49df-470e-9823-845a7a1a5862 - - - - - -] Loaded extension: provider
2026-06-26 04:11:13.331 1 INFO neutron.api.extensions [None req-ba07d377-49df-470e-9823-845a7a1a5862 - - - - - -] Loaded extension: qos
2026-06-26 04:11:13.332 1 INFO neutron.api.extensions [None req-ba07d377-49df-470e-9823-845a7a1a5862 - - - - - -] Loaded extension: qos-bw-limit-direction
2026-06-26 04:11:13.332 1 INFO neutron.api.extensions [None req-ba07d377-49df-470e-9823-845a7a1a5862 - - - - - -] Loaded extension: qos-bw-minimum-ingress
2026-06-26 04:11:13.333 1 INFO neutron.api.extensions [None req-ba07d377-49df-470e-9823-845a7a1a5862 - - - - - -] Loaded extension: qos-default
2026-06-26 04:11:13.333 1 INFO neutron.api.extensions [None req-ba07d377-49df-470e-9823-845a7a1a5862 - - - - - -] Loaded extension: qos-fip
2026-06-26 04:11:13.334 1 INFO neutron.api.extensions [None req-ba07d377-49df-470e-9823-845a7a1a5862 - - - - - -] Extension qos-fip-network-policy not supported by any of loaded plugins
2026-06-26 04:11:13.334 1 INFO neutron.api.extensions [None req-ba07d377-49df-470e-9823-845a7a1a5862 - - - - - -] Loaded extension: qos-gateway-ip
2026-06-26 04:11:13.335 1 INFO neutron.api.extensions [None req-ba07d377-49df-470e-9823-845a7a1a5862 - - - - - -] Loaded extension: qos-port-network-policy
2026-06-26 04:11:13.335 1 INFO neutron.api.extensions [None req-ba07d377-49df-470e-9823-845a7a1a5862 - - - - - -] Loaded extension: qos-pps-minimum
2026-06-26 04:11:13.336 1 INFO neutron.api.extensions [None req-ba07d377-49df-470e-9823-845a7a1a5862 - - - - - -] Loaded extension: qos-pps-minimum-rule-alias
2026-06-26 04:11:13.336 1 INFO neutron.api.extensions [None req-ba07d377-49df-470e-9823-845a7a1a5862 - - - - - -] Loaded extension: qos-pps
2026-06-26 04:11:13.337 1 INFO neutron.api.extensions [None req-ba07d377-49df-470e-9823-845a7a1a5862 - - - - - -] Loaded extension: qos-rule-type-details
2026-06-26 04:11:13.337 1 INFO neutron.api.extensions [None req-ba07d377-49df-470e-9823-845a7a1a5862 - - - - - -] Loaded extension: qos-rule-type-filter
2026-06-26 04:11:13.338 1 INFO neutron.api.extensions [None req-ba07d377-49df-470e-9823-845a7a1a5862 - - - - - -] Loaded extension: qos-rules-alias
2026-06-26 04:11:13.338 1 INFO neutron.api.extensions [None req-ba07d377-49df-470e-9823-845a7a1a5862 - - - - - -] Loaded extension: quota-check-limit
2026-06-26 04:11:13.339 1 INFO neutron.api.extensions [None req-ba07d377-49df-470e-9823-845a7a1a5862 - - - - - -] Loaded extension: quotas
2026-06-26 04:11:13.341 1 INFO neutron.api.extensions [None req-ba07d377-49df-470e-9823-845a7a1a5862 - - - - - -] Loaded extension: quota_details
2026-06-26 04:11:13.342 1 INFO neutron.api.extensions [None req-ba07d377-49df-470e-9823-845a7a1a5862 - - - - - -] Loaded extension: rbac-policies
2026-06-26 04:11:13.343 1 INFO neutron.api.extensions [None req-ba07d377-49df-470e-9823-845a7a1a5862 - - - - - -] Loaded extension: rbac-address-group
2026-06-26 04:11:13.343 1 INFO neutron.api.extensions [None req-ba07d377-49df-470e-9823-845a7a1a5862 - - - - - -] Loaded extension: rbac-address-scope
2026-06-26 04:11:13.344 1 INFO neutron.api.extensions [None req-ba07d377-49df-470e-9823-845a7a1a5862 - - - - - -] Loaded extension: rbac-security-groups
2026-06-26 04:11:13.344 1 INFO neutron.api.extensions [None req-ba07d377-49df-470e-9823-845a7a1a5862 - - - - - -] Loaded extension: rbac-subnetpool
2026-06-26 04:11:13.345 1 INFO neutron.api.extensions [None req-ba07d377-49df-470e-9823-845a7a1a5862 - - - - - -] Loaded extension: revision-if-match
2026-06-26 04:11:13.345 1 INFO neutron.api.extensions [None req-ba07d377-49df-470e-9823-845a7a1a5862 - - - - - -] Loaded extension: standard-attr-revisions
2026-06-26 04:11:13.346 1 INFO neutron.api.extensions [None req-ba07d377-49df-470e-9823-845a7a1a5862 - - - - - -] Loaded extension: router_availability_zone
2026-06-26 04:11:13.346 1 INFO neutron.api.extensions [None req-ba07d377-49df-470e-9823-845a7a1a5862 - - - - - -] Extension router-service-type not supported by any of loaded plugins
2026-06-26 04:11:13.347 1 INFO neutron.api.extensions [None req-ba07d377-49df-470e-9823-845a7a1a5862 - - - - - -] Loaded extension: security-groups-default-rules
2026-06-26 04:11:13.348 1 INFO neutron.api.extensions [None req-ba07d377-49df-470e-9823-845a7a1a5862 - - - - - -] Loaded extension: security-groups-normalized-cidr
2026-06-26 04:11:13.348 1 INFO neutron.api.extensions [None req-ba07d377-49df-470e-9823-845a7a1a5862 - - - - - -] Loaded extension: port-security-groups-filtering
2026-06-26 04:11:13.349 1 INFO neutron.api.extensions [None req-ba07d377-49df-470e-9823-845a7a1a5862 - - - - - -] Loaded extension: security-groups-remote-address-group
2026-06-26 04:11:13.349 1 INFO neutron.api.extensions [None req-ba07d377-49df-470e-9823-845a7a1a5862 - - - - - -] Loaded extension: security-groups-rules-belongs-to-default-sg
2026-06-26 04:11:13.350 1 INFO neutron.api.extensions [None req-ba07d377-49df-470e-9823-845a7a1a5862 - - - - - -] Loaded extension: security-groups-shared-filtering
2026-06-26 04:11:13.356 1 INFO neutron.api.extensions [None req-ba07d377-49df-470e-9823-845a7a1a5862 - - - - - -] Loaded extension: security-group
2026-06-26 04:11:13.357 1 INFO neutron.api.extensions [None req-ba07d377-49df-470e-9823-845a7a1a5862 - - - - - -] Loaded extension: segment
2026-06-26 04:11:13.357 1 INFO neutron.api.extensions [None req-ba07d377-49df-470e-9823-845a7a1a5862 - - - - - -] Loaded extension: segments-peer-subnet-host-routes
2026-06-26 04:11:13.358 1 INFO neutron.api.extensions [None req-ba07d377-49df-470e-9823-845a7a1a5862 - - - - - -] Loaded extension: service-type
2026-06-26 04:11:13.358 1 INFO neutron.api.extensions [None req-ba07d377-49df-470e-9823-845a7a1a5862 - - - - - -] Loaded extension: sorting
2026-06-26 04:11:13.358 1 INFO neutron.api.extensions [None req-ba07d377-49df-470e-9823-845a7a1a5862 - - - - - -] Loaded extension: standard-attr-segment
2026-06-26 04:11:13.359 1 INFO neutron.api.extensions [None req-ba07d377-49df-470e-9823-845a7a1a5862 - - - - - -] Loaded extension: standard-attr-description
2026-06-26 04:11:13.359 1 INFO neutron.api.extensions [None req-ba07d377-49df-470e-9823-845a7a1a5862 - - - - - -] Loaded extension: stateful-security-group
2026-06-26 04:11:13.360 1 WARNING neutron.api.extensions [None req-ba07d377-49df-470e-9823-845a7a1a5862 - - - - - -] Did not find expected name "Stdattrs_common" in /var/lib/openstack/lib/python3.10/site-packages/neutron/extensions/stdattrs_common.py
2026-06-26 04:11:13.360 1 INFO neutron.api.extensions [None req-ba07d377-49df-470e-9823-845a7a1a5862 - - - - - -] Extension subnet-dns-publish-fixed-ip not supported by any of loaded plugins
2026-06-26 04:11:13.361 1 INFO neutron.api.extensions [None req-ba07d377-49df-470e-9823-845a7a1a5862 - - - - - -] Loaded extension: subnet_onboard
2026-06-26 04:11:13.361 1 INFO neutron.api.extensions [None req-ba07d377-49df-470e-9823-845a7a1a5862 - - - - - -] Loaded extension: subnet-segmentid-writable
2026-06-26 04:11:13.362 1 INFO neutron.api.extensions [None req-ba07d377-49df-470e-9823-845a7a1a5862 - - - - - -] Loaded extension: subnet-service-types
2026-06-26 04:11:13.362 1 INFO neutron.api.extensions [None req-ba07d377-49df-470e-9823-845a7a1a5862 - - - - - -] Loaded extension: subnet_allocation
2026-06-26 04:11:13.363 1 INFO neutron.api.extensions [None req-ba07d377-49df-470e-9823-845a7a1a5862 - - - - - -] Loaded extension: subnetpool-prefix-ops
2026-06-26 04:11:13.363 1 INFO neutron.api.extensions [None req-ba07d377-49df-470e-9823-845a7a1a5862 - - - - - -] Extension tag-ports-during-bulk-creation not supported by any of loaded plugins
2026-06-26 04:11:13.365 1 INFO neutron.api.extensions [None req-ba07d377-49df-470e-9823-845a7a1a5862 - - - - - -] Loaded extension: standard-attr-tag
2026-06-26 04:11:13.366 1 INFO neutron.api.extensions [None req-ba07d377-49df-470e-9823-845a7a1a5862 - - - - - -] Loaded extension: standard-attr-timestamp
2026-06-26 04:11:13.367 1 INFO neutron.api.extensions [None req-ba07d377-49df-470e-9823-845a7a1a5862 - - - - - -] Loaded extension: trunk
2026-06-26 04:11:13.367 1 INFO neutron.api.extensions [None req-ba07d377-49df-470e-9823-845a7a1a5862 - - - - - -] Loaded extension: trunk-details
2026-06-26 04:11:13.367 1 INFO neutron.api.extensions [None req-ba07d377-49df-470e-9823-845a7a1a5862 - - - - - -] Extension uplink-status-propagation not supported by any of loaded plugins
2026-06-26 04:11:13.368 1 INFO neutron.api.extensions [None req-ba07d377-49df-470e-9823-845a7a1a5862 - - - - - -] Extension vlan-transparent not supported by any of loaded plugins
2026-06-26 04:11:13.369 1 INFO neutron.api.extensions [None req-ba07d377-49df-470e-9823-845a7a1a5862 - - - - - -] Extension vpn-agent-scheduler not supported by any of loaded plugins
2026-06-26 04:11:13.370 1 INFO neutron.api.extensions [None req-ba07d377-49df-470e-9823-845a7a1a5862 - - - - - -] Loaded extension: vpn-endpoint-groups
2026-06-26 04:11:13.370 1 INFO neutron.api.extensions [None req-ba07d377-49df-470e-9823-845a7a1a5862 - - - - - -] Loaded extension: vpn-flavors
2026-06-26 04:11:13.372 1 INFO neutron.api.extensions [None req-ba07d377-49df-470e-9823-845a7a1a5862 - - - - - -] Loaded extension: vpnaas
2026-06-26 04:11:13.374 1 INFO oslo_service.service [None req-ba07d377-49df-470e-9823-845a7a1a5862 - - - - - -] Starting 2 workers
2026-06-26 04:11:13.378 1 INFO oslo_service.service [None req-ba07d377-49df-470e-9823-845a7a1a5862 - - - - - -] Starting 1 workers
2026-06-26 04:11:53.041 9 INFO neutron.db.l3_hamode_db [None req-92b82aac-9488-4297-95ad-0c6a0f76c386 - - - - - -] Number of active agents lower than max_l3_agents_per_router. L3 agents available: 1
2026-06-26 04:12:03.527 9 INFO neutron.plugins.ml2.plugin [None req-a97ad84f-7943-4326-8ffc-ca5ef92f1ca0 - - - - - -] Attempt 1 to provision port f1518240-9540-483d-af1e-d1b2ad3b5056
2026-06-26 04:12:03.924 10 INFO neutron.plugins.ml2.plugin [None req-efef293b-7746-4f22-bf13-d7a1d665a67f - - - - - -] Attempt 1 to provision port f1518240-9540-483d-af1e-d1b2ad3b5056
2026-06-26 04:12:05.821 9 INFO neutron.plugins.ml2.plugin [None req-efef293b-7746-4f22-bf13-d7a1d665a67f - - - - - -] Attempt 1 to provision port f1518240-9540-483d-af1e-d1b2ad3b5056
2026-06-26 04:16:30.069 9 INFO neutron.plugins.ml2.plugin [None req-efef293b-7746-4f22-bf13-d7a1d665a67f - - - - - -] Attempt 1 to provision port 3f93fa4e-6b09-4c32-8c66-9825534e55f0
2026-06-26 04:16:30.662 9 INFO neutron.plugins.ml2.plugin [None req-f38a7730-690f-459d-95f1-8a195bae90d4 - - - - - -] Attempt 1 to provision port 3f93fa4e-6b09-4c32-8c66-9825534e55f0
2026-06-26 04:16:32.055 10 INFO neutron.plugins.ml2.plugin [None req-efef293b-7746-4f22-bf13-d7a1d665a67f - - - - - -] Attempt 1 to provision port 3f93fa4e-6b09-4c32-8c66-9825534e55f0
2026-06-26 04:16:38.603 10 INFO neutron.plugins.ml2.plugin [None req-23acfa22-e4d3-4393-ba22-ecd7d1832786 - - - - - -] Attempt 1 to provision port 38959647-a48e-4479-8edc-60ebab1c6ebe
2026-06-26 04:20:06.306 10 INFO neutron.plugins.ml2.plugin [None req-efef293b-7746-4f22-bf13-d7a1d665a67f - - - - - -] Attempt 1 to provision port 38959647-a48e-4479-8edc-60ebab1c6ebe
2026-06-26 04:20:08.216 9 INFO neutron.plugins.ml2.plugin [None req-efef293b-7746-4f22-bf13-d7a1d665a67f - - - - - -] Attempt 1 to provision port 38959647-a48e-4479-8edc-60ebab1c6ebe
2026-06-26 04:28:42.562 10 INFO neutron.plugins.ml2.plugin [None req-efef293b-7746-4f22-bf13-d7a1d665a67f - - - - - -] Attempt 1 to provision port d25002d1-d494-4154-969b-87bb3bb850a9
2026-06-26 04:28:44.545 9 INFO neutron.plugins.ml2.plugin [None req-efef293b-7746-4f22-bf13-d7a1d665a67f - - - - - -] Attempt 1 to provision port d25002d1-d494-4154-969b-87bb3bb850a9
2026-06-26 04:45:17.128 10 INFO neutron.plugins.ml2.plugin [None req-b2f78157-699c-43d4-9405-fbc196c34097 - - - - - -] Attempt 1 to provision port 4a2d5b10-a060-4956-b2c4-dbf827871221
2026-06-26 04:45:17.219 9 INFO neutron.plugins.ml2.plugin [None req-efef293b-7746-4f22-bf13-d7a1d665a67f - - - - - -] Attempt 1 to provision port 8220ba9e-411b-4a0f-bac9-70729b9299f6
2026-06-26 04:45:17.682 10 INFO neutron.plugins.ml2.plugin [None req-ed6cd9d7-046a-4fbc-b63e-4a7b6788a02e - - - - - -] Attempt 1 to provision port 8220ba9e-411b-4a0f-bac9-70729b9299f6
2026-06-26 04:45:17.770 10 INFO neutron.plugins.ml2.plugin [None req-ed6cd9d7-046a-4fbc-b63e-4a7b6788a02e - - - - - -] Attempt 1 to provision port 4007c5e5-e449-4729-a0ab-3f51777fb337
2026-06-26 04:45:17.776 9 INFO neutron.plugins.ml2.plugin [None req-efef293b-7746-4f22-bf13-d7a1d665a67f - - - - - -] Attempt 1 to provision port e465ed57-1234-47f8-8207-fcb2375756d3
2026-06-26 04:45:18.224 10 INFO neutron.plugins.ml2.plugin [None req-bc8a542f-9266-4046-9a8a-c0f419407fec - - - - - -] Attempt 1 to provision port e465ed57-1234-47f8-8207-fcb2375756d3
2026-06-26 04:45:19.213 9 INFO neutron.plugins.ml2.plugin [None req-efef293b-7746-4f22-bf13-d7a1d665a67f - - - - - -] Attempt 1 to provision port 8220ba9e-411b-4a0f-bac9-70729b9299f6
2026-06-26 04:45:20.152 9 INFO neutron.plugins.ml2.plugin [None req-efef293b-7746-4f22-bf13-d7a1d665a67f - - - - - -] Attempt 1 to provision port e465ed57-1234-47f8-8207-fcb2375756d3
2026-06-26 04:45:20.538 9 INFO neutron.plugins.ml2.plugin [None req-e7744bda-343f-40c1-ac8b-a6b6c87a2368 - - - - - -] Attempt 1 to provision port e271f0b7-48a3-441e-91fc-0527159828d7
2026-06-26 04:45:20.848 10 INFO neutron.plugins.ml2.plugin [None req-f168dd1c-cc02-4385-b4a3-274605335eae - - - - - -] Attempt 1 to provision port 0793f150-cf53-4e0a-844a-5b1e29b8d8af
2026-06-26 04:45:21.209 10 INFO neutron.plugins.ml2.plugin [None req-ad94146f-655f-4666-aa7f-f050d6c61505 - - - - - -] Attempt 1 to provision port e271f0b7-48a3-441e-91fc-0527159828d7
2026-06-26 04:45:21.289 9 INFO neutron.plugins.ml2.plugin [None req-efef293b-7746-4f22-bf13-d7a1d665a67f - - - - - -] Attempt 1 to provision port 74214d96-cda3-4173-bcf4-b2033905b9c3
2026-06-26 04:45:22.164 9 INFO neutron.plugins.ml2.plugin [None req-3817288c-bc3c-460c-8347-532beb7dac3f - - - - - -] Attempt 1 to provision port 74214d96-cda3-4173-bcf4-b2033905b9c3
2026-06-26 04:45:22.666 9 INFO neutron.plugins.ml2.plugin [None req-862cee9c-b3b1-43a0-86b3-efbc359e4ea1 - - - - - -] Attempt 1 to provision port e4f80663-5f62-4ed2-9d5a-38bd5618533f
2026-06-26 04:45:23.216 10 INFO neutron.plugins.ml2.plugin [None req-efef293b-7746-4f22-bf13-d7a1d665a67f - - - - - -] Attempt 1 to provision port 74214d96-cda3-4173-bcf4-b2033905b9c3
2026-06-26 04:45:23.217 9 INFO neutron.plugins.ml2.plugin [None req-afd36724-7b43-4f33-a621-f36761825c42 - - - - - -] Attempt 1 to provision port e4f80663-5f62-4ed2-9d5a-38bd5618533f
2026-06-26 04:45:24.584 9 INFO neutron.plugins.ml2.plugin [None req-335fafc4-0a3f-4aa2-8142-6582fad2eec4 - - - - - -] Attempt 1 to provision port 492560c1-5e94-4dff-91b0-e9388c18128e
2026-06-26 04:45:24.729 10 INFO neutron.plugins.ml2.plugin [None req-b4ca37e0-55a3-41d1-bb2b-97dd4a390d24 - - - - - -] Attempt 1 to provision port 7387acc3-15e4-4c1a-8b8b-a8b971737934
2026-06-26 04:45:25.184 9 INFO neutron.plugins.ml2.plugin [None req-f0847b60-7f96-4091-9ec6-1a8b7f8a1fdb - - - - - -] Attempt 1 to provision port 492560c1-5e94-4dff-91b0-e9388c18128e
2026-06-26 04:45:25.207 10 INFO neutron.plugins.ml2.plugin [None req-efef293b-7746-4f22-bf13-d7a1d665a67f - - - - - -] Attempt 1 to provision port 0b0a867c-34cf-4cba-9d46-c6f9de1a5957
2026-06-26 04:45:25.739 9 INFO neutron.plugins.ml2.plugin [None req-77361993-fa2d-4950-bf80-9659580bffe3 - - - - - -] Attempt 1 to provision port 0b0a867c-34cf-4cba-9d46-c6f9de1a5957
2026-06-26 04:45:27.216 9 INFO neutron.plugins.ml2.plugin [None req-efef293b-7746-4f22-bf13-d7a1d665a67f - - - - - -] Attempt 1 to provision port 0b0a867c-34cf-4cba-9d46-c6f9de1a5957
2026-06-26 04:45:27.356 10 INFO neutron.plugins.ml2.plugin [None req-581182fe-0155-45d6-a124-e82713c8d015 - - - - - -] Attempt 1 to provision port 507dc544-f9b6-4178-aa8d-56d025b212af
2026-06-26 04:45:27.901 10 INFO neutron.plugins.ml2.plugin [None req-67ac7917-ca88-42ec-9a91-e642683148f2 - - - - - -] Attempt 1 to provision port 507dc544-f9b6-4178-aa8d-56d025b212af
2026-06-26 04:45:29.254 9 INFO neutron.plugins.ml2.plugin [None req-efef293b-7746-4f22-bf13-d7a1d665a67f - - - - - -] Attempt 1 to provision port c02f65f5-23d1-4f4e-ba78-fc723702e0d9
2026-06-26 04:45:29.667 9 INFO neutron.plugins.ml2.plugin [None req-efef293b-7746-4f22-bf13-d7a1d665a67f - - - - - -] Attempt 1 to provision port acf33327-7060-4ff1-93b5-e41b4cad6a62
2026-06-26 04:45:30.230 9 INFO neutron.plugins.ml2.plugin [None req-efef293b-7746-4f22-bf13-d7a1d665a67f - - - - - -] Attempt 1 to provision port f84866e5-f4e4-4234-9e12-d0ffb32bd973
2026-06-26 04:45:30.787 9 INFO neutron.plugins.ml2.plugin [None req-efef293b-7746-4f22-bf13-d7a1d665a67f - - - - - -] Attempt 1 to provision port 103572c0-59cc-4425-955f-ba0cdbdf06e2
2026-06-26 04:45:31.508 9 INFO neutron.plugins.ml2.plugin [None req-efef293b-7746-4f22-bf13-d7a1d665a67f - - - - - -] Attempt 1 to provision port c02f65f5-23d1-4f4e-ba78-fc723702e0d9
2026-06-26 04:45:31.923 9 INFO neutron.plugins.ml2.plugin [None req-efef293b-7746-4f22-bf13-d7a1d665a67f - - - - - -] Attempt 1 to provision port f84866e5-f4e4-4234-9e12-d0ffb32bd973 /var/lib/openstack/lib/python3.10/site-packages/oslo_db/sqlalchemy/enginefacade.py:664: SAWarning: DELETE statement on table 'portsecuritybindings' expected to delete 1 row(s); 0 were matched. Please set confirm_deleted_rows=False within the mapper configuration to prevent this warning. self.session.flush() /var/lib/openstack/lib/python3.10/site-packages/oslo_db/sqlalchemy/enginefacade.py:664: SAWarning: DELETE statement on table 'ml2_port_bindings' expected to delete 1 row(s); 0 were matched. Please set confirm_deleted_rows=False within the mapper configuration to prevent this warning. self.session.flush() /var/lib/openstack/lib/python3.10/site-packages/oslo_db/sqlalchemy/enginefacade.py:664: SAWarning: DELETE statement on table 'ml2_port_binding_levels' expected to delete 1 row(s); 0 were matched. Please set confirm_deleted_rows=False within the mapper configuration to prevent this warning. self.session.flush() /var/lib/openstack/lib/python3.10/site-packages/oslo_db/sqlalchemy/enginefacade.py:664: SAWarning: DELETE statement on table 'ports' expected to delete 1 row(s); 0 were matched. Please set confirm_deleted_rows=False within the mapper configuration to prevent this warning. self.session.flush()
2026-06-26 04:45:32.343 9 INFO neutron.plugins.ml2.plugin [None req-efef293b-7746-4f22-bf13-d7a1d665a67f - - - - - -] Attempt 1 to provision port 103572c0-59cc-4425-955f-ba0cdbdf06e2
2026-06-26 04:45:33.511 9 INFO neutron.plugins.ml2.plugin [None req-dbc963b0-ef46-4226-bce9-5f965d5496b1 - - - - - -] Attempt 1 to provision port 321c0ebd-2a45-4ffb-9157-22abb3bd6226
2026-06-26 04:45:37.523 10 INFO neutron.plugins.ml2.plugin [None req-efef293b-7746-4f22-bf13-d7a1d665a67f - - - - - -] Attempt 1 to provision port 321c0ebd-2a45-4ffb-9157-22abb3bd6226
2026-06-26 04:45:38.189 10 INFO neutron.notifiers.nova [-] Nova event matching ['req-68552eca-6218-4559-a48a-926dc4c4d8f3'] response: {'server_uuid': '58f0bf73-b3af-4703-bcf4-b9e7eca8957b', 'name': 'network-vif-plugged', 'status': 'completed', 'tag': '321c0ebd-2a45-4ffb-9157-22abb3bd6226', 'code': 200}
2026-06-26 04:45:38.403 9 INFO neutron.plugins.ml2.plugin [None req-bff2e6a9-477e-44cd-bc0e-4541f9aea170 - - - - - -] Attempt 1 to provision port e4d17a15-f5c2-41e4-bcee-b4dd4bd45d48
2026-06-26 04:45:38.672 9 INFO neutron.plugins.ml2.plugin [None req-8a41e0d3-782a-4609-a8f3-027c29c46d2f - - - - - -] Attempt 1 to provision port e01e181d-1143-4c5e-bfda-66558c8f8215
2026-06-26 04:45:39.521 9 INFO neutron.plugins.ml2.plugin [None req-efef293b-7746-4f22-bf13-d7a1d665a67f - - - - - -] Attempt 1 to provision port fa5dc62b-0966-414e-9436-9acd207f870f
2026-06-26 04:45:39.639 10 INFO neutron.plugins.ml2.plugin [None req-e6a914bd-8cad-4da8-8975-30d591ff72e3 - - - - - -] Attempt 1 to provision port fa5dc62b-0966-414e-9436-9acd207f870f
2026-06-26 04:45:40.255 9 INFO neutron.plugins.ml2.plugin [None req-efef293b-7746-4f22-bf13-d7a1d665a67f - - - - - -] Attempt 1 to provision port 321c0ebd-2a45-4ffb-9157-22abb3bd6226
2026-06-26 04:45:41.346 9 INFO neutron.plugins.ml2.plugin [None req-f615106c-f2a0-46c5-9944-f7cc77190b10 - - - - - -] Attempt 1 to provision port b5f51c56-bf34-43aa-a11e-8d5d4bf8c9b2
2026-06-26 04:45:41.581 10 INFO neutron.plugins.ml2.plugin [None req-efef293b-7746-4f22-bf13-d7a1d665a67f - - - - - -] Attempt 1 to provision port e4d17a15-f5c2-41e4-bcee-b4dd4bd45d48
2026-06-26 04:45:41.876 10 INFO neutron.notifiers.nova [-] Nova event matching ['req-086925a0-2ffc-46d0-bfd1-0a04a4d81a9e'] response: {'server_uuid': 'dc657ef1-7d98-4def-a258-ada6b1198518', 'name': 'network-vif-plugged', 'status': 'completed', 'tag': 'e4d17a15-f5c2-41e4-bcee-b4dd4bd45d48', 'code': 200}
2026-06-26 04:45:42.315 10 INFO neutron.plugins.ml2.plugin [None req-08d416b1-9b1c-42e0-8c40-796539447f37 - - - - - -] Attempt 1 to provision port b5f51c56-bf34-43aa-a11e-8d5d4bf8c9b2
2026-06-26 04:45:42.370 10 INFO neutron.plugins.ml2.plugin [None req-efef293b-7746-4f22-bf13-d7a1d665a67f - - - - - -] Attempt 1 to provision port fa5dc62b-0966-414e-9436-9acd207f870f
2026-06-26 04:45:43.829 10 INFO neutron.plugins.ml2.plugin [None req-efef293b-7746-4f22-bf13-d7a1d665a67f - - - - - -] Attempt 1 to provision port e4d17a15-f5c2-41e4-bcee-b4dd4bd45d48
2026-06-26 04:45:44.449 10 INFO neutron.plugins.ml2.plugin [None req-efef293b-7746-4f22-bf13-d7a1d665a67f - - - - - -] Attempt 1 to provision port 84604bd2-4ff5-4288-b9d7-ba3f327056f6
2026-06-26 04:45:45.556 9 INFO neutron.plugins.ml2.plugin [None req-efef293b-7746-4f22-bf13-d7a1d665a67f - - - - - -] Attempt 1 to provision port 84604bd2-4ff5-4288-b9d7-ba3f327056f6
2026-06-26 04:45:46.344 10 INFO neutron.notifiers.nova [-] Nova event matching ['req-2300a281-096f-4a27-b0c6-fe50d912d05c'] response: {'server_uuid': 'dc657ef1-7d98-4def-a258-ada6b1198518', 'name': 'network-vif-unplugged', 'status': 'completed', 'tag': 'e4d17a15-f5c2-41e4-bcee-b4dd4bd45d48', 'code': 200} /var/lib/openstack/lib/python3.10/site-packages/oslo_db/sqlalchemy/enginefacade.py:664: SAWarning: DELETE statement on table 'portsecuritybindings' expected to delete 1 row(s); 0 were matched. Please set confirm_deleted_rows=False within the mapper configuration to prevent this warning. self.session.flush() /var/lib/openstack/lib/python3.10/site-packages/oslo_db/sqlalchemy/enginefacade.py:664: SAWarning: DELETE statement on table 'ml2_port_bindings' expected to delete 1 row(s); 0 were matched. Please set confirm_deleted_rows=False within the mapper configuration to prevent this warning. self.session.flush() /var/lib/openstack/lib/python3.10/site-packages/oslo_db/sqlalchemy/enginefacade.py:664: SAWarning: DELETE statement on table 'ml2_port_binding_levels' expected to delete 1 row(s); 0 were matched. Please set confirm_deleted_rows=False within the mapper configuration to prevent this warning. self.session.flush() /var/lib/openstack/lib/python3.10/site-packages/oslo_db/sqlalchemy/enginefacade.py:664: SAWarning: DELETE statement on table 'ports' expected to delete 1 row(s); 0 were matched. Please set confirm_deleted_rows=False within the mapper configuration to prevent this warning. self.session.flush()
2026-06-26 04:45:53.522 9 INFO neutron.plugins.ml2.plugin [None req-efef293b-7746-4f22-bf13-d7a1d665a67f - - - - - -] Attempt 1 to provision port ff6a9f36-8d9b-4ac2-a7b5-7c8ab6d57181
2026-06-26 04:45:54.135 9 INFO neutron.notifiers.nova [-] Nova event matching ['req-ba37917d-e0c8-44f6-93f0-93d5156b8e3a'] response: {'server_uuid': '5b975f60-0206-485a-9bd2-31dd475b8a8d', 'name': 'network-vif-plugged', 'status': 'completed', 'tag': 'ff6a9f36-8d9b-4ac2-a7b5-7c8ab6d57181', 'code': 200}
2026-06-26 04:45:55.666 10 INFO neutron.plugins.ml2.plugin [None req-efef293b-7746-4f22-bf13-d7a1d665a67f - - - - - -] Attempt 1 to provision port ff6a9f36-8d9b-4ac2-a7b5-7c8ab6d57181
2026-06-26 04:45:58.030 9 INFO neutron.plugins.ml2.plugin [None req-398ebaf7-d249-4021-9739-d7764904184f - - - - - -] Attempt 1 to provision port 2497777d-d49d-4fcd-91f8-daab18a289fd
2026-06-26 04:45:59.101 10 INFO neutron.plugins.ml2.plugin [None req-d9f5a18a-fea1-45d0-8627-49ee611fdeb4 - - - - - -] Attempt 1 to provision port 3566df44-0601-4f21-8ae4-23fa8a4d1aa5
2026-06-26 04:45:59.648 9 INFO neutron.plugins.ml2.plugin [None req-efef293b-7746-4f22-bf13-d7a1d665a67f - - - - - -] Attempt 1 to provision port b5f51c56-bf34-43aa-a11e-8d5d4bf8c9b2
2026-06-26 04:46:00.341 9 INFO neutron.plugins.ml2.plugin [None req-efef293b-7746-4f22-bf13-d7a1d665a67f - - - - - -] Attempt 1 to provision port 3566df44-0601-4f21-8ae4-23fa8a4d1aa5
2026-06-26 04:46:00.580 10 INFO neutron.plugins.ml2.plugin [None req-19778480-4fc6-4c72-a536-7ff07c65fbc9 - - - - - -] Attempt 1 to provision port 3b395914-7427-44ce-9dfd-62992152fb05
2026-06-26 04:46:01.337 10 INFO neutron.plugins.ml2.plugin [None req-72b5092e-bb38-4735-8854-3916eb0e8b77 - - - - - -] Attempt 1 to provision port 3b395914-7427-44ce-9dfd-62992152fb05
2026-06-26 04:46:01.631 9 INFO neutron.plugins.ml2.plugin [None req-efef293b-7746-4f22-bf13-d7a1d665a67f - - - - - -] Attempt 1 to provision port e01e181d-1143-4c5e-bfda-66558c8f8215
2026-06-26 04:46:02.094 9 INFO neutron.plugins.ml2.plugin [None req-efef293b-7746-4f22-bf13-d7a1d665a67f - - - - - -] Attempt 1 to provision port 017d1d3f-e0e5-411b-918e-cf4eed308ec7
2026-06-26 04:46:02.796 9 INFO neutron.plugins.ml2.plugin [None req-efef293b-7746-4f22-bf13-d7a1d665a67f - - - - - -] Attempt 1 to provision port b5f51c56-bf34-43aa-a11e-8d5d4bf8c9b2
2026-06-26 04:46:03.076 9 INFO neutron.plugins.ml2.plugin [None req-efef293b-7746-4f22-bf13-d7a1d665a67f - - - - - -] Attempt 1 to provision port 3566df44-0601-4f21-8ae4-23fa8a4d1aa5
2026-06-26 04:46:03.478 10 INFO neutron.plugins.ml2.plugin [None req-efef293b-7746-4f22-bf13-d7a1d665a67f - - - - - -] Attempt 1 to provision port e01e181d-1143-4c5e-bfda-66558c8f8215
2026-06-26 04:46:03.699 10 INFO neutron.plugins.ml2.plugin [None req-efef293b-7746-4f22-bf13-d7a1d665a67f - - - - - -] Attempt 1 to provision port 017d1d3f-e0e5-411b-918e-cf4eed308ec7
2026-06-26 04:46:07.558 9 INFO neutron.plugins.ml2.plugin [None req-efef293b-7746-4f22-bf13-d7a1d665a67f - - - - - -] Attempt 1 to provision port 1fdde7cb-4c99-478a-acd5-e052393031e1
2026-06-26 04:46:07.701 9 INFO neutron.notifiers.nova [-] Nova event matching ['req-28962767-0c64-4656-84e0-5142177fce9f'] response: {'server_uuid': 'a0e5f02b-cb99-4193-a0b0-9edecc5409c7', 'name': 'network-vif-plugged', 'status': 'completed', 'tag': '1fdde7cb-4c99-478a-acd5-e052393031e1', 'code': 200}
2026-06-26 04:46:09.502 10 INFO neutron.plugins.ml2.plugin [None req-efef293b-7746-4f22-bf13-d7a1d665a67f - - - - - -] Attempt 1 to provision port 1fdde7cb-4c99-478a-acd5-e052393031e1
2026-06-26 04:46:14.140 10 INFO neutron.plugins.ml2.plugin [None req-f7f1d704-96b1-4039-bf1b-1cf819e7a018 - - - - - -] Attempt 1 to provision port ff6a9f36-8d9b-4ac2-a7b5-7c8ab6d57181
2026-06-26 04:46:15.667 9 INFO neutron.plugins.ml2.plugin [None req-efef293b-7746-4f22-bf13-d7a1d665a67f - - - - - -] Attempt 1 to provision port ff6a9f36-8d9b-4ac2-a7b5-7c8ab6d57181
2026-06-26 04:46:16.844 9 INFO neutron.plugins.ml2.plugin [None req-67005c3b-444c-4e9e-a889-a2ab3b1b6ede - - - - - -] Attempt 1 to provision port ff6a9f36-8d9b-4ac2-a7b5-7c8ab6d57181
2026-06-26 04:46:17.542 10 INFO neutron.plugins.ml2.plugin [None req-efef293b-7746-4f22-bf13-d7a1d665a67f - - - - - -] Attempt 1 to provision port ff6a9f36-8d9b-4ac2-a7b5-7c8ab6d57181
2026-06-26 04:46:29.643 10 INFO neutron.plugins.ml2.plugin [None req-efef293b-7746-4f22-bf13-d7a1d665a67f - - - - - -] Attempt 1 to provision port 140c5d01-f824-4f8f-82df-e3cf82d2fa1b
2026-06-26 04:46:29.766 9 INFO neutron.plugins.ml2.plugin [None req-83a86bc7-161f-4c8c-aeeb-96aeaa36684c - - - - - -] Attempt 1 to provision port 003ac314-c302-4737-867c-d9a82a9b12bc
2026-06-26 04:46:30.620 9 INFO neutron.plugins.ml2.plugin [None req-58bbc507-a8be-485e-bab7-2113547d5fd5 - - - - - -] Attempt 1 to provision port 140c5d01-f824-4f8f-82df-e3cf82d2fa1b
2026-06-26 04:46:31.515 9 INFO neutron.plugins.ml2.plugin [None req-02ab39ae-dddd-4cf5-adc0-bdd232ce2938 - - - - - -] Attempt 1 to provision port 305e7d89-bb7f-4acb-88e1-f72da8a302dd
2026-06-26 04:46:31.582 10 INFO neutron.plugins.ml2.plugin [None req-efef293b-7746-4f22-bf13-d7a1d665a67f - - - - - -] Attempt 1 to provision port 140c5d01-f824-4f8f-82df-e3cf82d2fa1b
2026-06-26 04:46:32.158 10 INFO neutron.plugins.ml2.plugin [None req-efef293b-7746-4f22-bf13-d7a1d665a67f - - - - - -] Attempt 1 to provision port d55bdca3-0a9a-44ae-9820-19c395ee881b
2026-06-26 04:46:32.482 10 INFO neutron.plugins.ml2.plugin [None req-b8b7c6fc-c4c0-44ca-9fc7-3dbe24a5a25d - - - - - -] Attempt 1 to provision port d55bdca3-0a9a-44ae-9820-19c395ee881b
2026-06-26 04:46:33.135 10 INFO neutron.plugins.ml2.plugin [None req-b3c5b02b-4d21-4a73-9c23-3299b0cf4e86 - - - - - -] Attempt 1 to provision port 79adfae6-ff98-4ddd-b819-ada9466ade78
2026-06-26 04:46:33.573 10 INFO neutron.plugins.ml2.plugin [None req-efef293b-7746-4f22-bf13-d7a1d665a67f - - - - - -] Attempt 1 to provision port a3c4a80c-4b80-4b7c-99c4-2654f1fd0063
2026-06-26 04:46:33.688 9 INFO neutron.plugins.ml2.plugin [None req-1cc92fa8-3155-40ce-ae7a-82bf0188e1b9 - - - - - -] Attempt 1 to provision port 79adfae6-ff98-4ddd-b819-ada9466ade78
2026-06-26 04:46:34.104 10 INFO neutron.plugins.ml2.plugin [None req-efef293b-7746-4f22-bf13-d7a1d665a67f - - - - - -] Attempt 1 to provision port d55bdca3-0a9a-44ae-9820-19c395ee881b
2026-06-26 04:46:34.761 9 INFO neutron.plugins.ml2.plugin [None req-b53bb1b6-02c9-4ef5-b51d-4d9fdf84cb36 - - - - - -] Attempt 1 to provision port b9771075-247a-498c-b441-636f5704d878
