2026-06-26 04:46:35.516 9 INFO neutron.plugins.ml2.plugin [None req-afb01f84-4931-44e2-a22e-09a26a882a37 - - - - - -] Attempt 1 to provision port b9771075-247a-498c-b441-636f5704d878
2026-06-26 04:46:35.597 10 INFO neutron.plugins.ml2.plugin [None req-efef293b-7746-4f22-bf13-d7a1d665a67f - - - - - -] Attempt 1 to provision port 41df6dbe-605d-428e-8f3f-ff030546731a
2026-06-26 04:46:36.102 10 INFO neutron.plugins.ml2.plugin [None req-efef293b-7746-4f22-bf13-d7a1d665a67f - - - - - -] Attempt 1 to provision port a3c4a80c-4b80-4b7c-99c4-2654f1fd0063
2026-06-26 04:46:37.821 9 INFO neutron.plugins.ml2.plugin [None req-efef293b-7746-4f22-bf13-d7a1d665a67f - - - - - -] Attempt 1 to provision port 41df6dbe-605d-428e-8f3f-ff030546731a
2026-06-26 04:46:38.917 9 INFO neutron.plugins.ml2.plugin [None req-d83ec1ae-f920-4aff-8bb1-e228bc23cf82 - - - - - -] Attempt 1 to provision port 4ffd4068-33cc-4a65-8adb-0c237e9a0407
2026-06-26 04:46:39.824 10 INFO neutron.plugins.ml2.plugin [None req-efef293b-7746-4f22-bf13-d7a1d665a67f - - - - - -] Attempt 1 to provision port 0041c7e0-8bcd-4083-b802-d6898d27d6d4
2026-06-26 04:46:41.408 9 INFO neutron.plugins.ml2.plugin [None req-b84be6c3-dad8-4b5d-9a53-7d82a39afcca - - - - - -] Attempt 1 to provision port 0041c7e0-8bcd-4083-b802-d6898d27d6d4
2026-06-26 04:46:41.645 10 INFO neutron.plugins.ml2.plugin [None req-d5ee2d5b-89b7-439a-a12d-ce637821dea8 - - - - - -] Attempt 1 to provision port b8ae3fc1-3644-48f7-b894-dcab6047fbee
2026-06-26 04:46:41.649 9 INFO neutron.plugins.ml2.plugin [None req-efef293b-7746-4f22-bf13-d7a1d665a67f - - - - - -] Attempt 1 to provision port 0041c7e0-8bcd-4083-b802-d6898d27d6d4
2026-06-26 04:46:42.204 10 INFO neutron.plugins.ml2.plugin [None req-d5ee2d5b-89b7-439a-a12d-ce637821dea8 - - - - - -] Attempt 2 to provision port b8ae3fc1-3644-48f7-b894-dcab6047fbee
2026-06-26 04:46:42.542 10 INFO neutron.plugins.ml2.plugin [None req-0a8cc2eb-23cd-4b9e-9114-fcf3b8eb110f - - - - - -] Attempt 1 to provision port 168b4a4c-aa0e-4456-9651-23f1aaeb2880
2026-06-26 04:46:43.601 10 INFO neutron.plugins.ml2.plugin [None req-efef293b-7746-4f22-bf13-d7a1d665a67f - - - - - -] Attempt 1 to provision port 31431a08-9b2a-494d-85f4-6bdb6401a8c1
2026-06-26 04:46:44.084 10 INFO neutron.plugins.ml2.plugin [None req-efef293b-7746-4f22-bf13-d7a1d665a67f - - - - - -] Attempt 1 to provision port b8ae3fc1-3644-48f7-b894-dcab6047fbee
2026-06-26 04:46:44.265 10 INFO neutron.notifiers.nova [-] Nova event matching ['req-8eab3572-27f9-476a-88de-2e99d34f5c34'] response: {'server_uuid': '360c4381-49e7-4c6b-beeb-76cea9b594b1', 'name': 'network-vif-plugged', 'status': 'completed', 'tag': 'b8ae3fc1-3644-48f7-b894-dcab6047fbee', 'code': 200}
2026-06-26 04:46:45.530 9 INFO neutron.plugins.ml2.plugin [None req-efef293b-7746-4f22-bf13-d7a1d665a67f - - - - - -] Attempt 1 to provision port 31431a08-9b2a-494d-85f4-6bdb6401a8c1
2026-06-26 04:46:45.813 9 INFO neutron.plugins.ml2.plugin [None req-efef293b-7746-4f22-bf13-d7a1d665a67f - - - - - -] Attempt 1 to provision port b8ae3fc1-3644-48f7-b894-dcab6047fbee
2026-06-26 04:46:49.366 9 INFO neutron.plugins.ml2.plugin [None req-ebd3d7d9-4936-47d0-892f-a16604e402db - - - - - -] Attempt 1 to provision port f8e5a99c-c842-48eb-b7b7-3545a7a4ad1a
2026-06-26 04:46:49.612 10 INFO neutron.plugins.ml2.plugin [None req-efef293b-7746-4f22-bf13-d7a1d665a67f - - - - - -] Attempt 1 to provision port f8e5a99c-c842-48eb-b7b7-3545a7a4ad1a /var/lib/openstack/lib/python3.10/site-packages/oslo_db/sqlalchemy/enginefacade.py:664: SAWarning: DELETE statement on table 'portsecuritybindings' expected to delete 1 row(s); 0 were matched. Please set confirm_deleted_rows=False within the mapper configuration to prevent this warning. self.session.flush() /var/lib/openstack/lib/python3.10/site-packages/oslo_db/sqlalchemy/enginefacade.py:664: SAWarning: DELETE statement on table 'ml2_port_bindings' expected to delete 1 row(s); 0 were matched. Please set confirm_deleted_rows=False within the mapper configuration to prevent this warning. self.session.flush() /var/lib/openstack/lib/python3.10/site-packages/oslo_db/sqlalchemy/enginefacade.py:664: SAWarning: DELETE statement on table 'ml2_port_binding_levels' expected to delete 1 row(s); 0 were matched. Please set confirm_deleted_rows=False within the mapper configuration to prevent this warning. self.session.flush() /var/lib/openstack/lib/python3.10/site-packages/oslo_db/sqlalchemy/enginefacade.py:664: SAWarning: DELETE statement on table 'ports' expected to delete 1 row(s); 0 were matched. Please set confirm_deleted_rows=False within the mapper configuration to prevent this warning. self.session.flush()
2026-06-26 04:46:51.733 9 INFO neutron.plugins.ml2.plugin [None req-efef293b-7746-4f22-bf13-d7a1d665a67f - - - - - -] Attempt 1 to provision port 5aa4fa9e-fc1d-42bd-8302-2733d510e769
2026-06-26 04:46:51.871 9 INFO neutron.notifiers.nova [-] Nova event matching ['req-4e55dfb7-52f9-4e22-a9b6-47779361f52d'] response: {'server_uuid': '6a727600-1eb1-4289-9dee-c0142158453b', 'name': 'network-vif-plugged', 'status': 'completed', 'tag': '5aa4fa9e-fc1d-42bd-8302-2733d510e769', 'code': 200}
2026-06-26 04:46:52.291 9 INFO neutron.plugins.ml2.plugin [None req-efef293b-7746-4f22-bf13-d7a1d665a67f - - - - - -] Attempt 1 to provision port 79adfae6-ff98-4ddd-b819-ada9466ade78
2026-06-26 04:46:52.681 9 INFO neutron.plugins.ml2.plugin [None req-efef293b-7746-4f22-bf13-d7a1d665a67f - - - - - -] Attempt 1 to provision port 003ac314-c302-4737-867c-d9a82a9b12bc
2026-06-26 04:46:53.647 10 INFO neutron.plugins.ml2.plugin [None req-efef293b-7746-4f22-bf13-d7a1d665a67f - - - - - -] Attempt 1 to provision port 5aa4fa9e-fc1d-42bd-8302-2733d510e769
2026-06-26 04:46:53.953 10 INFO neutron.plugins.ml2.plugin [None req-efef293b-7746-4f22-bf13-d7a1d665a67f - - - - - -] Attempt 1 to provision port 79adfae6-ff98-4ddd-b819-ada9466ade78
2026-06-26 04:46:54.289 10 INFO neutron.plugins.ml2.plugin [None req-efef293b-7746-4f22-bf13-d7a1d665a67f - - - - - -] Attempt 1 to provision port 003ac314-c302-4737-867c-d9a82a9b12bc
2026-06-26 04:46:55.147 10 INFO neutron.plugins.ml2.plugin [None req-c9cd4443-0799-4c67-84f5-533c7b78adef - - - - - -] Attempt 1 to provision port 4d73e01b-0b2a-41e9-9a50-3f231a9ed222
2026-06-26 04:46:57.553 9 INFO neutron.plugins.ml2.plugin [None req-efef293b-7746-4f22-bf13-d7a1d665a67f - - - - - -] Attempt 1 to provision port 305e7d89-bb7f-4acb-88e1-f72da8a302dd
2026-06-26 04:46:58.059 9 INFO neutron.plugins.ml2.plugin [None req-efef293b-7746-4f22-bf13-d7a1d665a67f - - - - - -] Attempt 1 to provision port b9771075-247a-498c-b441-636f5704d878
2026-06-26 04:46:59.607 10 INFO neutron.plugins.ml2.plugin [None req-efef293b-7746-4f22-bf13-d7a1d665a67f - - - - - -] Attempt 1 to provision port 305e7d89-bb7f-4acb-88e1-f72da8a302dd
2026-06-26 04:46:59.832 10 INFO neutron.plugins.ml2.plugin [None req-efef293b-7746-4f22-bf13-d7a1d665a67f - - - - - -] Attempt 1 to provision port b9771075-247a-498c-b441-636f5704d878
2026-06-26 04:47:01.519 9 INFO neutron.notifiers.nova [-] Nova event matching ['req-531cf51f-d3b0-4d40-91d9-1f23b82885ad'] response: {'server_uuid': '360c4381-49e7-4c6b-beeb-76cea9b594b1', 'name': 'network-vif-unplugged', 'status': 'completed', 'tag': 'b8ae3fc1-3644-48f7-b894-dcab6047fbee', 'code': 200}
2026-06-26 04:47:02.203 10 INFO neutron.plugins.ml2.plugin [None req-efef293b-7746-4f22-bf13-d7a1d665a67f - - - - - -] Attempt 1 to provision port 4ffd4068-33cc-4a65-8adb-0c237e9a0407
2026-06-26 04:47:02.288 9 INFO neutron.plugins.ml2.plugin [None req-ef16bd7d-4070-40cd-b286-25d7de7cb7f8 - - - - - -] Attempt 1 to provision port 28f0a924-8cb9-41ca-89b1-4d0610053db4
2026-06-26 04:47:02.586 10 INFO neutron.plugins.ml2.plugin [None req-efef293b-7746-4f22-bf13-d7a1d665a67f - - - - - -] Attempt 1 to provision port b8ae3fc1-3644-48f7-b894-dcab6047fbee
2026-06-26 04:47:02.771 10 INFO neutron.notifiers.nova [-] Nova event matching ['req-c0193457-e128-4903-852f-5e793b97dd2a'] response: {'server_uuid': '360c4381-49e7-4c6b-beeb-76cea9b594b1', 'name': 'network-vif-plugged', 'status': 'completed', 'tag': 'b8ae3fc1-3644-48f7-b894-dcab6047fbee', 'code': 200}
2026-06-26 04:47:02.951 9 INFO neutron.plugins.ml2.plugin [None req-814a605d-04bd-4c0d-810a-1a8ef41d4ecd - - - - - -] Attempt 1 to provision port 7336e321-7b2a-4f4e-bcf8-48bd879218c2
2026-06-26 04:47:03.037 10 INFO neutron.plugins.ml2.plugin [None req-efef293b-7746-4f22-bf13-d7a1d665a67f - - - - - -] Attempt 1 to provision port 168b4a4c-aa0e-4456-9651-23f1aaeb2880
2026-06-26 04:47:03.720 10 INFO neutron.plugins.ml2.plugin [None req-efef293b-7746-4f22-bf13-d7a1d665a67f - - - - - -] Attempt 1 to provision port 7336e321-7b2a-4f4e-bcf8-48bd879218c2
2026-06-26 04:47:04.107 10 INFO neutron.plugins.ml2.plugin [None req-efef293b-7746-4f22-bf13-d7a1d665a67f - - - - - -] Attempt 1 to provision port 4ffd4068-33cc-4a65-8adb-0c237e9a0407
2026-06-26 04:47:04.393 10 INFO neutron.plugins.ml2.plugin [None req-efef293b-7746-4f22-bf13-d7a1d665a67f - - - - - -] Attempt 1 to provision port b8ae3fc1-3644-48f7-b894-dcab6047fbee
2026-06-26 04:47:04.537 10 INFO neutron.plugins.ml2.plugin [None req-47d5dd83-966d-443c-b06e-f9527dbe91f0 - - - - - -] Attempt 1 to provision port 5c0ca79c-1f21-4067-8088-7a9331dcb3aa
2026-06-26 04:47:04.866 10 INFO neutron.plugins.ml2.plugin [None req-efef293b-7746-4f22-bf13-d7a1d665a67f - - - - - -] Attempt 1 to provision port 168b4a4c-aa0e-4456-9651-23f1aaeb2880
2026-06-26 04:47:05.105 10 INFO neutron.plugins.ml2.plugin [None req-eba99d97-2946-4238-b1e9-78906244a10a - - - - - -] Attempt 1 to provision port 5c0ca79c-1f21-4067-8088-7a9331dcb3aa
2026-06-26 04:47:05.777 9 INFO neutron.plugins.ml2.plugin [None req-efef293b-7746-4f22-bf13-d7a1d665a67f - - - - - -] Attempt 1 to provision port 92866398-1e0c-4d20-a97c-15ece98ad66e
2026-06-26 04:47:07.608 9 INFO neutron.plugins.ml2.plugin [None req-efef293b-7746-4f22-bf13-d7a1d665a67f - - - - - -] Attempt 1 to provision port 92866398-1e0c-4d20-a97c-15ece98ad66e
2026-06-26 04:47:09.810 9 INFO neutron.plugins.ml2.plugin [None req-ba821c2c-5ec7-444c-8c91-fd1e3efdf32c - - - - - -] Attempt 1 to provision port 6d52b1c0-09ef-4c13-aa69-34ea750c0ccd
2026-06-26 04:47:13.846 9 INFO neutron.plugins.ml2.plugin [None req-efef293b-7746-4f22-bf13-d7a1d665a67f - - - - - -] Attempt 1 to provision port 6d52b1c0-09ef-4c13-aa69-34ea750c0ccd
2026-06-26 04:47:13.978 9 INFO neutron.notifiers.nova [-] Nova event matching ['req-4935707c-1358-44c7-a533-ea7138d979b7'] response: {'server_uuid': 'd8aaee13-5631-4d1e-a294-667288c1a39c', 'name': 'network-vif-plugged', 'status': 'completed', 'tag': '6d52b1c0-09ef-4c13-aa69-34ea750c0ccd', 'code': 200}
2026-06-26 04:47:15.758 9 INFO neutron.plugins.ml2.plugin [None req-efef293b-7746-4f22-bf13-d7a1d665a67f - - - - - -] Attempt 1 to provision port 6d52b1c0-09ef-4c13-aa69-34ea750c0ccd
2026-06-26 04:47:17.640 9 INFO neutron.plugins.ml2.plugin [None req-efef293b-7746-4f22-bf13-d7a1d665a67f - - - - - -] Attempt 1 to provision port 8421cd40-14c1-4538-8398-2b715d79337c
2026-06-26 04:47:18.860 9 INFO neutron.plugins.ml2.plugin [None req-e31b69cc-6bd7-4aac-92f9-3ace2c5d4d79 - - - - - -] Attempt 1 to provision port 8421cd40-14c1-4538-8398-2b715d79337c
2026-06-26 04:47:20.092 10 INFO neutron.notifiers.nova [-] Nova event matching ['req-5f248dfa-f0f9-476d-832d-41ae64ebe618'] response: {'server_uuid': '360c4381-49e7-4c6b-beeb-76cea9b594b1', 'name': 'network-vif-unplugged', 'status': 'completed', 'tag': 'b8ae3fc1-3644-48f7-b894-dcab6047fbee', 'code': 200}
2026-06-26 04:47:21.907 10 INFO neutron.plugins.ml2.plugin [None req-efef293b-7746-4f22-bf13-d7a1d665a67f - - - - - -] Attempt 1 to provision port 28f0a924-8cb9-41ca-89b1-4d0610053db4 /var/lib/openstack/lib/python3.10/site-packages/oslo_db/sqlalchemy/enginefacade.py:664: SAWarning: DELETE statement on table 'portsecuritybindings' expected to delete 1 row(s); 0 were matched. Please set confirm_deleted_rows=False within the mapper configuration to prevent this warning. self.session.flush() /var/lib/openstack/lib/python3.10/site-packages/oslo_db/sqlalchemy/enginefacade.py:664: SAWarning: DELETE statement on table 'ml2_port_bindings' expected to delete 1 row(s); 0 were matched. Please set confirm_deleted_rows=False within the mapper configuration to prevent this warning. self.session.flush() /var/lib/openstack/lib/python3.10/site-packages/oslo_db/sqlalchemy/enginefacade.py:664: SAWarning: DELETE statement on table 'ml2_port_binding_levels' expected to delete 1 row(s); 0 were matched. Please set confirm_deleted_rows=False within the mapper configuration to prevent this warning. self.session.flush() /var/lib/openstack/lib/python3.10/site-packages/oslo_db/sqlalchemy/enginefacade.py:664: SAWarning: DELETE statement on table 'ports' expected to delete 1 row(s); 0 were matched. Please set confirm_deleted_rows=False within the mapper configuration to prevent this warning. self.session.flush()
2026-06-26 04:47:27.517 10 INFO neutron.plugins.ml2.plugin [None req-0ce9bc34-318b-4120-aa53-e60e9beae75c - - - - - -] Attempt 1 to provision port 56643318-2dff-4487-a63b-9126fc918d43
2026-06-26 04:47:27.586 9 INFO neutron.plugins.ml2.plugin [None req-efef293b-7746-4f22-bf13-d7a1d665a67f - - - - - -] Attempt 1 to provision port d12a468c-b0ec-4a5b-932e-33bf5656ecd8
2026-06-26 04:47:27.880 10 INFO neutron.plugins.ml2.plugin [None req-7b225ab7-034e-421a-b2ff-b97af28da946 - - - - - -] Attempt 1 to provision port d12a468c-b0ec-4a5b-932e-33bf5656ecd8
2026-06-26 04:47:28.347 9 INFO neutron.plugins.ml2.plugin [None req-efef293b-7746-4f22-bf13-d7a1d665a67f - - - - - -] Attempt 1 to provision port 56643318-2dff-4487-a63b-9126fc918d43
2026-06-26 04:47:28.673 9 INFO neutron.plugins.ml2.plugin [None req-c6a3ea83-410e-4ab5-b981-1ab6c3834dfc - - - - - -] Attempt 1 to provision port 965d635f-6998-4d85-a14b-4defcbec8f38
2026-06-26 04:47:29.511 10 INFO neutron.plugins.ml2.plugin [None req-efef293b-7746-4f22-bf13-d7a1d665a67f - - - - - -] Attempt 1 to provision port d12a468c-b0ec-4a5b-932e-33bf5656ecd8
2026-06-26 04:47:29.617 9 INFO neutron.plugins.ml2.plugin [None req-48dfca2b-0fbe-4e2e-a7ae-cefbce6338b6 - - - - - -] Attempt 1 to provision port a6571381-a0d9-408f-bebc-ca91177a270b
2026-06-26 04:47:29.936 10 INFO neutron.plugins.ml2.plugin [None req-efef293b-7746-4f22-bf13-d7a1d665a67f - - - - - -] Attempt 1 to provision port 56643318-2dff-4487-a63b-9126fc918d43
2026-06-26 04:47:30.683 10 INFO neutron.plugins.ml2.plugin [None req-e1685bc8-9c3d-4be2-9894-efd637232ebb - - - - - -] Attempt 1 to provision port a6571381-a0d9-408f-bebc-ca91177a270b
2026-06-26 04:47:30.936 9 INFO neutron.plugins.ml2.plugin [None req-63e2040b-9a3a-4f10-9855-ba7f207ac0c2 - - - - - -] Attempt 1 to provision port 9bee9e79-eed0-403d-a167-cc0dfa5eda50
2026-06-26 04:47:31.577 10 INFO neutron.plugins.ml2.plugin [None req-efef293b-7746-4f22-bf13-d7a1d665a67f - - - - - -] Attempt 1 to provision port 59f10212-de3b-4da3-a13a-a243c132796f
2026-06-26 04:47:32.178 10 INFO neutron.plugins.ml2.plugin [None req-044f3536-34a0-4d5a-b47b-0cd9b9cc19ac - - - - - -] Attempt 1 to provision port 59f10212-de3b-4da3-a13a-a243c132796f
2026-06-26 04:47:33.483 9 INFO neutron.plugins.ml2.plugin [None req-56996e39-436b-46c1-af2f-c3eedd3bca1f - - - - - -] Attempt 1 to provision port 36ea3d96-f6aa-4403-995e-c6f0ab13d558
2026-06-26 04:47:33.576 10 INFO neutron.plugins.ml2.plugin [None req-efef293b-7746-4f22-bf13-d7a1d665a67f - - - - - -] Attempt 1 to provision port 59f10212-de3b-4da3-a13a-a243c132796f
2026-06-26 04:47:34.127 10 INFO neutron.plugins.ml2.plugin [None req-c3b5e58e-6dbf-4c14-94db-7876e58743f7 - - - - - -] Attempt 1 to provision port 36ea3d96-f6aa-4403-995e-c6f0ab13d558
2026-06-26 04:47:35.704 10 INFO neutron.plugins.ml2.plugin [None req-efef293b-7746-4f22-bf13-d7a1d665a67f - - - - - -] Attempt 1 to provision port 8805adab-8f71-4bf9-9ec8-9ed1849e2cf8
2026-06-26 04:47:36.799 10 INFO neutron.plugins.ml2.plugin [None req-d6bc8a62-5570-4a2f-9827-da4573f8975b - - - - - -] Attempt 1 to provision port 8805adab-8f71-4bf9-9ec8-9ed1849e2cf8
2026-06-26 04:47:36.935 10 INFO neutron.plugins.ml2.plugin [None req-efef293b-7746-4f22-bf13-d7a1d665a67f - - - - - -] Attempt 1 to provision port de85eddc-f549-4af1-8ba5-1da88fc29d9f
2026-06-26 04:47:38.546 10 INFO neutron.plugins.ml2.plugin [None req-efef293b-7746-4f22-bf13-d7a1d665a67f - - - - - -] Attempt 1 to provision port de85eddc-f549-4af1-8ba5-1da88fc29d9f
2026-06-26 04:47:38.812 10 INFO neutron.plugins.ml2.plugin [None req-efef293b-7746-4f22-bf13-d7a1d665a67f - - - - - -] Attempt 1 to provision port c4f61aee-f27f-456b-89fe-779eb882d7cd
2026-06-26 04:47:38.947 9 INFO neutron.plugins.ml2.plugin [None req-292a2bfb-acb0-44eb-a2d8-5d34c184ee69 - - - - - -] Attempt 1 to provision port 8805adab-8f71-4bf9-9ec8-9ed1849e2cf8
2026-06-26 04:47:39.282 10 INFO neutron.plugins.ml2.plugin [None req-efef293b-7746-4f22-bf13-d7a1d665a67f - - - - - -] Attempt 1 to provision port 316eda86-3fc0-48e7-8a29-7d10229ca429
2026-06-26 04:47:39.408 9 INFO neutron.plugins.ml2.plugin [None req-7e51eedc-a444-4269-bcf7-5a6e65506654 - - - - - -] Attempt 1 to provision port c2db556c-4b5e-4e52-99c6-cb552f86bbb6
2026-06-26 04:47:39.674 10 INFO neutron.plugins.ml2.plugin [None req-644c5742-af8b-4062-81ef-47c3c16bc597 - - - - - -] Attempt 1 to provision port c4f61aee-f27f-456b-89fe-779eb882d7cd
2026-06-26 04:47:39.839 10 INFO neutron.plugins.ml2.plugin [None req-efef293b-7746-4f22-bf13-d7a1d665a67f - - - - - -] Attempt 1 to provision port 8805adab-8f71-4bf9-9ec8-9ed1849e2cf8
2026-06-26 04:47:39.909 9 INFO neutron.plugins.ml2.plugin [None req-c593e764-3aa7-4558-ab3f-f9d9941fdac6 - - - - - -] Attempt 1 to provision port 59bf3870-0243-4cac-9e6f-a5ee384cf0d2
2026-06-26 04:47:40.115 10 INFO neutron.plugins.ml2.plugin [None req-efef293b-7746-4f22-bf13-d7a1d665a67f - - - - - -] Attempt 1 to provision port 59bf3870-0243-4cac-9e6f-a5ee384cf0d2
2026-06-26 04:47:40.397 10 INFO neutron.plugins.ml2.plugin [None req-d5a8ca2f-d2fc-4042-a843-10ed57341bb0 - - - - - -] Attempt 1 to provision port e74f8639-1190-4c1c-9c68-69a49a1c398c
2026-06-26 04:47:40.461 10 INFO neutron.plugins.ml2.plugin [None req-d5a8ca2f-d2fc-4042-a843-10ed57341bb0 - - - - - -] Attempt 1 to provision port d9f9ef03-f31e-404c-97fc-6ba5f6f610ee
2026-06-26 04:47:40.791 9 INFO neutron.plugins.ml2.plugin [None req-efef293b-7746-4f22-bf13-d7a1d665a67f - - - - - -] Attempt 1 to provision port 316eda86-3fc0-48e7-8a29-7d10229ca429
2026-06-26 04:47:41.142 9 INFO neutron.plugins.ml2.plugin [None req-efef293b-7746-4f22-bf13-d7a1d665a67f - - - - - -] Attempt 1 to provision port c4f61aee-f27f-456b-89fe-779eb882d7cd
2026-06-26 04:47:41.235 9 INFO neutron.plugins.ml2.plugin [None req-774b7972-ceee-4f57-8ecc-641b7036611a - - - - - -] Attempt 1 to provision port 316eda86-3fc0-48e7-8a29-7d10229ca429
2026-06-26 04:47:41.402 9 INFO neutron.plugins.ml2.plugin [None req-efef293b-7746-4f22-bf13-d7a1d665a67f - - - - - -] Attempt 1 to provision port 59bf3870-0243-4cac-9e6f-a5ee384cf0d2
2026-06-26 04:47:41.535 10 INFO neutron.plugins.ml2.plugin [None req-8a9606ba-7fac-4532-ba33-4d397fc081b2 - - - - - -] Attempt 1 to provision port 59bf3870-0243-4cac-9e6f-a5ee384cf0d2
2026-06-26 04:47:41.906 9 INFO neutron.plugins.ml2.plugin [None req-0756a034-bb02-463b-aac8-4e683283baf2 - - - - - -] Attempt 1 to provision port e74f8639-1190-4c1c-9c68-69a49a1c398c
2026-06-26 04:47:42.560 9 INFO neutron.plugins.ml2.plugin [None req-b9b32b16-8494-4a96-ae54-4a6c4a7d213a - - - - - -] Attempt 1 to provision port 3b1e4f95-be03-482e-8cfb-df052db638ea
2026-06-26 04:47:42.762 10 INFO neutron.plugins.ml2.plugin [None req-efef293b-7746-4f22-bf13-d7a1d665a67f - - - - - -] Attempt 1 to provision port 9432483f-14fe-4f80-af0b-d2fb210f379c
2026-06-26 04:47:43.020 9 INFO neutron.plugins.ml2.plugin [None req-a76da31b-f9c8-4274-bb35-24838e19b9ce - - - - - -] Attempt 1 to provision port 316eda86-3fc0-48e7-8a29-7d10229ca429
2026-06-26 04:47:43.519 9 INFO neutron.plugins.ml2.plugin [None req-e9c2b773-47d5-42ab-b6cb-71ee4f7fecaf - - - - - -] Attempt 1 to provision port 3b1e4f95-be03-482e-8cfb-df052db638ea
2026-06-26 04:47:44.467 9 INFO neutron.plugins.ml2.plugin [None req-83b70291-47e6-48a4-96fc-e594a1ea3320 - - - - - -] Attempt 1 to provision port a027ea67-d3e6-4d47-97f1-fde50b07622b
2026-06-26 04:47:45.010 10 INFO neutron.plugins.ml2.plugin [None req-efef293b-7746-4f22-bf13-d7a1d665a67f - - - - - -] Attempt 1 to provision port 9432483f-14fe-4f80-af0b-d2fb210f379c
2026-06-26 04:47:45.305 10 INFO neutron.plugins.ml2.plugin [None req-efef293b-7746-4f22-bf13-d7a1d665a67f - - - - - -] Attempt 1 to provision port d9f9ef03-f31e-404c-97fc-6ba5f6f610ee
2026-06-26 04:47:45.432 9 INFO neutron.plugins.ml2.plugin [None req-d4975c02-11fe-486c-8b51-233d5634ee20 - - - - - -] Attempt 1 to provision port a027ea67-d3e6-4d47-97f1-fde50b07622b
2026-06-26 04:47:45.472 9 INFO neutron.plugins.ml2.plugin [None req-d4975c02-11fe-486c-8b51-233d5634ee20 - - - - - -] Attempt 1 to provision port f9f08f29-3caa-4a69-a8ed-df5ca1974063
2026-06-26 04:47:45.472 10 INFO neutron.notifiers.nova [-] Nova event matching ['req-1166cbf9-39a7-4434-9f60-6273828107b8'] response: {'server_uuid': '435ae738-5e1c-456f-a6e3-12ccb640f40c', 'name': 'network-vif-plugged', 'status': 'completed', 'tag': 'd9f9ef03-f31e-404c-97fc-6ba5f6f610ee', 'code': 200}
2026-06-26 04:47:46.827 10 INFO neutron.plugins.ml2.plugin [None req-efef293b-7746-4f22-bf13-d7a1d665a67f - - - - - -] Attempt 1 to provision port d9f9ef03-f31e-404c-97fc-6ba5f6f610ee
2026-06-26 04:47:47.939 10 INFO neutron.plugins.ml2.plugin [None req-8a7eafaa-b66e-447d-89be-45bdaeb1576f - - - - - -] Attempt 1 to provision port 68518b43-8cd6-4100-92e5-a3eb3abb4bf3
2026-06-26 04:47:48.826 9 INFO neutron.plugins.ml2.plugin [None req-8125add9-b759-421c-a093-24c191f23e43 - - - - - -] Attempt 1 to provision port 68518b43-8cd6-4100-92e5-a3eb3abb4bf3
2026-06-26 04:47:51.237 10 INFO neutron.plugins.ml2.plugin [None req-efef293b-7746-4f22-bf13-d7a1d665a67f - - - - - -] Attempt 1 to provision port 80e5dd46-72d6-4f87-9a50-adf414bed5f7
2026-06-26 04:47:51.780 10 INFO neutron.plugins.ml2.plugin [None req-efef293b-7746-4f22-bf13-d7a1d665a67f - - - - - -] Attempt 1 to provision port 77e77122-c633-4c99-9c25-184598b9ba84
2026-06-26 04:47:52.438 10 INFO neutron.plugins.ml2.plugin [None req-efef293b-7746-4f22-bf13-d7a1d665a67f - - - - - -] Attempt 1 to provision port e9037ce2-497f-4076-989b-91ba4c1af611
2026-06-26 04:47:52.507 10 INFO neutron.plugins.ml2.plugin [None req-837eea50-bd72-490b-87c5-812e462ca433 - - - - - -] Attempt 1 to provision port 1e1913c3-969a-41a5-a087-631a555f8823
2026-06-26 04:47:52.590 10 INFO neutron.plugins.ml2.plugin [None req-837eea50-bd72-490b-87c5-812e462ca433 - - - - - -] Attempt 1 to provision port e9037ce2-497f-4076-989b-91ba4c1af611
2026-06-26 04:47:52.816 10 INFO neutron.plugins.ml2.plugin [None req-085229fa-9f44-4ab0-8b21-edae1c85b17a - - - - - -] Attempt 1 to provision port 80e5dd46-72d6-4f87-9a50-adf414bed5f7
2026-06-26 04:47:52.898 10 INFO neutron.plugins.ml2.plugin [None req-085229fa-9f44-4ab0-8b21-edae1c85b17a - - - - - -] Attempt 1 to provision port 14a36718-5068-4ba6-8fd0-62270d79a3c6
2026-06-26 04:47:53.070 9 INFO neutron.plugins.ml2.plugin [None req-12eb44c6-f1ee-4b61-836a-c0a53162ca8d - - - - - -] Attempt 1 to provision port 14a36718-5068-4ba6-8fd0-62270d79a3c6
2026-06-26 04:47:53.418 10 INFO neutron.plugins.ml2.plugin [None req-56036908-b7ab-45f1-9b2f-dfc524d8f39b - - - - - -] Attempt 1 to provision port 14a36718-5068-4ba6-8fd0-62270d79a3c6
2026-06-26 04:47:53.677 9 INFO neutron.plugins.ml2.plugin [None req-efef293b-7746-4f22-bf13-d7a1d665a67f - - - - - -] Attempt 1 to provision port 80e5dd46-72d6-4f87-9a50-adf414bed5f7
2026-06-26 04:47:53.984 9 INFO neutron.plugins.ml2.plugin [None req-d3c34f87-d150-40f7-adf3-02a5bd04d1ec - - - - - -] Attempt 1 to provision port 1e1913c3-969a-41a5-a087-631a555f8823
2026-06-26 04:47:54.007 9 INFO neutron.plugins.ml2.plugin [None req-efef293b-7746-4f22-bf13-d7a1d665a67f - - - - - -] Attempt 1 to provision port e9037ce2-497f-4076-989b-91ba4c1af611
2026-06-26 04:47:54.287 9 INFO neutron.plugins.ml2.plugin [None req-efef293b-7746-4f22-bf13-d7a1d665a67f - - - - - -] Attempt 1 to provision port 77e77122-c633-4c99-9c25-184598b9ba84
2026-06-26 04:47:58.297 10 INFO neutron.plugins.ml2.plugin [None req-2de18332-63a5-445a-a248-9cb27e2bce87 - - - - - -] Attempt 1 to provision port 495ce15f-f8cf-4345-b640-bab93d82af99
2026-06-26 04:47:59.845 10 INFO neutron.plugins.ml2.plugin [None req-77d35a50-466d-4448-8918-3f5784ffcaa5 - - - - - -] Attempt 1 to provision port 0376f952-2df9-487b-bb01-d07a5df458b2
2026-06-26 04:48:01.425 10 INFO neutron.plugins.ml2.plugin [None req-2ea54fa4-0456-486a-a280-6127b76fe7cb - - - - - -] Attempt 1 to provision port 4d1ce251-d626-4c67-9a2e-66fac9283d6c
2026-06-26 04:48:03.803 10 INFO neutron.plugins.ml2.plugin [None req-efef293b-7746-4f22-bf13-d7a1d665a67f - - - - - -] Attempt 1 to provision port c2db556c-4b5e-4e52-99c6-cb552f86bbb6
2026-06-26 04:48:04.163 10 INFO neutron.plugins.ml2.plugin [None req-efef293b-7746-4f22-bf13-d7a1d665a67f - - - - - -] Attempt 1 to provision port 4d1ce251-d626-4c67-9a2e-66fac9283d6c
2026-06-26 04:48:04.276 10 INFO neutron.notifiers.nova [-] Nova event matching ['req-74a50f78-c809-4607-93a6-1e2a18572607'] response: {'server_uuid': '46e91784-60af-49ca-9e31-a3bce253db49', 'name': 'network-vif-plugged', 'status': 'completed', 'tag': '4d1ce251-d626-4c67-9a2e-66fac9283d6c', 'code': 200}
2026-06-26 04:48:04.850 10 INFO neutron.plugins.ml2.plugin [None req-efef293b-7746-4f22-bf13-d7a1d665a67f - - - - - -] Attempt 1 to provision port 68518b43-8cd6-4100-92e5-a3eb3abb4bf3
2026-06-26 04:48:05.314 10 INFO neutron.plugins.ml2.plugin [None req-efef293b-7746-4f22-bf13-d7a1d665a67f - - - - - -] Attempt 1 to provision port 3b1e4f95-be03-482e-8cfb-df052db638ea
2026-06-26 04:48:05.795 10 INFO neutron.plugins.ml2.plugin [None req-efef293b-7746-4f22-bf13-d7a1d665a67f - - - - - -] Attempt 1 to provision port 0376f952-2df9-487b-bb01-d07a5df458b2
2026-06-26 04:48:06.263 10 INFO neutron.plugins.ml2.plugin [None req-efef293b-7746-4f22-bf13-d7a1d665a67f - - - - - -] Attempt 1 to provision port a027ea67-d3e6-4d47-97f1-fde50b07622b
2026-06-26 04:48:06.316 10 INFO neutron.notifiers.nova [-] Nova event matching ['req-e2bfc3a4-417f-4d45-a3b7-d65377487997'] response: {'server_uuid': 'ba9e11db-999b-47cf-9793-f0ae3e6ce0a9', 'name': 'network-vif-plugged', 'status': 'completed', 'tag': '0376f952-2df9-487b-bb01-d07a5df458b2', 'code': 200}
2026-06-26 04:48:06.763 9 INFO neutron.plugins.ml2.plugin [None req-efef293b-7746-4f22-bf13-d7a1d665a67f - - - - - -] Attempt 1 to provision port 14a36718-5068-4ba6-8fd0-62270d79a3c6
2026-06-26 04:48:07.172 9 INFO neutron.plugins.ml2.plugin [None req-efef293b-7746-4f22-bf13-d7a1d665a67f - - - - - -] Attempt 1 to provision port c2db556c-4b5e-4e52-99c6-cb552f86bbb6
2026-06-26 04:48:07.690 9 INFO neutron.plugins.ml2.plugin [None req-efef293b-7746-4f22-bf13-d7a1d665a67f - - - - - -] Attempt 1 to provision port 4d1ce251-d626-4c67-9a2e-66fac9283d6c
2026-06-26 04:48:08.100 9 INFO neutron.plugins.ml2.plugin [None req-efef293b-7746-4f22-bf13-d7a1d665a67f - - - - - -] Attempt 1 to provision port 68518b43-8cd6-4100-92e5-a3eb3abb4bf3
2026-06-26 04:48:08.424 9 INFO neutron.plugins.ml2.plugin [None req-efef293b-7746-4f22-bf13-d7a1d665a67f - - - - - -] Attempt 1 to provision port 3b1e4f95-be03-482e-8cfb-df052db638ea
2026-06-26 04:48:08.909 9 INFO neutron.plugins.ml2.plugin [None req-efef293b-7746-4f22-bf13-d7a1d665a67f - - - - - -] Attempt 1 to provision port 0376f952-2df9-487b-bb01-d07a5df458b2
2026-06-26 04:48:09.203 9 INFO neutron.plugins.ml2.plugin [None req-efef293b-7746-4f22-bf13-d7a1d665a67f - - - - - -] Attempt 1 to provision port a027ea67-d3e6-4d47-97f1-fde50b07622b
2026-06-26 04:48:09.514 9 INFO neutron.plugins.ml2.plugin [None req-efef293b-7746-4f22-bf13-d7a1d665a67f - - - - - -] Attempt 1 to provision port f9f08f29-3caa-4a69-a8ed-df5ca1974063
2026-06-26 04:48:10.191 10 INFO neutron.plugins.ml2.plugin [None req-efef293b-7746-4f22-bf13-d7a1d665a67f - - - - - -] Attempt 1 to provision port 14a36718-5068-4ba6-8fd0-62270d79a3c6
2026-06-26 04:48:10.482 10 INFO neutron.plugins.ml2.plugin [None req-efef293b-7746-4f22-bf13-d7a1d665a67f - - - - - -] Attempt 1 to provision port f9f08f29-3caa-4a69-a8ed-df5ca1974063
2026-06-26 04:48:16.265 10 INFO neutron.plugins.ml2.plugin [None req-efef293b-7746-4f22-bf13-d7a1d665a67f - - - - - -] Attempt 1 to provision port ea6d42eb-0d8a-4109-ae9f-8c9a083c0058
2026-06-26 04:48:16.496 10 INFO neutron.notifiers.nova [-] Nova event matching ['req-3a0e5d02-221b-43a9-99bb-ee6fd40fcfa8'] response: {'server_uuid': '5624a628-b99d-4d8f-a54f-e57178fb6eb8', 'name': 'network-vif-plugged', 'status': 'completed', 'tag': 'ea6d42eb-0d8a-4109-ae9f-8c9a083c0058', 'code': 200}
2026-06-26 04:48:18.291 10 INFO neutron.plugins.ml2.plugin [None req-efef293b-7746-4f22-bf13-d7a1d665a67f - - - - - -] Attempt 1 to provision port ea6d42eb-0d8a-4109-ae9f-8c9a083c0058
2026-06-26 04:48:28.548 10 INFO neutron.plugins.ml2.plugin [None req-efef293b-7746-4f22-bf13-d7a1d665a67f - - - - - -] Attempt 1 to provision port 0f758358-b79c-4574-a529-8d2b4d047779
2026-06-26 04:48:28.720 10 INFO neutron.notifiers.nova [-] Nova event matching ['req-b06a2de8-b934-4098-b6d8-69e20c026c90'] response: {'server_uuid': 'd998dd2c-00f4-4347-89c1-7221dcdef527', 'name': 'network-vif-plugged', 'status': 'completed', 'tag': '0f758358-b79c-4574-a529-8d2b4d047779', 'code': 200}
2026-06-26 04:48:29.200 10 INFO neutron.plugins.ml2.plugin [None req-efef293b-7746-4f22-bf13-d7a1d665a67f - - - - - -] Attempt 1 to provision port 5e46d4c1-7a5b-439e-b424-fcf8fdf46e04
2026-06-26 04:48:29.767 10 INFO neutron.plugins.ml2.plugin [None req-799c0ae6-8d71-4e1d-8211-015fbd320532 - - - - - -] Attempt 1 to provision port 5e46d4c1-7a5b-439e-b424-fcf8fdf46e04
2026-06-26 04:48:30.176 10 INFO neutron.plugins.ml2.plugin [None req-e44d24ae-4c6e-4325-b334-eccd0580d277 - - - - - -] Attempt 1 to provision port c65719af-4ae6-49ed-86f9-86acf8ad85e0
2026-06-26 04:48:30.369 9 INFO neutron.plugins.ml2.plugin [None req-efef293b-7746-4f22-bf13-d7a1d665a67f - - - - - -] Attempt 1 to provision port 0f758358-b79c-4574-a529-8d2b4d047779
2026-06-26 04:48:30.668 9 INFO neutron.plugins.ml2.plugin [None req-efef293b-7746-4f22-bf13-d7a1d665a67f - - - - - -] Attempt 1 to provision port 5e46d4c1-7a5b-439e-b424-fcf8fdf46e04
2026-06-26 04:48:30.882 9 INFO neutron.plugins.ml2.plugin [None req-efef293b-7746-4f22-bf13-d7a1d665a67f - - - - - -] Attempt 1 to provision port c65719af-4ae6-49ed-86f9-86acf8ad85e0
2026-06-26 04:48:31.468 10 INFO neutron.plugins.ml2.plugin [None req-a4a65827-e190-4db8-bf58-1d29e92646eb - - - - - -] Attempt 1 to provision port a02878b7-23ef-4f5e-94a9-c76c66f49e73
2026-06-26 04:48:32.148 10 INFO neutron.plugins.ml2.plugin [None req-a01c3f07-76d4-4e12-a99a-3c31bdd01c46 - - - - - -] Attempt 1 to provision port a02878b7-23ef-4f5e-94a9-c76c66f49e73
2026-06-26 04:48:32.223 9 INFO neutron.plugins.ml2.plugin [None req-efef293b-7746-4f22-bf13-d7a1d665a67f - - - - - -] Attempt 1 to provision port c65719af-4ae6-49ed-86f9-86acf8ad85e0
2026-06-26 04:48:33.237 9 INFO neutron.plugins.ml2.plugin [None req-793a7b85-af34-490c-9e38-dbfa1d201320 - - - - - -] Attempt 1 to provision port bd465de0-17c1-4fcc-8041-e4b64a5a9225
2026-06-26 04:48:34.003 9 INFO neutron.plugins.ml2.plugin [None req-7d8095e3-4b43-4258-b4f9-30ef7557e0cf - - - - - -] Attempt 1 to provision port bd465de0-17c1-4fcc-8041-e4b64a5a9225
2026-06-26 04:48:35.690 10 INFO neutron.plugins.ml2.plugin [None req-f358cfa1-f511-4c56-9e6d-cba087b84648 - - - - - -] Attempt 1 to provision port a9f2bb7d-28fe-4e68-b650-8bb4af34c2ed
2026-06-26 04:48:41.690 9 INFO neutron.plugins.ml2.plugin [None req-6301d80b-7a09-4a08-9efb-dd82a3b64f00 - - - - - -] Attempt 1 to provision port a7ce8850-6a64-4e85-ae88-afae4197b342
2026-06-26 04:48:42.055 9 INFO neutron.plugins.ml2.plugin [None req-f81c6e8d-ca52-45a7-b6ba-6b5e9aa34b4b - - - - - -] Attempt 1 to provision port 7c07b3c1-4d7a-4750-a110-aba4d59d9d0b
2026-06-26 04:48:42.317 10 INFO neutron.plugins.ml2.plugin [None req-efef293b-7746-4f22-bf13-d7a1d665a67f - - - - - -] Attempt 1 to provision port a7ce8850-6a64-4e85-ae88-afae4197b342
2026-06-26 04:48:43.337 10 INFO neutron.plugins.ml2.plugin [None req-f8b9b461-d490-4b5b-b378-00e7c9427d73 - - - - - -] Attempt 1 to provision port 7c07b3c1-4d7a-4750-a110-aba4d59d9d0b
2026-06-26 04:48:50.157 9 INFO neutron.plugins.ml2.plugin [None req-7c8010e8-0d4e-42c4-9c35-76585636b0d6 - - - - - -] Attempt 1 to provision port e046f858-54e6-44d2-8c23-3290d38dca25
2026-06-26 04:48:50.276 10 INFO neutron.plugins.ml2.plugin [None req-efef293b-7746-4f22-bf13-d7a1d665a67f - - - - - -] Attempt 1 to provision port e046f858-54e6-44d2-8c23-3290d38dca25
2026-06-26 04:48:50.867 9 INFO neutron.plugins.ml2.plugin [None req-5a010630-64b3-4a7c-8fa7-3cd2f7606789 - - - - - -] Attempt 1 to provision port 8da3f676-544f-4696-8207-6d9339ab06ce
2026-06-26 04:48:51.732 9 INFO neutron.plugins.ml2.plugin [None req-182506f2-f4b2-49bf-9a54-7b5aae678d7f - - - - - -] Attempt 1 to provision port 8da3f676-544f-4696-8207-6d9339ab06ce
2026-06-26 04:48:52.457 9 INFO neutron.plugins.ml2.plugin [None req-efef293b-7746-4f22-bf13-d7a1d665a67f - - - - - -] Attempt 1 to provision port e046f858-54e6-44d2-8c23-3290d38dca25
2026-06-26 04:48:53.802 9 INFO neutron.plugins.ml2.plugin [None req-20c532ba-1047-450a-854d-7be878819aee - - - - - -] Attempt 1 to provision port dedaa1c4-5b17-490c-80e1-bcd39c4ee838 /var/lib/openstack/lib/python3.10/site-packages/oslo_db/sqlalchemy/enginefacade.py:664: SAWarning: DELETE statement on table 'portsecuritybindings' expected to delete 1 row(s); 0 were matched. Please set confirm_deleted_rows=False within the mapper configuration to prevent this warning. self.session.flush() /var/lib/openstack/lib/python3.10/site-packages/oslo_db/sqlalchemy/enginefacade.py:664: SAWarning: DELETE statement on table 'ml2_port_bindings' expected to delete 1 row(s); 0 were matched. Please set confirm_deleted_rows=False within the mapper configuration to prevent this warning. self.session.flush() /var/lib/openstack/lib/python3.10/site-packages/oslo_db/sqlalchemy/enginefacade.py:664: SAWarning: DELETE statement on table 'ml2_port_binding_levels' expected to delete 1 row(s); 0 were matched. Please set confirm_deleted_rows=False within the mapper configuration to prevent this warning. self.session.flush() /var/lib/openstack/lib/python3.10/site-packages/oslo_db/sqlalchemy/enginefacade.py:664: SAWarning: DELETE statement on table 'ports' expected to delete 1 row(s); 0 were matched. Please set confirm_deleted_rows=False within the mapper configuration to prevent this warning. self.session.flush()
2026-06-26 04:48:56.290 9 INFO neutron.plugins.ml2.plugin [None req-efef293b-7746-4f22-bf13-d7a1d665a67f - - - - - -] Attempt 1 to provision port dedaa1c4-5b17-490c-80e1-bcd39c4ee838
2026-06-26 04:48:56.440 9 INFO neutron.notifiers.nova [-] Nova event matching ['req-d821cb36-da77-4990-b6de-ed90843563fc'] response: {'server_uuid': '3bd98e31-0ea6-4d56-9135-92e58a901fc0', 'name': 'network-vif-plugged', 'status': 'completed', 'tag': 'dedaa1c4-5b17-490c-80e1-bcd39c4ee838', 'code': 200}
2026-06-26 04:48:57.062 10 INFO neutron.plugins.ml2.plugin [None req-61005bb1-68da-4fee-b4e0-84be75ad0ee6 - - - - - -] Attempt 1 to provision port f4e40f89-14b7-47df-a81b-3df35b5dac7f
2026-06-26 04:48:58.230 9 INFO neutron.plugins.ml2.plugin [None req-efef293b-7746-4f22-bf13-d7a1d665a67f - - - - - -] Attempt 1 to provision port dedaa1c4-5b17-490c-80e1-bcd39c4ee838
2026-06-26 04:49:16.438 10 INFO neutron.plugins.ml2.plugin [None req-efef293b-7746-4f22-bf13-d7a1d665a67f - - - - - -] Attempt 1 to provision port 09d521c6-cdb7-49db-b808-f10aa89cf2ef
2026-06-26 04:49:17.972 9 INFO neutron.plugins.ml2.plugin [None req-43f17c3f-5235-4dfd-855c-57a9ffa61d8c - - - - - -] Attempt 1 to provision port 09d521c6-cdb7-49db-b808-f10aa89cf2ef
2026-06-26 04:49:18.554 9 INFO neutron.plugins.ml2.plugin [None req-efef293b-7746-4f22-bf13-d7a1d665a67f - - - - - -] Attempt 1 to provision port d137eee3-c283-44a8-8933-4036f9fb323f
2026-06-26 04:49:18.822 9 INFO neutron.plugins.ml2.plugin [None req-75a2d4d1-62d1-4bdd-ae37-f115115a1470 - - - - - -] Attempt 1 to provision port 28db6cd4-cddc-4b96-bcf2-621faeb208a0
2026-06-26 04:49:19.131 9 INFO neutron.plugins.ml2.plugin [None req-efef293b-7746-4f22-bf13-d7a1d665a67f - - - - - -] Attempt 1 to provision port 09d521c6-cdb7-49db-b808-f10aa89cf2ef
2026-06-26 04:49:19.417 9 INFO neutron.plugins.ml2.plugin [None req-77dab4e2-4ea0-4ae8-89b2-362cd1193201 - - - - - -] Attempt 1 to provision port 6a8e2e57-656c-484e-a3b5-b82adcbdda94
2026-06-26 04:49:19.644 9 INFO neutron.plugins.ml2.plugin [None req-efef293b-7746-4f22-bf13-d7a1d665a67f - - - - - -] Attempt 1 to provision port 28db6cd4-cddc-4b96-bcf2-621faeb208a0
2026-06-26 04:49:19.948 10 INFO neutron.plugins.ml2.plugin [None req-70193db0-27a1-4a96-973e-cda68d2df2e1 - - - - - -] Attempt 1 to provision port d137eee3-c283-44a8-8933-4036f9fb323f
2026-06-26 04:49:19.977 9 INFO neutron.plugins.ml2.plugin [None req-efef293b-7746-4f22-bf13-d7a1d665a67f - - - - - -] Attempt 1 to provision port 6a8e2e57-656c-484e-a3b5-b82adcbdda94
2026-06-26 04:49:20.404 9 INFO neutron.plugins.ml2.plugin [None req-7d8d922d-a422-49c3-a235-a62bdac79563 - - - - - -] Attempt 1 to provision port 97bdb6fc-f6b4-4af1-8f2e-3b6cc0ad9aa3
2026-06-26 04:49:20.717 10 INFO neutron.plugins.ml2.plugin [None req-efef293b-7746-4f22-bf13-d7a1d665a67f - - - - - -] Attempt 1 to provision port d137eee3-c283-44a8-8933-4036f9fb323f
2026-06-26 04:49:21.088 10 INFO neutron.plugins.ml2.plugin [None req-efef293b-7746-4f22-bf13-d7a1d665a67f - - - - - -] Attempt 1 to provision port 97bdb6fc-f6b4-4af1-8f2e-3b6cc0ad9aa3
2026-06-26 04:49:35.560 9 INFO neutron.plugins.ml2.plugin [None req-940cdb2d-6011-4b97-94cf-3029df332864 - - - - - -] Attempt 1 to provision port e662c4d7-c404-46b9-a482-48d362371d2b
2026-06-26 04:49:38.801 9 INFO neutron.plugins.ml2.plugin [None req-efef293b-7746-4f22-bf13-d7a1d665a67f - - - - - -] Attempt 1 to provision port e662c4d7-c404-46b9-a482-48d362371d2b
2026-06-26 04:49:38.930 9 INFO neutron.notifiers.nova [-] Nova event matching ['req-41e25f29-04bd-4130-8f40-aa5d6a0999b9'] response: {'server_uuid': '3bd98e31-0ea6-4d56-9135-92e58a901fc0', 'name': 'network-vif-plugged', 'status': 'completed', 'tag': 'e662c4d7-c404-46b9-a482-48d362371d2b', 'code': 200}
2026-06-26 04:49:40.757 9 INFO neutron.plugins.ml2.plugin [None req-efef293b-7746-4f22-bf13-d7a1d665a67f - - - - - -] Attempt 1 to provision port e662c4d7-c404-46b9-a482-48d362371d2b
2026-06-26 04:50:06.724 10 INFO neutron.plugins.ml2.plugin [None req-efef293b-7746-4f22-bf13-d7a1d665a67f - - - - - -] Attempt 1 to provision port 172e41ef-145c-4eea-9608-1a9331119cbe
2026-06-26 04:50:06.861 10 INFO neutron.notifiers.nova [-] Nova event matching ['req-420e2412-710d-4322-aa9d-910742af3663'] response: {'server_uuid': '3bd98e31-0ea6-4d56-9135-92e58a901fc0', 'name': 'network-vif-plugged', 'status': 'completed', 'tag': '172e41ef-145c-4eea-9608-1a9331119cbe', 'code': 200}
2026-06-26 04:50:08.633 9 INFO neutron.plugins.ml2.plugin [None req-efef293b-7746-4f22-bf13-d7a1d665a67f - - - - - -] Attempt 1 to provision port 172e41ef-145c-4eea-9608-1a9331119cbe
2026-06-26 04:50:17.477 9 INFO neutron.plugins.ml2.plugin [None req-7a0783bd-c258-4ba8-a6bf-09c1cc191128 - - - - - -] Attempt 1 to provision port 4c149fe9-896a-47f5-8af2-f9dd8047d3d0
2026-06-26 04:50:18.001 9 INFO neutron.plugins.ml2.plugin [None req-7a0783bd-c258-4ba8-a6bf-09c1cc191128 - - - - - -] Attempt 2 to provision port 4c149fe9-896a-47f5-8af2-f9dd8047d3d0
2026-06-26 04:50:20.862 10 INFO neutron.plugins.ml2.plugin [None req-efef293b-7746-4f22-bf13-d7a1d665a67f - - - - - -] Attempt 1 to provision port 4c149fe9-896a-47f5-8af2-f9dd8047d3d0
2026-06-26 04:50:21.028 10 INFO neutron.notifiers.nova [-] Nova event matching ['req-0d54ce2d-8837-4c5d-8ae9-93aaf59bdb10'] response: {'server_uuid': '3bd98e31-0ea6-4d56-9135-92e58a901fc0', 'name': 'network-vif-plugged', 'status': 'completed', 'tag': '4c149fe9-896a-47f5-8af2-f9dd8047d3d0', 'code': 200}
2026-06-26 04:50:22.653 9 INFO neutron.plugins.ml2.plugin [None req-efef293b-7746-4f22-bf13-d7a1d665a67f - - - - - -] Attempt 1 to provision port 4c149fe9-896a-47f5-8af2-f9dd8047d3d0
2026-06-26 04:50:30.611 9 INFO neutron.plugins.ml2.plugin [None req-bcdf5796-3028-4056-acaa-d788d3c1d5cc - - - - - -] Attempt 1 to provision port 4c149fe9-896a-47f5-8af2-f9dd8047d3d0
2026-06-26 04:50:30.775 10 INFO neutron.plugins.ml2.plugin [None req-efef293b-7746-4f22-bf13-d7a1d665a67f - - - - - -] Attempt 1 to provision port 4c149fe9-896a-47f5-8af2-f9dd8047d3d0
2026-06-26 04:51:01.426 10 INFO neutron.plugins.ml2.plugin [None req-e93d6029-fd99-4b92-80b6-9d73a07f58ae - - - - - -] Attempt 1 to provision port 172e41ef-145c-4eea-9608-1a9331119cbe
2026-06-26 04:51:02.720 9 INFO neutron.plugins.ml2.plugin [None req-efef293b-7746-4f22-bf13-d7a1d665a67f - - - - - -] Attempt 1 to provision port 172e41ef-145c-4eea-9608-1a9331119cbe
2026-06-26 04:52:34.898 9 ERROR neutron.plugins.ml2.managers [None req-b1fb4716-6723-4d03-89f9-f82e13308594 - - - - - -] Mechanism driver openvswitch failed in bind_port: neutron_lib.exceptions.SubnetNotFound: Subnet b15d9971-54f1-43e0-b964-1288fa0fb21d could not be found.
2026-06-26 04:52:34.898 9 ERROR neutron.plugins.ml2.managers
Traceback (most recent call last):
2026-06-26 04:52:34.898 9 ERROR neutron.plugins.ml2.managers
File "/var/lib/openstack/lib/python3.10/site-packages/neutron/plugins/ml2/managers.py", line 850, in _bind_port_level
2026-06-26 04:52:34.898 9 ERROR neutron.plugins.ml2.managers driver.obj.bind_port(context)
2026-06-26 04:52:34.898 9 ERROR neutron.plugins.ml2.managers
File "/var/lib/openstack/lib/python3.10/site-packages/neutron/plugins/ml2/drivers/openvswitch/mech_driver/mech_openvswitch.py", line 133, in bind_port
2026-06-26 04:52:34.898 9 ERROR neutron.plugins.ml2.managers super(OpenvswitchMechanismDriver, self).bind_port(context)
2026-06-26 04:52:34.898 9 ERROR neutron.plugins.ml2.managers
File "/var/lib/openstack/lib/python3.10/site-packages/neutron/plugins/ml2/drivers/mech_agent.py", line 104, in bind_port
2026-06-26 04:52:34.898 9 ERROR neutron.plugins.ml2.managers subnets = self.get_subnets_from_fixed_ips(context)
2026-06-26 04:52:34.898 9 ERROR neutron.plugins.ml2.managers
File "/var/lib/openstack/lib/python3.10/site-packages/neutron/plugins/ml2/drivers/mech_agent.py", line 149, in get_subnets_from_fixed_ips
2026-06-26 04:52:34.898 9 ERROR neutron.plugins.ml2.managers subnets.append(context._plugin.get_subnet(
2026-06-26 04:52:34.898 9 ERROR neutron.plugins.ml2.managers
File "/var/lib/openstack/lib/python3.10/site-packages/neutron_lib/db/api.py", line 223, in wrapped
2026-06-26 04:52:34.898 9 ERROR neutron.plugins.ml2.managers return f_with_retry(*args, **kwargs,
2026-06-26 04:52:34.898 9 ERROR neutron.plugins.ml2.managers
File "/var/lib/openstack/lib/python3.10/site-packages/neutron_lib/db/api.py", line 137, in wrapped
2026-06-26 04:52:34.898 9 ERROR neutron.plugins.ml2.managers with excutils.save_and_reraise_exception():
2026-06-26 04:52:34.898 9 ERROR neutron.plugins.ml2.managers
File "/var/lib/openstack/lib/python3.10/site-packages/oslo_utils/excutils.py", line 227, in __exit__
2026-06-26 04:52:34.898 9 ERROR neutron.plugins.ml2.managers self.force_reraise()
2026-06-26 04:52:34.898 9 ERROR neutron.plugins.ml2.managers
File "/var/lib/openstack/lib/python3.10/site-packages/oslo_utils/excutils.py", line 200, in force_reraise
2026-06-26 04:52:34.898 9 ERROR neutron.plugins.ml2.managers raise self.value
2026-06-26 04:52:34.898 9 ERROR neutron.plugins.ml2.managers
File "/var/lib/openstack/lib/python3.10/site-packages/neutron_lib/db/api.py", line 135, in wrapped
2026-06-26 04:52:34.898 9 ERROR neutron.plugins.ml2.managers return f(*args, **kwargs)
2026-06-26 04:52:34.898 9 ERROR neutron.plugins.ml2.managers
File "/var/lib/openstack/lib/python3.10/site-packages/oslo_db/api.py", line 144, in wrapper
2026-06-26 04:52:34.898 9 ERROR neutron.plugins.ml2.managers with excutils.save_and_reraise_exception() as ectxt:
2026-06-26 04:52:34.898 9 ERROR neutron.plugins.ml2.managers
File "/var/lib/openstack/lib/python3.10/site-packages/oslo_utils/excutils.py", line 227, in __exit__
2026-06-26 04:52:34.898 9 ERROR neutron.plugins.ml2.managers self.force_reraise()
2026-06-26 04:52:34.898 9 ERROR neutron.plugins.ml2.managers
File "/var/lib/openstack/lib/python3.10/site-packages/oslo_utils/excutils.py", line 200, in force_reraise
2026-06-26 04:52:34.898 9 ERROR neutron.plugins.ml2.managers raise self.value
2026-06-26 04:52:34.898 9 ERROR neutron.plugins.ml2.managers
File "/var/lib/openstack/lib/python3.10/site-packages/oslo_db/api.py", line 142, in wrapper
2026-06-26 04:52:34.898 9 ERROR neutron.plugins.ml2.managers return f(*args, **kwargs)
2026-06-26 04:52:34.898 9 ERROR neutron.plugins.ml2.managers
File "/var/lib/openstack/lib/python3.10/site-packages/neutron_lib/db/api.py", line 183, in wrapped
2026-06-26 04:52:34.898 9 ERROR neutron.plugins.ml2.managers with excutils.save_and_reraise_exception():
2026-06-26 04:52:34.898 9 ERROR neutron.plugins.ml2.managers
File "/var/lib/openstack/lib/python3.10/site-packages/oslo_utils/excutils.py", line 227, in __exit__
2026-06-26 04:52:34.898 9 ERROR neutron.plugins.ml2.managers self.force_reraise()
2026-06-26 04:52:34.898 9 ERROR neutron.plugins.ml2.managers
File "/var/lib/openstack/lib/python3.10/site-packages/oslo_utils/excutils.py", line 200, in force_reraise
2026-06-26 04:52:34.898 9 ERROR neutron.plugins.ml2.managers raise self.value
2026-06-26 04:52:34.898 9 ERROR neutron.plugins.ml2.managers
File "/var/lib/openstack/lib/python3.10/site-packages/neutron_lib/db/api.py", line 181, in wrapped
2026-06-26 04:52:34.898 9 ERROR neutron.plugins.ml2.managers return f(*dup_args, **dup_kwargs)
2026-06-26 04:52:34.898 9 ERROR neutron.plugins.ml2.managers
File "/var/lib/openstack/lib/python3.10/site-packages/neutron/db/db_base_plugin_v2.py", line 1233, in get_subnet
2026-06-26 04:52:34.898 9 ERROR neutron.plugins.ml2.managers subnet_obj = self._get_subnet_object(context, id)
2026-06-26 04:52:34.898 9 ERROR neutron.plugins.ml2.managers
File "/var/lib/openstack/lib/python3.10/site-packages/neutron/db/db_base_plugin_common.py", line 282, in _get_subnet_object
2026-06-26 04:52:34.898 9 ERROR neutron.plugins.ml2.managers raise exceptions.SubnetNotFound(subnet_id=id)
2026-06-26 04:52:34.898 9 ERROR neutron.plugins.ml2.managers neutron_lib.exceptions.SubnetNotFound: Subnet b15d9971-54f1-43e0-b964-1288fa0fb21d could not be found.
2026-06-26 04:52:34.898 9 ERROR neutron.plugins.ml2.managers 
2026-06-26 04:52:34.900 9 ERROR neutron.plugins.ml2.managers [None req-b1fb4716-6723-4d03-89f9-f82e13308594 - - - - - -] Failed to bind port 70df215d-ec00-4ae9-bed6-a741e4bee804 on host instance for vnic_type normal using segments [{'id': 'ef766323-b45a-4293-b2b3-8a5524eefa2f', 'network_type': 'vxlan', 'physical_network': None, 'segmentation_id': 556, 'network_id': 'd61af00b-d549-414d-b113-85f4b8b3874a'}]
2026-06-26 04:52:34.900 9 INFO neutron.plugins.ml2.plugin [None req-b1fb4716-6723-4d03-89f9-f82e13308594 - - - - - -] Attempt 2 to bind port 70df215d-ec00-4ae9-bed6-a741e4bee804
2026-06-26 04:52:34.916 9 ERROR neutron.plugins.ml2.managers [None req-b1fb4716-6723-4d03-89f9-f82e13308594 - - - - - -] Mechanism driver openvswitch failed in bind_port: neutron_lib.exceptions.SubnetNotFound: Subnet b15d9971-54f1-43e0-b964-1288fa0fb21d could not be found.
2026-06-26 04:52:34.916 9 ERROR neutron.plugins.ml2.managers
Traceback (most recent call last):
2026-06-26 04:52:34.916 9 ERROR neutron.plugins.ml2.managers
File "/var/lib/openstack/lib/python3.10/site-packages/neutron/plugins/ml2/managers.py", line 850, in _bind_port_level
2026-06-26 04:52:34.916 9 ERROR neutron.plugins.ml2.managers driver.obj.bind_port(context)
2026-06-26 04:52:34.916 9 ERROR neutron.plugins.ml2.managers
File "/var/lib/openstack/lib/python3.10/site-packages/neutron/plugins/ml2/drivers/openvswitch/mech_driver/mech_openvswitch.py", line 133, in bind_port
2026-06-26 04:52:34.916 9 ERROR neutron.plugins.ml2.managers super(OpenvswitchMechanismDriver, self).bind_port(context)
2026-06-26 04:52:34.916 9 ERROR neutron.plugins.ml2.managers
File "/var/lib/openstack/lib/python3.10/site-packages/neutron/plugins/ml2/drivers/mech_agent.py", line 104, in bind_port
2026-06-26 04:52:34.916 9 ERROR neutron.plugins.ml2.managers subnets = self.get_subnets_from_fixed_ips(context)
2026-06-26 04:52:34.916 9 ERROR neutron.plugins.ml2.managers
File "/var/lib/openstack/lib/python3.10/site-packages/neutron/plugins/ml2/drivers/mech_agent.py", line 149, in get_subnets_from_fixed_ips
2026-06-26 04:52:34.916 9 ERROR neutron.plugins.ml2.managers subnets.append(context._plugin.get_subnet(
2026-06-26 04:52:34.916 9 ERROR neutron.plugins.ml2.managers
File "/var/lib/openstack/lib/python3.10/site-packages/neutron_lib/db/api.py", line 223, in wrapped
2026-06-26 04:52:34.916 9 ERROR neutron.plugins.ml2.managers return f_with_retry(*args, **kwargs,
2026-06-26 04:52:34.916 9 ERROR neutron.plugins.ml2.managers
File "/var/lib/openstack/lib/python3.10/site-packages/neutron_lib/db/api.py", line 137, in wrapped
2026-06-26 04:52:34.916 9 ERROR neutron.plugins.ml2.managers with excutils.save_and_reraise_exception():
2026-06-26 04:52:34.916 9 ERROR neutron.plugins.ml2.managers
File "/var/lib/openstack/lib/python3.10/site-packages/oslo_utils/excutils.py", line 227, in __exit__
2026-06-26 04:52:34.916 9 ERROR neutron.plugins.ml2.managers self.force_reraise()
2026-06-26 04:52:34.916 9 ERROR neutron.plugins.ml2.managers
File "/var/lib/openstack/lib/python3.10/site-packages/oslo_utils/excutils.py", line 200, in force_reraise
2026-06-26 04:52:34.916 9 ERROR neutron.plugins.ml2.managers raise self.value
2026-06-26 04:52:34.916 9 ERROR neutron.plugins.ml2.managers
