Feb 19 01:34:41.772793 np0000156434 devstack@neutron-api.service[68702]: [pid: 68702|app: 0|req: 195/405] ::1 () {68 vars in 1610 bytes} [Thu Feb 19 01:34:41 2026] GET /networking/v2.0/security-groups?id=b84d5bb9-3d5b-4984-88e7-409efcbc46dc&fields=id&fields=name => generated 114 bytes in 105 msecs (HTTP/1.1 200) 4 headers in 157 bytes (1 switches on core 0)
Feb 19 01:34:41.794431 np0000156434 devstack@neutron-api.service[68701]: DEBUG neutron_lib.callbacks.manager [None req-d34ac868-2b8a-4776-bd79-d3c8a152855b admin admin] Subscribe: > segment before_delete 55550000, False {{(pid=68701) subscribe /opt/stack/data/venv/lib/python3.12/site-packages/neutron_lib/callbacks/manager.py:52}}
Feb 19 01:34:41.796188 np0000156434 devstack@neutron-api.service[68701]: DEBUG neutron_lib.callbacks.manager [None req-d34ac868-2b8a-4776-bd79-d3c8a152855b admin admin] Subscribe: > subnet precommit_delete_associations 55550000, False {{(pid=68701) subscribe /opt/stack/data/venv/lib/python3.12/site-packages/neutron_lib/callbacks/manager.py:52}}
Feb 19 01:34:41.796188 np0000156434 devstack@neutron-api.service[68701]: DEBUG neutron_lib.callbacks.manager [None req-d34ac868-2b8a-4776-bd79-d3c8a152855b admin admin] Subscribe: > segment_host_mapping after_create 55550000, False {{(pid=68701) subscribe /opt/stack/data/venv/lib/python3.12/site-packages/neutron_lib/callbacks/manager.py:52}}
Feb 19 01:34:41.796188 np0000156434 devstack@neutron-api.service[68701]: DEBUG neutron_lib.callbacks.manager [None req-d34ac868-2b8a-4776-bd79-d3c8a152855b admin admin] Subscribe: > segment_host_mapping after_delete 55550000, False {{(pid=68701) subscribe /opt/stack/data/venv/lib/python3.12/site-packages/neutron_lib/callbacks/manager.py:52}}
Feb 19 01:34:41.796188 np0000156434 devstack@neutron-api.service[68701]: DEBUG neutron_lib.callbacks.manager [None req-d34ac868-2b8a-4776-bd79-d3c8a152855b admin admin] Subscribe: > port after_create 55550000, False {{(pid=68701) subscribe /opt/stack/data/venv/lib/python3.12/site-packages/neutron_lib/callbacks/manager.py:52}}
Feb 19 01:34:41.796188 np0000156434 devstack@neutron-api.service[68701]: DEBUG neutron_lib.callbacks.manager [None req-d34ac868-2b8a-4776-bd79-d3c8a152855b admin admin] Subscribe: > port after_delete 55550000, False {{(pid=68701) subscribe /opt/stack/data/venv/lib/python3.12/site-packages/neutron_lib/callbacks/manager.py:52}}
Feb 19 01:34:41.796188 np0000156434 devstack@neutron-api.service[68701]: DEBUG neutron_lib.callbacks.manager [None req-d34ac868-2b8a-4776-bd79-d3c8a152855b admin admin] Subscribe: > port after_update 55550000, False {{(pid=68701) subscribe /opt/stack/data/venv/lib/python3.12/site-packages/neutron_lib/callbacks/manager.py:52}}
Feb 19 01:34:41.796419 np0000156434 devstack@neutron-api.service[68701]: DEBUG neutron_lib.callbacks.manager [None req-d34ac868-2b8a-4776-bd79-d3c8a152855b admin admin] Subscribe: > segment after_delete 55550000, False {{(pid=68701) subscribe /opt/stack/data/venv/lib/python3.12/site-packages/neutron_lib/callbacks/manager.py:52}}
Feb 19 01:34:41.801497 np0000156434 devstack@neutron-api.service[68701]: DEBUG neutron_lib.callbacks.manager [None req-d34ac868-2b8a-4776-bd79-d3c8a152855b admin admin] Subscribe: > subnet after_create 55550000, False {{(pid=68701) subscribe /opt/stack/data/venv/lib/python3.12/site-packages/neutron_lib/callbacks/manager.py:52}}
Feb 19 01:34:41.801497 np0000156434 devstack@neutron-api.service[68701]: DEBUG neutron_lib.callbacks.manager [None req-d34ac868-2b8a-4776-bd79-d3c8a152855b admin admin] Subscribe: > subnet after_delete 55550000, False {{(pid=68701) subscribe /opt/stack/data/venv/lib/python3.12/site-packages/neutron_lib/callbacks/manager.py:52}}
Feb 19 01:34:41.801572 np0000156434 devstack@neutron-api.service[68701]: DEBUG neutron_lib.callbacks.manager [None req-d34ac868-2b8a-4776-bd79-d3c8a152855b admin admin] Subscribe: > subnet after_update 55550000, False {{(pid=68701) subscribe /opt/stack/data/venv/lib/python3.12/site-packages/neutron_lib/callbacks/manager.py:52}}
Feb 19 01:34:41.866201 np0000156434 devstack@neutron-api.service[68702]: DEBUG neutron.api.wsgi [req-14227c9e-fc4c-4751-8304-62d8c2617733 req-d7ae9700-8ded-44a3-b18f-3c5ba953a84c tempest-TestShareBasicOpsNFS-1079054425 tempest-TestShareBasicOpsNFS-1079054425-project-member] Missing Content-Type {{(pid=68702) get_content_type /opt/stack/neutron/neutron/api/wsgi.py:85}}
Feb 19 01:34:41.929822 np0000156434 devstack@neutron-api.service[68702]: [pid: 68702|app: 0|req: 196/406] ::1 () {68 vars in 1610 bytes} [Thu Feb 19 01:34:41 2026] GET /networking/v2.0/security-groups?id=f077a8bf-33aa-44ec-bf3d-f5b126220b02&fields=id&fields=name => generated 114 bytes in 70 msecs (HTTP/1.1 200) 4 headers in 157 bytes (1 switches on core 0)
Feb 19 01:34:42.266243 np0000156434 devstack@neutron-api.service[68701]: DEBUG neutron_lib.callbacks.manager [None req-d34ac868-2b8a-4776-bd79-d3c8a152855b admin admin] Subscribe: > subnet after_create 55550000, False {{(pid=68701) subscribe /opt/stack/data/venv/lib/python3.12/site-packages/neutron_lib/callbacks/manager.py:52}}
Feb 19 01:34:42.268505 np0000156434 devstack@neutron-api.service[68701]: DEBUG neutron_lib.callbacks.manager [None req-d34ac868-2b8a-4776-bd79-d3c8a152855b admin admin] Subscribe: > subnet after_delete 55550000, False {{(pid=68701) subscribe /opt/stack/data/venv/lib/python3.12/site-packages/neutron_lib/callbacks/manager.py:52}}
Feb 19 01:34:42.268745 np0000156434 devstack@neutron-api.service[68701]: DEBUG neutron_lib.callbacks.manager [None req-d34ac868-2b8a-4776-bd79-d3c8a152855b admin admin] Subscribe: > subnet before_create 55550000, False {{(pid=68701) subscribe /opt/stack/data/venv/lib/python3.12/site-packages/neutron_lib/callbacks/manager.py:52}}
Feb 19 01:34:42.269290 np0000156434 devstack@neutron-api.service[68701]: DEBUG neutron_lib.callbacks.manager [None req-d34ac868-2b8a-4776-bd79-d3c8a152855b admin admin] Subscribe: > subnet before_update 55550000, False {{(pid=68701) subscribe /opt/stack/data/venv/lib/python3.12/site-packages/neutron_lib/callbacks/manager.py:52}}
Feb 19 01:34:42.269493 np0000156434 devstack@neutron-api.service[68701]: DEBUG neutron.services.segments.db [None req-d34ac868-2b8a-4776-bd79-d3c8a152855b admin admin] neutron.services.segments.plugin.Plugin method get_segments called with arguments (,) {'filters': {'network_id': ['8830b8a0-0a28-4410-b4d9-d4854e30294d']}} {{(pid=68701) wrapper /opt/stack/data/venv/lib/python3.12/site-packages/oslo_log/helpers.py:77}}
Feb 19 01:34:42.303320 np0000156434 devstack@neutron-api.service[68701]: DEBUG neutron.services.segments.db [None req-d34ac868-2b8a-4776-bd79-d3c8a152855b admin admin] neutron.services.segments.plugin.Plugin method delete_segment called with arguments (, '61eabe78-faf6-4898-b590-25f62f19c9c9') {'for_net_delete': True} {{(pid=68701) wrapper /opt/stack/data/venv/lib/python3.12/site-packages/oslo_log/helpers.py:77}}
Feb 19 01:34:42.303320 np0000156434 devstack@neutron-api.service[68701]: DEBUG neutron.services.segments.db [None req-d34ac868-2b8a-4776-bd79-d3c8a152855b admin admin] neutron.services.segments.plugin.Plugin method get_segment called with arguments (, '61eabe78-faf6-4898-b590-25f62f19c9c9') {} {{(pid=68701) wrapper /opt/stack/data/venv/lib/python3.12/site-packages/oslo_log/helpers.py:77}}
Feb 19 01:34:42.322246 np0000156434 devstack@neutron-api.service[68701]: DEBUG neutron_lib.callbacks.manager [None req-d34ac868-2b8a-4776-bd79-d3c8a152855b admin admin] Publish callbacks ['neutron.plugins.ml2.db._prevent_segment_delete_with_port_bound-8520498418208', 'neutron.services.segments.plugin.Plugin._prevent_segment_delete_with_subnet_associated-5215364'] for segment (61eabe78-faf6-4898-b590-25f62f19c9c9), before_delete {{(pid=68701) _notify_loop /opt/stack/data/venv/lib/python3.12/site-packages/neutron_lib/callbacks/manager.py:184}}
Feb 19 01:34:42.357962 np0000156434 devstack@neutron-api.service[68701]: DEBUG neutron_lib.callbacks.manager [None req-d34ac868-2b8a-4776-bd79-d3c8a152855b admin admin] Publish callbacks ['neutron.plugins.ml2.plugin.Ml2Plugin._handle_segment_change-804770'] for segment (61eabe78-faf6-4898-b590-25f62f19c9c9), precommit_delete {{(pid=68701) _notify_loop /opt/stack/data/venv/lib/python3.12/site-packages/neutron_lib/callbacks/manager.py:184}}
Feb 19 01:34:42.365641 np0000156434 devstack@neutron-api.service[68701]: DEBUG neutron.plugins.ml2.drivers.type_tunnel [None req-d34ac868-2b8a-4776-bd79-d3c8a152855b admin admin] Releasing vxlan tunnel 243 to pool {{(pid=68701) release_segment /opt/stack/neutron/neutron/plugins/ml2/drivers/type_tunnel.py:330}}
Feb 19 01:34:42.365641 np0000156434 devstack@neutron-api.service[68701]: DEBUG neutron_lib.callbacks.manager [None req-d34ac868-2b8a-4776-bd79-d3c8a152855b admin admin] Publish callbacks ['neutron.plugins.ml2.plugin.Ml2Plugin._handle_segment_change-804770', 'neutron.services.segments.plugin.NovaSegmentNotifier._notify_segment_deleted-5215425'] for segment (61eabe78-faf6-4898-b590-25f62f19c9c9), after_delete {{(pid=68701) _notify_loop /opt/stack/data/venv/lib/python3.12/site-packages/neutron_lib/callbacks/manager.py:184}}
Feb 19 01:34:42.485432 np0000156434 devstack@neutron-api.service[68701]: DEBUG neutron_lib.callbacks.manager [None req-d34ac868-2b8a-4776-bd79-d3c8a152855b admin admin] Publish callbacks ['neutron.plugins.ml2.plugin.Ml2Plugin._network_delete_after_delete_handler-806402', 'neutron.plugins.ml2.ovo_rpc._ObjectChangeHandler.handle_event-7783019', 'neutron.api.rpc.agentnotifiers.dhcp_rpc_agent_api.DhcpAgentNotifyAPI._native_event_send_dhcp_notification-7805266', 'neutron.services.l3_router.l3_router_plugin.DVRResourceOperationHandler.delete_fip_namespaces_for_ext_net-8081354'] for network (8830b8a0-0a28-4410-b4d9-d4854e30294d), after_delete {{(pid=68701) _notify_loop /opt/stack/data/venv/lib/python3.12/site-packages/neutron_lib/callbacks/manager.py:184}}
Feb 19 01:34:42.499160 np0000156434 devstack@neutron-api.service[68701]: DEBUG neutron.api.rpc.handlers.resources_rpc [None req-d34ac868-2b8a-4776-bd79-d3c8a152855b admin admin] Pushing event deleted for resources: {'Network': ['ID=8830b8a0-0a28-4410-b4d9-d4854e30294d,revision_number=None']} {{(pid=68701) push /opt/stack/neutron/neutron/api/rpc/handlers/resources_rpc.py:237}}
Feb 19 01:34:42.506162 np0000156434 devstack@neutron-api.service[68701]: DEBUG neutron_lib.callbacks.manager [None req-d34ac868-2b8a-4776-bd79-d3c8a152855b admin admin] Publish callbacks ['neutron.api.rpc.agentnotifiers.dhcp_rpc_agent_api.DhcpAgentNotifyAPI._send_dhcp_notification-7805310'] for network (None), before_response {{(pid=68701) _notify_loop /opt/stack/data/venv/lib/python3.12/site-packages/neutron_lib/callbacks/manager.py:184}}
Feb 19 01:34:42.513669 np0000156434 devstack@neutron-api.service[68701]: [pid: 68701|app: 0|req: 211/407] ::1 () {66 vars in 1331 bytes} [Thu Feb 19 01:34:41 2026] DELETE /networking/v2.0/networks/8830b8a0-0a28-4410-b4d9-d4854e30294d => generated 0 bytes in 1406 msecs (HTTP/1.1 204) 3 headers in 131 bytes (1 switches on core 0)
Feb 19 01:34:43.028683 np0000156434 devstack@neutron-api.service[68702]: DEBUG neutron_lib.callbacks.manager [None req-a9356108-5314-45db-acea-d9891de68850 admin admin] Publish callbacks ['neutron.services.l3_router.l3_router_plugin.DVRResourceOperationHandler._cache_related_dvr_routers_info_before_interface_removal-8067047'] for router_interface (46215c06-80e4-45c5-a8ec-edfc54cc9155), before_delete {{(pid=68702) _notify_loop /opt/stack/data/venv/lib/python3.12/site-packages/neutron_lib/callbacks/manager.py:184}}
Feb 19 01:34:43.449097 np0000156434 devstack@neutron-api.service[68701]: DEBUG neutron.pecan_wsgi.hooks.policy_enforcement [req-eceaa587-8104-4411-8814-5545997a93e1 req-ff2ccc02-8423-4a90-aad8-e8f9714efa89 tempest-TestShareExtendNFS-1275074646 tempest-TestShareExtendNFS-1275074646-project-member] Attributes excluded by policy engine: ['standard_attr_id', 'binding:profile', 'binding:host_id', 'binding:vif_type', 'binding:vif_details'] {{(pid=68701) _exclude_attributes_by_policy /opt/stack/neutron/neutron/pecan_wsgi/hooks/policy_enforcement.py:258}}
Feb 19 01:34:43.458315 np0000156434 devstack@neutron-api.service[68701]: INFO neutron.services.segments.plugin [-] Segment 61eabe78-faf6-4898-b590-25f62f19c9c9 resource provider aggregate not found
Feb 19 01:34:43.460007 np0000156434 devstack@neutron-api.service[68701]: [pid: 68701|app: 0|req: 212/408] ::1 () {68 vars in 1550 bytes} [Thu Feb 19 01:34:43 2026] GET /networking/v2.0/ports?device_id=ec7fff7e-f90a-4ba9-bfd7-6340ee809497 => generated 743 bytes in 374 msecs (HTTP/1.1 200) 4 headers in 157 bytes (1 switches on core 0)
Feb 19 01:34:43.663234 np0000156434 devstack@neutron-api.service[68702]: DEBUG neutron.plugins.ml2.plugin [None req-a9356108-5314-45db-acea-d9891de68850 admin admin] Deleting port 2cbdd05c-99a8-4193-bdc7-3df431942acd {{(pid=68702) _pre_delete_port /opt/stack/neutron/neutron/plugins/ml2/plugin.py:2199}}
Feb 19 01:34:43.663341 np0000156434 devstack@neutron-api.service[68702]: DEBUG neutron_lib.callbacks.manager [None req-a9356108-5314-45db-acea-d9891de68850 admin admin] Publish callbacks ['neutron.db.l3_db.L3_NAT_dbonly_mixin._prevent_l3_port_delete_callback-8520498263584'] for port (2cbdd05c-99a8-4193-bdc7-3df431942acd), before_delete {{(pid=68702) _notify_loop /opt/stack/data/venv/lib/python3.12/site-packages/neutron_lib/callbacks/manager.py:184}}
Feb 19 01:34:43.713234 np0000156434 devstack@neutron-api.service[68701]: INFO neutron.services.segments.plugin [-] Segment 61eabe78-faf6-4898-b590-25f62f19c9c9 resource provider not found; error: Placement Client Error (4xx): {"errors": [{"status": 404, "title": "Not Found", "detail": "The resource could not be found.\n\n No resource provider with uuid 61eabe78-faf6-4898-b590-25f62f19c9c9 found for delete ", "request_id": "req-1c19b9c1-3cea-4d50-bd16-dde62b549ed9"}]}
Feb 19 01:34:43.761428 np0000156434 devstack@neutron-api.service[68701]: DEBUG neutron.pecan_wsgi.hooks.policy_enforcement [req-51c41fb1-c7a4-47ee-9407-ef2f37f3c44a req-c0a9dc99-7e5c-4126-9ed5-34d81be456d7 tempest-TestShareBasicOpsNFS-1079054425 tempest-TestShareBasicOpsNFS-1079054425-project-member] Attributes excluded by policy engine: ['standard_attr_id', 'binding:profile', 'binding:host_id', 'binding:vif_type', 'binding:vif_details'] {{(pid=68701) _exclude_attributes_by_policy /opt/stack/neutron/neutron/pecan_wsgi/hooks/policy_enforcement.py:258}}
Feb 19 01:34:43.762806 np0000156434 devstack@neutron-api.service[68701]: [pid: 68701|app: 0|req: 213/409] ::1 () {68 vars in 1550 bytes} [Thu Feb 19 01:34:43 2026] GET /networking/v2.0/ports?device_id=0ebe1c31-0638-4ee0-bc5b-c1a16c9d7111 => generated 743 bytes in 302 msecs (HTTP/1.1 200) 4 headers in 157 bytes (1 switches on core 0)
Feb 19 01:34:43.772515 np0000156434 devstack@neutron-api.service[68701]: DEBUG neutron.api.wsgi [req-eceaa587-8104-4411-8814-5545997a93e1 req-44d81fea-3b9e-4676-b982-80c2043ae2b0 tempest-TestShareExtendNFS-1275074646 tempest-TestShareExtendNFS-1275074646-project-member] Missing Content-Type {{(pid=68701) get_content_type /opt/stack/neutron/neutron/api/wsgi.py:85}}
Feb 19 01:34:43.815016 np0000156434 devstack@neutron-api.service[68701]: [pid: 68701|app: 0|req: 214/410] ::1 () {68 vars in 1610 bytes} [Thu Feb 19 01:34:43 2026] GET /networking/v2.0/security-groups?id=b84d5bb9-3d5b-4984-88e7-409efcbc46dc&fields=id&fields=name => generated 114 bytes in 50 msecs (HTTP/1.1 200) 4 headers in 157 bytes (1 switches on core 0)
Feb 19 01:34:43.817497 np0000156434 devstack@neutron-api.service[68702]: DEBUG neutron.plugins.ml2.db [None req-a9356108-5314-45db-acea-d9891de68850 admin admin] For port 2cbdd05c-99a8-4193-bdc7-3df431942acd, host np0000156434, got binding levels [] {{(pid=68702) get_binding_level_objs /opt/stack/neutron/neutron/plugins/ml2/db.py:74}}
Feb 19 01:34:43.819114 np0000156434 devstack@neutron-api.service[68702]: DEBUG neutron_lib.callbacks.manager [None req-a9356108-5314-45db-acea-d9891de68850 admin admin] Publish callbacks ['neutron.services.l3_router.l3_router_plugin.L3_NAT_dbonly_mixin._precommit_delete_port_callback-8066379'] for port (2cbdd05c-99a8-4193-bdc7-3df431942acd), precommit_delete {{(pid=68702) _notify_loop /opt/stack/data/venv/lib/python3.12/site-packages/neutron_lib/callbacks/manager.py:184}}
Feb 19 01:34:43.855052 np0000156434 devstack@neutron-api.service[68702]: DEBUG neutron.plugins.ml2.plugin [None req-a9356108-5314-45db-acea-d9891de68850 admin admin] Calling delete_port for 2cbdd05c-99a8-4193-bdc7-3df431942acd owned by network:router_interface {{(pid=68702) delete_port /opt/stack/neutron/neutron/plugins/ml2/plugin.py:2287}}
Feb 19 01:34:43.857398 np0000156434 devstack@neutron-api.service[68701]: DEBUG neutron.api.wsgi [req-51c41fb1-c7a4-47ee-9407-ef2f37f3c44a req-8478a635-b9e1-4583-930c-523c3fef73b6 tempest-TestShareBasicOpsNFS-1079054425 tempest-TestShareBasicOpsNFS-1079054425-project-member] Missing Content-Type {{(pid=68701) get_content_type /opt/stack/neutron/neutron/api/wsgi.py:85}}
Feb 19 01:34:43.880014 np0000156434 devstack@neutron-api.service[68701]: [pid: 68701|app: 0|req: 215/411] ::1 () {68 vars in 1610 bytes} [Thu Feb 19 01:34:43 2026] GET /networking/v2.0/security-groups?id=f077a8bf-33aa-44ec-bf3d-f5b126220b02&fields=id&fields=name => generated 114 bytes in 27 msecs (HTTP/1.1 200) 4 headers in 157 bytes (1 switches on core 0)
Feb 19 01:34:44.148618 np0000156434 devstack@neutron-api.service[68702]: DEBUG neutron_lib.callbacks.manager [None req-a9356108-5314-45db-acea-d9891de68850 admin admin] Publish callbacks ['neutron.plugins.ml2.ovo_rpc._ObjectChangeHandler.handle_event-7773362', 'neutron.api.rpc.agentnotifiers.dhcp_rpc_agent_api.DhcpAgentNotifyAPI._native_event_send_dhcp_notification-7807298', 'neutron.plugins.ml2.plugin.SecurityGroupServerNotifierRpcMixin._notify_sg_on_port_change-14956', 'neutron.db.l3_db.L3RpcNotifierMixin._notify_routers_callback-8520498270992', 'neutron.db.l3_dvrscheduler_db._notify_port_delete-8520497837960'] for port (2cbdd05c-99a8-4193-bdc7-3df431942acd), after_delete {{(pid=68702) _notify_loop /opt/stack/data/venv/lib/python3.12/site-packages/neutron_lib/callbacks/manager.py:184}}
Feb 19 01:34:44.168221 np0000156434 devstack@neutron-api.service[68702]: DEBUG neutron.api.rpc.handlers.resources_rpc [None req-a9356108-5314-45db-acea-d9891de68850 admin admin] Pushing event deleted for resources: {'Port': ['ID=2cbdd05c-99a8-4193-bdc7-3df431942acd,revision_number=None']} {{(pid=68702) push /opt/stack/neutron/neutron/api/rpc/handlers/resources_rpc.py:237}}
Feb 19 01:34:44.364040 np0000156434 devstack@neutron-api.service[68702]: DEBUG neutron_lib.callbacks.manager [None req-a9356108-5314-45db-acea-d9891de68850 admin admin] Publish callbacks ['neutron.api.rpc.agentnotifiers.dhcp_rpc_agent_api.DhcpAgentNotifyAPI._after_router_interface_deleted-7807288', 'neutron.services.l3_router.l3_router_plugin.DVRResourceOperationHandler._cleanup_after_interface_removal-8064101'] for router_interface (46215c06-80e4-45c5-a8ec-edfc54cc9155), after_delete {{(pid=68702) _notify_loop /opt/stack/data/venv/lib/python3.12/site-packages/neutron_lib/callbacks/manager.py:184}}
Feb 19 01:34:44.665102 np0000156434 devstack@neutron-api.service[68702]: DEBUG neutron.scheduler.l3_agent_scheduler [None req-a9356108-5314-45db-acea-d9891de68850 admin admin] Router 46215c06-80e4-45c5-a8ec-edfc54cc9155 has already been hosted by L3 agent 2ded5c5a-024d-4cc9-b761-973cc55c700e {{(pid=68702) _get_candidates /opt/stack/neutron/neutron/scheduler/l3_agent_scheduler.py:134}}
Feb 19 01:34:44.945410 np0000156434 devstack@neutron-api.service[68702]: DEBUG neutron.api.rpc.agentnotifiers.l3_rpc_agent_api [None req-a9356108-5314-45db-acea-d9891de68850 admin admin] Notify agent at l3_agent.np0000156434 the message routers_updated {{(pid=68702) _agent_notification /opt/stack/neutron/neutron/api/rpc/agentnotifiers/l3_rpc_agent_api.py:68}}
Feb 19 01:34:44.969694 np0000156434 devstack@neutron-api.service[68702]: [pid: 68702|app: 0|req: 197/412] ::1 () {68 vars in 1417 bytes} [Thu Feb 19 01:34:42 2026] PUT /networking/v2.0/routers/46215c06-80e4-45c5-a8ec-edfc54cc9155/remove_router_interface => generated 310 bytes in 2446 msecs (HTTP/1.1 200) 4 headers in 157 bytes (1 switches on core 0)
Feb 19 01:34:45.381993 np0000156434 devstack@neutron-api.service[68701]: DEBUG neutron_lib.callbacks.manager [None req-480ff2f8-8c43-4e52-88f1-85a65c94b2c0 admin admin] Publish callbacks [] for router (46215c06-80e4-45c5-a8ec-edfc54cc9155), before_delete {{(pid=68701) _notify_loop /opt/stack/data/venv/lib/python3.12/site-packages/neutron_lib/callbacks/manager.py:184}}
Feb 19 01:34:45.419920 np0000156434 devstack@neutron-api.service[68702]: DEBUG neutron.pecan_wsgi.hooks.policy_enforcement [req-c5c875bf-9833-4cdc-a9a2-108e47c41850 req-35126702-ac39-4ae6-91a7-f43b8c73efe0 tempest-TestShareExtendNFS-1275074646 tempest-TestShareExtendNFS-1275074646-project-member] Attributes excluded by policy engine: ['standard_attr_id', 'binding:profile', 'binding:host_id', 'binding:vif_type', 'binding:vif_details'] {{(pid=68702) _exclude_attributes_by_policy /opt/stack/neutron/neutron/pecan_wsgi/hooks/policy_enforcement.py:258}}
Feb 19 01:34:45.429383 np0000156434 devstack@neutron-api.service[68702]: [pid: 68702|app: 0|req: 198/413] ::1 () {68 vars in 1550 bytes} [Thu Feb 19 01:34:45 2026] GET /networking/v2.0/ports?device_id=ec7fff7e-f90a-4ba9-bfd7-6340ee809497 => generated 743 bytes in 233 msecs (HTTP/1.1 200) 4 headers in 157 bytes (1 switches on core 0)
Feb 19 01:34:45.644659 np0000156434 devstack@neutron-api.service[68701]: DEBUG neutron_lib.callbacks.manager [None req-480ff2f8-8c43-4e52-88f1-85a65c94b2c0 admin admin] Publish callbacks [] for router_gateway (46215c06-80e4-45c5-a8ec-edfc54cc9155), before_delete {{(pid=68701) _notify_loop /opt/stack/data/venv/lib/python3.12/site-packages/neutron_lib/callbacks/manager.py:184}}
Feb 19 01:34:45.739911 np0000156434 devstack@neutron-api.service[68701]: DEBUG neutron.plugins.ml2.plugin [None req-480ff2f8-8c43-4e52-88f1-85a65c94b2c0 admin admin] Deleting port c3272945-3f0e-45e0-be61-aa935d7586ba {{(pid=68701) _pre_delete_port /opt/stack/neutron/neutron/plugins/ml2/plugin.py:2199}}
Feb 19 01:34:45.740164 np0000156434 devstack@neutron-api.service[68701]: DEBUG neutron_lib.callbacks.manager [None req-480ff2f8-8c43-4e52-88f1-85a65c94b2c0 admin admin] Publish callbacks ['neutron.db.l3_db.L3_NAT_dbonly_mixin._prevent_l3_port_delete_callback-8520498258414'] for port (c3272945-3f0e-45e0-be61-aa935d7586ba), before_delete {{(pid=68701) _notify_loop /opt/stack/data/venv/lib/python3.12/site-packages/neutron_lib/callbacks/manager.py:184}}
Feb 19 01:34:45.749490 np0000156434 devstack@neutron-api.service[68702]: DEBUG neutron.pecan_wsgi.hooks.policy_enforcement [req-6b58dd63-6f46-40f1-b441-e348ceb904db req-6fecf7b3-d6fa-43c8-8a4f-b02f8f2659fa tempest-TestShareBasicOpsNFS-1079054425 tempest-TestShareBasicOpsNFS-1079054425-project-member] Attributes excluded by policy engine: ['standard_attr_id', 'binding:profile', 'binding:host_id', 'binding:vif_type', 'binding:vif_details'] {{(pid=68702) _exclude_attributes_by_policy /opt/stack/neutron/neutron/pecan_wsgi/hooks/policy_enforcement.py:258}}
Feb 19 01:34:45.749617 np0000156434 devstack@neutron-api.service[68702]: [pid: 68702|app: 0|req: 199/414] ::1 () {68 vars in 1550 bytes} [Thu Feb 19 01:34:45 2026] GET /networking/v2.0/ports?device_id=0ebe1c31-0638-4ee0-bc5b-c1a16c9d7111 => generated 743 bytes in 323 msecs (HTTP/1.1 200) 4 headers in 157 bytes (1 switches on core 0)
Feb 19 01:34:45.756387 np0000156434 devstack@neutron-api.service[68702]: DEBUG neutron.api.wsgi [req-c5c875bf-9833-4cdc-a9a2-108e47c41850 req-525d8f07-04d2-4827-b1ab-213b0af5cd60 tempest-TestShareExtendNFS-1275074646 tempest-TestShareExtendNFS-1275074646-project-member] Missing Content-Type {{(pid=68702) get_content_type /opt/stack/neutron/neutron/api/wsgi.py:85}}
Feb 19 01:34:45.842822 np0000156434 devstack@neutron-api.service[68702]: [pid: 68702|app: 0|req: 200/415] ::1 () {68 vars in 1610 bytes} [Thu Feb 19 01:34:45 2026] GET /networking/v2.0/security-groups?id=b84d5bb9-3d5b-4984-88e7-409efcbc46dc&fields=id&fields=name => generated 114 bytes in 91 msecs (HTTP/1.1 200) 4 headers in 157 bytes (1 switches on core 0)
Feb 19 01:34:45.875194 np0000156434 devstack@neutron-api.service[68702]: DEBUG neutron.api.wsgi [req-6b58dd63-6f46-40f1-b441-e348ceb904db req-16d5548a-9169-45ce-94d0-94c8cfb435d5 tempest-TestShareBasicOpsNFS-1079054425 tempest-TestShareBasicOpsNFS-1079054425-project-member] Missing Content-Type {{(pid=68702) get_content_type /opt/stack/neutron/neutron/api/wsgi.py:85}}
Feb 19 01:34:45.940698 np0000156434 devstack@neutron-api.service[68701]: DEBUG neutron.plugins.ml2.db [None req-480ff2f8-8c43-4e52-88f1-85a65c94b2c0 admin admin] For port c3272945-3f0e-45e0-be61-aa935d7586ba, host np0000156434, got binding levels [PortBindingLevel(driver='openvswitch',host='np0000156434',level=0,port_id=c3272945-3f0e-45e0-be61-aa935d7586ba,segment=NetworkSegment(093f3160-c0f5-4a3a-9cdb-68510150a5fd),segment_id=093f3160-c0f5-4a3a-9cdb-68510150a5fd)] {{(pid=68701) get_binding_level_objs /opt/stack/neutron/neutron/plugins/ml2/db.py:74}}
Feb 19 01:34:45.940837 np0000156434 devstack@neutron-api.service[68701]: DEBUG neutron_lib.callbacks.manager [None req-480ff2f8-8c43-4e52-88f1-85a65c94b2c0 admin admin] Publish callbacks ['neutron.services.l3_router.l3_router_plugin.L3_NAT_dbonly_mixin._precommit_delete_port_callback-8077728'] for port (c3272945-3f0e-45e0-be61-aa935d7586ba), precommit_delete {{(pid=68701) _notify_loop /opt/stack/data/venv/lib/python3.12/site-packages/neutron_lib/callbacks/manager.py:184}}
Feb 19 01:34:45.971559 np0000156434 devstack@neutron-api.service[68702]: [pid: 68702|app: 0|req: 201/416] ::1 () {68 vars in 1610 bytes} [Thu Feb 19 01:34:45 2026] GET /networking/v2.0/security-groups?id=f077a8bf-33aa-44ec-bf3d-f5b126220b02&fields=id&fields=name => generated 114 bytes in 110 msecs (HTTP/1.1 200) 4 headers in 157 bytes (1 switches on core 0)
Feb 19 01:34:45.976309 np0000156434 devstack@neutron-api.service[68701]: DEBUG neutron.plugins.ml2.plugin [None req-480ff2f8-8c43-4e52-88f1-85a65c94b2c0 admin admin] Calling delete_port for c3272945-3f0e-45e0-be61-aa935d7586ba owned by network:router_gateway {{(pid=68701) delete_port /opt/stack/neutron/neutron/plugins/ml2/plugin.py:2287}}
Feb 19 01:34:46.326352 np0000156434 devstack@neutron-api.service[68701]: DEBUG neutron_lib.callbacks.manager [None req-480ff2f8-8c43-4e52-88f1-85a65c94b2c0 admin admin] Publish callbacks ['neutron.plugins.ml2.ovo_rpc._ObjectChangeHandler.handle_event-7782936', 'neutron.api.rpc.agentnotifiers.dhcp_rpc_agent_api.DhcpAgentNotifyAPI._native_event_send_dhcp_notification-7805266', 'neutron.plugins.ml2.plugin.SecurityGroupServerNotifierRpcMixin._notify_sg_on_port_change-179878', 'neutron.db.l3_db.L3RpcNotifierMixin._notify_routers_callback-8520498263954', 'neutron.db.l3_dvrscheduler_db._notify_port_delete-8520497848424', 'neutron.services.segments.plugin.NovaSegmentNotifier._notify_port_created_or_deleted-5215375'] for port (c3272945-3f0e-45e0-be61-aa935d7586ba), after_delete {{(pid=68701) _notify_loop /opt/stack/data/venv/lib/python3.12/site-packages/neutron_lib/callbacks/manager.py:184}}
Feb 19 01:34:46.344334 np0000156434 devstack@neutron-api.service[68701]: DEBUG neutron.api.rpc.handlers.resources_rpc [None req-480ff2f8-8c43-4e52-88f1-85a65c94b2c0 admin admin] Pushing event deleted for resources: {'Port': ['ID=c3272945-3f0e-45e0-be61-aa935d7586ba,revision_number=None']} {{(pid=68701) push /opt/stack/neutron/neutron/api/rpc/handlers/resources_rpc.py:237}}
Feb 19 01:34:46.465939 np0000156434 devstack@neutron-api.service[68701]: DEBUG neutron_lib.callbacks.manager [None req-480ff2f8-8c43-4e52-88f1-85a65c94b2c0 admin admin] Publish callbacks ['neutron.services.l3_router.l3_router_plugin.DVRResourceOperationHandler._delete_dvr_internal_ports-8081314'] for router_gateway (46215c06-80e4-45c5-a8ec-edfc54cc9155), after_delete {{(pid=68701) _notify_loop /opt/stack/data/venv/lib/python3.12/site-packages/neutron_lib/callbacks/manager.py:184}}
Feb 19 01:34:46.545723 np0000156434 devstack@neutron-api.service[68701]: DEBUG neutron_lib.callbacks.manager [None req-480ff2f8-8c43-4e52-88f1-85a65c94b2c0 admin admin] Publish callbacks ['neutron.services.l3_router.l3_router_plugin.L3_HA_NAT_db_mixin._release_router_vr_id-8076324', 'neutron.services.l3_router.service_providers.driver_controller.DriverController._clear_router_provider-104490'] for router (46215c06-80e4-45c5-a8ec-edfc54cc9155), precommit_delete {{(pid=68701) _notify_loop /opt/stack/data/venv/lib/python3.12/site-packages/neutron_lib/callbacks/manager.py:184}}
Feb 19 01:34:46.548026 np0000156434 devstack@neutron-api.service[68701]: DEBUG neutron_lib.callbacks.manager [None req-480ff2f8-8c43-4e52-88f1-85a65c94b2c0 admin admin] Publish callbacks [] for router_controller (46215c06-80e4-45c5-a8ec-edfc54cc9155), precommit_delete_associations {{(pid=68701) _notify_loop /opt/stack/data/venv/lib/python3.12/site-packages/neutron_lib/callbacks/manager.py:184}}
Feb 19 01:34:46.646610 np0000156434 devstack@neutron-api.service[68701]: DEBUG neutron_lib.callbacks.manager [None req-480ff2f8-8c43-4e52-88f1-85a65c94b2c0 admin admin] Publish callbacks ['neutron.services.l3_router.l3_router_plugin.L3_HA_NAT_db_mixin._cleanup_ha_network_handler-8076330'] for router (46215c06-80e4-45c5-a8ec-edfc54cc9155), after_delete {{(pid=68701) _notify_loop /opt/stack/data/venv/lib/python3.12/site-packages/neutron_lib/callbacks/manager.py:184}}
Feb 19 01:34:46.646610 np0000156434 devstack@neutron-api.service[68701]: DEBUG neutron.api.rpc.agentnotifiers.l3_rpc_agent_api [None req-480ff2f8-8c43-4e52-88f1-85a65c94b2c0 admin admin] Fanout notify agent at l3_agent the message router_deleted on router 46215c06-80e4-45c5-a8ec-edfc54cc9155 {{(pid=68701) _notification_fanout /opt/stack/neutron/neutron/api/rpc/agentnotifiers/l3_rpc_agent_api.py:120}}
Feb 19 01:34:46.658371 np0000156434 devstack@neutron-api.service[68701]: DEBUG neutron_lib.callbacks.manager [None req-480ff2f8-8c43-4e52-88f1-85a65c94b2c0 admin admin] Publish callbacks [] for router (None), before_response {{(pid=68701) _notify_loop /opt/stack/data/venv/lib/python3.12/site-packages/neutron_lib/callbacks/manager.py:184}}
Feb 19 01:34:46.660444 np0000156434 devstack@neutron-api.service[68701]: [pid: 68701|app: 0|req: 216/417] ::1 () {66 vars in 1328 bytes} [Thu Feb 19 01:34:44 2026] DELETE /networking/v2.0/routers/46215c06-80e4-45c5-a8ec-edfc54cc9155 => generated 0 bytes in 1671 msecs (HTTP/1.1 204) 2 headers in 112 bytes (1 switches on core 0)
Feb 19 01:34:46.718033 np0000156434 devstack@neutron-api.service[68702]: DEBUG neutron.db.db_base_plugin_v2 [None req-ef1c3857-f0b2-4890-bf21-777f904b084e admin admin] Deleting subnet 251f6ba0-fc05-491e-91fe-7e279afffbc5 {{(pid=68702) delete_subnet /opt/stack/neutron/neutron/db/db_base_plugin_v2.py:1171}}
Feb 19 01:34:46.722288 np0000156434 devstack@neutron-api.service[68702]: DEBUG neutron_lib.callbacks.manager [None req-ef1c3857-f0b2-4890-bf21-777f904b084e admin admin] Publish callbacks [] for subnet (251f6ba0-fc05-491e-91fe-7e279afffbc5), before_delete {{(pid=68702) _notify_loop /opt/stack/data/venv/lib/python3.12/site-packages/neutron_lib/callbacks/manager.py:184}}
Feb 19 01:34:46.749471 np0000156434 devstack@neutron-api.service[68702]: DEBUG neutron_lib.callbacks.manager [None req-ef1c3857-f0b2-4890-bf21-777f904b084e admin admin] Publish callbacks [] for subnet (251f6ba0-fc05-491e-91fe-7e279afffbc5), precommit_delete_associations {{(pid=68702) _notify_loop /opt/stack/data/venv/lib/python3.12/site-packages/neutron_lib/callbacks/manager.py:184}}
Feb 19 01:34:46.817950 np0000156434 devstack@neutron-api.service[68702]: DEBUG neutron_lib.callbacks.manager [None req-ef1c3857-f0b2-4890-bf21-777f904b084e admin admin] Publish callbacks ['neutron.plugins.ml2.plugin.Ml2Plugin._subnet_delete_precommit_handler-970878'] for subnet (251f6ba0-fc05-491e-91fe-7e279afffbc5), precommit_delete {{(pid=68702) _notify_loop /opt/stack/data/venv/lib/python3.12/site-packages/neutron_lib/callbacks/manager.py:184}}
Feb 19 01:34:46.908216 np0000156434 devstack@neutron-api.service[68702]: DEBUG neutron_lib.callbacks.manager [None req-ef1c3857-f0b2-4890-bf21-777f904b084e admin admin] Publish callbacks ['neutron.plugins.ml2.plugin.Ml2Plugin._subnet_delete_after_delete_handler-970868', 'neutron.plugins.ml2.ovo_rpc._ObjectChangeHandler.handle_event-7773374', 'neutron.api.rpc.agentnotifiers.dhcp_rpc_agent_api.DhcpAgentNotifyAPI._native_event_send_dhcp_notification-7807298'] for subnet (251f6ba0-fc05-491e-91fe-7e279afffbc5), after_delete {{(pid=68702) _notify_loop /opt/stack/data/venv/lib/python3.12/site-packages/neutron_lib/callbacks/manager.py:184}}
Feb 19 01:34:46.919359 np0000156434 devstack@neutron-api.service[68702]: DEBUG neutron.api.rpc.handlers.resources_rpc [None req-ef1c3857-f0b2-4890-bf21-777f904b084e admin admin] Pushing event deleted for resources: {'Subnet': ['ID=251f6ba0-fc05-491e-91fe-7e279afffbc5,revision_number=None']} {{(pid=68702) push /opt/stack/neutron/neutron/api/rpc/handlers/resources_rpc.py:237}}
Feb 19 01:34:46.941416 np0000156434 devstack@neutron-api.service[68702]: DEBUG neutron_lib.callbacks.manager [None req-ef1c3857-f0b2-4890-bf21-777f904b084e admin admin] Publish callbacks ['neutron.api.rpc.agentnotifiers.dhcp_rpc_agent_api.DhcpAgentNotifyAPI._send_dhcp_notification-7807318'] for subnet (None), before_response {{(pid=68702) _notify_loop /opt/stack/data/venv/lib/python3.12/site-packages/neutron_lib/callbacks/manager.py:184}}
Feb 19 01:34:46.954031 np0000156434 devstack@neutron-api.service[68702]: [pid: 68702|app: 0|req: 202/418] ::1 () {66 vars in 1328 bytes} [Thu Feb 19 01:34:46 2026] DELETE /networking/v2.0/subnets/251f6ba0-fc05-491e-91fe-7e279afffbc5 => generated 0 bytes in 276 msecs (HTTP/1.1 204) 3 headers in 131 bytes (1 switches on core 0)
Feb 19 01:34:47.040634 np0000156434 devstack@neutron-api.service[68701]: DEBUG neutron_lib.callbacks.manager [None req-cd5fa69a-3df1-468a-9825-a10495a0638d admin admin] Publish callbacks ['neutron.plugins.ml2.plugin.External_net_db_mixin._before_network_delete_handler-64938'] for network (8f192d00-ef01-4cf4-b8d4-13ec6ac5d4db), before_delete {{(pid=68701) _notify_loop /opt/stack/data/venv/lib/python3.12/site-packages/neutron_lib/callbacks/manager.py:184}}
Feb 19 01:34:47.120508 np0000156434 devstack@neutron-api.service[68701]: DEBUG neutron.plugins.ml2.plugin [None req-cd5fa69a-3df1-468a-9825-a10495a0638d admin admin] Deleting port 74b82152-4e18-4ae0-a679-207d5f4ac8a5 {{(pid=68701) _pre_delete_port /opt/stack/neutron/neutron/plugins/ml2/plugin.py:2199}}
Feb 19 01:34:47.120508 np0000156434 devstack@neutron-api.service[68701]: DEBUG neutron_lib.callbacks.manager [None req-cd5fa69a-3df1-468a-9825-a10495a0638d admin admin] Publish callbacks ['neutron.db.l3_db.L3_NAT_dbonly_mixin._prevent_l3_port_delete_callback-8520498258414'] for port (74b82152-4e18-4ae0-a679-207d5f4ac8a5), before_delete {{(pid=68701) _notify_loop /opt/stack/data/venv/lib/python3.12/site-packages/neutron_lib/callbacks/manager.py:184}}
Feb 19 01:34:47.180399 np0000156434 devstack@neutron-api.service[68701]: DEBUG neutron.plugins.ml2.db [None req-cd5fa69a-3df1-468a-9825-a10495a0638d admin admin] For port 74b82152-4e18-4ae0-a679-207d5f4ac8a5, host np0000156434, got binding levels [PortBindingLevel(driver='openvswitch',host='np0000156434',level=0,port_id=74b82152-4e18-4ae0-a679-207d5f4ac8a5,segment=NetworkSegment(332d3d70-5a2a-47c0-b92c-3d0b0736b782),segment_id=332d3d70-5a2a-47c0-b92c-3d0b0736b782)] {{(pid=68701) get_binding_level_objs /opt/stack/neutron/neutron/plugins/ml2/db.py:74}}
Feb 19 01:34:47.180399 np0000156434 devstack@neutron-api.service[68701]: DEBUG neutron_lib.callbacks.manager [None req-cd5fa69a-3df1-468a-9825-a10495a0638d admin admin] Publish callbacks ['neutron.services.l3_router.l3_router_plugin.L3_NAT_dbonly_mixin._precommit_delete_port_callback-8077728'] for port (74b82152-4e18-4ae0-a679-207d5f4ac8a5), precommit_delete {{(pid=68701) _notify_loop /opt/stack/data/venv/lib/python3.12/site-packages/neutron_lib/callbacks/manager.py:184}}
Feb 19 01:34:47.191234 np0000156434 devstack@neutron-api.service[68702]: DEBUG neutron.pecan_wsgi.hooks.policy_enforcement [req-e9953834-f3fe-4ccf-bb94-de100687cbe2 req-e2a65f62-f4a1-43df-9a8d-77fdd4ff3114 tempest-TestShareExtendNFS-1275074646 tempest-TestShareExtendNFS-1275074646-project-member] Attributes excluded by policy engine: ['standard_attr_id', 'binding:profile', 'binding:host_id', 'binding:vif_type', 'binding:vif_details'] {{(pid=68702) _exclude_attributes_by_policy /opt/stack/neutron/neutron/pecan_wsgi/hooks/policy_enforcement.py:258}}
Feb 19 01:34:47.195840 np0000156434 devstack@neutron-api.service[68702]: [pid: 68702|app: 0|req: 203/419] ::1 () {68 vars in 1550 bytes} [Thu Feb 19 01:34:47 2026] GET /networking/v2.0/ports?device_id=ec7fff7e-f90a-4ba9-bfd7-6340ee809497 => generated 743 bytes in 80 msecs (HTTP/1.1 200) 4 headers in 157 bytes (1 switches on core 0)
Feb 19 01:34:47.201505 np0000156434 devstack@neutron-api.service[68701]: DEBUG neutron.plugins.ml2.plugin [None req-cd5fa69a-3df1-468a-9825-a10495a0638d admin admin] Calling delete_port for 74b82152-4e18-4ae0-a679-207d5f4ac8a5 owned by network:dhcp {{(pid=68701) delete_port /opt/stack/neutron/neutron/plugins/ml2/plugin.py:2287}}
Feb 19 01:34:47.380621 np0000156434 devstack@neutron-api.service[68702]: DEBUG neutron.pecan_wsgi.hooks.policy_enforcement [req-89a2b874-4204-4add-8352-f6750af434b6 req-dbf3ecbd-e527-45b6-9e2f-9dcada855193 tempest-TestShareBasicOpsNFS-1079054425 tempest-TestShareBasicOpsNFS-1079054425-project-member] Attributes excluded by policy engine: ['standard_attr_id', 'binding:profile', 'binding:host_id', 'binding:vif_type', 'binding:vif_details'] {{(pid=68702) _exclude_attributes_by_policy /opt/stack/neutron/neutron/pecan_wsgi/hooks/policy_enforcement.py:258}}
Feb 19 01:34:47.381454 np0000156434 devstack@neutron-api.service[68701]: DEBUG neutron_lib.callbacks.manager [None req-cd5fa69a-3df1-468a-9825-a10495a0638d admin admin] Publish callbacks ['neutron.plugins.ml2.ovo_rpc._ObjectChangeHandler.handle_event-7782936', 'neutron.api.rpc.agentnotifiers.dhcp_rpc_agent_api.DhcpAgentNotifyAPI._native_event_send_dhcp_notification-7805266', 'neutron.plugins.ml2.plugin.SecurityGroupServerNotifierRpcMixin._notify_sg_on_port_change-179878', 'neutron.db.l3_db.L3RpcNotifierMixin._notify_routers_callback-8520498263954', 'neutron.db.l3_dvrscheduler_db._notify_port_delete-8520497848424', 'neutron.services.segments.plugin.NovaSegmentNotifier._notify_port_created_or_deleted-5215375'] for port (74b82152-4e18-4ae0-a679-207d5f4ac8a5), after_delete {{(pid=68701) _notify_loop /opt/stack/data/venv/lib/python3.12/site-packages/neutron_lib/callbacks/manager.py:184}}
Feb 19 01:34:47.386786 np0000156434 devstack@neutron-api.service[68702]: [pid: 68702|app: 0|req: 204/420] ::1 () {68 vars in 1550 bytes} [Thu Feb 19 01:34:47 2026] GET /networking/v2.0/ports?device_id=0ebe1c31-0638-4ee0-bc5b-c1a16c9d7111 => generated 743 bytes in 81 msecs (HTTP/1.1 200) 4 headers in 157 bytes (1 switches on core 0)
Feb 19 01:34:47.394220 np0000156434 devstack@neutron-api.service[68702]: DEBUG neutron.api.wsgi [req-e9953834-f3fe-4ccf-bb94-de100687cbe2 req-d143ea13-2608-46fe-a0bb-b52a49a5bb4a tempest-TestShareExtendNFS-1275074646 tempest-TestShareExtendNFS-1275074646-project-member] Missing Content-Type {{(pid=68702) get_content_type /opt/stack/neutron/neutron/api/wsgi.py:85}}
Feb 19 01:34:47.425017 np0000156434 devstack@neutron-api.service[68701]: DEBUG neutron.api.rpc.handlers.resources_rpc [None req-cd5fa69a-3df1-468a-9825-a10495a0638d admin admin] Pushing event deleted for resources: {'Port': ['ID=74b82152-4e18-4ae0-a679-207d5f4ac8a5,revision_number=None']} {{(pid=68701) push /opt/stack/neutron/neutron/api/rpc/handlers/resources_rpc.py:237}}
Feb 19 01:34:47.457756 np0000156434 devstack@neutron-api.service[68701]: DEBUG neutron.db.l3_dvrscheduler_db [None req-cd5fa69a-3df1-468a-9825-a10495a0638d admin admin] No DVR routers for this DVR port 74b82152-4e18-4ae0-a679-207d5f4ac8a5 on host np0000156434 {{(pid=68701) get_dvr_routers_to_remove /opt/stack/neutron/neutron/db/l3_dvrscheduler_db.py:218}}
Feb 19 01:34:47.490140 np0000156434 devstack@neutron-api.service[68702]: [pid: 68702|app: 0|req: 205/421] ::1 () {68 vars in 1610 bytes} [Thu Feb 19 01:34:47 2026] GET /networking/v2.0/security-groups?id=b84d5bb9-3d5b-4984-88e7-409efcbc46dc&fields=id&fields=name => generated 114 bytes in 103 msecs (HTTP/1.1 200) 4 headers in 157 bytes (1 switches on core 0)
Feb 19 01:34:47.566953 np0000156434 devstack@neutron-api.service[68702]: DEBUG neutron.api.wsgi [req-89a2b874-4204-4add-8352-f6750af434b6 req-6bb6efb5-1b61-49f3-bfcf-c820864cae57 tempest-TestShareBasicOpsNFS-1079054425 tempest-TestShareBasicOpsNFS-1079054425-project-member] Missing Content-Type {{(pid=68702) get_content_type /opt/stack/neutron/neutron/api/wsgi.py:85}}
Feb 19 01:34:47.567589 np0000156434 devstack@neutron-api.service[68701]: DEBUG neutron_lib.callbacks.manager [None req-cd5fa69a-3df1-468a-9825-a10495a0638d admin admin] Publish callbacks ['neutron.plugins.ml2.plugin.Ml2Plugin._network_delete_precommit_handler-806420', 'neutron.services.segments.db._delete_segments_for_network-8520498417918'] for network (8f192d00-ef01-4cf4-b8d4-13ec6ac5d4db), precommit_delete {{(pid=68701) _notify_loop /opt/stack/data/venv/lib/python3.12/site-packages/neutron_lib/callbacks/manager.py:184}}
Feb 19 01:34:47.594647 np0000156434 devstack@neutron-api.service[68701]: DEBUG neutron.services.segments.db [None req-cd5fa69a-3df1-468a-9825-a10495a0638d admin admin] neutron.services.segments.plugin.Plugin method get_segments called with arguments (,) {'filters': {'network_id': ['8f192d00-ef01-4cf4-b8d4-13ec6ac5d4db']}} {{(pid=68701) wrapper /opt/stack/data/venv/lib/python3.12/site-packages/oslo_log/helpers.py:77}}
Feb 19 01:34:47.609417 np0000156434 devstack@neutron-api.service[68701]: DEBUG neutron.services.segments.db [None req-cd5fa69a-3df1-468a-9825-a10495a0638d admin admin] neutron.services.segments.plugin.Plugin method delete_segment called with arguments (, '332d3d70-5a2a-47c0-b92c-3d0b0736b782') {'for_net_delete': True} {{(pid=68701) wrapper /opt/stack/data/venv/lib/python3.12/site-packages/oslo_log/helpers.py:77}}
Feb 19 01:34:47.611015 np0000156434 devstack@neutron-api.service[68701]: DEBUG neutron.services.segments.db [None req-cd5fa69a-3df1-468a-9825-a10495a0638d admin admin] neutron.services.segments.plugin.Plugin method get_segment called with arguments (, '332d3d70-5a2a-47c0-b92c-3d0b0736b782') {} {{(pid=68701) wrapper /opt/stack/data/venv/lib/python3.12/site-packages/oslo_log/helpers.py:77}}
Feb 19 01:34:47.623302 np0000156434 devstack@neutron-api.service[68702]: [pid: 68702|app: 0|req: 206/422] ::1 () {68 vars in 1610 bytes} [Thu Feb 19 01:34:47 2026] GET /networking/v2.0/security-groups?id=f077a8bf-33aa-44ec-bf3d-f5b126220b02&fields=id&fields=name => generated 114 bytes in 65 msecs (HTTP/1.1 200) 4 headers in 157 bytes (1 switches on core 0)
Feb 19 01:34:47.629384 np0000156434 devstack@neutron-api.service[68701]: DEBUG neutron_lib.callbacks.manager [None req-cd5fa69a-3df1-468a-9825-a10495a0638d admin admin] Publish callbacks ['neutron.plugins.ml2.db._prevent_segment_delete_with_port_bound-8520498418208', 'neutron.services.segments.plugin.Plugin._prevent_segment_delete_with_subnet_associated-5215364'] for segment (332d3d70-5a2a-47c0-b92c-3d0b0736b782), before_delete {{(pid=68701) _notify_loop /opt/stack/data/venv/lib/python3.12/site-packages/neutron_lib/callbacks/manager.py:184}}
Feb 19 01:34:47.652134 np0000156434 devstack@neutron-api.service[68701]: DEBUG neutron_lib.callbacks.manager [None req-cd5fa69a-3df1-468a-9825-a10495a0638d admin admin] Publish callbacks ['neutron.plugins.ml2.plugin.Ml2Plugin._handle_segment_change-804770'] for segment (332d3d70-5a2a-47c0-b92c-3d0b0736b782), precommit_delete {{(pid=68701) _notify_loop /opt/stack/data/venv/lib/python3.12/site-packages/neutron_lib/callbacks/manager.py:184}}
Feb 19 01:34:47.656589 np0000156434 devstack@neutron-api.service[68701]: DEBUG neutron.plugins.ml2.drivers.type_tunnel [None req-cd5fa69a-3df1-468a-9825-a10495a0638d admin admin] Releasing vxlan tunnel 309 to pool {{(pid=68701) release_segment /opt/stack/neutron/neutron/plugins/ml2/drivers/type_tunnel.py:330}}
Feb 19 01:34:47.656779 np0000156434 devstack@neutron-api.service[68701]: DEBUG neutron_lib.callbacks.manager [None req-cd5fa69a-3df1-468a-9825-a10495a0638d admin admin] Publish callbacks ['neutron.plugins.ml2.plugin.Ml2Plugin._handle_segment_change-804770', 'neutron.services.segments.plugin.NovaSegmentNotifier._notify_segment_deleted-5215425'] for segment (332d3d70-5a2a-47c0-b92c-3d0b0736b782), after_delete {{(pid=68701) _notify_loop /opt/stack/data/venv/lib/python3.12/site-packages/neutron_lib/callbacks/manager.py:184}}
Feb 19 01:34:47.726407 np0000156434 devstack@neutron-api.service[68701]: DEBUG neutron_lib.callbacks.manager [None req-cd5fa69a-3df1-468a-9825-a10495a0638d admin admin] Publish callbacks ['neutron.plugins.ml2.plugin.Ml2Plugin._network_delete_after_delete_handler-806402', 'neutron.plugins.ml2.ovo_rpc._ObjectChangeHandler.handle_event-7783019', 'neutron.api.rpc.agentnotifiers.dhcp_rpc_agent_api.DhcpAgentNotifyAPI._native_event_send_dhcp_notification-7805266', 'neutron.services.l3_router.l3_router_plugin.DVRResourceOperationHandler.delete_fip_namespaces_for_ext_net-8081354'] for network (8f192d00-ef01-4cf4-b8d4-13ec6ac5d4db), after_delete {{(pid=68701) _notify_loop /opt/stack/data/venv/lib/python3.12/site-packages/neutron_lib/callbacks/manager.py:184}}
Feb 19 01:34:47.740414 np0000156434 devstack@neutron-api.service[68701]: DEBUG neutron.api.rpc.handlers.resources_rpc [None req-cd5fa69a-3df1-468a-9825-a10495a0638d admin admin] Pushing event deleted for resources: {'Network': ['ID=8f192d00-ef01-4cf4-b8d4-13ec6ac5d4db,revision_number=None']} {{(pid=68701) push /opt/stack/neutron/neutron/api/rpc/handlers/resources_rpc.py:237}}
Feb 19 01:34:47.749142 np0000156434 devstack@neutron-api.service[68701]: DEBUG neutron_lib.callbacks.manager [None req-cd5fa69a-3df1-468a-9825-a10495a0638d admin admin] Publish callbacks ['neutron.api.rpc.agentnotifiers.dhcp_rpc_agent_api.DhcpAgentNotifyAPI._send_dhcp_notification-7805310'] for network (None), before_response {{(pid=68701) _notify_loop /opt/stack/data/venv/lib/python3.12/site-packages/neutron_lib/callbacks/manager.py:184}}
Feb 19 01:34:47.758418 np0000156434 devstack@neutron-api.service[68701]: [pid: 68701|app: 0|req: 217/423] ::1 () {66 vars in 1331 bytes} [Thu Feb 19 01:34:46 2026] DELETE /networking/v2.0/networks/8f192d00-ef01-4cf4-b8d4-13ec6ac5d4db => generated 0 bytes in 798 msecs (HTTP/1.1 204) 3 headers in 131 bytes (1 switches on core 0)
Feb 19 01:34:47.804629 np0000156434 devstack@neutron-api.service[68701]: INFO neutron.services.segments.plugin [-] Segment 332d3d70-5a2a-47c0-b92c-3d0b0736b782 resource provider aggregate not found
Feb 19 01:34:47.934334 np0000156434 devstack@neutron-api.service[68701]: INFO neutron.services.segments.plugin [-] Segment 332d3d70-5a2a-47c0-b92c-3d0b0736b782 resource provider not found; error: Placement Client Error (4xx): {"errors": [{"status": 404, "title": "Not Found", "detail": "The resource could not be found.\n\n No resource provider with uuid 332d3d70-5a2a-47c0-b92c-3d0b0736b782 found for delete ", "request_id": "req-543d353a-078b-4669-845d-551d7145e7d9"}]}
Feb 19 01:34:48.541800 np0000156434 devstack@neutron-api.service[68702]: [pid: 68702|app: 0|req: 207/424] ::1 () {66 vars in 1349 bytes} [Thu Feb 19 01:34:48 2026] GET /networking/v2.0/security-groups?tenant_id=442855be8e7742d6b1679d4a15818dad&name=default => generated 2925 bytes in 90 msecs (HTTP/1.1 200) 4 headers in 158 bytes (1 switches on core 0)
Feb 19 01:34:48.683578 np0000156434 devstack@neutron-api.service[68701]: DEBUG neutron_lib.callbacks.manager [None req-ef353af4-5661-43f7-8141-be9cfea1b7c6 admin admin] Publish callbacks [] for security_group (5121812a-9f33-4b6a-a25b-0d96ae6713b0), before_delete {{(pid=68701) _notify_loop /opt/stack/data/venv/lib/python3.12/site-packages/neutron_lib/callbacks/manager.py:184}}
Feb 19 01:34:48.744715 np0000156434 devstack@neutron-api.service[68701]: DEBUG neutron_lib.callbacks.manager [None req-ef353af4-5661-43f7-8141-be9cfea1b7c6 admin admin] Publish callbacks [] for security_group (5121812a-9f33-4b6a-a25b-0d96ae6713b0), precommit_delete {{(pid=68701) _notify_loop /opt/stack/data/venv/lib/python3.12/site-packages/neutron_lib/callbacks/manager.py:184}}
Feb 19 01:34:48.786596 np0000156434 devstack@neutron-api.service[68701]: DEBUG neutron_lib.callbacks.manager [None req-ef353af4-5661-43f7-8141-be9cfea1b7c6 admin admin] Publish callbacks ['neutron.plugins.ml2.ovo_rpc._ObjectChangeHandler.handle_event-7782947'] for security_group (5121812a-9f33-4b6a-a25b-0d96ae6713b0), after_delete {{(pid=68701) _notify_loop /opt/stack/data/venv/lib/python3.12/site-packages/neutron_lib/callbacks/manager.py:184}}
Feb 19 01:34:48.799459 np0000156434 devstack@neutron-api.service[68701]: DEBUG neutron.api.rpc.handlers.resources_rpc [None req-ef353af4-5661-43f7-8141-be9cfea1b7c6 admin admin] Pushing event deleted for resources: {'SecurityGroup': ['ID=5121812a-9f33-4b6a-a25b-0d96ae6713b0,revision_number=None']} {{(pid=68701) push /opt/stack/neutron/neutron/api/rpc/handlers/resources_rpc.py:237}}
Feb 19 01:34:48.813295 np0000156434 devstack@neutron-api.service[68701]: DEBUG neutron_lib.callbacks.manager [None req-ef353af4-5661-43f7-8141-be9cfea1b7c6 admin admin] Publish callbacks [] for security_group (None), before_response {{(pid=68701) _notify_loop /opt/stack/data/venv/lib/python3.12/site-packages/neutron_lib/callbacks/manager.py:184}}
