Feb 19 01:34:16.433451 np0000156434 devstack@neutron-api.service[68702]: DEBUG neutron.pecan_wsgi.hooks.policy_enforcement [req-a843ac12-80b7-46f5-9830-7a8c8e92ec4f req-0c8b7341-d3f5-4853-81f4-6b8b1025ed87 tempest-TestShareExtendNFS-1275074646 tempest-TestShareExtendNFS-1275074646-project-member] Attributes excluded by policy engine: ['standard_attr_id', 'binding:profile', 'binding:host_id', 'binding:vif_type', 'binding:vif_details'] {{(pid=68702) _exclude_attributes_by_policy /opt/stack/neutron/neutron/pecan_wsgi/hooks/policy_enforcement.py:258}}
Feb 19 01:34:16.433451 np0000156434 devstack@neutron-api.service[68702]: [pid: 68702|app: 0|req: 157/333] ::1 () {68 vars in 1550 bytes} [Thu Feb 19 01:34:16 2026] GET /networking/v2.0/ports?device_id=ec7fff7e-f90a-4ba9-bfd7-6340ee809497 => generated 743 bytes in 41 msecs (HTTP/1.1 200) 4 headers in 157 bytes (1 switches on core 0)
Feb 19 01:34:16.455291 np0000156434 devstack@neutron-api.service[68701]: DEBUG neutron.api.rpc.handlers.resources_rpc [None req-7e0f97d0-adba-450c-a078-a139da389bc4 admin admin] Pushing event updated for resources: {'Subnet': ['ID=73a10cb9-3378-45d1-83cf-a57a9f135750,revision_number=0']} {{(pid=68701) push /opt/stack/neutron/neutron/api/rpc/handlers/resources_rpc.py:237}}
Feb 19 01:34:16.506658 np0000156434 devstack@neutron-api.service[68701]: DEBUG neutron.plugins.ml2.drivers.mech_agent [None req-7e0f97d0-adba-450c-a078-a139da389bc4 admin admin] Checking segment: {'id': '61eabe78-faf6-4898-b590-25f62f19c9c9', 'network_type': 'vxlan', 'physical_network': None, 'segmentation_id': 243, 'network_id': '8830b8a0-0a28-4410-b4d9-d4854e30294d'} for mappings: {'public': 'br-ex'} with network types: ['vxlan', 'local', 'flat', 'vlan'] {{(pid=68701) check_segment_for_agent /opt/stack/neutron/neutron/plugins/ml2/drivers/mech_agent.py:405}}
Feb 19 01:34:16.506816 np0000156434 devstack@neutron-api.service[68701]: DEBUG neutron.scheduler.dhcp_agent_scheduler [None req-7e0f97d0-adba-450c-a078-a139da389bc4 admin admin] Network hostable DHCP agents. Network: 8830b8a0-0a28-4410-b4d9-d4854e30294d, hostable agents: ['f35b37d9-e971-4223-9b44-5c2ece58205c'], hosted agents: [] {{(pid=68701) _get_network_hostable_dhcp_agents /opt/stack/neutron/neutron/scheduler/dhcp_agent_scheduler.py:330}}
Feb 19 01:34:16.547420 np0000156434 devstack@neutron-api.service[68701]: DEBUG neutron.scheduler.dhcp_agent_scheduler [None req-7e0f97d0-adba-450c-a078-a139da389bc4 admin admin] Network 8830b8a0-0a28-4410-b4d9-d4854e30294d is scheduled to be hosted by DHCP agent f35b37d9-e971-4223-9b44-5c2ece58205c with binding_index 1 {{(pid=68701) bind /opt/stack/neutron/neutron/scheduler/dhcp_agent_scheduler.py:228}}
Feb 19 01:34:16.549430 np0000156434 devstack@neutron-api.service[68702]: DEBUG neutron.api.wsgi [req-a843ac12-80b7-46f5-9830-7a8c8e92ec4f req-a1fb2b9d-213f-437a-b9da-69ad597f4217 tempest-TestShareExtendNFS-1275074646 tempest-TestShareExtendNFS-1275074646-project-member] Missing Content-Type {{(pid=68702) get_content_type /opt/stack/neutron/neutron/api/wsgi.py:85}}
Feb 19 01:34:16.575121 np0000156434 devstack@neutron-api.service[68702]: [pid: 68702|app: 0|req: 158/334] ::1 () {68 vars in 1610 bytes} [Thu Feb 19 01:34:16 2026] GET /networking/v2.0/security-groups?id=b84d5bb9-3d5b-4984-88e7-409efcbc46dc&fields=id&fields=name => generated 114 bytes in 33 msecs (HTTP/1.1 200) 4 headers in 157 bytes (1 switches on core 0)
Feb 19 01:34:16.598347 np0000156434 devstack@neutron-api.service[68701]: DEBUG neutron.scheduler.base_scheduler [None req-7e0f97d0-adba-450c-a078-a139da389bc4 admin admin] Resources bound (agent type, host, resource id): (DHCP agent, np0000156434, 8830b8a0-0a28-4410-b4d9-d4854e30294d) {{(pid=68701) schedule /opt/stack/neutron/neutron/scheduler/base_scheduler.py:57}}
Feb 19 01:34:16.608728 np0000156434 devstack@neutron-api.service[68701]: DEBUG neutron.pecan_wsgi.hooks.policy_enforcement [None req-7e0f97d0-adba-450c-a078-a139da389bc4 admin admin] Attributes excluded by policy engine: ['standard_attr_id', 'shared', 'network'] {{(pid=68701) _exclude_attributes_by_policy /opt/stack/neutron/neutron/pecan_wsgi/hooks/policy_enforcement.py:258}}
Feb 19 01:34:16.614540 np0000156434 devstack@neutron-api.service[68701]: DEBUG neutron_lib.callbacks.manager [None req-7e0f97d0-adba-450c-a078-a139da389bc4 admin admin] Publish callbacks ['neutron.api.rpc.agentnotifiers.dhcp_rpc_agent_api.DhcpAgentNotifyAPI._send_dhcp_notification-7805310'] for subnet (None), before_response {{(pid=68701) _notify_loop /opt/stack/data/venv/lib/python3.12/site-packages/neutron_lib/callbacks/manager.py:184}}
Feb 19 01:34:16.660445 np0000156434 devstack@neutron-api.service[68701]: [pid: 68701|app: 0|req: 177/335] ::1 () {68 vars in 1236 bytes} [Thu Feb 19 01:34:16 2026] POST /networking/v2.0/subnets => generated 661 bytes in 426 msecs (HTTP/1.1 201) 4 headers in 162 bytes (1 switches on core 0)
Feb 19 01:34:16.671976 np0000156434 devstack@neutron-api.service[68702]: DEBUG neutron.pecan_wsgi.hooks.policy_enforcement [req-97a5b544-4730-411b-a257-b95df42d053e req-3459481d-7e29-4795-9cef-5975f6d77db5 tempest-TestShareBasicOpsNFS-1079054425 tempest-TestShareBasicOpsNFS-1079054425-project-member] Attributes excluded by policy engine: ['standard_attr_id', 'binding:profile', 'binding:host_id', 'binding:vif_type', 'binding:vif_details'] {{(pid=68702) _exclude_attributes_by_policy /opt/stack/neutron/neutron/pecan_wsgi/hooks/policy_enforcement.py:258}}
Feb 19 01:34:16.674836 np0000156434 devstack@neutron-api.service[68702]: [pid: 68702|app: 0|req: 159/336] ::1 () {68 vars in 1550 bytes} [Thu Feb 19 01:34:16 2026] GET /networking/v2.0/ports?device_id=0ebe1c31-0638-4ee0-bc5b-c1a16c9d7111 => generated 743 bytes in 73 msecs (HTTP/1.1 200) 4 headers in 157 bytes (1 switches on core 0)
Feb 19 01:34:16.684687 np0000156434 devstack@neutron-api.service[68701]: DEBUG neutron.api.v2.base [None req-e13f3842-251b-4e44-8847-03de880745dd admin admin] Request body: {'router': {'name': 'tempest-TestShareShrinkNFS-330148264-router', 'tenant_id': '442855be8e7742d6b1679d4a15818dad', 'external_gateway_info': {'network_id': '96af125b-67a0-4b7f-a65b-e8fb49c7d641'}}} {{(pid=68701) prepare_request_body /opt/stack/neutron/neutron/api/v2/base.py:729}}
Feb 19 01:34:16.745919 np0000156434 devstack@neutron-api.service[68701]: DEBUG neutron_lib.callbacks.manager [None req-e13f3842-251b-4e44-8847-03de880745dd admin admin] Publish callbacks ['neutron.services.l3_router.l3_router_plugin.L3_HA_NAT_db_mixin._before_router_create_handler-8071006', 'neutron.services.l3_router.service_providers.driver_controller.DriverController._check_router_request-104918'] for router (9cd05476-6e08-489b-9816-6572033834e1), before_create {{(pid=68701) _notify_loop /opt/stack/data/venv/lib/python3.12/site-packages/neutron_lib/callbacks/manager.py:184}}
Feb 19 01:34:16.747528 np0000156434 devstack@neutron-api.service[68701]: DEBUG neutron_lib.callbacks.manager [None req-e13f3842-251b-4e44-8847-03de880745dd admin admin] Publish callbacks ['neutron.services.l3_router.l3_router_plugin.L3_HA_NAT_db_mixin._precommit_router_create-8076466', 'neutron.services.l3_router.l3_router_plugin.DVRResourceOperationHandler._set_distributed_flag-8082740', 'neutron.services.l3_router.l3_router_plugin.RouterAvailabilityZoneMixin._process_az_request-7777916', 'neutron.services.l3_router.service_providers.driver_controller.DriverController._set_router_provider-104924'] for router (9cd05476-6e08-489b-9816-6572033834e1), precommit_create {{(pid=68701) _notify_loop /opt/stack/data/venv/lib/python3.12/site-packages/neutron_lib/callbacks/manager.py:184}}
Feb 19 01:34:16.776233 np0000156434 devstack@neutron-api.service[68702]: DEBUG neutron.api.wsgi [req-97a5b544-4730-411b-a257-b95df42d053e req-40e75f09-f4f4-4982-917a-313ca756e07c tempest-TestShareBasicOpsNFS-1079054425 tempest-TestShareBasicOpsNFS-1079054425-project-member] Missing Content-Type {{(pid=68702) get_content_type /opt/stack/neutron/neutron/api/wsgi.py:85}}
Feb 19 01:34:16.791535 np0000156434 devstack@neutron-api.service[68701]: DEBUG neutron_lib.callbacks.manager [None req-e13f3842-251b-4e44-8847-03de880745dd admin admin] Publish callbacks [] for router_controller (9cd05476-6e08-489b-9816-6572033834e1), precommit_add_association {{(pid=68701) _notify_loop /opt/stack/data/venv/lib/python3.12/site-packages/neutron_lib/callbacks/manager.py:184}}
Feb 19 01:34:16.828395 np0000156434 devstack@neutron-api.service[68702]: [pid: 68702|app: 0|req: 160/337] ::1 () {68 vars in 1610 bytes} [Thu Feb 19 01:34:16 2026] GET /networking/v2.0/security-groups?id=f077a8bf-33aa-44ec-bf3d-f5b126220b02&fields=id&fields=name => generated 114 bytes in 65 msecs (HTTP/1.1 200) 4 headers in 157 bytes (2 switches on core 0)
Feb 19 01:34:16.917510 np0000156434 devstack@neutron-api.service[68701]: DEBUG neutron_lib.callbacks.manager [None req-e13f3842-251b-4e44-8847-03de880745dd admin admin] Publish callbacks [] for router_gateway (9cd05476-6e08-489b-9816-6572033834e1), precommit_update {{(pid=68701) _notify_loop /opt/stack/data/venv/lib/python3.12/site-packages/neutron_lib/callbacks/manager.py:184}}
Feb 19 01:34:17.120513 np0000156434 devstack@neutron-api.service[68701]: DEBUG neutron_lib.callbacks.manager [None req-e13f3842-251b-4e44-8847-03de880745dd admin admin] Publish callbacks [] for router_gateway (9cd05476-6e08-489b-9816-6572033834e1), before_create {{(pid=68701) _notify_loop /opt/stack/data/venv/lib/python3.12/site-packages/neutron_lib/callbacks/manager.py:184}}
Feb 19 01:34:17.130400 np0000156434 devstack@neutron-api.service[68701]: DEBUG neutron_lib.callbacks.manager [None req-e13f3842-251b-4e44-8847-03de880745dd admin admin] Publish callbacks ['neutron.plugins.ml2.plugin.SecurityGroupDbMixin._ensure_default_security_group_handler-14604'] for port (None), before_create {{(pid=68701) _notify_loop /opt/stack/data/venv/lib/python3.12/site-packages/neutron_lib/callbacks/manager.py:184}}
Feb 19 01:34:17.392595 np0000156434 devstack@neutron-api.service[68701]: DEBUG neutron.db.db_base_plugin_common [None req-e13f3842-251b-4e44-8847-03de880745dd admin admin] Allocated IP 172.24.5.100 (96af125b-67a0-4b7f-a65b-e8fb49c7d641/cf28cbd3-2021-4c65-8976-d4c196c001b1/f37a5be2-1852-4e4f-a9bf-6bc3959c0d04) {{(pid=68701) _store_ip_allocation /opt/stack/neutron/neutron/db/db_base_plugin_common.py:131}}
Feb 19 01:34:17.455305 np0000156434 devstack@neutron-api.service[68701]: DEBUG neutron.db.db_base_plugin_common [None req-e13f3842-251b-4e44-8847-03de880745dd admin admin] Allocated IP 2001:db8::2f9 (96af125b-67a0-4b7f-a65b-e8fb49c7d641/c958f11d-00d4-401c-8bd2-f7b230912ea9/f37a5be2-1852-4e4f-a9bf-6bc3959c0d04) {{(pid=68701) _store_ip_allocation /opt/stack/neutron/neutron/db/db_base_plugin_common.py:131}}
Feb 19 01:34:17.694288 np0000156434 devstack@neutron-api.service[68701]: DEBUG neutron_lib.callbacks.manager [None req-e13f3842-251b-4e44-8847-03de880745dd admin admin] Publish callbacks [] for allowed_address_pair (f37a5be2-1852-4e4f-a9bf-6bc3959c0d04), before_create {{(pid=68701) _notify_loop /opt/stack/data/venv/lib/python3.12/site-packages/neutron_lib/callbacks/manager.py:184}}
Feb 19 01:34:17.694288 np0000156434 devstack@neutron-api.service[68701]: DEBUG neutron_lib.callbacks.manager [None req-e13f3842-251b-4e44-8847-03de880745dd admin admin] Publish callbacks [] for port (f37a5be2-1852-4e4f-a9bf-6bc3959c0d04), precommit_create {{(pid=68701) _notify_loop /opt/stack/data/venv/lib/python3.12/site-packages/neutron_lib/callbacks/manager.py:184}}
Feb 19 01:34:17.853736 np0000156434 devstack@neutron-api.service[68701]: DEBUG neutron_lib.callbacks.manager [None req-e13f3842-251b-4e44-8847-03de880745dd admin admin] Publish callbacks ['neutron.plugins.ml2.ovo_rpc._ObjectChangeHandler.handle_event-7782936', 'neutron.api.rpc.agentnotifiers.dhcp_rpc_agent_api.DhcpAgentNotifyAPI._native_event_send_dhcp_notification-7805266', 'neutron.plugins.ml2.plugin.SecurityGroupServerNotifierRpcMixin._notify_sg_on_port_change-179878', 'neutron.db.l3_dvrscheduler_db._notify_l3_agent_new_port-8520497848414'] for port (f37a5be2-1852-4e4f-a9bf-6bc3959c0d04), after_create {{(pid=68701) _notify_loop /opt/stack/data/venv/lib/python3.12/site-packages/neutron_lib/callbacks/manager.py:184}}
Feb 19 01:34:17.987040 np0000156434 devstack@neutron-api.service[68701]: DEBUG neutron.api.rpc.handlers.resources_rpc [None req-e13f3842-251b-4e44-8847-03de880745dd admin admin] Pushing event updated for resources: {'Port': ['ID=f37a5be2-1852-4e4f-a9bf-6bc3959c0d04,revision_number=1']} {{(pid=68701) push /opt/stack/neutron/neutron/api/rpc/handlers/resources_rpc.py:237}}
Feb 19 01:34:17.993604 np0000156434 devstack@neutron-api.service[68702]: DEBUG neutron.pecan_wsgi.hooks.policy_enforcement [req-add02e19-4aec-4db2-a65a-884214b4ce7c req-a38a2f32-9244-4421-806e-060c91d34cfe tempest-TestShareExtendNFS-1275074646 tempest-TestShareExtendNFS-1275074646-project-member] Attributes excluded by policy engine: ['standard_attr_id', 'binding:profile', 'binding:host_id', 'binding:vif_type', 'binding:vif_details'] {{(pid=68702) _exclude_attributes_by_policy /opt/stack/neutron/neutron/pecan_wsgi/hooks/policy_enforcement.py:258}}
Feb 19 01:34:17.996100 np0000156434 devstack@neutron-api.service[68702]: [pid: 68702|app: 0|req: 161/338] ::1 () {68 vars in 1550 bytes} [Thu Feb 19 01:34:17 2026] GET /networking/v2.0/ports?device_id=ec7fff7e-f90a-4ba9-bfd7-6340ee809497 => generated 743 bytes in 150 msecs (HTTP/1.1 200) 4 headers in 157 bytes (1 switches on core 0)
Feb 19 01:34:18.018486 np0000156434 devstack@neutron-api.service[68701]: DEBUG neutron.scheduler.dhcp_agent_scheduler [None req-e13f3842-251b-4e44-8847-03de880745dd admin admin] Network 96af125b-67a0-4b7f-a65b-e8fb49c7d641 is already hosted by enough agents. {{(pid=68701) _get_dhcp_agents_hosting_network /opt/stack/neutron/neutron/scheduler/dhcp_agent_scheduler.py:276}}
Feb 19 01:34:18.021600 np0000156434 devstack@neutron-api.service[68701]: DEBUG neutron.scheduler.base_scheduler [None req-e13f3842-251b-4e44-8847-03de880745dd admin admin] Resources bound (agent type, host, resource id): {{(pid=68701) schedule /opt/stack/neutron/neutron/scheduler/base_scheduler.py:57}}
Feb 19 01:34:18.025545 np0000156434 devstack@neutron-api.service[68701]: DEBUG neutron.db.l3_dvrscheduler_db [None req-e13f3842-251b-4e44-8847-03de880745dd admin admin] Received port after_create {{(pid=68701) _notify_l3_agent_new_port /opt/stack/neutron/neutron/db/l3_dvrscheduler_db.py:541}}
Feb 19 01:34:18.166031 np0000156434 devstack@neutron-api.service[68702]: DEBUG neutron.pecan_wsgi.hooks.policy_enforcement [req-daa9c282-8432-4612-869c-fb4a5dc8a681 req-31c7846c-ab1a-45c6-912c-3d4ba7a0d237 tempest-TestShareBasicOpsNFS-1079054425 tempest-TestShareBasicOpsNFS-1079054425-project-member] Attributes excluded by policy engine: ['standard_attr_id', 'binding:profile', 'binding:host_id', 'binding:vif_type', 'binding:vif_details'] {{(pid=68702) _exclude_attributes_by_policy /opt/stack/neutron/neutron/pecan_wsgi/hooks/policy_enforcement.py:258}}
Feb 19 01:34:18.166031 np0000156434 devstack@neutron-api.service[68702]: [pid: 68702|app: 0|req: 162/339] ::1 () {68 vars in 1550 bytes} [Thu Feb 19 01:34:18 2026] GET /networking/v2.0/ports?device_id=0ebe1c31-0638-4ee0-bc5b-c1a16c9d7111 => generated 743 bytes in 125 msecs (HTTP/1.1 200) 4 headers in 157 bytes (1 switches on core 0)
Feb 19 01:34:18.187900 np0000156434 devstack@neutron-api.service[68702]: DEBUG neutron.api.wsgi [req-add02e19-4aec-4db2-a65a-884214b4ce7c req-238014c7-1394-4884-b08d-409750509973 tempest-TestShareExtendNFS-1275074646 tempest-TestShareExtendNFS-1275074646-project-member] Missing Content-Type {{(pid=68702) get_content_type /opt/stack/neutron/neutron/api/wsgi.py:85}}
Feb 19 01:34:18.295316 np0000156434 devstack@neutron-api.service[68702]: [pid: 68702|app: 0|req: 163/340] ::1 () {68 vars in 1610 bytes} [Thu Feb 19 01:34:18 2026] GET /networking/v2.0/security-groups?id=b84d5bb9-3d5b-4984-88e7-409efcbc46dc&fields=id&fields=name => generated 114 bytes in 110 msecs (HTTP/1.1 200) 4 headers in 157 bytes (1 switches on core 0)
Feb 19 01:34:18.301533 np0000156434 devstack@neutron-api.service[68702]: DEBUG neutron.api.wsgi [req-daa9c282-8432-4612-869c-fb4a5dc8a681 req-28014c33-a8bf-4edd-8f85-13de999cc0d8 tempest-TestShareBasicOpsNFS-1079054425 tempest-TestShareBasicOpsNFS-1079054425-project-member] Missing Content-Type {{(pid=68702) get_content_type /opt/stack/neutron/neutron/api/wsgi.py:85}}
Feb 19 01:34:18.359630 np0000156434 devstack@neutron-api.service[68702]: [pid: 68702|app: 0|req: 164/341] ::1 () {68 vars in 1610 bytes} [Thu Feb 19 01:34:18 2026] GET /networking/v2.0/security-groups?id=f077a8bf-33aa-44ec-bf3d-f5b126220b02&fields=id&fields=name => generated 114 bytes in 64 msecs (HTTP/1.1 200) 4 headers in 157 bytes (1 switches on core 0)
Feb 19 01:34:18.416555 np0000156434 devstack@neutron-api.service[68701]: DEBUG neutron_lib.callbacks.manager [None req-e13f3842-251b-4e44-8847-03de880745dd admin admin] Publish callbacks [] for router_gateway (9cd05476-6e08-489b-9816-6572033834e1), after_create {{(pid=68701) _notify_loop /opt/stack/data/venv/lib/python3.12/site-packages/neutron_lib/callbacks/manager.py:184}}
Feb 19 01:34:18.850300 np0000156434 devstack@neutron-api.service[68701]: DEBUG neutron_lib.callbacks.manager [None req-e13f3842-251b-4e44-8847-03de880745dd admin admin] Publish callbacks ['neutron.services.l3_router.l3_router_plugin.L3_HA_NAT_db_mixin._after_router_create-8076472', 'neutron.services.l3_router.l3_router_plugin.DVRResourceOperationHandler._create_snat_interfaces_after_change-8080432'] for router (9cd05476-6e08-489b-9816-6572033834e1), after_create {{(pid=68701) _notify_loop /opt/stack/data/venv/lib/python3.12/site-packages/neutron_lib/callbacks/manager.py:184}}
Feb 19 01:34:19.273287 np0000156434 devstack@neutron-api.service[68701]: DEBUG neutron.scheduler.l3_agent_scheduler [None req-e13f3842-251b-4e44-8847-03de880745dd admin admin] Router 9cd05476-6e08-489b-9816-6572033834e1 is scheduled to L3 agent 2ded5c5a-024d-4cc9-b761-973cc55c700e with binding_index 1 {{(pid=68701) bind_router /opt/stack/neutron/neutron/scheduler/l3_agent_scheduler.py:206}}
Feb 19 01:34:19.654627 np0000156434 devstack@neutron-api.service[68701]: DEBUG neutron.api.rpc.agentnotifiers.l3_rpc_agent_api [None req-e13f3842-251b-4e44-8847-03de880745dd admin admin] Notify agent at l3_agent.np0000156434 the message routers_updated {{(pid=68701) _agent_notification /opt/stack/neutron/neutron/api/rpc/agentnotifiers/l3_rpc_agent_api.py:68}}
Feb 19 01:34:19.755668 np0000156434 devstack@neutron-api.service[68701]: DEBUG neutron_lib.callbacks.manager [None req-e13f3842-251b-4e44-8847-03de880745dd admin admin] Publish callbacks [] for router (None), before_response {{(pid=68701) _notify_loop /opt/stack/data/venv/lib/python3.12/site-packages/neutron_lib/callbacks/manager.py:184}}
Feb 19 01:34:19.766217 np0000156434 devstack@neutron-api.service[68701]: [pid: 68701|app: 0|req: 178/342] ::1 () {68 vars in 1236 bytes} [Thu Feb 19 01:34:16 2026] POST /networking/v2.0/routers => generated 807 bytes in 3089 msecs (HTTP/1.1 201) 4 headers in 162 bytes (1 switches on core 0)
Feb 19 01:34:20.144297 np0000156434 devstack@neutron-api.service[68701]: DEBUG neutron.pecan_wsgi.hooks.policy_enforcement [req-fa88f1fc-fd16-4fef-85b9-b2c1dfbab805 req-a437360a-3131-4cc3-ab62-ee8356723101 tempest-TestShareBasicOpsNFS-1079054425 tempest-TestShareBasicOpsNFS-1079054425-project-member] Attributes excluded by policy engine: ['standard_attr_id', 'binding:profile', 'binding:host_id', 'binding:vif_type', 'binding:vif_details'] {{(pid=68701) _exclude_attributes_by_policy /opt/stack/neutron/neutron/pecan_wsgi/hooks/policy_enforcement.py:258}}
Feb 19 01:34:20.147228 np0000156434 devstack@neutron-api.service[68701]: [pid: 68701|app: 0|req: 179/343] ::1 () {68 vars in 1550 bytes} [Thu Feb 19 01:34:19 2026] GET /networking/v2.0/ports?device_id=0ebe1c31-0638-4ee0-bc5b-c1a16c9d7111 => generated 743 bytes in 380 msecs (HTTP/1.1 200) 4 headers in 157 bytes (1 switches on core 0)
Feb 19 01:34:20.155151 np0000156434 devstack@neutron-api.service[68702]: DEBUG neutron.pecan_wsgi.hooks.policy_enforcement [req-727a6a11-6e49-4c83-9616-b491c21ff86d req-37916720-1c9c-4b5b-a5fb-c1d5cdaccfee tempest-TestShareExtendNFS-1275074646 tempest-TestShareExtendNFS-1275074646-project-member] Attributes excluded by policy engine: ['standard_attr_id', 'binding:profile', 'binding:host_id', 'binding:vif_type', 'binding:vif_details'] {{(pid=68702) _exclude_attributes_by_policy /opt/stack/neutron/neutron/pecan_wsgi/hooks/policy_enforcement.py:258}}
Feb 19 01:34:20.161142 np0000156434 devstack@neutron-api.service[68702]: [pid: 68702|app: 0|req: 165/344] ::1 () {68 vars in 1550 bytes} [Thu Feb 19 01:34:19 2026] GET /networking/v2.0/ports?device_id=ec7fff7e-f90a-4ba9-bfd7-6340ee809497 => generated 743 bytes in 417 msecs (HTTP/1.1 200) 4 headers in 157 bytes (1 switches on core 0)
Feb 19 01:34:20.251257 np0000156434 devstack@neutron-api.service[68702]: DEBUG neutron.api.wsgi [req-fa88f1fc-fd16-4fef-85b9-b2c1dfbab805 req-d0d49143-3a14-49d9-a014-f498c357d6a9 tempest-TestShareBasicOpsNFS-1079054425 tempest-TestShareBasicOpsNFS-1079054425-project-member] Missing Content-Type {{(pid=68702) get_content_type /opt/stack/neutron/neutron/api/wsgi.py:85}}
Feb 19 01:34:20.339393 np0000156434 devstack@neutron-api.service[68702]: [pid: 68702|app: 0|req: 166/345] ::1 () {68 vars in 1610 bytes} [Thu Feb 19 01:34:20 2026] GET /networking/v2.0/security-groups?id=f077a8bf-33aa-44ec-bf3d-f5b126220b02&fields=id&fields=name => generated 114 bytes in 93 msecs (HTTP/1.1 200) 4 headers in 157 bytes (1 switches on core 0)
Feb 19 01:34:20.351283 np0000156434 devstack@neutron-api.service[68702]: DEBUG neutron.api.wsgi [req-727a6a11-6e49-4c83-9616-b491c21ff86d req-51ae3c36-db9e-4184-af54-ce963504764f tempest-TestShareExtendNFS-1275074646 tempest-TestShareExtendNFS-1275074646-project-member] Missing Content-Type {{(pid=68702) get_content_type /opt/stack/neutron/neutron/api/wsgi.py:85}}
Feb 19 01:34:20.426128 np0000156434 devstack@neutron-api.service[68702]: [pid: 68702|app: 0|req: 167/346] ::1 () {68 vars in 1610 bytes} [Thu Feb 19 01:34:20 2026] GET /networking/v2.0/security-groups?id=b84d5bb9-3d5b-4984-88e7-409efcbc46dc&fields=id&fields=name => generated 114 bytes in 85 msecs (HTTP/1.1 200) 4 headers in 157 bytes (1 switches on core 0)
Feb 19 01:34:20.773027 np0000156434 devstack@neutron-api.service[68701]: DEBUG neutron_lib.callbacks.manager [None req-b04e118c-0eff-42be-8704-f62fadc041f3 admin admin] Publish callbacks ['neutron.plugins.ml2.plugin.SecurityGroupDbMixin._ensure_default_security_group_handler-14604'] for port (None), before_create {{(pid=68701) _notify_loop /opt/stack/data/venv/lib/python3.12/site-packages/neutron_lib/callbacks/manager.py:184}}
Feb 19 01:34:20.869983 np0000156434 devstack@neutron-api.service[68701]: DEBUG neutron.db.db_base_plugin_common [None req-b04e118c-0eff-42be-8704-f62fadc041f3 admin admin] Allocated IP 10.1.0.1 (8830b8a0-0a28-4410-b4d9-d4854e30294d/73a10cb9-3378-45d1-83cf-a57a9f135750/be981847-8906-40f0-bc0b-a6a39f5659c0) {{(pid=68701) _store_ip_allocation /opt/stack/neutron/neutron/db/db_base_plugin_common.py:131}}
Feb 19 01:34:21.064764 np0000156434 devstack@neutron-api.service[68701]: DEBUG neutron_lib.callbacks.manager [None req-b04e118c-0eff-42be-8704-f62fadc041f3 admin admin] Publish callbacks [] for allowed_address_pair (be981847-8906-40f0-bc0b-a6a39f5659c0), before_create {{(pid=68701) _notify_loop /opt/stack/data/venv/lib/python3.12/site-packages/neutron_lib/callbacks/manager.py:184}}
Feb 19 01:34:21.069962 np0000156434 devstack@neutron-api.service[68701]: DEBUG neutron_lib.callbacks.manager [None req-b04e118c-0eff-42be-8704-f62fadc041f3 admin admin] Publish callbacks [] for port (be981847-8906-40f0-bc0b-a6a39f5659c0), precommit_create {{(pid=68701) _notify_loop /opt/stack/data/venv/lib/python3.12/site-packages/neutron_lib/callbacks/manager.py:184}}
Feb 19 01:34:21.229685 np0000156434 devstack@neutron-api.service[68701]: DEBUG neutron_lib.callbacks.manager [None req-b04e118c-0eff-42be-8704-f62fadc041f3 admin admin] Publish callbacks ['neutron.plugins.ml2.ovo_rpc._ObjectChangeHandler.handle_event-7782936', 'neutron.api.rpc.agentnotifiers.dhcp_rpc_agent_api.DhcpAgentNotifyAPI._native_event_send_dhcp_notification-7805266', 'neutron.plugins.ml2.plugin.SecurityGroupServerNotifierRpcMixin._notify_sg_on_port_change-179878', 'neutron.db.l3_dvrscheduler_db._notify_l3_agent_new_port-8520497848414'] for port (be981847-8906-40f0-bc0b-a6a39f5659c0), after_create {{(pid=68701) _notify_loop /opt/stack/data/venv/lib/python3.12/site-packages/neutron_lib/callbacks/manager.py:184}}
Feb 19 01:34:21.323296 np0000156434 devstack@neutron-api.service[68701]: DEBUG neutron.api.rpc.handlers.resources_rpc [None req-b04e118c-0eff-42be-8704-f62fadc041f3 admin admin] Pushing event updated for resources: {'Port': ['ID=be981847-8906-40f0-bc0b-a6a39f5659c0,revision_number=1']} {{(pid=68701) push /opt/stack/neutron/neutron/api/rpc/handlers/resources_rpc.py:237}}
Feb 19 01:34:21.377334 np0000156434 devstack@neutron-api.service[68701]: DEBUG neutron.scheduler.dhcp_agent_scheduler [None req-b04e118c-0eff-42be-8704-f62fadc041f3 admin admin] Network 8830b8a0-0a28-4410-b4d9-d4854e30294d is already hosted by enough agents. {{(pid=68701) _get_dhcp_agents_hosting_network /opt/stack/neutron/neutron/scheduler/dhcp_agent_scheduler.py:276}}
Feb 19 01:34:21.383918 np0000156434 devstack@neutron-api.service[68701]: DEBUG neutron.scheduler.base_scheduler [None req-b04e118c-0eff-42be-8704-f62fadc041f3 admin admin] Resources bound (agent type, host, resource id): {{(pid=68701) schedule /opt/stack/neutron/neutron/scheduler/base_scheduler.py:57}}
Feb 19 01:34:21.392620 np0000156434 devstack@neutron-api.service[68701]: DEBUG neutron.db.l3_dvrscheduler_db [None req-b04e118c-0eff-42be-8704-f62fadc041f3 admin admin] Received port after_create {{(pid=68701) _notify_l3_agent_new_port /opt/stack/neutron/neutron/db/l3_dvrscheduler_db.py:541}}
Feb 19 01:34:21.393430 np0000156434 devstack@neutron-api.service[68701]: DEBUG neutron_lib.callbacks.manager [None req-b04e118c-0eff-42be-8704-f62fadc041f3 admin admin] Publish callbacks ['neutron.services.l3_router.l3_router_plugin.DVRResourceOperationHandler._add_csnat_on_interface_create-8080900'] for router_interface (9cd05476-6e08-489b-9816-6572033834e1), before_create {{(pid=68701) _notify_loop /opt/stack/data/venv/lib/python3.12/site-packages/neutron_lib/callbacks/manager.py:184}}
Feb 19 01:34:21.787646 np0000156434 devstack@neutron-api.service[68702]: DEBUG neutron.pecan_wsgi.hooks.policy_enforcement [req-0731d4fe-3e7f-4108-b17c-928e361c918d req-1a07baea-5032-4142-b53b-fd82f42f7c37 tempest-TestShareBasicOpsNFS-1079054425 tempest-TestShareBasicOpsNFS-1079054425-project-member] Attributes excluded by policy engine: ['standard_attr_id', 'binding:profile', 'binding:host_id', 'binding:vif_type', 'binding:vif_details'] {{(pid=68702) _exclude_attributes_by_policy /opt/stack/neutron/neutron/pecan_wsgi/hooks/policy_enforcement.py:258}}
Feb 19 01:34:21.790328 np0000156434 devstack@neutron-api.service[68702]: [pid: 68702|app: 0|req: 168/347] ::1 () {68 vars in 1550 bytes} [Thu Feb 19 01:34:21 2026] GET /networking/v2.0/ports?device_id=0ebe1c31-0638-4ee0-bc5b-c1a16c9d7111 => generated 743 bytes in 218 msecs (HTTP/1.1 200) 4 headers in 157 bytes (1 switches on core 0)
Feb 19 01:34:22.009464 np0000156434 devstack@neutron-api.service[68702]: DEBUG neutron.pecan_wsgi.hooks.policy_enforcement [req-798cba2b-dea2-4ed4-9986-640c628df48a req-6a2b9801-aa7d-4a71-9063-b20613f27029 tempest-TestShareExtendNFS-1275074646 tempest-TestShareExtendNFS-1275074646-project-member] Attributes excluded by policy engine: ['standard_attr_id', 'binding:profile', 'binding:host_id', 'binding:vif_type', 'binding:vif_details'] {{(pid=68702) _exclude_attributes_by_policy /opt/stack/neutron/neutron/pecan_wsgi/hooks/policy_enforcement.py:258}}
Feb 19 01:34:22.012159 np0000156434 devstack@neutron-api.service[68702]: [pid: 68702|app: 0|req: 169/348] ::1 () {68 vars in 1550 bytes} [Thu Feb 19 01:34:21 2026] GET /networking/v2.0/ports?device_id=ec7fff7e-f90a-4ba9-bfd7-6340ee809497 => generated 743 bytes in 126 msecs (HTTP/1.1 200) 4 headers in 157 bytes (1 switches on core 0)
Feb 19 01:34:22.027893 np0000156434 devstack@neutron-api.service[68702]: DEBUG neutron.api.wsgi [req-0731d4fe-3e7f-4108-b17c-928e361c918d req-94760af7-8bbc-4608-9506-fc707906a7b8 tempest-TestShareBasicOpsNFS-1079054425 tempest-TestShareBasicOpsNFS-1079054425-project-member] Missing Content-Type {{(pid=68702) get_content_type /opt/stack/neutron/neutron/api/wsgi.py:85}}
Feb 19 01:34:22.138902 np0000156434 devstack@neutron-api.service[68702]: [pid: 68702|app: 0|req: 170/349] ::1 () {68 vars in 1610 bytes} [Thu Feb 19 01:34:22 2026] GET /networking/v2.0/security-groups?id=f077a8bf-33aa-44ec-bf3d-f5b126220b02&fields=id&fields=name => generated 114 bytes in 126 msecs (HTTP/1.1 200) 4 headers in 157 bytes (1 switches on core 0)
Feb 19 01:34:22.244786 np0000156434 devstack@neutron-api.service[68702]: DEBUG neutron.api.wsgi [req-798cba2b-dea2-4ed4-9986-640c628df48a req-88e830fa-2efc-458e-b178-c2b8ee9e6049 tempest-TestShareExtendNFS-1275074646 tempest-TestShareExtendNFS-1275074646-project-member] Missing Content-Type {{(pid=68702) get_content_type /opt/stack/neutron/neutron/api/wsgi.py:85}}
Feb 19 01:34:22.335515 np0000156434 devstack@neutron-api.service[68702]: [pid: 68702|app: 0|req: 171/350] ::1 () {68 vars in 1610 bytes} [Thu Feb 19 01:34:22 2026] GET /networking/v2.0/security-groups?id=b84d5bb9-3d5b-4984-88e7-409efcbc46dc&fields=id&fields=name => generated 114 bytes in 108 msecs (HTTP/1.1 200) 4 headers in 157 bytes (1 switches on core 0)
Feb 19 01:34:22.729606 np0000156434 devstack@neutron-api.service[68701]: DEBUG neutron_lib.callbacks.manager [None req-b04e118c-0eff-42be-8704-f62fadc041f3 admin admin] Publish callbacks ['neutron.plugins.ml2.plugin.SecurityGroupDbMixin._ensure_default_security_group_handler-14604', 'neutron.db.l3_db.L3_NAT_dbonly_mixin._prevent_internal_ip_change_for_fip-8520498258424'] for port (be981847-8906-40f0-bc0b-a6a39f5659c0), before_update {{(pid=68701) _notify_loop /opt/stack/data/venv/lib/python3.12/site-packages/neutron_lib/callbacks/manager.py:184}}
Feb 19 01:34:23.015719 np0000156434 devstack@neutron-api.service[68702]: DEBUG neutron_lib.callbacks.manager [None req-3c23fb28-7546-4a91-ab45-84d874674c49 admin admin] Publish callbacks [] for security_group (None), before_create {{(pid=68702) _notify_loop /opt/stack/data/venv/lib/python3.12/site-packages/neutron_lib/callbacks/manager.py:184}}
Feb 19 01:34:23.334377 np0000156434 devstack@neutron-api.service[68701]: DEBUG neutron_lib.callbacks.manager [None req-b04e118c-0eff-42be-8704-f62fadc041f3 admin admin] Publish callbacks [] for port (be981847-8906-40f0-bc0b-a6a39f5659c0), precommit_update {{(pid=68701) _notify_loop /opt/stack/data/venv/lib/python3.12/site-packages/neutron_lib/callbacks/manager.py:184}}
Feb 19 01:34:23.393244 np0000156434 devstack@neutron-api.service[68702]: DEBUG neutron_lib.callbacks.manager [None req-3c23fb28-7546-4a91-ab45-84d874674c49 admin admin] Publish callbacks [] for security_group (0c641c72-2a0f-4f39-a0eb-e56caea93fbb), precommit_create {{(pid=68702) _notify_loop /opt/stack/data/venv/lib/python3.12/site-packages/neutron_lib/callbacks/manager.py:184}}
Feb 19 01:34:23.428306 np0000156434 devstack@neutron-api.service[68701]: DEBUG neutron_lib.callbacks.manager [None req-b04e118c-0eff-42be-8704-f62fadc041f3 admin admin] Publish callbacks ['neutron.plugins.ml2.ovo_rpc._ObjectChangeHandler.handle_event-7782936', 'neutron.api.rpc.agentnotifiers.dhcp_rpc_agent_api.DhcpAgentNotifyAPI._native_event_send_dhcp_notification-7805266', 'neutron.plugins.ml2.plugin.SecurityGroupServerNotifierRpcMixin._notify_sg_on_port_change-179878', 'neutron.db.l3_db.L3RpcNotifierMixin._notify_gateway_port_ip_changed-8520498263934', 'neutron.db.l3_dvrscheduler_db._notify_l3_agent_port_update-8520497848434', 'neutron.db.l3_hascheduler_db._notify_l3_agent_ha_port_update-8520497848504'] for port (be981847-8906-40f0-bc0b-a6a39f5659c0), after_update {{(pid=68701) _notify_loop /opt/stack/data/venv/lib/python3.12/site-packages/neutron_lib/callbacks/manager.py:184}}
Feb 19 01:34:23.436694 np0000156434 devstack@neutron-api.service[68702]: DEBUG neutron_lib.callbacks.manager [None req-3c23fb28-7546-4a91-ab45-84d874674c49 admin admin] Publish callbacks ['neutron.plugins.ml2.ovo_rpc._ObjectChangeHandler.handle_event-7773344'] for security_group (0c641c72-2a0f-4f39-a0eb-e56caea93fbb), after_create {{(pid=68702) _notify_loop /opt/stack/data/venv/lib/python3.12/site-packages/neutron_lib/callbacks/manager.py:184}}
Feb 19 01:34:23.589402 np0000156434 devstack@neutron-api.service[68702]: DEBUG neutron.api.rpc.handlers.resources_rpc [None req-3c23fb28-7546-4a91-ab45-84d874674c49 admin admin] Pushing event updated for resources: {'SecurityGroup': ['ID=0c641c72-2a0f-4f39-a0eb-e56caea93fbb,revision_number=1']} {{(pid=68702) push /opt/stack/neutron/neutron/api/rpc/handlers/resources_rpc.py:237}}
Feb 19 01:34:23.661570 np0000156434 devstack@neutron-api.service[68702]: [pid: 68702|app: 0|req: 172/351] ::1 () {66 vars in 1349 bytes} [Thu Feb 19 01:34:22 2026] GET /networking/v2.0/security-groups?tenant_id=a790d7789a444278b57f47167799b093&name=default => generated 2925 bytes in 1010 msecs (HTTP/1.1 200) 4 headers in 158 bytes (1 switches on core 0)
Feb 19 01:34:23.678190 np0000156434 devstack@neutron-api.service[68701]: DEBUG neutron.api.rpc.handlers.resources_rpc [None req-b04e118c-0eff-42be-8704-f62fadc041f3 admin admin] Pushing event updated for resources: {'Port': ['ID=be981847-8906-40f0-bc0b-a6a39f5659c0,revision_number=1']} {{(pid=68701) push /opt/stack/neutron/neutron/api/rpc/handlers/resources_rpc.py:237}}
Feb 19 01:34:23.693299 np0000156434 devstack@neutron-api.service[68701]: DEBUG neutron_lib.callbacks.manager [None req-b04e118c-0eff-42be-8704-f62fadc041f3 admin admin] Publish callbacks ['neutron.api.rpc.agentnotifiers.dhcp_rpc_agent_api.DhcpAgentNotifyAPI._after_router_interface_created-7805254', 'neutron.services.l3_router.l3_router_plugin.DVRResourceOperationHandler._update_snat_v6_addrs_after_intf_update-8080658'] for router_interface (9cd05476-6e08-489b-9816-6572033834e1), after_create {{(pid=68701) _notify_loop /opt/stack/data/venv/lib/python3.12/site-packages/neutron_lib/callbacks/manager.py:184}}
Feb 19 01:34:23.793337 np0000156434 devstack@neutron-api.service[68702]: DEBUG neutron.pecan_wsgi.hooks.policy_enforcement [req-c3af64ca-e996-48bb-8414-e300e258cec5 req-4cc578c3-87dc-410a-aa9c-5183f7b26373 tempest-TestShareBasicOpsNFS-1079054425 tempest-TestShareBasicOpsNFS-1079054425-project-member] Attributes excluded by policy engine: ['standard_attr_id', 'binding:profile', 'binding:host_id', 'binding:vif_type', 'binding:vif_details'] {{(pid=68702) _exclude_attributes_by_policy /opt/stack/neutron/neutron/pecan_wsgi/hooks/policy_enforcement.py:258}}
Feb 19 01:34:23.798708 np0000156434 devstack@neutron-api.service[68702]: [pid: 68702|app: 0|req: 173/352] ::1 () {68 vars in 1550 bytes} [Thu Feb 19 01:34:23 2026] GET /networking/v2.0/ports?device_id=0ebe1c31-0638-4ee0-bc5b-c1a16c9d7111 => generated 743 bytes in 137 msecs (HTTP/1.1 200) 4 headers in 157 bytes (1 switches on core 0)
Feb 19 01:34:23.918637 np0000156434 devstack@neutron-api.service[68701]: DEBUG neutron.scheduler.dhcp_agent_scheduler [None req-b04e118c-0eff-42be-8704-f62fadc041f3 admin admin] Network 8830b8a0-0a28-4410-b4d9-d4854e30294d is already hosted by enough agents. {{(pid=68701) _get_dhcp_agents_hosting_network /opt/stack/neutron/neutron/scheduler/dhcp_agent_scheduler.py:276}}
Feb 19 01:34:23.924866 np0000156434 devstack@neutron-api.service[68701]: DEBUG neutron.scheduler.base_scheduler [None req-b04e118c-0eff-42be-8704-f62fadc041f3 admin admin] Resources bound (agent type, host, resource id): {{(pid=68701) schedule /opt/stack/neutron/neutron/scheduler/base_scheduler.py:57}}
Feb 19 01:34:23.996385 np0000156434 devstack@neutron-api.service[68702]: DEBUG neutron_lib.callbacks.manager [None req-224b1e8b-6a69-4c03-ae1d-0f8f9248789e admin admin] Publish callbacks [] for security_group (0c641c72-2a0f-4f39-a0eb-e56caea93fbb), before_delete {{(pid=68702) _notify_loop /opt/stack/data/venv/lib/python3.12/site-packages/neutron_lib/callbacks/manager.py:184}}
Feb 19 01:34:24.170242 np0000156434 devstack@neutron-api.service[68702]: DEBUG neutron_lib.callbacks.manager [None req-224b1e8b-6a69-4c03-ae1d-0f8f9248789e admin admin] Publish callbacks [] for security_group (0c641c72-2a0f-4f39-a0eb-e56caea93fbb), precommit_delete {{(pid=68702) _notify_loop /opt/stack/data/venv/lib/python3.12/site-packages/neutron_lib/callbacks/manager.py:184}}
Feb 19 01:34:24.359439 np0000156434 devstack@neutron-api.service[68702]: DEBUG neutron_lib.callbacks.manager [None req-224b1e8b-6a69-4c03-ae1d-0f8f9248789e admin admin] Publish callbacks ['neutron.plugins.ml2.ovo_rpc._ObjectChangeHandler.handle_event-7773344'] for security_group (0c641c72-2a0f-4f39-a0eb-e56caea93fbb), after_delete {{(pid=68702) _notify_loop /opt/stack/data/venv/lib/python3.12/site-packages/neutron_lib/callbacks/manager.py:184}}
Feb 19 01:34:24.382509 np0000156434 devstack@neutron-api.service[68701]: DEBUG neutron.scheduler.l3_agent_scheduler [None req-b04e118c-0eff-42be-8704-f62fadc041f3 admin admin] Router 9cd05476-6e08-489b-9816-6572033834e1 has already been hosted by L3 agent 2ded5c5a-024d-4cc9-b761-973cc55c700e {{(pid=68701) _get_candidates /opt/stack/neutron/neutron/scheduler/l3_agent_scheduler.py:134}}
Feb 19 01:34:24.384575 np0000156434 devstack@neutron-api.service[68702]: DEBUG neutron.api.rpc.handlers.resources_rpc [None req-224b1e8b-6a69-4c03-ae1d-0f8f9248789e admin admin] Pushing event deleted for resources: {'SecurityGroup': ['ID=0c641c72-2a0f-4f39-a0eb-e56caea93fbb,revision_number=None']} {{(pid=68702) push /opt/stack/neutron/neutron/api/rpc/handlers/resources_rpc.py:237}}
Feb 19 01:34:24.406294 np0000156434 devstack@neutron-api.service[68702]: DEBUG neutron_lib.callbacks.manager [None req-224b1e8b-6a69-4c03-ae1d-0f8f9248789e admin admin] Publish callbacks [] for security_group (None), before_response {{(pid=68702) _notify_loop /opt/stack/data/venv/lib/python3.12/site-packages/neutron_lib/callbacks/manager.py:184}}
Feb 19 01:34:24.406294 np0000156434 devstack@neutron-api.service[68702]: [pid: 68702|app: 0|req: 174/353] ::1 () {66 vars in 1352 bytes} [Thu Feb 19 01:34:23 2026] DELETE /networking/v2.0/security-groups/0c641c72-2a0f-4f39-a0eb-e56caea93fbb => generated 0 bytes in 607 msecs (HTTP/1.1 204) 2 headers in 112 bytes (1 switches on core 0)
Feb 19 01:34:24.535966 np0000156434 devstack@neutron-api.service[68702]: DEBUG neutron.pecan_wsgi.hooks.policy_enforcement [req-cf706d71-92d7-4c64-a76c-93deea7ed05c req-45bed61f-243b-4ace-8317-4b405d144974 tempest-TestShareExtendNFS-1275074646 tempest-TestShareExtendNFS-1275074646-project-member] Attributes excluded by policy engine: ['standard_attr_id', 'binding:profile', 'binding:host_id', 'binding:vif_type', 'binding:vif_details'] {{(pid=68702) _exclude_attributes_by_policy /opt/stack/neutron/neutron/pecan_wsgi/hooks/policy_enforcement.py:258}}
Feb 19 01:34:24.535966 np0000156434 devstack@neutron-api.service[68702]: [pid: 68702|app: 0|req: 175/354] ::1 () {68 vars in 1550 bytes} [Thu Feb 19 01:34:24 2026] GET /networking/v2.0/ports?device_id=ec7fff7e-f90a-4ba9-bfd7-6340ee809497 => generated 743 bytes in 128 msecs (HTTP/1.1 200) 4 headers in 157 bytes (1 switches on core 0)
Feb 19 01:34:24.539378 np0000156434 devstack@neutron-api.service[68702]: DEBUG neutron.api.wsgi [req-c3af64ca-e996-48bb-8414-e300e258cec5 req-f7ed17ce-5c95-4ab9-98a2-59342adf9572 tempest-TestShareBasicOpsNFS-1079054425 tempest-TestShareBasicOpsNFS-1079054425-project-member] Missing Content-Type {{(pid=68702) get_content_type /opt/stack/neutron/neutron/api/wsgi.py:85}}
Feb 19 01:34:24.624321 np0000156434 devstack@neutron-api.service[68702]: [pid: 68702|app: 0|req: 176/355] ::1 () {68 vars in 1610 bytes} [Thu Feb 19 01:34:24 2026] GET /networking/v2.0/security-groups?id=f077a8bf-33aa-44ec-bf3d-f5b126220b02&fields=id&fields=name => generated 114 bytes in 90 msecs (HTTP/1.1 200) 4 headers in 157 bytes (1 switches on core 0)
Feb 19 01:34:24.906589 np0000156434 devstack@neutron-api.service[68702]: DEBUG neutron_lib.callbacks.manager [None req-92d563f3-a1b3-422d-820a-790c05c0f53b admin admin] Publish callbacks [] for security_group (None), before_create {{(pid=68702) _notify_loop /opt/stack/data/venv/lib/python3.12/site-packages/neutron_lib/callbacks/manager.py:184}}
Feb 19 01:34:24.936072 np0000156434 devstack@neutron-api.service[68701]: DEBUG neutron.api.rpc.agentnotifiers.l3_rpc_agent_api [None req-b04e118c-0eff-42be-8704-f62fadc041f3 admin admin] Notify agent at l3_agent.np0000156434 the message routers_updated {{(pid=68701) _agent_notification /opt/stack/neutron/neutron/api/rpc/agentnotifiers/l3_rpc_agent_api.py:68}}
Feb 19 01:34:24.950849 np0000156434 devstack@neutron-api.service[68701]: [pid: 68701|app: 0|req: 180/356] ::1 () {68 vars in 1408 bytes} [Thu Feb 19 01:34:20 2026] PUT /networking/v2.0/routers/9cd05476-6e08-489b-9816-6572033834e1/add_router_interface => generated 310 bytes in 4799 msecs (HTTP/1.1 200) 4 headers in 157 bytes (1 switches on core 0)
Feb 19 01:34:24.961383 np0000156434 devstack@neutron-api.service[68701]: DEBUG neutron.api.wsgi [req-cf706d71-92d7-4c64-a76c-93deea7ed05c req-18767b01-415e-41a8-8153-2225c247270e tempest-TestShareExtendNFS-1275074646 tempest-TestShareExtendNFS-1275074646-project-member] Missing Content-Type {{(pid=68701) get_content_type /opt/stack/neutron/neutron/api/wsgi.py:85}}
Feb 19 01:34:25.088905 np0000156434 devstack@neutron-api.service[68701]: [pid: 68701|app: 0|req: 181/357] ::1 () {68 vars in 1610 bytes} [Thu Feb 19 01:34:24 2026] GET /networking/v2.0/security-groups?id=b84d5bb9-3d5b-4984-88e7-409efcbc46dc&fields=id&fields=name => generated 114 bytes in 141 msecs (HTTP/1.1 200) 4 headers in 157 bytes (1 switches on core 0)
Feb 19 01:34:25.300355 np0000156434 devstack@neutron-api.service[68702]: DEBUG neutron_lib.callbacks.manager [None req-92d563f3-a1b3-422d-820a-790c05c0f53b admin admin] Publish callbacks [] for security_group (fc0041af-2920-442f-8b81-eb205f05f00d), precommit_create {{(pid=68702) _notify_loop /opt/stack/data/venv/lib/python3.12/site-packages/neutron_lib/callbacks/manager.py:184}}
Feb 19 01:34:25.309581 np0000156434 devstack@neutron-api.service[68702]: DEBUG neutron_lib.callbacks.manager [None req-92d563f3-a1b3-422d-820a-790c05c0f53b admin admin] Publish callbacks ['neutron.plugins.ml2.ovo_rpc._ObjectChangeHandler.handle_event-7773344'] for security_group (fc0041af-2920-442f-8b81-eb205f05f00d), after_create {{(pid=68702) _notify_loop /opt/stack/data/venv/lib/python3.12/site-packages/neutron_lib/callbacks/manager.py:184}}
Feb 19 01:34:25.418318 np0000156434 devstack@neutron-api.service[68702]: DEBUG neutron.api.rpc.handlers.resources_rpc [None req-92d563f3-a1b3-422d-820a-790c05c0f53b admin admin] Pushing event updated for resources: {'SecurityGroup': ['ID=fc0041af-2920-442f-8b81-eb205f05f00d,revision_number=1']} {{(pid=68702) push /opt/stack/neutron/neutron/api/rpc/handlers/resources_rpc.py:237}}
Feb 19 01:34:25.481585 np0000156434 devstack@neutron-api.service[68702]: [pid: 68702|app: 0|req: 177/358] ::1 () {66 vars in 1349 bytes} [Thu Feb 19 01:34:24 2026] GET /networking/v2.0/security-groups?tenant_id=c8e366e173cf46de8020bc58892130ae&name=default => generated 2925 bytes in 600 msecs (HTTP/1.1 200) 4 headers in 158 bytes (1 switches on core 0)
Feb 19 01:34:25.633070 np0000156434 devstack@neutron-api.service[68701]: DEBUG neutron_lib.callbacks.manager [None req-de0a874f-2e83-467f-91ad-a84095cde703 admin admin] Publish callbacks [] for security_group (fc0041af-2920-442f-8b81-eb205f05f00d), before_delete {{(pid=68701) _notify_loop /opt/stack/data/venv/lib/python3.12/site-packages/neutron_lib/callbacks/manager.py:184}}
Feb 19 01:34:25.711385 np0000156434 devstack@neutron-api.service[68701]: DEBUG neutron_lib.callbacks.manager [None req-de0a874f-2e83-467f-91ad-a84095cde703 admin admin] Publish callbacks [] for security_group (fc0041af-2920-442f-8b81-eb205f05f00d), precommit_delete {{(pid=68701) _notify_loop /opt/stack/data/venv/lib/python3.12/site-packages/neutron_lib/callbacks/manager.py:184}}
Feb 19 01:34:25.758071 np0000156434 devstack@neutron-api.service[68701]: DEBUG neutron_lib.callbacks.manager [None req-de0a874f-2e83-467f-91ad-a84095cde703 admin admin] Publish callbacks ['neutron.plugins.ml2.ovo_rpc._ObjectChangeHandler.handle_event-7782947'] for security_group (fc0041af-2920-442f-8b81-eb205f05f00d), after_delete {{(pid=68701) _notify_loop /opt/stack/data/venv/lib/python3.12/site-packages/neutron_lib/callbacks/manager.py:184}}
Feb 19 01:34:25.765844 np0000156434 devstack@neutron-api.service[68701]: DEBUG neutron.api.rpc.handlers.resources_rpc [None req-de0a874f-2e83-467f-91ad-a84095cde703 admin admin] Pushing event deleted for resources: {'SecurityGroup': ['ID=fc0041af-2920-442f-8b81-eb205f05f00d,revision_number=None']} {{(pid=68701) push /opt/stack/neutron/neutron/api/rpc/handlers/resources_rpc.py:237}}
Feb 19 01:34:25.776082 np0000156434 devstack@neutron-api.service[68701]: DEBUG neutron_lib.callbacks.manager [None req-de0a874f-2e83-467f-91ad-a84095cde703 admin admin] Publish callbacks [] for security_group (None), before_response {{(pid=68701) _notify_loop /opt/stack/data/venv/lib/python3.12/site-packages/neutron_lib/callbacks/manager.py:184}}
Feb 19 01:34:25.776082 np0000156434 devstack@neutron-api.service[68701]: [pid: 68701|app: 0|req: 182/359] ::1 () {66 vars in 1352 bytes} [Thu Feb 19 01:34:25 2026] DELETE /networking/v2.0/security-groups/fc0041af-2920-442f-8b81-eb205f05f00d => generated 0 bytes in 272 msecs (HTTP/1.1 204) 2 headers in 112 bytes (1 switches on core 0)
Feb 19 01:34:25.938372 np0000156434 devstack@neutron-api.service[68702]: DEBUG neutron.pecan_wsgi.hooks.policy_enforcement [req-65ac2a07-d092-48a8-a1b6-214da66d3cc3 req-414495c4-bfb8-48f6-b7d0-c8d7bc782369 tempest-TestShareBasicOpsNFS-1079054425 tempest-TestShareBasicOpsNFS-1079054425-project-member] Attributes excluded by policy engine: ['standard_attr_id', 'binding:profile', 'binding:host_id', 'binding:vif_type', 'binding:vif_details'] {{(pid=68702) _exclude_attributes_by_policy /opt/stack/neutron/neutron/pecan_wsgi/hooks/policy_enforcement.py:258}}
Feb 19 01:34:25.939308 np0000156434 devstack@neutron-api.service[68702]: [pid: 68702|app: 0|req: 178/360] ::1 () {68 vars in 1550 bytes} [Thu Feb 19 01:34:25 2026] GET /networking/v2.0/ports?device_id=0ebe1c31-0638-4ee0-bc5b-c1a16c9d7111 => generated 743 bytes in 102 msecs (HTTP/1.1 200) 4 headers in 157 bytes (1 switches on core 0)
Feb 19 01:34:26.090182 np0000156434 devstack@neutron-api.service[68701]: DEBUG neutron.api.wsgi [req-65ac2a07-d092-48a8-a1b6-214da66d3cc3 req-ce93da3a-9018-4f37-8597-e7a64e4ed2bc tempest-TestShareBasicOpsNFS-1079054425 tempest-TestShareBasicOpsNFS-1079054425-project-member] Missing Content-Type {{(pid=68701) get_content_type /opt/stack/neutron/neutron/api/wsgi.py:85}}
Feb 19 01:34:26.264193 np0000156434 devstack@neutron-api.service[68701]: [pid: 68701|app: 0|req: 183/361] ::1 () {68 vars in 1610 bytes} [Thu Feb 19 01:34:26 2026] GET /networking/v2.0/security-groups?id=f077a8bf-33aa-44ec-bf3d-f5b126220b02&fields=id&fields=name => generated 114 bytes in 185 msecs (HTTP/1.1 200) 4 headers in 157 bytes (1 switches on core 0)
Feb 19 01:34:26.326618 np0000156434 devstack@neutron-api.service[68702]: DEBUG neutron_lib.callbacks.manager [None req-4e06bf3d-c8a5-457b-b784-03bb9a76dc63 admin admin] Publish callbacks [] for security_group (None), before_create {{(pid=68702) _notify_loop /opt/stack/data/venv/lib/python3.12/site-packages/neutron_lib/callbacks/manager.py:184}}
Feb 19 01:34:26.584093 np0000156434 devstack@neutron-api.service[68701]: DEBUG neutron.api.v2.base [None req-0ca6edbf-d757-4a08-8881-7f56288c67cd admin admin] Request body: {'network': {'name': 'tempest-TestShareShrinkNFS-797990493-network', 'tenant_id': '1c61ffe8f6814ec49248255710925fe9'}} {{(pid=68701) prepare_request_body /opt/stack/neutron/neutron/api/v2/base.py:729}}
Feb 19 01:34:26.585493 np0000156434 devstack@neutron-api.service[68702]: DEBUG neutron_lib.callbacks.manager [None req-4e06bf3d-c8a5-457b-b784-03bb9a76dc63 admin admin] Publish callbacks [] for security_group (4205b789-769e-44a5-b84b-50d552afce9d), precommit_create {{(pid=68702) _notify_loop /opt/stack/data/venv/lib/python3.12/site-packages/neutron_lib/callbacks/manager.py:184}}
Feb 19 01:34:26.602123 np0000156434 devstack@neutron-api.service[68702]: DEBUG neutron_lib.callbacks.manager [None req-4e06bf3d-c8a5-457b-b784-03bb9a76dc63 admin admin] Publish callbacks ['neutron.plugins.ml2.ovo_rpc._ObjectChangeHandler.handle_event-7773344'] for security_group (4205b789-769e-44a5-b84b-50d552afce9d), after_create {{(pid=68702) _notify_loop /opt/stack/data/venv/lib/python3.12/site-packages/neutron_lib/callbacks/manager.py:184}}
Feb 19 01:34:26.663173 np0000156434 devstack@neutron-api.service[68701]: DEBUG neutron.pecan_wsgi.hooks.quota_enforcement [None req-0ca6edbf-d757-4a08-8881-7f56288c67cd admin admin] Made reservation on behalf of 1c61ffe8f6814ec49248255710925fe9 for: {'network': 1} {{(pid=68701) before /opt/stack/neutron/neutron/pecan_wsgi/hooks/quota_enforcement.py:66}}
Feb 19 01:34:26.676799 np0000156434 devstack@neutron-api.service[68702]: DEBUG neutron.api.rpc.handlers.resources_rpc [None req-4e06bf3d-c8a5-457b-b784-03bb9a76dc63 admin admin] Pushing event updated for resources: {'SecurityGroup': ['ID=4205b789-769e-44a5-b84b-50d552afce9d,revision_number=1']} {{(pid=68702) push /opt/stack/neutron/neutron/api/rpc/handlers/resources_rpc.py:237}}
