Feb 19 01:32:29.283198 np0000156434 devstack@m-api.service[83457]: [pid: 83457|app: 0|req: 10/16] ::1 () {70 vars in 1355 bytes} [Thu Feb 19 01:32:29 2026] POST /share/v2/2de232f4e5364a1e8da3d54c276a9dda/types => generated 869 bytes in 28 msecs (HTTP/1.1 200) 7 headers in 297 bytes (1 switches on core 0)
Feb 19 01:32:29.292909 np0000156434 devstack@m-api.service[83457]: INFO manila.api.openstack.wsgi [None req-768ea9c3-263c-4c57-8e74-9b9371e1a470 tempest-MigrationCancelNFSTest-120089555 tempest-MigrationCancelNFSTest-120089555-project-admin] POST https://[::1]/share/v2/19f1a8704c9f4165be87a66f776f4868/types
Feb 19 01:32:29.292909 np0000156434 devstack@m-api.service[83457]: DEBUG manila.api.openstack.wsgi [None req-768ea9c3-263c-4c57-8e74-9b9371e1a470 tempest-MigrationCancelNFSTest-120089555 tempest-MigrationCancelNFSTest-120089555-project-admin] Action: 'create', calling method: Controller.__getattribute__..version_select, body: {"share_type": {"name": "tempest-original_share_type_for_migration-1855560686", "extra_specs": {"driver_handles_share_servers": false, "storage_protocol": "NFS_CIFS", "snapshot_support": true, "create_share_from_snapshot_support": true}, "share_type_access:is_public": true}} {{(pid=83457) _process_stack /opt/stack/manila/manila/api/openstack/wsgi.py:796}}
Feb 19 01:32:29.317588 np0000156434 devstack@m-api.service[83457]: INFO manila.api.openstack.wsgi [None req-768ea9c3-263c-4c57-8e74-9b9371e1a470 tempest-MigrationCancelNFSTest-120089555 tempest-MigrationCancelNFSTest-120089555-project-admin] https://[::1]/share/v2/19f1a8704c9f4165be87a66f776f4868/types returned with HTTP 200
Feb 19 01:32:29.318310 np0000156434 devstack@m-api.service[83457]: [pid: 83457|app: 0|req: 11/17] ::1 () {70 vars in 1355 bytes} [Thu Feb 19 01:32:29 2026] POST /share/v2/19f1a8704c9f4165be87a66f776f4868/types => generated 869 bytes in 35 msecs (HTTP/1.1 200) 7 headers in 297 bytes (1 switches on core 0)
Feb 19 01:32:29.322784 np0000156434 devstack@m-api.service[83457]: INFO manila.api.openstack.wsgi [None req-337eb466-b1a6-4197-85b7-61d4cfa0a5f3 tempest-AdminActionsTest-693550729 tempest-AdminActionsTest-693550729-project-admin] POST https://[::1]/share/v2/c37046427a594e3cb0f2948ac2722af1/shares
Feb 19 01:32:29.324639 np0000156434 devstack@m-api.service[83457]: DEBUG manila.api.openstack.wsgi [None req-337eb466-b1a6-4197-85b7-61d4cfa0a5f3 tempest-AdminActionsTest-693550729 tempest-AdminActionsTest-693550729-project-admin] Action: 'create', calling method: Controller.__getattribute__..version_select, body: {"share": {"share_proto": "nfs", "description": "Tempest's share", "snapshot_id": null, "name": "tempest-tempest-created-share-1901896963", "size": 1, "metadata": {}, "is_public": false, "share_type": "953aec0b-b312-44fe-85aa-59b95bf4ab87"}} {{(pid=83457) _process_stack /opt/stack/manila/manila/api/openstack/wsgi.py:796}}
Feb 19 01:32:29.324639 np0000156434 devstack@m-api.service[83457]: INFO manila.api.v2.shares [None req-337eb466-b1a6-4197-85b7-61d4cfa0a5f3 tempest-AdminActionsTest-693550729 tempest-AdminActionsTest-693550729-project-admin] Create NFS share of 1 GB
Feb 19 01:32:29.340778 np0000156434 devstack@m-api.service[83458]: INFO manila.api.openstack.wsgi [None req-b6aa5a1a-fd6f-4f46-80af-18366bd2c9e6 tempest-MigrationOppositeDriverModesNFSTest-140542980 tempest-MigrationOppositeDriverModesNFSTest-140542980-project-admin] GET https://[::1]/share/v2/858c867615f94180bb400ef01ebdc6c5/scheduler-stats/pools/detail
Feb 19 01:32:29.341261 np0000156434 devstack@m-api.service[83458]: DEBUG manila.api.openstack.wsgi [None req-b6aa5a1a-fd6f-4f46-80af-18366bd2c9e6 tempest-MigrationOppositeDriverModesNFSTest-140542980 tempest-MigrationOppositeDriverModesNFSTest-140542980-project-admin] Empty body provided in request {{(pid=83458) get_body /opt/stack/manila/manila/api/openstack/wsgi.py:652}}
Feb 19 01:32:29.341706 np0000156434 devstack@m-api.service[83458]: DEBUG manila.api.openstack.wsgi [None req-b6aa5a1a-fd6f-4f46-80af-18366bd2c9e6 tempest-MigrationOppositeDriverModesNFSTest-140542980 tempest-MigrationOppositeDriverModesNFSTest-140542980-project-admin] Calling method 'Controller.__getattribute__..version_select' {{(pid=83458) _process_stack /opt/stack/manila/manila/api/openstack/wsgi.py:798}}
Feb 19 01:32:29.595873 np0000156434 devstack@m-api.service[83457]: DEBUG manila.quota [None req-337eb466-b1a6-4197-85b7-61d4cfa0a5f3 tempest-AdminActionsTest-693550729 tempest-AdminActionsTest-693550729-project-admin] Created reservations ['a6ac30fc-f80d-466b-9c44-3c83c09aaebd', 'dc2ed0cb-2767-4c17-a37c-5ce85cea61ad', '5f0a7748-a690-47c4-bb79-eb7d6df1e7c4', '8191ed57-aae9-488e-a80d-13cb5975623c'] {{(pid=83457) reserve /opt/stack/manila/manila/quota.py:1038}}
Feb 19 01:32:29.783820 np0000156434 devstack@m-api.service[83457]: DEBUG manila.quota [None req-337eb466-b1a6-4197-85b7-61d4cfa0a5f3 tempest-AdminActionsTest-693550729 tempest-AdminActionsTest-693550729-project-admin] Committed reservations ['a6ac30fc-f80d-466b-9c44-3c83c09aaebd', 'dc2ed0cb-2767-4c17-a37c-5ce85cea61ad', '5f0a7748-a690-47c4-bb79-eb7d6df1e7c4', '8191ed57-aae9-488e-a80d-13cb5975623c'] {{(pid=83457) commit /opt/stack/manila/manila/quota.py:1066}}
Feb 19 01:32:29.847243 np0000156434 devstack@m-api.service[83458]: INFO manila.api.openstack.wsgi [None req-b6aa5a1a-fd6f-4f46-80af-18366bd2c9e6 tempest-MigrationOppositeDriverModesNFSTest-140542980 tempest-MigrationOppositeDriverModesNFSTest-140542980-project-admin] https://[::1]/share/v2/858c867615f94180bb400ef01ebdc6c5/scheduler-stats/pools/detail returned with HTTP 200
Feb 19 01:32:29.853184 np0000156434 devstack@m-api.service[83458]: [pid: 83458|app: 0|req: 7/18] ::1 () {68 vars in 1402 bytes} [Thu Feb 19 01:32:29 2026] GET /share/v2/858c867615f94180bb400ef01ebdc6c5/scheduler-stats/pools/detail => generated 2170 bytes in 727 msecs (HTTP/1.1 200) 7 headers in 298 bytes (1 switches on core 0)
Feb 19 01:32:29.867718 np0000156434 devstack@m-api.service[83458]: INFO manila.api.openstack.wsgi [None req-bb829236-82f3-4176-b4cd-4e5e80543995 tempest-MigrationWithDifferentSnapshotSupportNFSTest-1334345901 tempest-MigrationWithDifferentSnapshotSupportNFSTest-1334345901-project-admin] POST https://[::1]/share/v2/eabc04fb85804ac0bddaae475798e1ef/types
Feb 19 01:32:29.868028 np0000156434 devstack@m-api.service[83458]: DEBUG manila.api.openstack.wsgi [None req-bb829236-82f3-4176-b4cd-4e5e80543995 tempest-MigrationWithDifferentSnapshotSupportNFSTest-1334345901 tempest-MigrationWithDifferentSnapshotSupportNFSTest-1334345901-project-admin] Action: 'create', calling method: Controller.__getattribute__..version_select, body: {"share_type": {"name": "tempest-new_share_type_for_migration-1492317422", "extra_specs": {"driver_handles_share_servers": false, "storage_protocol": "NFS_CIFS", "snapshot_support": true, "create_share_from_snapshot_support": true}, "share_type_access:is_public": true}} {{(pid=83458) _process_stack /opt/stack/manila/manila/api/openstack/wsgi.py:796}}
Feb 19 01:32:29.906800 np0000156434 devstack@m-api.service[83458]: INFO manila.api.openstack.wsgi [None req-bb829236-82f3-4176-b4cd-4e5e80543995 tempest-MigrationWithDifferentSnapshotSupportNFSTest-1334345901 tempest-MigrationWithDifferentSnapshotSupportNFSTest-1334345901-project-admin] https://[::1]/share/v2/eabc04fb85804ac0bddaae475798e1ef/types returned with HTTP 200
Feb 19 01:32:29.906800 np0000156434 devstack@m-api.service[83458]: [pid: 83458|app: 0|req: 8/19] ::1 () {70 vars in 1355 bytes} [Thu Feb 19 01:32:29 2026] POST /share/v2/eabc04fb85804ac0bddaae475798e1ef/types => generated 859 bytes in 53 msecs (HTTP/1.1 200) 7 headers in 297 bytes (1 switches on core 0)
Feb 19 01:32:29.913562 np0000156434 devstack@m-api.service[83458]: INFO manila.api.openstack.wsgi [None req-76092ea8-f6f4-4cac-b2d5-08b51397b381 tempest-MigrationWithShareShrinkingNFSTest-569701558 tempest-MigrationWithShareShrinkingNFSTest-569701558-project-admin] POST https://[::1]/share/v2/2de232f4e5364a1e8da3d54c276a9dda/types
Feb 19 01:32:29.913817 np0000156434 devstack@m-api.service[83458]: DEBUG manila.api.openstack.wsgi [None req-76092ea8-f6f4-4cac-b2d5-08b51397b381 tempest-MigrationWithShareShrinkingNFSTest-569701558 tempest-MigrationWithShareShrinkingNFSTest-569701558-project-admin] Action: 'create', calling method: Controller.__getattribute__..version_select, body: {"share_type": {"name": "tempest-new_share_type_for_migration-1595014405", "extra_specs": {"driver_handles_share_servers": false, "storage_protocol": "NFS_CIFS", "snapshot_support": true, "create_share_from_snapshot_support": true}, "share_type_access:is_public": true}} {{(pid=83458) _process_stack /opt/stack/manila/manila/api/openstack/wsgi.py:796}}
Feb 19 01:32:29.939985 np0000156434 devstack@m-api.service[83457]: INFO manila.api.openstack.wsgi [None req-337eb466-b1a6-4197-85b7-61d4cfa0a5f3 tempest-AdminActionsTest-693550729 tempest-AdminActionsTest-693550729-project-admin] https://[::1]/share/v2/c37046427a594e3cb0f2948ac2722af1/shares returned with HTTP 200
Feb 19 01:32:29.940683 np0000156434 devstack@m-api.service[83458]: INFO manila.api.openstack.wsgi [None req-76092ea8-f6f4-4cac-b2d5-08b51397b381 tempest-MigrationWithShareShrinkingNFSTest-569701558 tempest-MigrationWithShareShrinkingNFSTest-569701558-project-admin] https://[::1]/share/v2/2de232f4e5364a1e8da3d54c276a9dda/types returned with HTTP 200
Feb 19 01:32:29.941169 np0000156434 devstack@m-api.service[83458]: [pid: 83458|app: 0|req: 9/20] ::1 () {70 vars in 1355 bytes} [Thu Feb 19 01:32:29 2026] POST /share/v2/2de232f4e5364a1e8da3d54c276a9dda/types => generated 859 bytes in 34 msecs (HTTP/1.1 200) 7 headers in 297 bytes (1 switches on core 0)
Feb 19 01:32:29.943041 np0000156434 devstack@m-api.service[83457]: [pid: 83457|app: 0|req: 12/21] ::1 () {70 vars in 1358 bytes} [Thu Feb 19 01:32:29 2026] POST /share/v2/c37046427a594e3cb0f2948ac2722af1/shares => generated 1364 bytes in 624 msecs (HTTP/1.1 200) 7 headers in 298 bytes (1 switches on core 0)
Feb 19 01:32:29.956322 np0000156434 devstack@m-api.service[83458]: INFO manila.api.openstack.wsgi [None req-36272f33-7c73-4e03-b895-1c4bec263181 tempest-MigrationCancelNFSTest-120089555 tempest-MigrationCancelNFSTest-120089555-project-admin] POST https://[::1]/share/v2/19f1a8704c9f4165be87a66f776f4868/types
Feb 19 01:32:29.957907 np0000156434 devstack@m-api.service[83458]: DEBUG manila.api.openstack.wsgi [None req-36272f33-7c73-4e03-b895-1c4bec263181 tempest-MigrationCancelNFSTest-120089555 tempest-MigrationCancelNFSTest-120089555-project-admin] Action: 'create', calling method: Controller.__getattribute__..version_select, body: {"share_type": {"name": "tempest-new_share_type_for_migration-1720134396", "extra_specs": {"driver_handles_share_servers": false, "storage_protocol": "NFS_CIFS", "snapshot_support": true, "create_share_from_snapshot_support": true}, "share_type_access:is_public": true}} {{(pid=83458) _process_stack /opt/stack/manila/manila/api/openstack/wsgi.py:796}}
Feb 19 01:32:29.976097 np0000156434 devstack@m-api.service[83458]: INFO manila.api.openstack.wsgi [None req-36272f33-7c73-4e03-b895-1c4bec263181 tempest-MigrationCancelNFSTest-120089555 tempest-MigrationCancelNFSTest-120089555-project-admin] https://[::1]/share/v2/19f1a8704c9f4165be87a66f776f4868/types returned with HTTP 200
Feb 19 01:32:29.977121 np0000156434 devstack@m-api.service[83458]: [pid: 83458|app: 0|req: 10/22] ::1 () {70 vars in 1355 bytes} [Thu Feb 19 01:32:29 2026] POST /share/v2/19f1a8704c9f4165be87a66f776f4868/types => generated 859 bytes in 35 msecs (HTTP/1.1 200) 7 headers in 297 bytes (1 switches on core 0)
Feb 19 01:32:30.136971 np0000156434 devstack@m-api.service[83458]: INFO manila.api.openstack.wsgi [None req-51776e90-4ef4-4c57-8467-d1986044aac9 tempest-ShareUserRulesForCIFSTest-1447116553 tempest-ShareUserRulesForCIFSTest-1447116553-project-admin] POST https://[::1]/share/v2/0e65ac53300c4e3099980141e3be22f4/types
Feb 19 01:32:30.137339 np0000156434 devstack@m-api.service[83458]: DEBUG manila.api.openstack.wsgi [None req-51776e90-4ef4-4c57-8467-d1986044aac9 tempest-ShareUserRulesForCIFSTest-1447116553 tempest-ShareUserRulesForCIFSTest-1447116553-project-admin] Action: 'create', calling method: Controller.__getattribute__..version_select, body: {"share_type": {"name": "tempest-typeshare-type-1135215535", "extra_specs": {"driver_handles_share_servers": "False"}, "share_type_access:is_public": true}} {{(pid=83458) _process_stack /opt/stack/manila/manila/api/openstack/wsgi.py:796}}
Feb 19 01:32:30.145340 np0000156434 devstack@m-api.service[83457]: INFO manila.api.openstack.wsgi [None req-b752d242-7586-4a2d-ad31-2c5280f3c6a9 tempest-ShareTypesAdminNegativeTest-1415835022 tempest-ShareTypesAdminNegativeTest-1415835022-project-admin] POST https://[::1]/share/v2/e82778d36ddf439bb130316cebb88744/types
Feb 19 01:32:30.145881 np0000156434 devstack@m-api.service[83457]: DEBUG manila.api.openstack.wsgi [None req-b752d242-7586-4a2d-ad31-2c5280f3c6a9 tempest-ShareTypesAdminNegativeTest-1415835022 tempest-ShareTypesAdminNegativeTest-1415835022-project-admin] Action: 'create', calling method: Controller.__getattribute__..version_select, body: {"share_type": {"name": "tempest-share-type-1690016430", "extra_specs": {"driver_handles_share_servers": "False"}, "share_type_access:is_public": false}} {{(pid=83457) _process_stack /opt/stack/manila/manila/api/openstack/wsgi.py:796}}
Feb 19 01:32:30.159185 np0000156434 devstack@m-api.service[83458]: INFO manila.api.openstack.wsgi [None req-51776e90-4ef4-4c57-8467-d1986044aac9 tempest-ShareUserRulesForCIFSTest-1447116553 tempest-ShareUserRulesForCIFSTest-1447116553-project-admin] https://[::1]/share/v2/0e65ac53300c4e3099980141e3be22f4/types returned with HTTP 200
Feb 19 01:32:30.160478 np0000156434 devstack@m-api.service[83458]: [pid: 83458|app: 0|req: 11/23] ::1 () {70 vars in 1355 bytes} [Thu Feb 19 01:32:29 2026] POST /share/v2/0e65ac53300c4e3099980141e3be22f4/types => generated 623 bytes in 182 msecs (HTTP/1.1 200) 7 headers in 297 bytes (1 switches on core 0)
Feb 19 01:32:30.167558 np0000156434 devstack@m-api.service[83457]: INFO manila.api.openstack.wsgi [None req-b752d242-7586-4a2d-ad31-2c5280f3c6a9 tempest-ShareTypesAdminNegativeTest-1415835022 tempest-ShareTypesAdminNegativeTest-1415835022-project-admin] https://[::1]/share/v2/e82778d36ddf439bb130316cebb88744/types returned with HTTP 200
Feb 19 01:32:30.167620 np0000156434 devstack@m-api.service[83458]: INFO manila.api.openstack.wsgi [None req-171621a8-5df8-4eec-b7d4-a2afa8f9cf4d tempest-MigrationOppositeDriverModesNFSTest-140542980 tempest-MigrationOppositeDriverModesNFSTest-140542980-project-admin] POST https://[::1]/share/v2/858c867615f94180bb400ef01ebdc6c5/types
Feb 19 01:32:30.167662 np0000156434 devstack@m-api.service[83457]: [pid: 83457|app: 0|req: 13/24] ::1 () {70 vars in 1355 bytes} [Thu Feb 19 01:32:29 2026] POST /share/v2/e82778d36ddf439bb130316cebb88744/types => generated 617 bytes in 222 msecs (HTTP/1.1 200) 7 headers in 297 bytes (1 switches on core 0)
Feb 19 01:32:30.169992 np0000156434 devstack@m-api.service[83458]: DEBUG manila.api.openstack.wsgi [None req-171621a8-5df8-4eec-b7d4-a2afa8f9cf4d tempest-MigrationOppositeDriverModesNFSTest-140542980 tempest-MigrationOppositeDriverModesNFSTest-140542980-project-admin] Action: 'create', calling method: Controller.__getattribute__..version_select, body: {"share_type": {"name": "tempest-original_share_type_for_migration-1115973030", "extra_specs": {"driver_handles_share_servers": false, "storage_protocol": "NFS_CIFS", "snapshot_support": true, "create_share_from_snapshot_support": true}, "share_type_access:is_public": true}} {{(pid=83458) _process_stack /opt/stack/manila/manila/api/openstack/wsgi.py:796}}
Feb 19 01:32:30.198584 np0000156434 devstack@m-api.service[83458]: INFO manila.api.openstack.wsgi [None req-171621a8-5df8-4eec-b7d4-a2afa8f9cf4d tempest-MigrationOppositeDriverModesNFSTest-140542980 tempest-MigrationOppositeDriverModesNFSTest-140542980-project-admin] https://[::1]/share/v2/858c867615f94180bb400ef01ebdc6c5/types returned with HTTP 200
Feb 19 01:32:30.198640 np0000156434 devstack@m-api.service[83458]: [pid: 83458|app: 0|req: 12/25] ::1 () {70 vars in 1355 bytes} [Thu Feb 19 01:32:30 2026] POST /share/v2/858c867615f94180bb400ef01ebdc6c5/types => generated 869 bytes in 38 msecs (HTTP/1.1 200) 7 headers in 297 bytes (1 switches on core 0)
Feb 19 01:32:30.205046 np0000156434 devstack@m-api.service[83458]: INFO manila.api.openstack.wsgi [None req-4388031d-2031-4a5d-857f-8bc81ea217cc tempest-MigrationWithDifferentSnapshotSupportNFSTest-1334345901 tempest-MigrationWithDifferentSnapshotSupportNFSTest-1334345901-project-admin] POST https://[::1]/share/v2/eabc04fb85804ac0bddaae475798e1ef/types
Feb 19 01:32:30.205046 np0000156434 devstack@m-api.service[83458]: DEBUG manila.api.openstack.wsgi [None req-4388031d-2031-4a5d-857f-8bc81ea217cc tempest-MigrationWithDifferentSnapshotSupportNFSTest-1334345901 tempest-MigrationWithDifferentSnapshotSupportNFSTest-1334345901-project-admin] Action: 'create', calling method: Controller.__getattribute__..version_select, body: {"share_type": {"name": "tempest-new_share_type_for_migration_opposite-1807358085", "extra_specs": {"driver_handles_share_servers": true, "storage_protocol": "NFS_CIFS", "snapshot_support": true}, "share_type_access:is_public": true}} {{(pid=83458) _process_stack /opt/stack/manila/manila/api/openstack/wsgi.py:796}}
Feb 19 01:32:30.235349 np0000156434 devstack@m-api.service[83458]: INFO manila.api.openstack.wsgi [None req-4388031d-2031-4a5d-857f-8bc81ea217cc tempest-MigrationWithDifferentSnapshotSupportNFSTest-1334345901 tempest-MigrationWithDifferentSnapshotSupportNFSTest-1334345901-project-admin] https://[::1]/share/v2/eabc04fb85804ac0bddaae475798e1ef/types returned with HTTP 200
Feb 19 01:32:30.235349 np0000156434 devstack@m-api.service[83458]: [pid: 83458|app: 0|req: 13/26] ::1 () {70 vars in 1355 bytes} [Thu Feb 19 01:32:30 2026] POST /share/v2/eabc04fb85804ac0bddaae475798e1ef/types => generated 781 bytes in 36 msecs (HTTP/1.1 200) 7 headers in 297 bytes (1 switches on core 0)
Feb 19 01:32:30.251297 np0000156434 devstack@m-api.service[83458]: INFO manila.api.openstack.wsgi [None req-4dd7278b-cb7e-4ca8-a8a6-cd63a6737837 tempest-MigrationWithShareShrinkingNFSTest-569701558 tempest-MigrationWithShareShrinkingNFSTest-569701558-project-admin] POST https://[::1]/share/v2/2de232f4e5364a1e8da3d54c276a9dda/types
Feb 19 01:32:30.251297 np0000156434 devstack@m-api.service[83458]: DEBUG manila.api.openstack.wsgi [None req-4dd7278b-cb7e-4ca8-a8a6-cd63a6737837 tempest-MigrationWithShareShrinkingNFSTest-569701558 tempest-MigrationWithShareShrinkingNFSTest-569701558-project-admin] Action: 'create', calling method: Controller.__getattribute__..version_select, body: {"share_type": {"name": "tempest-new_share_type_for_migration_opposite-978079908", "extra_specs": {"driver_handles_share_servers": true, "storage_protocol": "NFS_CIFS", "snapshot_support": true}, "share_type_access:is_public": true}} {{(pid=83458) _process_stack /opt/stack/manila/manila/api/openstack/wsgi.py:796}}
Feb 19 01:32:30.288767 np0000156434 devstack@m-api.service[83458]: INFO manila.api.openstack.wsgi [None req-4dd7278b-cb7e-4ca8-a8a6-cd63a6737837 tempest-MigrationWithShareShrinkingNFSTest-569701558 tempest-MigrationWithShareShrinkingNFSTest-569701558-project-admin] https://[::1]/share/v2/2de232f4e5364a1e8da3d54c276a9dda/types returned with HTTP 200
Feb 19 01:32:30.288767 np0000156434 devstack@m-api.service[83458]: [pid: 83458|app: 0|req: 14/27] ::1 () {70 vars in 1355 bytes} [Thu Feb 19 01:32:30 2026] POST /share/v2/2de232f4e5364a1e8da3d54c276a9dda/types => generated 779 bytes in 53 msecs (HTTP/1.1 200) 7 headers in 297 bytes (1 switches on core 0)
Feb 19 01:32:30.299169 np0000156434 devstack@m-api.service[83458]: INFO manila.api.openstack.wsgi [None req-33205d05-58c0-4f9a-960a-7f799285357a tempest-AdminActionsTest-693550729 tempest-AdminActionsTest-693550729-project-admin] GET https://[::1]/share/v2/c37046427a594e3cb0f2948ac2722af1/shares/f84406a5-d107-4eec-b080-54bd2173da46
Feb 19 01:32:30.304094 np0000156434 devstack@m-api.service[83458]: DEBUG manila.api.openstack.wsgi [None req-33205d05-58c0-4f9a-960a-7f799285357a tempest-AdminActionsTest-693550729 tempest-AdminActionsTest-693550729-project-admin] Empty body provided in request {{(pid=83458) get_body /opt/stack/manila/manila/api/openstack/wsgi.py:652}}
Feb 19 01:32:30.304094 np0000156434 devstack@m-api.service[83458]: DEBUG manila.api.openstack.wsgi [None req-33205d05-58c0-4f9a-960a-7f799285357a tempest-AdminActionsTest-693550729 tempest-AdminActionsTest-693550729-project-admin] Calling method 'ShareMixin.show' {{(pid=83458) _process_stack /opt/stack/manila/manila/api/openstack/wsgi.py:798}}
Feb 19 01:32:30.372847 np0000156434 devstack@m-api.service[83457]: INFO manila.api.openstack.wsgi [None req-44a3d181-3590-48cb-8d34-7eb7c27778ef tempest-ShareSnapshotIpRulesForNFSTest-1224892562 tempest-ShareSnapshotIpRulesForNFSTest-1224892562-project-admin] POST https://[::1]/share/v2/a790d7789a444278b57f47167799b093/types
Feb 19 01:32:30.373312 np0000156434 devstack@m-api.service[83457]: DEBUG manila.api.openstack.wsgi [None req-44a3d181-3590-48cb-8d34-7eb7c27778ef tempest-ShareSnapshotIpRulesForNFSTest-1224892562 tempest-ShareSnapshotIpRulesForNFSTest-1224892562-project-admin] Action: 'create', calling method: Controller.__getattribute__..version_select, body: {"share_type": {"name": "tempest-typeshare-type-1842807423", "extra_specs": {"driver_handles_share_servers": "False", "snapshot_support": true, "mount_snapshot_support": true}, "share_type_access:is_public": true}} {{(pid=83457) _process_stack /opt/stack/manila/manila/api/openstack/wsgi.py:796}}
Feb 19 01:32:30.392460 np0000156434 devstack@m-api.service[83457]: INFO manila.api.openstack.wsgi [None req-44a3d181-3590-48cb-8d34-7eb7c27778ef tempest-ShareSnapshotIpRulesForNFSTest-1224892562 tempest-ShareSnapshotIpRulesForNFSTest-1224892562-project-admin] https://[::1]/share/v2/a790d7789a444278b57f47167799b093/types returned with HTTP 200
Feb 19 01:32:30.393224 np0000156434 devstack@m-api.service[83458]: INFO manila.api.openstack.wsgi [None req-33205d05-58c0-4f9a-960a-7f799285357a tempest-AdminActionsTest-693550729 tempest-AdminActionsTest-693550729-project-admin] https://[::1]/share/v2/c37046427a594e3cb0f2948ac2722af1/shares/f84406a5-d107-4eec-b080-54bd2173da46 returned with HTTP 200
Feb 19 01:32:30.393758 np0000156434 devstack@m-api.service[83457]: [pid: 83457|app: 0|req: 14/28] ::1 () {70 vars in 1355 bytes} [Thu Feb 19 01:32:30 2026] POST /share/v2/a790d7789a444278b57f47167799b093/types => generated 747 bytes in 226 msecs (HTTP/1.1 200) 7 headers in 297 bytes (1 switches on core 0)
Feb 19 01:32:30.394654 np0000156434 devstack@m-api.service[83458]: [pid: 83458|app: 0|req: 15/29] ::1 () {68 vars in 1447 bytes} [Thu Feb 19 01:32:30 2026] GET /share/v2/c37046427a594e3cb0f2948ac2722af1/shares/f84406a5-d107-4eec-b080-54bd2173da46 => generated 1410 bytes in 106 msecs (HTTP/1.1 200) 7 headers in 298 bytes (1 switches on core 0)
Feb 19 01:32:30.403090 np0000156434 devstack@m-api.service[83457]: INFO manila.api.openstack.wsgi [None req-c3d92e27-effe-4ff0-ac1a-a57fc0399c14 tempest-MigrationCancelNFSTest-120089555 tempest-MigrationCancelNFSTest-120089555-project-admin] POST https://[::1]/share/v2/19f1a8704c9f4165be87a66f776f4868/types
Feb 19 01:32:30.405376 np0000156434 devstack@m-api.service[83457]: DEBUG manila.api.openstack.wsgi [None req-c3d92e27-effe-4ff0-ac1a-a57fc0399c14 tempest-MigrationCancelNFSTest-120089555 tempest-MigrationCancelNFSTest-120089555-project-admin] Action: 'create', calling method: Controller.__getattribute__..version_select, body: {"share_type": {"name": "tempest-new_share_type_for_migration_opposite-993580116", "extra_specs": {"driver_handles_share_servers": true, "storage_protocol": "NFS_CIFS", "snapshot_support": true}, "share_type_access:is_public": true}} {{(pid=83457) _process_stack /opt/stack/manila/manila/api/openstack/wsgi.py:796}}
Feb 19 01:32:30.405476 np0000156434 devstack@m-api.service[83458]: INFO manila.api.openstack.wsgi [None req-ad741c21-4d02-4c42-8b19-4fa4d9b64d99 tempest-ShareTypesAdminNegativeTest-1415835022 tempest-ShareTypesAdminNegativeTest-1415835022-project-admin] GET https://[::1]/share/v2/e82778d36ddf439bb130316cebb88744/types
Feb 19 01:32:30.405550 np0000156434 devstack@m-api.service[83458]: DEBUG manila.api.openstack.wsgi [None req-ad741c21-4d02-4c42-8b19-4fa4d9b64d99 tempest-ShareTypesAdminNegativeTest-1415835022 tempest-ShareTypesAdminNegativeTest-1415835022-project-admin] Empty body provided in request {{(pid=83458) get_body /opt/stack/manila/manila/api/openstack/wsgi.py:652}}
Feb 19 01:32:30.405708 np0000156434 devstack@m-api.service[83458]: DEBUG manila.api.openstack.wsgi [None req-ad741c21-4d02-4c42-8b19-4fa4d9b64d99 tempest-ShareTypesAdminNegativeTest-1415835022 tempest-ShareTypesAdminNegativeTest-1415835022-project-admin] Calling method 'ShareTypesController.index' {{(pid=83458) _process_stack /opt/stack/manila/manila/api/openstack/wsgi.py:798}}
Feb 19 01:32:30.421791 np0000156434 devstack@m-api.service[83457]: INFO manila.api.openstack.wsgi [None req-c3d92e27-effe-4ff0-ac1a-a57fc0399c14 tempest-MigrationCancelNFSTest-120089555 tempest-MigrationCancelNFSTest-120089555-project-admin] https://[::1]/share/v2/19f1a8704c9f4165be87a66f776f4868/types returned with HTTP 200
Feb 19 01:32:30.422396 np0000156434 devstack@m-api.service[83457]: [pid: 83457|app: 0|req: 15/30] ::1 () {70 vars in 1355 bytes} [Thu Feb 19 01:32:30 2026] POST /share/v2/19f1a8704c9f4165be87a66f776f4868/types => generated 779 bytes in 28 msecs (HTTP/1.1 200) 7 headers in 297 bytes (1 switches on core 0)
Feb 19 01:32:30.436999 np0000156434 devstack@m-api.service[83458]: INFO manila.api.openstack.wsgi [None req-ad741c21-4d02-4c42-8b19-4fa4d9b64d99 tempest-ShareTypesAdminNegativeTest-1415835022 tempest-ShareTypesAdminNegativeTest-1415835022-project-admin] https://[::1]/share/v2/e82778d36ddf439bb130316cebb88744/types returned with HTTP 200
Feb 19 01:32:30.437671 np0000156434 devstack@m-api.service[83458]: [pid: 83458|app: 0|req: 16/31] ::1 () {68 vars in 1333 bytes} [Thu Feb 19 01:32:30 2026] GET /share/v2/e82778d36ddf439bb130316cebb88744/types => generated 12641 bytes in 42 msecs (HTTP/1.1 200) 7 headers in 299 bytes (1 switches on core 0)
Feb 19 01:32:30.442533 np0000156434 devstack@m-api.service[83458]: INFO manila.api.openstack.wsgi [None req-b5f448ee-a455-4d9e-bd0a-96844e824130 tempest-MigrationOppositeDriverModesNFSTest-140542980 tempest-MigrationOppositeDriverModesNFSTest-140542980-project-admin] POST https://[::1]/share/v2/858c867615f94180bb400ef01ebdc6c5/types
Feb 19 01:32:30.443678 np0000156434 devstack@m-api.service[83458]: DEBUG manila.api.openstack.wsgi [None req-b5f448ee-a455-4d9e-bd0a-96844e824130 tempest-MigrationOppositeDriverModesNFSTest-140542980 tempest-MigrationOppositeDriverModesNFSTest-140542980-project-admin] Action: 'create', calling method: Controller.__getattribute__..version_select, body: {"share_type": {"name": "tempest-new_share_type_for_migration-388591892", "extra_specs": {"driver_handles_share_servers": false, "storage_protocol": "NFS_CIFS", "snapshot_support": true, "create_share_from_snapshot_support": true}, "share_type_access:is_public": true}} {{(pid=83458) _process_stack /opt/stack/manila/manila/api/openstack/wsgi.py:796}}
Feb 19 01:32:30.456324 np0000156434 devstack@m-api.service[83458]: INFO manila.api.openstack.wsgi [None req-b5f448ee-a455-4d9e-bd0a-96844e824130 tempest-MigrationOppositeDriverModesNFSTest-140542980 tempest-MigrationOppositeDriverModesNFSTest-140542980-project-admin] https://[::1]/share/v2/858c867615f94180bb400ef01ebdc6c5/types returned with HTTP 200
Feb 19 01:32:30.456658 np0000156434 devstack@m-api.service[83458]: [pid: 83458|app: 0|req: 17/32] ::1 () {70 vars in 1355 bytes} [Thu Feb 19 01:32:30 2026] POST /share/v2/858c867615f94180bb400ef01ebdc6c5/types => generated 857 bytes in 18 msecs (HTTP/1.1 200) 7 headers in 297 bytes (1 switches on core 0)
Feb 19 01:32:30.462200 np0000156434 devstack@m-api.service[83458]: INFO manila.api.openstack.wsgi [None req-880cc3ed-bc4c-43cb-872e-73fe79c7742f tempest-MigrationWithDifferentSnapshotSupportNFSTest-1334345901 tempest-MigrationWithDifferentSnapshotSupportNFSTest-1334345901-project-admin] POST https://[::1]/share/v2/eabc04fb85804ac0bddaae475798e1ef/types
Feb 19 01:32:30.463453 np0000156434 devstack@m-api.service[83458]: DEBUG manila.api.openstack.wsgi [None req-880cc3ed-bc4c-43cb-872e-73fe79c7742f tempest-MigrationWithDifferentSnapshotSupportNFSTest-1334345901 tempest-MigrationWithDifferentSnapshotSupportNFSTest-1334345901-project-admin] Action: 'create', calling method: Controller.__getattribute__..version_select, body: {"share_type": {"name": "tempest-snapshot_capable_share_type_for_migration-488284187", "extra_specs": {"driver_handles_share_servers": "False", "snapshot_support": true, "create_share_from_snapshot_support": true}, "share_type_access:is_public": true}} {{(pid=83458) _process_stack /opt/stack/manila/manila/api/openstack/wsgi.py:796}}
Feb 19 01:32:30.477722 np0000156434 devstack@m-api.service[83458]: INFO manila.api.openstack.wsgi [None req-880cc3ed-bc4c-43cb-872e-73fe79c7742f tempest-MigrationWithDifferentSnapshotSupportNFSTest-1334345901 tempest-MigrationWithDifferentSnapshotSupportNFSTest-1334345901-project-admin] https://[::1]/share/v2/eabc04fb85804ac0bddaae475798e1ef/types returned with HTTP 200
Feb 19 01:32:30.477722 np0000156434 devstack@m-api.service[83458]: [pid: 83458|app: 0|req: 18/33] ::1 () {70 vars in 1355 bytes} [Thu Feb 19 01:32:30 2026] POST /share/v2/eabc04fb85804ac0bddaae475798e1ef/types => generated 823 bytes in 20 msecs (HTTP/1.1 200) 7 headers in 297 bytes (1 switches on core 0)
Feb 19 01:32:30.480379 np0000156434 devstack@m-api.service[83458]: INFO manila.api.openstack.wsgi [None req-699beab2-d1ce-4188-9883-055fe5ce5caa tempest-MigrationWithShareShrinkingNFSTest-569701558 tempest-MigrationWithShareShrinkingNFSTest-569701558-project-admin] GET https://[::1]/share/v2/2de232f4e5364a1e8da3d54c276a9dda/shares?share_type_id=a0bc96ac-15cf-4fdf-8e03-d44ac8776a5d
Feb 19 01:32:30.480379 np0000156434 devstack@m-api.service[83458]: DEBUG manila.api.openstack.wsgi [None req-699beab2-d1ce-4188-9883-055fe5ce5caa tempest-MigrationWithShareShrinkingNFSTest-569701558 tempest-MigrationWithShareShrinkingNFSTest-569701558-project-admin] Empty body provided in request {{(pid=83458) get_body /opt/stack/manila/manila/api/openstack/wsgi.py:652}}
Feb 19 01:32:30.480610 np0000156434 devstack@m-api.service[83458]: DEBUG manila.api.openstack.wsgi [None req-699beab2-d1ce-4188-9883-055fe5ce5caa tempest-MigrationWithShareShrinkingNFSTest-569701558 tempest-MigrationWithShareShrinkingNFSTest-569701558-project-admin] Calling method 'Controller.__getattribute__..version_select' {{(pid=83458) _process_stack /opt/stack/manila/manila/api/openstack/wsgi.py:798}}
Feb 19 01:32:30.481434 np0000156434 devstack@m-api.service[83458]: DEBUG manila.share.api [None req-699beab2-d1ce-4188-9883-055fe5ce5caa tempest-MigrationWithShareShrinkingNFSTest-569701558 tempest-MigrationWithShareShrinkingNFSTest-569701558-project-admin] Searching for shares by: {'share_type_id': 'a0bc96ac-15cf-4fdf-8e03-d44ac8776a5d'} {{(pid=83458) _get_all /opt/stack/manila/manila/share/api.py:2372}}
Feb 19 01:32:30.492320 np0000156434 devstack@m-api.service[83458]: INFO manila.api.openstack.wsgi [None req-699beab2-d1ce-4188-9883-055fe5ce5caa tempest-MigrationWithShareShrinkingNFSTest-569701558 tempest-MigrationWithShareShrinkingNFSTest-569701558-project-admin] https://[::1]/share/v2/2de232f4e5364a1e8da3d54c276a9dda/shares?share_type_id=a0bc96ac-15cf-4fdf-8e03-d44ac8776a5d returned with HTTP 200
Feb 19 01:32:30.494525 np0000156434 devstack@m-api.service[83458]: [pid: 83458|app: 0|req: 19/34] ::1 () {68 vars in 1437 bytes} [Thu Feb 19 01:32:30 2026] GET /share/v2/2de232f4e5364a1e8da3d54c276a9dda/shares?share_type_id=a0bc96ac-15cf-4fdf-8e03-d44ac8776a5d => generated 14 bytes in 15 msecs (HTTP/1.1 200) 7 headers in 296 bytes (1 switches on core 0)
Feb 19 01:32:30.554842 np0000156434 devstack@m-api.service[83457]: INFO manila.api.openstack.wsgi [None req-84c78e7e-530a-4f7b-a6a4-50775b0b3e77 tempest-ShareUserRulesForCIFSTest-1187363671 tempest-ShareUserRulesForCIFSTest-1187363671-project-member] POST https://[::1]/share/v2/bed1ec7c0a554d7383f545ea277d76b6/shares
Feb 19 01:32:30.555242 np0000156434 devstack@m-api.service[83457]: DEBUG manila.api.openstack.wsgi [None req-84c78e7e-530a-4f7b-a6a4-50775b0b3e77 tempest-ShareUserRulesForCIFSTest-1187363671 tempest-ShareUserRulesForCIFSTest-1187363671-project-member] Action: 'create', calling method: Controller.__getattribute__..version_select, body: {"share": {"share_proto": "cifs", "description": "Tempest's share", "snapshot_id": null, "name": "tempest-tempest-created-share-263776621", "size": 1, "metadata": {}, "is_public": false, "share_type": "c83887a0-2bec-4ff3-afb3-f40673938fd6"}} {{(pid=83457) _process_stack /opt/stack/manila/manila/api/openstack/wsgi.py:796}}
Feb 19 01:32:30.558474 np0000156434 devstack@m-api.service[83457]: INFO manila.api.v2.shares [None req-84c78e7e-530a-4f7b-a6a4-50775b0b3e77 tempest-ShareUserRulesForCIFSTest-1187363671 tempest-ShareUserRulesForCIFSTest-1187363671-project-member] Create CIFS share of 1 GB
Feb 19 01:32:30.593633 np0000156434 devstack@m-api.service[83458]: INFO manila.api.openstack.wsgi [None req-3a839645-cf42-4997-876b-86512bbf775d tempest-ShareSnapshotIpRulesForNFSTest-73640754 tempest-ShareSnapshotIpRulesForNFSTest-73640754-project-member] POST https://[::1]/share/v2/c8e366e173cf46de8020bc58892130ae/shares
Feb 19 01:32:30.596164 np0000156434 devstack@m-api.service[83458]: DEBUG manila.api.openstack.wsgi [None req-3a839645-cf42-4997-876b-86512bbf775d tempest-ShareSnapshotIpRulesForNFSTest-73640754 tempest-ShareSnapshotIpRulesForNFSTest-73640754-project-member] Action: 'create', calling method: Controller.__getattribute__..version_select, body: {"share": {"share_proto": "nfs", "description": "Tempest's share", "snapshot_id": null, "name": "tempest-tempest-created-share-644634746", "size": 1, "metadata": {}, "is_public": false, "share_type": "ef20fd7e-e8b0-40f1-9dee-de91c04fe987"}} {{(pid=83458) _process_stack /opt/stack/manila/manila/api/openstack/wsgi.py:796}}
Feb 19 01:32:30.596373 np0000156434 devstack@m-api.service[83458]: INFO manila.api.v2.shares [None req-3a839645-cf42-4997-876b-86512bbf775d tempest-ShareSnapshotIpRulesForNFSTest-73640754 tempest-ShareSnapshotIpRulesForNFSTest-73640754-project-member] Create NFS share of 1 GB
Feb 19 01:32:30.649525 np0000156434 devstack@m-api.service[83457]: DEBUG manila.quota [None req-84c78e7e-530a-4f7b-a6a4-50775b0b3e77 tempest-ShareUserRulesForCIFSTest-1187363671 tempest-ShareUserRulesForCIFSTest-1187363671-project-member] Created reservations ['706df82e-83e3-4ca9-bd98-73dd2b864c3f', '6daeec06-676c-4bc0-b00e-dc57d4e78d6a', '9a95cb07-574a-4661-937f-e0b18bf37ea3', '18592458-0bda-43bc-b36e-94b116a26eb4'] {{(pid=83457) reserve /opt/stack/manila/manila/quota.py:1038}}
Feb 19 01:32:30.682834 np0000156434 devstack@m-api.service[83457]: DEBUG manila.quota [None req-84c78e7e-530a-4f7b-a6a4-50775b0b3e77 tempest-ShareUserRulesForCIFSTest-1187363671 tempest-ShareUserRulesForCIFSTest-1187363671-project-member] Committed reservations ['706df82e-83e3-4ca9-bd98-73dd2b864c3f', '6daeec06-676c-4bc0-b00e-dc57d4e78d6a', '9a95cb07-574a-4661-937f-e0b18bf37ea3', '18592458-0bda-43bc-b36e-94b116a26eb4'] {{(pid=83457) commit /opt/stack/manila/manila/quota.py:1066}}
Feb 19 01:32:30.715063 np0000156434 devstack@m-api.service[83458]: DEBUG manila.quota [None req-3a839645-cf42-4997-876b-86512bbf775d tempest-ShareSnapshotIpRulesForNFSTest-73640754 tempest-ShareSnapshotIpRulesForNFSTest-73640754-project-member] Created reservations ['9bc9b79a-2bf1-40b4-a393-aec0bce76ffc', '367c7f77-7cdf-43f4-ae3b-867539037846', 'a5daa3f1-0b6c-467f-a3bf-d23f4e3f67d1', '98bd0d4e-086f-4836-8fd9-d93ec551f5f2'] {{(pid=83458) reserve /opt/stack/manila/manila/quota.py:1038}}
Feb 19 01:32:30.757427 np0000156434 devstack@m-api.service[83457]: INFO manila.api.openstack.wsgi [None req-84c78e7e-530a-4f7b-a6a4-50775b0b3e77 tempest-ShareUserRulesForCIFSTest-1187363671 tempest-ShareUserRulesForCIFSTest-1187363671-project-member] https://[::1]/share/v2/bed1ec7c0a554d7383f545ea277d76b6/shares returned with HTTP 200
Feb 19 01:32:30.760762 np0000156434 devstack@m-api.service[83457]: [pid: 83457|app: 0|req: 16/35] ::1 () {70 vars in 1358 bytes} [Thu Feb 19 01:32:30 2026] POST /share/v2/bed1ec7c0a554d7383f545ea277d76b6/shares => generated 1328 bytes in 337 msecs (HTTP/1.1 200) 7 headers in 298 bytes (1 switches on core 0)
Feb 19 01:32:30.768779 np0000156434 devstack@m-api.service[83457]: INFO manila.api.openstack.wsgi [None req-6d1a418e-87b8-4c22-892d-8992fe5b6c88 tempest-MigrationCancelNFSTest-120089555 tempest-MigrationCancelNFSTest-120089555-project-admin] POST https://[::1]/share/v2/19f1a8704c9f4165be87a66f776f4868/shares
Feb 19 01:32:30.769030 np0000156434 devstack@m-api.service[83457]: DEBUG manila.api.openstack.wsgi [None req-6d1a418e-87b8-4c22-892d-8992fe5b6c88 tempest-MigrationCancelNFSTest-120089555 tempest-MigrationCancelNFSTest-120089555-project-admin] Action: 'create', calling method: Controller.__getattribute__..version_select, body: {"share": {"share_proto": "nfs", "description": "Tempest's share", "snapshot_id": null, "name": "tempest-tempest-created-share-630873511", "size": 1, "metadata": {}, "is_public": false, "share_type": "858d37db-3794-42b6-89ca-fa434cf3095f"}} {{(pid=83457) _process_stack /opt/stack/manila/manila/api/openstack/wsgi.py:796}}
Feb 19 01:32:30.770218 np0000156434 devstack@m-api.service[83457]: INFO manila.api.v2.shares [None req-6d1a418e-87b8-4c22-892d-8992fe5b6c88 tempest-MigrationCancelNFSTest-120089555 tempest-MigrationCancelNFSTest-120089555-project-admin] Create NFS share of 1 GB
Feb 19 01:32:30.770680 np0000156434 devstack@m-api.service[83458]: DEBUG manila.quota [None req-3a839645-cf42-4997-876b-86512bbf775d tempest-ShareSnapshotIpRulesForNFSTest-73640754 tempest-ShareSnapshotIpRulesForNFSTest-73640754-project-member] Committed reservations ['9bc9b79a-2bf1-40b4-a393-aec0bce76ffc', '367c7f77-7cdf-43f4-ae3b-867539037846', 'a5daa3f1-0b6c-467f-a3bf-d23f4e3f67d1', '98bd0d4e-086f-4836-8fd9-d93ec551f5f2'] {{(pid=83458) commit /opt/stack/manila/manila/quota.py:1066}}
Feb 19 01:32:30.827019 np0000156434 devstack@m-api.service[83457]: DEBUG manila.quota [None req-6d1a418e-87b8-4c22-892d-8992fe5b6c88 tempest-MigrationCancelNFSTest-120089555 tempest-MigrationCancelNFSTest-120089555-project-admin] Created reservations ['b7f77487-b1b6-4b0e-a586-0563aa6ce6bb', '0b828f6c-cad1-4451-9628-92f5a569012a', '66779b07-8bf9-4ba7-a3d3-947de44cc2c7', '8bf24014-a212-4d3b-bb03-0d4fb3208d1b'] {{(pid=83457) reserve /opt/stack/manila/manila/quota.py:1038}}
Feb 19 01:32:30.867359 np0000156434 devstack@m-api.service[83457]: DEBUG manila.quota [None req-6d1a418e-87b8-4c22-892d-8992fe5b6c88 tempest-MigrationCancelNFSTest-120089555 tempest-MigrationCancelNFSTest-120089555-project-admin] Committed reservations ['b7f77487-b1b6-4b0e-a586-0563aa6ce6bb', '0b828f6c-cad1-4451-9628-92f5a569012a', '66779b07-8bf9-4ba7-a3d3-947de44cc2c7', '8bf24014-a212-4d3b-bb03-0d4fb3208d1b'] {{(pid=83457) commit /opt/stack/manila/manila/quota.py:1066}}
Feb 19 01:32:31.001745 np0000156434 devstack@m-api.service[83458]: INFO manila.api.openstack.wsgi [None req-3a839645-cf42-4997-876b-86512bbf775d tempest-ShareSnapshotIpRulesForNFSTest-73640754 tempest-ShareSnapshotIpRulesForNFSTest-73640754-project-member] https://[::1]/share/v2/c8e366e173cf46de8020bc58892130ae/shares returned with HTTP 200
Feb 19 01:32:31.005400 np0000156434 devstack@m-api.service[83458]: [pid: 83458|app: 0|req: 20/36] ::1 () {70 vars in 1358 bytes} [Thu Feb 19 01:32:30 2026] POST /share/v2/c8e366e173cf46de8020bc58892130ae/shares => generated 1325 bytes in 511 msecs (HTTP/1.1 200) 7 headers in 298 bytes (1 switches on core 0)
Feb 19 01:32:31.008677 np0000156434 devstack@m-api.service[83458]: INFO manila.api.openstack.wsgi [None req-dcd05ce0-40b7-4cdd-9e33-996bcabd0172 tempest-ShareTypesAdminNegativeTest-1415835022 tempest-ShareTypesAdminNegativeTest-1415835022-project-admin] GET https://[::1]/share/v2/e82778d36ddf439bb130316cebb88744/types/3cf4a236-d2d9-4a04-b417-c25a2d1976d2/share_type_access
Feb 19 01:32:31.010756 np0000156434 devstack@m-api.service[83458]: DEBUG manila.api.openstack.wsgi [None req-dcd05ce0-40b7-4cdd-9e33-996bcabd0172 tempest-ShareTypesAdminNegativeTest-1415835022 tempest-ShareTypesAdminNegativeTest-1415835022-project-admin] Empty body provided in request {{(pid=83458) get_body /opt/stack/manila/manila/api/openstack/wsgi.py:652}}
Feb 19 01:32:31.010984 np0000156434 devstack@m-api.service[83458]: DEBUG manila.api.openstack.wsgi [None req-dcd05ce0-40b7-4cdd-9e33-996bcabd0172 tempest-ShareTypesAdminNegativeTest-1415835022 tempest-ShareTypesAdminNegativeTest-1415835022-project-admin] Calling method 'ShareTypesController.share_type_access' {{(pid=83458) _process_stack /opt/stack/manila/manila/api/openstack/wsgi.py:798}}
Feb 19 01:32:31.044331 np0000156434 devstack@m-api.service[83458]: INFO manila.api.openstack.wsgi [None req-dcd05ce0-40b7-4cdd-9e33-996bcabd0172 tempest-ShareTypesAdminNegativeTest-1415835022 tempest-ShareTypesAdminNegativeTest-1415835022-project-admin] https://[::1]/share/v2/e82778d36ddf439bb130316cebb88744/types/3cf4a236-d2d9-4a04-b417-c25a2d1976d2/share_type_access returned with HTTP 200
Feb 19 01:32:31.046455 np0000156434 devstack@m-api.service[83458]: [pid: 83458|app: 0|req: 21/37] ::1 () {68 vars in 1498 bytes} [Thu Feb 19 01:32:31 2026] GET /share/v2/e82778d36ddf439bb130316cebb88744/types/3cf4a236-d2d9-4a04-b417-c25a2d1976d2/share_type_access => generated 25 bytes in 39 msecs (HTTP/1.1 200) 7 headers in 296 bytes (1 switches on core 0)
Feb 19 01:32:31.061100 np0000156434 devstack@m-api.service[83458]: INFO manila.api.openstack.wsgi [None req-db289906-96cf-43f8-a4a9-03f5248cd16c tempest-MigrationOppositeDriverModesNFSTest-140542980 tempest-MigrationOppositeDriverModesNFSTest-140542980-project-admin] POST https://[::1]/share/v2/858c867615f94180bb400ef01ebdc6c5/types
Feb 19 01:32:31.061100 np0000156434 devstack@m-api.service[83458]: DEBUG manila.api.openstack.wsgi [None req-db289906-96cf-43f8-a4a9-03f5248cd16c tempest-MigrationOppositeDriverModesNFSTest-140542980 tempest-MigrationOppositeDriverModesNFSTest-140542980-project-admin] Action: 'create', calling method: Controller.__getattribute__..version_select, body: {"share_type": {"name": "tempest-new_share_type_for_migration_opposite-204536331", "extra_specs": {"driver_handles_share_servers": true, "storage_protocol": "NFS_CIFS", "snapshot_support": true}, "share_type_access:is_public": true}} {{(pid=83458) _process_stack /opt/stack/manila/manila/api/openstack/wsgi.py:796}}
Feb 19 01:32:31.092618 np0000156434 devstack@m-api.service[83457]: INFO manila.api.openstack.wsgi [None req-6d1a418e-87b8-4c22-892d-8992fe5b6c88 tempest-MigrationCancelNFSTest-120089555 tempest-MigrationCancelNFSTest-120089555-project-admin] https://[::1]/share/v2/19f1a8704c9f4165be87a66f776f4868/shares returned with HTTP 200
Feb 19 01:32:31.097699 np0000156434 devstack@m-api.service[83457]: [pid: 83457|app: 0|req: 17/38] ::1 () {70 vars in 1358 bytes} [Thu Feb 19 01:32:30 2026] POST /share/v2/19f1a8704c9f4165be87a66f776f4868/shares => generated 1400 bytes in 335 msecs (HTTP/1.1 200) 7 headers in 298 bytes (1 switches on core 0)
Feb 19 01:32:31.107309 np0000156434 devstack@m-api.service[83458]: INFO manila.api.openstack.wsgi [None req-db289906-96cf-43f8-a4a9-03f5248cd16c tempest-MigrationOppositeDriverModesNFSTest-140542980 tempest-MigrationOppositeDriverModesNFSTest-140542980-project-admin] https://[::1]/share/v2/858c867615f94180bb400ef01ebdc6c5/types returned with HTTP 200
Feb 19 01:32:31.107309 np0000156434 devstack@m-api.service[83458]: [pid: 83458|app: 0|req: 22/39] ::1 () {70 vars in 1355 bytes} [Thu Feb 19 01:32:31 2026] POST /share/v2/858c867615f94180bb400ef01ebdc6c5/types => generated 779 bytes in 55 msecs (HTTP/1.1 200) 7 headers in 297 bytes (1 switches on core 0)
Feb 19 01:32:31.107377 np0000156434 devstack@m-api.service[83457]: INFO manila.api.openstack.wsgi [None req-d024837d-5c25-4504-979c-713bb399709c tempest-MigrationWithDifferentSnapshotSupportNFSTest-1334345901 tempest-MigrationWithDifferentSnapshotSupportNFSTest-1334345901-project-admin] POST https://[::1]/share/v2/eabc04fb85804ac0bddaae475798e1ef/types
Feb 19 01:32:31.107769 np0000156434 devstack@m-api.service[83457]: DEBUG manila.api.openstack.wsgi [None req-d024837d-5c25-4504-979c-713bb399709c tempest-MigrationWithDifferentSnapshotSupportNFSTest-1334345901 tempest-MigrationWithDifferentSnapshotSupportNFSTest-1334345901-project-admin] Action: 'create', calling method: Controller.__getattribute__..version_select, body: {"share_type": {"name": "tempest-snapshot_noncapable_share_type_for_migration-1209122109", "extra_specs": {"driver_handles_share_servers": false}, "share_type_access:is_public": true}} {{(pid=83457) _process_stack /opt/stack/manila/manila/api/openstack/wsgi.py:796}}
Feb 19 01:32:31.112681 np0000156434 devstack@m-api.service[83458]: INFO manila.api.openstack.wsgi [None req-65175452-ee7e-4d3e-aa56-28b3e1c95242 tempest-MigrationWithShareShrinkingNFSTest-569701558 tempest-MigrationWithShareShrinkingNFSTest-569701558-project-admin] DELETE https://[::1]/share/v2/2de232f4e5364a1e8da3d54c276a9dda/types/a0bc96ac-15cf-4fdf-8e03-d44ac8776a5d
Feb 19 01:32:31.114666 np0000156434 devstack@m-api.service[83458]: DEBUG manila.api.openstack.wsgi [None req-65175452-ee7e-4d3e-aa56-28b3e1c95242 tempest-MigrationWithShareShrinkingNFSTest-569701558 tempest-MigrationWithShareShrinkingNFSTest-569701558-project-admin] Empty body provided in request {{(pid=83458) get_body /opt/stack/manila/manila/api/openstack/wsgi.py:652}}
Feb 19 01:32:31.116084 np0000156434 devstack@m-api.service[83458]: DEBUG manila.api.openstack.wsgi [None req-65175452-ee7e-4d3e-aa56-28b3e1c95242 tempest-MigrationWithShareShrinkingNFSTest-569701558 tempest-MigrationWithShareShrinkingNFSTest-569701558-project-admin] Calling method 'ShareTypesController._delete' {{(pid=83458) _process_stack /opt/stack/manila/manila/api/openstack/wsgi.py:798}}
Feb 19 01:32:31.156694 np0000156434 devstack@m-api.service[83457]: INFO manila.api.openstack.wsgi [None req-d024837d-5c25-4504-979c-713bb399709c tempest-MigrationWithDifferentSnapshotSupportNFSTest-1334345901 tempest-MigrationWithDifferentSnapshotSupportNFSTest-1334345901-project-admin] https://[::1]/share/v2/eabc04fb85804ac0bddaae475798e1ef/types returned with HTTP 200
Feb 19 01:32:31.156694 np0000156434 devstack@m-api.service[83457]: [pid: 83457|app: 0|req: 18/40] ::1 () {70 vars in 1355 bytes} [Thu Feb 19 01:32:31 2026] POST /share/v2/eabc04fb85804ac0bddaae475798e1ef/types => generated 679 bytes in 59 msecs (HTTP/1.1 200) 7 headers in 297 bytes (1 switches on core 0)
Feb 19 01:32:31.178374 np0000156434 devstack@m-api.service[83457]: INFO manila.api.openstack.wsgi [None req-08e0790e-9450-4791-b60c-b7f3f14679c8 tempest-ShareUserRulesForCIFSTest-1187363671 tempest-ShareUserRulesForCIFSTest-1187363671-project-member] GET https://[::1]/share/v2/bed1ec7c0a554d7383f545ea277d76b6/shares/a77e7517-d2b5-419f-b7a6-fcf586b9a616
Feb 19 01:32:31.178374 np0000156434 devstack@m-api.service[83457]: DEBUG manila.api.openstack.wsgi [None req-08e0790e-9450-4791-b60c-b7f3f14679c8 tempest-ShareUserRulesForCIFSTest-1187363671 tempest-ShareUserRulesForCIFSTest-1187363671-project-member] Empty body provided in request {{(pid=83457) get_body /opt/stack/manila/manila/api/openstack/wsgi.py:652}}
Feb 19 01:32:31.178374 np0000156434 devstack@m-api.service[83457]: DEBUG manila.api.openstack.wsgi [None req-08e0790e-9450-4791-b60c-b7f3f14679c8 tempest-ShareUserRulesForCIFSTest-1187363671 tempest-ShareUserRulesForCIFSTest-1187363671-project-member] Calling method 'ShareMixin.show' {{(pid=83457) _process_stack /opt/stack/manila/manila/api/openstack/wsgi.py:798}}
Feb 19 01:32:31.239667 np0000156434 devstack@m-api.service[83457]: INFO manila.api.openstack.wsgi [None req-08e0790e-9450-4791-b60c-b7f3f14679c8 tempest-ShareUserRulesForCIFSTest-1187363671 tempest-ShareUserRulesForCIFSTest-1187363671-project-member] https://[::1]/share/v2/bed1ec7c0a554d7383f545ea277d76b6/shares/a77e7517-d2b5-419f-b7a6-fcf586b9a616 returned with HTTP 200
Feb 19 01:32:31.240324 np0000156434 devstack@m-api.service[83457]: [pid: 83457|app: 0|req: 19/41] ::1 () {68 vars in 1447 bytes} [Thu Feb 19 01:32:31 2026] GET /share/v2/bed1ec7c0a554d7383f545ea277d76b6/shares/a77e7517-d2b5-419f-b7a6-fcf586b9a616 => generated 1339 bytes in 83 msecs (HTTP/1.1 200) 7 headers in 298 bytes (1 switches on core 0)
Feb 19 01:32:31.246421 np0000156434 devstack@m-api.service[83457]: INFO manila.api.openstack.wsgi [None req-7b7ded07-e5da-4cd2-9012-ed3aae797cdf tempest-ShareSnapshotIpRulesForNFSTest-73640754 tempest-ShareSnapshotIpRulesForNFSTest-73640754-project-member] GET https://[::1]/share/v2/c8e366e173cf46de8020bc58892130ae/shares/0583ccb2-4a16-4fcf-808a-215ffb517d2a
Feb 19 01:32:31.246421 np0000156434 devstack@m-api.service[83457]: DEBUG manila.api.openstack.wsgi [None req-7b7ded07-e5da-4cd2-9012-ed3aae797cdf tempest-ShareSnapshotIpRulesForNFSTest-73640754 tempest-ShareSnapshotIpRulesForNFSTest-73640754-project-member] Empty body provided in request {{(pid=83457) get_body /opt/stack/manila/manila/api/openstack/wsgi.py:652}}
