Feb 19 01:38:06.999364 np0000156434 devstack@m-api.service[83458]: INFO manila.api.openstack.wsgi [None req-824f8fb3-7445-44c3-b7c2-f3402d3c8296 tempest-SharesCIFSTest-1279773 tempest-SharesCIFSTest-1279773-project-admin] POST https://[::1]/share/v2/88cd97646085439da28e0b22f21d2917/types
Feb 19 01:38:06.999364 np0000156434 devstack@m-api.service[83458]: DEBUG manila.api.openstack.wsgi [None req-824f8fb3-7445-44c3-b7c2-f3402d3c8296 tempest-SharesCIFSTest-1279773 tempest-SharesCIFSTest-1279773-project-admin] Action: 'create', calling method: Controller.__getattribute__..version_select, body: {"share_type": {"name": "tempest-typeshare-type-1806421213", "extra_specs": {"driver_handles_share_servers": "False", "snapshot_support": true}, "share_type_access:is_public": true}} {{(pid=83458) _process_stack /opt/stack/manila/manila/api/openstack/wsgi.py:796}}
Feb 19 01:38:07.015848 np0000156434 devstack@m-api.service[83458]: INFO manila.api.openstack.wsgi [None req-824f8fb3-7445-44c3-b7c2-f3402d3c8296 tempest-SharesCIFSTest-1279773 tempest-SharesCIFSTest-1279773-project-admin] https://[::1]/share/v2/88cd97646085439da28e0b22f21d2917/types returned with HTTP 200
Feb 19 01:38:07.017233 np0000156434 devstack@m-api.service[83458]: [pid: 83458|app: 0|req: 415/814] ::1 () {70 vars in 1355 bytes} [Thu Feb 19 01:38:06 2026] POST /share/v2/88cd97646085439da28e0b22f21d2917/types => generated 679 bytes in 25 msecs (HTTP/1.1 200) 7 headers in 297 bytes (1 switches on core 0)
Feb 19 01:38:07.201443 np0000156434 devstack@m-api.service[83457]: INFO manila.api.openstack.wsgi [None req-0ef4c254-f86c-4179-8b5a-c285a4344f74 tempest-SharesCIFSTest-512567243 tempest-SharesCIFSTest-512567243-project-member] POST https://[::1]/share/v2/f965e086ed7a45b7b827f5e87b69987e/shares
Feb 19 01:38:07.209373 np0000156434 devstack@m-api.service[83457]: DEBUG manila.api.openstack.wsgi [None req-0ef4c254-f86c-4179-8b5a-c285a4344f74 tempest-SharesCIFSTest-512567243 tempest-SharesCIFSTest-512567243-project-member] Action: 'create', calling method: Controller.__getattribute__..version_select, body: {"share": {"share_proto": "cifs", "description": "Tempest's share", "snapshot_id": null, "name": "tempest-tempest-created-share-1064756875", "size": 1, "metadata": {}, "is_public": false, "share_type": "12552854-d59f-4b16-853b-3fc6f235beba"}} {{(pid=83457) _process_stack /opt/stack/manila/manila/api/openstack/wsgi.py:796}}
Feb 19 01:38:07.209373 np0000156434 devstack@m-api.service[83457]: INFO manila.api.v2.shares [None req-0ef4c254-f86c-4179-8b5a-c285a4344f74 tempest-SharesCIFSTest-512567243 tempest-SharesCIFSTest-512567243-project-member] Create CIFS share of 1 GB
Feb 19 01:38:07.310432 np0000156434 devstack@m-api.service[83457]: DEBUG manila.quota [None req-0ef4c254-f86c-4179-8b5a-c285a4344f74 tempest-SharesCIFSTest-512567243 tempest-SharesCIFSTest-512567243-project-member] Created reservations ['4e43042b-20b9-4290-8b58-576b103d3aa5', 'a7f04512-d133-4663-93e1-b7e1387d1ed3', '6f659c2e-2e86-4b82-adb2-09b9105c4d3d', '17a7a09d-5061-46b2-b804-7b01a1e8b223'] {{(pid=83457) reserve /opt/stack/manila/manila/quota.py:1038}}
Feb 19 01:38:07.358294 np0000156434 devstack@m-api.service[83457]: DEBUG manila.quota [None req-0ef4c254-f86c-4179-8b5a-c285a4344f74 tempest-SharesCIFSTest-512567243 tempest-SharesCIFSTest-512567243-project-member] Committed reservations ['4e43042b-20b9-4290-8b58-576b103d3aa5', 'a7f04512-d133-4663-93e1-b7e1387d1ed3', '6f659c2e-2e86-4b82-adb2-09b9105c4d3d', '17a7a09d-5061-46b2-b804-7b01a1e8b223'] {{(pid=83457) commit /opt/stack/manila/manila/quota.py:1066}}
Feb 19 01:38:07.449734 np0000156434 devstack@m-api.service[83457]: INFO manila.api.openstack.wsgi [None req-0ef4c254-f86c-4179-8b5a-c285a4344f74 tempest-SharesCIFSTest-512567243 tempest-SharesCIFSTest-512567243-project-member] https://[::1]/share/v2/f965e086ed7a45b7b827f5e87b69987e/shares returned with HTTP 200
Feb 19 01:38:07.449734 np0000156434 devstack@m-api.service[83457]: [pid: 83457|app: 0|req: 400/815] ::1 () {70 vars in 1358 bytes} [Thu Feb 19 01:38:07 2026] POST /share/v2/f965e086ed7a45b7b827f5e87b69987e/shares => generated 1328 bytes in 419 msecs (HTTP/1.1 200) 7 headers in 298 bytes (1 switches on core 0)
Feb 19 01:38:07.469393 np0000156434 devstack@m-api.service[83458]: INFO manila.api.openstack.wsgi [None req-6131ca7c-a9b7-45d8-940a-e226c8a4766d tempest-SharesCIFSTest-512567243 tempest-SharesCIFSTest-512567243-project-member] GET https://[::1]/share/v2/f965e086ed7a45b7b827f5e87b69987e/shares/1f996d9c-5c44-4082-872c-ab6caf568cef
Feb 19 01:38:07.473356 np0000156434 devstack@m-api.service[83458]: DEBUG manila.api.openstack.wsgi [None req-6131ca7c-a9b7-45d8-940a-e226c8a4766d tempest-SharesCIFSTest-512567243 tempest-SharesCIFSTest-512567243-project-member] Empty body provided in request {{(pid=83458) get_body /opt/stack/manila/manila/api/openstack/wsgi.py:652}}
Feb 19 01:38:07.473356 np0000156434 devstack@m-api.service[83458]: DEBUG manila.api.openstack.wsgi [None req-6131ca7c-a9b7-45d8-940a-e226c8a4766d tempest-SharesCIFSTest-512567243 tempest-SharesCIFSTest-512567243-project-member] Calling method 'ShareMixin.show' {{(pid=83458) _process_stack /opt/stack/manila/manila/api/openstack/wsgi.py:798}}
Feb 19 01:38:07.511298 np0000156434 devstack@m-api.service[83458]: INFO manila.api.openstack.wsgi [None req-6131ca7c-a9b7-45d8-940a-e226c8a4766d tempest-SharesCIFSTest-512567243 tempest-SharesCIFSTest-512567243-project-member] https://[::1]/share/v2/f965e086ed7a45b7b827f5e87b69987e/shares/1f996d9c-5c44-4082-872c-ab6caf568cef returned with HTTP 200
Feb 19 01:38:07.514376 np0000156434 devstack@m-api.service[83458]: [pid: 83458|app: 0|req: 416/816] ::1 () {68 vars in 1447 bytes} [Thu Feb 19 01:38:07 2026] GET /share/v2/f965e086ed7a45b7b827f5e87b69987e/shares/1f996d9c-5c44-4082-872c-ab6caf568cef => generated 1328 bytes in 51 msecs (HTTP/1.1 200) 7 headers in 298 bytes (1 switches on core 0)
Feb 19 01:38:09.098942 np0000156434 devstack@m-api.service[83457]: INFO manila.api.openstack.wsgi [None req-89b27a1c-e123-4cab-9fb0-f65a162f04b6 tempest-ShareIpRulesForNFSTest-1752542083 tempest-ShareIpRulesForNFSTest-1752542083-project-member] GET https://[::1]/share/v2/894e0f0665954071938dc96a1e8c206b/share-access-rules?share_id=470b3532-a131-492a-ac49-991533bdff0b
Feb 19 01:38:09.098942 np0000156434 devstack@m-api.service[83457]: DEBUG manila.api.openstack.wsgi [None req-89b27a1c-e123-4cab-9fb0-f65a162f04b6 tempest-ShareIpRulesForNFSTest-1752542083 tempest-ShareIpRulesForNFSTest-1752542083-project-member] Empty body provided in request {{(pid=83457) get_body /opt/stack/manila/manila/api/openstack/wsgi.py:652}}
Feb 19 01:38:09.098942 np0000156434 devstack@m-api.service[83457]: DEBUG manila.api.openstack.wsgi [None req-89b27a1c-e123-4cab-9fb0-f65a162f04b6 tempest-ShareIpRulesForNFSTest-1752542083 tempest-ShareIpRulesForNFSTest-1752542083-project-member] Calling method 'Controller.__getattribute__..version_select' {{(pid=83457) _process_stack /opt/stack/manila/manila/api/openstack/wsgi.py:798}}
Feb 19 01:38:09.191070 np0000156434 devstack@m-api.service[83457]: DEBUG manila.lock.api [None req-89b27a1c-e123-4cab-9fb0-f65a162f04b6 tempest-ShareIpRulesForNFSTest-1752542083 tempest-ShareIpRulesForNFSTest-1752542083-project-member] Searching for locks by: {'resource_id': 'bc65cb3d-57c0-40f9-bba8-21861ea53956', 'resource_action': 'show', 'resource_type': 'access_rule', 'all_projects': True} {{(pid=83457) get_all /opt/stack/manila/manila/lock/api.py:112}}
Feb 19 01:38:09.210420 np0000156434 devstack@m-api.service[83457]: INFO manila.api.openstack.wsgi [None req-89b27a1c-e123-4cab-9fb0-f65a162f04b6 tempest-ShareIpRulesForNFSTest-1752542083 tempest-ShareIpRulesForNFSTest-1752542083-project-member] https://[::1]/share/v2/894e0f0665954071938dc96a1e8c206b/share-access-rules?share_id=470b3532-a131-492a-ac49-991533bdff0b returned with HTTP 200
Feb 19 01:38:09.210659 np0000156434 devstack@m-api.service[83457]: [pid: 83457|app: 0|req: 401/817] ::1 () {68 vars in 1463 bytes} [Thu Feb 19 01:38:09 2026] GET /share/v2/894e0f0665954071938dc96a1e8c206b/share-access-rules?share_id=470b3532-a131-492a-ac49-991533bdff0b => generated 307 bytes in 119 msecs (HTTP/1.1 200) 7 headers in 297 bytes (2 switches on core 0)
Feb 19 01:38:09.397368 np0000156434 devstack@m-api.service[83458]: INFO manila.api.openstack.wsgi [None req-6886933e-27c6-4dbd-af00-cc1b6f50576c tempest-RevertToSnapshotTest-1532265850 tempest-RevertToSnapshotTest-1532265850-project-member] GET https://[::1]/share/v2/a0420612606f4574aa8aec6a3b4ac53c/shares/8b85ecb4-0dc2-4d29-9777-83049069f647
Feb 19 01:38:09.402534 np0000156434 devstack@m-api.service[83458]: DEBUG manila.api.openstack.wsgi [None req-6886933e-27c6-4dbd-af00-cc1b6f50576c tempest-RevertToSnapshotTest-1532265850 tempest-RevertToSnapshotTest-1532265850-project-member] Empty body provided in request {{(pid=83458) get_body /opt/stack/manila/manila/api/openstack/wsgi.py:652}}
Feb 19 01:38:09.402651 np0000156434 devstack@m-api.service[83458]: DEBUG manila.api.openstack.wsgi [None req-6886933e-27c6-4dbd-af00-cc1b6f50576c tempest-RevertToSnapshotTest-1532265850 tempest-RevertToSnapshotTest-1532265850-project-member] Calling method 'ShareMixin.show' {{(pid=83458) _process_stack /opt/stack/manila/manila/api/openstack/wsgi.py:798}}
Feb 19 01:38:09.463064 np0000156434 devstack@m-api.service[83458]: INFO manila.api.openstack.wsgi [None req-6886933e-27c6-4dbd-af00-cc1b6f50576c tempest-RevertToSnapshotTest-1532265850 tempest-RevertToSnapshotTest-1532265850-project-member] https://[::1]/share/v2/a0420612606f4574aa8aec6a3b4ac53c/shares/8b85ecb4-0dc2-4d29-9777-83049069f647 returned with HTTP 200
Feb 19 01:38:09.465214 np0000156434 devstack@m-api.service[83458]: [pid: 83458|app: 0|req: 417/818] ::1 () {68 vars in 1447 bytes} [Thu Feb 19 01:38:09 2026] GET /share/v2/a0420612606f4574aa8aec6a3b4ac53c/shares/8b85ecb4-0dc2-4d29-9777-83049069f647 => generated 1331 bytes in 70 msecs (HTTP/1.1 200) 7 headers in 298 bytes (1 switches on core 0)
Feb 19 01:38:10.606308 np0000156434 devstack@m-api.service[83457]: INFO manila.api.openstack.wsgi [None req-eee84776-d9af-4d0c-8fc4-2d5b523554e2 tempest-SharesCIFSTest-512567243 tempest-SharesCIFSTest-512567243-project-member] GET https://[::1]/share/v2/f965e086ed7a45b7b827f5e87b69987e/shares/1f996d9c-5c44-4082-872c-ab6caf568cef
Feb 19 01:38:10.606308 np0000156434 devstack@m-api.service[83457]: DEBUG manila.api.openstack.wsgi [None req-eee84776-d9af-4d0c-8fc4-2d5b523554e2 tempest-SharesCIFSTest-512567243 tempest-SharesCIFSTest-512567243-project-member] Empty body provided in request {{(pid=83457) get_body /opt/stack/manila/manila/api/openstack/wsgi.py:652}}
Feb 19 01:38:10.606308 np0000156434 devstack@m-api.service[83457]: DEBUG manila.api.openstack.wsgi [None req-eee84776-d9af-4d0c-8fc4-2d5b523554e2 tempest-SharesCIFSTest-512567243 tempest-SharesCIFSTest-512567243-project-member] Calling method 'ShareMixin.show' {{(pid=83457) _process_stack /opt/stack/manila/manila/api/openstack/wsgi.py:798}}
Feb 19 01:38:10.697775 np0000156434 devstack@m-api.service[83457]: INFO manila.api.openstack.wsgi [None req-eee84776-d9af-4d0c-8fc4-2d5b523554e2 tempest-SharesCIFSTest-512567243 tempest-SharesCIFSTest-512567243-project-member] https://[::1]/share/v2/f965e086ed7a45b7b827f5e87b69987e/shares/1f996d9c-5c44-4082-872c-ab6caf568cef returned with HTTP 200
Feb 19 01:38:10.698392 np0000156434 devstack@m-api.service[83457]: [pid: 83457|app: 0|req: 402/819] ::1 () {68 vars in 1447 bytes} [Thu Feb 19 01:38:10 2026] GET /share/v2/f965e086ed7a45b7b827f5e87b69987e/shares/1f996d9c-5c44-4082-872c-ab6caf568cef => generated 1339 bytes in 98 msecs (HTTP/1.1 200) 7 headers in 298 bytes (1 switches on core 0)
Feb 19 01:38:12.238313 np0000156434 devstack@m-api.service[83458]: INFO manila.api.openstack.wsgi [None req-f31562c7-c57d-44ec-b6a7-6e23a9cbff3b tempest-ShareIpRulesForNFSTest-1752542083 tempest-ShareIpRulesForNFSTest-1752542083-project-member] GET https://[::1]/share/v2/894e0f0665954071938dc96a1e8c206b/share-access-rules?share_id=470b3532-a131-492a-ac49-991533bdff0b
Feb 19 01:38:12.238313 np0000156434 devstack@m-api.service[83458]: DEBUG manila.api.openstack.wsgi [None req-f31562c7-c57d-44ec-b6a7-6e23a9cbff3b tempest-ShareIpRulesForNFSTest-1752542083 tempest-ShareIpRulesForNFSTest-1752542083-project-member] Empty body provided in request {{(pid=83458) get_body /opt/stack/manila/manila/api/openstack/wsgi.py:652}}
Feb 19 01:38:12.238313 np0000156434 devstack@m-api.service[83458]: DEBUG manila.api.openstack.wsgi [None req-f31562c7-c57d-44ec-b6a7-6e23a9cbff3b tempest-ShareIpRulesForNFSTest-1752542083 tempest-ShareIpRulesForNFSTest-1752542083-project-member] Calling method 'Controller.__getattribute__..version_select' {{(pid=83458) _process_stack /opt/stack/manila/manila/api/openstack/wsgi.py:798}}
Feb 19 01:38:12.313513 np0000156434 devstack@m-api.service[83458]: INFO manila.api.openstack.wsgi [None req-f31562c7-c57d-44ec-b6a7-6e23a9cbff3b tempest-ShareIpRulesForNFSTest-1752542083 tempest-ShareIpRulesForNFSTest-1752542083-project-member] https://[::1]/share/v2/894e0f0665954071938dc96a1e8c206b/share-access-rules?share_id=470b3532-a131-492a-ac49-991533bdff0b returned with HTTP 200
Feb 19 01:38:12.314114 np0000156434 devstack@m-api.service[83458]: [pid: 83458|app: 0|req: 418/820] ::1 () {68 vars in 1463 bytes} [Thu Feb 19 01:38:12 2026] GET /share/v2/894e0f0665954071938dc96a1e8c206b/share-access-rules?share_id=470b3532-a131-492a-ac49-991533bdff0b => generated 19 bytes in 89 msecs (HTTP/1.1 200) 7 headers in 296 bytes (1 switches on core 0)
Feb 19 01:38:12.344110 np0000156434 devstack@m-api.service[83457]: INFO manila.api.openstack.wsgi [None req-39b328e9-f6ed-4a59-885a-72c39096b213 tempest-ShareIpRulesForNFSTest-1752542083 tempest-ShareIpRulesForNFSTest-1752542083-project-member] POST https://[::1]/share/v2/894e0f0665954071938dc96a1e8c206b/shares/470b3532-a131-492a-ac49-991533bdff0b/action
Feb 19 01:38:12.344110 np0000156434 devstack@m-api.service[83457]: DEBUG manila.api.openstack.wsgi [None req-39b328e9-f6ed-4a59-885a-72c39096b213 tempest-ShareIpRulesForNFSTest-1752542083 tempest-ShareIpRulesForNFSTest-1752542083-project-member] Action body: b'{"allow_access": {"access_type": "ip", "access_to": "2001:0DB8:be68:9e2f:9ff3:8e0:af68:86f0", "access_level": "rw"}}' {{(pid=83457) get_method /opt/stack/manila/manila/api/openstack/wsgi.py:912}}
Feb 19 01:38:12.344110 np0000156434 devstack@m-api.service[83457]: DEBUG manila.api.openstack.wsgi [None req-39b328e9-f6ed-4a59-885a-72c39096b213 tempest-ShareIpRulesForNFSTest-1752542083 tempest-ShareIpRulesForNFSTest-1752542083-project-member] Action: 'action', calling method: ShareController.allow_access, body: {"allow_access": {"access_type": "ip", "access_to": "2001:0DB8:be68:9e2f:9ff3:8e0:af68:86f0", "access_level": "rw"}} {{(pid=83457) _process_stack /opt/stack/manila/manila/api/openstack/wsgi.py:796}}
Feb 19 01:38:12.486442 np0000156434 devstack@m-api.service[83457]: DEBUG oslo_concurrency.lockutils [None req-39b328e9-f6ed-4a59-885a-72c39096b213 tempest-ShareIpRulesForNFSTest-1752542083 tempest-ShareIpRulesForNFSTest-1752542083-project-member] Acquiring lock "locked_access_rules_operation_by_share_instance_9ba71a05-e83c-4f2e-b1dc-20ea624891a0" by "manila.share.access.locked_access_rules_operation..wrapped..locked_operation" {{(pid=83457) inner /opt/stack/data/venv/lib/python3.12/site-packages/oslo_concurrency/lockutils.py:506}}
Feb 19 01:38:12.490239 np0000156434 devstack@m-api.service[83458]: INFO manila.api.openstack.wsgi [None req-69013fa8-5a2d-4984-8712-dc1743f767c8 tempest-RevertToSnapshotTest-1532265850 tempest-RevertToSnapshotTest-1532265850-project-member] GET https://[::1]/share/v2/a0420612606f4574aa8aec6a3b4ac53c/shares/8b85ecb4-0dc2-4d29-9777-83049069f647
Feb 19 01:38:12.490337 np0000156434 devstack@m-api.service[83457]: DEBUG oslo_concurrency.lockutils [None req-39b328e9-f6ed-4a59-885a-72c39096b213 tempest-ShareIpRulesForNFSTest-1752542083 tempest-ShareIpRulesForNFSTest-1752542083-project-member] Lock "locked_access_rules_operation_by_share_instance_9ba71a05-e83c-4f2e-b1dc-20ea624891a0" acquired by "manila.share.access.locked_access_rules_operation..wrapped..locked_operation" :: waited 0.003s {{(pid=83457) inner /opt/stack/data/venv/lib/python3.12/site-packages/oslo_concurrency/lockutils.py:519}}
Feb 19 01:38:12.494865 np0000156434 devstack@m-api.service[83458]: DEBUG manila.api.openstack.wsgi [None req-69013fa8-5a2d-4984-8712-dc1743f767c8 tempest-RevertToSnapshotTest-1532265850 tempest-RevertToSnapshotTest-1532265850-project-member] Empty body provided in request {{(pid=83458) get_body /opt/stack/manila/manila/api/openstack/wsgi.py:652}}
Feb 19 01:38:12.495159 np0000156434 devstack@m-api.service[83458]: DEBUG manila.api.openstack.wsgi [None req-69013fa8-5a2d-4984-8712-dc1743f767c8 tempest-RevertToSnapshotTest-1532265850 tempest-RevertToSnapshotTest-1532265850-project-member] Calling method 'ShareMixin.show' {{(pid=83458) _process_stack /opt/stack/manila/manila/api/openstack/wsgi.py:798}}
Feb 19 01:38:12.540775 np0000156434 devstack@m-api.service[83457]: DEBUG oslo_concurrency.lockutils [None req-39b328e9-f6ed-4a59-885a-72c39096b213 tempest-ShareIpRulesForNFSTest-1752542083 tempest-ShareIpRulesForNFSTest-1752542083-project-member] Lock "locked_access_rules_operation_by_share_instance_9ba71a05-e83c-4f2e-b1dc-20ea624891a0" "released" by "manila.share.access.locked_access_rules_operation..wrapped..locked_operation" :: held 0.050s {{(pid=83457) inner /opt/stack/data/venv/lib/python3.12/site-packages/oslo_concurrency/lockutils.py:538}}
Feb 19 01:38:12.545951 np0000156434 devstack@m-api.service[83457]: INFO manila.api.openstack.wsgi [None req-39b328e9-f6ed-4a59-885a-72c39096b213 tempest-ShareIpRulesForNFSTest-1752542083 tempest-ShareIpRulesForNFSTest-1752542083-project-member] https://[::1]/share/v2/894e0f0665954071938dc96a1e8c206b/shares/470b3532-a131-492a-ac49-991533bdff0b/action returned with HTTP 200
Feb 19 01:38:12.548845 np0000156434 devstack@m-api.service[83457]: [pid: 83457|app: 0|req: 403/821] ::1 () {70 vars in 1490 bytes} [Thu Feb 19 01:38:12 2026] POST /share/v2/894e0f0665954071938dc96a1e8c206b/shares/470b3532-a131-492a-ac49-991533bdff0b/action => generated 336 bytes in 216 msecs (HTTP/1.1 200) 7 headers in 297 bytes (2 switches on core 0)
Feb 19 01:38:12.551858 np0000156434 devstack@m-api.service[83458]: INFO manila.api.openstack.wsgi [None req-69013fa8-5a2d-4984-8712-dc1743f767c8 tempest-RevertToSnapshotTest-1532265850 tempest-RevertToSnapshotTest-1532265850-project-member] https://[::1]/share/v2/a0420612606f4574aa8aec6a3b4ac53c/shares/8b85ecb4-0dc2-4d29-9777-83049069f647 returned with HTTP 200
Feb 19 01:38:12.554612 np0000156434 devstack@m-api.service[83458]: [pid: 83458|app: 0|req: 419/822] ::1 () {68 vars in 1447 bytes} [Thu Feb 19 01:38:12 2026] GET /share/v2/a0420612606f4574aa8aec6a3b4ac53c/shares/8b85ecb4-0dc2-4d29-9777-83049069f647 => generated 1331 bytes in 72 msecs (HTTP/1.1 200) 7 headers in 298 bytes (1 switches on core 0)
Feb 19 01:38:12.610762 np0000156434 devstack@m-api.service[83457]: INFO manila.api.openstack.wsgi [None req-c81b6d10-740d-44ee-a987-39420df9c51e tempest-ShareIpRulesForNFSTest-1752542083 tempest-ShareIpRulesForNFSTest-1752542083-project-member] GET https://[::1]/share/v2/894e0f0665954071938dc96a1e8c206b/share-access-rules?share_id=470b3532-a131-492a-ac49-991533bdff0b
Feb 19 01:38:12.611085 np0000156434 devstack@m-api.service[83457]: DEBUG manila.api.openstack.wsgi [None req-c81b6d10-740d-44ee-a987-39420df9c51e tempest-ShareIpRulesForNFSTest-1752542083 tempest-ShareIpRulesForNFSTest-1752542083-project-member] Empty body provided in request {{(pid=83457) get_body /opt/stack/manila/manila/api/openstack/wsgi.py:652}}
Feb 19 01:38:12.611340 np0000156434 devstack@m-api.service[83457]: DEBUG manila.api.openstack.wsgi [None req-c81b6d10-740d-44ee-a987-39420df9c51e tempest-ShareIpRulesForNFSTest-1752542083 tempest-ShareIpRulesForNFSTest-1752542083-project-member] Calling method 'Controller.__getattribute__..version_select' {{(pid=83457) _process_stack /opt/stack/manila/manila/api/openstack/wsgi.py:798}}
Feb 19 01:38:12.638216 np0000156434 devstack@m-api.service[83457]: DEBUG manila.lock.api [None req-c81b6d10-740d-44ee-a987-39420df9c51e tempest-ShareIpRulesForNFSTest-1752542083 tempest-ShareIpRulesForNFSTest-1752542083-project-member] Searching for locks by: {'resource_id': '29cc5906-2b3a-472d-b042-46434e250ac4', 'resource_action': 'show', 'resource_type': 'access_rule', 'all_projects': True} {{(pid=83457) get_all /opt/stack/manila/manila/lock/api.py:112}}
Feb 19 01:38:12.642559 np0000156434 devstack@m-api.service[83457]: INFO manila.api.openstack.wsgi [None req-c81b6d10-740d-44ee-a987-39420df9c51e tempest-ShareIpRulesForNFSTest-1752542083 tempest-ShareIpRulesForNFSTest-1752542083-project-member] https://[::1]/share/v2/894e0f0665954071938dc96a1e8c206b/share-access-rules?share_id=470b3532-a131-492a-ac49-991533bdff0b returned with HTTP 200
Feb 19 01:38:12.642559 np0000156434 devstack@m-api.service[83457]: [pid: 83457|app: 0|req: 404/823] ::1 () {68 vars in 1463 bytes} [Thu Feb 19 01:38:12 2026] GET /share/v2/894e0f0665954071938dc96a1e8c206b/share-access-rules?share_id=470b3532-a131-492a-ac49-991533bdff0b => generated 291 bytes in 34 msecs (HTTP/1.1 200) 7 headers in 297 bytes (1 switches on core 0)
Feb 19 01:38:13.729320 np0000156434 devstack@m-api.service[83458]: INFO manila.api.openstack.wsgi [None req-e7e89aef-e566-4ab9-aacb-940230085995 tempest-SharesCIFSTest-512567243 tempest-SharesCIFSTest-512567243-project-member] GET https://[::1]/share/v2/f965e086ed7a45b7b827f5e87b69987e/shares/1f996d9c-5c44-4082-872c-ab6caf568cef
Feb 19 01:38:13.729320 np0000156434 devstack@m-api.service[83458]: DEBUG manila.api.openstack.wsgi [None req-e7e89aef-e566-4ab9-aacb-940230085995 tempest-SharesCIFSTest-512567243 tempest-SharesCIFSTest-512567243-project-member] Empty body provided in request {{(pid=83458) get_body /opt/stack/manila/manila/api/openstack/wsgi.py:652}}
Feb 19 01:38:13.729320 np0000156434 devstack@m-api.service[83458]: DEBUG manila.api.openstack.wsgi [None req-e7e89aef-e566-4ab9-aacb-940230085995 tempest-SharesCIFSTest-512567243 tempest-SharesCIFSTest-512567243-project-member] Calling method 'ShareMixin.show' {{(pid=83458) _process_stack /opt/stack/manila/manila/api/openstack/wsgi.py:798}}
Feb 19 01:38:13.742949 np0000156434 devstack@m-api.service[83458]: INFO manila.api.openstack.wsgi [None req-e7e89aef-e566-4ab9-aacb-940230085995 tempest-SharesCIFSTest-512567243 tempest-SharesCIFSTest-512567243-project-member] https://[::1]/share/v2/f965e086ed7a45b7b827f5e87b69987e/shares/1f996d9c-5c44-4082-872c-ab6caf568cef returned with HTTP 200
Feb 19 01:38:13.743457 np0000156434 devstack@m-api.service[83458]: [pid: 83458|app: 0|req: 420/824] ::1 () {68 vars in 1447 bytes} [Thu Feb 19 01:38:13 2026] GET /share/v2/f965e086ed7a45b7b827f5e87b69987e/shares/1f996d9c-5c44-4082-872c-ab6caf568cef => generated 1342 bytes in 20 msecs (HTTP/1.1 200) 7 headers in 298 bytes (1 switches on core 0)
Feb 19 01:38:13.753276 np0000156434 devstack@m-api.service[83457]: INFO manila.api.openstack.wsgi [None req-9cf315a5-bd6d-4dd2-bdf7-da2eef5b92a2 tempest-SharesCIFSTest-512567243 tempest-SharesCIFSTest-512567243-project-member] POST https://[::1]/share/v2/f965e086ed7a45b7b827f5e87b69987e/snapshots
Feb 19 01:38:13.753626 np0000156434 devstack@m-api.service[83457]: DEBUG manila.api.openstack.wsgi [None req-9cf315a5-bd6d-4dd2-bdf7-da2eef5b92a2 tempest-SharesCIFSTest-512567243 tempest-SharesCIFSTest-512567243-project-member] Action: 'create', calling method: ShareSnapshotMixin.create, body: {"snapshot": {"name": "tempest-tempest-created-share-snap-1539489434", "force": false, "description": "Tempest's snapshot", "share_id": "1f996d9c-5c44-4082-872c-ab6caf568cef"}} {{(pid=83457) _process_stack /opt/stack/manila/manila/api/openstack/wsgi.py:796}}
Feb 19 01:38:13.765468 np0000156434 devstack@m-api.service[83457]: INFO manila.api.v2.share_snapshots [None req-9cf315a5-bd6d-4dd2-bdf7-da2eef5b92a2 tempest-SharesCIFSTest-512567243 tempest-SharesCIFSTest-512567243-project-member] Create snapshot from share 1f996d9c-5c44-4082-872c-ab6caf568cef
Feb 19 01:38:13.826238 np0000156434 devstack@m-api.service[83457]: DEBUG manila.quota [None req-9cf315a5-bd6d-4dd2-bdf7-da2eef5b92a2 tempest-SharesCIFSTest-512567243 tempest-SharesCIFSTest-512567243-project-member] Created reservations ['c78b4ede-0257-48c6-8287-ceada94e02f0', 'f9b7001f-f008-4ad2-91f6-b23bbae39a67', '5e7dd2b4-d8bc-4f54-aa47-562fe6088552', 'c63ef727-290a-42ce-b457-d35727c31e76'] {{(pid=83457) reserve /opt/stack/manila/manila/quota.py:1038}}
Feb 19 01:38:13.922319 np0000156434 devstack@m-api.service[83457]: DEBUG manila.quota [None req-9cf315a5-bd6d-4dd2-bdf7-da2eef5b92a2 tempest-SharesCIFSTest-512567243 tempest-SharesCIFSTest-512567243-project-member] Committed reservations ['c78b4ede-0257-48c6-8287-ceada94e02f0', 'f9b7001f-f008-4ad2-91f6-b23bbae39a67', '5e7dd2b4-d8bc-4f54-aa47-562fe6088552', 'c63ef727-290a-42ce-b457-d35727c31e76'] {{(pid=83457) commit /opt/stack/manila/manila/quota.py:1066}}
Feb 19 01:38:13.924344 np0000156434 devstack@m-api.service[83457]: INFO manila.api.openstack.wsgi [None req-9cf315a5-bd6d-4dd2-bdf7-da2eef5b92a2 tempest-SharesCIFSTest-512567243 tempest-SharesCIFSTest-512567243-project-member] https://[::1]/share/v2/f965e086ed7a45b7b827f5e87b69987e/snapshots returned with HTTP 202
Feb 19 01:38:13.926290 np0000156434 devstack@m-api.service[83457]: [pid: 83457|app: 0|req: 405/825] ::1 () {70 vars in 1367 bytes} [Thu Feb 19 01:38:13 2026] POST /share/v2/f965e086ed7a45b7b827f5e87b69987e/snapshots => generated 710 bytes in 174 msecs (HTTP/1.1 202) 7 headers in 303 bytes (1 switches on core 0)
Feb 19 01:38:13.947510 np0000156434 devstack@m-api.service[83458]: INFO manila.api.openstack.wsgi [None req-7e9d6466-de16-40b0-aa15-0406f8fdfa15 tempest-SharesCIFSTest-512567243 tempest-SharesCIFSTest-512567243-project-member] GET https://[::1]/share/v2/f965e086ed7a45b7b827f5e87b69987e/snapshots/bf5aad8a-0550-4aea-8eb3-ad040749b1d4
Feb 19 01:38:13.947919 np0000156434 devstack@m-api.service[83458]: DEBUG manila.api.openstack.wsgi [None req-7e9d6466-de16-40b0-aa15-0406f8fdfa15 tempest-SharesCIFSTest-512567243 tempest-SharesCIFSTest-512567243-project-member] Empty body provided in request {{(pid=83458) get_body /opt/stack/manila/manila/api/openstack/wsgi.py:652}}
Feb 19 01:38:13.948242 np0000156434 devstack@m-api.service[83458]: DEBUG manila.api.openstack.wsgi [None req-7e9d6466-de16-40b0-aa15-0406f8fdfa15 tempest-SharesCIFSTest-512567243 tempest-SharesCIFSTest-512567243-project-member] Calling method 'ShareSnapshotMixin.show' {{(pid=83458) _process_stack /opt/stack/manila/manila/api/openstack/wsgi.py:798}}
Feb 19 01:38:13.971574 np0000156434 devstack@m-api.service[83458]: INFO manila.api.openstack.wsgi [None req-7e9d6466-de16-40b0-aa15-0406f8fdfa15 tempest-SharesCIFSTest-512567243 tempest-SharesCIFSTest-512567243-project-member] https://[::1]/share/v2/f965e086ed7a45b7b827f5e87b69987e/snapshots/bf5aad8a-0550-4aea-8eb3-ad040749b1d4 returned with HTTP 200
Feb 19 01:38:13.972091 np0000156434 devstack@m-api.service[83458]: [pid: 83458|app: 0|req: 421/826] ::1 () {68 vars in 1456 bytes} [Thu Feb 19 01:38:13 2026] GET /share/v2/f965e086ed7a45b7b827f5e87b69987e/snapshots/bf5aad8a-0550-4aea-8eb3-ad040749b1d4 => generated 710 bytes in 33 msecs (HTTP/1.1 200) 7 headers in 297 bytes (1 switches on core 0)
Feb 19 01:38:15.576209 np0000156434 devstack@m-api.service[83457]: INFO manila.api.openstack.wsgi [None req-159fe689-57c8-4601-8300-e812b1a3ec0a tempest-RevertToSnapshotTest-1532265850 tempest-RevertToSnapshotTest-1532265850-project-member] GET https://[::1]/share/v2/a0420612606f4574aa8aec6a3b4ac53c/shares/8b85ecb4-0dc2-4d29-9777-83049069f647
Feb 19 01:38:15.584102 np0000156434 devstack@m-api.service[83457]: DEBUG manila.api.openstack.wsgi [None req-159fe689-57c8-4601-8300-e812b1a3ec0a tempest-RevertToSnapshotTest-1532265850 tempest-RevertToSnapshotTest-1532265850-project-member] Empty body provided in request {{(pid=83457) get_body /opt/stack/manila/manila/api/openstack/wsgi.py:652}}
Feb 19 01:38:15.584318 np0000156434 devstack@m-api.service[83457]: DEBUG manila.api.openstack.wsgi [None req-159fe689-57c8-4601-8300-e812b1a3ec0a tempest-RevertToSnapshotTest-1532265850 tempest-RevertToSnapshotTest-1532265850-project-member] Calling method 'ShareMixin.show' {{(pid=83457) _process_stack /opt/stack/manila/manila/api/openstack/wsgi.py:798}}
Feb 19 01:38:15.663243 np0000156434 devstack@m-api.service[83458]: INFO manila.api.openstack.wsgi [None req-b72df807-12eb-42c0-96e1-63d466065aa9 tempest-ShareIpRulesForNFSTest-1752542083 tempest-ShareIpRulesForNFSTest-1752542083-project-member] GET https://[::1]/share/v2/894e0f0665954071938dc96a1e8c206b/share-access-rules?share_id=470b3532-a131-492a-ac49-991533bdff0b
Feb 19 01:38:15.674331 np0000156434 devstack@m-api.service[83458]: DEBUG manila.api.openstack.wsgi [None req-b72df807-12eb-42c0-96e1-63d466065aa9 tempest-ShareIpRulesForNFSTest-1752542083 tempest-ShareIpRulesForNFSTest-1752542083-project-member] Empty body provided in request {{(pid=83458) get_body /opt/stack/manila/manila/api/openstack/wsgi.py:652}}
Feb 19 01:38:15.674331 np0000156434 devstack@m-api.service[83458]: DEBUG manila.api.openstack.wsgi [None req-b72df807-12eb-42c0-96e1-63d466065aa9 tempest-ShareIpRulesForNFSTest-1752542083 tempest-ShareIpRulesForNFSTest-1752542083-project-member] Calling method 'Controller.__getattribute__..version_select' {{(pid=83458) _process_stack /opt/stack/manila/manila/api/openstack/wsgi.py:798}}
Feb 19 01:38:15.675188 np0000156434 devstack@m-api.service[83457]: INFO manila.api.openstack.wsgi [None req-159fe689-57c8-4601-8300-e812b1a3ec0a tempest-RevertToSnapshotTest-1532265850 tempest-RevertToSnapshotTest-1532265850-project-member] https://[::1]/share/v2/a0420612606f4574aa8aec6a3b4ac53c/shares/8b85ecb4-0dc2-4d29-9777-83049069f647 returned with HTTP 200
Feb 19 01:38:15.680835 np0000156434 devstack@m-api.service[83457]: [pid: 83457|app: 0|req: 406/827] ::1 () {68 vars in 1447 bytes} [Thu Feb 19 01:38:15 2026] GET /share/v2/a0420612606f4574aa8aec6a3b4ac53c/shares/8b85ecb4-0dc2-4d29-9777-83049069f647 => generated 1331 bytes in 111 msecs (HTTP/1.1 200) 7 headers in 298 bytes (1 switches on core 0)
Feb 19 01:38:15.744837 np0000156434 devstack@m-api.service[83458]: DEBUG manila.lock.api [None req-b72df807-12eb-42c0-96e1-63d466065aa9 tempest-ShareIpRulesForNFSTest-1752542083 tempest-ShareIpRulesForNFSTest-1752542083-project-member] Searching for locks by: {'resource_id': '29cc5906-2b3a-472d-b042-46434e250ac4', 'resource_action': 'show', 'resource_type': 'access_rule', 'all_projects': True} {{(pid=83458) get_all /opt/stack/manila/manila/lock/api.py:112}}
Feb 19 01:38:15.750934 np0000156434 devstack@m-api.service[83458]: INFO manila.api.openstack.wsgi [None req-b72df807-12eb-42c0-96e1-63d466065aa9 tempest-ShareIpRulesForNFSTest-1752542083 tempest-ShareIpRulesForNFSTest-1752542083-project-member] https://[::1]/share/v2/894e0f0665954071938dc96a1e8c206b/share-access-rules?share_id=470b3532-a131-492a-ac49-991533bdff0b returned with HTTP 200
Feb 19 01:38:15.751493 np0000156434 devstack@m-api.service[83458]: [pid: 83458|app: 0|req: 422/828] ::1 () {68 vars in 1463 bytes} [Thu Feb 19 01:38:15 2026] GET /share/v2/894e0f0665954071938dc96a1e8c206b/share-access-rules?share_id=470b3532-a131-492a-ac49-991533bdff0b => generated 308 bytes in 100 msecs (HTTP/1.1 200) 7 headers in 297 bytes (1 switches on core 0)
Feb 19 01:38:17.007295 np0000156434 devstack@m-api.service[83457]: INFO manila.api.openstack.wsgi [None req-31d6b75f-ba8b-4cc5-9ba5-b2b054569c43 tempest-SharesCIFSTest-512567243 tempest-SharesCIFSTest-512567243-project-member] GET https://[::1]/share/v2/f965e086ed7a45b7b827f5e87b69987e/snapshots/bf5aad8a-0550-4aea-8eb3-ad040749b1d4
Feb 19 01:38:17.007295 np0000156434 devstack@m-api.service[83457]: DEBUG manila.api.openstack.wsgi [None req-31d6b75f-ba8b-4cc5-9ba5-b2b054569c43 tempest-SharesCIFSTest-512567243 tempest-SharesCIFSTest-512567243-project-member] Empty body provided in request {{(pid=83457) get_body /opt/stack/manila/manila/api/openstack/wsgi.py:652}}
Feb 19 01:38:17.007295 np0000156434 devstack@m-api.service[83457]: DEBUG manila.api.openstack.wsgi [None req-31d6b75f-ba8b-4cc5-9ba5-b2b054569c43 tempest-SharesCIFSTest-512567243 tempest-SharesCIFSTest-512567243-project-member] Calling method 'ShareSnapshotMixin.show' {{(pid=83457) _process_stack /opt/stack/manila/manila/api/openstack/wsgi.py:798}}
Feb 19 01:38:17.085314 np0000156434 devstack@m-api.service[83457]: INFO manila.api.openstack.wsgi [None req-31d6b75f-ba8b-4cc5-9ba5-b2b054569c43 tempest-SharesCIFSTest-512567243 tempest-SharesCIFSTest-512567243-project-member] https://[::1]/share/v2/f965e086ed7a45b7b827f5e87b69987e/snapshots/bf5aad8a-0550-4aea-8eb3-ad040749b1d4 returned with HTTP 200
Feb 19 01:38:17.087532 np0000156434 devstack@m-api.service[83457]: [pid: 83457|app: 0|req: 407/829] ::1 () {68 vars in 1456 bytes} [Thu Feb 19 01:38:16 2026] GET /share/v2/f965e086ed7a45b7b827f5e87b69987e/snapshots/bf5aad8a-0550-4aea-8eb3-ad040749b1d4 => generated 710 bytes in 100 msecs (HTTP/1.1 200) 7 headers in 297 bytes (1 switches on core 0)
Feb 19 01:38:18.700094 np0000156434 devstack@m-api.service[83458]: INFO manila.api.openstack.wsgi [None req-985970df-647d-4113-8f99-903b29136ffd tempest-RevertToSnapshotTest-1532265850 tempest-RevertToSnapshotTest-1532265850-project-member] GET https://[::1]/share/v2/a0420612606f4574aa8aec6a3b4ac53c/shares/8b85ecb4-0dc2-4d29-9777-83049069f647
Feb 19 01:38:18.701131 np0000156434 devstack@m-api.service[83458]: DEBUG manila.api.openstack.wsgi [None req-985970df-647d-4113-8f99-903b29136ffd tempest-RevertToSnapshotTest-1532265850 tempest-RevertToSnapshotTest-1532265850-project-member] Empty body provided in request {{(pid=83458) get_body /opt/stack/manila/manila/api/openstack/wsgi.py:652}}
Feb 19 01:38:18.701131 np0000156434 devstack@m-api.service[83458]: DEBUG manila.api.openstack.wsgi [None req-985970df-647d-4113-8f99-903b29136ffd tempest-RevertToSnapshotTest-1532265850 tempest-RevertToSnapshotTest-1532265850-project-member] Calling method 'ShareMixin.show' {{(pid=83458) _process_stack /opt/stack/manila/manila/api/openstack/wsgi.py:798}}
Feb 19 01:38:18.721909 np0000156434 devstack@m-api.service[83458]: INFO manila.api.openstack.wsgi [None req-985970df-647d-4113-8f99-903b29136ffd tempest-RevertToSnapshotTest-1532265850 tempest-RevertToSnapshotTest-1532265850-project-member] https://[::1]/share/v2/a0420612606f4574aa8aec6a3b4ac53c/shares/8b85ecb4-0dc2-4d29-9777-83049069f647 returned with HTTP 200
Feb 19 01:38:18.722445 np0000156434 devstack@m-api.service[83458]: [pid: 83458|app: 0|req: 423/830] ::1 () {68 vars in 1447 bytes} [Thu Feb 19 01:38:18 2026] GET /share/v2/a0420612606f4574aa8aec6a3b4ac53c/shares/8b85ecb4-0dc2-4d29-9777-83049069f647 => generated 1331 bytes in 25 msecs (HTTP/1.1 200) 7 headers in 298 bytes (1 switches on core 0)
Feb 19 01:38:18.733304 np0000156434 devstack@m-api.service[83457]: INFO manila.api.openstack.wsgi [None req-1a152477-574f-40cb-b98f-1b2f522766bb tempest-RevertToSnapshotTest-1532265850 tempest-RevertToSnapshotTest-1532265850-project-member] GET https://[::1]/share/v2/a0420612606f4574aa8aec6a3b4ac53c/snapshots/be398d5a-e73e-4185-9b41-4c40049cfd1d
Feb 19 01:38:18.733304 np0000156434 devstack@m-api.service[83457]: DEBUG manila.api.openstack.wsgi [None req-1a152477-574f-40cb-b98f-1b2f522766bb tempest-RevertToSnapshotTest-1532265850 tempest-RevertToSnapshotTest-1532265850-project-member] Empty body provided in request {{(pid=83457) get_body /opt/stack/manila/manila/api/openstack/wsgi.py:652}}
Feb 19 01:38:18.733304 np0000156434 devstack@m-api.service[83457]: DEBUG manila.api.openstack.wsgi [None req-1a152477-574f-40cb-b98f-1b2f522766bb tempest-RevertToSnapshotTest-1532265850 tempest-RevertToSnapshotTest-1532265850-project-member] Calling method 'ShareSnapshotMixin.show' {{(pid=83457) _process_stack /opt/stack/manila/manila/api/openstack/wsgi.py:798}}
Feb 19 01:38:18.761596 np0000156434 devstack@m-api.service[83457]: INFO manila.api.openstack.wsgi [None req-1a152477-574f-40cb-b98f-1b2f522766bb tempest-RevertToSnapshotTest-1532265850 tempest-RevertToSnapshotTest-1532265850-project-member] https://[::1]/share/v2/a0420612606f4574aa8aec6a3b4ac53c/snapshots/be398d5a-e73e-4185-9b41-4c40049cfd1d returned with HTTP 200
Feb 19 01:38:18.761596 np0000156434 devstack@m-api.service[83457]: [pid: 83457|app: 0|req: 408/831] ::1 () {68 vars in 1456 bytes} [Thu Feb 19 01:38:18 2026] GET /share/v2/a0420612606f4574aa8aec6a3b4ac53c/snapshots/be398d5a-e73e-4185-9b41-4c40049cfd1d => generated 709 bytes in 31 msecs (HTTP/1.1 200) 7 headers in 297 bytes (1 switches on core 0)
Feb 19 01:38:18.769303 np0000156434 devstack@m-api.service[83458]: INFO manila.api.openstack.wsgi [None req-d8cff868-aeaa-48e4-8574-ae759d5fcc25 tempest-ShareIpRulesForNFSTest-1752542083 tempest-ShareIpRulesForNFSTest-1752542083-project-member] GET https://[::1]/share/v2/894e0f0665954071938dc96a1e8c206b/share-access-rules?share_id=470b3532-a131-492a-ac49-991533bdff0b
Feb 19 01:38:18.769303 np0000156434 devstack@m-api.service[83458]: DEBUG manila.api.openstack.wsgi [None req-d8cff868-aeaa-48e4-8574-ae759d5fcc25 tempest-ShareIpRulesForNFSTest-1752542083 tempest-ShareIpRulesForNFSTest-1752542083-project-member] Empty body provided in request {{(pid=83458) get_body /opt/stack/manila/manila/api/openstack/wsgi.py:652}}
Feb 19 01:38:18.769303 np0000156434 devstack@m-api.service[83458]: DEBUG manila.api.openstack.wsgi [None req-d8cff868-aeaa-48e4-8574-ae759d5fcc25 tempest-ShareIpRulesForNFSTest-1752542083 tempest-ShareIpRulesForNFSTest-1752542083-project-member] Calling method 'Controller.__getattribute__..version_select' {{(pid=83458) _process_stack /opt/stack/manila/manila/api/openstack/wsgi.py:798}}
Feb 19 01:38:18.783463 np0000156434 devstack@m-api.service[83457]: INFO manila.api.openstack.wsgi [None req-62cff8b3-d24e-4ac5-b6df-59b8f287ffa8 tempest-RevertToSnapshotTest-1532265850 tempest-RevertToSnapshotTest-1532265850-project-member] DELETE https://[::1]/share/v2/a0420612606f4574aa8aec6a3b4ac53c/snapshots/d8291681-3222-4b94-8fa7-8b7137ed80cb
Feb 19 01:38:18.786281 np0000156434 devstack@m-api.service[83457]: DEBUG manila.api.openstack.wsgi [None req-62cff8b3-d24e-4ac5-b6df-59b8f287ffa8 tempest-RevertToSnapshotTest-1532265850 tempest-RevertToSnapshotTest-1532265850-project-member] Empty body provided in request {{(pid=83457) get_body /opt/stack/manila/manila/api/openstack/wsgi.py:652}}
Feb 19 01:38:18.786281 np0000156434 devstack@m-api.service[83457]: DEBUG manila.api.openstack.wsgi [None req-62cff8b3-d24e-4ac5-b6df-59b8f287ffa8 tempest-RevertToSnapshotTest-1532265850 tempest-RevertToSnapshotTest-1532265850-project-member] Calling method 'ShareSnapshotMixin.delete' {{(pid=83457) _process_stack /opt/stack/manila/manila/api/openstack/wsgi.py:798}}
Feb 19 01:38:18.786281 np0000156434 devstack@m-api.service[83457]: INFO manila.api.v2.share_snapshots [None req-62cff8b3-d24e-4ac5-b6df-59b8f287ffa8 tempest-RevertToSnapshotTest-1532265850 tempest-RevertToSnapshotTest-1532265850-project-member] Delete snapshot with id: d8291681-3222-4b94-8fa7-8b7137ed80cb
Feb 19 01:38:18.795919 np0000156434 devstack@m-api.service[83457]: INFO manila.api.openstack.wsgi [None req-62cff8b3-d24e-4ac5-b6df-59b8f287ffa8 tempest-RevertToSnapshotTest-1532265850 tempest-RevertToSnapshotTest-1532265850-project-member] HTTP exception thrown: The resource could not be found.
Feb 19 01:38:18.797207 np0000156434 devstack@m-api.service[83457]: INFO manila.api.openstack.wsgi [None req-62cff8b3-d24e-4ac5-b6df-59b8f287ffa8 tempest-RevertToSnapshotTest-1532265850 tempest-RevertToSnapshotTest-1532265850-project-member] https://[::1]/share/v2/a0420612606f4574aa8aec6a3b4ac53c/snapshots/d8291681-3222-4b94-8fa7-8b7137ed80cb returned with HTTP 404
Feb 19 01:38:18.798305 np0000156434 devstack@m-api.service[83457]: [pid: 83457|app: 0|req: 409/832] ::1 () {68 vars in 1459 bytes} [Thu Feb 19 01:38:18 2026] DELETE /share/v2/a0420612606f4574aa8aec6a3b4ac53c/snapshots/d8291681-3222-4b94-8fa7-8b7137ed80cb => generated 78 bytes in 19 msecs (HTTP/1.1 404) 7 headers in 303 bytes (1 switches on core 0)
Feb 19 01:38:18.808960 np0000156434 devstack@m-api.service[83457]: INFO manila.api.openstack.wsgi [None req-752e8ab8-f08d-438d-8ff3-d862acf02acf tempest-RevertToSnapshotTest-1532265850 tempest-RevertToSnapshotTest-1532265850-project-member] DELETE https://[::1]/share/v2/a0420612606f4574aa8aec6a3b4ac53c/snapshots/be398d5a-e73e-4185-9b41-4c40049cfd1d
Feb 19 01:38:18.809298 np0000156434 devstack@m-api.service[83457]: DEBUG manila.api.openstack.wsgi [None req-752e8ab8-f08d-438d-8ff3-d862acf02acf tempest-RevertToSnapshotTest-1532265850 tempest-RevertToSnapshotTest-1532265850-project-member] Empty body provided in request {{(pid=83457) get_body /opt/stack/manila/manila/api/openstack/wsgi.py:652}}
Feb 19 01:38:18.809522 np0000156434 devstack@m-api.service[83457]: DEBUG manila.api.openstack.wsgi [None req-752e8ab8-f08d-438d-8ff3-d862acf02acf tempest-RevertToSnapshotTest-1532265850 tempest-RevertToSnapshotTest-1532265850-project-member] Calling method 'ShareSnapshotMixin.delete' {{(pid=83457) _process_stack /opt/stack/manila/manila/api/openstack/wsgi.py:798}}
Feb 19 01:38:18.809705 np0000156434 devstack@m-api.service[83457]: INFO manila.api.v2.share_snapshots [None req-752e8ab8-f08d-438d-8ff3-d862acf02acf tempest-RevertToSnapshotTest-1532265850 tempest-RevertToSnapshotTest-1532265850-project-member] Delete snapshot with id: be398d5a-e73e-4185-9b41-4c40049cfd1d
Feb 19 01:38:18.827476 np0000156434 devstack@m-api.service[83458]: DEBUG manila.lock.api [None req-d8cff868-aeaa-48e4-8574-ae759d5fcc25 tempest-ShareIpRulesForNFSTest-1752542083 tempest-ShareIpRulesForNFSTest-1752542083-project-member] Searching for locks by: {'resource_id': '29cc5906-2b3a-472d-b042-46434e250ac4', 'resource_action': 'show', 'resource_type': 'access_rule', 'all_projects': True} {{(pid=83458) get_all /opt/stack/manila/manila/lock/api.py:112}}
Feb 19 01:38:18.834289 np0000156434 devstack@m-api.service[83458]: INFO manila.api.openstack.wsgi [None req-d8cff868-aeaa-48e4-8574-ae759d5fcc25 tempest-ShareIpRulesForNFSTest-1752542083 tempest-ShareIpRulesForNFSTest-1752542083-project-member] https://[::1]/share/v2/894e0f0665954071938dc96a1e8c206b/share-access-rules?share_id=470b3532-a131-492a-ac49-991533bdff0b returned with HTTP 200
Feb 19 01:38:18.834677 np0000156434 devstack@m-api.service[83458]: [pid: 83458|app: 0|req: 424/833] ::1 () {68 vars in 1463 bytes} [Thu Feb 19 01:38:18 2026] GET /share/v2/894e0f0665954071938dc96a1e8c206b/share-access-rules?share_id=470b3532-a131-492a-ac49-991533bdff0b => generated 308 bytes in 74 msecs (HTTP/1.1 200) 7 headers in 297 bytes (1 switches on core 0)
Feb 19 01:38:18.876006 np0000156434 devstack@m-api.service[83457]: INFO manila.api.openstack.wsgi [None req-752e8ab8-f08d-438d-8ff3-d862acf02acf tempest-RevertToSnapshotTest-1532265850 tempest-RevertToSnapshotTest-1532265850-project-member] https://[::1]/share/v2/a0420612606f4574aa8aec6a3b4ac53c/snapshots/be398d5a-e73e-4185-9b41-4c40049cfd1d returned with HTTP 202
Feb 19 01:38:18.876006 np0000156434 devstack@m-api.service[83457]: [pid: 83457|app: 0|req: 410/834] ::1 () {68 vars in 1459 bytes} [Thu Feb 19 01:38:18 2026] DELETE /share/v2/a0420612606f4574aa8aec6a3b4ac53c/snapshots/be398d5a-e73e-4185-9b41-4c40049cfd1d => generated 0 bytes in 71 msecs (HTTP/1.1 202) 7 headers in 309 bytes (1 switches on core 0)
Feb 19 01:38:18.897001 np0000156434 devstack@m-api.service[83458]: INFO manila.api.openstack.wsgi [None req-1b4d0c86-ec32-4c31-b11a-dd91c31c6911 tempest-RevertToSnapshotTest-1532265850 tempest-RevertToSnapshotTest-1532265850-project-member] GET https://[::1]/share/v2/a0420612606f4574aa8aec6a3b4ac53c/snapshots/be398d5a-e73e-4185-9b41-4c40049cfd1d
Feb 19 01:38:18.897001 np0000156434 devstack@m-api.service[83458]: DEBUG manila.api.openstack.wsgi [None req-1b4d0c86-ec32-4c31-b11a-dd91c31c6911 tempest-RevertToSnapshotTest-1532265850 tempest-RevertToSnapshotTest-1532265850-project-member] Empty body provided in request {{(pid=83458) get_body /opt/stack/manila/manila/api/openstack/wsgi.py:652}}
Feb 19 01:38:18.897001 np0000156434 devstack@m-api.service[83458]: DEBUG manila.api.openstack.wsgi [None req-1b4d0c86-ec32-4c31-b11a-dd91c31c6911 tempest-RevertToSnapshotTest-1532265850 tempest-RevertToSnapshotTest-1532265850-project-member] Calling method 'ShareSnapshotMixin.show' {{(pid=83458) _process_stack /opt/stack/manila/manila/api/openstack/wsgi.py:798}}
Feb 19 01:38:18.925046 np0000156434 devstack@m-api.service[83458]: INFO manila.api.openstack.wsgi [None req-1b4d0c86-ec32-4c31-b11a-dd91c31c6911 tempest-RevertToSnapshotTest-1532265850 tempest-RevertToSnapshotTest-1532265850-project-member] https://[::1]/share/v2/a0420612606f4574aa8aec6a3b4ac53c/snapshots/be398d5a-e73e-4185-9b41-4c40049cfd1d returned with HTTP 200
Feb 19 01:38:18.925046 np0000156434 devstack@m-api.service[83458]: [pid: 83458|app: 0|req: 425/835] ::1 () {68 vars in 1456 bytes} [Thu Feb 19 01:38:18 2026] GET /share/v2/a0420612606f4574aa8aec6a3b4ac53c/snapshots/be398d5a-e73e-4185-9b41-4c40049cfd1d => generated 708 bytes in 34 msecs (HTTP/1.1 200) 7 headers in 297 bytes (1 switches on core 0)
Feb 19 01:38:20.109334 np0000156434 devstack@m-api.service[83457]: INFO manila.api.openstack.wsgi [None req-d80cdc6f-a7a0-40e0-afab-d9efa1671b85 tempest-SharesCIFSTest-512567243 tempest-SharesCIFSTest-512567243-project-member] GET https://[::1]/share/v2/f965e086ed7a45b7b827f5e87b69987e/snapshots/bf5aad8a-0550-4aea-8eb3-ad040749b1d4
Feb 19 01:38:20.109883 np0000156434 devstack@m-api.service[83457]: DEBUG manila.api.openstack.wsgi [None req-d80cdc6f-a7a0-40e0-afab-d9efa1671b85 tempest-SharesCIFSTest-512567243 tempest-SharesCIFSTest-512567243-project-member] Empty body provided in request {{(pid=83457) get_body /opt/stack/manila/manila/api/openstack/wsgi.py:652}}
Feb 19 01:38:20.110145 np0000156434 devstack@m-api.service[83457]: DEBUG manila.api.openstack.wsgi [None req-d80cdc6f-a7a0-40e0-afab-d9efa1671b85 tempest-SharesCIFSTest-512567243 tempest-SharesCIFSTest-512567243-project-member] Calling method 'ShareSnapshotMixin.show' {{(pid=83457) _process_stack /opt/stack/manila/manila/api/openstack/wsgi.py:798}}
Feb 19 01:38:20.166024 np0000156434 devstack@m-api.service[83457]: INFO manila.api.openstack.wsgi [None req-d80cdc6f-a7a0-40e0-afab-d9efa1671b85 tempest-SharesCIFSTest-512567243 tempest-SharesCIFSTest-512567243-project-member] https://[::1]/share/v2/f965e086ed7a45b7b827f5e87b69987e/snapshots/bf5aad8a-0550-4aea-8eb3-ad040749b1d4 returned with HTTP 200
Feb 19 01:38:20.166577 np0000156434 devstack@m-api.service[83457]: [pid: 83457|app: 0|req: 411/836] ::1 () {68 vars in 1456 bytes} [Thu Feb 19 01:38:20 2026] GET /share/v2/f965e086ed7a45b7b827f5e87b69987e/snapshots/bf5aad8a-0550-4aea-8eb3-ad040749b1d4 => generated 711 bytes in 67 msecs (HTTP/1.1 200) 7 headers in 297 bytes (2 switches on core 0)
Feb 19 01:38:20.176764 np0000156434 devstack@m-api.service[83458]: INFO manila.api.openstack.wsgi [None req-d2cc818e-9af8-40ae-baae-323efc152b43 tempest-SharesCIFSTest-512567243 tempest-SharesCIFSTest-512567243-project-member] DELETE https://[::1]/share/v2/f965e086ed7a45b7b827f5e87b69987e/snapshots/bf5aad8a-0550-4aea-8eb3-ad040749b1d4
Feb 19 01:38:20.177314 np0000156434 devstack@m-api.service[83458]: DEBUG manila.api.openstack.wsgi [None req-d2cc818e-9af8-40ae-baae-323efc152b43 tempest-SharesCIFSTest-512567243 tempest-SharesCIFSTest-512567243-project-member] Empty body provided in request {{(pid=83458) get_body /opt/stack/manila/manila/api/openstack/wsgi.py:652}}
Feb 19 01:38:20.177545 np0000156434 devstack@m-api.service[83458]: DEBUG manila.api.openstack.wsgi [None req-d2cc818e-9af8-40ae-baae-323efc152b43 tempest-SharesCIFSTest-512567243 tempest-SharesCIFSTest-512567243-project-member] Calling method 'ShareSnapshotMixin.delete' {{(pid=83458) _process_stack /opt/stack/manila/manila/api/openstack/wsgi.py:798}}
Feb 19 01:38:20.177730 np0000156434 devstack@m-api.service[83458]: INFO manila.api.v2.share_snapshots [None req-d2cc818e-9af8-40ae-baae-323efc152b43 tempest-SharesCIFSTest-512567243 tempest-SharesCIFSTest-512567243-project-member] Delete snapshot with id: bf5aad8a-0550-4aea-8eb3-ad040749b1d4
Feb 19 01:38:20.274630 np0000156434 devstack@m-api.service[83458]: INFO manila.api.openstack.wsgi [None req-d2cc818e-9af8-40ae-baae-323efc152b43 tempest-SharesCIFSTest-512567243 tempest-SharesCIFSTest-512567243-project-member] https://[::1]/share/v2/f965e086ed7a45b7b827f5e87b69987e/snapshots/bf5aad8a-0550-4aea-8eb3-ad040749b1d4 returned with HTTP 202
Feb 19 01:38:20.276199 np0000156434 devstack@m-api.service[83458]: [pid: 83458|app: 0|req: 426/837] ::1 () {68 vars in 1459 bytes} [Thu Feb 19 01:38:20 2026] DELETE /share/v2/f965e086ed7a45b7b827f5e87b69987e/snapshots/bf5aad8a-0550-4aea-8eb3-ad040749b1d4 => generated 0 bytes in 101 msecs (HTTP/1.1 202) 7 headers in 309 bytes (1 switches on core 0)
Feb 19 01:38:20.285017 np0000156434 devstack@m-api.service[83457]: INFO manila.api.openstack.wsgi [None req-9e66b82d-49d5-44db-8014-b41e4ecc802a tempest-SharesCIFSTest-512567243 tempest-SharesCIFSTest-512567243-project-member] GET https://[::1]/share/v2/f965e086ed7a45b7b827f5e87b69987e/snapshots/bf5aad8a-0550-4aea-8eb3-ad040749b1d4
Feb 19 01:38:20.285017 np0000156434 devstack@m-api.service[83457]: DEBUG manila.api.openstack.wsgi [None req-9e66b82d-49d5-44db-8014-b41e4ecc802a tempest-SharesCIFSTest-512567243 tempest-SharesCIFSTest-512567243-project-member] Empty body provided in request {{(pid=83457) get_body /opt/stack/manila/manila/api/openstack/wsgi.py:652}}
