Feb 19 01:38:26.901090 np0000156434 devstack@m-api.service[83457]: DEBUG manila.api.openstack.wsgi [None req-c15d1ae7-a3ea-4bbc-807c-bb0d0896e086 tempest-SharesCIFSTest-512567243 tempest-SharesCIFSTest-512567243-project-member] Action: 'create', calling method: Controller.__getattribute__..version_select, body: {"share": {"share_proto": "cifs", "description": "Tempest's share", "snapshot_id": null, "name": "tempest-tempest-created-share-1007197257", "size": 1, "metadata": {}, "is_public": false, "share_type": "6916362e-9f7f-48c0-93fa-089b091b16c5"}} {{(pid=83457) _process_stack /opt/stack/manila/manila/api/openstack/wsgi.py:796}}
Feb 19 01:38:26.901822 np0000156434 devstack@m-api.service[83457]: INFO manila.api.v2.shares [None req-c15d1ae7-a3ea-4bbc-807c-bb0d0896e086 tempest-SharesCIFSTest-512567243 tempest-SharesCIFSTest-512567243-project-member] Create CIFS share of 1 GB
Feb 19 01:38:26.974480 np0000156434 devstack@m-api.service[83457]: DEBUG manila.quota [None req-c15d1ae7-a3ea-4bbc-807c-bb0d0896e086 tempest-SharesCIFSTest-512567243 tempest-SharesCIFSTest-512567243-project-member] Created reservations ['e6f91da3-e664-4b1c-9800-abe725e971b0', 'dac05e55-6a31-412f-8803-483a871cc4e5', 'c5d6eb8b-9556-4107-8c7d-73ac9ca913dd', 'e821e624-bae6-47a3-a33d-40a5a0a9cd58'] {{(pid=83457) reserve /opt/stack/manila/manila/quota.py:1038}}
Feb 19 01:38:27.010641 np0000156434 devstack@m-api.service[83457]: DEBUG manila.quota [None req-c15d1ae7-a3ea-4bbc-807c-bb0d0896e086 tempest-SharesCIFSTest-512567243 tempest-SharesCIFSTest-512567243-project-member] Committed reservations ['e6f91da3-e664-4b1c-9800-abe725e971b0', 'dac05e55-6a31-412f-8803-483a871cc4e5', 'c5d6eb8b-9556-4107-8c7d-73ac9ca913dd', 'e821e624-bae6-47a3-a33d-40a5a0a9cd58'] {{(pid=83457) commit /opt/stack/manila/manila/quota.py:1066}}
Feb 19 01:38:27.070331 np0000156434 devstack@m-api.service[83457]: INFO manila.api.openstack.wsgi [None req-c15d1ae7-a3ea-4bbc-807c-bb0d0896e086 tempest-SharesCIFSTest-512567243 tempest-SharesCIFSTest-512567243-project-member] https://[::1]/share/v2/f965e086ed7a45b7b827f5e87b69987e/shares returned with HTTP 200
Feb 19 01:38:27.070960 np0000156434 devstack@m-api.service[83457]: [pid: 83457|app: 0|req: 422/860] ::1 () {70 vars in 1358 bytes} [Thu Feb 19 01:38:26 2026] POST /share/v2/f965e086ed7a45b7b827f5e87b69987e/shares => generated 1329 bytes in 176 msecs (HTTP/1.1 200) 7 headers in 298 bytes (1 switches on core 0)
Feb 19 01:38:27.096093 np0000156434 devstack@m-api.service[83458]: INFO manila.api.openstack.wsgi [None req-462bbb18-6bbc-4dae-8ed7-8dd49245f8b8 tempest-SharesCIFSTest-512567243 tempest-SharesCIFSTest-512567243-project-member] GET https://[::1]/share/v2/f965e086ed7a45b7b827f5e87b69987e/shares/71f9f78b-6fcb-4f51-ad99-1d1c62ab3145
Feb 19 01:38:27.097305 np0000156434 devstack@m-api.service[83458]: DEBUG manila.api.openstack.wsgi [None req-462bbb18-6bbc-4dae-8ed7-8dd49245f8b8 tempest-SharesCIFSTest-512567243 tempest-SharesCIFSTest-512567243-project-member] Empty body provided in request {{(pid=83458) get_body /opt/stack/manila/manila/api/openstack/wsgi.py:652}}
Feb 19 01:38:27.102594 np0000156434 devstack@m-api.service[83458]: DEBUG manila.api.openstack.wsgi [None req-462bbb18-6bbc-4dae-8ed7-8dd49245f8b8 tempest-SharesCIFSTest-512567243 tempest-SharesCIFSTest-512567243-project-member] Calling method 'ShareMixin.show' {{(pid=83458) _process_stack /opt/stack/manila/manila/api/openstack/wsgi.py:798}}
Feb 19 01:38:27.129638 np0000156434 devstack@m-api.service[83458]: INFO manila.api.openstack.wsgi [None req-462bbb18-6bbc-4dae-8ed7-8dd49245f8b8 tempest-SharesCIFSTest-512567243 tempest-SharesCIFSTest-512567243-project-member] https://[::1]/share/v2/f965e086ed7a45b7b827f5e87b69987e/shares/71f9f78b-6fcb-4f51-ad99-1d1c62ab3145 returned with HTTP 200
Feb 19 01:38:27.130318 np0000156434 devstack@m-api.service[83458]: [pid: 83458|app: 0|req: 439/861] ::1 () {68 vars in 1447 bytes} [Thu Feb 19 01:38:27 2026] GET /share/v2/f965e086ed7a45b7b827f5e87b69987e/shares/71f9f78b-6fcb-4f51-ad99-1d1c62ab3145 => generated 1329 bytes in 42 msecs (HTTP/1.1 200) 7 headers in 298 bytes (1 switches on core 0)
Feb 19 01:38:28.460315 np0000156434 devstack@m-api.service[83457]: INFO manila.api.openstack.wsgi [None req-8617b39a-675c-409c-b815-27cb8b25d21a tempest-ShareIpRulesForNFSTest-1752542083 tempest-ShareIpRulesForNFSTest-1752542083-project-member] POST https://[::1]/share/v2/894e0f0665954071938dc96a1e8c206b/shares/470b3532-a131-492a-ac49-991533bdff0b/action
Feb 19 01:38:28.460315 np0000156434 devstack@m-api.service[83457]: DEBUG manila.api.openstack.wsgi [None req-8617b39a-675c-409c-b815-27cb8b25d21a tempest-ShareIpRulesForNFSTest-1752542083 tempest-ShareIpRulesForNFSTest-1752542083-project-member] Action body: b'{"access_list": null}' {{(pid=83457) get_method /opt/stack/manila/manila/api/openstack/wsgi.py:912}}
Feb 19 01:38:28.460315 np0000156434 devstack@m-api.service[83457]: DEBUG manila.api.openstack.wsgi [None req-8617b39a-675c-409c-b815-27cb8b25d21a tempest-ShareIpRulesForNFSTest-1752542083 tempest-ShareIpRulesForNFSTest-1752542083-project-member] Action: 'action', calling method: ShareController.access_list, body: {"access_list": null} {{(pid=83457) _process_stack /opt/stack/manila/manila/api/openstack/wsgi.py:796}}
Feb 19 01:38:28.498298 np0000156434 devstack@m-api.service[83457]: INFO manila.api.openstack.wsgi [None req-8617b39a-675c-409c-b815-27cb8b25d21a tempest-ShareIpRulesForNFSTest-1752542083 tempest-ShareIpRulesForNFSTest-1752542083-project-member] https://[::1]/share/v2/894e0f0665954071938dc96a1e8c206b/shares/470b3532-a131-492a-ac49-991533bdff0b/action returned with HTTP 200
Feb 19 01:38:28.498298 np0000156434 devstack@m-api.service[83457]: [pid: 83457|app: 0|req: 423/862] ::1 () {70 vars in 1488 bytes} [Thu Feb 19 01:38:28 2026] POST /share/v2/894e0f0665954071938dc96a1e8c206b/shares/470b3532-a131-492a-ac49-991533bdff0b/action => generated 151 bytes in 42 msecs (HTTP/1.1 200) 7 headers in 296 bytes (2 switches on core 0)
Feb 19 01:38:28.507931 np0000156434 devstack@m-api.service[83458]: INFO manila.api.openstack.wsgi [None req-b646ea37-1f5d-4a18-a913-6bf660b31761 tempest-ShareIpRulesForNFSTest-1752542083 tempest-ShareIpRulesForNFSTest-1752542083-project-member] POST https://[::1]/share/v2/894e0f0665954071938dc96a1e8c206b/shares/470b3532-a131-492a-ac49-991533bdff0b/action
Feb 19 01:38:28.508286 np0000156434 devstack@m-api.service[83458]: DEBUG manila.api.openstack.wsgi [None req-b646ea37-1f5d-4a18-a913-6bf660b31761 tempest-ShareIpRulesForNFSTest-1752542083 tempest-ShareIpRulesForNFSTest-1752542083-project-member] Action body: b'{"deny_access": {"access_id": "3b709a6b-f26c-4160-b746-c66488e01367"}}' {{(pid=83458) get_method /opt/stack/manila/manila/api/openstack/wsgi.py:912}}
Feb 19 01:38:28.510133 np0000156434 devstack@m-api.service[83458]: DEBUG manila.api.openstack.wsgi [None req-b646ea37-1f5d-4a18-a913-6bf660b31761 tempest-ShareIpRulesForNFSTest-1752542083 tempest-ShareIpRulesForNFSTest-1752542083-project-member] Action: 'action', calling method: ShareController.deny_access, body: {"deny_access": {"access_id": "3b709a6b-f26c-4160-b746-c66488e01367"}} {{(pid=83458) _process_stack /opt/stack/manila/manila/api/openstack/wsgi.py:796}}
Feb 19 01:38:28.510133 np0000156434 devstack@m-api.service[83458]: DEBUG manila.lock.api [None req-b646ea37-1f5d-4a18-a913-6bf660b31761 tempest-ShareIpRulesForNFSTest-1752542083 tempest-ShareIpRulesForNFSTest-1752542083-project-member] Searching for locks by: {'resource_id': '3b709a6b-f26c-4160-b746-c66488e01367', 'resource_action': 'delete', 'all_projects': True} {{(pid=83458) get_all /opt/stack/manila/manila/lock/api.py:112}}
Feb 19 01:38:28.564996 np0000156434 devstack@m-api.service[83458]: DEBUG oslo_concurrency.lockutils [None req-b646ea37-1f5d-4a18-a913-6bf660b31761 tempest-ShareIpRulesForNFSTest-1752542083 tempest-ShareIpRulesForNFSTest-1752542083-project-member] Acquiring lock "locked_access_rules_operation_by_share_instance_9ba71a05-e83c-4f2e-b1dc-20ea624891a0" by "manila.share.access.locked_access_rules_operation..wrapped..locked_operation" {{(pid=83458) inner /opt/stack/data/venv/lib/python3.12/site-packages/oslo_concurrency/lockutils.py:506}}
Feb 19 01:38:28.565604 np0000156434 devstack@m-api.service[83458]: DEBUG oslo_concurrency.lockutils [None req-b646ea37-1f5d-4a18-a913-6bf660b31761 tempest-ShareIpRulesForNFSTest-1752542083 tempest-ShareIpRulesForNFSTest-1752542083-project-member] Lock "locked_access_rules_operation_by_share_instance_9ba71a05-e83c-4f2e-b1dc-20ea624891a0" acquired by "manila.share.access.locked_access_rules_operation..wrapped..locked_operation" :: waited 0.001s {{(pid=83458) inner /opt/stack/data/venv/lib/python3.12/site-packages/oslo_concurrency/lockutils.py:519}}
Feb 19 01:38:28.573643 np0000156434 devstack@m-api.service[83457]: INFO manila.api.openstack.wsgi [None req-68ceec85-9cd4-4ab8-a5ed-280761282e34 tempest-RevertToSnapshotTest-1532265850 tempest-RevertToSnapshotTest-1532265850-project-member] GET https://[::1]/share/v2/a0420612606f4574aa8aec6a3b4ac53c/snapshots/be04f31b-862f-45a7-9817-b513fe2d5a3c
Feb 19 01:38:28.573875 np0000156434 devstack@m-api.service[83457]: DEBUG manila.api.openstack.wsgi [None req-68ceec85-9cd4-4ab8-a5ed-280761282e34 tempest-RevertToSnapshotTest-1532265850 tempest-RevertToSnapshotTest-1532265850-project-member] Empty body provided in request {{(pid=83457) get_body /opt/stack/manila/manila/api/openstack/wsgi.py:652}}
Feb 19 01:38:28.574039 np0000156434 devstack@m-api.service[83457]: DEBUG manila.api.openstack.wsgi [None req-68ceec85-9cd4-4ab8-a5ed-280761282e34 tempest-RevertToSnapshotTest-1532265850 tempest-RevertToSnapshotTest-1532265850-project-member] Calling method 'ShareSnapshotMixin.show' {{(pid=83457) _process_stack /opt/stack/manila/manila/api/openstack/wsgi.py:798}}
Feb 19 01:38:28.626943 np0000156434 devstack@m-api.service[83457]: INFO manila.api.openstack.wsgi [None req-68ceec85-9cd4-4ab8-a5ed-280761282e34 tempest-RevertToSnapshotTest-1532265850 tempest-RevertToSnapshotTest-1532265850-project-member] https://[::1]/share/v2/a0420612606f4574aa8aec6a3b4ac53c/snapshots/be04f31b-862f-45a7-9817-b513fe2d5a3c returned with HTTP 200
Feb 19 01:38:28.631223 np0000156434 devstack@m-api.service[83458]: DEBUG oslo_concurrency.lockutils [None req-b646ea37-1f5d-4a18-a913-6bf660b31761 tempest-ShareIpRulesForNFSTest-1752542083 tempest-ShareIpRulesForNFSTest-1752542083-project-member] Lock "locked_access_rules_operation_by_share_instance_9ba71a05-e83c-4f2e-b1dc-20ea624891a0" "released" by "manila.share.access.locked_access_rules_operation..wrapped..locked_operation" :: held 0.064s {{(pid=83458) inner /opt/stack/data/venv/lib/python3.12/site-packages/oslo_concurrency/lockutils.py:538}}
Feb 19 01:38:28.631223 np0000156434 devstack@m-api.service[83458]: DEBUG oslo_concurrency.lockutils [None req-b646ea37-1f5d-4a18-a913-6bf660b31761 tempest-ShareIpRulesForNFSTest-1752542083 tempest-ShareIpRulesForNFSTest-1752542083-project-member] Acquiring lock "locked_access_rules_operation_by_share_instance_9ba71a05-e83c-4f2e-b1dc-20ea624891a0" by "manila.share.access.locked_access_rules_operation..wrapped..locked_operation" {{(pid=83458) inner /opt/stack/data/venv/lib/python3.12/site-packages/oslo_concurrency/lockutils.py:506}}
Feb 19 01:38:28.632165 np0000156434 devstack@m-api.service[83457]: [pid: 83457|app: 0|req: 424/863] ::1 () {68 vars in 1456 bytes} [Thu Feb 19 01:38:28 2026] GET /share/v2/a0420612606f4574aa8aec6a3b4ac53c/snapshots/be04f31b-862f-45a7-9817-b513fe2d5a3c => generated 710 bytes in 63 msecs (HTTP/1.1 200) 7 headers in 297 bytes (1 switches on core 0)
Feb 19 01:38:28.633034 np0000156434 devstack@m-api.service[83458]: DEBUG oslo_concurrency.lockutils [None req-b646ea37-1f5d-4a18-a913-6bf660b31761 tempest-ShareIpRulesForNFSTest-1752542083 tempest-ShareIpRulesForNFSTest-1752542083-project-member] Lock "locked_access_rules_operation_by_share_instance_9ba71a05-e83c-4f2e-b1dc-20ea624891a0" acquired by "manila.share.access.locked_access_rules_operation..wrapped..locked_operation" :: waited 0.000s {{(pid=83458) inner /opt/stack/data/venv/lib/python3.12/site-packages/oslo_concurrency/lockutils.py:519}}
Feb 19 01:38:28.647308 np0000156434 devstack@m-api.service[83457]: INFO manila.api.openstack.wsgi [None req-a88a92c7-6bb3-4509-b029-1540c8d68d2c tempest-RevertToSnapshotTest-1532265850 tempest-RevertToSnapshotTest-1532265850-project-member] DELETE https://[::1]/share/v2/a0420612606f4574aa8aec6a3b4ac53c/snapshots/be04f31b-862f-45a7-9817-b513fe2d5a3c
Feb 19 01:38:28.647564 np0000156434 devstack@m-api.service[83457]: DEBUG manila.api.openstack.wsgi [None req-a88a92c7-6bb3-4509-b029-1540c8d68d2c tempest-RevertToSnapshotTest-1532265850 tempest-RevertToSnapshotTest-1532265850-project-member] Empty body provided in request {{(pid=83457) get_body /opt/stack/manila/manila/api/openstack/wsgi.py:652}}
Feb 19 01:38:28.648289 np0000156434 devstack@m-api.service[83457]: DEBUG manila.api.openstack.wsgi [None req-a88a92c7-6bb3-4509-b029-1540c8d68d2c tempest-RevertToSnapshotTest-1532265850 tempest-RevertToSnapshotTest-1532265850-project-member] Calling method 'ShareSnapshotMixin.delete' {{(pid=83457) _process_stack /opt/stack/manila/manila/api/openstack/wsgi.py:798}}
Feb 19 01:38:28.648289 np0000156434 devstack@m-api.service[83457]: INFO manila.api.v2.share_snapshots [None req-a88a92c7-6bb3-4509-b029-1540c8d68d2c tempest-RevertToSnapshotTest-1532265850 tempest-RevertToSnapshotTest-1532265850-project-member] Delete snapshot with id: be04f31b-862f-45a7-9817-b513fe2d5a3c
Feb 19 01:38:28.710299 np0000156434 devstack@m-api.service[83458]: DEBUG oslo_concurrency.lockutils [None req-b646ea37-1f5d-4a18-a913-6bf660b31761 tempest-ShareIpRulesForNFSTest-1752542083 tempest-ShareIpRulesForNFSTest-1752542083-project-member] Lock "locked_access_rules_operation_by_share_instance_9ba71a05-e83c-4f2e-b1dc-20ea624891a0" "released" by "manila.share.access.locked_access_rules_operation..wrapped..locked_operation" :: held 0.080s {{(pid=83458) inner /opt/stack/data/venv/lib/python3.12/site-packages/oslo_concurrency/lockutils.py:538}}
Feb 19 01:38:28.712237 np0000156434 devstack@m-api.service[83458]: INFO manila.api.openstack.wsgi [None req-b646ea37-1f5d-4a18-a913-6bf660b31761 tempest-ShareIpRulesForNFSTest-1752542083 tempest-ShareIpRulesForNFSTest-1752542083-project-member] https://[::1]/share/v2/894e0f0665954071938dc96a1e8c206b/shares/470b3532-a131-492a-ac49-991533bdff0b/action returned with HTTP 202
Feb 19 01:38:28.714514 np0000156434 devstack@m-api.service[83458]: [pid: 83458|app: 0|req: 440/864] ::1 () {70 vars in 1489 bytes} [Thu Feb 19 01:38:28 2026] POST /share/v2/894e0f0665954071938dc96a1e8c206b/shares/470b3532-a131-492a-ac49-991533bdff0b/action => generated 0 bytes in 209 msecs (HTTP/1.1 202) 7 headers in 309 bytes (1 switches on core 0)
Feb 19 01:38:28.735539 np0000156434 devstack@m-api.service[83458]: INFO manila.api.openstack.wsgi [None req-75602ee0-af74-45dc-b271-31582ad18562 tempest-ShareIpRulesForNFSTest-1752542083 tempest-ShareIpRulesForNFSTest-1752542083-project-member] GET https://[::1]/share/v2/894e0f0665954071938dc96a1e8c206b/share-access-rules?share_id=470b3532-a131-492a-ac49-991533bdff0b
Feb 19 01:38:28.735539 np0000156434 devstack@m-api.service[83458]: DEBUG manila.api.openstack.wsgi [None req-75602ee0-af74-45dc-b271-31582ad18562 tempest-ShareIpRulesForNFSTest-1752542083 tempest-ShareIpRulesForNFSTest-1752542083-project-member] Empty body provided in request {{(pid=83458) get_body /opt/stack/manila/manila/api/openstack/wsgi.py:652}}
Feb 19 01:38:28.735539 np0000156434 devstack@m-api.service[83458]: DEBUG manila.api.openstack.wsgi [None req-75602ee0-af74-45dc-b271-31582ad18562 tempest-ShareIpRulesForNFSTest-1752542083 tempest-ShareIpRulesForNFSTest-1752542083-project-member] Calling method 'Controller.__getattribute__..version_select' {{(pid=83458) _process_stack /opt/stack/manila/manila/api/openstack/wsgi.py:798}}
Feb 19 01:38:28.784980 np0000156434 devstack@m-api.service[83457]: INFO manila.api.openstack.wsgi [None req-a88a92c7-6bb3-4509-b029-1540c8d68d2c tempest-RevertToSnapshotTest-1532265850 tempest-RevertToSnapshotTest-1532265850-project-member] https://[::1]/share/v2/a0420612606f4574aa8aec6a3b4ac53c/snapshots/be04f31b-862f-45a7-9817-b513fe2d5a3c returned with HTTP 202
Feb 19 01:38:28.787033 np0000156434 devstack@m-api.service[83457]: [pid: 83457|app: 0|req: 425/865] ::1 () {68 vars in 1459 bytes} [Thu Feb 19 01:38:28 2026] DELETE /share/v2/a0420612606f4574aa8aec6a3b4ac53c/snapshots/be04f31b-862f-45a7-9817-b513fe2d5a3c => generated 0 bytes in 144 msecs (HTTP/1.1 202) 7 headers in 309 bytes (1 switches on core 0)
Feb 19 01:38:28.790604 np0000156434 devstack@m-api.service[83458]: DEBUG manila.lock.api [None req-75602ee0-af74-45dc-b271-31582ad18562 tempest-ShareIpRulesForNFSTest-1752542083 tempest-ShareIpRulesForNFSTest-1752542083-project-member] Searching for locks by: {'resource_id': '3b709a6b-f26c-4160-b746-c66488e01367', 'resource_action': 'show', 'resource_type': 'access_rule', 'all_projects': True} {{(pid=83458) get_all /opt/stack/manila/manila/lock/api.py:112}}
Feb 19 01:38:28.805668 np0000156434 devstack@m-api.service[83458]: INFO manila.api.openstack.wsgi [None req-75602ee0-af74-45dc-b271-31582ad18562 tempest-ShareIpRulesForNFSTest-1752542083 tempest-ShareIpRulesForNFSTest-1752542083-project-member] https://[::1]/share/v2/894e0f0665954071938dc96a1e8c206b/share-access-rules?share_id=470b3532-a131-492a-ac49-991533bdff0b returned with HTTP 200
Feb 19 01:38:28.805790 np0000156434 devstack@m-api.service[83457]: INFO manila.api.openstack.wsgi [None req-d1b648e2-161b-41a5-8739-df4b1a69bf20 tempest-RevertToSnapshotTest-1532265850 tempest-RevertToSnapshotTest-1532265850-project-member] GET https://[::1]/share/v2/a0420612606f4574aa8aec6a3b4ac53c/snapshots/be04f31b-862f-45a7-9817-b513fe2d5a3c
Feb 19 01:38:28.805790 np0000156434 devstack@m-api.service[83457]: DEBUG manila.api.openstack.wsgi [None req-d1b648e2-161b-41a5-8739-df4b1a69bf20 tempest-RevertToSnapshotTest-1532265850 tempest-RevertToSnapshotTest-1532265850-project-member] Empty body provided in request {{(pid=83457) get_body /opt/stack/manila/manila/api/openstack/wsgi.py:652}}
Feb 19 01:38:28.805790 np0000156434 devstack@m-api.service[83457]: DEBUG manila.api.openstack.wsgi [None req-d1b648e2-161b-41a5-8739-df4b1a69bf20 tempest-RevertToSnapshotTest-1532265850 tempest-RevertToSnapshotTest-1532265850-project-member] Calling method 'ShareSnapshotMixin.show' {{(pid=83457) _process_stack /opt/stack/manila/manila/api/openstack/wsgi.py:798}}
Feb 19 01:38:28.805872 np0000156434 devstack@m-api.service[83458]: [pid: 83458|app: 0|req: 441/866] ::1 () {68 vars in 1463 bytes} [Thu Feb 19 01:38:28 2026] GET /share/v2/894e0f0665954071938dc96a1e8c206b/share-access-rules?share_id=470b3532-a131-492a-ac49-991533bdff0b => generated 283 bytes in 78 msecs (HTTP/1.1 200) 7 headers in 297 bytes (1 switches on core 0)
Feb 19 01:38:28.863190 np0000156434 devstack@m-api.service[83457]: INFO manila.api.openstack.wsgi [None req-d1b648e2-161b-41a5-8739-df4b1a69bf20 tempest-RevertToSnapshotTest-1532265850 tempest-RevertToSnapshotTest-1532265850-project-member] https://[::1]/share/v2/a0420612606f4574aa8aec6a3b4ac53c/snapshots/be04f31b-862f-45a7-9817-b513fe2d5a3c returned with HTTP 200
Feb 19 01:38:28.866411 np0000156434 devstack@m-api.service[83457]: [pid: 83457|app: 0|req: 426/867] ::1 () {68 vars in 1456 bytes} [Thu Feb 19 01:38:28 2026] GET /share/v2/a0420612606f4574aa8aec6a3b4ac53c/snapshots/be04f31b-862f-45a7-9817-b513fe2d5a3c => generated 709 bytes in 69 msecs (HTTP/1.1 200) 7 headers in 297 bytes (1 switches on core 0)
Feb 19 01:38:30.146026 np0000156434 devstack@m-api.service[83458]: INFO manila.api.openstack.wsgi [None req-d53749d2-8475-46d4-9430-dc59726da3f8 tempest-SharesCIFSTest-512567243 tempest-SharesCIFSTest-512567243-project-member] GET https://[::1]/share/v2/f965e086ed7a45b7b827f5e87b69987e/shares/71f9f78b-6fcb-4f51-ad99-1d1c62ab3145
Feb 19 01:38:30.149288 np0000156434 devstack@m-api.service[83458]: DEBUG manila.api.openstack.wsgi [None req-d53749d2-8475-46d4-9430-dc59726da3f8 tempest-SharesCIFSTest-512567243 tempest-SharesCIFSTest-512567243-project-member] Empty body provided in request {{(pid=83458) get_body /opt/stack/manila/manila/api/openstack/wsgi.py:652}}
Feb 19 01:38:30.149288 np0000156434 devstack@m-api.service[83458]: DEBUG manila.api.openstack.wsgi [None req-d53749d2-8475-46d4-9430-dc59726da3f8 tempest-SharesCIFSTest-512567243 tempest-SharesCIFSTest-512567243-project-member] Calling method 'ShareMixin.show' {{(pid=83458) _process_stack /opt/stack/manila/manila/api/openstack/wsgi.py:798}}
Feb 19 01:38:30.171917 np0000156434 devstack@m-api.service[83458]: INFO manila.api.openstack.wsgi [None req-d53749d2-8475-46d4-9430-dc59726da3f8 tempest-SharesCIFSTest-512567243 tempest-SharesCIFSTest-512567243-project-member] https://[::1]/share/v2/f965e086ed7a45b7b827f5e87b69987e/shares/71f9f78b-6fcb-4f51-ad99-1d1c62ab3145 returned with HTTP 200
Feb 19 01:38:30.172705 np0000156434 devstack@m-api.service[83458]: [pid: 83458|app: 0|req: 442/868] ::1 () {68 vars in 1447 bytes} [Thu Feb 19 01:38:30 2026] GET /share/v2/f965e086ed7a45b7b827f5e87b69987e/shares/71f9f78b-6fcb-4f51-ad99-1d1c62ab3145 => generated 1343 bytes in 30 msecs (HTTP/1.1 200) 7 headers in 298 bytes (1 switches on core 0)
Feb 19 01:38:30.182186 np0000156434 devstack@m-api.service[83457]: INFO manila.api.openstack.wsgi [None req-ca09dcda-d1c6-4383-9d6c-fa6c4becc0c4 tempest-SharesCIFSTest-512567243 tempest-SharesCIFSTest-512567243-project-member] GET https://[::1]/share/v2/f965e086ed7a45b7b827f5e87b69987e/shares/71f9f78b-6fcb-4f51-ad99-1d1c62ab3145
Feb 19 01:38:30.183073 np0000156434 devstack@m-api.service[83457]: DEBUG manila.api.openstack.wsgi [None req-ca09dcda-d1c6-4383-9d6c-fa6c4becc0c4 tempest-SharesCIFSTest-512567243 tempest-SharesCIFSTest-512567243-project-member] Empty body provided in request {{(pid=83457) get_body /opt/stack/manila/manila/api/openstack/wsgi.py:652}}
Feb 19 01:38:30.183430 np0000156434 devstack@m-api.service[83457]: DEBUG manila.api.openstack.wsgi [None req-ca09dcda-d1c6-4383-9d6c-fa6c4becc0c4 tempest-SharesCIFSTest-512567243 tempest-SharesCIFSTest-512567243-project-member] Calling method 'ShareMixin.show' {{(pid=83457) _process_stack /opt/stack/manila/manila/api/openstack/wsgi.py:798}}
Feb 19 01:38:30.198715 np0000156434 devstack@m-api.service[83457]: INFO manila.api.openstack.wsgi [None req-ca09dcda-d1c6-4383-9d6c-fa6c4becc0c4 tempest-SharesCIFSTest-512567243 tempest-SharesCIFSTest-512567243-project-member] https://[::1]/share/v2/f965e086ed7a45b7b827f5e87b69987e/shares/71f9f78b-6fcb-4f51-ad99-1d1c62ab3145 returned with HTTP 200
Feb 19 01:38:30.199282 np0000156434 devstack@m-api.service[83457]: [pid: 83457|app: 0|req: 427/869] ::1 () {68 vars in 1446 bytes} [Thu Feb 19 01:38:30 2026] GET /share/v2/f965e086ed7a45b7b827f5e87b69987e/shares/71f9f78b-6fcb-4f51-ad99-1d1c62ab3145 => generated 957 bytes in 19 msecs (HTTP/1.1 200) 7 headers in 296 bytes (2 switches on core 0)
Feb 19 01:38:30.207710 np0000156434 devstack@m-api.service[83458]: INFO manila.api.openstack.wsgi [None req-405b0952-3d01-4dee-af8d-e25502d092b0 tempest-SharesCIFSTest-512567243 tempest-SharesCIFSTest-512567243-project-member] GET https://[::1]/share/v2/f965e086ed7a45b7b827f5e87b69987e/shares/71f9f78b-6fcb-4f51-ad99-1d1c62ab3145
Feb 19 01:38:30.208018 np0000156434 devstack@m-api.service[83458]: DEBUG manila.api.openstack.wsgi [None req-405b0952-3d01-4dee-af8d-e25502d092b0 tempest-SharesCIFSTest-512567243 tempest-SharesCIFSTest-512567243-project-member] Empty body provided in request {{(pid=83458) get_body /opt/stack/manila/manila/api/openstack/wsgi.py:652}}
Feb 19 01:38:30.208244 np0000156434 devstack@m-api.service[83458]: DEBUG manila.api.openstack.wsgi [None req-405b0952-3d01-4dee-af8d-e25502d092b0 tempest-SharesCIFSTest-512567243 tempest-SharesCIFSTest-512567243-project-member] Calling method 'ShareMixin.show' {{(pid=83458) _process_stack /opt/stack/manila/manila/api/openstack/wsgi.py:798}}
Feb 19 01:38:30.224034 np0000156434 devstack@m-api.service[83458]: INFO manila.api.openstack.wsgi [None req-405b0952-3d01-4dee-af8d-e25502d092b0 tempest-SharesCIFSTest-512567243 tempest-SharesCIFSTest-512567243-project-member] https://[::1]/share/v2/f965e086ed7a45b7b827f5e87b69987e/shares/71f9f78b-6fcb-4f51-ad99-1d1c62ab3145 returned with HTTP 200
Feb 19 01:38:30.224609 np0000156434 devstack@m-api.service[83458]: [pid: 83458|app: 0|req: 443/870] ::1 () {68 vars in 1446 bytes} [Thu Feb 19 01:38:30 2026] GET /share/v2/f965e086ed7a45b7b827f5e87b69987e/shares/71f9f78b-6fcb-4f51-ad99-1d1c62ab3145 => generated 984 bytes in 19 msecs (HTTP/1.1 200) 7 headers in 296 bytes (2 switches on core 0)
Feb 19 01:38:30.234342 np0000156434 devstack@m-api.service[83457]: INFO manila.api.openstack.wsgi [None req-347e37d2-3fbf-483b-b890-991d1361e85b tempest-SharesCIFSTest-512567243 tempest-SharesCIFSTest-512567243-project-member] GET https://[::1]/share/v2/f965e086ed7a45b7b827f5e87b69987e/shares/71f9f78b-6fcb-4f51-ad99-1d1c62ab3145
Feb 19 01:38:30.234342 np0000156434 devstack@m-api.service[83457]: DEBUG manila.api.openstack.wsgi [None req-347e37d2-3fbf-483b-b890-991d1361e85b tempest-SharesCIFSTest-512567243 tempest-SharesCIFSTest-512567243-project-member] Empty body provided in request {{(pid=83457) get_body /opt/stack/manila/manila/api/openstack/wsgi.py:652}}
Feb 19 01:38:30.234342 np0000156434 devstack@m-api.service[83457]: DEBUG manila.api.openstack.wsgi [None req-347e37d2-3fbf-483b-b890-991d1361e85b tempest-SharesCIFSTest-512567243 tempest-SharesCIFSTest-512567243-project-member] Calling method 'ShareMixin.show' {{(pid=83457) _process_stack /opt/stack/manila/manila/api/openstack/wsgi.py:798}}
Feb 19 01:38:30.246818 np0000156434 devstack@m-api.service[83457]: INFO manila.api.openstack.wsgi [None req-347e37d2-3fbf-483b-b890-991d1361e85b tempest-SharesCIFSTest-512567243 tempest-SharesCIFSTest-512567243-project-member] https://[::1]/share/v2/f965e086ed7a45b7b827f5e87b69987e/shares/71f9f78b-6fcb-4f51-ad99-1d1c62ab3145 returned with HTTP 200
Feb 19 01:38:30.248764 np0000156434 devstack@m-api.service[83457]: [pid: 83457|app: 0|req: 428/871] ::1 () {68 vars in 1446 bytes} [Thu Feb 19 01:38:30 2026] GET /share/v2/f965e086ed7a45b7b827f5e87b69987e/shares/71f9f78b-6fcb-4f51-ad99-1d1c62ab3145 => generated 892 bytes in 17 msecs (HTTP/1.1 200) 7 headers in 296 bytes (1 switches on core 0)
Feb 19 01:38:30.258630 np0000156434 devstack@m-api.service[83458]: INFO manila.api.openstack.wsgi [None req-f10b9f89-90fa-44f4-8f6c-21688e588f56 tempest-SharesCIFSTest-512567243 tempest-SharesCIFSTest-512567243-project-member] DELETE https://[::1]/share/v2/f965e086ed7a45b7b827f5e87b69987e/shares/71f9f78b-6fcb-4f51-ad99-1d1c62ab3145
Feb 19 01:38:30.259005 np0000156434 devstack@m-api.service[83458]: DEBUG manila.api.openstack.wsgi [None req-f10b9f89-90fa-44f4-8f6c-21688e588f56 tempest-SharesCIFSTest-512567243 tempest-SharesCIFSTest-512567243-project-member] Empty body provided in request {{(pid=83458) get_body /opt/stack/manila/manila/api/openstack/wsgi.py:652}}
Feb 19 01:38:30.259239 np0000156434 devstack@m-api.service[83458]: DEBUG manila.api.openstack.wsgi [None req-f10b9f89-90fa-44f4-8f6c-21688e588f56 tempest-SharesCIFSTest-512567243 tempest-SharesCIFSTest-512567243-project-member] Calling method 'ShareMixin.delete' {{(pid=83458) _process_stack /opt/stack/manila/manila/api/openstack/wsgi.py:798}}
Feb 19 01:38:30.259950 np0000156434 devstack@m-api.service[83458]: INFO manila.api.v2.shares [None req-f10b9f89-90fa-44f4-8f6c-21688e588f56 tempest-SharesCIFSTest-512567243 tempest-SharesCIFSTest-512567243-project-member] Delete share with id: 71f9f78b-6fcb-4f51-ad99-1d1c62ab3145
Feb 19 01:38:30.358816 np0000156434 devstack@m-api.service[83458]: INFO manila.api.openstack.wsgi [None req-f10b9f89-90fa-44f4-8f6c-21688e588f56 tempest-SharesCIFSTest-512567243 tempest-SharesCIFSTest-512567243-project-member] https://[::1]/share/v2/f965e086ed7a45b7b827f5e87b69987e/shares/71f9f78b-6fcb-4f51-ad99-1d1c62ab3145 returned with HTTP 202
Feb 19 01:38:30.359509 np0000156434 devstack@m-api.service[83458]: [pid: 83458|app: 0|req: 444/872] ::1 () {68 vars in 1450 bytes} [Thu Feb 19 01:38:30 2026] DELETE /share/v2/f965e086ed7a45b7b827f5e87b69987e/shares/71f9f78b-6fcb-4f51-ad99-1d1c62ab3145 => generated 0 bytes in 104 msecs (HTTP/1.1 202) 7 headers in 309 bytes (1 switches on core 0)
Feb 19 01:38:30.373152 np0000156434 devstack@m-api.service[83457]: INFO manila.api.openstack.wsgi [None req-aa6710ad-25c9-4a9f-b53a-a054822744a1 tempest-SharesCIFSTest-512567243 tempest-SharesCIFSTest-512567243-project-member] GET https://[::1]/share/v2/f965e086ed7a45b7b827f5e87b69987e/shares/71f9f78b-6fcb-4f51-ad99-1d1c62ab3145
Feb 19 01:38:30.373500 np0000156434 devstack@m-api.service[83457]: DEBUG manila.api.openstack.wsgi [None req-aa6710ad-25c9-4a9f-b53a-a054822744a1 tempest-SharesCIFSTest-512567243 tempest-SharesCIFSTest-512567243-project-member] Empty body provided in request {{(pid=83457) get_body /opt/stack/manila/manila/api/openstack/wsgi.py:652}}
Feb 19 01:38:30.373751 np0000156434 devstack@m-api.service[83457]: DEBUG manila.api.openstack.wsgi [None req-aa6710ad-25c9-4a9f-b53a-a054822744a1 tempest-SharesCIFSTest-512567243 tempest-SharesCIFSTest-512567243-project-member] Calling method 'ShareMixin.show' {{(pid=83457) _process_stack /opt/stack/manila/manila/api/openstack/wsgi.py:798}}
Feb 19 01:38:30.387233 np0000156434 devstack@m-api.service[83457]: INFO manila.api.openstack.wsgi [None req-aa6710ad-25c9-4a9f-b53a-a054822744a1 tempest-SharesCIFSTest-512567243 tempest-SharesCIFSTest-512567243-project-member] https://[::1]/share/v2/f965e086ed7a45b7b827f5e87b69987e/shares/71f9f78b-6fcb-4f51-ad99-1d1c62ab3145 returned with HTTP 200
Feb 19 01:38:30.387859 np0000156434 devstack@m-api.service[83457]: [pid: 83457|app: 0|req: 429/873] ::1 () {68 vars in 1447 bytes} [Thu Feb 19 01:38:30 2026] GET /share/v2/f965e086ed7a45b7b827f5e87b69987e/shares/71f9f78b-6fcb-4f51-ad99-1d1c62ab3145 => generated 1342 bytes in 18 msecs (HTTP/1.1 200) 7 headers in 298 bytes (2 switches on core 0)
Feb 19 01:38:31.821200 np0000156434 devstack@m-api.service[83458]: INFO manila.api.openstack.wsgi [None req-8be45465-ebee-46b6-b6ac-e918a71a005e tempest-ShareIpRulesForNFSTest-1752542083 tempest-ShareIpRulesForNFSTest-1752542083-project-member] GET https://[::1]/share/v2/894e0f0665954071938dc96a1e8c206b/share-access-rules?share_id=470b3532-a131-492a-ac49-991533bdff0b
Feb 19 01:38:31.821200 np0000156434 devstack@m-api.service[83458]: DEBUG manila.api.openstack.wsgi [None req-8be45465-ebee-46b6-b6ac-e918a71a005e tempest-ShareIpRulesForNFSTest-1752542083 tempest-ShareIpRulesForNFSTest-1752542083-project-member] Empty body provided in request {{(pid=83458) get_body /opt/stack/manila/manila/api/openstack/wsgi.py:652}}
Feb 19 01:38:31.821630 np0000156434 devstack@m-api.service[83458]: DEBUG manila.api.openstack.wsgi [None req-8be45465-ebee-46b6-b6ac-e918a71a005e tempest-ShareIpRulesForNFSTest-1752542083 tempest-ShareIpRulesForNFSTest-1752542083-project-member] Calling method 'Controller.__getattribute__..version_select' {{(pid=83458) _process_stack /opt/stack/manila/manila/api/openstack/wsgi.py:798}}
Feb 19 01:38:31.839128 np0000156434 devstack@m-api.service[83458]: INFO manila.api.openstack.wsgi [None req-8be45465-ebee-46b6-b6ac-e918a71a005e tempest-ShareIpRulesForNFSTest-1752542083 tempest-ShareIpRulesForNFSTest-1752542083-project-member] https://[::1]/share/v2/894e0f0665954071938dc96a1e8c206b/share-access-rules?share_id=470b3532-a131-492a-ac49-991533bdff0b returned with HTTP 200
Feb 19 01:38:31.839725 np0000156434 devstack@m-api.service[83458]: [pid: 83458|app: 0|req: 445/874] ::1 () {68 vars in 1463 bytes} [Thu Feb 19 01:38:31 2026] GET /share/v2/894e0f0665954071938dc96a1e8c206b/share-access-rules?share_id=470b3532-a131-492a-ac49-991533bdff0b => generated 19 bytes in 24 msecs (HTTP/1.1 200) 7 headers in 296 bytes (2 switches on core 0)
Feb 19 01:38:31.856297 np0000156434 devstack@m-api.service[83457]: INFO manila.api.openstack.wsgi [None req-47ee065f-eae6-4895-a687-d486725272a6 tempest-ShareIpRulesForNFSTest-1752542083 tempest-ShareIpRulesForNFSTest-1752542083-project-member] POST https://[::1]/share/v2/894e0f0665954071938dc96a1e8c206b/shares/470b3532-a131-492a-ac49-991533bdff0b/action
Feb 19 01:38:31.856297 np0000156434 devstack@m-api.service[83457]: DEBUG manila.api.openstack.wsgi [None req-47ee065f-eae6-4895-a687-d486725272a6 tempest-ShareIpRulesForNFSTest-1752542083 tempest-ShareIpRulesForNFSTest-1752542083-project-member] Action body: b'{"allow_access": {"access_type": "ip", "access_to": "2.2.2.2", "access_level": "ro"}}' {{(pid=83457) get_method /opt/stack/manila/manila/api/openstack/wsgi.py:912}}
Feb 19 01:38:31.856297 np0000156434 devstack@m-api.service[83457]: DEBUG manila.api.openstack.wsgi [None req-47ee065f-eae6-4895-a687-d486725272a6 tempest-ShareIpRulesForNFSTest-1752542083 tempest-ShareIpRulesForNFSTest-1752542083-project-member] Action: 'action', calling method: ShareController.allow_access, body: {"allow_access": {"access_type": "ip", "access_to": "2.2.2.2", "access_level": "ro"}} {{(pid=83457) _process_stack /opt/stack/manila/manila/api/openstack/wsgi.py:796}}
Feb 19 01:38:31.877209 np0000156434 devstack@m-api.service[83458]: INFO manila.api.openstack.wsgi [None req-22e00aef-7e0f-4a3e-93da-239a14d7db5d tempest-RevertToSnapshotTest-1532265850 tempest-RevertToSnapshotTest-1532265850-project-member] GET https://[::1]/share/v2/a0420612606f4574aa8aec6a3b4ac53c/snapshots/be04f31b-862f-45a7-9817-b513fe2d5a3c
Feb 19 01:38:31.877971 np0000156434 devstack@m-api.service[83458]: DEBUG manila.api.openstack.wsgi [None req-22e00aef-7e0f-4a3e-93da-239a14d7db5d tempest-RevertToSnapshotTest-1532265850 tempest-RevertToSnapshotTest-1532265850-project-member] Empty body provided in request {{(pid=83458) get_body /opt/stack/manila/manila/api/openstack/wsgi.py:652}}
Feb 19 01:38:31.878147 np0000156434 devstack@m-api.service[83458]: DEBUG manila.api.openstack.wsgi [None req-22e00aef-7e0f-4a3e-93da-239a14d7db5d tempest-RevertToSnapshotTest-1532265850 tempest-RevertToSnapshotTest-1532265850-project-member] Calling method 'ShareSnapshotMixin.show' {{(pid=83458) _process_stack /opt/stack/manila/manila/api/openstack/wsgi.py:798}}
Feb 19 01:38:31.885743 np0000156434 devstack@m-api.service[83458]: INFO manila.api.openstack.wsgi [None req-22e00aef-7e0f-4a3e-93da-239a14d7db5d tempest-RevertToSnapshotTest-1532265850 tempest-RevertToSnapshotTest-1532265850-project-member] HTTP exception thrown: The resource could not be found.
Feb 19 01:38:31.885877 np0000156434 devstack@m-api.service[83458]: INFO manila.api.openstack.wsgi [None req-22e00aef-7e0f-4a3e-93da-239a14d7db5d tempest-RevertToSnapshotTest-1532265850 tempest-RevertToSnapshotTest-1532265850-project-member] https://[::1]/share/v2/a0420612606f4574aa8aec6a3b4ac53c/snapshots/be04f31b-862f-45a7-9817-b513fe2d5a3c returned with HTTP 404
Feb 19 01:38:31.886332 np0000156434 devstack@m-api.service[83458]: [pid: 83458|app: 0|req: 446/875] ::1 () {68 vars in 1456 bytes} [Thu Feb 19 01:38:31 2026] GET /share/v2/a0420612606f4574aa8aec6a3b4ac53c/snapshots/be04f31b-862f-45a7-9817-b513fe2d5a3c => generated 78 bytes in 12 msecs (HTTP/1.1 404) 7 headers in 303 bytes (1 switches on core 0)
Feb 19 01:38:31.897349 np0000156434 devstack@m-api.service[83458]: INFO manila.api.openstack.wsgi [None req-8b9f8ee3-b89a-4e7b-b623-b11fbbc37826 tempest-RevertToSnapshotTest-1532265850 tempest-RevertToSnapshotTest-1532265850-project-member] POST https://[::1]/share/v2/a0420612606f4574aa8aec6a3b4ac53c/shares/8b85ecb4-0dc2-4d29-9777-83049069f647/action
Feb 19 01:38:31.897686 np0000156434 devstack@m-api.service[83458]: DEBUG manila.api.openstack.wsgi [None req-8b9f8ee3-b89a-4e7b-b623-b11fbbc37826 tempest-RevertToSnapshotTest-1532265850 tempest-RevertToSnapshotTest-1532265850-project-member] Action body: b'{"revert": {"snapshot_id": "167a4447-4564-436c-a260-60fbc146626c"}}' {{(pid=83458) get_method /opt/stack/manila/manila/api/openstack/wsgi.py:912}}
Feb 19 01:38:31.898312 np0000156434 devstack@m-api.service[83458]: DEBUG manila.api.openstack.wsgi [None req-8b9f8ee3-b89a-4e7b-b623-b11fbbc37826 tempest-RevertToSnapshotTest-1532265850 tempest-RevertToSnapshotTest-1532265850-project-member] Action: 'action', calling method: ShareController.revert, body: {"revert": {"snapshot_id": "167a4447-4564-436c-a260-60fbc146626c"}} {{(pid=83458) _process_stack /opt/stack/manila/manila/api/openstack/wsgi.py:796}}
Feb 19 01:38:31.911315 np0000156434 devstack@m-api.service[83457]: DEBUG oslo_concurrency.lockutils [None req-47ee065f-eae6-4895-a687-d486725272a6 tempest-ShareIpRulesForNFSTest-1752542083 tempest-ShareIpRulesForNFSTest-1752542083-project-member] Acquiring lock "locked_access_rules_operation_by_share_instance_9ba71a05-e83c-4f2e-b1dc-20ea624891a0" by "manila.share.access.locked_access_rules_operation..wrapped..locked_operation" {{(pid=83457) inner /opt/stack/data/venv/lib/python3.12/site-packages/oslo_concurrency/lockutils.py:506}}
Feb 19 01:38:31.914105 np0000156434 devstack@m-api.service[83457]: DEBUG oslo_concurrency.lockutils [None req-47ee065f-eae6-4895-a687-d486725272a6 tempest-ShareIpRulesForNFSTest-1752542083 tempest-ShareIpRulesForNFSTest-1752542083-project-member] Lock "locked_access_rules_operation_by_share_instance_9ba71a05-e83c-4f2e-b1dc-20ea624891a0" acquired by "manila.share.access.locked_access_rules_operation..wrapped..locked_operation" :: waited 0.002s {{(pid=83457) inner /opt/stack/data/venv/lib/python3.12/site-packages/oslo_concurrency/lockutils.py:519}}
Feb 19 01:38:31.963590 np0000156434 devstack@m-api.service[83458]: INFO manila.api.v2.shares [None req-8b9f8ee3-b89a-4e7b-b623-b11fbbc37826 tempest-RevertToSnapshotTest-1532265850 tempest-RevertToSnapshotTest-1532265850-project-member] Reverting share 8b85ecb4-0dc2-4d29-9777-83049069f647 to snapshot 167a4447-4564-436c-a260-60fbc146626c.
Feb 19 01:38:31.968128 np0000156434 devstack@m-api.service[83457]: DEBUG oslo_concurrency.lockutils [None req-47ee065f-eae6-4895-a687-d486725272a6 tempest-ShareIpRulesForNFSTest-1752542083 tempest-ShareIpRulesForNFSTest-1752542083-project-member] Lock "locked_access_rules_operation_by_share_instance_9ba71a05-e83c-4f2e-b1dc-20ea624891a0" "released" by "manila.share.access.locked_access_rules_operation..wrapped..locked_operation" :: held 0.054s {{(pid=83457) inner /opt/stack/data/venv/lib/python3.12/site-packages/oslo_concurrency/lockutils.py:538}}
Feb 19 01:38:32.003300 np0000156434 devstack@m-api.service[83457]: INFO manila.api.openstack.wsgi [None req-47ee065f-eae6-4895-a687-d486725272a6 tempest-ShareIpRulesForNFSTest-1752542083 tempest-ShareIpRulesForNFSTest-1752542083-project-member] https://[::1]/share/v2/894e0f0665954071938dc96a1e8c206b/shares/470b3532-a131-492a-ac49-991533bdff0b/action returned with HTTP 200
Feb 19 01:38:32.003300 np0000156434 devstack@m-api.service[83457]: [pid: 83457|app: 0|req: 430/876] ::1 () {70 vars in 1489 bytes} [Thu Feb 19 01:38:31 2026] POST /share/v2/894e0f0665954071938dc96a1e8c206b/shares/470b3532-a131-492a-ac49-991533bdff0b/action => generated 213 bytes in 151 msecs (HTTP/1.1 200) 7 headers in 297 bytes (1 switches on core 0)
Feb 19 01:38:32.020310 np0000156434 devstack@m-api.service[83457]: INFO manila.api.openstack.wsgi [None req-bd9d6b03-3d59-4f5a-94a2-a85e33c373eb tempest-ShareIpRulesForNFSTest-1752542083 tempest-ShareIpRulesForNFSTest-1752542083-project-member] POST https://[::1]/share/v2/894e0f0665954071938dc96a1e8c206b/shares/470b3532-a131-492a-ac49-991533bdff0b/action
Feb 19 01:38:32.020994 np0000156434 devstack@m-api.service[83457]: DEBUG manila.api.openstack.wsgi [None req-bd9d6b03-3d59-4f5a-94a2-a85e33c373eb tempest-ShareIpRulesForNFSTest-1752542083 tempest-ShareIpRulesForNFSTest-1752542083-project-member] Action body: b'{"access_list": null}' {{(pid=83457) get_method /opt/stack/manila/manila/api/openstack/wsgi.py:912}}
Feb 19 01:38:32.021174 np0000156434 devstack@m-api.service[83457]: DEBUG manila.api.openstack.wsgi [None req-bd9d6b03-3d59-4f5a-94a2-a85e33c373eb tempest-ShareIpRulesForNFSTest-1752542083 tempest-ShareIpRulesForNFSTest-1752542083-project-member] Action: 'action', calling method: ShareController.access_list, body: {"access_list": null} {{(pid=83457) _process_stack /opt/stack/manila/manila/api/openstack/wsgi.py:796}}
Feb 19 01:38:32.054982 np0000156434 devstack@m-api.service[83458]: INFO manila.api.openstack.wsgi [None req-8b9f8ee3-b89a-4e7b-b623-b11fbbc37826 tempest-RevertToSnapshotTest-1532265850 tempest-RevertToSnapshotTest-1532265850-project-member] https://[::1]/share/v2/a0420612606f4574aa8aec6a3b4ac53c/shares/8b85ecb4-0dc2-4d29-9777-83049069f647/action returned with HTTP 202
Feb 19 01:38:32.058540 np0000156434 devstack@m-api.service[83458]: [pid: 83458|app: 0|req: 447/877] ::1 () {70 vars in 1489 bytes} [Thu Feb 19 01:38:31 2026] POST /share/v2/a0420612606f4574aa8aec6a3b4ac53c/shares/8b85ecb4-0dc2-4d29-9777-83049069f647/action => generated 0 bytes in 160 msecs (HTTP/1.1 202) 7 headers in 309 bytes (1 switches on core 0)
Feb 19 01:38:32.071116 np0000156434 devstack@m-api.service[83458]: INFO manila.api.openstack.wsgi [None req-8fa5666f-dde8-4067-8c69-8b510f0a9c41 tempest-RevertToSnapshotTest-1532265850 tempest-RevertToSnapshotTest-1532265850-project-member] GET https://[::1]/share/v2/a0420612606f4574aa8aec6a3b4ac53c/shares/8b85ecb4-0dc2-4d29-9777-83049069f647
Feb 19 01:38:32.071116 np0000156434 devstack@m-api.service[83458]: DEBUG manila.api.openstack.wsgi [None req-8fa5666f-dde8-4067-8c69-8b510f0a9c41 tempest-RevertToSnapshotTest-1532265850 tempest-RevertToSnapshotTest-1532265850-project-member] Empty body provided in request {{(pid=83458) get_body /opt/stack/manila/manila/api/openstack/wsgi.py:652}}
Feb 19 01:38:32.071116 np0000156434 devstack@m-api.service[83458]: DEBUG manila.api.openstack.wsgi [None req-8fa5666f-dde8-4067-8c69-8b510f0a9c41 tempest-RevertToSnapshotTest-1532265850 tempest-RevertToSnapshotTest-1532265850-project-member] Calling method 'ShareMixin.show' {{(pid=83458) _process_stack /opt/stack/manila/manila/api/openstack/wsgi.py:798}}
Feb 19 01:38:32.091036 np0000156434 devstack@m-api.service[83458]: INFO manila.api.openstack.wsgi [None req-8fa5666f-dde8-4067-8c69-8b510f0a9c41 tempest-RevertToSnapshotTest-1532265850 tempest-RevertToSnapshotTest-1532265850-project-member] https://[::1]/share/v2/a0420612606f4574aa8aec6a3b4ac53c/shares/8b85ecb4-0dc2-4d29-9777-83049069f647 returned with HTTP 200
Feb 19 01:38:32.091556 np0000156434 devstack@m-api.service[83458]: [pid: 83458|app: 0|req: 448/878] ::1 () {68 vars in 1447 bytes} [Thu Feb 19 01:38:32 2026] GET /share/v2/a0420612606f4574aa8aec6a3b4ac53c/shares/8b85ecb4-0dc2-4d29-9777-83049069f647 => generated 1331 bytes in 25 msecs (HTTP/1.1 200) 7 headers in 298 bytes (1 switches on core 0)
Feb 19 01:38:32.106256 np0000156434 devstack@m-api.service[83457]: INFO manila.api.openstack.wsgi [None req-bd9d6b03-3d59-4f5a-94a2-a85e33c373eb tempest-ShareIpRulesForNFSTest-1752542083 tempest-ShareIpRulesForNFSTest-1752542083-project-member] https://[::1]/share/v2/894e0f0665954071938dc96a1e8c206b/shares/470b3532-a131-492a-ac49-991533bdff0b/action returned with HTTP 200
Feb 19 01:38:32.107921 np0000156434 devstack@m-api.service[83457]: [pid: 83457|app: 0|req: 431/879] ::1 () {70 vars in 1489 bytes} [Thu Feb 19 01:38:32 2026] POST /share/v2/894e0f0665954071938dc96a1e8c206b/shares/470b3532-a131-492a-ac49-991533bdff0b/action => generated 168 bytes in 92 msecs (HTTP/1.1 200) 7 headers in 297 bytes (1 switches on core 0)
Feb 19 01:38:33.405334 np0000156434 devstack@m-api.service[83458]: INFO manila.api.openstack.wsgi [None req-08ad414b-37ca-4b34-b1cc-ef6120f2dd05 tempest-SharesCIFSTest-512567243 tempest-SharesCIFSTest-512567243-project-member] GET https://[::1]/share/v2/f965e086ed7a45b7b827f5e87b69987e/shares/71f9f78b-6fcb-4f51-ad99-1d1c62ab3145
Feb 19 01:38:33.405334 np0000156434 devstack@m-api.service[83458]: DEBUG manila.api.openstack.wsgi [None req-08ad414b-37ca-4b34-b1cc-ef6120f2dd05 tempest-SharesCIFSTest-512567243 tempest-SharesCIFSTest-512567243-project-member] Empty body provided in request {{(pid=83458) get_body /opt/stack/manila/manila/api/openstack/wsgi.py:652}}
Feb 19 01:38:33.405334 np0000156434 devstack@m-api.service[83458]: DEBUG manila.api.openstack.wsgi [None req-08ad414b-37ca-4b34-b1cc-ef6120f2dd05 tempest-SharesCIFSTest-512567243 tempest-SharesCIFSTest-512567243-project-member] Calling method 'ShareMixin.show' {{(pid=83458) _process_stack /opt/stack/manila/manila/api/openstack/wsgi.py:798}}
Feb 19 01:38:33.418771 np0000156434 devstack@m-api.service[83458]: INFO manila.api.openstack.wsgi [None req-08ad414b-37ca-4b34-b1cc-ef6120f2dd05 tempest-SharesCIFSTest-512567243 tempest-SharesCIFSTest-512567243-project-member] HTTP exception thrown: The resource could not be found.
Feb 19 01:38:33.418906 np0000156434 devstack@m-api.service[83458]: INFO manila.api.openstack.wsgi [None req-08ad414b-37ca-4b34-b1cc-ef6120f2dd05 tempest-SharesCIFSTest-512567243 tempest-SharesCIFSTest-512567243-project-member] https://[::1]/share/v2/f965e086ed7a45b7b827f5e87b69987e/shares/71f9f78b-6fcb-4f51-ad99-1d1c62ab3145 returned with HTTP 404
Feb 19 01:38:33.419476 np0000156434 devstack@m-api.service[83458]: [pid: 83458|app: 0|req: 449/880] ::1 () {68 vars in 1447 bytes} [Thu Feb 19 01:38:33 2026] GET /share/v2/f965e086ed7a45b7b827f5e87b69987e/shares/71f9f78b-6fcb-4f51-ad99-1d1c62ab3145 => generated 78 bytes in 19 msecs (HTTP/1.1 404) 7 headers in 303 bytes (1 switches on core 0)
Feb 19 01:38:33.437122 np0000156434 devstack@m-api.service[83457]: INFO manila.api.openstack.wsgi [None req-295abd94-793b-4eaa-83e5-20fc83781493 tempest-SharesCIFSTest-512567243 tempest-SharesCIFSTest-512567243-project-member] GET https://[::1]/share/v2/f965e086ed7a45b7b827f5e87b69987e/shares/71f9f78b-6fcb-4f51-ad99-1d1c62ab3145
Feb 19 01:38:33.437694 np0000156434 devstack@m-api.service[83457]: DEBUG manila.api.openstack.wsgi [None req-295abd94-793b-4eaa-83e5-20fc83781493 tempest-SharesCIFSTest-512567243 tempest-SharesCIFSTest-512567243-project-member] Empty body provided in request {{(pid=83457) get_body /opt/stack/manila/manila/api/openstack/wsgi.py:652}}
Feb 19 01:38:33.438253 np0000156434 devstack@m-api.service[83457]: DEBUG manila.api.openstack.wsgi [None req-295abd94-793b-4eaa-83e5-20fc83781493 tempest-SharesCIFSTest-512567243 tempest-SharesCIFSTest-512567243-project-member] Calling method 'ShareMixin.show' {{(pid=83457) _process_stack /opt/stack/manila/manila/api/openstack/wsgi.py:798}}
Feb 19 01:38:33.448523 np0000156434 devstack@m-api.service[83457]: INFO manila.api.openstack.wsgi [None req-295abd94-793b-4eaa-83e5-20fc83781493 tempest-SharesCIFSTest-512567243 tempest-SharesCIFSTest-512567243-project-member] HTTP exception thrown: The resource could not be found.
Feb 19 01:38:33.448523 np0000156434 devstack@m-api.service[83457]: INFO manila.api.openstack.wsgi [None req-295abd94-793b-4eaa-83e5-20fc83781493 tempest-SharesCIFSTest-512567243 tempest-SharesCIFSTest-512567243-project-member] https://[::1]/share/v2/f965e086ed7a45b7b827f5e87b69987e/shares/71f9f78b-6fcb-4f51-ad99-1d1c62ab3145 returned with HTTP 404
Feb 19 01:38:33.448523 np0000156434 devstack@m-api.service[83457]: [pid: 83457|app: 0|req: 432/881] ::1 () {68 vars in 1447 bytes} [Thu Feb 19 01:38:33 2026] GET /share/v2/f965e086ed7a45b7b827f5e87b69987e/shares/71f9f78b-6fcb-4f51-ad99-1d1c62ab3145 => generated 78 bytes in 16 msecs (HTTP/1.1 404) 7 headers in 303 bytes (1 switches on core 0)
Feb 19 01:38:33.472275 np0000156434 devstack@m-api.service[83458]: INFO manila.api.openstack.wsgi [None req-9e44c817-2eb3-409e-be1b-e7c8bf6b6efc tempest-SharesCIFSTest-1279773 tempest-SharesCIFSTest-1279773-project-admin] POST https://[::1]/share/v2/88cd97646085439da28e0b22f21d2917/types
Feb 19 01:38:33.472573 np0000156434 devstack@m-api.service[83458]: DEBUG manila.api.openstack.wsgi [None req-9e44c817-2eb3-409e-be1b-e7c8bf6b6efc tempest-SharesCIFSTest-1279773 tempest-SharesCIFSTest-1279773-project-admin] Action: 'create', calling method: Controller.__getattribute__..version_select, body: {"share_type": {"name": "tempest-typeshare-type-324189601", "extra_specs": {"driver_handles_share_servers": "False", "snapshot_support": true, "create_share_from_snapshot_support": true}, "share_type_access:is_public": true}} {{(pid=83458) _process_stack /opt/stack/manila/manila/api/openstack/wsgi.py:796}}
Feb 19 01:38:33.498167 np0000156434 devstack@m-api.service[83458]: INFO manila.api.openstack.wsgi [None req-9e44c817-2eb3-409e-be1b-e7c8bf6b6efc tempest-SharesCIFSTest-1279773 tempest-SharesCIFSTest-1279773-project-admin] https://[::1]/share/v2/88cd97646085439da28e0b22f21d2917/types returned with HTTP 200
Feb 19 01:38:33.500319 np0000156434 devstack@m-api.service[83458]: [pid: 83458|app: 0|req: 450/882] ::1 () {70 vars in 1355 bytes} [Thu Feb 19 01:38:33 2026] POST /share/v2/88cd97646085439da28e0b22f21d2917/types => generated 769 bytes in 35 msecs (HTTP/1.1 200) 7 headers in 297 bytes (1 switches on core 0)
Feb 19 01:38:33.519525 np0000156434 devstack@m-api.service[83457]: INFO manila.api.openstack.wsgi [None req-c90f62c6-4d49-4f58-bfdf-74bd80537d2b tempest-SharesCIFSTest-512567243 tempest-SharesCIFSTest-512567243-project-member] POST https://[::1]/share/v2/f965e086ed7a45b7b827f5e87b69987e/shares
