Feb 19 01:33:14.761302 np0000156434 devstack@m-api.service[83458]: [pid: 83458|app: 0|req: 107/208] ::1 () {68 vars in 1492 bytes} [Thu Feb 19 01:33:14 2026] GET /share/v2/c8e366e173cf46de8020bc58892130ae/snapshots/3edf5263-5c22-476b-9464-5293b8419572/access-list => generated 143 bytes in 262 msecs (HTTP/1.1 200) 7 headers in 297 bytes (1 switches on core 0)
Feb 19 01:33:14.885088 np0000156434 devstack@m-api.service[83457]: INFO manila.api.openstack.wsgi [None req-3dac2a5e-ab99-41e7-a556-0db90c6247b8 tempest-MigrationTwoPhaseNFSTest-326426090 tempest-MigrationTwoPhaseNFSTest-326426090-project-admin] GET https://[::1]/share/v2/63d09d0aea364a86b9f085a58ff72d45/shares/16a0405d-a07d-4f13-9966-8218a9a70902
Feb 19 01:33:14.885207 np0000156434 devstack@m-api.service[83457]: DEBUG manila.api.openstack.wsgi [None req-3dac2a5e-ab99-41e7-a556-0db90c6247b8 tempest-MigrationTwoPhaseNFSTest-326426090 tempest-MigrationTwoPhaseNFSTest-326426090-project-admin] Empty body provided in request {{(pid=83457) get_body /opt/stack/manila/manila/api/openstack/wsgi.py:652}}
Feb 19 01:33:14.891873 np0000156434 devstack@m-api.service[83457]: DEBUG manila.api.openstack.wsgi [None req-3dac2a5e-ab99-41e7-a556-0db90c6247b8 tempest-MigrationTwoPhaseNFSTest-326426090 tempest-MigrationTwoPhaseNFSTest-326426090-project-admin] Calling method 'ShareMixin.show' {{(pid=83457) _process_stack /opt/stack/manila/manila/api/openstack/wsgi.py:798}}
Feb 19 01:33:14.908297 np0000156434 devstack@m-api.service[83458]: INFO manila.api.openstack.wsgi [None req-e0660090-0929-4db8-b25c-535c84c70834 tempest-SharesNFSTest-1892922688 tempest-SharesNFSTest-1892922688-project-member] GET https://[::1]/share/v2/4bce861972524391a5b16407651bbeef/snapshots/1c5e6786-bcd5-4b90-8ed4-186b9cc26f04
Feb 19 01:33:14.909395 np0000156434 devstack@m-api.service[83458]: DEBUG manila.api.openstack.wsgi [None req-e0660090-0929-4db8-b25c-535c84c70834 tempest-SharesNFSTest-1892922688 tempest-SharesNFSTest-1892922688-project-member] Empty body provided in request {{(pid=83458) get_body /opt/stack/manila/manila/api/openstack/wsgi.py:652}}
Feb 19 01:33:14.909643 np0000156434 devstack@m-api.service[83458]: DEBUG manila.api.openstack.wsgi [None req-e0660090-0929-4db8-b25c-535c84c70834 tempest-SharesNFSTest-1892922688 tempest-SharesNFSTest-1892922688-project-member] Calling method 'ShareSnapshotMixin.show' {{(pid=83458) _process_stack /opt/stack/manila/manila/api/openstack/wsgi.py:798}}
Feb 19 01:33:14.951417 np0000156434 devstack@m-api.service[83457]: INFO manila.api.openstack.wsgi [None req-3dac2a5e-ab99-41e7-a556-0db90c6247b8 tempest-MigrationTwoPhaseNFSTest-326426090 tempest-MigrationTwoPhaseNFSTest-326426090-project-admin] https://[::1]/share/v2/63d09d0aea364a86b9f085a58ff72d45/shares/16a0405d-a07d-4f13-9966-8218a9a70902 returned with HTTP 200
Feb 19 01:33:14.955655 np0000156434 devstack@m-api.service[83457]: [pid: 83457|app: 0|req: 102/209] ::1 () {68 vars in 1447 bytes} [Thu Feb 19 01:33:14 2026] GET /share/v2/63d09d0aea364a86b9f085a58ff72d45/shares/16a0405d-a07d-4f13-9966-8218a9a70902 => generated 1446 bytes in 73 msecs (HTTP/1.1 200) 7 headers in 298 bytes (1 switches on core 0)
Feb 19 01:33:14.964254 np0000156434 devstack@m-api.service[83457]: INFO manila.api.openstack.wsgi [None req-b22e1d84-d651-483d-9655-6c94c720b878 tempest-MigrationTwoPhaseNFSTest-326426090 tempest-MigrationTwoPhaseNFSTest-326426090-project-admin] POST https://[::1]/share/v2/63d09d0aea364a86b9f085a58ff72d45/shares/16a0405d-a07d-4f13-9966-8218a9a70902/action
Feb 19 01:33:14.965005 np0000156434 devstack@m-api.service[83457]: DEBUG manila.api.openstack.wsgi [None req-b22e1d84-d651-483d-9655-6c94c720b878 tempest-MigrationTwoPhaseNFSTest-326426090 tempest-MigrationTwoPhaseNFSTest-326426090-project-admin] Action body: b'{"allow_access": {"access_type": "ip", "access_to": "51.51.51.51", "access_level": "ro"}}' {{(pid=83457) get_method /opt/stack/manila/manila/api/openstack/wsgi.py:912}}
Feb 19 01:33:14.965005 np0000156434 devstack@m-api.service[83457]: DEBUG manila.api.openstack.wsgi [None req-b22e1d84-d651-483d-9655-6c94c720b878 tempest-MigrationTwoPhaseNFSTest-326426090 tempest-MigrationTwoPhaseNFSTest-326426090-project-admin] Action: 'action', calling method: ShareController.allow_access, body: {"allow_access": {"access_type": "ip", "access_to": "51.51.51.51", "access_level": "ro"}} {{(pid=83457) _process_stack /opt/stack/manila/manila/api/openstack/wsgi.py:796}}
Feb 19 01:33:15.014304 np0000156434 devstack@m-api.service[83458]: INFO manila.api.openstack.wsgi [None req-e0660090-0929-4db8-b25c-535c84c70834 tempest-SharesNFSTest-1892922688 tempest-SharesNFSTest-1892922688-project-member] https://[::1]/share/v2/4bce861972524391a5b16407651bbeef/snapshots/1c5e6786-bcd5-4b90-8ed4-186b9cc26f04 returned with HTTP 200
Feb 19 01:33:15.014304 np0000156434 devstack@m-api.service[83458]: [pid: 83458|app: 0|req: 108/210] ::1 () {68 vars in 1456 bytes} [Thu Feb 19 01:33:14 2026] GET /share/v2/4bce861972524391a5b16407651bbeef/snapshots/1c5e6786-bcd5-4b90-8ed4-186b9cc26f04 => generated 710 bytes in 113 msecs (HTTP/1.1 200) 7 headers in 297 bytes (1 switches on core 0)
Feb 19 01:33:15.050306 np0000156434 devstack@m-api.service[83458]: INFO manila.api.openstack.wsgi [None req-120e719b-46cb-47ac-92fb-e9cc9a07cbc8 tempest-SharesNFSTest-1892922688 tempest-SharesNFSTest-1892922688-project-member] DELETE https://[::1]/share/v2/4bce861972524391a5b16407651bbeef/snapshots/1c5e6786-bcd5-4b90-8ed4-186b9cc26f04
Feb 19 01:33:15.050306 np0000156434 devstack@m-api.service[83458]: DEBUG manila.api.openstack.wsgi [None req-120e719b-46cb-47ac-92fb-e9cc9a07cbc8 tempest-SharesNFSTest-1892922688 tempest-SharesNFSTest-1892922688-project-member] Empty body provided in request {{(pid=83458) get_body /opt/stack/manila/manila/api/openstack/wsgi.py:652}}
Feb 19 01:33:15.050306 np0000156434 devstack@m-api.service[83458]: DEBUG manila.api.openstack.wsgi [None req-120e719b-46cb-47ac-92fb-e9cc9a07cbc8 tempest-SharesNFSTest-1892922688 tempest-SharesNFSTest-1892922688-project-member] Calling method 'ShareSnapshotMixin.delete' {{(pid=83458) _process_stack /opt/stack/manila/manila/api/openstack/wsgi.py:798}}
Feb 19 01:33:15.050306 np0000156434 devstack@m-api.service[83458]: INFO manila.api.v2.share_snapshots [None req-120e719b-46cb-47ac-92fb-e9cc9a07cbc8 tempest-SharesNFSTest-1892922688 tempest-SharesNFSTest-1892922688-project-member] Delete snapshot with id: 1c5e6786-bcd5-4b90-8ed4-186b9cc26f04
Feb 19 01:33:15.114171 np0000156434 devstack@m-api.service[83457]: DEBUG oslo_concurrency.lockutils [None req-b22e1d84-d651-483d-9655-6c94c720b878 tempest-MigrationTwoPhaseNFSTest-326426090 tempest-MigrationTwoPhaseNFSTest-326426090-project-admin] Acquiring lock "locked_access_rules_operation_by_share_instance_f16ddc97-c692-43bd-a865-0fe7b7e4c5c7" by "manila.share.access.locked_access_rules_operation..wrapped..locked_operation" {{(pid=83457) inner /opt/stack/data/venv/lib/python3.12/site-packages/oslo_concurrency/lockutils.py:506}}
Feb 19 01:33:15.114171 np0000156434 devstack@m-api.service[83457]: DEBUG oslo_concurrency.lockutils [None req-b22e1d84-d651-483d-9655-6c94c720b878 tempest-MigrationTwoPhaseNFSTest-326426090 tempest-MigrationTwoPhaseNFSTest-326426090-project-admin] Lock "locked_access_rules_operation_by_share_instance_f16ddc97-c692-43bd-a865-0fe7b7e4c5c7" acquired by "manila.share.access.locked_access_rules_operation..wrapped..locked_operation" :: waited 0.001s {{(pid=83457) inner /opt/stack/data/venv/lib/python3.12/site-packages/oslo_concurrency/lockutils.py:519}}
Feb 19 01:33:15.273847 np0000156434 devstack@m-api.service[83458]: INFO manila.api.openstack.wsgi [None req-120e719b-46cb-47ac-92fb-e9cc9a07cbc8 tempest-SharesNFSTest-1892922688 tempest-SharesNFSTest-1892922688-project-member] https://[::1]/share/v2/4bce861972524391a5b16407651bbeef/snapshots/1c5e6786-bcd5-4b90-8ed4-186b9cc26f04 returned with HTTP 202
Feb 19 01:33:15.277120 np0000156434 devstack@m-api.service[83458]: [pid: 83458|app: 0|req: 109/211] ::1 () {68 vars in 1459 bytes} [Thu Feb 19 01:33:15 2026] DELETE /share/v2/4bce861972524391a5b16407651bbeef/snapshots/1c5e6786-bcd5-4b90-8ed4-186b9cc26f04 => generated 0 bytes in 236 msecs (HTTP/1.1 202) 7 headers in 309 bytes (1 switches on core 0)
Feb 19 01:33:15.311174 np0000156434 devstack@m-api.service[83458]: INFO manila.api.openstack.wsgi [None req-15484157-df33-49ef-898d-89a5677cb06a tempest-SharesNFSTest-1892922688 tempest-SharesNFSTest-1892922688-project-member] GET https://[::1]/share/v2/4bce861972524391a5b16407651bbeef/snapshots/1c5e6786-bcd5-4b90-8ed4-186b9cc26f04
Feb 19 01:33:15.313295 np0000156434 devstack@m-api.service[83458]: DEBUG manila.api.openstack.wsgi [None req-15484157-df33-49ef-898d-89a5677cb06a tempest-SharesNFSTest-1892922688 tempest-SharesNFSTest-1892922688-project-member] Empty body provided in request {{(pid=83458) get_body /opt/stack/manila/manila/api/openstack/wsgi.py:652}}
Feb 19 01:33:15.313295 np0000156434 devstack@m-api.service[83458]: DEBUG manila.api.openstack.wsgi [None req-15484157-df33-49ef-898d-89a5677cb06a tempest-SharesNFSTest-1892922688 tempest-SharesNFSTest-1892922688-project-member] Calling method 'ShareSnapshotMixin.show' {{(pid=83458) _process_stack /opt/stack/manila/manila/api/openstack/wsgi.py:798}}
Feb 19 01:33:15.398456 np0000156434 devstack@m-api.service[83457]: DEBUG oslo_concurrency.lockutils [None req-b22e1d84-d651-483d-9655-6c94c720b878 tempest-MigrationTwoPhaseNFSTest-326426090 tempest-MigrationTwoPhaseNFSTest-326426090-project-admin] Lock "locked_access_rules_operation_by_share_instance_f16ddc97-c692-43bd-a865-0fe7b7e4c5c7" "released" by "manila.share.access.locked_access_rules_operation..wrapped..locked_operation" :: held 0.283s {{(pid=83457) inner /opt/stack/data/venv/lib/python3.12/site-packages/oslo_concurrency/lockutils.py:538}}
Feb 19 01:33:15.402122 np0000156434 devstack@m-api.service[83457]: INFO manila.api.openstack.wsgi [None req-b22e1d84-d651-483d-9655-6c94c720b878 tempest-MigrationTwoPhaseNFSTest-326426090 tempest-MigrationTwoPhaseNFSTest-326426090-project-admin] https://[::1]/share/v2/63d09d0aea364a86b9f085a58ff72d45/shares/16a0405d-a07d-4f13-9966-8218a9a70902/action returned with HTTP 200
Feb 19 01:33:15.402122 np0000156434 devstack@m-api.service[83457]: [pid: 83457|app: 0|req: 103/212] ::1 () {70 vars in 1489 bytes} [Thu Feb 19 01:33:14 2026] POST /share/v2/63d09d0aea364a86b9f085a58ff72d45/shares/16a0405d-a07d-4f13-9966-8218a9a70902/action => generated 309 bytes in 441 msecs (HTTP/1.1 200) 7 headers in 297 bytes (1 switches on core 0)
Feb 19 01:33:15.417229 np0000156434 devstack@m-api.service[83458]: INFO manila.api.openstack.wsgi [None req-15484157-df33-49ef-898d-89a5677cb06a tempest-SharesNFSTest-1892922688 tempest-SharesNFSTest-1892922688-project-member] https://[::1]/share/v2/4bce861972524391a5b16407651bbeef/snapshots/1c5e6786-bcd5-4b90-8ed4-186b9cc26f04 returned with HTTP 200
Feb 19 01:33:15.422953 np0000156434 devstack@m-api.service[83458]: [pid: 83458|app: 0|req: 110/213] ::1 () {68 vars in 1456 bytes} [Thu Feb 19 01:33:15 2026] GET /share/v2/4bce861972524391a5b16407651bbeef/snapshots/1c5e6786-bcd5-4b90-8ed4-186b9cc26f04 => generated 709 bytes in 124 msecs (HTTP/1.1 200) 7 headers in 297 bytes (1 switches on core 0)
Feb 19 01:33:15.444910 np0000156434 devstack@m-api.service[83457]: INFO manila.api.openstack.wsgi [None req-3d7f046c-9f5e-4a69-bb26-b978d6ca600c tempest-MigrationTwoPhaseNFSTest-326426090 tempest-MigrationTwoPhaseNFSTest-326426090-project-admin] GET https://[::1]/share/v2/63d09d0aea364a86b9f085a58ff72d45/shares/16a0405d-a07d-4f13-9966-8218a9a70902
Feb 19 01:33:15.444910 np0000156434 devstack@m-api.service[83457]: DEBUG manila.api.openstack.wsgi [None req-3d7f046c-9f5e-4a69-bb26-b978d6ca600c tempest-MigrationTwoPhaseNFSTest-326426090 tempest-MigrationTwoPhaseNFSTest-326426090-project-admin] Empty body provided in request {{(pid=83457) get_body /opt/stack/manila/manila/api/openstack/wsgi.py:652}}
Feb 19 01:33:15.444910 np0000156434 devstack@m-api.service[83457]: DEBUG manila.api.openstack.wsgi [None req-3d7f046c-9f5e-4a69-bb26-b978d6ca600c tempest-MigrationTwoPhaseNFSTest-326426090 tempest-MigrationTwoPhaseNFSTest-326426090-project-admin] Calling method 'ShareMixin.show' {{(pid=83457) _process_stack /opt/stack/manila/manila/api/openstack/wsgi.py:798}}
Feb 19 01:33:15.596738 np0000156434 devstack@m-api.service[83457]: INFO manila.api.openstack.wsgi [None req-3d7f046c-9f5e-4a69-bb26-b978d6ca600c tempest-MigrationTwoPhaseNFSTest-326426090 tempest-MigrationTwoPhaseNFSTest-326426090-project-admin] https://[::1]/share/v2/63d09d0aea364a86b9f085a58ff72d45/shares/16a0405d-a07d-4f13-9966-8218a9a70902 returned with HTTP 200
Feb 19 01:33:15.596738 np0000156434 devstack@m-api.service[83457]: [pid: 83457|app: 0|req: 104/214] ::1 () {68 vars in 1447 bytes} [Thu Feb 19 01:33:15 2026] GET /share/v2/63d09d0aea364a86b9f085a58ff72d45/shares/16a0405d-a07d-4f13-9966-8218a9a70902 => generated 1447 bytes in 164 msecs (HTTP/1.1 200) 7 headers in 298 bytes (1 switches on core 0)
Feb 19 01:33:16.059333 np0000156434 devstack@m-api.service[83458]: INFO manila.api.openstack.wsgi [None req-b48047c6-3bc3-4926-8a59-55b769d3bc21 tempest-ShareUserRulesForCIFSTest-1187363671 tempest-ShareUserRulesForCIFSTest-1187363671-project-member] GET https://[::1]/share/v2/bed1ec7c0a554d7383f545ea277d76b6/share-access-rules?share_id=a77e7517-d2b5-419f-b7a6-fcf586b9a616
Feb 19 01:33:16.059333 np0000156434 devstack@m-api.service[83458]: DEBUG manila.api.openstack.wsgi [None req-b48047c6-3bc3-4926-8a59-55b769d3bc21 tempest-ShareUserRulesForCIFSTest-1187363671 tempest-ShareUserRulesForCIFSTest-1187363671-project-member] Empty body provided in request {{(pid=83458) get_body /opt/stack/manila/manila/api/openstack/wsgi.py:652}}
Feb 19 01:33:16.061484 np0000156434 devstack@m-api.service[83458]: DEBUG manila.api.openstack.wsgi [None req-b48047c6-3bc3-4926-8a59-55b769d3bc21 tempest-ShareUserRulesForCIFSTest-1187363671 tempest-ShareUserRulesForCIFSTest-1187363671-project-member] Calling method 'Controller.__getattribute__..version_select' {{(pid=83458) _process_stack /opt/stack/manila/manila/api/openstack/wsgi.py:798}}
Feb 19 01:33:16.200582 np0000156434 devstack@m-api.service[83458]: DEBUG manila.lock.api [None req-b48047c6-3bc3-4926-8a59-55b769d3bc21 tempest-ShareUserRulesForCIFSTest-1187363671 tempest-ShareUserRulesForCIFSTest-1187363671-project-member] Searching for locks by: {'resource_id': '040c346f-a565-4ef1-97a1-84a1d9e5271a', 'resource_action': 'show', 'resource_type': 'access_rule', 'all_projects': True} {{(pid=83458) get_all /opt/stack/manila/manila/lock/api.py:112}}
Feb 19 01:33:16.230101 np0000156434 devstack@m-api.service[83458]: INFO manila.api.openstack.wsgi [None req-b48047c6-3bc3-4926-8a59-55b769d3bc21 tempest-ShareUserRulesForCIFSTest-1187363671 tempest-ShareUserRulesForCIFSTest-1187363671-project-member] https://[::1]/share/v2/bed1ec7c0a554d7383f545ea277d76b6/share-access-rules?share_id=a77e7517-d2b5-419f-b7a6-fcf586b9a616 returned with HTTP 200
Feb 19 01:33:16.230744 np0000156434 devstack@m-api.service[83458]: [pid: 83458|app: 0|req: 111/215] ::1 () {68 vars in 1463 bytes} [Thu Feb 19 01:33:16 2026] GET /share/v2/bed1ec7c0a554d7383f545ea277d76b6/share-access-rules?share_id=a77e7517-d2b5-419f-b7a6-fcf586b9a616 => generated 285 bytes in 185 msecs (HTTP/1.1 200) 7 headers in 297 bytes (1 switches on core 0)
Feb 19 01:33:16.726098 np0000156434 devstack@m-api.service[83457]: INFO manila.api.openstack.wsgi [None req-bfe5f22a-91e5-4458-b172-cb3fdcfe3770 tempest-MigrationWithDifferentSnapshotSupportNFSTest-1334345901 tempest-MigrationWithDifferentSnapshotSupportNFSTest-1334345901-project-admin] GET https://[::1]/share/v2/eabc04fb85804ac0bddaae475798e1ef/shares/6d9d6814-5619-4bb7-986b-e30026355ce4
Feb 19 01:33:16.727766 np0000156434 devstack@m-api.service[83457]: DEBUG manila.api.openstack.wsgi [None req-bfe5f22a-91e5-4458-b172-cb3fdcfe3770 tempest-MigrationWithDifferentSnapshotSupportNFSTest-1334345901 tempest-MigrationWithDifferentSnapshotSupportNFSTest-1334345901-project-admin] Empty body provided in request {{(pid=83457) get_body /opt/stack/manila/manila/api/openstack/wsgi.py:652}}
Feb 19 01:33:16.729727 np0000156434 devstack@m-api.service[83457]: DEBUG manila.api.openstack.wsgi [None req-bfe5f22a-91e5-4458-b172-cb3fdcfe3770 tempest-MigrationWithDifferentSnapshotSupportNFSTest-1334345901 tempest-MigrationWithDifferentSnapshotSupportNFSTest-1334345901-project-admin] Calling method 'ShareMixin.show' {{(pid=83457) _process_stack /opt/stack/manila/manila/api/openstack/wsgi.py:798}}
Feb 19 01:33:16.776169 np0000156434 devstack@m-api.service[83457]: INFO manila.api.openstack.wsgi [None req-bfe5f22a-91e5-4458-b172-cb3fdcfe3770 tempest-MigrationWithDifferentSnapshotSupportNFSTest-1334345901 tempest-MigrationWithDifferentSnapshotSupportNFSTest-1334345901-project-admin] https://[::1]/share/v2/eabc04fb85804ac0bddaae475798e1ef/shares/6d9d6814-5619-4bb7-986b-e30026355ce4 returned with HTTP 200
Feb 19 01:33:16.779504 np0000156434 devstack@m-api.service[83457]: [pid: 83457|app: 0|req: 105/216] ::1 () {68 vars in 1447 bytes} [Thu Feb 19 01:33:16 2026] GET /share/v2/eabc04fb85804ac0bddaae475798e1ef/shares/6d9d6814-5619-4bb7-986b-e30026355ce4 => generated 1482 bytes in 61 msecs (HTTP/1.1 200) 7 headers in 298 bytes (1 switches on core 0)
Feb 19 01:33:17.439460 np0000156434 devstack@m-api.service[83458]: INFO manila.api.openstack.wsgi [None req-fedf6270-5a8e-4429-bbf0-db2c7e04c012 tempest-MigrationCancelNFSTest-120089555 tempest-MigrationCancelNFSTest-120089555-project-admin] GET https://[::1]/share/v2/19f1a8704c9f4165be87a66f776f4868/shares/f695b993-d608-4f7a-aea9-e3e1229082bb
Feb 19 01:33:17.439730 np0000156434 devstack@m-api.service[83458]: DEBUG manila.api.openstack.wsgi [None req-fedf6270-5a8e-4429-bbf0-db2c7e04c012 tempest-MigrationCancelNFSTest-120089555 tempest-MigrationCancelNFSTest-120089555-project-admin] Empty body provided in request {{(pid=83458) get_body /opt/stack/manila/manila/api/openstack/wsgi.py:652}}
Feb 19 01:33:17.439835 np0000156434 devstack@m-api.service[83458]: DEBUG manila.api.openstack.wsgi [None req-fedf6270-5a8e-4429-bbf0-db2c7e04c012 tempest-MigrationCancelNFSTest-120089555 tempest-MigrationCancelNFSTest-120089555-project-admin] Calling method 'ShareMixin.show' {{(pid=83458) _process_stack /opt/stack/manila/manila/api/openstack/wsgi.py:798}}
Feb 19 01:33:17.578574 np0000156434 devstack@m-api.service[83458]: INFO manila.api.openstack.wsgi [None req-fedf6270-5a8e-4429-bbf0-db2c7e04c012 tempest-MigrationCancelNFSTest-120089555 tempest-MigrationCancelNFSTest-120089555-project-admin] https://[::1]/share/v2/19f1a8704c9f4165be87a66f776f4868/shares/f695b993-d608-4f7a-aea9-e3e1229082bb returned with HTTP 200
Feb 19 01:33:17.579126 np0000156434 devstack@m-api.service[83458]: [pid: 83458|app: 0|req: 112/217] ::1 () {68 vars in 1447 bytes} [Thu Feb 19 01:33:17 2026] GET /share/v2/19f1a8704c9f4165be87a66f776f4868/shares/f695b993-d608-4f7a-aea9-e3e1229082bb => generated 1467 bytes in 160 msecs (HTTP/1.1 200) 7 headers in 298 bytes (1 switches on core 0)
Feb 19 01:33:17.787972 np0000156434 devstack@m-api.service[83457]: INFO manila.api.openstack.wsgi [None req-164de578-ed96-4e50-ae8a-d76683d9a0b2 tempest-ShareSnapshotIpRulesForNFSTest-73640754 tempest-ShareSnapshotIpRulesForNFSTest-73640754-project-member] GET https://[::1]/share/v2/c8e366e173cf46de8020bc58892130ae/snapshots/3edf5263-5c22-476b-9464-5293b8419572/access-list
Feb 19 01:33:17.797700 np0000156434 devstack@m-api.service[83457]: DEBUG manila.api.openstack.wsgi [None req-164de578-ed96-4e50-ae8a-d76683d9a0b2 tempest-ShareSnapshotIpRulesForNFSTest-73640754 tempest-ShareSnapshotIpRulesForNFSTest-73640754-project-member] Empty body provided in request {{(pid=83457) get_body /opt/stack/manila/manila/api/openstack/wsgi.py:652}}
Feb 19 01:33:17.797700 np0000156434 devstack@m-api.service[83457]: DEBUG manila.api.openstack.wsgi [None req-164de578-ed96-4e50-ae8a-d76683d9a0b2 tempest-ShareSnapshotIpRulesForNFSTest-73640754 tempest-ShareSnapshotIpRulesForNFSTest-73640754-project-member] Calling method 'Controller.__getattribute__..version_select' {{(pid=83457) _process_stack /opt/stack/manila/manila/api/openstack/wsgi.py:798}}
Feb 19 01:33:18.045681 np0000156434 devstack@m-api.service[83458]: INFO manila.api.openstack.wsgi [None req-76b85f62-7d5b-4f5d-a63a-bdb5a44709c7 tempest-TestShareExtendNFS-1275074646 tempest-TestShareExtendNFS-1275074646-project-member] GET https://[::1]/share/v2/86006a09ef6142caab2344b832c2908e/types/default
Feb 19 01:33:18.050030 np0000156434 devstack@m-api.service[83458]: DEBUG manila.api.openstack.wsgi [None req-76b85f62-7d5b-4f5d-a63a-bdb5a44709c7 tempest-TestShareExtendNFS-1275074646 tempest-TestShareExtendNFS-1275074646-project-member] Empty body provided in request {{(pid=83458) get_body /opt/stack/manila/manila/api/openstack/wsgi.py:652}}
Feb 19 01:33:18.050030 np0000156434 devstack@m-api.service[83458]: DEBUG manila.api.openstack.wsgi [None req-76b85f62-7d5b-4f5d-a63a-bdb5a44709c7 tempest-TestShareExtendNFS-1275074646 tempest-TestShareExtendNFS-1275074646-project-member] Calling method 'ShareTypesController.default' {{(pid=83458) _process_stack /opt/stack/manila/manila/api/openstack/wsgi.py:798}}
Feb 19 01:33:18.132693 np0000156434 devstack@m-api.service[83458]: INFO manila.api.openstack.wsgi [None req-76b85f62-7d5b-4f5d-a63a-bdb5a44709c7 tempest-TestShareExtendNFS-1275074646 tempest-TestShareExtendNFS-1275074646-project-member] https://[::1]/share/v2/86006a09ef6142caab2344b832c2908e/types/default returned with HTTP 200
Feb 19 01:33:18.145843 np0000156434 devstack@m-api.service[83458]: [pid: 83458|app: 0|req: 113/218] ::1 () {68 vars in 1357 bytes} [Thu Feb 19 01:33:18 2026] GET /share/v2/86006a09ef6142caab2344b832c2908e/types/default => generated 861 bytes in 110 msecs (HTTP/1.1 200) 7 headers in 297 bytes (1 switches on core 0)
Feb 19 01:33:18.167478 np0000156434 devstack@m-api.service[83458]: INFO manila.api.openstack.wsgi [None req-202577de-1dff-4cff-bd85-d92eea8711e3 tempest-TestShareExtendNFS-1275074646 tempest-TestShareExtendNFS-1275074646-project-member] POST https://[::1]/share/v2/86006a09ef6142caab2344b832c2908e/shares
Feb 19 01:33:18.167847 np0000156434 devstack@m-api.service[83458]: DEBUG manila.api.openstack.wsgi [None req-202577de-1dff-4cff-bd85-d92eea8711e3 tempest-TestShareExtendNFS-1275074646 tempest-TestShareExtendNFS-1275074646-project-member] Action: 'create', calling method: Controller.__getattribute__..version_select, body: {"share": {"share_proto": "nfs", "description": "Tempest's share", "snapshot_id": null, "name": "tempest-manila-scenario-1582113210", "size": 1, "metadata": {}, "is_public": false, "share_type": "9ce347e0-9624-4567-bd2e-ff481015541c"}} {{(pid=83458) _process_stack /opt/stack/manila/manila/api/openstack/wsgi.py:796}}
Feb 19 01:33:18.179165 np0000156434 devstack@m-api.service[83458]: INFO manila.api.v2.shares [None req-202577de-1dff-4cff-bd85-d92eea8711e3 tempest-TestShareExtendNFS-1275074646 tempest-TestShareExtendNFS-1275074646-project-member] Create NFS share of 1 GB
Feb 19 01:33:18.201916 np0000156434 devstack@m-api.service[83457]: INFO manila.api.openstack.wsgi [None req-164de578-ed96-4e50-ae8a-d76683d9a0b2 tempest-ShareSnapshotIpRulesForNFSTest-73640754 tempest-ShareSnapshotIpRulesForNFSTest-73640754-project-member] https://[::1]/share/v2/c8e366e173cf46de8020bc58892130ae/snapshots/3edf5263-5c22-476b-9464-5293b8419572/access-list returned with HTTP 200
Feb 19 01:33:18.202603 np0000156434 devstack@m-api.service[83457]: [pid: 83457|app: 0|req: 106/219] ::1 () {68 vars in 1492 bytes} [Thu Feb 19 01:33:17 2026] GET /share/v2/c8e366e173cf46de8020bc58892130ae/snapshots/3edf5263-5c22-476b-9464-5293b8419572/access-list => generated 143 bytes in 423 msecs (HTTP/1.1 200) 7 headers in 297 bytes (1 switches on core 0)
Feb 19 01:33:18.456498 np0000156434 devstack@m-api.service[83457]: INFO manila.api.openstack.wsgi [None req-5ad5430e-77cb-45ed-89e3-502117f63b52 tempest-SharesNFSTest-1892922688 tempest-SharesNFSTest-1892922688-project-member] GET https://[::1]/share/v2/4bce861972524391a5b16407651bbeef/snapshots/1c5e6786-bcd5-4b90-8ed4-186b9cc26f04
Feb 19 01:33:18.456894 np0000156434 devstack@m-api.service[83457]: DEBUG manila.api.openstack.wsgi [None req-5ad5430e-77cb-45ed-89e3-502117f63b52 tempest-SharesNFSTest-1892922688 tempest-SharesNFSTest-1892922688-project-member] Empty body provided in request {{(pid=83457) get_body /opt/stack/manila/manila/api/openstack/wsgi.py:652}}
Feb 19 01:33:18.456894 np0000156434 devstack@m-api.service[83457]: DEBUG manila.api.openstack.wsgi [None req-5ad5430e-77cb-45ed-89e3-502117f63b52 tempest-SharesNFSTest-1892922688 tempest-SharesNFSTest-1892922688-project-member] Calling method 'ShareSnapshotMixin.show' {{(pid=83457) _process_stack /opt/stack/manila/manila/api/openstack/wsgi.py:798}}
Feb 19 01:33:18.525722 np0000156434 devstack@m-api.service[83457]: INFO manila.api.openstack.wsgi [None req-5ad5430e-77cb-45ed-89e3-502117f63b52 tempest-SharesNFSTest-1892922688 tempest-SharesNFSTest-1892922688-project-member] HTTP exception thrown: The resource could not be found.
Feb 19 01:33:18.525722 np0000156434 devstack@m-api.service[83457]: INFO manila.api.openstack.wsgi [None req-5ad5430e-77cb-45ed-89e3-502117f63b52 tempest-SharesNFSTest-1892922688 tempest-SharesNFSTest-1892922688-project-member] https://[::1]/share/v2/4bce861972524391a5b16407651bbeef/snapshots/1c5e6786-bcd5-4b90-8ed4-186b9cc26f04 returned with HTTP 404
Feb 19 01:33:18.525722 np0000156434 devstack@m-api.service[83457]: [pid: 83457|app: 0|req: 107/220] ::1 () {68 vars in 1456 bytes} [Thu Feb 19 01:33:18 2026] GET /share/v2/4bce861972524391a5b16407651bbeef/snapshots/1c5e6786-bcd5-4b90-8ed4-186b9cc26f04 => generated 78 bytes in 82 msecs (HTTP/1.1 404) 7 headers in 303 bytes (1 switches on core 0)
Feb 19 01:33:18.573903 np0000156434 devstack@m-api.service[83457]: INFO manila.api.openstack.wsgi [None req-560cd4ef-9c7c-4ca2-b98c-e79834101d5b tempest-SharesNFSTest-1892922688 tempest-SharesNFSTest-1892922688-project-member] GET https://[::1]/share/v2/4bce861972524391a5b16407651bbeef/snapshots/1c5e6786-bcd5-4b90-8ed4-186b9cc26f04
Feb 19 01:33:18.574297 np0000156434 devstack@m-api.service[83457]: DEBUG manila.api.openstack.wsgi [None req-560cd4ef-9c7c-4ca2-b98c-e79834101d5b tempest-SharesNFSTest-1892922688 tempest-SharesNFSTest-1892922688-project-member] Empty body provided in request {{(pid=83457) get_body /opt/stack/manila/manila/api/openstack/wsgi.py:652}}
Feb 19 01:33:18.574297 np0000156434 devstack@m-api.service[83457]: DEBUG manila.api.openstack.wsgi [None req-560cd4ef-9c7c-4ca2-b98c-e79834101d5b tempest-SharesNFSTest-1892922688 tempest-SharesNFSTest-1892922688-project-member] Calling method 'ShareSnapshotMixin.show' {{(pid=83457) _process_stack /opt/stack/manila/manila/api/openstack/wsgi.py:798}}
Feb 19 01:33:18.646208 np0000156434 devstack@m-api.service[83457]: INFO manila.api.openstack.wsgi [None req-560cd4ef-9c7c-4ca2-b98c-e79834101d5b tempest-SharesNFSTest-1892922688 tempest-SharesNFSTest-1892922688-project-member] HTTP exception thrown: The resource could not be found.
Feb 19 01:33:18.646208 np0000156434 devstack@m-api.service[83457]: INFO manila.api.openstack.wsgi [None req-560cd4ef-9c7c-4ca2-b98c-e79834101d5b tempest-SharesNFSTest-1892922688 tempest-SharesNFSTest-1892922688-project-member] https://[::1]/share/v2/4bce861972524391a5b16407651bbeef/snapshots/1c5e6786-bcd5-4b90-8ed4-186b9cc26f04 returned with HTTP 404
Feb 19 01:33:18.652679 np0000156434 devstack@m-api.service[83457]: [pid: 83457|app: 0|req: 108/221] ::1 () {68 vars in 1456 bytes} [Thu Feb 19 01:33:18 2026] GET /share/v2/4bce861972524391a5b16407651bbeef/snapshots/1c5e6786-bcd5-4b90-8ed4-186b9cc26f04 => generated 78 bytes in 96 msecs (HTTP/1.1 404) 7 headers in 303 bytes (1 switches on core 0)
Feb 19 01:33:18.652733 np0000156434 devstack@m-api.service[83458]: DEBUG manila.quota [None req-202577de-1dff-4cff-bd85-d92eea8711e3 tempest-TestShareExtendNFS-1275074646 tempest-TestShareExtendNFS-1275074646-project-member] Created reservations ['780c39e1-7b97-4a2e-8ba4-e74a842d0ede', '65629ee0-805e-4a70-be0f-cc4ad1fa4834', '7a85d489-262f-409a-8e62-89d71e757f81', 'b094bdb9-de77-4fbd-b875-34c856ea9bca'] {{(pid=83458) reserve /opt/stack/manila/manila/quota.py:1038}}
Feb 19 01:33:18.664646 np0000156434 devstack@m-api.service[83457]: INFO manila.api.openstack.wsgi [None req-0f36c075-a8ae-483f-b939-6d274f6cd651 tempest-MigrationTwoPhaseNFSTest-326426090 tempest-MigrationTwoPhaseNFSTest-326426090-project-admin] GET https://[::1]/share/v2/63d09d0aea364a86b9f085a58ff72d45/shares/16a0405d-a07d-4f13-9966-8218a9a70902
Feb 19 01:33:18.668263 np0000156434 devstack@m-api.service[83457]: DEBUG manila.api.openstack.wsgi [None req-0f36c075-a8ae-483f-b939-6d274f6cd651 tempest-MigrationTwoPhaseNFSTest-326426090 tempest-MigrationTwoPhaseNFSTest-326426090-project-admin] Empty body provided in request {{(pid=83457) get_body /opt/stack/manila/manila/api/openstack/wsgi.py:652}}
Feb 19 01:33:18.668263 np0000156434 devstack@m-api.service[83457]: DEBUG manila.api.openstack.wsgi [None req-0f36c075-a8ae-483f-b939-6d274f6cd651 tempest-MigrationTwoPhaseNFSTest-326426090 tempest-MigrationTwoPhaseNFSTest-326426090-project-admin] Calling method 'ShareMixin.show' {{(pid=83457) _process_stack /opt/stack/manila/manila/api/openstack/wsgi.py:798}}
Feb 19 01:33:18.797925 np0000156434 devstack@m-api.service[83457]: INFO manila.api.openstack.wsgi [None req-0f36c075-a8ae-483f-b939-6d274f6cd651 tempest-MigrationTwoPhaseNFSTest-326426090 tempest-MigrationTwoPhaseNFSTest-326426090-project-admin] https://[::1]/share/v2/63d09d0aea364a86b9f085a58ff72d45/shares/16a0405d-a07d-4f13-9966-8218a9a70902 returned with HTTP 200
Feb 19 01:33:18.806153 np0000156434 devstack@m-api.service[83457]: [pid: 83457|app: 0|req: 109/222] ::1 () {68 vars in 1447 bytes} [Thu Feb 19 01:33:18 2026] GET /share/v2/63d09d0aea364a86b9f085a58ff72d45/shares/16a0405d-a07d-4f13-9966-8218a9a70902 => generated 1447 bytes in 155 msecs (HTTP/1.1 200) 7 headers in 298 bytes (1 switches on core 0)
Feb 19 01:33:18.826923 np0000156434 devstack@m-api.service[83457]: INFO manila.api.openstack.wsgi [None req-c1faac3a-23bc-4373-99ee-a8a3d915f3ec tempest-SharesNFSTest-1892922688 tempest-SharesNFSTest-1892922688-project-member] GET https://[::1]/share/v2/4bce861972524391a5b16407651bbeef/share-replicas/detail?share_id=3561fc09-2514-48b7-bc9d-49b54bf032b7
Feb 19 01:33:18.826923 np0000156434 devstack@m-api.service[83457]: DEBUG manila.api.openstack.wsgi [None req-c1faac3a-23bc-4373-99ee-a8a3d915f3ec tempest-SharesNFSTest-1892922688 tempest-SharesNFSTest-1892922688-project-member] Empty body provided in request {{(pid=83457) get_body /opt/stack/manila/manila/api/openstack/wsgi.py:652}}
Feb 19 01:33:18.830327 np0000156434 devstack@m-api.service[83457]: DEBUG manila.api.openstack.wsgi [None req-c1faac3a-23bc-4373-99ee-a8a3d915f3ec tempest-SharesNFSTest-1892922688 tempest-SharesNFSTest-1892922688-project-member] Calling method 'Controller.__getattribute__..version_select' {{(pid=83457) _process_stack /opt/stack/manila/manila/api/openstack/wsgi.py:798}}
Feb 19 01:33:18.836801 np0000156434 devstack@m-api.service[83458]: DEBUG manila.quota [None req-202577de-1dff-4cff-bd85-d92eea8711e3 tempest-TestShareExtendNFS-1275074646 tempest-TestShareExtendNFS-1275074646-project-member] Committed reservations ['780c39e1-7b97-4a2e-8ba4-e74a842d0ede', '65629ee0-805e-4a70-be0f-cc4ad1fa4834', '7a85d489-262f-409a-8e62-89d71e757f81', 'b094bdb9-de77-4fbd-b875-34c856ea9bca'] {{(pid=83458) commit /opt/stack/manila/manila/quota.py:1066}}
Feb 19 01:33:18.895894 np0000156434 devstack@m-api.service[83457]: INFO manila.api.openstack.wsgi [None req-c1faac3a-23bc-4373-99ee-a8a3d915f3ec tempest-SharesNFSTest-1892922688 tempest-SharesNFSTest-1892922688-project-member] https://[::1]/share/v2/4bce861972524391a5b16407651bbeef/share-replicas/detail?share_id=3561fc09-2514-48b7-bc9d-49b54bf032b7 returned with HTTP 200
Feb 19 01:33:18.895894 np0000156434 devstack@m-api.service[83457]: [pid: 83457|app: 0|req: 110/223] ::1 () {68 vars in 1472 bytes} [Thu Feb 19 01:33:18 2026] GET /share/v2/4bce861972524391a5b16407651bbeef/share-replicas/detail?share_id=3561fc09-2514-48b7-bc9d-49b54bf032b7 => generated 22 bytes in 86 msecs (HTTP/1.1 200) 7 headers in 296 bytes (1 switches on core 0)
Feb 19 01:33:18.911993 np0000156434 devstack@m-api.service[83457]: INFO manila.api.openstack.wsgi [None req-fa0e87c6-27df-4cd5-a805-7e40cd561910 tempest-TestShareBasicOpsNFS-1079054425 tempest-TestShareBasicOpsNFS-1079054425-project-member] GET https://[::1]/share/v2/761e52a134be4499800aa60d369d71ca/types/default
Feb 19 01:33:18.911993 np0000156434 devstack@m-api.service[83457]: DEBUG manila.api.openstack.wsgi [None req-fa0e87c6-27df-4cd5-a805-7e40cd561910 tempest-TestShareBasicOpsNFS-1079054425 tempest-TestShareBasicOpsNFS-1079054425-project-member] Empty body provided in request {{(pid=83457) get_body /opt/stack/manila/manila/api/openstack/wsgi.py:652}}
Feb 19 01:33:18.911993 np0000156434 devstack@m-api.service[83457]: DEBUG manila.api.openstack.wsgi [None req-fa0e87c6-27df-4cd5-a805-7e40cd561910 tempest-TestShareBasicOpsNFS-1079054425 tempest-TestShareBasicOpsNFS-1079054425-project-member] Calling method 'ShareTypesController.default' {{(pid=83457) _process_stack /opt/stack/manila/manila/api/openstack/wsgi.py:798}}
Feb 19 01:33:18.945523 np0000156434 devstack@m-api.service[83457]: INFO manila.api.openstack.wsgi [None req-fa0e87c6-27df-4cd5-a805-7e40cd561910 tempest-TestShareBasicOpsNFS-1079054425 tempest-TestShareBasicOpsNFS-1079054425-project-member] https://[::1]/share/v2/761e52a134be4499800aa60d369d71ca/types/default returned with HTTP 200
Feb 19 01:33:18.945523 np0000156434 devstack@m-api.service[83457]: [pid: 83457|app: 0|req: 111/224] ::1 () {68 vars in 1357 bytes} [Thu Feb 19 01:33:18 2026] GET /share/v2/761e52a134be4499800aa60d369d71ca/types/default => generated 861 bytes in 49 msecs (HTTP/1.1 200) 7 headers in 297 bytes (1 switches on core 0)
Feb 19 01:33:18.963071 np0000156434 devstack@m-api.service[83457]: INFO manila.api.openstack.wsgi [None req-9cc069cc-ed28-4ba1-8a6a-86ea839c869f tempest-SharesNFSTest-1892922688 tempest-SharesNFSTest-1892922688-project-member] DELETE https://[::1]/share/v2/4bce861972524391a5b16407651bbeef/shares/3561fc09-2514-48b7-bc9d-49b54bf032b7
Feb 19 01:33:18.966236 np0000156434 devstack@m-api.service[83457]: DEBUG manila.api.openstack.wsgi [None req-9cc069cc-ed28-4ba1-8a6a-86ea839c869f tempest-SharesNFSTest-1892922688 tempest-SharesNFSTest-1892922688-project-member] Empty body provided in request {{(pid=83457) get_body /opt/stack/manila/manila/api/openstack/wsgi.py:652}}
Feb 19 01:33:18.966236 np0000156434 devstack@m-api.service[83457]: DEBUG manila.api.openstack.wsgi [None req-9cc069cc-ed28-4ba1-8a6a-86ea839c869f tempest-SharesNFSTest-1892922688 tempest-SharesNFSTest-1892922688-project-member] Calling method 'ShareMixin.delete' {{(pid=83457) _process_stack /opt/stack/manila/manila/api/openstack/wsgi.py:798}}
Feb 19 01:33:18.966236 np0000156434 devstack@m-api.service[83457]: INFO manila.api.v2.shares [None req-9cc069cc-ed28-4ba1-8a6a-86ea839c869f tempest-SharesNFSTest-1892922688 tempest-SharesNFSTest-1892922688-project-member] Delete share with id: 3561fc09-2514-48b7-bc9d-49b54bf032b7
Feb 19 01:33:19.113065 np0000156434 devstack@m-api.service[83458]: INFO manila.api.openstack.wsgi [None req-202577de-1dff-4cff-bd85-d92eea8711e3 tempest-TestShareExtendNFS-1275074646 tempest-TestShareExtendNFS-1275074646-project-member] https://[::1]/share/v2/86006a09ef6142caab2344b832c2908e/shares returned with HTTP 200
Feb 19 01:33:19.113065 np0000156434 devstack@m-api.service[83458]: [pid: 83458|app: 0|req: 114/225] ::1 () {70 vars in 1358 bytes} [Thu Feb 19 01:33:18 2026] POST /share/v2/86006a09ef6142caab2344b832c2908e/shares => generated 1266 bytes in 966 msecs (HTTP/1.1 200) 7 headers in 298 bytes (1 switches on core 0)
Feb 19 01:33:19.117061 np0000156434 devstack@m-api.service[83458]: INFO manila.api.openstack.wsgi [None req-c1464374-52f8-47ab-9ce7-e85223741a9e tempest-TestShareBasicOpsNFS-1079054425 tempest-TestShareBasicOpsNFS-1079054425-project-member] POST https://[::1]/share/v2/761e52a134be4499800aa60d369d71ca/shares
Feb 19 01:33:19.117451 np0000156434 devstack@m-api.service[83458]: DEBUG manila.api.openstack.wsgi [None req-c1464374-52f8-47ab-9ce7-e85223741a9e tempest-TestShareBasicOpsNFS-1079054425 tempest-TestShareBasicOpsNFS-1079054425-project-member] Action: 'create', calling method: Controller.__getattribute__..version_select, body: {"share": {"share_proto": "nfs", "description": "Tempest's share", "snapshot_id": null, "name": "tempest-manila-scenario-1341247679", "size": 1, "metadata": {}, "is_public": false, "share_type": "9ce347e0-9624-4567-bd2e-ff481015541c"}} {{(pid=83458) _process_stack /opt/stack/manila/manila/api/openstack/wsgi.py:796}}
Feb 19 01:33:19.118573 np0000156434 devstack@m-api.service[83458]: INFO manila.api.v2.shares [None req-c1464374-52f8-47ab-9ce7-e85223741a9e tempest-TestShareBasicOpsNFS-1079054425 tempest-TestShareBasicOpsNFS-1079054425-project-member] Create NFS share of 1 GB
Feb 19 01:33:19.426667 np0000156434 devstack@m-api.service[83458]: DEBUG manila.quota [None req-c1464374-52f8-47ab-9ce7-e85223741a9e tempest-TestShareBasicOpsNFS-1079054425 tempest-TestShareBasicOpsNFS-1079054425-project-member] Created reservations ['458553bd-bdec-4158-828d-b407704dbf02', '9d19d6e3-0423-436c-b147-853e6976fc51', 'dba40c2e-6cde-4f5a-a5cb-f68dc4bb2cbd', 'b9f67907-3d8f-4de9-ad79-644feff7e77f'] {{(pid=83458) reserve /opt/stack/manila/manila/quota.py:1038}}
Feb 19 01:33:19.486719 np0000156434 devstack@m-api.service[83457]: INFO manila.api.openstack.wsgi [None req-9cc069cc-ed28-4ba1-8a6a-86ea839c869f tempest-SharesNFSTest-1892922688 tempest-SharesNFSTest-1892922688-project-member] https://[::1]/share/v2/4bce861972524391a5b16407651bbeef/shares/3561fc09-2514-48b7-bc9d-49b54bf032b7 returned with HTTP 202
Feb 19 01:33:19.488168 np0000156434 devstack@m-api.service[83457]: [pid: 83457|app: 0|req: 112/226] ::1 () {68 vars in 1450 bytes} [Thu Feb 19 01:33:18 2026] DELETE /share/v2/4bce861972524391a5b16407651bbeef/shares/3561fc09-2514-48b7-bc9d-49b54bf032b7 => generated 0 bytes in 542 msecs (HTTP/1.1 202) 7 headers in 309 bytes (1 switches on core 0)
Feb 19 01:33:19.493139 np0000156434 devstack@m-api.service[83457]: INFO manila.api.openstack.wsgi [None req-c5ff90a1-fe00-48ac-8340-8ef541a6591f tempest-TestShareExtendNFS-1275074646 tempest-TestShareExtendNFS-1275074646-project-member] GET https://[::1]/share/v2/86006a09ef6142caab2344b832c2908e/shares/67349f2c-3156-472b-866d-2fc6f3be360b
Feb 19 01:33:19.494366 np0000156434 devstack@m-api.service[83457]: DEBUG manila.api.openstack.wsgi [None req-c5ff90a1-fe00-48ac-8340-8ef541a6591f tempest-TestShareExtendNFS-1275074646 tempest-TestShareExtendNFS-1275074646-project-member] Empty body provided in request {{(pid=83457) get_body /opt/stack/manila/manila/api/openstack/wsgi.py:652}}
Feb 19 01:33:19.494625 np0000156434 devstack@m-api.service[83457]: DEBUG manila.api.openstack.wsgi [None req-c5ff90a1-fe00-48ac-8340-8ef541a6591f tempest-TestShareExtendNFS-1275074646 tempest-TestShareExtendNFS-1275074646-project-member] Calling method 'ShareMixin.show' {{(pid=83457) _process_stack /opt/stack/manila/manila/api/openstack/wsgi.py:798}}
Feb 19 01:33:19.517550 np0000156434 devstack@m-api.service[83457]: INFO manila.api.openstack.wsgi [None req-c5ff90a1-fe00-48ac-8340-8ef541a6591f tempest-TestShareExtendNFS-1275074646 tempest-TestShareExtendNFS-1275074646-project-member] https://[::1]/share/v2/86006a09ef6142caab2344b832c2908e/shares/67349f2c-3156-472b-866d-2fc6f3be360b returned with HTTP 200
Feb 19 01:33:19.518007 np0000156434 devstack@m-api.service[83457]: [pid: 83457|app: 0|req: 113/227] ::1 () {68 vars in 1447 bytes} [Thu Feb 19 01:33:19 2026] GET /share/v2/86006a09ef6142caab2344b832c2908e/shares/67349f2c-3156-472b-866d-2fc6f3be360b => generated 1277 bytes in 29 msecs (HTTP/1.1 200) 7 headers in 298 bytes (1 switches on core 0)
Feb 19 01:33:19.542926 np0000156434 devstack@m-api.service[83457]: INFO manila.api.openstack.wsgi [None req-99b9b35a-f6e2-40df-a3df-61011b865571 tempest-ShareUserRulesForCIFSTest-1187363671 tempest-ShareUserRulesForCIFSTest-1187363671-project-member] GET https://[::1]/share/v2/bed1ec7c0a554d7383f545ea277d76b6/share-access-rules?share_id=a77e7517-d2b5-419f-b7a6-fcf586b9a616
Feb 19 01:33:19.542926 np0000156434 devstack@m-api.service[83457]: DEBUG manila.api.openstack.wsgi [None req-99b9b35a-f6e2-40df-a3df-61011b865571 tempest-ShareUserRulesForCIFSTest-1187363671 tempest-ShareUserRulesForCIFSTest-1187363671-project-member] Empty body provided in request {{(pid=83457) get_body /opt/stack/manila/manila/api/openstack/wsgi.py:652}}
Feb 19 01:33:19.543045 np0000156434 devstack@m-api.service[83457]: DEBUG manila.api.openstack.wsgi [None req-99b9b35a-f6e2-40df-a3df-61011b865571 tempest-ShareUserRulesForCIFSTest-1187363671 tempest-ShareUserRulesForCIFSTest-1187363671-project-member] Calling method 'Controller.__getattribute__..version_select' {{(pid=83457) _process_stack /opt/stack/manila/manila/api/openstack/wsgi.py:798}}
Feb 19 01:33:19.585030 np0000156434 devstack@m-api.service[83458]: DEBUG manila.quota [None req-c1464374-52f8-47ab-9ce7-e85223741a9e tempest-TestShareBasicOpsNFS-1079054425 tempest-TestShareBasicOpsNFS-1079054425-project-member] Committed reservations ['458553bd-bdec-4158-828d-b407704dbf02', '9d19d6e3-0423-436c-b147-853e6976fc51', 'dba40c2e-6cde-4f5a-a5cb-f68dc4bb2cbd', 'b9f67907-3d8f-4de9-ad79-644feff7e77f'] {{(pid=83458) commit /opt/stack/manila/manila/quota.py:1066}}
Feb 19 01:33:19.802612 np0000156434 devstack@m-api.service[83457]: DEBUG manila.lock.api [None req-99b9b35a-f6e2-40df-a3df-61011b865571 tempest-ShareUserRulesForCIFSTest-1187363671 tempest-ShareUserRulesForCIFSTest-1187363671-project-member] Searching for locks by: {'resource_id': '040c346f-a565-4ef1-97a1-84a1d9e5271a', 'resource_action': 'show', 'resource_type': 'access_rule', 'all_projects': True} {{(pid=83457) get_all /opt/stack/manila/manila/lock/api.py:112}}
Feb 19 01:33:19.872707 np0000156434 devstack@m-api.service[83457]: INFO manila.api.openstack.wsgi [None req-99b9b35a-f6e2-40df-a3df-61011b865571 tempest-ShareUserRulesForCIFSTest-1187363671 tempest-ShareUserRulesForCIFSTest-1187363671-project-member] https://[::1]/share/v2/bed1ec7c0a554d7383f545ea277d76b6/share-access-rules?share_id=a77e7517-d2b5-419f-b7a6-fcf586b9a616 returned with HTTP 200
Feb 19 01:33:19.872707 np0000156434 devstack@m-api.service[83457]: [pid: 83457|app: 0|req: 114/228] ::1 () {68 vars in 1463 bytes} [Thu Feb 19 01:33:19 2026] GET /share/v2/bed1ec7c0a554d7383f545ea277d76b6/share-access-rules?share_id=a77e7517-d2b5-419f-b7a6-fcf586b9a616 => generated 283 bytes in 340 msecs (HTTP/1.1 200) 7 headers in 297 bytes (1 switches on core 0)
Feb 19 01:33:19.889964 np0000156434 devstack@m-api.service[83457]: INFO manila.api.openstack.wsgi [None req-1a735f00-e099-4aab-bd70-fbdac7f15bb8 tempest-SharesNFSTest-1892922688 tempest-SharesNFSTest-1892922688-project-member] GET https://[::1]/share/v2/4bce861972524391a5b16407651bbeef/shares/3561fc09-2514-48b7-bc9d-49b54bf032b7
Feb 19 01:33:19.894301 np0000156434 devstack@m-api.service[83457]: DEBUG manila.api.openstack.wsgi [None req-1a735f00-e099-4aab-bd70-fbdac7f15bb8 tempest-SharesNFSTest-1892922688 tempest-SharesNFSTest-1892922688-project-member] Empty body provided in request {{(pid=83457) get_body /opt/stack/manila/manila/api/openstack/wsgi.py:652}}
Feb 19 01:33:19.894301 np0000156434 devstack@m-api.service[83457]: DEBUG manila.api.openstack.wsgi [None req-1a735f00-e099-4aab-bd70-fbdac7f15bb8 tempest-SharesNFSTest-1892922688 tempest-SharesNFSTest-1892922688-project-member] Calling method 'ShareMixin.show' {{(pid=83457) _process_stack /opt/stack/manila/manila/api/openstack/wsgi.py:798}}
Feb 19 01:33:19.999726 np0000156434 devstack@m-api.service[83457]: DEBUG dbcounter [-] [83457] Writing DB stats manila:INSERT=113,manila:SELECT=1038,manila:UPDATE=88 {{(pid=83457) stat_writer /opt/stack/data/venv/lib/python3.12/site-packages/dbcounter.py:115}}
Feb 19 01:33:20.010654 np0000156434 devstack@m-api.service[83458]: INFO manila.api.openstack.wsgi [None req-c1464374-52f8-47ab-9ce7-e85223741a9e tempest-TestShareBasicOpsNFS-1079054425 tempest-TestShareBasicOpsNFS-1079054425-project-member] https://[::1]/share/v2/761e52a134be4499800aa60d369d71ca/shares returned with HTTP 200
Feb 19 01:33:20.010654 np0000156434 devstack@m-api.service[83458]: [pid: 83458|app: 0|req: 115/229] ::1 () {70 vars in 1358 bytes} [Thu Feb 19 01:33:19 2026] POST /share/v2/761e52a134be4499800aa60d369d71ca/shares => generated 1266 bytes in 895 msecs (HTTP/1.1 200) 7 headers in 298 bytes (1 switches on core 0)
Feb 19 01:33:20.020398 np0000156434 devstack@m-api.service[83457]: INFO manila.api.openstack.wsgi [None req-1a735f00-e099-4aab-bd70-fbdac7f15bb8 tempest-SharesNFSTest-1892922688 tempest-SharesNFSTest-1892922688-project-member] https://[::1]/share/v2/4bce861972524391a5b16407651bbeef/shares/3561fc09-2514-48b7-bc9d-49b54bf032b7 returned with HTTP 200
Feb 19 01:33:20.024621 np0000156434 devstack@m-api.service[83457]: [pid: 83457|app: 0|req: 115/230] ::1 () {68 vars in 1447 bytes} [Thu Feb 19 01:33:19 2026] GET /share/v2/4bce861972524391a5b16407651bbeef/shares/3561fc09-2514-48b7-bc9d-49b54bf032b7 => generated 1340 bytes in 165 msecs (HTTP/1.1 200) 7 headers in 298 bytes (1 switches on core 0)
Feb 19 01:33:20.034434 np0000156434 devstack@m-api.service[83457]: INFO manila.api.openstack.wsgi [None req-e860d150-ad75-403e-8913-4e61cb4268bb tempest-ShareUserRulesForCIFSTest-1187363671 tempest-ShareUserRulesForCIFSTest-1187363671-project-member] POST https://[::1]/share/v2/bed1ec7c0a554d7383f545ea277d76b6/shares/a77e7517-d2b5-419f-b7a6-fcf586b9a616/action
Feb 19 01:33:20.034434 np0000156434 devstack@m-api.service[83457]: DEBUG manila.api.openstack.wsgi [None req-e860d150-ad75-403e-8913-4e61cb4268bb tempest-ShareUserRulesForCIFSTest-1187363671 tempest-ShareUserRulesForCIFSTest-1187363671-project-member] Action body: b'{"deny_access": {"access_id": "040c346f-a565-4ef1-97a1-84a1d9e5271a"}}' {{(pid=83457) get_method /opt/stack/manila/manila/api/openstack/wsgi.py:912}}
Feb 19 01:33:20.034434 np0000156434 devstack@m-api.service[83457]: DEBUG manila.api.openstack.wsgi [None req-e860d150-ad75-403e-8913-4e61cb4268bb tempest-ShareUserRulesForCIFSTest-1187363671 tempest-ShareUserRulesForCIFSTest-1187363671-project-member] Action: 'action', calling method: ShareController.deny_access, body: {"deny_access": {"access_id": "040c346f-a565-4ef1-97a1-84a1d9e5271a"}} {{(pid=83457) _process_stack /opt/stack/manila/manila/api/openstack/wsgi.py:796}}
Feb 19 01:33:20.035568 np0000156434 devstack@m-api.service[83457]: DEBUG manila.lock.api [None req-e860d150-ad75-403e-8913-4e61cb4268bb tempest-ShareUserRulesForCIFSTest-1187363671 tempest-ShareUserRulesForCIFSTest-1187363671-project-member] Searching for locks by: {'resource_id': '040c346f-a565-4ef1-97a1-84a1d9e5271a', 'resource_action': 'delete', 'all_projects': True} {{(pid=83457) get_all /opt/stack/manila/manila/lock/api.py:112}}
Feb 19 01:33:20.044657 np0000156434 devstack@m-api.service[83458]: INFO manila.api.openstack.wsgi [None req-d17290c4-ea3b-4b7e-b011-6d8fc792432a tempest-MigrationWithDifferentSnapshotSupportNFSTest-1334345901 tempest-MigrationWithDifferentSnapshotSupportNFSTest-1334345901-project-admin] GET https://[::1]/share/v2/eabc04fb85804ac0bddaae475798e1ef/shares/6d9d6814-5619-4bb7-986b-e30026355ce4
Feb 19 01:33:20.044657 np0000156434 devstack@m-api.service[83458]: DEBUG manila.api.openstack.wsgi [None req-d17290c4-ea3b-4b7e-b011-6d8fc792432a tempest-MigrationWithDifferentSnapshotSupportNFSTest-1334345901 tempest-MigrationWithDifferentSnapshotSupportNFSTest-1334345901-project-admin] Empty body provided in request {{(pid=83458) get_body /opt/stack/manila/manila/api/openstack/wsgi.py:652}}
Feb 19 01:33:20.044657 np0000156434 devstack@m-api.service[83458]: DEBUG manila.api.openstack.wsgi [None req-d17290c4-ea3b-4b7e-b011-6d8fc792432a tempest-MigrationWithDifferentSnapshotSupportNFSTest-1334345901 tempest-MigrationWithDifferentSnapshotSupportNFSTest-1334345901-project-admin] Calling method 'ShareMixin.show' {{(pid=83458) _process_stack /opt/stack/manila/manila/api/openstack/wsgi.py:798}}
Feb 19 01:33:20.195569 np0000156434 devstack@m-api.service[83458]: INFO manila.api.openstack.wsgi [None req-d17290c4-ea3b-4b7e-b011-6d8fc792432a tempest-MigrationWithDifferentSnapshotSupportNFSTest-1334345901 tempest-MigrationWithDifferentSnapshotSupportNFSTest-1334345901-project-admin] https://[::1]/share/v2/eabc04fb85804ac0bddaae475798e1ef/shares/6d9d6814-5619-4bb7-986b-e30026355ce4 returned with HTTP 200
Feb 19 01:33:20.195569 np0000156434 devstack@m-api.service[83458]: [pid: 83458|app: 0|req: 116/231] ::1 () {68 vars in 1447 bytes} [Thu Feb 19 01:33:20 2026] GET /share/v2/eabc04fb85804ac0bddaae475798e1ef/shares/6d9d6814-5619-4bb7-986b-e30026355ce4 => generated 1482 bytes in 176 msecs (HTTP/1.1 200) 7 headers in 298 bytes (1 switches on core 0)
Feb 19 01:33:20.232211 np0000156434 devstack@m-api.service[83458]: INFO manila.api.openstack.wsgi [None req-c66c67dc-f12d-4aa9-ab9c-5e82a703fad6 tempest-TestShareBasicOpsNFS-1079054425 tempest-TestShareBasicOpsNFS-1079054425-project-member] GET https://[::1]/share/v2/761e52a134be4499800aa60d369d71ca/shares/63f8a976-ae2b-466f-ad79-0f613ac193b9
Feb 19 01:33:20.232211 np0000156434 devstack@m-api.service[83458]: DEBUG manila.api.openstack.wsgi [None req-c66c67dc-f12d-4aa9-ab9c-5e82a703fad6 tempest-TestShareBasicOpsNFS-1079054425 tempest-TestShareBasicOpsNFS-1079054425-project-member] Empty body provided in request {{(pid=83458) get_body /opt/stack/manila/manila/api/openstack/wsgi.py:652}}
