Feb 19 01:38:51.476467 np0000156434 devstack@m-api.service[83457]: INFO manila.api.openstack.wsgi [None req-e82101a2-f425-478f-aa8d-ef90c4c8c790 tempest-ShareIpRulesForNFSTest-1752542083 tempest-ShareIpRulesForNFSTest-1752542083-project-member] GET https://[::1]/share/v2/894e0f0665954071938dc96a1e8c206b/share-access-rules?share_id=470b3532-a131-492a-ac49-991533bdff0b
Feb 19 01:38:51.482488 np0000156434 devstack@m-api.service[83457]: DEBUG manila.api.openstack.wsgi [None req-e82101a2-f425-478f-aa8d-ef90c4c8c790 tempest-ShareIpRulesForNFSTest-1752542083 tempest-ShareIpRulesForNFSTest-1752542083-project-member] Empty body provided in request {{(pid=83457) get_body /opt/stack/manila/manila/api/openstack/wsgi.py:652}}
Feb 19 01:38:51.482488 np0000156434 devstack@m-api.service[83457]: DEBUG manila.api.openstack.wsgi [None req-e82101a2-f425-478f-aa8d-ef90c4c8c790 tempest-ShareIpRulesForNFSTest-1752542083 tempest-ShareIpRulesForNFSTest-1752542083-project-member] Calling method 'Controller.__getattribute__..version_select' {{(pid=83457) _process_stack /opt/stack/manila/manila/api/openstack/wsgi.py:798}}
Feb 19 01:38:51.562159 np0000156434 devstack@m-api.service[83457]: DEBUG manila.lock.api [None req-e82101a2-f425-478f-aa8d-ef90c4c8c790 tempest-ShareIpRulesForNFSTest-1752542083 tempest-ShareIpRulesForNFSTest-1752542083-project-member] Searching for locks by: {'resource_id': '646d6f1a-5e62-4949-9dfc-3bb0f854e99b', 'resource_action': 'show', 'resource_type': 'access_rule', 'all_projects': True} {{(pid=83457) get_all /opt/stack/manila/manila/lock/api.py:112}}
Feb 19 01:38:51.577956 np0000156434 devstack@m-api.service[83457]: INFO manila.api.openstack.wsgi [None req-e82101a2-f425-478f-aa8d-ef90c4c8c790 tempest-ShareIpRulesForNFSTest-1752542083 tempest-ShareIpRulesForNFSTest-1752542083-project-member] https://[::1]/share/v2/894e0f0665954071938dc96a1e8c206b/share-access-rules?share_id=470b3532-a131-492a-ac49-991533bdff0b returned with HTTP 200
Feb 19 01:38:51.577956 np0000156434 devstack@m-api.service[83457]: [pid: 83457|app: 0|req: 445/907] ::1 () {68 vars in 1463 bytes} [Thu Feb 19 01:38:51 2026] GET /share/v2/894e0f0665954071938dc96a1e8c206b/share-access-rules?share_id=470b3532-a131-492a-ac49-991533bdff0b => generated 276 bytes in 107 msecs (HTTP/1.1 200) 7 headers in 297 bytes (1 switches on core 0)
Feb 19 01:38:52.994007 np0000156434 devstack@m-api.service[83458]: INFO manila.api.openstack.wsgi [None req-51227e83-4718-4875-9c1a-797fc2a9a87f tempest-SharesCIFSTest-512567243 tempest-SharesCIFSTest-512567243-project-member] GET https://[::1]/share/v2/f965e086ed7a45b7b827f5e87b69987e/shares/8094be48-97c2-444a-a125-3f75a4b5b5d9
Feb 19 01:38:52.999222 np0000156434 devstack@m-api.service[83458]: DEBUG manila.api.openstack.wsgi [None req-51227e83-4718-4875-9c1a-797fc2a9a87f tempest-SharesCIFSTest-512567243 tempest-SharesCIFSTest-512567243-project-member] Empty body provided in request {{(pid=83458) get_body /opt/stack/manila/manila/api/openstack/wsgi.py:652}}
Feb 19 01:38:52.999222 np0000156434 devstack@m-api.service[83458]: DEBUG manila.api.openstack.wsgi [None req-51227e83-4718-4875-9c1a-797fc2a9a87f tempest-SharesCIFSTest-512567243 tempest-SharesCIFSTest-512567243-project-member] Calling method 'ShareMixin.show' {{(pid=83458) _process_stack /opt/stack/manila/manila/api/openstack/wsgi.py:798}}
Feb 19 01:38:53.487545 np0000156434 devstack@m-api.service[83458]: INFO manila.api.openstack.wsgi [None req-51227e83-4718-4875-9c1a-797fc2a9a87f tempest-SharesCIFSTest-512567243 tempest-SharesCIFSTest-512567243-project-member] https://[::1]/share/v2/f965e086ed7a45b7b827f5e87b69987e/shares/8094be48-97c2-444a-a125-3f75a4b5b5d9 returned with HTTP 200
Feb 19 01:38:53.490471 np0000156434 devstack@m-api.service[83458]: [pid: 83458|app: 0|req: 463/908] ::1 () {68 vars in 1447 bytes} [Thu Feb 19 01:38:52 2026] GET /share/v2/f965e086ed7a45b7b827f5e87b69987e/shares/8094be48-97c2-444a-a125-3f75a4b5b5d9 => generated 1370 bytes in 504 msecs (HTTP/1.1 200) 7 headers in 298 bytes (1 switches on core 0)
Feb 19 01:38:53.648616 np0000156434 devstack@m-api.service[83457]: INFO manila.api.openstack.wsgi [None req-d1571639-4794-4378-bade-88e5e8c842a9 tempest-RevertToSnapshotTest-1532265850 tempest-RevertToSnapshotTest-1532265850-project-member] GET https://[::1]/share/v2/a0420612606f4574aa8aec6a3b4ac53c/shares/8b85ecb4-0dc2-4d29-9777-83049069f647
Feb 19 01:38:53.655458 np0000156434 devstack@m-api.service[83457]: DEBUG manila.api.openstack.wsgi [None req-d1571639-4794-4378-bade-88e5e8c842a9 tempest-RevertToSnapshotTest-1532265850 tempest-RevertToSnapshotTest-1532265850-project-member] Empty body provided in request {{(pid=83457) get_body /opt/stack/manila/manila/api/openstack/wsgi.py:652}}
Feb 19 01:38:53.655458 np0000156434 devstack@m-api.service[83457]: DEBUG manila.api.openstack.wsgi [None req-d1571639-4794-4378-bade-88e5e8c842a9 tempest-RevertToSnapshotTest-1532265850 tempest-RevertToSnapshotTest-1532265850-project-member] Calling method 'ShareMixin.show' {{(pid=83457) _process_stack /opt/stack/manila/manila/api/openstack/wsgi.py:798}}
Feb 19 01:38:53.694814 np0000156434 devstack@m-api.service[83457]: INFO manila.api.openstack.wsgi [None req-d1571639-4794-4378-bade-88e5e8c842a9 tempest-RevertToSnapshotTest-1532265850 tempest-RevertToSnapshotTest-1532265850-project-member] https://[::1]/share/v2/a0420612606f4574aa8aec6a3b4ac53c/shares/8b85ecb4-0dc2-4d29-9777-83049069f647 returned with HTTP 200
Feb 19 01:38:53.697588 np0000156434 devstack@m-api.service[83457]: [pid: 83457|app: 0|req: 446/909] ::1 () {68 vars in 1447 bytes} [Thu Feb 19 01:38:53 2026] GET /share/v2/a0420612606f4574aa8aec6a3b4ac53c/shares/8b85ecb4-0dc2-4d29-9777-83049069f647 => generated 1331 bytes in 59 msecs (HTTP/1.1 200) 7 headers in 298 bytes (1 switches on core 0)
Feb 19 01:38:54.638313 np0000156434 devstack@m-api.service[83458]: INFO manila.api.openstack.wsgi [None req-3c3c6790-6fc8-4633-8054-bc06c12adff4 tempest-ShareIpRulesForNFSTest-1752542083 tempest-ShareIpRulesForNFSTest-1752542083-project-member] GET https://[::1]/share/v2/894e0f0665954071938dc96a1e8c206b/share-access-rules?share_id=470b3532-a131-492a-ac49-991533bdff0b
Feb 19 01:38:54.638726 np0000156434 devstack@m-api.service[83458]: DEBUG manila.api.openstack.wsgi [None req-3c3c6790-6fc8-4633-8054-bc06c12adff4 tempest-ShareIpRulesForNFSTest-1752542083 tempest-ShareIpRulesForNFSTest-1752542083-project-member] Empty body provided in request {{(pid=83458) get_body /opt/stack/manila/manila/api/openstack/wsgi.py:652}}
Feb 19 01:38:54.646260 np0000156434 devstack@m-api.service[83458]: DEBUG manila.api.openstack.wsgi [None req-3c3c6790-6fc8-4633-8054-bc06c12adff4 tempest-ShareIpRulesForNFSTest-1752542083 tempest-ShareIpRulesForNFSTest-1752542083-project-member] Calling method 'Controller.__getattribute__..version_select' {{(pid=83458) _process_stack /opt/stack/manila/manila/api/openstack/wsgi.py:798}}
Feb 19 01:38:54.732760 np0000156434 devstack@m-api.service[83458]: INFO manila.api.openstack.wsgi [None req-3c3c6790-6fc8-4633-8054-bc06c12adff4 tempest-ShareIpRulesForNFSTest-1752542083 tempest-ShareIpRulesForNFSTest-1752542083-project-member] https://[::1]/share/v2/894e0f0665954071938dc96a1e8c206b/share-access-rules?share_id=470b3532-a131-492a-ac49-991533bdff0b returned with HTTP 200
Feb 19 01:38:54.734313 np0000156434 devstack@m-api.service[83458]: [pid: 83458|app: 0|req: 464/910] ::1 () {68 vars in 1463 bytes} [Thu Feb 19 01:38:54 2026] GET /share/v2/894e0f0665954071938dc96a1e8c206b/share-access-rules?share_id=470b3532-a131-492a-ac49-991533bdff0b => generated 19 bytes in 126 msecs (HTTP/1.1 200) 7 headers in 296 bytes (1 switches on core 0)
Feb 19 01:38:54.764422 np0000156434 devstack@m-api.service[83457]: INFO manila.api.openstack.wsgi [None req-188848fe-3bef-40b5-9846-47a5b2cf256a tempest-ShareIpRulesForNFSTest-1752542083 tempest-ShareIpRulesForNFSTest-1752542083-project-member] POST https://[::1]/share/v2/894e0f0665954071938dc96a1e8c206b/shares/470b3532-a131-492a-ac49-991533bdff0b/action
Feb 19 01:38:54.764422 np0000156434 devstack@m-api.service[83457]: DEBUG manila.api.openstack.wsgi [None req-188848fe-3bef-40b5-9846-47a5b2cf256a tempest-ShareIpRulesForNFSTest-1752542083 tempest-ShareIpRulesForNFSTest-1752542083-project-member] Action body: b'{"allow_access": {"access_type": "ip", "access_to": "2.2.2.2", "access_level": "ro"}}' {{(pid=83457) get_method /opt/stack/manila/manila/api/openstack/wsgi.py:912}}
Feb 19 01:38:54.764422 np0000156434 devstack@m-api.service[83457]: DEBUG manila.api.openstack.wsgi [None req-188848fe-3bef-40b5-9846-47a5b2cf256a tempest-ShareIpRulesForNFSTest-1752542083 tempest-ShareIpRulesForNFSTest-1752542083-project-member] Action: 'action', calling method: ShareController.allow_access, body: {"allow_access": {"access_type": "ip", "access_to": "2.2.2.2", "access_level": "ro"}} {{(pid=83457) _process_stack /opt/stack/manila/manila/api/openstack/wsgi.py:796}}
Feb 19 01:38:54.909307 np0000156434 devstack@m-api.service[83457]: DEBUG oslo_concurrency.lockutils [None req-188848fe-3bef-40b5-9846-47a5b2cf256a tempest-ShareIpRulesForNFSTest-1752542083 tempest-ShareIpRulesForNFSTest-1752542083-project-member] Acquiring lock "locked_access_rules_operation_by_share_instance_9ba71a05-e83c-4f2e-b1dc-20ea624891a0" by "manila.share.access.locked_access_rules_operation..wrapped..locked_operation" {{(pid=83457) inner /opt/stack/data/venv/lib/python3.12/site-packages/oslo_concurrency/lockutils.py:506}}
Feb 19 01:38:54.909307 np0000156434 devstack@m-api.service[83457]: DEBUG oslo_concurrency.lockutils [None req-188848fe-3bef-40b5-9846-47a5b2cf256a tempest-ShareIpRulesForNFSTest-1752542083 tempest-ShareIpRulesForNFSTest-1752542083-project-member] Lock "locked_access_rules_operation_by_share_instance_9ba71a05-e83c-4f2e-b1dc-20ea624891a0" acquired by "manila.share.access.locked_access_rules_operation..wrapped..locked_operation" :: waited 0.001s {{(pid=83457) inner /opt/stack/data/venv/lib/python3.12/site-packages/oslo_concurrency/lockutils.py:519}}
Feb 19 01:38:54.981304 np0000156434 devstack@m-api.service[83457]: DEBUG oslo_concurrency.lockutils [None req-188848fe-3bef-40b5-9846-47a5b2cf256a tempest-ShareIpRulesForNFSTest-1752542083 tempest-ShareIpRulesForNFSTest-1752542083-project-member] Lock "locked_access_rules_operation_by_share_instance_9ba71a05-e83c-4f2e-b1dc-20ea624891a0" "released" by "manila.share.access.locked_access_rules_operation..wrapped..locked_operation" :: held 0.069s {{(pid=83457) inner /opt/stack/data/venv/lib/python3.12/site-packages/oslo_concurrency/lockutils.py:538}}
Feb 19 01:38:54.981304 np0000156434 devstack@m-api.service[83457]: INFO manila.api.openstack.wsgi [None req-188848fe-3bef-40b5-9846-47a5b2cf256a tempest-ShareIpRulesForNFSTest-1752542083 tempest-ShareIpRulesForNFSTest-1752542083-project-member] https://[::1]/share/v2/894e0f0665954071938dc96a1e8c206b/shares/470b3532-a131-492a-ac49-991533bdff0b/action returned with HTTP 200
Feb 19 01:38:54.982816 np0000156434 devstack@m-api.service[83457]: [pid: 83457|app: 0|req: 447/911] ::1 () {70 vars in 1489 bytes} [Thu Feb 19 01:38:54 2026] POST /share/v2/894e0f0665954071938dc96a1e8c206b/shares/470b3532-a131-492a-ac49-991533bdff0b/action => generated 225 bytes in 228 msecs (HTTP/1.1 200) 7 headers in 297 bytes (2 switches on core 0)
Feb 19 01:38:55.012296 np0000156434 devstack@m-api.service[83458]: INFO manila.api.openstack.wsgi [None req-ba6adb6c-c9f3-44fc-bc75-6344b075d2ab tempest-ShareIpRulesForNFSTest-1752542083 tempest-ShareIpRulesForNFSTest-1752542083-project-member] POST https://[::1]/share/v2/894e0f0665954071938dc96a1e8c206b/shares/470b3532-a131-492a-ac49-991533bdff0b/action
Feb 19 01:38:55.012296 np0000156434 devstack@m-api.service[83458]: DEBUG manila.api.openstack.wsgi [None req-ba6adb6c-c9f3-44fc-bc75-6344b075d2ab tempest-ShareIpRulesForNFSTest-1752542083 tempest-ShareIpRulesForNFSTest-1752542083-project-member] Action body: b'{"access_list": null}' {{(pid=83458) get_method /opt/stack/manila/manila/api/openstack/wsgi.py:912}}
Feb 19 01:38:55.012296 np0000156434 devstack@m-api.service[83458]: DEBUG manila.api.openstack.wsgi [None req-ba6adb6c-c9f3-44fc-bc75-6344b075d2ab tempest-ShareIpRulesForNFSTest-1752542083 tempest-ShareIpRulesForNFSTest-1752542083-project-member] Action: 'action', calling method: ShareController.access_list, body: {"access_list": null} {{(pid=83458) _process_stack /opt/stack/manila/manila/api/openstack/wsgi.py:796}}
Feb 19 01:38:55.110504 np0000156434 devstack@m-api.service[83458]: INFO manila.api.openstack.wsgi [None req-ba6adb6c-c9f3-44fc-bc75-6344b075d2ab tempest-ShareIpRulesForNFSTest-1752542083 tempest-ShareIpRulesForNFSTest-1752542083-project-member] https://[::1]/share/v2/894e0f0665954071938dc96a1e8c206b/shares/470b3532-a131-492a-ac49-991533bdff0b/action returned with HTTP 200
Feb 19 01:38:55.112879 np0000156434 devstack@m-api.service[83458]: [pid: 83458|app: 0|req: 465/912] ::1 () {70 vars in 1489 bytes} [Thu Feb 19 01:38:55 2026] POST /share/v2/894e0f0665954071938dc96a1e8c206b/shares/470b3532-a131-492a-ac49-991533bdff0b/action => generated 180 bytes in 107 msecs (HTTP/1.1 200) 7 headers in 297 bytes (1 switches on core 0)
Feb 19 01:38:56.515356 np0000156434 devstack@m-api.service[83457]: INFO manila.api.openstack.wsgi [None req-4cc27087-470b-4600-a348-1b4c68dd232b tempest-SharesCIFSTest-512567243 tempest-SharesCIFSTest-512567243-project-member] GET https://[::1]/share/v2/f965e086ed7a45b7b827f5e87b69987e/shares/8094be48-97c2-444a-a125-3f75a4b5b5d9
Feb 19 01:38:56.515579 np0000156434 devstack@m-api.service[83457]: DEBUG manila.api.openstack.wsgi [None req-4cc27087-470b-4600-a348-1b4c68dd232b tempest-SharesCIFSTest-512567243 tempest-SharesCIFSTest-512567243-project-member] Empty body provided in request {{(pid=83457) get_body /opt/stack/manila/manila/api/openstack/wsgi.py:652}}
Feb 19 01:38:56.518208 np0000156434 devstack@m-api.service[83457]: DEBUG manila.api.openstack.wsgi [None req-4cc27087-470b-4600-a348-1b4c68dd232b tempest-SharesCIFSTest-512567243 tempest-SharesCIFSTest-512567243-project-member] Calling method 'ShareMixin.show' {{(pid=83457) _process_stack /opt/stack/manila/manila/api/openstack/wsgi.py:798}}
Feb 19 01:38:56.568378 np0000156434 devstack@m-api.service[83457]: INFO manila.api.openstack.wsgi [None req-4cc27087-470b-4600-a348-1b4c68dd232b tempest-SharesCIFSTest-512567243 tempest-SharesCIFSTest-512567243-project-member] https://[::1]/share/v2/f965e086ed7a45b7b827f5e87b69987e/shares/8094be48-97c2-444a-a125-3f75a4b5b5d9 returned with HTTP 200
Feb 19 01:38:56.572381 np0000156434 devstack@m-api.service[83457]: [pid: 83457|app: 0|req: 448/913] ::1 () {68 vars in 1447 bytes} [Thu Feb 19 01:38:56 2026] GET /share/v2/f965e086ed7a45b7b827f5e87b69987e/shares/8094be48-97c2-444a-a125-3f75a4b5b5d9 => generated 1370 bytes in 65 msecs (HTTP/1.1 200) 7 headers in 298 bytes (2 switches on core 0)
Feb 19 01:38:56.721569 np0000156434 devstack@m-api.service[83458]: INFO manila.api.openstack.wsgi [None req-a5f4683e-99cd-4a00-abb5-415224cd57f7 tempest-RevertToSnapshotTest-1532265850 tempest-RevertToSnapshotTest-1532265850-project-member] GET https://[::1]/share/v2/a0420612606f4574aa8aec6a3b4ac53c/shares/8b85ecb4-0dc2-4d29-9777-83049069f647
Feb 19 01:38:56.721921 np0000156434 devstack@m-api.service[83458]: DEBUG manila.api.openstack.wsgi [None req-a5f4683e-99cd-4a00-abb5-415224cd57f7 tempest-RevertToSnapshotTest-1532265850 tempest-RevertToSnapshotTest-1532265850-project-member] Empty body provided in request {{(pid=83458) get_body /opt/stack/manila/manila/api/openstack/wsgi.py:652}}
Feb 19 01:38:56.721921 np0000156434 devstack@m-api.service[83458]: DEBUG manila.api.openstack.wsgi [None req-a5f4683e-99cd-4a00-abb5-415224cd57f7 tempest-RevertToSnapshotTest-1532265850 tempest-RevertToSnapshotTest-1532265850-project-member] Calling method 'ShareMixin.show' {{(pid=83458) _process_stack /opt/stack/manila/manila/api/openstack/wsgi.py:798}}
Feb 19 01:38:56.782757 np0000156434 devstack@m-api.service[83458]: INFO manila.api.openstack.wsgi [None req-a5f4683e-99cd-4a00-abb5-415224cd57f7 tempest-RevertToSnapshotTest-1532265850 tempest-RevertToSnapshotTest-1532265850-project-member] https://[::1]/share/v2/a0420612606f4574aa8aec6a3b4ac53c/shares/8b85ecb4-0dc2-4d29-9777-83049069f647 returned with HTTP 200
Feb 19 01:38:56.787382 np0000156434 devstack@m-api.service[83458]: [pid: 83458|app: 0|req: 466/914] ::1 () {68 vars in 1447 bytes} [Thu Feb 19 01:38:56 2026] GET /share/v2/a0420612606f4574aa8aec6a3b4ac53c/shares/8b85ecb4-0dc2-4d29-9777-83049069f647 => generated 1331 bytes in 74 msecs (HTTP/1.1 200) 7 headers in 298 bytes (1 switches on core 0)
Feb 19 01:38:58.131343 np0000156434 devstack@m-api.service[83457]: INFO manila.api.openstack.wsgi [None req-a40ccb52-0567-40fc-80f2-95501a669dc9 tempest-ShareIpRulesForNFSTest-1752542083 tempest-ShareIpRulesForNFSTest-1752542083-project-member] POST https://[::1]/share/v2/894e0f0665954071938dc96a1e8c206b/shares/470b3532-a131-492a-ac49-991533bdff0b/action
Feb 19 01:38:58.131983 np0000156434 devstack@m-api.service[83457]: DEBUG manila.api.openstack.wsgi [None req-a40ccb52-0567-40fc-80f2-95501a669dc9 tempest-ShareIpRulesForNFSTest-1752542083 tempest-ShareIpRulesForNFSTest-1752542083-project-member] Action body: b'{"access_list": null}' {{(pid=83457) get_method /opt/stack/manila/manila/api/openstack/wsgi.py:912}}
Feb 19 01:38:58.134117 np0000156434 devstack@m-api.service[83457]: DEBUG manila.api.openstack.wsgi [None req-a40ccb52-0567-40fc-80f2-95501a669dc9 tempest-ShareIpRulesForNFSTest-1752542083 tempest-ShareIpRulesForNFSTest-1752542083-project-member] Action: 'action', calling method: ShareController.access_list, body: {"access_list": null} {{(pid=83457) _process_stack /opt/stack/manila/manila/api/openstack/wsgi.py:796}}
Feb 19 01:38:58.177991 np0000156434 devstack@m-api.service[83457]: INFO manila.api.openstack.wsgi [None req-a40ccb52-0567-40fc-80f2-95501a669dc9 tempest-ShareIpRulesForNFSTest-1752542083 tempest-ShareIpRulesForNFSTest-1752542083-project-member] https://[::1]/share/v2/894e0f0665954071938dc96a1e8c206b/shares/470b3532-a131-492a-ac49-991533bdff0b/action returned with HTTP 200
Feb 19 01:38:58.179711 np0000156434 devstack@m-api.service[83457]: [pid: 83457|app: 0|req: 449/915] ::1 () {70 vars in 1489 bytes} [Thu Feb 19 01:38:58 2026] POST /share/v2/894e0f0665954071938dc96a1e8c206b/shares/470b3532-a131-492a-ac49-991533bdff0b/action => generated 173 bytes in 54 msecs (HTTP/1.1 200) 7 headers in 297 bytes (1 switches on core 0)
Feb 19 01:38:59.588340 np0000156434 devstack@m-api.service[83458]: INFO manila.api.openstack.wsgi [None req-c77c38f6-841e-46a9-a793-6841d06f0858 tempest-SharesCIFSTest-512567243 tempest-SharesCIFSTest-512567243-project-member] GET https://[::1]/share/v2/f965e086ed7a45b7b827f5e87b69987e/shares/8094be48-97c2-444a-a125-3f75a4b5b5d9
Feb 19 01:38:59.588340 np0000156434 devstack@m-api.service[83458]: DEBUG manila.api.openstack.wsgi [None req-c77c38f6-841e-46a9-a793-6841d06f0858 tempest-SharesCIFSTest-512567243 tempest-SharesCIFSTest-512567243-project-member] Empty body provided in request {{(pid=83458) get_body /opt/stack/manila/manila/api/openstack/wsgi.py:652}}
Feb 19 01:38:59.588340 np0000156434 devstack@m-api.service[83458]: DEBUG manila.api.openstack.wsgi [None req-c77c38f6-841e-46a9-a793-6841d06f0858 tempest-SharesCIFSTest-512567243 tempest-SharesCIFSTest-512567243-project-member] Calling method 'ShareMixin.show' {{(pid=83458) _process_stack /opt/stack/manila/manila/api/openstack/wsgi.py:798}}
Feb 19 01:38:59.629288 np0000156434 devstack@m-api.service[83458]: INFO manila.api.openstack.wsgi [None req-c77c38f6-841e-46a9-a793-6841d06f0858 tempest-SharesCIFSTest-512567243 tempest-SharesCIFSTest-512567243-project-member] https://[::1]/share/v2/f965e086ed7a45b7b827f5e87b69987e/shares/8094be48-97c2-444a-a125-3f75a4b5b5d9 returned with HTTP 200
Feb 19 01:38:59.630618 np0000156434 devstack@m-api.service[83458]: [pid: 83458|app: 0|req: 467/916] ::1 () {68 vars in 1447 bytes} [Thu Feb 19 01:38:59 2026] GET /share/v2/f965e086ed7a45b7b827f5e87b69987e/shares/8094be48-97c2-444a-a125-3f75a4b5b5d9 => generated 1373 bytes in 48 msecs (HTTP/1.1 200) 7 headers in 298 bytes (1 switches on core 0)
Feb 19 01:38:59.645854 np0000156434 devstack@m-api.service[83457]: INFO manila.api.openstack.wsgi [None req-86106630-2bea-47b5-940d-6b5b70f0fc8a tempest-SharesCIFSTest-512567243 tempest-SharesCIFSTest-512567243-project-member] GET https://[::1]/share/v2/f965e086ed7a45b7b827f5e87b69987e/shares/8094be48-97c2-444a-a125-3f75a4b5b5d9
Feb 19 01:38:59.649691 np0000156434 devstack@m-api.service[83457]: DEBUG manila.api.openstack.wsgi [None req-86106630-2bea-47b5-940d-6b5b70f0fc8a tempest-SharesCIFSTest-512567243 tempest-SharesCIFSTest-512567243-project-member] Empty body provided in request {{(pid=83457) get_body /opt/stack/manila/manila/api/openstack/wsgi.py:652}}
Feb 19 01:38:59.649691 np0000156434 devstack@m-api.service[83457]: DEBUG manila.api.openstack.wsgi [None req-86106630-2bea-47b5-940d-6b5b70f0fc8a tempest-SharesCIFSTest-512567243 tempest-SharesCIFSTest-512567243-project-member] Calling method 'ShareMixin.show' {{(pid=83457) _process_stack /opt/stack/manila/manila/api/openstack/wsgi.py:798}}
Feb 19 01:38:59.684286 np0000156434 devstack@m-api.service[83457]: INFO manila.api.openstack.wsgi [None req-86106630-2bea-47b5-940d-6b5b70f0fc8a tempest-SharesCIFSTest-512567243 tempest-SharesCIFSTest-512567243-project-member] https://[::1]/share/v2/f965e086ed7a45b7b827f5e87b69987e/shares/8094be48-97c2-444a-a125-3f75a4b5b5d9 returned with HTTP 200
Feb 19 01:38:59.685127 np0000156434 devstack@m-api.service[83457]: [pid: 83457|app: 0|req: 450/917] ::1 () {68 vars in 1447 bytes} [Thu Feb 19 01:38:59 2026] GET /share/v2/f965e086ed7a45b7b827f5e87b69987e/shares/8094be48-97c2-444a-a125-3f75a4b5b5d9 => generated 1373 bytes in 41 msecs (HTTP/1.1 200) 7 headers in 298 bytes (1 switches on core 0)
Feb 19 01:38:59.706512 np0000156434 devstack@m-api.service[83458]: INFO manila.api.openstack.wsgi [None req-a8da406e-5aea-49fa-8891-13ddb28eae99 tempest-SharesCIFSTest-512567243 tempest-SharesCIFSTest-512567243-project-member] GET https://[::1]/share/v2/f965e086ed7a45b7b827f5e87b69987e/share-replicas/detail?share_id=8094be48-97c2-444a-a125-3f75a4b5b5d9
Feb 19 01:38:59.706709 np0000156434 devstack@m-api.service[83458]: DEBUG manila.api.openstack.wsgi [None req-a8da406e-5aea-49fa-8891-13ddb28eae99 tempest-SharesCIFSTest-512567243 tempest-SharesCIFSTest-512567243-project-member] Empty body provided in request {{(pid=83458) get_body /opt/stack/manila/manila/api/openstack/wsgi.py:652}}
Feb 19 01:38:59.706866 np0000156434 devstack@m-api.service[83458]: DEBUG manila.api.openstack.wsgi [None req-a8da406e-5aea-49fa-8891-13ddb28eae99 tempest-SharesCIFSTest-512567243 tempest-SharesCIFSTest-512567243-project-member] Calling method 'Controller.__getattribute__..version_select' {{(pid=83458) _process_stack /opt/stack/manila/manila/api/openstack/wsgi.py:798}}
Feb 19 01:38:59.724805 np0000156434 devstack@m-api.service[83458]: INFO manila.api.openstack.wsgi [None req-a8da406e-5aea-49fa-8891-13ddb28eae99 tempest-SharesCIFSTest-512567243 tempest-SharesCIFSTest-512567243-project-member] https://[::1]/share/v2/f965e086ed7a45b7b827f5e87b69987e/share-replicas/detail?share_id=8094be48-97c2-444a-a125-3f75a4b5b5d9 returned with HTTP 200
Feb 19 01:38:59.729298 np0000156434 devstack@m-api.service[83458]: [pid: 83458|app: 0|req: 468/918] ::1 () {68 vars in 1472 bytes} [Thu Feb 19 01:38:59 2026] GET /share/v2/f965e086ed7a45b7b827f5e87b69987e/share-replicas/detail?share_id=8094be48-97c2-444a-a125-3f75a4b5b5d9 => generated 22 bytes in 30 msecs (HTTP/1.1 200) 7 headers in 296 bytes (1 switches on core 0)
Feb 19 01:38:59.742186 np0000156434 devstack@m-api.service[83457]: INFO manila.api.openstack.wsgi [None req-a6ca5f00-0ddd-4d11-a844-6bada7db7738 tempest-SharesCIFSTest-512567243 tempest-SharesCIFSTest-512567243-project-member] DELETE https://[::1]/share/v2/f965e086ed7a45b7b827f5e87b69987e/shares/8094be48-97c2-444a-a125-3f75a4b5b5d9
Feb 19 01:38:59.744920 np0000156434 devstack@m-api.service[83457]: DEBUG manila.api.openstack.wsgi [None req-a6ca5f00-0ddd-4d11-a844-6bada7db7738 tempest-SharesCIFSTest-512567243 tempest-SharesCIFSTest-512567243-project-member] Empty body provided in request {{(pid=83457) get_body /opt/stack/manila/manila/api/openstack/wsgi.py:652}}
Feb 19 01:38:59.745177 np0000156434 devstack@m-api.service[83457]: DEBUG manila.api.openstack.wsgi [None req-a6ca5f00-0ddd-4d11-a844-6bada7db7738 tempest-SharesCIFSTest-512567243 tempest-SharesCIFSTest-512567243-project-member] Calling method 'ShareMixin.delete' {{(pid=83457) _process_stack /opt/stack/manila/manila/api/openstack/wsgi.py:798}}
Feb 19 01:38:59.747296 np0000156434 devstack@m-api.service[83457]: INFO manila.api.v2.shares [None req-a6ca5f00-0ddd-4d11-a844-6bada7db7738 tempest-SharesCIFSTest-512567243 tempest-SharesCIFSTest-512567243-project-member] Delete share with id: 8094be48-97c2-444a-a125-3f75a4b5b5d9
Feb 19 01:38:59.803036 np0000156434 devstack@m-api.service[83458]: INFO manila.api.openstack.wsgi [None req-10c2701e-baab-4980-b8b0-ea2fe084e1a6 tempest-RevertToSnapshotTest-1532265850 tempest-RevertToSnapshotTest-1532265850-project-member] GET https://[::1]/share/v2/a0420612606f4574aa8aec6a3b4ac53c/shares/8b85ecb4-0dc2-4d29-9777-83049069f647
Feb 19 01:38:59.803224 np0000156434 devstack@m-api.service[83458]: DEBUG manila.api.openstack.wsgi [None req-10c2701e-baab-4980-b8b0-ea2fe084e1a6 tempest-RevertToSnapshotTest-1532265850 tempest-RevertToSnapshotTest-1532265850-project-member] Empty body provided in request {{(pid=83458) get_body /opt/stack/manila/manila/api/openstack/wsgi.py:652}}
Feb 19 01:38:59.808632 np0000156434 devstack@m-api.service[83458]: DEBUG manila.api.openstack.wsgi [None req-10c2701e-baab-4980-b8b0-ea2fe084e1a6 tempest-RevertToSnapshotTest-1532265850 tempest-RevertToSnapshotTest-1532265850-project-member] Calling method 'ShareMixin.show' {{(pid=83458) _process_stack /opt/stack/manila/manila/api/openstack/wsgi.py:798}}
Feb 19 01:38:59.857350 np0000156434 devstack@m-api.service[83458]: INFO manila.api.openstack.wsgi [None req-10c2701e-baab-4980-b8b0-ea2fe084e1a6 tempest-RevertToSnapshotTest-1532265850 tempest-RevertToSnapshotTest-1532265850-project-member] https://[::1]/share/v2/a0420612606f4574aa8aec6a3b4ac53c/shares/8b85ecb4-0dc2-4d29-9777-83049069f647 returned with HTTP 200
Feb 19 01:38:59.858295 np0000156434 devstack@m-api.service[83458]: [pid: 83458|app: 0|req: 469/919] ::1 () {68 vars in 1447 bytes} [Thu Feb 19 01:38:59 2026] GET /share/v2/a0420612606f4574aa8aec6a3b4ac53c/shares/8b85ecb4-0dc2-4d29-9777-83049069f647 => generated 1331 bytes in 60 msecs (HTTP/1.1 200) 7 headers in 298 bytes (1 switches on core 0)
Feb 19 01:38:59.964824 np0000156434 devstack@m-api.service[83457]: INFO manila.api.openstack.wsgi [None req-a6ca5f00-0ddd-4d11-a844-6bada7db7738 tempest-SharesCIFSTest-512567243 tempest-SharesCIFSTest-512567243-project-member] https://[::1]/share/v2/f965e086ed7a45b7b827f5e87b69987e/shares/8094be48-97c2-444a-a125-3f75a4b5b5d9 returned with HTTP 202
Feb 19 01:38:59.967013 np0000156434 devstack@m-api.service[83457]: [pid: 83457|app: 0|req: 451/920] ::1 () {68 vars in 1450 bytes} [Thu Feb 19 01:38:59 2026] DELETE /share/v2/f965e086ed7a45b7b827f5e87b69987e/shares/8094be48-97c2-444a-a125-3f75a4b5b5d9 => generated 0 bytes in 231 msecs (HTTP/1.1 202) 7 headers in 309 bytes (1 switches on core 0)
Feb 19 01:38:59.990733 np0000156434 devstack@m-api.service[83458]: INFO manila.api.openstack.wsgi [None req-e646facc-9f6b-4491-921f-3e99f3927b21 tempest-SharesCIFSTest-512567243 tempest-SharesCIFSTest-512567243-project-member] GET https://[::1]/share/v2/f965e086ed7a45b7b827f5e87b69987e/shares/8094be48-97c2-444a-a125-3f75a4b5b5d9
Feb 19 01:38:59.990733 np0000156434 devstack@m-api.service[83458]: DEBUG manila.api.openstack.wsgi [None req-e646facc-9f6b-4491-921f-3e99f3927b21 tempest-SharesCIFSTest-512567243 tempest-SharesCIFSTest-512567243-project-member] Empty body provided in request {{(pid=83458) get_body /opt/stack/manila/manila/api/openstack/wsgi.py:652}}
Feb 19 01:38:59.991947 np0000156434 devstack@m-api.service[83458]: DEBUG manila.api.openstack.wsgi [None req-e646facc-9f6b-4491-921f-3e99f3927b21 tempest-SharesCIFSTest-512567243 tempest-SharesCIFSTest-512567243-project-member] Calling method 'ShareMixin.show' {{(pid=83458) _process_stack /opt/stack/manila/manila/api/openstack/wsgi.py:798}}
Feb 19 01:39:00.017498 np0000156434 devstack@m-api.service[83458]: INFO manila.api.openstack.wsgi [None req-e646facc-9f6b-4491-921f-3e99f3927b21 tempest-SharesCIFSTest-512567243 tempest-SharesCIFSTest-512567243-project-member] https://[::1]/share/v2/f965e086ed7a45b7b827f5e87b69987e/shares/8094be48-97c2-444a-a125-3f75a4b5b5d9 returned with HTTP 200
Feb 19 01:39:00.019542 np0000156434 devstack@m-api.service[83458]: [pid: 83458|app: 0|req: 470/921] ::1 () {68 vars in 1447 bytes} [Thu Feb 19 01:38:59 2026] GET /share/v2/f965e086ed7a45b7b827f5e87b69987e/shares/8094be48-97c2-444a-a125-3f75a4b5b5d9 => generated 1372 bytes in 39 msecs (HTTP/1.1 200) 7 headers in 298 bytes (1 switches on core 0)
Feb 19 01:39:01.204292 np0000156434 devstack@m-api.service[83457]: INFO manila.api.openstack.wsgi [None req-a77bdec1-f12c-47a3-9183-0b5a9cd9d74a tempest-ShareIpRulesForNFSTest-1752542083 tempest-ShareIpRulesForNFSTest-1752542083-project-member] POST https://[::1]/share/v2/894e0f0665954071938dc96a1e8c206b/shares/470b3532-a131-492a-ac49-991533bdff0b/action
Feb 19 01:39:01.205209 np0000156434 devstack@m-api.service[83457]: DEBUG manila.api.openstack.wsgi [None req-a77bdec1-f12c-47a3-9183-0b5a9cd9d74a tempest-ShareIpRulesForNFSTest-1752542083 tempest-ShareIpRulesForNFSTest-1752542083-project-member] Action body: b'{"access_list": null}' {{(pid=83457) get_method /opt/stack/manila/manila/api/openstack/wsgi.py:912}}
Feb 19 01:39:01.209756 np0000156434 devstack@m-api.service[83457]: DEBUG manila.api.openstack.wsgi [None req-a77bdec1-f12c-47a3-9183-0b5a9cd9d74a tempest-ShareIpRulesForNFSTest-1752542083 tempest-ShareIpRulesForNFSTest-1752542083-project-member] Action: 'action', calling method: ShareController.access_list, body: {"access_list": null} {{(pid=83457) _process_stack /opt/stack/manila/manila/api/openstack/wsgi.py:796}}
Feb 19 01:39:01.705104 np0000156434 devstack@m-api.service[83457]: INFO manila.api.openstack.wsgi [None req-a77bdec1-f12c-47a3-9183-0b5a9cd9d74a tempest-ShareIpRulesForNFSTest-1752542083 tempest-ShareIpRulesForNFSTest-1752542083-project-member] https://[::1]/share/v2/894e0f0665954071938dc96a1e8c206b/shares/470b3532-a131-492a-ac49-991533bdff0b/action returned with HTTP 200
Feb 19 01:39:01.707299 np0000156434 devstack@m-api.service[83457]: [pid: 83457|app: 0|req: 452/922] ::1 () {70 vars in 1489 bytes} [Thu Feb 19 01:39:01 2026] POST /share/v2/894e0f0665954071938dc96a1e8c206b/shares/470b3532-a131-492a-ac49-991533bdff0b/action => generated 173 bytes in 513 msecs (HTTP/1.1 200) 7 headers in 297 bytes (1 switches on core 0)
Feb 19 01:39:02.884225 np0000156434 devstack@m-api.service[83458]: INFO manila.api.openstack.wsgi [None req-5a690a44-17d6-4735-b9ac-087c52a6494f tempest-RevertToSnapshotTest-1532265850 tempest-RevertToSnapshotTest-1532265850-project-member] GET https://[::1]/share/v2/a0420612606f4574aa8aec6a3b4ac53c/shares/8b85ecb4-0dc2-4d29-9777-83049069f647
Feb 19 01:39:02.888207 np0000156434 devstack@m-api.service[83458]: DEBUG manila.api.openstack.wsgi [None req-5a690a44-17d6-4735-b9ac-087c52a6494f tempest-RevertToSnapshotTest-1532265850 tempest-RevertToSnapshotTest-1532265850-project-member] Empty body provided in request {{(pid=83458) get_body /opt/stack/manila/manila/api/openstack/wsgi.py:652}}
Feb 19 01:39:02.888207 np0000156434 devstack@m-api.service[83458]: DEBUG manila.api.openstack.wsgi [None req-5a690a44-17d6-4735-b9ac-087c52a6494f tempest-RevertToSnapshotTest-1532265850 tempest-RevertToSnapshotTest-1532265850-project-member] Calling method 'ShareMixin.show' {{(pid=83458) _process_stack /opt/stack/manila/manila/api/openstack/wsgi.py:798}}
Feb 19 01:39:02.928613 np0000156434 devstack@m-api.service[83458]: INFO manila.api.openstack.wsgi [None req-5a690a44-17d6-4735-b9ac-087c52a6494f tempest-RevertToSnapshotTest-1532265850 tempest-RevertToSnapshotTest-1532265850-project-member] https://[::1]/share/v2/a0420612606f4574aa8aec6a3b4ac53c/shares/8b85ecb4-0dc2-4d29-9777-83049069f647 returned with HTTP 200
Feb 19 01:39:02.930525 np0000156434 devstack@m-api.service[83458]: [pid: 83458|app: 0|req: 471/923] ::1 () {68 vars in 1447 bytes} [Thu Feb 19 01:39:02 2026] GET /share/v2/a0420612606f4574aa8aec6a3b4ac53c/shares/8b85ecb4-0dc2-4d29-9777-83049069f647 => generated 1331 bytes in 57 msecs (HTTP/1.1 200) 7 headers in 298 bytes (1 switches on core 0)
Feb 19 01:39:02.957201 np0000156434 devstack@m-api.service[83457]: INFO manila.api.openstack.wsgi [None req-e5626b98-57cd-422f-a8ec-3d990fdefeca tempest-RevertToSnapshotTest-1532265850 tempest-RevertToSnapshotTest-1532265850-project-member] GET https://[::1]/share/v2/a0420612606f4574aa8aec6a3b4ac53c/snapshots/167a4447-4564-436c-a260-60fbc146626c
Feb 19 01:39:02.957201 np0000156434 devstack@m-api.service[83457]: DEBUG manila.api.openstack.wsgi [None req-e5626b98-57cd-422f-a8ec-3d990fdefeca tempest-RevertToSnapshotTest-1532265850 tempest-RevertToSnapshotTest-1532265850-project-member] Empty body provided in request {{(pid=83457) get_body /opt/stack/manila/manila/api/openstack/wsgi.py:652}}
Feb 19 01:39:02.957201 np0000156434 devstack@m-api.service[83457]: DEBUG manila.api.openstack.wsgi [None req-e5626b98-57cd-422f-a8ec-3d990fdefeca tempest-RevertToSnapshotTest-1532265850 tempest-RevertToSnapshotTest-1532265850-project-member] Calling method 'ShareSnapshotMixin.show' {{(pid=83457) _process_stack /opt/stack/manila/manila/api/openstack/wsgi.py:798}}
Feb 19 01:39:03.009203 np0000156434 devstack@m-api.service[83457]: INFO manila.api.openstack.wsgi [None req-e5626b98-57cd-422f-a8ec-3d990fdefeca tempest-RevertToSnapshotTest-1532265850 tempest-RevertToSnapshotTest-1532265850-project-member] https://[::1]/share/v2/a0420612606f4574aa8aec6a3b4ac53c/snapshots/167a4447-4564-436c-a260-60fbc146626c returned with HTTP 200
Feb 19 01:39:03.011307 np0000156434 devstack@m-api.service[83457]: [pid: 83457|app: 0|req: 453/924] ::1 () {68 vars in 1456 bytes} [Thu Feb 19 01:39:02 2026] GET /share/v2/a0420612606f4574aa8aec6a3b4ac53c/snapshots/167a4447-4564-436c-a260-60fbc146626c => generated 709 bytes in 61 msecs (HTTP/1.1 200) 7 headers in 297 bytes (1 switches on core 0)
Feb 19 01:39:03.038411 np0000156434 devstack@m-api.service[83458]: INFO manila.api.openstack.wsgi [None req-f4011eeb-85f6-4f9d-8130-fc5fd8002f8b tempest-RevertToSnapshotTest-1532265850 tempest-RevertToSnapshotTest-1532265850-project-member] DELETE https://[::1]/share/v2/a0420612606f4574aa8aec6a3b4ac53c/snapshots/be04f31b-862f-45a7-9817-b513fe2d5a3c
Feb 19 01:39:03.038411 np0000156434 devstack@m-api.service[83458]: DEBUG manila.api.openstack.wsgi [None req-f4011eeb-85f6-4f9d-8130-fc5fd8002f8b tempest-RevertToSnapshotTest-1532265850 tempest-RevertToSnapshotTest-1532265850-project-member] Empty body provided in request {{(pid=83458) get_body /opt/stack/manila/manila/api/openstack/wsgi.py:652}}
Feb 19 01:39:03.038411 np0000156434 devstack@m-api.service[83458]: DEBUG manila.api.openstack.wsgi [None req-f4011eeb-85f6-4f9d-8130-fc5fd8002f8b tempest-RevertToSnapshotTest-1532265850 tempest-RevertToSnapshotTest-1532265850-project-member] Calling method 'ShareSnapshotMixin.delete' {{(pid=83458) _process_stack /opt/stack/manila/manila/api/openstack/wsgi.py:798}}
Feb 19 01:39:03.038411 np0000156434 devstack@m-api.service[83458]: INFO manila.api.v2.share_snapshots [None req-f4011eeb-85f6-4f9d-8130-fc5fd8002f8b tempest-RevertToSnapshotTest-1532265850 tempest-RevertToSnapshotTest-1532265850-project-member] Delete snapshot with id: be04f31b-862f-45a7-9817-b513fe2d5a3c
Feb 19 01:39:03.039583 np0000156434 devstack@m-api.service[83457]: INFO manila.api.openstack.wsgi [None req-9f742edc-2cda-4b35-9758-6daed55645e4 tempest-SharesCIFSTest-512567243 tempest-SharesCIFSTest-512567243-project-member] GET https://[::1]/share/v2/f965e086ed7a45b7b827f5e87b69987e/shares/8094be48-97c2-444a-a125-3f75a4b5b5d9
Feb 19 01:39:03.041191 np0000156434 devstack@m-api.service[83457]: DEBUG manila.api.openstack.wsgi [None req-9f742edc-2cda-4b35-9758-6daed55645e4 tempest-SharesCIFSTest-512567243 tempest-SharesCIFSTest-512567243-project-member] Empty body provided in request {{(pid=83457) get_body /opt/stack/manila/manila/api/openstack/wsgi.py:652}}
Feb 19 01:39:03.042521 np0000156434 devstack@m-api.service[83457]: DEBUG manila.api.openstack.wsgi [None req-9f742edc-2cda-4b35-9758-6daed55645e4 tempest-SharesCIFSTest-512567243 tempest-SharesCIFSTest-512567243-project-member] Calling method 'ShareMixin.show' {{(pid=83457) _process_stack /opt/stack/manila/manila/api/openstack/wsgi.py:798}}
Feb 19 01:39:03.068122 np0000156434 devstack@m-api.service[83458]: INFO manila.api.openstack.wsgi [None req-f4011eeb-85f6-4f9d-8130-fc5fd8002f8b tempest-RevertToSnapshotTest-1532265850 tempest-RevertToSnapshotTest-1532265850-project-member] HTTP exception thrown: The resource could not be found.
Feb 19 01:39:03.069219 np0000156434 devstack@m-api.service[83458]: INFO manila.api.openstack.wsgi [None req-f4011eeb-85f6-4f9d-8130-fc5fd8002f8b tempest-RevertToSnapshotTest-1532265850 tempest-RevertToSnapshotTest-1532265850-project-member] https://[::1]/share/v2/a0420612606f4574aa8aec6a3b4ac53c/snapshots/be04f31b-862f-45a7-9817-b513fe2d5a3c returned with HTTP 404
Feb 19 01:39:03.075420 np0000156434 devstack@m-api.service[83457]: INFO manila.api.openstack.wsgi [None req-9f742edc-2cda-4b35-9758-6daed55645e4 tempest-SharesCIFSTest-512567243 tempest-SharesCIFSTest-512567243-project-member] HTTP exception thrown: The resource could not be found.
Feb 19 01:39:03.075420 np0000156434 devstack@m-api.service[83457]: INFO manila.api.openstack.wsgi [None req-9f742edc-2cda-4b35-9758-6daed55645e4 tempest-SharesCIFSTest-512567243 tempest-SharesCIFSTest-512567243-project-member] https://[::1]/share/v2/f965e086ed7a45b7b827f5e87b69987e/shares/8094be48-97c2-444a-a125-3f75a4b5b5d9 returned with HTTP 404
Feb 19 01:39:03.075420 np0000156434 devstack@m-api.service[83457]: [pid: 83457|app: 0|req: 454/925] ::1 () {68 vars in 1447 bytes} [Thu Feb 19 01:39:03 2026] GET /share/v2/f965e086ed7a45b7b827f5e87b69987e/shares/8094be48-97c2-444a-a125-3f75a4b5b5d9 => generated 78 bytes in 40 msecs (HTTP/1.1 404) 7 headers in 303 bytes (1 switches on core 0)
Feb 19 01:39:03.075556 np0000156434 devstack@m-api.service[83458]: [pid: 83458|app: 0|req: 472/926] ::1 () {68 vars in 1459 bytes} [Thu Feb 19 01:39:03 2026] DELETE /share/v2/a0420612606f4574aa8aec6a3b4ac53c/snapshots/be04f31b-862f-45a7-9817-b513fe2d5a3c => generated 78 bytes in 46 msecs (HTTP/1.1 404) 7 headers in 303 bytes (2 switches on core 0)
Feb 19 01:39:03.100663 np0000156434 devstack@m-api.service[83458]: INFO manila.api.openstack.wsgi [None req-7c76caf3-4ffd-467c-8834-e3d169c08591 tempest-SharesCIFSTest-512567243 tempest-SharesCIFSTest-512567243-project-member] DELETE https://[::1]/share/v2/f965e086ed7a45b7b827f5e87b69987e/snapshots/e730309d-cf31-41e6-98da-716bdab6a0c3
Feb 19 01:39:03.100892 np0000156434 devstack@m-api.service[83457]: INFO manila.api.openstack.wsgi [None req-16d6047f-6d62-4b73-b8f6-db78f36ece10 tempest-RevertToSnapshotTest-1532265850 tempest-RevertToSnapshotTest-1532265850-project-member] DELETE https://[::1]/share/v2/a0420612606f4574aa8aec6a3b4ac53c/snapshots/167a4447-4564-436c-a260-60fbc146626c
Feb 19 01:39:03.103315 np0000156434 devstack@m-api.service[83457]: DEBUG manila.api.openstack.wsgi [None req-16d6047f-6d62-4b73-b8f6-db78f36ece10 tempest-RevertToSnapshotTest-1532265850 tempest-RevertToSnapshotTest-1532265850-project-member] Empty body provided in request {{(pid=83457) get_body /opt/stack/manila/manila/api/openstack/wsgi.py:652}}
Feb 19 01:39:03.103384 np0000156434 devstack@m-api.service[83458]: DEBUG manila.api.openstack.wsgi [None req-7c76caf3-4ffd-467c-8834-e3d169c08591 tempest-SharesCIFSTest-512567243 tempest-SharesCIFSTest-512567243-project-member] Empty body provided in request {{(pid=83458) get_body /opt/stack/manila/manila/api/openstack/wsgi.py:652}}
Feb 19 01:39:03.103384 np0000156434 devstack@m-api.service[83458]: DEBUG manila.api.openstack.wsgi [None req-7c76caf3-4ffd-467c-8834-e3d169c08591 tempest-SharesCIFSTest-512567243 tempest-SharesCIFSTest-512567243-project-member] Calling method 'ShareSnapshotMixin.delete' {{(pid=83458) _process_stack /opt/stack/manila/manila/api/openstack/wsgi.py:798}}
Feb 19 01:39:03.103384 np0000156434 devstack@m-api.service[83458]: INFO manila.api.v2.share_snapshots [None req-7c76caf3-4ffd-467c-8834-e3d169c08591 tempest-SharesCIFSTest-512567243 tempest-SharesCIFSTest-512567243-project-member] Delete snapshot with id: e730309d-cf31-41e6-98da-716bdab6a0c3
Feb 19 01:39:03.104290 np0000156434 devstack@m-api.service[83457]: DEBUG manila.api.openstack.wsgi [None req-16d6047f-6d62-4b73-b8f6-db78f36ece10 tempest-RevertToSnapshotTest-1532265850 tempest-RevertToSnapshotTest-1532265850-project-member] Calling method 'ShareSnapshotMixin.delete' {{(pid=83457) _process_stack /opt/stack/manila/manila/api/openstack/wsgi.py:798}}
Feb 19 01:39:03.104290 np0000156434 devstack@m-api.service[83457]: INFO manila.api.v2.share_snapshots [None req-16d6047f-6d62-4b73-b8f6-db78f36ece10 tempest-RevertToSnapshotTest-1532265850 tempest-RevertToSnapshotTest-1532265850-project-member] Delete snapshot with id: 167a4447-4564-436c-a260-60fbc146626c
Feb 19 01:39:03.312717 np0000156434 devstack@m-api.service[83458]: INFO manila.api.openstack.wsgi [None req-7c76caf3-4ffd-467c-8834-e3d169c08591 tempest-SharesCIFSTest-512567243 tempest-SharesCIFSTest-512567243-project-member] https://[::1]/share/v2/f965e086ed7a45b7b827f5e87b69987e/snapshots/e730309d-cf31-41e6-98da-716bdab6a0c3 returned with HTTP 202
Feb 19 01:39:03.316775 np0000156434 devstack@m-api.service[83458]: [pid: 83458|app: 0|req: 473/927] ::1 () {68 vars in 1459 bytes} [Thu Feb 19 01:39:03 2026] DELETE /share/v2/f965e086ed7a45b7b827f5e87b69987e/snapshots/e730309d-cf31-41e6-98da-716bdab6a0c3 => generated 0 bytes in 226 msecs (HTTP/1.1 202) 7 headers in 309 bytes (1 switches on core 0)
Feb 19 01:39:03.347855 np0000156434 devstack@m-api.service[83458]: INFO manila.api.openstack.wsgi [None req-c6fdbe95-821f-4d48-965d-0d394b85a4a8 tempest-SharesCIFSTest-512567243 tempest-SharesCIFSTest-512567243-project-member] GET https://[::1]/share/v2/f965e086ed7a45b7b827f5e87b69987e/snapshots/e730309d-cf31-41e6-98da-716bdab6a0c3
Feb 19 01:39:03.352702 np0000156434 devstack@m-api.service[83458]: DEBUG manila.api.openstack.wsgi [None req-c6fdbe95-821f-4d48-965d-0d394b85a4a8 tempest-SharesCIFSTest-512567243 tempest-SharesCIFSTest-512567243-project-member] Empty body provided in request {{(pid=83458) get_body /opt/stack/manila/manila/api/openstack/wsgi.py:652}}
Feb 19 01:39:03.352702 np0000156434 devstack@m-api.service[83458]: DEBUG manila.api.openstack.wsgi [None req-c6fdbe95-821f-4d48-965d-0d394b85a4a8 tempest-SharesCIFSTest-512567243 tempest-SharesCIFSTest-512567243-project-member] Calling method 'ShareSnapshotMixin.show' {{(pid=83458) _process_stack /opt/stack/manila/manila/api/openstack/wsgi.py:798}}
Feb 19 01:39:03.416762 np0000156434 devstack@m-api.service[83457]: INFO manila.api.openstack.wsgi [None req-16d6047f-6d62-4b73-b8f6-db78f36ece10 tempest-RevertToSnapshotTest-1532265850 tempest-RevertToSnapshotTest-1532265850-project-member] https://[::1]/share/v2/a0420612606f4574aa8aec6a3b4ac53c/snapshots/167a4447-4564-436c-a260-60fbc146626c returned with HTTP 202
Feb 19 01:39:03.421294 np0000156434 devstack@m-api.service[83457]: [pid: 83457|app: 0|req: 455/928] ::1 () {68 vars in 1459 bytes} [Thu Feb 19 01:39:03 2026] DELETE /share/v2/a0420612606f4574aa8aec6a3b4ac53c/snapshots/167a4447-4564-436c-a260-60fbc146626c => generated 0 bytes in 328 msecs (HTTP/1.1 202) 7 headers in 309 bytes (1 switches on core 0)
Feb 19 01:39:03.435870 np0000156434 devstack@m-api.service[83458]: INFO manila.api.openstack.wsgi [None req-c6fdbe95-821f-4d48-965d-0d394b85a4a8 tempest-SharesCIFSTest-512567243 tempest-SharesCIFSTest-512567243-project-member] https://[::1]/share/v2/f965e086ed7a45b7b827f5e87b69987e/snapshots/e730309d-cf31-41e6-98da-716bdab6a0c3 returned with HTTP 200
Feb 19 01:39:03.436738 np0000156434 devstack@m-api.service[83458]: [pid: 83458|app: 0|req: 474/929] ::1 () {68 vars in 1456 bytes} [Thu Feb 19 01:39:03 2026] GET /share/v2/f965e086ed7a45b7b827f5e87b69987e/snapshots/e730309d-cf31-41e6-98da-716bdab6a0c3 => generated 710 bytes in 99 msecs (HTTP/1.1 200) 7 headers in 297 bytes (1 switches on core 0)
Feb 19 01:39:03.445993 np0000156434 devstack@m-api.service[83457]: INFO manila.api.openstack.wsgi [None req-14a4d1a6-206a-4970-a7c8-d9f77004354d tempest-RevertToSnapshotTest-1532265850 tempest-RevertToSnapshotTest-1532265850-project-member] GET https://[::1]/share/v2/a0420612606f4574aa8aec6a3b4ac53c/snapshots/167a4447-4564-436c-a260-60fbc146626c
Feb 19 01:39:03.446201 np0000156434 devstack@m-api.service[83457]: DEBUG manila.api.openstack.wsgi [None req-14a4d1a6-206a-4970-a7c8-d9f77004354d tempest-RevertToSnapshotTest-1532265850 tempest-RevertToSnapshotTest-1532265850-project-member] Empty body provided in request {{(pid=83457) get_body /opt/stack/manila/manila/api/openstack/wsgi.py:652}}
Feb 19 01:39:03.455818 np0000156434 devstack@m-api.service[83457]: DEBUG manila.api.openstack.wsgi [None req-14a4d1a6-206a-4970-a7c8-d9f77004354d tempest-RevertToSnapshotTest-1532265850 tempest-RevertToSnapshotTest-1532265850-project-member] Calling method 'ShareSnapshotMixin.show' {{(pid=83457) _process_stack /opt/stack/manila/manila/api/openstack/wsgi.py:798}}
Feb 19 01:39:03.560591 np0000156434 devstack@m-api.service[83457]: INFO manila.api.openstack.wsgi [None req-14a4d1a6-206a-4970-a7c8-d9f77004354d tempest-RevertToSnapshotTest-1532265850 tempest-RevertToSnapshotTest-1532265850-project-member] https://[::1]/share/v2/a0420612606f4574aa8aec6a3b4ac53c/snapshots/167a4447-4564-436c-a260-60fbc146626c returned with HTTP 200
Feb 19 01:39:03.560996 np0000156434 devstack@m-api.service[83457]: [pid: 83457|app: 0|req: 456/930] ::1 () {68 vars in 1456 bytes} [Thu Feb 19 01:39:03 2026] GET /share/v2/a0420612606f4574aa8aec6a3b4ac53c/snapshots/167a4447-4564-436c-a260-60fbc146626c => generated 708 bytes in 125 msecs (HTTP/1.1 200) 7 headers in 297 bytes (1 switches on core 0)
Feb 19 01:39:04.750292 np0000156434 devstack@m-api.service[83458]: INFO manila.api.openstack.wsgi [None req-d60688c5-50ea-4e5f-b193-1d142d30932e tempest-ShareIpRulesForNFSTest-1752542083 tempest-ShareIpRulesForNFSTest-1752542083-project-member] POST https://[::1]/share/v2/894e0f0665954071938dc96a1e8c206b/shares/470b3532-a131-492a-ac49-991533bdff0b/action
Feb 19 01:39:04.750292 np0000156434 devstack@m-api.service[83458]: DEBUG manila.api.openstack.wsgi [None req-d60688c5-50ea-4e5f-b193-1d142d30932e tempest-ShareIpRulesForNFSTest-1752542083 tempest-ShareIpRulesForNFSTest-1752542083-project-member] Action body: b'{"access_list": null}' {{(pid=83458) get_method /opt/stack/manila/manila/api/openstack/wsgi.py:912}}
Feb 19 01:39:04.750292 np0000156434 devstack@m-api.service[83458]: DEBUG manila.api.openstack.wsgi [None req-d60688c5-50ea-4e5f-b193-1d142d30932e tempest-ShareIpRulesForNFSTest-1752542083 tempest-ShareIpRulesForNFSTest-1752542083-project-member] Action: 'action', calling method: ShareController.access_list, body: {"access_list": null} {{(pid=83458) _process_stack /opt/stack/manila/manila/api/openstack/wsgi.py:796}}
Feb 19 01:39:04.913460 np0000156434 devstack@m-api.service[83458]: INFO manila.api.openstack.wsgi [None req-d60688c5-50ea-4e5f-b193-1d142d30932e tempest-ShareIpRulesForNFSTest-1752542083 tempest-ShareIpRulesForNFSTest-1752542083-project-member] https://[::1]/share/v2/894e0f0665954071938dc96a1e8c206b/shares/470b3532-a131-492a-ac49-991533bdff0b/action returned with HTTP 200
Feb 19 01:39:04.913460 np0000156434 devstack@m-api.service[83458]: [pid: 83458|app: 0|req: 475/931] ::1 () {70 vars in 1489 bytes} [Thu Feb 19 01:39:04 2026] POST /share/v2/894e0f0665954071938dc96a1e8c206b/shares/470b3532-a131-492a-ac49-991533bdff0b/action => generated 173 bytes in 179 msecs (HTTP/1.1 200) 7 headers in 297 bytes (1 switches on core 0)
Feb 19 01:39:06.451089 np0000156434 devstack@m-api.service[83457]: INFO manila.api.openstack.wsgi [None req-f17326e1-e38a-4b00-a360-aa3708e762e5 tempest-SharesCIFSTest-512567243 tempest-SharesCIFSTest-512567243-project-member] GET https://[::1]/share/v2/f965e086ed7a45b7b827f5e87b69987e/snapshots/e730309d-cf31-41e6-98da-716bdab6a0c3
Feb 19 01:39:06.452287 np0000156434 devstack@m-api.service[83457]: DEBUG manila.api.openstack.wsgi [None req-f17326e1-e38a-4b00-a360-aa3708e762e5 tempest-SharesCIFSTest-512567243 tempest-SharesCIFSTest-512567243-project-member] Empty body provided in request {{(pid=83457) get_body /opt/stack/manila/manila/api/openstack/wsgi.py:652}}
Feb 19 01:39:06.452287 np0000156434 devstack@m-api.service[83457]: DEBUG manila.api.openstack.wsgi [None req-f17326e1-e38a-4b00-a360-aa3708e762e5 tempest-SharesCIFSTest-512567243 tempest-SharesCIFSTest-512567243-project-member] Calling method 'ShareSnapshotMixin.show' {{(pid=83457) _process_stack /opt/stack/manila/manila/api/openstack/wsgi.py:798}}
Feb 19 01:39:06.460328 np0000156434 devstack@m-api.service[83457]: INFO manila.api.openstack.wsgi [None req-f17326e1-e38a-4b00-a360-aa3708e762e5 tempest-SharesCIFSTest-512567243 tempest-SharesCIFSTest-512567243-project-member] HTTP exception thrown: The resource could not be found.
