2026-07-01 02:02:57.621 9 INFO neutron.wsgi [req-6f4bdbc7-ef8a-46f9-9198-8c0175454f62 req-8c6e40fb-dff3-44f1-bead-ba3b4c12ca47 e3503a8fd7274b6bad92b0fbd20c2093 e11b4a4e282049b79a77ebaf177de5fe - - d6c4b691307344b8915061b9356c99b5 d6c4b691307344b8915061b9356c99b5] 199.204.45.235 "GET /v2.0/ports?tenant_id=bfa5ea15010e4cb7b0dbc70acb0169ba&device_id=991ea144-fc47-46a0-a002-c7e3db55c031 HTTP/1.1" status: 200 len: 1407 time: 0.0707982
2026-07-01 02:02:57.623 9 INFO neutron.wsgi [req-e16210da-0471-41ce-aa92-df4778ea9f30 req-b943dbab-1db9-4ca6-aa70-a0ea89118360 aa257cd6c60640b98ad0e70b11e8a1b1 d1cfae259bd5418c94967b3dd83586a3 - - default default] 10.0.0.89 "GET /v2.0/security-groups?id=8d595801-087a-4dbe-9b1d-ac87c679b2a0&fields=id&fields=name HTTP/1.1" status: 200 len: 312 time: 0.0970168
2026-07-01 02:02:57.676 10 INFO neutron.services.segments.plugin [-] Segment 3392babf-9b0d-4ae6-a13e-b7417972e353 resource provider aggregate not found
2026-07-01 02:02:57.680 10 INFO neutron.services.segments.plugin [-] Segment 3392babf-9b0d-4ae6-a13e-b7417972e353 resource provider aggregate not found
2026-07-01 02:02:57.695 10 INFO neutron.services.segments.plugin [-] Segment 3392babf-9b0d-4ae6-a13e-b7417972e353 resource provider not found; error: Placement Client Error (4xx): {"errors": [{"status": 404, "title": "Not Found", "detail": "The resource could not be found.\n\n No resource provider with uuid 3392babf-9b0d-4ae6-a13e-b7417972e353 found for delete ", "request_id": "req-0292fedb-9426-4bb9-a215-4b6542f4a365"}]}
2026-07-01 02:02:57.700 10 INFO neutron.services.segments.plugin [-] Segment 3392babf-9b0d-4ae6-a13e-b7417972e353 resource provider not found; error: Placement Client Error (4xx): {"errors": [{"status": 404, "title": "Not Found", "detail": "The resource could not be found.\n\n No resource provider with uuid 3392babf-9b0d-4ae6-a13e-b7417972e353 found for delete ", "request_id": "req-fbaf145e-794d-4645-ab49-9a06461084ee"}]}
2026-07-01 02:02:57.724 9 INFO neutron.wsgi [req-6f4bdbc7-ef8a-46f9-9198-8c0175454f62 req-c9df15a0-7230-4dcb-bc43-be5d2a25bcda e3503a8fd7274b6bad92b0fbd20c2093 e11b4a4e282049b79a77ebaf177de5fe - - d6c4b691307344b8915061b9356c99b5 d6c4b691307344b8915061b9356c99b5] 199.204.45.235 "GET /v2.0/networks?id=ff0dbf3a-f89e-4377-87a3-096fc6664c68 HTTP/1.1" status: 200 len: 974 time: 0.0930107
2026-07-01 02:02:57.745 10 INFO neutron.wsgi [None req-914a740d-2d8d-4379-8111-a73fd84af091 983592d47736485292fb6a03e57b87ae e187e22e8ee143f79a5fcaaf3ee07dc1 - - default default] 10.0.0.206 "DELETE /v2.0/networks/4b15f276-baaf-42f8-b7a3-c9247f41a0fd HTTP/1.1" status: 204 len: 168 time: 0.5891767
2026-07-01 02:02:57.767 9 INFO neutron.wsgi [req-6f4bdbc7-ef8a-46f9-9198-8c0175454f62 req-c06c7907-535e-4495-9bb9-e2c7f122fa50 e3503a8fd7274b6bad92b0fbd20c2093 e11b4a4e282049b79a77ebaf177de5fe - - d6c4b691307344b8915061b9356c99b5 d6c4b691307344b8915061b9356c99b5] 199.204.45.235 "GET /v2.0/floatingips?fixed_ip_address=10.100.0.6&port_id=b2da5fab-8d75-436e-a467-5c5c9f19a1a0 HTTP/1.1" status: 200 len: 217 time: 0.0383115
2026-07-01 02:02:57.785 9 INFO neutron.db.ovn_revision_numbers_db [None req-64c2a438-3401-42cd-ae07-a07380c2f728 983592d47736485292fb6a03e57b87ae e187e22e8ee143f79a5fcaaf3ee07dc1 - - default default] Successfully bumped revision number for resource 0a8f8ad6-7bb5-45bb-bd71-bb8825754c2c (type: ports) to 1
2026-07-01 02:02:57.811 9 INFO neutron.wsgi [req-6f4bdbc7-ef8a-46f9-9198-8c0175454f62 req-2c0fc66c-e6f9-4c02-b1c6-7c8f969c4320 e3503a8fd7274b6bad92b0fbd20c2093 e11b4a4e282049b79a77ebaf177de5fe - - d6c4b691307344b8915061b9356c99b5 d6c4b691307344b8915061b9356c99b5] 199.204.45.235 "GET /v2.0/subnets?id=5b70394c-1f7c-4c9d-80f7-332b5ec1c290 HTTP/1.1" status: 200 len: 869 time: 0.0383444
2026-07-01 02:02:57.825 10 INFO neutron.wsgi [req-2fd09134-170b-469d-94fa-9099245fcbec req-2c06967b-a800-4310-906e-5540ae930241 4b7d4bd54fe0412fb71ab0598c2b6b99 bfa5ea15010e4cb7b0dbc70acb0169ba - - default default] 10.0.0.89 "GET /v2.0/ports?device_id=991ea144-fc47-46a0-a002-c7e3db55c031 HTTP/1.1" status: 200 len: 1168 time: 0.0519018
2026-07-01 02:02:57.846 9 INFO neutron.wsgi [req-6f4bdbc7-ef8a-46f9-9198-8c0175454f62 req-2c951b52-fa45-4e40-8b4c-a0762b2ce2a2 e3503a8fd7274b6bad92b0fbd20c2093 e11b4a4e282049b79a77ebaf177de5fe - - d6c4b691307344b8915061b9356c99b5 d6c4b691307344b8915061b9356c99b5] 199.204.45.235 "GET /v2.0/ports?network_id=ff0dbf3a-f89e-4377-87a3-096fc6664c68&device_owner=network%3Adhcp HTTP/1.1" status: 200 len: 210 time: 0.0301504
2026-07-01 02:02:57.882 10 INFO neutron.wsgi [req-2fd09134-170b-469d-94fa-9099245fcbec req-dca2f9a5-0170-4230-9a7d-e883370d4faa 4b7d4bd54fe0412fb71ab0598c2b6b99 bfa5ea15010e4cb7b0dbc70acb0169ba - - default default] 10.0.0.89 "GET /v2.0/security-groups?id=1b909853-3800-4704-badd-f137174d0b6f&fields=id&fields=name HTTP/1.1" status: 200 len: 313 time: 0.0502207
2026-07-01 02:02:57.940 9 INFO neutron.wsgi [req-6f4bdbc7-ef8a-46f9-9198-8c0175454f62 req-c1ef9d25-db98-421e-a28b-fb0727f9a371 e3503a8fd7274b6bad92b0fbd20c2093 e11b4a4e282049b79a77ebaf177de5fe - - d6c4b691307344b8915061b9356c99b5 d6c4b691307344b8915061b9356c99b5] 199.204.45.235 "GET /v2.0/networks/ff0dbf3a-f89e-4377-87a3-096fc6664c68?fields=segments HTTP/1.1" status: 200 len: 212 time: 0.0777564
2026-07-01 02:02:57.964 10 INFO neutron.wsgi [None req-9c46d821-40f0-490b-816e-7be661de7dbc 983592d47736485292fb6a03e57b87ae e187e22e8ee143f79a5fcaaf3ee07dc1 - - default default] 10.0.0.206 "GET /v2.0/security-groups?tenant_id=4f204772fec64f7d8bdf8dd803ff85ef&name=default HTTP/1.1" status: 200 len: 3116 time: 0.0422540
2026-07-01 02:02:58.057 9 INFO neutron.wsgi [req-6f4bdbc7-ef8a-46f9-9198-8c0175454f62 req-2920cb9d-3ae6-4895-9436-39d53e30467a e3503a8fd7274b6bad92b0fbd20c2093 e11b4a4e282049b79a77ebaf177de5fe - - d6c4b691307344b8915061b9356c99b5 d6c4b691307344b8915061b9356c99b5] 199.204.45.235 "GET /v2.0/networks/ff0dbf3a-f89e-4377-87a3-096fc6664c68?fields=provider%3Aphysical_network&fields=provider%3Anetwork_type HTTP/1.1" status: 200 len: 277 time: 0.0997686
2026-07-01 02:02:58.177 10 INFO neutron.wsgi [None req-1377ed48-9249-4fb0-a897-79c2918ef4ed 983592d47736485292fb6a03e57b87ae e187e22e8ee143f79a5fcaaf3ee07dc1 - - default default] 10.0.0.206 "DELETE /v2.0/security-groups/f3655845-64dc-45a9-b62a-a45e7699f02f HTTP/1.1" status: 204 len: 168 time: 0.2089713
2026-07-01 02:02:58.681 9 INFO neutron.plugins.ml2.drivers.ovn.mech_driver.ovsdb.commands [None req-0526a116-cd09-481b-8089-5173cd3444ee - - - - - -] Schedule LRP lrp-0a8f8ad6-7bb5-45bb-bd71-bb8825754c2c on gateway 960cf1fb-12ea-4af4-ac5d-0e0ff2bbaa49 with priority 1
2026-07-01 02:02:58.720 9 INFO neutron.plugins.ml2.drivers.ovn.mech_driver.ovsdb.ovsdb_monitor [None req-364f37ba-bb2f-495f-9f4e-65da55c08a1f - - - - - -] Router 85dc7e65-dd32-4d40-b5e3-b0f7f64edb3b is bound to host instance
2026-07-01 02:02:58.747 9 INFO neutron.wsgi [req-d04789f1-17cb-4193-b7ae-4330628d1a36 req-ad4083d7-950a-4fe6-9103-b589b81af58b aa257cd6c60640b98ad0e70b11e8a1b1 d1cfae259bd5418c94967b3dd83586a3 - - default default] 10.0.0.89 "GET /v2.0/ports?device_id=b2f238c2-190b-4401-aaa7-43c5b52c6071 HTTP/1.1" status: 200 len: 1168 time: 0.0606008
2026-07-01 02:02:58.749 9 INFO neutron.db.ovn_revision_numbers_db [None req-64c2a438-3401-42cd-ae07-a07380c2f728 983592d47736485292fb6a03e57b87ae e187e22e8ee143f79a5fcaaf3ee07dc1 - - default default] Successfully bumped revision number for resource 0a8f8ad6-7bb5-45bb-bd71-bb8825754c2c (type: router_ports) to 1
2026-07-01 02:02:58.838 9 INFO neutron.wsgi [req-d04789f1-17cb-4193-b7ae-4330628d1a36 req-aea634c5-e7a1-44a3-a105-545e459f8172 aa257cd6c60640b98ad0e70b11e8a1b1 d1cfae259bd5418c94967b3dd83586a3 - - default default] 10.0.0.89 "GET /v2.0/security-groups?id=8d595801-087a-4dbe-9b1d-ac87c679b2a0&fields=id&fields=name HTTP/1.1" status: 200 len: 312 time: 0.0853646
2026-07-01 02:02:58.851 9 INFO neutron.db.ovn_revision_numbers_db [None req-64c2a438-3401-42cd-ae07-a07380c2f728 983592d47736485292fb6a03e57b87ae e187e22e8ee143f79a5fcaaf3ee07dc1 - - default default] Successfully bumped revision number for resource 85dc7e65-dd32-4d40-b5e3-b0f7f64edb3b (type: routers) to 2
2026-07-01 02:02:58.871 9 INFO neutron.wsgi [None req-64c2a438-3401-42cd-ae07-a07380c2f728 983592d47736485292fb6a03e57b87ae e187e22e8ee143f79a5fcaaf3ee07dc1 - - default default] 10.0.0.206 "POST /v2.0/routers HTTP/1.1" status: 201 len: 1161 time: 1.9048305
2026-07-01 02:02:59.036 10 WARNING neutron.plugins.ml2.drivers.ovn.mech_driver.ovsdb.ovn_client [None req-73ebf767-1868-48ed-b5e0-2cc563547756 - - - - - -] No hosting information found for port 6bcacbc0-4a68-4fd3-8313-694958bc73f0: RuntimeError: No hosting information found for port 6bcacbc0-4a68-4fd3-8313-694958bc73f0
2026-07-01 02:02:59.036 10 INFO neutron.plugins.ml2.drivers.ovn.mech_driver.mech_driver [None req-73ebf767-1868-48ed-b5e0-2cc563547756 - - - - - -] OVN reports status up for port: 86f55026-7d70-48b4-bd52-ffc6c4ca624f
2026-07-01 02:02:59.045 10 INFO neutron.plugins.ml2.plugin [None req-73ebf767-1868-48ed-b5e0-2cc563547756 - - - - - -] Attempt 1 to provision port 86f55026-7d70-48b4-bd52-ffc6c4ca624f
2026-07-01 02:02:59.109 9 INFO neutron.wsgi [req-3645b8c4-5aa6-4eaf-9bc5-c688d595bc03 req-c770bd43-4551-4761-a816-62de5b117ffe 4b7d4bd54fe0412fb71ab0598c2b6b99 bfa5ea15010e4cb7b0dbc70acb0169ba - - default default] 10.0.0.89 "GET /v2.0/ports?device_id=991ea144-fc47-46a0-a002-c7e3db55c031 HTTP/1.1" status: 200 len: 1168 time: 0.1570234
2026-07-01 02:02:59.186 9 INFO neutron.wsgi [req-3645b8c4-5aa6-4eaf-9bc5-c688d595bc03 req-0c29b243-42fc-4a38-97e0-4df1590a70dd 4b7d4bd54fe0412fb71ab0598c2b6b99 bfa5ea15010e4cb7b0dbc70acb0169ba - - default default] 10.0.0.89 "GET /v2.0/security-groups?id=1b909853-3800-4704-badd-f137174d0b6f&fields=id&fields=name HTTP/1.1" status: 200 len: 313 time: 0.0686009
2026-07-01 02:02:59.504 10 INFO neutron.db.ovn_revision_numbers_db [None req-73ebf767-1868-48ed-b5e0-2cc563547756 - - - - - -] Successfully bumped revision number for resource 86f55026-7d70-48b4-bd52-ffc6c4ca624f (type: ports) to 2
2026-07-01 02:02:59.646 10 INFO neutron.db.ovn_revision_numbers_db [None req-73ebf767-1868-48ed-b5e0-2cc563547756 - - - - - -] Successfully bumped revision number for resource 86f55026-7d70-48b4-bd52-ffc6c4ca624f (type: router_ports) to 2
2026-07-01 02:02:59.816 9 WARNING neutron.scheduler.dhcp_agent_scheduler [None req-1bce1c19-934c-4691-85d1-fce89cb6ec0a 983592d47736485292fb6a03e57b87ae e187e22e8ee143f79a5fcaaf3ee07dc1 - - default default] No more DHCP agents
2026-07-01 02:02:59.820 9 WARNING neutron.api.rpc.agentnotifiers.dhcp_rpc_agent_api [None req-1bce1c19-934c-4691-85d1-fce89cb6ec0a 983592d47736485292fb6a03e57b87ae e187e22e8ee143f79a5fcaaf3ee07dc1 - - default default] Unable to schedule network b3242997-0680-401c-a6bf-f6800345b7ce: no agents available; will retry on subsequent port and subnet creation events.
2026-07-01 02:02:59.883 9 INFO neutron.db.ovn_revision_numbers_db [None req-364f37ba-bb2f-495f-9f4e-65da55c08a1f - - - - - -] Successfully bumped revision number for resource 0a8f8ad6-7bb5-45bb-bd71-bb8825754c2c (type: ports) to 1
2026-07-01 02:02:59.993 10 INFO neutron.wsgi [req-ce82d23c-8986-4258-98e1-130d00137b34 req-935f0698-3ce5-44ba-a666-a194a9a6bf21 aa257cd6c60640b98ad0e70b11e8a1b1 d1cfae259bd5418c94967b3dd83586a3 - - default default] 10.0.0.89 "GET /v2.0/ports?device_id=b2f238c2-190b-4401-aaa7-43c5b52c6071 HTTP/1.1" status: 200 len: 1168 time: 0.0949054
2026-07-01 02:03:00.025 9 INFO neutron.db.ovn_revision_numbers_db [None req-1bce1c19-934c-4691-85d1-fce89cb6ec0a 983592d47736485292fb6a03e57b87ae e187e22e8ee143f79a5fcaaf3ee07dc1 - - default default] Successfully bumped revision number for resource 267b3c9a-8f61-40fc-8d08-e9dcee0dceed (type: ports) to 1
2026-07-01 02:03:00.049 10 INFO neutron.wsgi [req-ce82d23c-8986-4258-98e1-130d00137b34 req-36c4d7d7-2641-42b6-8777-a07a18af0c2b aa257cd6c60640b98ad0e70b11e8a1b1 d1cfae259bd5418c94967b3dd83586a3 - - default default] 10.0.0.89 "GET /v2.0/security-groups?id=8d595801-087a-4dbe-9b1d-ac87c679b2a0&fields=id&fields=name HTTP/1.1" status: 200 len: 312 time: 0.0491133
2026-07-01 02:03:00.346 9 INFO neutron.wsgi [req-1795ef17-21d0-46d9-add1-529c16230675 req-50f17249-be73-4ded-913e-4cc24ca4ff7f 4b7d4bd54fe0412fb71ab0598c2b6b99 bfa5ea15010e4cb7b0dbc70acb0169ba - - default default] 10.0.0.89 "GET /v2.0/ports?device_id=991ea144-fc47-46a0-a002-c7e3db55c031 HTTP/1.1" status: 200 len: 1168 time: 0.0779092
2026-07-01 02:03:00.347 10 INFO neutron.db.ovn_revision_numbers_db [None req-4be09c94-17cb-4740-84af-08f12a75889c 983592d47736485292fb6a03e57b87ae e187e22e8ee143f79a5fcaaf3ee07dc1 - - default default] Successfully bumped revision number for resource fa9e2ab3-51b0-43ba-b715-2113e0dc0a7b (type: security_groups) to 1
2026-07-01 02:03:00.361 10 INFO neutron.db.ovn_revision_numbers_db [None req-4be09c94-17cb-4740-84af-08f12a75889c 983592d47736485292fb6a03e57b87ae e187e22e8ee143f79a5fcaaf3ee07dc1 - - default default] Successfully bumped revision number for resource 3710df76-f528-4bf3-ac30-6f8f91d6740b (type: security_group_rules) to 0
2026-07-01 02:03:00.377 10 INFO neutron.db.ovn_revision_numbers_db [None req-4be09c94-17cb-4740-84af-08f12a75889c 983592d47736485292fb6a03e57b87ae e187e22e8ee143f79a5fcaaf3ee07dc1 - - default default] Successfully bumped revision number for resource 63481dc8-1aef-400d-9967-e448bee7daf7 (type: security_group_rules) to 0
2026-07-01 02:03:00.391 10 INFO neutron.db.ovn_revision_numbers_db [None req-4be09c94-17cb-4740-84af-08f12a75889c 983592d47736485292fb6a03e57b87ae e187e22e8ee143f79a5fcaaf3ee07dc1 - - default default] Successfully bumped revision number for resource b981f307-32a3-44b0-a005-22d94926ebcc (type: security_group_rules) to 0
2026-07-01 02:03:00.404 10 INFO neutron.db.ovn_revision_numbers_db [None req-4be09c94-17cb-4740-84af-08f12a75889c 983592d47736485292fb6a03e57b87ae e187e22e8ee143f79a5fcaaf3ee07dc1 - - default default] Successfully bumped revision number for resource e9f64f65-58cb-4fc5-a9fe-a6b1b1099507 (type: security_group_rules) to 0
2026-07-01 02:03:00.432 9 INFO neutron.wsgi [req-1795ef17-21d0-46d9-add1-529c16230675 req-514ddf16-bd6a-47ef-baee-fc10c224e582 4b7d4bd54fe0412fb71ab0598c2b6b99 bfa5ea15010e4cb7b0dbc70acb0169ba - - default default] 10.0.0.89 "GET /v2.0/security-groups?id=1b909853-3800-4704-badd-f137174d0b6f&fields=id&fields=name HTTP/1.1" status: 200 len: 313 time: 0.0783002
2026-07-01 02:03:00.455 10 INFO neutron.db.segments_db [None req-4be09c94-17cb-4740-84af-08f12a75889c 983592d47736485292fb6a03e57b87ae e187e22e8ee143f79a5fcaaf3ee07dc1 - - default default] Added segment c2c48a90-8f78-4316-a45b-376d076ba9a6 of type geneve for network 7d2a5387-c31b-4ca7-b4ad-4f1b7215d3fd
2026-07-01 02:03:00.513 9 INFO neutron.db.ovn_revision_numbers_db [None req-364f37ba-bb2f-495f-9f4e-65da55c08a1f - - - - - -] Successfully bumped revision number for resource 0a8f8ad6-7bb5-45bb-bd71-bb8825754c2c (type: router_ports) to 3
2026-07-01 02:03:00.586 10 INFO neutron.db.ovn_revision_numbers_db [None req-4be09c94-17cb-4740-84af-08f12a75889c 983592d47736485292fb6a03e57b87ae e187e22e8ee143f79a5fcaaf3ee07dc1 - - default default] Successfully bumped revision number for resource 7d2a5387-c31b-4ca7-b4ad-4f1b7215d3fd (type: networks) to 1
2026-07-01 02:03:00.753 10 WARNING neutron.scheduler.dhcp_agent_scheduler [None req-4be09c94-17cb-4740-84af-08f12a75889c 983592d47736485292fb6a03e57b87ae e187e22e8ee143f79a5fcaaf3ee07dc1 - - default default] No more DHCP agents
2026-07-01 02:03:00.754 10 WARNING neutron.api.rpc.agentnotifiers.dhcp_rpc_agent_api [None req-4be09c94-17cb-4740-84af-08f12a75889c 983592d47736485292fb6a03e57b87ae e187e22e8ee143f79a5fcaaf3ee07dc1 - - default default] Unable to schedule network 7d2a5387-c31b-4ca7-b4ad-4f1b7215d3fd: no agents available; will retry on subsequent port and subnet creation events.
2026-07-01 02:03:00.794 9 INFO neutron.db.ovn_revision_numbers_db [None req-364f37ba-bb2f-495f-9f4e-65da55c08a1f - - - - - -] Successfully bumped revision number for resource 0a8f8ad6-7bb5-45bb-bd71-bb8825754c2c (type: ports) to 2
2026-07-01 02:03:00.807 9 ERROR ovsdbapp.backend.ovs_idl.command [None req-1bce1c19-934c-4691-85d1-fce89cb6ec0a 983592d47736485292fb6a03e57b87ae e187e22e8ee143f79a5fcaaf3ee07dc1 - - default default] Error executing command (DbGetCommand): ovsdbapp.backend.ovs_idl.idlutils.RowNotFound: Cannot find Logical_Router_Port with name=lrp-267b3c9a-8f61-40fc-8d08-e9dcee0dceed
2026-07-01 02:03:00.807 9 ERROR ovsdbapp.backend.ovs_idl.command
Traceback (most recent call last):
2026-07-01 02:03:00.807 9 ERROR ovsdbapp.backend.ovs_idl.command
File "/var/lib/openstack/lib/python3.10/site-packages/ovsdbapp/backend/ovs_idl/command.py", line 47, in execute
2026-07-01 02:03:00.807 9 ERROR ovsdbapp.backend.ovs_idl.command self.run_idl(None)
2026-07-01 02:03:00.807 9 ERROR ovsdbapp.backend.ovs_idl.command
File "/var/lib/openstack/lib/python3.10/site-packages/ovsdbapp/backend/ovs_idl/command.py", line 235, in run_idl
2026-07-01 02:03:00.807 9 ERROR ovsdbapp.backend.ovs_idl.command record = self.api.lookup(self.table, self.record)
2026-07-01 02:03:00.807 9 ERROR ovsdbapp.backend.ovs_idl.command
File "/var/lib/openstack/lib/python3.10/site-packages/ovsdbapp/backend/ovs_idl/__init__.py", line 184, in lookup
2026-07-01 02:03:00.807 9 ERROR ovsdbapp.backend.ovs_idl.command return self._lookup(table, record)
2026-07-01 02:03:00.807 9 ERROR ovsdbapp.backend.ovs_idl.command
File "/var/lib/openstack/lib/python3.10/site-packages/ovsdbapp/backend/ovs_idl/__init__.py", line 235, in _lookup
2026-07-01 02:03:00.807 9 ERROR ovsdbapp.backend.ovs_idl.command row = idlutils.row_by_value(self, rl.table, rl.column, record)
2026-07-01 02:03:00.807 9 ERROR ovsdbapp.backend.ovs_idl.command
File "/var/lib/openstack/lib/python3.10/site-packages/ovsdbapp/backend/ovs_idl/idlutils.py", line 114, in row_by_value
2026-07-01 02:03:00.807 9 ERROR ovsdbapp.backend.ovs_idl.command raise RowNotFound(table=table, col=column, match=match)
2026-07-01 02:03:00.807 9 ERROR ovsdbapp.backend.ovs_idl.command ovsdbapp.backend.ovs_idl.idlutils.RowNotFound: Cannot find Logical_Router_Port with name=lrp-267b3c9a-8f61-40fc-8d08-e9dcee0dceed
2026-07-01 02:03:00.807 9 ERROR ovsdbapp.backend.ovs_idl.command 
2026-07-01 02:03:00.808 9 ERROR neutron_lib.callbacks.manager [None req-1bce1c19-934c-4691-85d1-fce89cb6ec0a 983592d47736485292fb6a03e57b87ae e187e22e8ee143f79a5fcaaf3ee07dc1 - - default default] Error during notification for neutron.services.ovn_l3.plugin.OVNL3RouterPlugin._port_update-8753434905318 port, after_update: ovsdbapp.backend.ovs_idl.idlutils.RowNotFound: Cannot find Logical_Router_Port with name=lrp-267b3c9a-8f61-40fc-8d08-e9dcee0dceed
2026-07-01 02:03:00.808 9 ERROR neutron_lib.callbacks.manager
Traceback (most recent call last):
2026-07-01 02:03:00.808 9 ERROR neutron_lib.callbacks.manager
File "/var/lib/openstack/lib/python3.10/site-packages/neutron_lib/callbacks/manager.py", line 189, in _notify_loop
2026-07-01 02:03:00.808 9 ERROR neutron_lib.callbacks.manager callback.method(resource, event, trigger, payload=payload)
2026-07-01 02:03:00.808 9 ERROR neutron_lib.callbacks.manager
File "/var/lib/openstack/lib/python3.10/site-packages/neutron/services/ovn_l3/plugin.py", line 391, in _port_update
2026-07-01 02:03:00.808 9 ERROR neutron_lib.callbacks.manager l3plugin._ovn_client.update_router_port(context,
2026-07-01 02:03:00.808 9 ERROR neutron_lib.callbacks.manager
File "/var/lib/openstack/lib/python3.10/site-packages/neutron/plugins/ml2/drivers/ovn/mech_driver/ovsdb/ovn_client.py", line 1878, in update_router_port
2026-07-01 02:03:00.808 9 ERROR neutron_lib.callbacks.manager self._update_lrouter_port(context, port, if_exists=if_exists,
2026-07-01 02:03:00.808 9 ERROR neutron_lib.callbacks.manager
File "/var/lib/openstack/lib/python3.10/site-packages/neutron/plugins/ml2/drivers/ovn/mech_driver/ovsdb/ovn_client.py", line 1855, in _update_lrouter_port
2026-07-01 02:03:00.808 9 ERROR neutron_lib.callbacks.manager external_ids = self._nb_idl.db_get(
2026-07-01 02:03:00.808 9 ERROR neutron_lib.callbacks.manager
File "/var/lib/openstack/lib/python3.10/site-packages/ovsdbapp/backend/ovs_idl/command.py", line 47, in execute
2026-07-01 02:03:00.808 9 ERROR neutron_lib.callbacks.manager self.run_idl(None)
2026-07-01 02:03:00.808 9 ERROR neutron_lib.callbacks.manager
File "/var/lib/openstack/lib/python3.10/site-packages/ovsdbapp/backend/ovs_idl/command.py", line 235, in run_idl
2026-07-01 02:03:00.808 9 ERROR neutron_lib.callbacks.manager record = self.api.lookup(self.table, self.record)
2026-07-01 02:03:00.808 9 ERROR neutron_lib.callbacks.manager
File "/var/lib/openstack/lib/python3.10/site-packages/ovsdbapp/backend/ovs_idl/__init__.py", line 184, in lookup
2026-07-01 02:03:00.808 9 ERROR neutron_lib.callbacks.manager return self._lookup(table, record)
2026-07-01 02:03:00.808 9 ERROR neutron_lib.callbacks.manager
File "/var/lib/openstack/lib/python3.10/site-packages/ovsdbapp/backend/ovs_idl/__init__.py", line 235, in _lookup
2026-07-01 02:03:00.808 9 ERROR neutron_lib.callbacks.manager row = idlutils.row_by_value(self, rl.table, rl.column, record)
2026-07-01 02:03:00.808 9 ERROR neutron_lib.callbacks.manager
File "/var/lib/openstack/lib/python3.10/site-packages/ovsdbapp/backend/ovs_idl/idlutils.py", line 114, in row_by_value
2026-07-01 02:03:00.808 9 ERROR neutron_lib.callbacks.manager raise RowNotFound(table=table, col=column, match=match)
2026-07-01 02:03:00.808 9 ERROR neutron_lib.callbacks.manager ovsdbapp.backend.ovs_idl.idlutils.RowNotFound: Cannot find Logical_Router_Port with name=lrp-267b3c9a-8f61-40fc-8d08-e9dcee0dceed
2026-07-01 02:03:00.808 9 ERROR neutron_lib.callbacks.manager 
2026-07-01 02:03:00.841 10 INFO neutron.db.ovn_revision_numbers_db [None req-4be09c94-17cb-4740-84af-08f12a75889c 983592d47736485292fb6a03e57b87ae e187e22e8ee143f79a5fcaaf3ee07dc1 - - default default] Successfully bumped revision number for resource 2401edfb-6c02-4086-b47c-dcf953764dab (type: ports) to 1
2026-07-01 02:03:00.864 10 INFO neutron.wsgi [None req-4be09c94-17cb-4740-84af-08f12a75889c 983592d47736485292fb6a03e57b87ae e187e22e8ee143f79a5fcaaf3ee07dc1 - - default default] 10.0.0.206 "POST /v2.0/networks HTTP/1.1" status: 201 len: 946 time: 0.8368142
2026-07-01 02:03:01.015 10 WARNING neutron.scheduler.dhcp_agent_scheduler [None req-7e3f707a-4f76-4b9e-94cd-60afce94c8b1 983592d47736485292fb6a03e57b87ae e187e22e8ee143f79a5fcaaf3ee07dc1 - - default default] No more DHCP agents
2026-07-01 02:03:01.017 10 WARNING neutron.api.rpc.agentnotifiers.dhcp_rpc_agent_api [None req-7e3f707a-4f76-4b9e-94cd-60afce94c8b1 983592d47736485292fb6a03e57b87ae e187e22e8ee143f79a5fcaaf3ee07dc1 - - default default] Unable to schedule network 7d2a5387-c31b-4ca7-b4ad-4f1b7215d3fd: no agents available; will retry on subsequent port and subnet creation events.
2026-07-01 02:03:01.159 10 INFO neutron.wsgi [req-b583cdbb-dba1-4ff8-8ae5-39ce80cbbf09 req-a2b30193-80dd-4222-98c1-1fd7e4481f96 aa257cd6c60640b98ad0e70b11e8a1b1 d1cfae259bd5418c94967b3dd83586a3 - - default default] 10.0.0.89 "GET /v2.0/ports?device_id=b2f238c2-190b-4401-aaa7-43c5b52c6071 HTTP/1.1" status: 200 len: 1168 time: 0.0439849
2026-07-01 02:03:01.209 9 INFO neutron.plugins.ml2.drivers.ovn.mech_driver.mech_driver [None req-048e853a-c288-4bf9-a660-befce609003b - - - - - -] OVN reports status up for port: 267b3c9a-8f61-40fc-8d08-e9dcee0dceed
2026-07-01 02:03:01.219 10 INFO neutron.wsgi [req-b583cdbb-dba1-4ff8-8ae5-39ce80cbbf09 req-30d539cb-511f-4537-b232-be6190a75780 aa257cd6c60640b98ad0e70b11e8a1b1 d1cfae259bd5418c94967b3dd83586a3 - - default default] 10.0.0.89 "GET /v2.0/security-groups?id=8d595801-087a-4dbe-9b1d-ac87c679b2a0&fields=id&fields=name HTTP/1.1" status: 200 len: 312 time: 0.0526853
2026-07-01 02:03:01.223 9 INFO neutron.plugins.ml2.plugin [None req-048e853a-c288-4bf9-a660-befce609003b - - - - - -] Attempt 1 to provision port 267b3c9a-8f61-40fc-8d08-e9dcee0dceed
2026-07-01 02:03:01.251 9 INFO neutron.db.ovn_revision_numbers_db [None req-1bce1c19-934c-4691-85d1-fce89cb6ec0a 983592d47736485292fb6a03e57b87ae e187e22e8ee143f79a5fcaaf3ee07dc1 - - default default] Successfully bumped revision number for resource 267b3c9a-8f61-40fc-8d08-e9dcee0dceed (type: ports) to 1
2026-07-01 02:03:01.385 9 WARNING neutron.scheduler.dhcp_agent_scheduler [None req-1bce1c19-934c-4691-85d1-fce89cb6ec0a 983592d47736485292fb6a03e57b87ae e187e22e8ee143f79a5fcaaf3ee07dc1 - - default default] No more DHCP agents
2026-07-01 02:03:01.388 9 WARNING neutron.api.rpc.agentnotifiers.dhcp_rpc_agent_api [None req-1bce1c19-934c-4691-85d1-fce89cb6ec0a 983592d47736485292fb6a03e57b87ae e187e22e8ee143f79a5fcaaf3ee07dc1 - - default default] Unable to schedule network b3242997-0680-401c-a6bf-f6800345b7ce: no agents available; will retry on subsequent port and subnet creation events.
2026-07-01 02:03:01.508 10 INFO neutron.db.ovn_revision_numbers_db [None req-7e3f707a-4f76-4b9e-94cd-60afce94c8b1 983592d47736485292fb6a03e57b87ae e187e22e8ee143f79a5fcaaf3ee07dc1 - - default default] Successfully bumped revision number for resource 2401edfb-6c02-4086-b47c-dcf953764dab (type: ports) to 2
2026-07-01 02:03:01.542 10 INFO neutron.db.ovn_revision_numbers_db [None req-7e3f707a-4f76-4b9e-94cd-60afce94c8b1 983592d47736485292fb6a03e57b87ae e187e22e8ee143f79a5fcaaf3ee07dc1 - - default default] Successfully bumped revision number for resource 937c66bb-7145-4c42-b6fb-eb64fe8a3b8b (type: subnets) to 0
2026-07-01 02:03:01.557 10 INFO neutron.wsgi [None req-7e3f707a-4f76-4b9e-94cd-60afce94c8b1 983592d47736485292fb6a03e57b87ae e187e22e8ee143f79a5fcaaf3ee07dc1 - - default default] 10.0.0.206 "POST /v2.0/subnets HTTP/1.1" status: 201 len: 866 time: 0.6869631
2026-07-01 02:03:01.603 9 INFO neutron.wsgi [req-ddf414e7-0f63-4fd1-9800-3e6acdb6867d req-f5cbe280-8e00-4b1d-bb27-5a67bc623c73 4b7d4bd54fe0412fb71ab0598c2b6b99 bfa5ea15010e4cb7b0dbc70acb0169ba - - default default] 10.0.0.89 "GET /v2.0/ports?device_id=991ea144-fc47-46a0-a002-c7e3db55c031 HTTP/1.1" status: 200 len: 1168 time: 0.1032827
2026-07-01 02:03:01.618 9 INFO neutron.db.ovn_revision_numbers_db [None req-364f37ba-bb2f-495f-9f4e-65da55c08a1f - - - - - -] Successfully bumped revision number for resource 0a8f8ad6-7bb5-45bb-bd71-bb8825754c2c (type: ports) to 4
2026-07-01 02:03:01.728 9 INFO neutron.wsgi [req-ddf414e7-0f63-4fd1-9800-3e6acdb6867d req-6fdf437f-04fa-42bc-ad73-d18a75074580 4b7d4bd54fe0412fb71ab0598c2b6b99 bfa5ea15010e4cb7b0dbc70acb0169ba - - default default] 10.0.0.89 "GET /v2.0/security-groups?id=1b909853-3800-4704-badd-f137174d0b6f&fields=id&fields=name HTTP/1.1" status: 200 len: 313 time: 0.1124225
2026-07-01 02:03:02.067 10 WARNING neutron.scheduler.dhcp_agent_scheduler [None req-bd4cc6d5-be1f-4e4a-ae84-96df2e193245 983592d47736485292fb6a03e57b87ae e187e22e8ee143f79a5fcaaf3ee07dc1 - - default default] No more DHCP agents
2026-07-01 02:03:02.068 10 WARNING neutron.api.rpc.agentnotifiers.dhcp_rpc_agent_api [None req-bd4cc6d5-be1f-4e4a-ae84-96df2e193245 983592d47736485292fb6a03e57b87ae e187e22e8ee143f79a5fcaaf3ee07dc1 - - default default] Unable to schedule network 16d5d515-d002-4683-9f77-84151eb8dc9f: no agents available; will retry on subsequent port and subnet creation events.
2026-07-01 02:03:02.215 10 INFO neutron.db.ovn_revision_numbers_db [None req-bd4cc6d5-be1f-4e4a-ae84-96df2e193245 983592d47736485292fb6a03e57b87ae e187e22e8ee143f79a5fcaaf3ee07dc1 - - default default] Successfully bumped revision number for resource 476f5389-32c9-440a-8fa3-3295587cad3c (type: ports) to 1
2026-07-01 02:03:02.280 9 INFO neutron.db.ovn_revision_numbers_db [None req-048e853a-c288-4bf9-a660-befce609003b - - - - - -] Successfully bumped revision number for resource 267b3c9a-8f61-40fc-8d08-e9dcee0dceed (type: ports) to 2
2026-07-01 02:03:02.333 9 INFO neutron.db.ovn_revision_numbers_db [None req-364f37ba-bb2f-495f-9f4e-65da55c08a1f - - - - - -] Successfully bumped revision number for resource 0a8f8ad6-7bb5-45bb-bd71-bb8825754c2c (type: router_ports) to 4
2026-07-01 02:03:02.346 10 INFO neutron.wsgi [req-3e3b0fe2-05ef-4480-a0f3-263043b44186 req-41efc60a-541a-42f8-9787-3ecbb61b20de aa257cd6c60640b98ad0e70b11e8a1b1 d1cfae259bd5418c94967b3dd83586a3 - - default default] 10.0.0.89 "GET /v2.0/ports?device_id=b2f238c2-190b-4401-aaa7-43c5b52c6071 HTTP/1.1" status: 200 len: 1168 time: 0.0442617
2026-07-01 02:03:02.403 10 INFO neutron.wsgi [req-3e3b0fe2-05ef-4480-a0f3-263043b44186 req-01666d9e-6aaf-4b40-b0aa-9d1df4119f3f aa257cd6c60640b98ad0e70b11e8a1b1 d1cfae259bd5418c94967b3dd83586a3 - - default default] 10.0.0.89 "GET /v2.0/security-groups?id=8d595801-087a-4dbe-9b1d-ac87c679b2a0&fields=id&fields=name HTTP/1.1" status: 200 len: 312 time: 0.0497208
2026-07-01 02:03:02.451 9 ERROR ovsdbapp.backend.ovs_idl.command [None req-048e853a-c288-4bf9-a660-befce609003b - - - - - -] Error executing command (DbGetCommand): ovsdbapp.backend.ovs_idl.idlutils.RowNotFound: Cannot find Logical_Router_Port with name=lrp-267b3c9a-8f61-40fc-8d08-e9dcee0dceed
2026-07-01 02:03:02.451 9 ERROR ovsdbapp.backend.ovs_idl.command
Traceback (most recent call last):
2026-07-01 02:03:02.451 9 ERROR ovsdbapp.backend.ovs_idl.command
File "/var/lib/openstack/lib/python3.10/site-packages/ovsdbapp/backend/ovs_idl/command.py", line 47, in execute
2026-07-01 02:03:02.451 9 ERROR ovsdbapp.backend.ovs_idl.command self.run_idl(None)
2026-07-01 02:03:02.451 9 ERROR ovsdbapp.backend.ovs_idl.command
File "/var/lib/openstack/lib/python3.10/site-packages/ovsdbapp/backend/ovs_idl/command.py", line 235, in run_idl
2026-07-01 02:03:02.451 9 ERROR ovsdbapp.backend.ovs_idl.command record = self.api.lookup(self.table, self.record)
2026-07-01 02:03:02.451 9 ERROR ovsdbapp.backend.ovs_idl.command
File "/var/lib/openstack/lib/python3.10/site-packages/ovsdbapp/backend/ovs_idl/__init__.py", line 184, in lookup
2026-07-01 02:03:02.451 9 ERROR ovsdbapp.backend.ovs_idl.command return self._lookup(table, record)
2026-07-01 02:03:02.451 9 ERROR ovsdbapp.backend.ovs_idl.command
File "/var/lib/openstack/lib/python3.10/site-packages/ovsdbapp/backend/ovs_idl/__init__.py", line 235, in _lookup
2026-07-01 02:03:02.451 9 ERROR ovsdbapp.backend.ovs_idl.command row = idlutils.row_by_value(self, rl.table, rl.column, record)
2026-07-01 02:03:02.451 9 ERROR ovsdbapp.backend.ovs_idl.command
File "/var/lib/openstack/lib/python3.10/site-packages/ovsdbapp/backend/ovs_idl/idlutils.py", line 114, in row_by_value
2026-07-01 02:03:02.451 9 ERROR ovsdbapp.backend.ovs_idl.command raise RowNotFound(table=table, col=column, match=match)
2026-07-01 02:03:02.451 9 ERROR ovsdbapp.backend.ovs_idl.command ovsdbapp.backend.ovs_idl.idlutils.RowNotFound: Cannot find Logical_Router_Port with name=lrp-267b3c9a-8f61-40fc-8d08-e9dcee0dceed
2026-07-01 02:03:02.451 9 ERROR ovsdbapp.backend.ovs_idl.command 
2026-07-01 02:03:02.452 9 ERROR neutron_lib.callbacks.manager [None req-048e853a-c288-4bf9-a660-befce609003b - - - - - -] Error during notification for neutron.services.ovn_l3.plugin.OVNL3RouterPlugin._port_update-8753434905318 port, after_update: ovsdbapp.backend.ovs_idl.idlutils.RowNotFound: Cannot find Logical_Router_Port with name=lrp-267b3c9a-8f61-40fc-8d08-e9dcee0dceed
2026-07-01 02:03:02.452 9 ERROR neutron_lib.callbacks.manager
Traceback (most recent call last):
2026-07-01 02:03:02.452 9 ERROR neutron_lib.callbacks.manager
File "/var/lib/openstack/lib/python3.10/site-packages/neutron_lib/callbacks/manager.py", line 189, in _notify_loop
2026-07-01 02:03:02.452 9 ERROR neutron_lib.callbacks.manager callback.method(resource, event, trigger, payload=payload)
2026-07-01 02:03:02.452 9 ERROR neutron_lib.callbacks.manager
File "/var/lib/openstack/lib/python3.10/site-packages/neutron/services/ovn_l3/plugin.py", line 391, in _port_update
2026-07-01 02:03:02.452 9 ERROR neutron_lib.callbacks.manager l3plugin._ovn_client.update_router_port(context,
2026-07-01 02:03:02.452 9 ERROR neutron_lib.callbacks.manager
File "/var/lib/openstack/lib/python3.10/site-packages/neutron/plugins/ml2/drivers/ovn/mech_driver/ovsdb/ovn_client.py", line 1878, in update_router_port
2026-07-01 02:03:02.452 9 ERROR neutron_lib.callbacks.manager self._update_lrouter_port(context, port, if_exists=if_exists,
2026-07-01 02:03:02.452 9 ERROR neutron_lib.callbacks.manager
File "/var/lib/openstack/lib/python3.10/site-packages/neutron/plugins/ml2/drivers/ovn/mech_driver/ovsdb/ovn_client.py", line 1855, in _update_lrouter_port
2026-07-01 02:03:02.452 9 ERROR neutron_lib.callbacks.manager external_ids = self._nb_idl.db_get(
2026-07-01 02:03:02.452 9 ERROR neutron_lib.callbacks.manager
File "/var/lib/openstack/lib/python3.10/site-packages/ovsdbapp/backend/ovs_idl/command.py", line 47, in execute
2026-07-01 02:03:02.452 9 ERROR neutron_lib.callbacks.manager self.run_idl(None)
2026-07-01 02:03:02.452 9 ERROR neutron_lib.callbacks.manager
File "/var/lib/openstack/lib/python3.10/site-packages/ovsdbapp/backend/ovs_idl/command.py", line 235, in run_idl
2026-07-01 02:03:02.452 9 ERROR neutron_lib.callbacks.manager record = self.api.lookup(self.table, self.record)
2026-07-01 02:03:02.452 9 ERROR neutron_lib.callbacks.manager
File "/var/lib/openstack/lib/python3.10/site-packages/ovsdbapp/backend/ovs_idl/__init__.py", line 184, in lookup
2026-07-01 02:03:02.452 9 ERROR neutron_lib.callbacks.manager return self._lookup(table, record)
2026-07-01 02:03:02.452 9 ERROR neutron_lib.callbacks.manager
File "/var/lib/openstack/lib/python3.10/site-packages/ovsdbapp/backend/ovs_idl/__init__.py", line 235, in _lookup
2026-07-01 02:03:02.452 9 ERROR neutron_lib.callbacks.manager row = idlutils.row_by_value(self, rl.table, rl.column, record)
2026-07-01 02:03:02.452 9 ERROR neutron_lib.callbacks.manager
File "/var/lib/openstack/lib/python3.10/site-packages/ovsdbapp/backend/ovs_idl/idlutils.py", line 114, in row_by_value
2026-07-01 02:03:02.452 9 ERROR neutron_lib.callbacks.manager raise RowNotFound(table=table, col=column, match=match)
2026-07-01 02:03:02.452 9 ERROR neutron_lib.callbacks.manager ovsdbapp.backend.ovs_idl.idlutils.RowNotFound: Cannot find Logical_Router_Port with name=lrp-267b3c9a-8f61-40fc-8d08-e9dcee0dceed
2026-07-01 02:03:02.452 9 ERROR neutron_lib.callbacks.manager 
2026-07-01 02:03:02.733 9 INFO neutron.db.ovn_revision_numbers_db [None req-1bce1c19-934c-4691-85d1-fce89cb6ec0a 983592d47736485292fb6a03e57b87ae e187e22e8ee143f79a5fcaaf3ee07dc1 - - default default] Successfully bumped revision number for resource 267b3c9a-8f61-40fc-8d08-e9dcee0dceed (type: router_ports) to 1
2026-07-01 02:03:02.740 9 INFO neutron.wsgi [None req-1bce1c19-934c-4691-85d1-fce89cb6ec0a 983592d47736485292fb6a03e57b87ae e187e22e8ee143f79a5fcaaf3ee07dc1 - - default default] 10.0.0.206 "PUT /v2.0/routers/85dc7e65-dd32-4d40-b5e3-b0f7f64edb3b/add_router_interface HTTP/1.1" status: 200 len: 503 time: 3.8651628
2026-07-01 02:03:02.856 9 INFO neutron.wsgi [req-cc9e6854-ad7b-42c2-aa7d-d6164fd2a1d7 req-8e31ea9b-b10f-42ef-8106-1e0030c7ee0f 4b7d4bd54fe0412fb71ab0598c2b6b99 bfa5ea15010e4cb7b0dbc70acb0169ba - - default default] 10.0.0.89 "GET /v2.0/ports?device_id=991ea144-fc47-46a0-a002-c7e3db55c031 HTTP/1.1" status: 200 len: 1168 time: 0.0485158
2026-07-01 02:03:02.898 9 INFO neutron.wsgi [req-cc9e6854-ad7b-42c2-aa7d-d6164fd2a1d7 req-402ae007-0357-4276-a53f-9ab17974e0a2 4b7d4bd54fe0412fb71ab0598c2b6b99 bfa5ea15010e4cb7b0dbc70acb0169ba - - default default] 10.0.0.89 "GET /v2.0/security-groups?id=1b909853-3800-4704-badd-f137174d0b6f&fields=id&fields=name HTTP/1.1" status: 200 len: 313 time: 0.0361178
2026-07-01 02:03:03.070 10 INFO neutron.plugins.ml2.drivers.ovn.mech_driver.ovsdb.commands [None req-409f4c86-662a-4f2d-8f0f-243cc03543ae - - - - - -] Schedule LRP lrp-476f5389-32c9-440a-8fa3-3295587cad3c on gateway 960cf1fb-12ea-4af4-ac5d-0e0ff2bbaa49 with priority 1
2026-07-01 02:03:03.099 9 INFO neutron.plugins.ml2.drivers.ovn.mech_driver.ovsdb.ovsdb_monitor [None req-364f37ba-bb2f-495f-9f4e-65da55c08a1f - - - - - -] Router c9ddd8f2-47e7-40cf-8c07-fe0f3cfd111f is bound to host instance
2026-07-01 02:03:03.132 10 INFO neutron.db.ovn_revision_numbers_db [None req-bd4cc6d5-be1f-4e4a-ae84-96df2e193245 983592d47736485292fb6a03e57b87ae e187e22e8ee143f79a5fcaaf3ee07dc1 - - default default] Successfully bumped revision number for resource 476f5389-32c9-440a-8fa3-3295587cad3c (type: router_ports) to 1
2026-07-01 02:03:03.230 10 INFO neutron.db.ovn_revision_numbers_db [None req-bd4cc6d5-be1f-4e4a-ae84-96df2e193245 983592d47736485292fb6a03e57b87ae e187e22e8ee143f79a5fcaaf3ee07dc1 - - default default] Successfully bumped revision number for resource c9ddd8f2-47e7-40cf-8c07-fe0f3cfd111f (type: routers) to 2
2026-07-01 02:03:03.266 10 INFO neutron.wsgi [None req-bd4cc6d5-be1f-4e4a-ae84-96df2e193245 983592d47736485292fb6a03e57b87ae e187e22e8ee143f79a5fcaaf3ee07dc1 - - default default] 10.0.0.206 "POST /v2.0/routers HTTP/1.1" status: 201 len: 1168 time: 1.7032464
2026-07-01 02:03:03.286 10 WARNING neutron_lib.context [None req-42dd312d-8f77-4f02-8d9e-d3fa9b8622bb acf7ae650d4240e89b8080ea859327a6 02083bcc1c5140eaaad72aae9672dbbd - - default default] Method 'is_advsvc' is deprecated since 2023.2 release (neutron-lib 3.8.0) and will be removed once support for the old RBAC API policies will be removed from Neutron. Please use method 'is_service_role' instead.
2026-07-01 02:03:03.409 10 INFO neutron.db.ovn_revision_numbers_db [None req-42dd312d-8f77-4f02-8d9e-d3fa9b8622bb acf7ae650d4240e89b8080ea859327a6 02083bcc1c5140eaaad72aae9672dbbd - - default default] Successfully bumped revision number for resource 75d25b5d-496b-4303-a51c-c106966580bf (type: security_groups) to 1
2026-07-01 02:03:03.428 10 INFO neutron.db.ovn_revision_numbers_db [None req-42dd312d-8f77-4f02-8d9e-d3fa9b8622bb acf7ae650d4240e89b8080ea859327a6 02083bcc1c5140eaaad72aae9672dbbd - - default default] Successfully bumped revision number for resource dbfe5970-9357-4aed-8a77-4d73d3df1508 (type: security_group_rules) to 0
2026-07-01 02:03:03.527 10 INFO neutron.db.ovn_revision_numbers_db [None req-42dd312d-8f77-4f02-8d9e-d3fa9b8622bb acf7ae650d4240e89b8080ea859327a6 02083bcc1c5140eaaad72aae9672dbbd - - default default] Successfully bumped revision number for resource fbe633c7-0473-4fc8-bcd5-7ecccd613257 (type: security_group_rules) to 0
2026-07-01 02:03:03.547 10 INFO neutron.wsgi [None req-42dd312d-8f77-4f02-8d9e-d3fa9b8622bb acf7ae650d4240e89b8080ea859327a6 02083bcc1c5140eaaad72aae9672dbbd - - default default] 10.0.0.206 "POST /v2.0/security-groups HTTP/1.1" status: 201 len: 1860 time: 0.2728322
2026-07-01 02:03:03.555 10 WARNING neutron_lib.context [None req-cc6886fe-5255-499e-97ae-8821bebc7b71 acf7ae650d4240e89b8080ea859327a6 02083bcc1c5140eaaad72aae9672dbbd - - default default] Method 'is_advsvc' is deprecated since 2023.2 release (neutron-lib 3.8.0) and will be removed once support for the old RBAC API policies will be removed from Neutron. Please use method 'is_service_role' instead.
2026-07-01 02:03:03.694 10 INFO neutron.db.ovn_revision_numbers_db [None req-cc6886fe-5255-499e-97ae-8821bebc7b71 acf7ae650d4240e89b8080ea859327a6 02083bcc1c5140eaaad72aae9672dbbd - - default default] Successfully bumped revision number for resource 1fa53bc7-c9ef-43b7-a449-78745e65b854 (type: security_group_rules) to 0
2026-07-01 02:03:03.722 10 INFO neutron.wsgi [None req-cc6886fe-5255-499e-97ae-8821bebc7b71 acf7ae650d4240e89b8080ea859327a6 02083bcc1c5140eaaad72aae9672dbbd - - default default] 10.0.0.206 "POST /v2.0/security-group-rules HTTP/1.1" status: 201 len: 796 time: 0.1702313
2026-07-01 02:03:03.730 10 WARNING neutron_lib.context [None req-e88c5431-d688-46b8-abc8-b7192b303fcf acf7ae650d4240e89b8080ea859327a6 02083bcc1c5140eaaad72aae9672dbbd - - default default] Method 'is_advsvc' is deprecated since 2023.2 release (neutron-lib 3.8.0) and will be removed once support for the old RBAC API policies will be removed from Neutron. Please use method 'is_service_role' instead.
2026-07-01 02:03:03.759 9 INFO neutron.wsgi [req-c70108aa-7fe8-4306-bf4d-97e89990b1a3 req-e6aa729b-e996-4e41-bd5f-31e11e6404c4 aa257cd6c60640b98ad0e70b11e8a1b1 d1cfae259bd5418c94967b3dd83586a3 - - default default] 10.0.0.89 "GET /v2.0/ports?device_id=b2f238c2-190b-4401-aaa7-43c5b52c6071 HTTP/1.1" status: 200 len: 1168 time: 0.2157059
2026-07-01 02:03:03.891 10 INFO neutron.db.ovn_revision_numbers_db [None req-e88c5431-d688-46b8-abc8-b7192b303fcf acf7ae650d4240e89b8080ea859327a6 02083bcc1c5140eaaad72aae9672dbbd - - default default] Successfully bumped revision number for resource 887df1a8-37a7-4a66-a927-ae6657dfb004 (type: security_group_rules) to 0
2026-07-01 02:03:03.915 10 INFO neutron.wsgi [None req-e88c5431-d688-46b8-abc8-b7192b303fcf acf7ae650d4240e89b8080ea859327a6 02083bcc1c5140eaaad72aae9672dbbd - - default default] 10.0.0.206 "POST /v2.0/security-group-rules HTTP/1.1" status: 201 len: 801 time: 0.1894176
2026-07-01 02:03:03.924 10 WARNING neutron_lib.context [None req-123eecc7-c072-41f6-9fe6-dde064ef8ad1 acf7ae650d4240e89b8080ea859327a6 02083bcc1c5140eaaad72aae9672dbbd - - default default] Method 'is_advsvc' is deprecated since 2023.2 release (neutron-lib 3.8.0) and will be removed once support for the old RBAC API policies will be removed from Neutron. Please use method 'is_service_role' instead.
2026-07-01 02:03:04.039 9 INFO neutron.wsgi [req-c70108aa-7fe8-4306-bf4d-97e89990b1a3 req-a4b8ec39-e8c3-419a-a19f-40786139e217 aa257cd6c60640b98ad0e70b11e8a1b1 d1cfae259bd5418c94967b3dd83586a3 - - default default] 10.0.0.89 "GET /v2.0/security-groups?id=8d595801-087a-4dbe-9b1d-ac87c679b2a0&fields=id&fields=name HTTP/1.1" status: 200 len: 312 time: 0.2734182
2026-07-01 02:03:04.050 10 INFO neutron.wsgi [req-43643947-a928-4976-a53c-2c75019d5b8c req-4aea6c68-df33-4bad-a79d-0c4e0b59710a 4b7d4bd54fe0412fb71ab0598c2b6b99 bfa5ea15010e4cb7b0dbc70acb0169ba - - default default] 10.0.0.89 "GET /v2.0/ports?device_id=991ea144-fc47-46a0-a002-c7e3db55c031 HTTP/1.1" status: 200 len: 1168 time: 0.1015091
2026-07-01 02:03:04.124 10 INFO neutron.wsgi [req-43643947-a928-4976-a53c-2c75019d5b8c req-a179c8d6-b66b-480c-8118-188402a33806 4b7d4bd54fe0412fb71ab0598c2b6b99 bfa5ea15010e4cb7b0dbc70acb0169ba - - default default] 10.0.0.89 "GET /v2.0/security-groups?id=1b909853-3800-4704-badd-f137174d0b6f&fields=id&fields=name HTTP/1.1" status: 200 len: 313 time: 0.0497601
2026-07-01 02:03:04.250 10 WARNING neutron.scheduler.dhcp_agent_scheduler [None req-123eecc7-c072-41f6-9fe6-dde064ef8ad1 acf7ae650d4240e89b8080ea859327a6 02083bcc1c5140eaaad72aae9672dbbd - - default default] No more DHCP agents
2026-07-01 02:03:04.258 10 WARNING neutron.api.rpc.agentnotifiers.dhcp_rpc_agent_api [None req-123eecc7-c072-41f6-9fe6-dde064ef8ad1 acf7ae650d4240e89b8080ea859327a6 02083bcc1c5140eaaad72aae9672dbbd - - default default] Unable to schedule network 16d5d515-d002-4683-9f77-84151eb8dc9f: no agents available; will retry on subsequent port and subnet creation events.
2026-07-01 02:03:04.347 9 WARNING neutron.scheduler.dhcp_agent_scheduler [None req-7499a3ed-f7ab-477c-86d1-df11dc3d91f8 983592d47736485292fb6a03e57b87ae e187e22e8ee143f79a5fcaaf3ee07dc1 - - default default] No more DHCP agents
2026-07-01 02:03:04.356 9 WARNING neutron.api.rpc.agentnotifiers.dhcp_rpc_agent_api [None req-7499a3ed-f7ab-477c-86d1-df11dc3d91f8 983592d47736485292fb6a03e57b87ae e187e22e8ee143f79a5fcaaf3ee07dc1 - - default default] Unable to schedule network 7d2a5387-c31b-4ca7-b4ad-4f1b7215d3fd: no agents available; will retry on subsequent port and subnet creation events.
2026-07-01 02:03:04.381 9 INFO neutron.db.ovn_revision_numbers_db [None req-364f37ba-bb2f-495f-9f4e-65da55c08a1f - - - - - -] Successfully bumped revision number for resource 476f5389-32c9-440a-8fa3-3295587cad3c (type: ports) to 1
2026-07-01 02:03:04.525 9 INFO neutron.db.ovn_revision_numbers_db [None req-7499a3ed-f7ab-477c-86d1-df11dc3d91f8 983592d47736485292fb6a03e57b87ae e187e22e8ee143f79a5fcaaf3ee07dc1 - - default default] Successfully bumped revision number for resource e51a835d-53d6-4598-b0fd-699184641c51 (type: ports) to 1
2026-07-01 02:03:04.571 10 INFO neutron.wsgi [None req-123eecc7-c072-41f6-9fe6-dde064ef8ad1 acf7ae650d4240e89b8080ea859327a6 02083bcc1c5140eaaad72aae9672dbbd - - default default] 10.0.0.206 "POST /v2.0/floatingips HTTP/1.1" status: 201 len: 751 time: 0.6515641
2026-07-01 02:03:04.819 10 WARNING neutron.plugins.ml2.drivers.ovn.mech_driver.ovsdb.ovn_client [None req-73ebf767-1868-48ed-b5e0-2cc563547756 - - - - - -] No hosting information found for port 86f55026-7d70-48b4-bd52-ffc6c4ca624f: RuntimeError: No hosting information found for port 86f55026-7d70-48b4-bd52-ffc6c4ca624f
2026-07-01 02:03:04.819 10 INFO neutron.plugins.ml2.drivers.ovn.mech_driver.mech_driver [None req-73ebf767-1868-48ed-b5e0-2cc563547756 - - - - - -] OVN reports status up for port: 13d138a6-a4ec-451f-aa5b-012c2a4cddb4
2026-07-01 02:03:04.835 10 INFO neutron.plugins.ml2.drivers.ovn.mech_driver.mech_driver [None req-73ebf767-1868-48ed-b5e0-2cc563547756 - - - - - -] OVN reports status up for port: 1705e7ff-d9d4-415b-9a65-276fdc30bc0a
2026-07-01 02:03:04.845 10 INFO neutron.plugins.ml2.plugin [None req-73ebf767-1868-48ed-b5e0-2cc563547756 - - - - - -] Attempt 1 to provision port 1705e7ff-d9d4-415b-9a65-276fdc30bc0a
2026-07-01 02:03:04.967 9 INFO neutron.db.ovn_revision_numbers_db [None req-364f37ba-bb2f-495f-9f4e-65da55c08a1f - - - - - -] Successfully bumped revision number for resource 476f5389-32c9-440a-8fa3-3295587cad3c (type: router_ports) to 3
2026-07-01 02:03:05.084 9 INFO neutron.wsgi [req-8370c012-b7d4-47de-aaf1-c00fbd0f4cf3 req-ead4116f-fb68-4311-be58-fc9a34241e0a acf7ae650d4240e89b8080ea859327a6 02083bcc1c5140eaaad72aae9672dbbd - - default default] 10.0.0.89 "GET /v2.0/security-groups?name=tempest-securitygroup--746167386&fields=id&tenant_id=02083bcc1c5140eaaad72aae9672dbbd HTTP/1.1" status: 200 len: 267 time: 0.1057467
2026-07-01 02:03:05.210 10 INFO neutron.db.ovn_revision_numbers_db [None req-73ebf767-1868-48ed-b5e0-2cc563547756 - - - - - -] Successfully bumped revision number for resource 1705e7ff-d9d4-415b-9a65-276fdc30bc0a (type: ports) to 4
2026-07-01 02:03:05.221 9 INFO neutron.wsgi [req-8370c012-b7d4-47de-aaf1-c00fbd0f4cf3 req-78db8882-ef7f-4b25-b869-56ad4415e68a acf7ae650d4240e89b8080ea859327a6 02083bcc1c5140eaaad72aae9672dbbd - - default default] 10.0.0.89 "GET /v2.0/networks?id=b3242997-0680-401c-a6bf-f6800345b7ce HTTP/1.1" status: 200 len: 868 time: 0.1277244
2026-07-01 02:03:05.265 9 INFO neutron.wsgi [req-8370c012-b7d4-47de-aaf1-c00fbd0f4cf3 req-a832b826-2eed-4271-b0ce-cd36ae9dedb6 acf7ae650d4240e89b8080ea859327a6 02083bcc1c5140eaaad72aae9672dbbd - - default default] 10.0.0.89 "GET /v2.0/quotas/02083bcc1c5140eaaad72aae9672dbbd HTTP/1.1" status: 200 len: 491 time: 0.0288439
2026-07-01 02:03:05.266 10 INFO neutron.plugins.ml2.drivers.ovn.mech_driver.mech_driver [None req-73ebf767-1868-48ed-b5e0-2cc563547756 - - - - - -] OVN reports status up for port: b2da5fab-8d75-436e-a467-5c5c9f19a1a0
2026-07-01 02:03:05.288 10 INFO neutron.wsgi [req-dfc4f55e-cdf6-40a9-a477-f5f94320924e req-1b01ef9d-7676-4802-b00d-3e4db85bd0db aa257cd6c60640b98ad0e70b11e8a1b1 d1cfae259bd5418c94967b3dd83586a3 - - default default] 10.0.0.89 "GET /v2.0/ports?device_id=b2f238c2-190b-4401-aaa7-43c5b52c6071 HTTP/1.1" status: 200 len: 1170 time: 0.1615987
2026-07-01 02:03:05.289 10 INFO neutron.plugins.ml2.plugin [None req-73ebf767-1868-48ed-b5e0-2cc563547756 - - - - - -] Attempt 1 to provision port b2da5fab-8d75-436e-a467-5c5c9f19a1a0 /var/lib/openstack/lib/python3.10/site-packages/pycadf/identifier.py:71: UserWarning: Invalid uuid: neutron. To ensure interoperability, identifiers should be a valid uuid. warnings.warn(('Invalid uuid: %s. To ensure interoperability, '
2026-07-01 02:03:05.350 10 INFO neutron.wsgi [req-dfc4f55e-cdf6-40a9-a477-f5f94320924e req-bdd1f3c9-e98f-46e5-9959-703eb58f173d aa257cd6c60640b98ad0e70b11e8a1b1 d1cfae259bd5418c94967b3dd83586a3 - - default default] 10.0.0.89 "GET /v2.0/security-groups?id=8d595801-087a-4dbe-9b1d-ac87c679b2a0&fields=id&fields=name HTTP/1.1" status: 200 len: 312 time: 0.0449543
2026-07-01 02:03:05.482 10 INFO neutron.wsgi [req-40dc7b3b-ac38-420d-9fbf-881bf754e4d8 req-a3b51b45-9d4f-475c-9f66-101b1db0dc1f 4b7d4bd54fe0412fb71ab0598c2b6b99 bfa5ea15010e4cb7b0dbc70acb0169ba - - default default] 10.0.0.89 "GET /v2.0/ports?device_id=991ea144-fc47-46a0-a002-c7e3db55c031 HTTP/1.1" status: 200 len: 1168 time: 0.0473824
2026-07-01 02:03:05.491 9 ERROR ovsdbapp.backend.ovs_idl.command [None req-7499a3ed-f7ab-477c-86d1-df11dc3d91f8 983592d47736485292fb6a03e57b87ae e187e22e8ee143f79a5fcaaf3ee07dc1 - - default default] Error executing command (DbGetCommand): ovsdbapp.backend.ovs_idl.idlutils.RowNotFound: Cannot find Logical_Router_Port with name=lrp-e51a835d-53d6-4598-b0fd-699184641c51
2026-07-01 02:03:05.491 9 ERROR ovsdbapp.backend.ovs_idl.command
Traceback (most recent call last):
2026-07-01 02:03:05.491 9 ERROR ovsdbapp.backend.ovs_idl.command
File "/var/lib/openstack/lib/python3.10/site-packages/ovsdbapp/backend/ovs_idl/command.py", line 47, in execute
2026-07-01 02:03:05.491 9 ERROR ovsdbapp.backend.ovs_idl.command self.run_idl(None)
2026-07-01 02:03:05.491 9 ERROR ovsdbapp.backend.ovs_idl.command
File "/var/lib/openstack/lib/python3.10/site-packages/ovsdbapp/backend/ovs_idl/command.py", line 235, in run_idl
2026-07-01 02:03:05.491 9 ERROR ovsdbapp.backend.ovs_idl.command record = self.api.lookup(self.table, self.record)
2026-07-01 02:03:05.491 9 ERROR ovsdbapp.backend.ovs_idl.command
File "/var/lib/openstack/lib/python3.10/site-packages/ovsdbapp/backend/ovs_idl/__init__.py", line 184, in lookup
2026-07-01 02:03:05.491 9 ERROR ovsdbapp.backend.ovs_idl.command return self._lookup(table, record)
2026-07-01 02:03:05.491 9 ERROR ovsdbapp.backend.ovs_idl.command
File "/var/lib/openstack/lib/python3.10/site-packages/ovsdbapp/backend/ovs_idl/__init__.py", line 235, in _lookup
