2026-07-01 02:01:43.279 10 INFO neutron.wsgi [None req-9c62f473-45ff-4a34-9e6f-542f34473c83 983592d47736485292fb6a03e57b87ae e187e22e8ee143f79a5fcaaf3ee07dc1 - - default default] 199.204.45.235,10.0.0.245 "GET /v2.0/networks?name=public HTTP/1.1" status: 200 len: 928 time: 0.1184433
2026-07-01 02:01:52.066 9 INFO neutron.wsgi [-] 10.0.0.245 "GET / HTTP/1.1" status: 200 len: 247 time: 0.0016630
2026-07-01 02:01:52.067 10 INFO neutron.wsgi [-] 10.0.0.245 "GET / HTTP/1.1" status: 200 len: 247 time: 0.0029559
2026-07-01 02:02:07.066 9 INFO neutron.wsgi [-] 10.0.0.245 "GET / HTTP/1.1" status: 200 len: 247 time: 0.0023558
2026-07-01 02:02:07.066 10 INFO neutron.wsgi [-] 10.0.0.245 "GET / HTTP/1.1" status: 200 len: 247 time: 0.0023217
2026-07-01 02:02:22.066 10 INFO neutron.wsgi [-] 10.0.0.245 "GET / HTTP/1.1" status: 200 len: 247 time: 0.0018320
2026-07-01 02:02:22.067 9 INFO neutron.wsgi [-] 10.0.0.245 "GET / HTTP/1.1" status: 200 len: 247 time: 0.0027280
2026-07-01 02:02:22.753 10 INFO neutron.wsgi [None req-32b3e7d3-f390-486e-8d90-5e21fdf985fe 983592d47736485292fb6a03e57b87ae e187e22e8ee143f79a5fcaaf3ee07dc1 - - default default] 10.0.0.206 "GET /v2.0/networks HTTP/1.1" status: 200 len: 2369 time: 0.2359731
2026-07-01 02:02:23.880 10 INFO neutron.wsgi [None req-5b8b1b6d-229c-4ec7-8ab7-cc96d8187b45 983592d47736485292fb6a03e57b87ae e187e22e8ee143f79a5fcaaf3ee07dc1 - - default default] 10.0.0.206 "GET /v2.0/floatingips HTTP/1.1" status: 200 len: 212 time: 0.0254452
2026-07-01 02:02:23.923 9 INFO neutron.wsgi [None req-dfb4a521-2931-4ede-b16e-a27da0310a21 983592d47736485292fb6a03e57b87ae e187e22e8ee143f79a5fcaaf3ee07dc1 - - default default] 10.0.0.206 "GET /v2.0/routers HTTP/1.1" status: 200 len: 208 time: 0.0387349
2026-07-01 02:02:23.985 9 INFO neutron.wsgi [None req-3b1fb772-6347-44c5-a369-611f420121c6 983592d47736485292fb6a03e57b87ae e187e22e8ee143f79a5fcaaf3ee07dc1 - - default default] 10.0.0.206 "GET /v2.0/ports HTTP/1.1" status: 200 len: 5366 time: 0.0582812
2026-07-01 02:02:24.036 9 INFO neutron.wsgi [None req-14700b36-400a-4333-9cf9-dafdb78588a5 983592d47736485292fb6a03e57b87ae e187e22e8ee143f79a5fcaaf3ee07dc1 - - default default] 10.0.0.206 "GET /v2.0/subnets HTTP/1.1" status: 200 len: 1456 time: 0.0462623
2026-07-01 02:02:24.128 9 INFO neutron.wsgi [None req-c63af7da-1d24-4c9d-b5d7-10102aa5444e 983592d47736485292fb6a03e57b87ae e187e22e8ee143f79a5fcaaf3ee07dc1 - - default default] 10.0.0.206 "GET /v2.0/networks HTTP/1.1" status: 200 len: 2369 time: 0.0863957
2026-07-01 02:02:24.182 9 INFO neutron.wsgi [None req-0bc55e36-1387-4821-9ee1-9b46d540f524 983592d47736485292fb6a03e57b87ae e187e22e8ee143f79a5fcaaf3ee07dc1 - - default default] 10.0.0.206 "GET /v2.0/security-groups HTTP/1.1" status: 200 len: 17593 time: 0.0491099
2026-07-01 02:02:24.208 10 INFO neutron.wsgi [None req-1e1ce855-59e0-4108-84ab-2306733b4e33 983592d47736485292fb6a03e57b87ae e187e22e8ee143f79a5fcaaf3ee07dc1 - - default default] 10.0.0.206 "GET /v2.0/subnetpools HTTP/1.1" status: 200 len: 212 time: 0.0133266
2026-07-01 02:02:34.550 10 INFO neutron.wsgi [None req-dbc535ea-b857-4e39-8ecd-c3f9e0df8b11 983592d47736485292fb6a03e57b87ae e187e22e8ee143f79a5fcaaf3ee07dc1 - - default default] 10.0.0.90 "GET /v2.0/ports HTTP/1.1" status: 200 len: 5347 time: 0.1475039
2026-07-01 02:02:34.568 10 INFO neutron.wsgi [None req-25208f8e-ba6a-4554-9f06-0243793f54a7 983592d47736485292fb6a03e57b87ae e187e22e8ee143f79a5fcaaf3ee07dc1 - - default default] 10.0.0.90 "GET /v2.0/network-ip-availabilities HTTP/1.1" status: 200 len: 1280 time: 0.0137160
2026-07-01 02:02:34.604 10 INFO neutron.wsgi [None req-b1b313bf-8269-4c02-89a2-413ea5abdd30 983592d47736485292fb6a03e57b87ae e187e22e8ee143f79a5fcaaf3ee07dc1 - - default default] 10.0.0.90 "GET /v2.0/floatingips HTTP/1.1" status: 200 len: 193 time: 0.0327082
2026-07-01 02:02:34.625 10 INFO neutron.wsgi [None req-3b9c9cfa-2c82-4647-8193-95c3ecf2b05b 983592d47736485292fb6a03e57b87ae e187e22e8ee143f79a5fcaaf3ee07dc1 - - default default] 10.0.0.90 "GET /v2.0/routers HTTP/1.1" status: 200 len: 189 time: 0.0201998
2026-07-01 02:02:34.664 10 INFO neutron.wsgi [None req-91ab9d89-ca48-4efb-ad87-b90ce0c622af 983592d47736485292fb6a03e57b87ae e187e22e8ee143f79a5fcaaf3ee07dc1 - - default default] 10.0.0.90 "GET /v2.0/agents?binary=ovn-controller HTTP/1.1" status: 200 len: 591 time: 0.0382340
2026-07-01 02:02:34.737 10 INFO neutron.wsgi [None req-53a4e226-0a78-4420-bd6b-4955d09cd7d6 983592d47736485292fb6a03e57b87ae e187e22e8ee143f79a5fcaaf3ee07dc1 - - default default] 10.0.0.90 "GET /v2.0/networks HTTP/1.1" status: 200 len: 2350 time: 0.0677183
2026-07-01 02:02:34.766 10 INFO neutron.wsgi [None req-01beed56-3488-434f-bb53-8e4fb57d5b3b 983592d47736485292fb6a03e57b87ae e187e22e8ee143f79a5fcaaf3ee07dc1 - - default default] 10.0.0.90 "GET /v2.0/subnets HTTP/1.1" status: 200 len: 1437 time: 0.0272951
2026-07-01 02:02:34.774 10 INFO neutron.wsgi [None req-35458ec6-8c6d-4504-a256-fa4fc909e200 983592d47736485292fb6a03e57b87ae e187e22e8ee143f79a5fcaaf3ee07dc1 - - default default] 10.0.0.90 "GET /v2.0/subnetpools HTTP/1.1" status: 200 len: 193 time: 0.0076849
2026-07-01 02:02:34.787 10 INFO neutron.wsgi [None req-92100ac0-e6f9-43b8-8902-c4e04799b957 983592d47736485292fb6a03e57b87ae e187e22e8ee143f79a5fcaaf3ee07dc1 - - default default] 10.0.0.90 "GET /v2.0/agents HTTP/1.1" status: 200 len: 1390 time: 0.0117118
2026-07-01 02:02:34.838 10 INFO neutron.wsgi [None req-0ec94cc8-e1f7-4f31-a934-349f31e7ef2f 983592d47736485292fb6a03e57b87ae e187e22e8ee143f79a5fcaaf3ee07dc1 - - default default] 10.0.0.90 "GET /v2.0/security-groups HTTP/1.1" status: 200 len: 17574 time: 0.0499578
2026-07-01 02:02:34.875 10 INFO neutron.wsgi [None req-d266995b-db0c-4313-95d9-4be38040b677 983592d47736485292fb6a03e57b87ae e187e22e8ee143f79a5fcaaf3ee07dc1 - - default default] 10.0.0.90 "GET /v2.0/subnets HTTP/1.1" status: 200 len: 1437 time: 0.0321171
2026-07-01 02:02:35.451 10 INFO neutron.db.ovn_revision_numbers_db [None req-ac9fa119-77a0-453f-9d17-2c247f21282f 983592d47736485292fb6a03e57b87ae e187e22e8ee143f79a5fcaaf3ee07dc1 - - default default] Successfully bumped revision number for resource 164328a5-1b85-4e32-821f-3e3a199528a2 (type: security_groups) to 1
2026-07-01 02:02:35.470 10 INFO neutron.db.ovn_revision_numbers_db [None req-ac9fa119-77a0-453f-9d17-2c247f21282f 983592d47736485292fb6a03e57b87ae e187e22e8ee143f79a5fcaaf3ee07dc1 - - default default] Successfully bumped revision number for resource 59b3a6b9-aeb9-4841-b616-fdca392191f9 (type: security_group_rules) to 0
2026-07-01 02:02:35.486 10 INFO neutron.db.ovn_revision_numbers_db [None req-ac9fa119-77a0-453f-9d17-2c247f21282f 983592d47736485292fb6a03e57b87ae e187e22e8ee143f79a5fcaaf3ee07dc1 - - default default] Successfully bumped revision number for resource 625ad02d-4c82-4d1c-a455-60b66c5acf1c (type: security_group_rules) to 0
2026-07-01 02:02:35.499 10 INFO neutron.db.ovn_revision_numbers_db [None req-2bb8b30a-6e09-42b4-9f33-1ef51bd57650 983592d47736485292fb6a03e57b87ae e187e22e8ee143f79a5fcaaf3ee07dc1 - - default default] Successfully bumped revision number for resource a532bd26-7b7f-4fbb-a323-70c4ba3c091b (type: security_groups) to 1
2026-07-01 02:02:35.502 10 INFO neutron.db.ovn_revision_numbers_db [None req-ac9fa119-77a0-453f-9d17-2c247f21282f 983592d47736485292fb6a03e57b87ae e187e22e8ee143f79a5fcaaf3ee07dc1 - - default default] Successfully bumped revision number for resource 7eb7f8c1-b35f-45d5-bc41-2ac2f6890191 (type: security_group_rules) to 0
2026-07-01 02:02:35.520 10 INFO neutron.db.ovn_revision_numbers_db [None req-2bb8b30a-6e09-42b4-9f33-1ef51bd57650 983592d47736485292fb6a03e57b87ae e187e22e8ee143f79a5fcaaf3ee07dc1 - - default default] Successfully bumped revision number for resource 702e4309-9a76-43a2-9a83-aa02449aa46e (type: security_group_rules) to 0
2026-07-01 02:02:35.522 10 INFO neutron.db.ovn_revision_numbers_db [None req-ac9fa119-77a0-453f-9d17-2c247f21282f 983592d47736485292fb6a03e57b87ae e187e22e8ee143f79a5fcaaf3ee07dc1 - - default default] Successfully bumped revision number for resource ad322445-cfe0-4809-ba66-9837acad61bf (type: security_group_rules) to 0
2026-07-01 02:02:35.546 10 INFO neutron.db.ovn_revision_numbers_db [None req-2bb8b30a-6e09-42b4-9f33-1ef51bd57650 983592d47736485292fb6a03e57b87ae e187e22e8ee143f79a5fcaaf3ee07dc1 - - default default] Successfully bumped revision number for resource aff40a3e-578b-4e97-bf88-3eb516018d29 (type: security_group_rules) to 0
2026-07-01 02:02:35.571 10 INFO neutron.db.ovn_revision_numbers_db [None req-2bb8b30a-6e09-42b4-9f33-1ef51bd57650 983592d47736485292fb6a03e57b87ae e187e22e8ee143f79a5fcaaf3ee07dc1 - - default default] Successfully bumped revision number for resource d4d5658c-4184-4373-9c26-553f7ad58ec6 (type: security_group_rules) to 0
2026-07-01 02:02:35.586 9 INFO neutron.db.ovn_revision_numbers_db [None req-d31e42cf-10aa-48a2-8d7d-5514e1ec3191 983592d47736485292fb6a03e57b87ae e187e22e8ee143f79a5fcaaf3ee07dc1 - - default default] Successfully bumped revision number for resource 2e130d60-ff5d-4734-b034-ae10474970b7 (type: security_groups) to 1
2026-07-01 02:02:35.589 10 INFO neutron.db.segments_db [None req-ac9fa119-77a0-453f-9d17-2c247f21282f 983592d47736485292fb6a03e57b87ae e187e22e8ee143f79a5fcaaf3ee07dc1 - - default default] Added segment 8368f79a-d6b3-4555-a867-342a29bfda66 of type geneve for network ff0dbf3a-f89e-4377-87a3-096fc6664c68
2026-07-01 02:02:35.597 10 INFO neutron.db.ovn_revision_numbers_db [None req-2bb8b30a-6e09-42b4-9f33-1ef51bd57650 983592d47736485292fb6a03e57b87ae e187e22e8ee143f79a5fcaaf3ee07dc1 - - default default] Successfully bumped revision number for resource ff05dbf6-801b-4bf7-8b2e-6544aa36ed33 (type: security_group_rules) to 0
2026-07-01 02:02:35.599 9 INFO neutron.db.ovn_revision_numbers_db [None req-d31e42cf-10aa-48a2-8d7d-5514e1ec3191 983592d47736485292fb6a03e57b87ae e187e22e8ee143f79a5fcaaf3ee07dc1 - - default default] Successfully bumped revision number for resource 3380192d-9587-45e5-a7ac-2b8e093a71b1 (type: security_group_rules) to 0
2026-07-01 02:02:35.609 9 INFO neutron.db.ovn_revision_numbers_db [None req-d31e42cf-10aa-48a2-8d7d-5514e1ec3191 983592d47736485292fb6a03e57b87ae e187e22e8ee143f79a5fcaaf3ee07dc1 - - default default] Successfully bumped revision number for resource 5ef39055-ec27-48e5-91d4-c2e8f1ed9b93 (type: security_group_rules) to 0
2026-07-01 02:02:35.620 9 INFO neutron.db.ovn_revision_numbers_db [None req-d31e42cf-10aa-48a2-8d7d-5514e1ec3191 983592d47736485292fb6a03e57b87ae e187e22e8ee143f79a5fcaaf3ee07dc1 - - default default] Successfully bumped revision number for resource 8656e226-f222-4e6e-9fc4-39c3427f4d83 (type: security_group_rules) to 0
2026-07-01 02:02:35.630 9 INFO neutron.db.ovn_revision_numbers_db [None req-d31e42cf-10aa-48a2-8d7d-5514e1ec3191 983592d47736485292fb6a03e57b87ae e187e22e8ee143f79a5fcaaf3ee07dc1 - - default default] Successfully bumped revision number for resource cd882ceb-d660-4e90-8b6b-289c49c38888 (type: security_group_rules) to 0
2026-07-01 02:02:35.659 10 INFO neutron.db.segments_db [None req-2bb8b30a-6e09-42b4-9f33-1ef51bd57650 983592d47736485292fb6a03e57b87ae e187e22e8ee143f79a5fcaaf3ee07dc1 - - default default] Added segment 4ab6b9a1-786e-414a-a45a-92b383d7fbb5 of type geneve for network 62bf56fe-6faa-4813-9c61-9806080123bb
2026-07-01 02:02:35.680 9 INFO neutron.db.segments_db [None req-d31e42cf-10aa-48a2-8d7d-5514e1ec3191 983592d47736485292fb6a03e57b87ae e187e22e8ee143f79a5fcaaf3ee07dc1 - - default default] Added segment e5fb9e53-de70-45db-b220-a223bd5eaddc of type geneve for network 796d6367-96b2-462c-a9af-48f1cadc0215
2026-07-01 02:02:35.824 9 INFO neutron.db.ovn_revision_numbers_db [None req-d31e42cf-10aa-48a2-8d7d-5514e1ec3191 983592d47736485292fb6a03e57b87ae e187e22e8ee143f79a5fcaaf3ee07dc1 - - default default] Successfully bumped revision number for resource 796d6367-96b2-462c-a9af-48f1cadc0215 (type: networks) to 1
2026-07-01 02:02:35.828 10 INFO neutron.db.ovn_revision_numbers_db [None req-ac9fa119-77a0-453f-9d17-2c247f21282f 983592d47736485292fb6a03e57b87ae e187e22e8ee143f79a5fcaaf3ee07dc1 - - default default] Successfully bumped revision number for resource ff0dbf3a-f89e-4377-87a3-096fc6664c68 (type: networks) to 1
2026-07-01 02:02:35.837 10 INFO neutron.db.ovn_revision_numbers_db [None req-2bb8b30a-6e09-42b4-9f33-1ef51bd57650 983592d47736485292fb6a03e57b87ae e187e22e8ee143f79a5fcaaf3ee07dc1 - - default default] Successfully bumped revision number for resource 62bf56fe-6faa-4813-9c61-9806080123bb (type: networks) to 1
2026-07-01 02:02:36.006 9 WARNING neutron.scheduler.dhcp_agent_scheduler [None req-d31e42cf-10aa-48a2-8d7d-5514e1ec3191 983592d47736485292fb6a03e57b87ae e187e22e8ee143f79a5fcaaf3ee07dc1 - - default default] No more DHCP agents
2026-07-01 02:02:36.009 9 WARNING neutron.api.rpc.agentnotifiers.dhcp_rpc_agent_api [None req-d31e42cf-10aa-48a2-8d7d-5514e1ec3191 983592d47736485292fb6a03e57b87ae e187e22e8ee143f79a5fcaaf3ee07dc1 - - default default] Unable to schedule network 796d6367-96b2-462c-a9af-48f1cadc0215: no agents available; will retry on subsequent port and subnet creation events.
2026-07-01 02:02:36.030 10 WARNING neutron.scheduler.dhcp_agent_scheduler [None req-ac9fa119-77a0-453f-9d17-2c247f21282f 983592d47736485292fb6a03e57b87ae e187e22e8ee143f79a5fcaaf3ee07dc1 - - default default] No more DHCP agents
2026-07-01 02:02:36.035 10 WARNING neutron.api.rpc.agentnotifiers.dhcp_rpc_agent_api [None req-ac9fa119-77a0-453f-9d17-2c247f21282f 983592d47736485292fb6a03e57b87ae e187e22e8ee143f79a5fcaaf3ee07dc1 - - default default] Unable to schedule network ff0dbf3a-f89e-4377-87a3-096fc6664c68: no agents available; will retry on subsequent port and subnet creation events.
2026-07-01 02:02:36.036 10 WARNING neutron.scheduler.dhcp_agent_scheduler [None req-2bb8b30a-6e09-42b4-9f33-1ef51bd57650 983592d47736485292fb6a03e57b87ae e187e22e8ee143f79a5fcaaf3ee07dc1 - - default default] No more DHCP agents
2026-07-01 02:02:36.039 10 WARNING neutron.api.rpc.agentnotifiers.dhcp_rpc_agent_api [None req-2bb8b30a-6e09-42b4-9f33-1ef51bd57650 983592d47736485292fb6a03e57b87ae e187e22e8ee143f79a5fcaaf3ee07dc1 - - default default] Unable to schedule network 62bf56fe-6faa-4813-9c61-9806080123bb: no agents available; will retry on subsequent port and subnet creation events.
2026-07-01 02:02:36.184 9 INFO neutron.db.ovn_revision_numbers_db [None req-d31e42cf-10aa-48a2-8d7d-5514e1ec3191 983592d47736485292fb6a03e57b87ae e187e22e8ee143f79a5fcaaf3ee07dc1 - - default default] Successfully bumped revision number for resource b8bba7e0-65d0-4ff8-84d6-a6521bd80216 (type: ports) to 1
2026-07-01 02:02:36.214 9 INFO neutron.wsgi [None req-d31e42cf-10aa-48a2-8d7d-5514e1ec3191 983592d47736485292fb6a03e57b87ae e187e22e8ee143f79a5fcaaf3ee07dc1 - - default default] 10.0.0.206 "POST /v2.0/networks HTTP/1.1" status: 201 len: 947 time: 0.8054509
2026-07-01 02:02:36.277 10 INFO neutron.db.ovn_revision_numbers_db [None req-ac9fa119-77a0-453f-9d17-2c247f21282f 983592d47736485292fb6a03e57b87ae e187e22e8ee143f79a5fcaaf3ee07dc1 - - default default] Successfully bumped revision number for resource a2eef231-4e6c-4fe3-9ce2-d58f9e1befef (type: ports) to 1
2026-07-01 02:02:36.294 10 INFO neutron.db.ovn_revision_numbers_db [None req-2bb8b30a-6e09-42b4-9f33-1ef51bd57650 983592d47736485292fb6a03e57b87ae e187e22e8ee143f79a5fcaaf3ee07dc1 - - default default] Successfully bumped revision number for resource 7f007a52-adbb-487f-a655-6e4f736ef544 (type: ports) to 1
2026-07-01 02:02:36.310 10 INFO neutron.wsgi [None req-ac9fa119-77a0-453f-9d17-2c247f21282f 983592d47736485292fb6a03e57b87ae e187e22e8ee143f79a5fcaaf3ee07dc1 - - default default] 10.0.0.206 "POST /v2.0/networks HTTP/1.1" status: 201 len: 946 time: 1.2590177
2026-07-01 02:02:36.318 9 INFO neutron.db.ovn_revision_numbers_db [None req-c3603f4c-fdbd-45b7-a763-7cabe12fa8fb 983592d47736485292fb6a03e57b87ae e187e22e8ee143f79a5fcaaf3ee07dc1 - - default default] Successfully bumped revision number for resource 70bdc7b5-390a-4452-8226-c49113cfafd0 (type: security_groups) to 1
2026-07-01 02:02:36.331 10 INFO neutron.wsgi [None req-2bb8b30a-6e09-42b4-9f33-1ef51bd57650 983592d47736485292fb6a03e57b87ae e187e22e8ee143f79a5fcaaf3ee07dc1 - - default default] 10.0.0.206 "POST /v2.0/networks HTTP/1.1" status: 201 len: 954 time: 1.2665684
2026-07-01 02:02:36.336 9 INFO neutron.db.ovn_revision_numbers_db [None req-c3603f4c-fdbd-45b7-a763-7cabe12fa8fb 983592d47736485292fb6a03e57b87ae e187e22e8ee143f79a5fcaaf3ee07dc1 - - default default] Successfully bumped revision number for resource 9bb3914d-45de-42b5-a7e1-ecf548041fe6 (type: security_group_rules) to 0
2026-07-01 02:02:36.363 9 INFO neutron.db.ovn_revision_numbers_db [None req-c3603f4c-fdbd-45b7-a763-7cabe12fa8fb 983592d47736485292fb6a03e57b87ae e187e22e8ee143f79a5fcaaf3ee07dc1 - - default default] Successfully bumped revision number for resource ad130417-60df-457f-bece-d4b35ae4509a (type: security_group_rules) to 0
2026-07-01 02:02:36.386 9 INFO neutron.db.ovn_revision_numbers_db [None req-c3603f4c-fdbd-45b7-a763-7cabe12fa8fb 983592d47736485292fb6a03e57b87ae e187e22e8ee143f79a5fcaaf3ee07dc1 - - default default] Successfully bumped revision number for resource e1a079d0-1748-4c83-be8a-e411c9ef0ddd (type: security_group_rules) to 0
2026-07-01 02:02:36.411 9 INFO neutron.db.ovn_revision_numbers_db [None req-c3603f4c-fdbd-45b7-a763-7cabe12fa8fb 983592d47736485292fb6a03e57b87ae e187e22e8ee143f79a5fcaaf3ee07dc1 - - default default] Successfully bumped revision number for resource f8cdf927-1418-4944-958d-ab36bf98b88e (type: security_group_rules) to 0
2026-07-01 02:02:36.445 9 WARNING neutron.scheduler.dhcp_agent_scheduler [None req-fe649935-d7e8-464c-855d-8e7e60b4fa10 983592d47736485292fb6a03e57b87ae e187e22e8ee143f79a5fcaaf3ee07dc1 - - default default] No more DHCP agents
2026-07-01 02:02:36.448 9 INFO neutron.wsgi [None req-c3603f4c-fdbd-45b7-a763-7cabe12fa8fb 983592d47736485292fb6a03e57b87ae e187e22e8ee143f79a5fcaaf3ee07dc1 - - default default] 10.0.0.206 "GET /v2.0/security-groups?tenant_id=014fc3999adc4563bff597c91abab87a&name=default HTTP/1.1" status: 200 len: 3116 time: 0.4357586
2026-07-01 02:02:36.450 9 WARNING neutron.api.rpc.agentnotifiers.dhcp_rpc_agent_api [None req-fe649935-d7e8-464c-855d-8e7e60b4fa10 983592d47736485292fb6a03e57b87ae e187e22e8ee143f79a5fcaaf3ee07dc1 - - default default] Unable to schedule network 796d6367-96b2-462c-a9af-48f1cadc0215: no agents available; will retry on subsequent port and subnet creation events.
2026-07-01 02:02:36.577 10 WARNING neutron.scheduler.dhcp_agent_scheduler [None req-aa39b279-5355-47ab-9936-dc365a26b3d7 983592d47736485292fb6a03e57b87ae e187e22e8ee143f79a5fcaaf3ee07dc1 - - default default] No more DHCP agents
2026-07-01 02:02:36.580 10 WARNING neutron.api.rpc.agentnotifiers.dhcp_rpc_agent_api [None req-aa39b279-5355-47ab-9936-dc365a26b3d7 983592d47736485292fb6a03e57b87ae e187e22e8ee143f79a5fcaaf3ee07dc1 - - default default] Unable to schedule network ff0dbf3a-f89e-4377-87a3-096fc6664c68: no agents available; will retry on subsequent port and subnet creation events.
2026-07-01 02:02:36.586 10 WARNING neutron.scheduler.dhcp_agent_scheduler [None req-2910e099-e7a5-475b-b7af-587cfcc9a2f5 983592d47736485292fb6a03e57b87ae e187e22e8ee143f79a5fcaaf3ee07dc1 - - default default] No more DHCP agents
2026-07-01 02:02:36.603 10 WARNING neutron.api.rpc.agentnotifiers.dhcp_rpc_agent_api [None req-2910e099-e7a5-475b-b7af-587cfcc9a2f5 983592d47736485292fb6a03e57b87ae e187e22e8ee143f79a5fcaaf3ee07dc1 - - default default] Unable to schedule network 62bf56fe-6faa-4813-9c61-9806080123bb: no agents available; will retry on subsequent port and subnet creation events.
2026-07-01 02:02:36.917 10 INFO neutron.wsgi [None req-961c5ffa-0ad4-4362-9d3a-046e20144f39 983592d47736485292fb6a03e57b87ae e187e22e8ee143f79a5fcaaf3ee07dc1 - - default default] 10.0.0.206 "DELETE /v2.0/security-groups/70bdc7b5-390a-4452-8226-c49113cfafd0 HTTP/1.1" status: 204 len: 168 time: 0.4630301
2026-07-01 02:02:36.979 9 INFO neutron.db.ovn_revision_numbers_db [None req-fe649935-d7e8-464c-855d-8e7e60b4fa10 983592d47736485292fb6a03e57b87ae e187e22e8ee143f79a5fcaaf3ee07dc1 - - default default] Successfully bumped revision number for resource b8bba7e0-65d0-4ff8-84d6-a6521bd80216 (type: ports) to 2
2026-07-01 02:02:37.034 9 INFO neutron.db.ovn_revision_numbers_db [None req-fe649935-d7e8-464c-855d-8e7e60b4fa10 983592d47736485292fb6a03e57b87ae e187e22e8ee143f79a5fcaaf3ee07dc1 - - default default] Successfully bumped revision number for resource 510ee5dc-2589-44c7-8e16-629d87b9251a (type: subnets) to 0
2026-07-01 02:02:37.060 9 INFO neutron.wsgi [None req-fe649935-d7e8-464c-855d-8e7e60b4fa10 983592d47736485292fb6a03e57b87ae e187e22e8ee143f79a5fcaaf3ee07dc1 - - default default] 10.0.0.206 "POST /v2.0/subnets HTTP/1.1" status: 201 len: 867 time: 0.8403895
2026-07-01 02:02:37.066 9 INFO neutron.wsgi [-] 10.0.0.245 "GET / HTTP/1.1" status: 200 len: 247 time: 0.0017045
2026-07-01 02:02:37.068 9 INFO neutron.wsgi [-] 10.0.0.245 "GET / HTTP/1.1" status: 200 len: 247 time: 0.0012548
2026-07-01 02:02:37.421 10 INFO neutron.db.ovn_revision_numbers_db [None req-aa39b279-5355-47ab-9936-dc365a26b3d7 983592d47736485292fb6a03e57b87ae e187e22e8ee143f79a5fcaaf3ee07dc1 - - default default] Successfully bumped revision number for resource a2eef231-4e6c-4fe3-9ce2-d58f9e1befef (type: ports) to 2
2026-07-01 02:02:37.435 10 INFO neutron.db.ovn_revision_numbers_db [None req-2910e099-e7a5-475b-b7af-587cfcc9a2f5 983592d47736485292fb6a03e57b87ae e187e22e8ee143f79a5fcaaf3ee07dc1 - - default default] Successfully bumped revision number for resource 7f007a52-adbb-487f-a655-6e4f736ef544 (type: ports) to 2
2026-07-01 02:02:37.459 10 INFO neutron.db.ovn_revision_numbers_db [None req-aa39b279-5355-47ab-9936-dc365a26b3d7 983592d47736485292fb6a03e57b87ae e187e22e8ee143f79a5fcaaf3ee07dc1 - - default default] Successfully bumped revision number for resource 5b70394c-1f7c-4c9d-80f7-332b5ec1c290 (type: subnets) to 0
2026-07-01 02:02:37.472 10 INFO neutron.db.ovn_revision_numbers_db [None req-2910e099-e7a5-475b-b7af-587cfcc9a2f5 983592d47736485292fb6a03e57b87ae e187e22e8ee143f79a5fcaaf3ee07dc1 - - default default] Successfully bumped revision number for resource 9d5f5450-e274-48c7-918d-2ac0a1268ae1 (type: subnets) to 0
2026-07-01 02:02:37.479 10 INFO neutron.wsgi [None req-aa39b279-5355-47ab-9936-dc365a26b3d7 983592d47736485292fb6a03e57b87ae e187e22e8ee143f79a5fcaaf3ee07dc1 - - default default] 10.0.0.206 "POST /v2.0/subnets HTTP/1.1" status: 201 len: 866 time: 1.1647456
2026-07-01 02:02:37.501 10 INFO neutron.wsgi [None req-2910e099-e7a5-475b-b7af-587cfcc9a2f5 983592d47736485292fb6a03e57b87ae e187e22e8ee143f79a5fcaaf3ee07dc1 - - default default] 10.0.0.206 "POST /v2.0/subnets HTTP/1.1" status: 201 len: 874 time: 1.1658559
2026-07-01 02:02:37.838 9 WARNING neutron.scheduler.dhcp_agent_scheduler [None req-1872bc4b-64fd-478c-ac06-a0d3a34e4de3 983592d47736485292fb6a03e57b87ae e187e22e8ee143f79a5fcaaf3ee07dc1 - - default default] No more DHCP agents
2026-07-01 02:02:37.840 9 WARNING neutron.api.rpc.agentnotifiers.dhcp_rpc_agent_api [None req-1872bc4b-64fd-478c-ac06-a0d3a34e4de3 983592d47736485292fb6a03e57b87ae e187e22e8ee143f79a5fcaaf3ee07dc1 - - default default] Unable to schedule network 16d5d515-d002-4683-9f77-84151eb8dc9f: no agents available; will retry on subsequent port and subnet creation events.
2026-07-01 02:02:37.993 9 INFO neutron.db.ovn_revision_numbers_db [None req-1872bc4b-64fd-478c-ac06-a0d3a34e4de3 983592d47736485292fb6a03e57b87ae e187e22e8ee143f79a5fcaaf3ee07dc1 - - default default] Successfully bumped revision number for resource 5f647f90-eb6d-4ad6-98e5-23e7ed0f8ea2 (type: ports) to 1
2026-07-01 02:02:38.370 10 WARNING neutron.scheduler.dhcp_agent_scheduler [None req-8d562fb9-a442-4cfa-aa37-b84638f48884 983592d47736485292fb6a03e57b87ae e187e22e8ee143f79a5fcaaf3ee07dc1 - - default default] No more DHCP agents
2026-07-01 02:02:38.373 10 WARNING neutron.api.rpc.agentnotifiers.dhcp_rpc_agent_api [None req-8d562fb9-a442-4cfa-aa37-b84638f48884 983592d47736485292fb6a03e57b87ae e187e22e8ee143f79a5fcaaf3ee07dc1 - - default default] Unable to schedule network 16d5d515-d002-4683-9f77-84151eb8dc9f: no agents available; will retry on subsequent port and subnet creation events.
2026-07-01 02:02:38.388 9 INFO neutron.plugins.ml2.drivers.ovn.mech_driver.ovsdb.extensions.qos [None req-1872bc4b-64fd-478c-ac06-a0d3a34e4de3 983592d47736485292fb6a03e57b87ae e187e22e8ee143f79a5fcaaf3ee07dc1 - - default default] Starting OVNClientQosExtension
2026-07-01 02:02:38.407 10 WARNING neutron.scheduler.dhcp_agent_scheduler [None req-caad6650-489f-4a94-9c6f-2e55d339a080 983592d47736485292fb6a03e57b87ae e187e22e8ee143f79a5fcaaf3ee07dc1 - - default default] No more DHCP agents
2026-07-01 02:02:38.411 10 WARNING neutron.api.rpc.agentnotifiers.dhcp_rpc_agent_api [None req-caad6650-489f-4a94-9c6f-2e55d339a080 983592d47736485292fb6a03e57b87ae e187e22e8ee143f79a5fcaaf3ee07dc1 - - default default] Unable to schedule network 16d5d515-d002-4683-9f77-84151eb8dc9f: no agents available; will retry on subsequent port and subnet creation events.
2026-07-01 02:02:38.576 10 INFO neutron.db.ovn_revision_numbers_db [None req-8d562fb9-a442-4cfa-aa37-b84638f48884 983592d47736485292fb6a03e57b87ae e187e22e8ee143f79a5fcaaf3ee07dc1 - - default default] Successfully bumped revision number for resource de168ad2-be15-4c21-9ee1-a7c8f0cbe5a0 (type: ports) to 1
2026-07-01 02:02:38.623 10 INFO neutron.db.ovn_revision_numbers_db [None req-caad6650-489f-4a94-9c6f-2e55d339a080 983592d47736485292fb6a03e57b87ae e187e22e8ee143f79a5fcaaf3ee07dc1 - - default default] Successfully bumped revision number for resource e79fedd3-731e-45a2-98de-02b8218c6998 (type: ports) to 1
2026-07-01 02:02:38.803 9 INFO neutron.plugins.ml2.drivers.ovn.mech_driver.ovsdb.commands [None req-0526a116-cd09-481b-8089-5173cd3444ee - - - - - -] Schedule LRP lrp-5f647f90-eb6d-4ad6-98e5-23e7ed0f8ea2 on gateway 960cf1fb-12ea-4af4-ac5d-0e0ff2bbaa49 with priority 1
2026-07-01 02:02:38.815 9 INFO neutron.plugins.ml2.drivers.ovn.mech_driver.mech_driver [None req-048e853a-c288-4bf9-a660-befce609003b - - - - - -] OVN reports status up for port: 5f647f90-eb6d-4ad6-98e5-23e7ed0f8ea2
2026-07-01 02:02:38.833 9 INFO neutron.plugins.ml2.plugin [None req-048e853a-c288-4bf9-a660-befce609003b - - - - - -] Attempt 1 to provision port 5f647f90-eb6d-4ad6-98e5-23e7ed0f8ea2
2026-07-01 02:02:38.837 9 INFO neutron.plugins.ml2.drivers.ovn.mech_driver.ovsdb.ovsdb_monitor [-] Router 4eefb9bc-7754-4066-bb3c-190848a9a813 is bound to host instance
2026-07-01 02:02:38.881 9 INFO neutron.db.ovn_revision_numbers_db [None req-1872bc4b-64fd-478c-ac06-a0d3a34e4de3 983592d47736485292fb6a03e57b87ae e187e22e8ee143f79a5fcaaf3ee07dc1 - - default default] Successfully bumped revision number for resource 5f647f90-eb6d-4ad6-98e5-23e7ed0f8ea2 (type: router_ports) to 1
2026-07-01 02:02:39.028 9 INFO neutron.db.ovn_revision_numbers_db [None req-1872bc4b-64fd-478c-ac06-a0d3a34e4de3 983592d47736485292fb6a03e57b87ae e187e22e8ee143f79a5fcaaf3ee07dc1 - - default default] Successfully bumped revision number for resource 4eefb9bc-7754-4066-bb3c-190848a9a813 (type: routers) to 2
2026-07-01 02:02:39.058 9 INFO neutron.wsgi [None req-1872bc4b-64fd-478c-ac06-a0d3a34e4de3 983592d47736485292fb6a03e57b87ae e187e22e8ee143f79a5fcaaf3ee07dc1 - - default default] 10.0.0.206 "POST /v2.0/routers HTTP/1.1" status: 201 len: 1169 time: 1.9888284
2026-07-01 02:02:39.236 10 INFO neutron.plugins.ml2.drivers.ovn.mech_driver.ovsdb.extensions.qos [None req-8d562fb9-a442-4cfa-aa37-b84638f48884 983592d47736485292fb6a03e57b87ae e187e22e8ee143f79a5fcaaf3ee07dc1 - - default default] Starting OVNClientQosExtension
2026-07-01 02:02:39.240 10 INFO neutron.db.ovn_revision_numbers_db [None req-731bce3e-9ccc-4f36-9458-d1c2940d118f 983592d47736485292fb6a03e57b87ae e187e22e8ee143f79a5fcaaf3ee07dc1 - - default default] Successfully bumped revision number for resource f3655845-64dc-45a9-b62a-a45e7699f02f (type: security_groups) to 1
2026-07-01 02:02:39.302 10 INFO neutron.db.ovn_revision_numbers_db [None req-731bce3e-9ccc-4f36-9458-d1c2940d118f 983592d47736485292fb6a03e57b87ae e187e22e8ee143f79a5fcaaf3ee07dc1 - - default default] Successfully bumped revision number for resource 5415b1ab-48be-4bd5-a91d-e325f4237114 (type: security_group_rules) to 0
2026-07-01 02:02:39.338 10 INFO neutron.db.ovn_revision_numbers_db [None req-731bce3e-9ccc-4f36-9458-d1c2940d118f 983592d47736485292fb6a03e57b87ae e187e22e8ee143f79a5fcaaf3ee07dc1 - - default default] Successfully bumped revision number for resource b718cabc-8973-462a-86e5-76d650601289 (type: security_group_rules) to 0
2026-07-01 02:02:39.363 10 INFO neutron.db.ovn_revision_numbers_db [None req-731bce3e-9ccc-4f36-9458-d1c2940d118f 983592d47736485292fb6a03e57b87ae e187e22e8ee143f79a5fcaaf3ee07dc1 - - default default] Successfully bumped revision number for resource b7cf7071-81f6-4973-acee-559e37503e7b (type: security_group_rules) to 0
2026-07-01 02:02:39.400 10 INFO neutron.db.ovn_revision_numbers_db [None req-731bce3e-9ccc-4f36-9458-d1c2940d118f 983592d47736485292fb6a03e57b87ae e187e22e8ee143f79a5fcaaf3ee07dc1 - - default default] Successfully bumped revision number for resource fdd4cb10-59d9-447e-829a-a609a7960b18 (type: security_group_rules) to 0
2026-07-01 02:02:39.487 10 INFO neutron.db.segments_db [None req-731bce3e-9ccc-4f36-9458-d1c2940d118f 983592d47736485292fb6a03e57b87ae e187e22e8ee143f79a5fcaaf3ee07dc1 - - default default] Added segment 3392babf-9b0d-4ae6-a13e-b7417972e353 of type geneve for network 4b15f276-baaf-42f8-b7a3-c9247f41a0fd
2026-07-01 02:02:39.720 10 INFO neutron.db.ovn_revision_numbers_db [None req-731bce3e-9ccc-4f36-9458-d1c2940d118f 983592d47736485292fb6a03e57b87ae e187e22e8ee143f79a5fcaaf3ee07dc1 - - default default] Successfully bumped revision number for resource 4b15f276-baaf-42f8-b7a3-c9247f41a0fd (type: networks) to 1
2026-07-01 02:02:39.891 9 WARNING neutron.scheduler.dhcp_agent_scheduler [None req-074da3ff-d2e6-47ac-a10d-39f36a1f20e9 983592d47736485292fb6a03e57b87ae e187e22e8ee143f79a5fcaaf3ee07dc1 - - default default] No more DHCP agents
2026-07-01 02:02:39.895 9 WARNING neutron.api.rpc.agentnotifiers.dhcp_rpc_agent_api [None req-074da3ff-d2e6-47ac-a10d-39f36a1f20e9 983592d47736485292fb6a03e57b87ae e187e22e8ee143f79a5fcaaf3ee07dc1 - - default default] Unable to schedule network 796d6367-96b2-462c-a9af-48f1cadc0215: no agents available; will retry on subsequent port and subnet creation events.
2026-07-01 02:02:39.908 9 INFO neutron.db.ovn_revision_numbers_db [None req-364f37ba-bb2f-495f-9f4e-65da55c08a1f - - - - - -] Successfully bumped revision number for resource 5f647f90-eb6d-4ad6-98e5-23e7ed0f8ea2 (type: ports) to 1
2026-07-01 02:02:40.005 10 INFO neutron.plugins.ml2.drivers.ovn.mech_driver.ovsdb.commands [None req-409f4c86-662a-4f2d-8f0f-243cc03543ae - - - - - -] Schedule LRP lrp-e79fedd3-731e-45a2-98de-02b8218c6998 on gateway 960cf1fb-12ea-4af4-ac5d-0e0ff2bbaa49 with priority 1
2026-07-01 02:02:40.021 10 INFO neutron.plugins.ml2.drivers.ovn.mech_driver.mech_driver [None req-73ebf767-1868-48ed-b5e0-2cc563547756 - - - - - -] OVN reports status up for port: e79fedd3-731e-45a2-98de-02b8218c6998
2026-07-01 02:02:40.035 10 INFO neutron.plugins.ml2.drivers.ovn.mech_driver.ovsdb.commands [None req-409f4c86-662a-4f2d-8f0f-243cc03543ae - - - - - -] Schedule LRP lrp-de168ad2-be15-4c21-9ee1-a7c8f0cbe5a0 on gateway 960cf1fb-12ea-4af4-ac5d-0e0ff2bbaa49 with priority 1
2026-07-01 02:02:40.058 10 INFO neutron.plugins.ml2.plugin [None req-73ebf767-1868-48ed-b5e0-2cc563547756 - - - - - -] Attempt 1 to provision port e79fedd3-731e-45a2-98de-02b8218c6998
2026-07-01 02:02:40.106 10 INFO neutron.db.ovn_revision_numbers_db [None req-caad6650-489f-4a94-9c6f-2e55d339a080 983592d47736485292fb6a03e57b87ae e187e22e8ee143f79a5fcaaf3ee07dc1 - - default default] Successfully bumped revision number for resource e79fedd3-731e-45a2-98de-02b8218c6998 (type: router_ports) to 1
2026-07-01 02:02:40.110 9 INFO neutron.db.ovn_revision_numbers_db [None req-074da3ff-d2e6-47ac-a10d-39f36a1f20e9 983592d47736485292fb6a03e57b87ae e187e22e8ee143f79a5fcaaf3ee07dc1 - - default default] Successfully bumped revision number for resource 2b18f7ad-2bff-427f-b9c6-c903503024ae (type: ports) to 1
2026-07-01 02:02:40.163 10 WARNING neutron.scheduler.dhcp_agent_scheduler [None req-731bce3e-9ccc-4f36-9458-d1c2940d118f 983592d47736485292fb6a03e57b87ae e187e22e8ee143f79a5fcaaf3ee07dc1 - - default default] No more DHCP agents
2026-07-01 02:02:40.170 10 WARNING neutron.api.rpc.agentnotifiers.dhcp_rpc_agent_api [None req-731bce3e-9ccc-4f36-9458-d1c2940d118f 983592d47736485292fb6a03e57b87ae e187e22e8ee143f79a5fcaaf3ee07dc1 - - default default] Unable to schedule network 4b15f276-baaf-42f8-b7a3-c9247f41a0fd: no agents available; will retry on subsequent port and subnet creation events.
2026-07-01 02:02:40.185 10 INFO neutron.db.ovn_revision_numbers_db [None req-8d562fb9-a442-4cfa-aa37-b84638f48884 983592d47736485292fb6a03e57b87ae e187e22e8ee143f79a5fcaaf3ee07dc1 - - default default] Successfully bumped revision number for resource de168ad2-be15-4c21-9ee1-a7c8f0cbe5a0 (type: router_ports) to 1
2026-07-01 02:02:40.301 10 INFO neutron.db.ovn_revision_numbers_db [None req-caad6650-489f-4a94-9c6f-2e55d339a080 983592d47736485292fb6a03e57b87ae e187e22e8ee143f79a5fcaaf3ee07dc1 - - default default] Successfully bumped revision number for resource 1c05c981-a6bc-43d2-a5d1-aa6ee0fd25a8 (type: routers) to 2
2026-07-01 02:02:40.337 10 INFO neutron.wsgi [None req-caad6650-489f-4a94-9c6f-2e55d339a080 983592d47736485292fb6a03e57b87ae e187e22e8ee143f79a5fcaaf3ee07dc1 - - default default] 10.0.0.206 "POST /v2.0/routers HTTP/1.1" status: 201 len: 1176 time: 2.8325865
2026-07-01 02:02:40.350 10 INFO neutron.db.ovn_revision_numbers_db [None req-8d562fb9-a442-4cfa-aa37-b84638f48884 983592d47736485292fb6a03e57b87ae e187e22e8ee143f79a5fcaaf3ee07dc1 - - default default] Successfully bumped revision number for resource 484eb3bd-f898-49cb-a6c8-95c39bc6b819 (type: routers) to 2
2026-07-01 02:02:40.376 10 INFO neutron.db.ovn_revision_numbers_db [None req-731bce3e-9ccc-4f36-9458-d1c2940d118f 983592d47736485292fb6a03e57b87ae e187e22e8ee143f79a5fcaaf3ee07dc1 - - default default] Successfully bumped revision number for resource 370b58c8-5a0c-4802-8f7c-ab54068809b5 (type: ports) to 1
2026-07-01 02:02:40.384 10 INFO neutron.wsgi [None req-8d562fb9-a442-4cfa-aa37-b84638f48884 983592d47736485292fb6a03e57b87ae e187e22e8ee143f79a5fcaaf3ee07dc1 - - default default] 10.0.0.206 "POST /v2.0/routers HTTP/1.1" status: 201 len: 1168 time: 2.9011405
2026-07-01 02:02:40.432 10 INFO neutron.wsgi [None req-731bce3e-9ccc-4f36-9458-d1c2940d118f 983592d47736485292fb6a03e57b87ae e187e22e8ee143f79a5fcaaf3ee07dc1 - - default default] 10.0.0.206 "POST /v2.0/networks HTTP/1.1" status: 201 len: 950 time: 1.7934353
2026-07-01 02:02:40.625 9 INFO neutron.db.ovn_revision_numbers_db [None req-364f37ba-bb2f-495f-9f4e-65da55c08a1f - - - - - -] Successfully bumped revision number for resource 5f647f90-eb6d-4ad6-98e5-23e7ed0f8ea2 (type: router_ports) to 3
2026-07-01 02:02:40.753 10 WARNING neutron.scheduler.dhcp_agent_scheduler [None req-9f0efacd-0f96-459a-b344-6611d2d4c0e4 983592d47736485292fb6a03e57b87ae e187e22e8ee143f79a5fcaaf3ee07dc1 - - default default] No more DHCP agents
2026-07-01 02:02:40.759 10 WARNING neutron.api.rpc.agentnotifiers.dhcp_rpc_agent_api [None req-9f0efacd-0f96-459a-b344-6611d2d4c0e4 983592d47736485292fb6a03e57b87ae e187e22e8ee143f79a5fcaaf3ee07dc1 - - default default] Unable to schedule network 4b15f276-baaf-42f8-b7a3-c9247f41a0fd: no agents available; will retry on subsequent port and subnet creation events.
2026-07-01 02:02:40.923 9 INFO neutron.db.ovn_revision_numbers_db [None req-364f37ba-bb2f-495f-9f4e-65da55c08a1f - - - - - -] Successfully bumped revision number for resource 5f647f90-eb6d-4ad6-98e5-23e7ed0f8ea2 (type: ports) to 2
2026-07-01 02:02:41.007 9 ERROR ovsdbapp.backend.ovs_idl.command [None req-074da3ff-d2e6-47ac-a10d-39f36a1f20e9 983592d47736485292fb6a03e57b87ae e187e22e8ee143f79a5fcaaf3ee07dc1 - - default default] Error executing command (DbGetCommand): ovsdbapp.backend.ovs_idl.idlutils.RowNotFound: Cannot find Logical_Router_Port with name=lrp-2b18f7ad-2bff-427f-b9c6-c903503024ae
2026-07-01 02:02:41.007 9 ERROR ovsdbapp.backend.ovs_idl.command
Traceback (most recent call last):
2026-07-01 02:02:41.007 9 ERROR ovsdbapp.backend.ovs_idl.command
File "/var/lib/openstack/lib/python3.10/site-packages/ovsdbapp/backend/ovs_idl/command.py", line 47, in execute
2026-07-01 02:02:41.007 9 ERROR ovsdbapp.backend.ovs_idl.command self.run_idl(None)
2026-07-01 02:02:41.007 9 ERROR ovsdbapp.backend.ovs_idl.command
File "/var/lib/openstack/lib/python3.10/site-packages/ovsdbapp/backend/ovs_idl/command.py", line 235, in run_idl
2026-07-01 02:02:41.007 9 ERROR ovsdbapp.backend.ovs_idl.command record = self.api.lookup(self.table, self.record)
2026-07-01 02:02:41.007 9 ERROR ovsdbapp.backend.ovs_idl.command
File "/var/lib/openstack/lib/python3.10/site-packages/ovsdbapp/backend/ovs_idl/__init__.py", line 184, in lookup
2026-07-01 02:02:41.007 9 ERROR ovsdbapp.backend.ovs_idl.command return self._lookup(table, record)
2026-07-01 02:02:41.007 9 ERROR ovsdbapp.backend.ovs_idl.command
File "/var/lib/openstack/lib/python3.10/site-packages/ovsdbapp/backend/ovs_idl/__init__.py", line 235, in _lookup
2026-07-01 02:02:41.007 9 ERROR ovsdbapp.backend.ovs_idl.command row = idlutils.row_by_value(self, rl.table, rl.column, record)
2026-07-01 02:02:41.007 9 ERROR ovsdbapp.backend.ovs_idl.command
File "/var/lib/openstack/lib/python3.10/site-packages/ovsdbapp/backend/ovs_idl/idlutils.py", line 114, in row_by_value
2026-07-01 02:02:41.007 9 ERROR ovsdbapp.backend.ovs_idl.command raise RowNotFound(table=table, col=column, match=match)
2026-07-01 02:02:41.007 9 ERROR ovsdbapp.backend.ovs_idl.command ovsdbapp.backend.ovs_idl.idlutils.RowNotFound: Cannot find Logical_Router_Port with name=lrp-2b18f7ad-2bff-427f-b9c6-c903503024ae
2026-07-01 02:02:41.007 9 ERROR ovsdbapp.backend.ovs_idl.command 
2026-07-01 02:02:41.008 9 ERROR neutron_lib.callbacks.manager [None req-074da3ff-d2e6-47ac-a10d-39f36a1f20e9 983592d47736485292fb6a03e57b87ae e187e22e8ee143f79a5fcaaf3ee07dc1 - - default default] Error during notification for neutron.services.ovn_l3.plugin.OVNL3RouterPlugin._port_update-8753434905318 port, after_update: ovsdbapp.backend.ovs_idl.idlutils.RowNotFound: Cannot find Logical_Router_Port with name=lrp-2b18f7ad-2bff-427f-b9c6-c903503024ae
2026-07-01 02:02:41.008 9 ERROR neutron_lib.callbacks.manager
Traceback (most recent call last):
2026-07-01 02:02:41.008 9 ERROR neutron_lib.callbacks.manager
File "/var/lib/openstack/lib/python3.10/site-packages/neutron_lib/callbacks/manager.py", line 189, in _notify_loop
2026-07-01 02:02:41.008 9 ERROR neutron_lib.callbacks.manager callback.method(resource, event, trigger, payload=payload)
2026-07-01 02:02:41.008 9 ERROR neutron_lib.callbacks.manager
File "/var/lib/openstack/lib/python3.10/site-packages/neutron/services/ovn_l3/plugin.py", line 391, in _port_update
2026-07-01 02:02:41.008 9 ERROR neutron_lib.callbacks.manager l3plugin._ovn_client.update_router_port(context,
2026-07-01 02:02:41.008 9 ERROR neutron_lib.callbacks.manager
File "/var/lib/openstack/lib/python3.10/site-packages/neutron/plugins/ml2/drivers/ovn/mech_driver/ovsdb/ovn_client.py", line 1878, in update_router_port
2026-07-01 02:02:41.008 9 ERROR neutron_lib.callbacks.manager self._update_lrouter_port(context, port, if_exists=if_exists,
2026-07-01 02:02:41.008 9 ERROR neutron_lib.callbacks.manager
File "/var/lib/openstack/lib/python3.10/site-packages/neutron/plugins/ml2/drivers/ovn/mech_driver/ovsdb/ovn_client.py", line 1855, in _update_lrouter_port
2026-07-01 02:02:41.008 9 ERROR neutron_lib.callbacks.manager external_ids = self._nb_idl.db_get(
2026-07-01 02:02:41.008 9 ERROR neutron_lib.callbacks.manager
File "/var/lib/openstack/lib/python3.10/site-packages/ovsdbapp/backend/ovs_idl/command.py", line 47, in execute
2026-07-01 02:02:41.008 9 ERROR neutron_lib.callbacks.manager self.run_idl(None)
2026-07-01 02:02:41.008 9 ERROR neutron_lib.callbacks.manager
File "/var/lib/openstack/lib/python3.10/site-packages/ovsdbapp/backend/ovs_idl/command.py", line 235, in run_idl
2026-07-01 02:02:41.008 9 ERROR neutron_lib.callbacks.manager record = self.api.lookup(self.table, self.record)
2026-07-01 02:02:41.008 9 ERROR neutron_lib.callbacks.manager
File "/var/lib/openstack/lib/python3.10/site-packages/ovsdbapp/backend/ovs_idl/__init__.py", line 184, in lookup
2026-07-01 02:02:41.008 9 ERROR neutron_lib.callbacks.manager return self._lookup(table, record)
2026-07-01 02:02:41.008 9 ERROR neutron_lib.callbacks.manager
File "/var/lib/openstack/lib/python3.10/site-packages/ovsdbapp/backend/ovs_idl/__init__.py", line 235, in _lookup
2026-07-01 02:02:41.008 9 ERROR neutron_lib.callbacks.manager row = idlutils.row_by_value(self, rl.table, rl.column, record)
2026-07-01 02:02:41.008 9 ERROR neutron_lib.callbacks.manager
File "/var/lib/openstack/lib/python3.10/site-packages/ovsdbapp/backend/ovs_idl/idlutils.py", line 114, in row_by_value
2026-07-01 02:02:41.008 9 ERROR neutron_lib.callbacks.manager raise RowNotFound(table=table, col=column, match=match)
2026-07-01 02:02:41.008 9 ERROR neutron_lib.callbacks.manager ovsdbapp.backend.ovs_idl.idlutils.RowNotFound: Cannot find Logical_Router_Port with name=lrp-2b18f7ad-2bff-427f-b9c6-c903503024ae
2026-07-01 02:02:41.008 9 ERROR neutron_lib.callbacks.manager 
2026-07-01 02:02:41.286 9 INFO neutron.db.ovn_revision_numbers_db [None req-074da3ff-d2e6-47ac-a10d-39f36a1f20e9 983592d47736485292fb6a03e57b87ae e187e22e8ee143f79a5fcaaf3ee07dc1 - - default default] Successfully bumped revision number for resource 2b18f7ad-2bff-427f-b9c6-c903503024ae (type: ports) to 1
2026-07-01 02:02:41.389 10 WARNING neutron.scheduler.dhcp_agent_scheduler [None req-a46146dd-d1e1-4e6b-8e4e-9df52b07b572 983592d47736485292fb6a03e57b87ae e187e22e8ee143f79a5fcaaf3ee07dc1 - - default default] No more DHCP agents
2026-07-01 02:02:41.396 10 WARNING neutron.api.rpc.agentnotifiers.dhcp_rpc_agent_api [None req-a46146dd-d1e1-4e6b-8e4e-9df52b07b572 983592d47736485292fb6a03e57b87ae e187e22e8ee143f79a5fcaaf3ee07dc1 - - default default] Unable to schedule network 62bf56fe-6faa-4813-9c61-9806080123bb: no agents available; will retry on subsequent port and subnet creation events.
2026-07-01 02:02:41.462 10 WARNING neutron.scheduler.dhcp_agent_scheduler [None req-886405fe-986e-4fe7-8eb1-e4d194b9b5eb 983592d47736485292fb6a03e57b87ae e187e22e8ee143f79a5fcaaf3ee07dc1 - - default default] No more DHCP agents
2026-07-01 02:02:41.469 10 WARNING neutron.api.rpc.agentnotifiers.dhcp_rpc_agent_api [None req-886405fe-986e-4fe7-8eb1-e4d194b9b5eb 983592d47736485292fb6a03e57b87ae e187e22e8ee143f79a5fcaaf3ee07dc1 - - default default] Unable to schedule network ff0dbf3a-f89e-4377-87a3-096fc6664c68: no agents available; will retry on subsequent port and subnet creation events.
2026-07-01 02:02:41.523 9 WARNING neutron.scheduler.dhcp_agent_scheduler [None req-074da3ff-d2e6-47ac-a10d-39f36a1f20e9 983592d47736485292fb6a03e57b87ae e187e22e8ee143f79a5fcaaf3ee07dc1 - - default default] No more DHCP agents
2026-07-01 02:02:41.527 9 WARNING neutron.api.rpc.agentnotifiers.dhcp_rpc_agent_api [None req-074da3ff-d2e6-47ac-a10d-39f36a1f20e9 983592d47736485292fb6a03e57b87ae e187e22e8ee143f79a5fcaaf3ee07dc1 - - default default] Unable to schedule network 796d6367-96b2-462c-a9af-48f1cadc0215: no agents available; will retry on subsequent port and subnet creation events.
2026-07-01 02:02:41.568 9 INFO neutron.db.ovn_revision_numbers_db [None req-364f37ba-bb2f-495f-9f4e-65da55c08a1f - - - - - -] Successfully bumped revision number for resource 5f647f90-eb6d-4ad6-98e5-23e7ed0f8ea2 (type: ports) to 4
2026-07-01 02:02:41.643 10 INFO neutron.db.ovn_revision_numbers_db [None req-a46146dd-d1e1-4e6b-8e4e-9df52b07b572 983592d47736485292fb6a03e57b87ae e187e22e8ee143f79a5fcaaf3ee07dc1 - - default default] Successfully bumped revision number for resource 6bcacbc0-4a68-4fd3-8313-694958bc73f0 (type: ports) to 1
2026-07-01 02:02:41.887 10 INFO neutron.db.ovn_revision_numbers_db [None req-886405fe-986e-4fe7-8eb1-e4d194b9b5eb 983592d47736485292fb6a03e57b87ae e187e22e8ee143f79a5fcaaf3ee07dc1 - - default default] Successfully bumped revision number for resource 86f55026-7d70-48b4-bd52-ffc6c4ca624f (type: ports) to 1
2026-07-01 02:02:41.938 9 INFO neutron.db.ovn_revision_numbers_db [None req-364f37ba-bb2f-495f-9f4e-65da55c08a1f - - - - - -] Successfully bumped revision number for resource 5f647f90-eb6d-4ad6-98e5-23e7ed0f8ea2 (type: router_ports) to 4
2026-07-01 02:02:41.969 9 INFO neutron.plugins.ml2.drivers.ovn.mech_driver.ovsdb.ovsdb_monitor [None req-364f37ba-bb2f-495f-9f4e-65da55c08a1f - - - - - -] Router 1c05c981-a6bc-43d2-a5d1-aa6ee0fd25a8 is bound to host instance
2026-07-01 02:02:42.018 10 INFO neutron.db.ovn_revision_numbers_db [None req-9f0efacd-0f96-459a-b344-6611d2d4c0e4 983592d47736485292fb6a03e57b87ae e187e22e8ee143f79a5fcaaf3ee07dc1 - - default default] Successfully bumped revision number for resource 370b58c8-5a0c-4802-8f7c-ab54068809b5 (type: ports) to 2
2026-07-01 02:02:42.080 10 INFO neutron.db.ovn_revision_numbers_db [None req-9f0efacd-0f96-459a-b344-6611d2d4c0e4 983592d47736485292fb6a03e57b87ae e187e22e8ee143f79a5fcaaf3ee07dc1 - - default default] Successfully bumped revision number for resource 9c51943f-de6b-4299-a02c-ffa203e0f28f (type: subnets) to 0
2026-07-01 02:02:42.100 10 INFO neutron.wsgi [None req-9f0efacd-0f96-459a-b344-6611d2d4c0e4 983592d47736485292fb6a03e57b87ae e187e22e8ee143f79a5fcaaf3ee07dc1 - - default default] 10.0.0.206 "POST /v2.0/subnets HTTP/1.1" status: 201 len: 870 time: 1.6639209
2026-07-01 02:02:42.494 9 INFO neutron.db.ovn_revision_numbers_db [None req-074da3ff-d2e6-47ac-a10d-39f36a1f20e9 983592d47736485292fb6a03e57b87ae e187e22e8ee143f79a5fcaaf3ee07dc1 - - default default] Successfully bumped revision number for resource 2b18f7ad-2bff-427f-b9c6-c903503024ae (type: router_ports) to 1
2026-07-01 02:02:42.499 9 INFO neutron.wsgi [None req-074da3ff-d2e6-47ac-a10d-39f36a1f20e9 983592d47736485292fb6a03e57b87ae e187e22e8ee143f79a5fcaaf3ee07dc1 - - default default] 10.0.0.206 "PUT /v2.0/routers/4eefb9bc-7754-4066-bb3c-190848a9a813/add_router_interface HTTP/1.1" status: 200 len: 503 time: 3.4366746
2026-07-01 02:02:42.565 10 INFO neutron.plugins.ml2.drivers.ovn.mech_driver.mech_driver [None req-73ebf767-1868-48ed-b5e0-2cc563547756 - - - - - -] OVN reports status up for port: de168ad2-be15-4c21-9ee1-a7c8f0cbe5a0
2026-07-01 02:02:42.584 10 INFO neutron.plugins.ml2.plugin [None req-73ebf767-1868-48ed-b5e0-2cc563547756 - - - - - -] Attempt 1 to provision port de168ad2-be15-4c21-9ee1-a7c8f0cbe5a0
2026-07-01 02:02:42.855 9 INFO neutron.db.ovn_revision_numbers_db [None req-364f37ba-bb2f-495f-9f4e-65da55c08a1f - - - - - -] Successfully bumped revision number for resource e79fedd3-731e-45a2-98de-02b8218c6998 (type: ports) to 1
2026-07-01 02:02:42.983 10 ERROR ovsdbapp.backend.ovs_idl.command [None req-a46146dd-d1e1-4e6b-8e4e-9df52b07b572 983592d47736485292fb6a03e57b87ae e187e22e8ee143f79a5fcaaf3ee07dc1 - - default default] Error executing command (DbGetCommand): ovsdbapp.backend.ovs_idl.idlutils.RowNotFound: Cannot find Logical_Router_Port with name=lrp-6bcacbc0-4a68-4fd3-8313-694958bc73f0
2026-07-01 02:02:42.983 10 ERROR ovsdbapp.backend.ovs_idl.command
Traceback (most recent call last):
2026-07-01 02:02:42.983 10 ERROR ovsdbapp.backend.ovs_idl.command
File "/var/lib/openstack/lib/python3.10/site-packages/ovsdbapp/backend/ovs_idl/command.py", line 47, in execute
2026-07-01 02:02:42.983 10 ERROR ovsdbapp.backend.ovs_idl.command self.run_idl(None)
2026-07-01 02:02:42.983 10 ERROR ovsdbapp.backend.ovs_idl.command
File "/var/lib/openstack/lib/python3.10/site-packages/ovsdbapp/backend/ovs_idl/command.py", line 235, in run_idl
2026-07-01 02:02:42.983 10 ERROR ovsdbapp.backend.ovs_idl.command record = self.api.lookup(self.table, self.record)
2026-07-01 02:02:42.983 10 ERROR ovsdbapp.backend.ovs_idl.command
File "/var/lib/openstack/lib/python3.10/site-packages/ovsdbapp/backend/ovs_idl/__init__.py", line 184, in lookup
2026-07-01 02:02:42.983 10 ERROR ovsdbapp.backend.ovs_idl.command return self._lookup(table, record)
2026-07-01 02:02:42.983 10 ERROR ovsdbapp.backend.ovs_idl.command
File "/var/lib/openstack/lib/python3.10/site-packages/ovsdbapp/backend/ovs_idl/__init__.py", line 235, in _lookup
2026-07-01 02:02:42.983 10 ERROR ovsdbapp.backend.ovs_idl.command row = idlutils.row_by_value(self, rl.table, rl.column, record)
2026-07-01 02:02:42.983 10 ERROR ovsdbapp.backend.ovs_idl.command
File "/var/lib/openstack/lib/python3.10/site-packages/ovsdbapp/backend/ovs_idl/idlutils.py", line 114, in row_by_value
2026-07-01 02:02:42.983 10 ERROR ovsdbapp.backend.ovs_idl.command raise RowNotFound(table=table, col=column, match=match)
2026-07-01 02:02:42.983 10 ERROR ovsdbapp.backend.ovs_idl.command ovsdbapp.backend.ovs_idl.idlutils.RowNotFound: Cannot find Logical_Router_Port with name=lrp-6bcacbc0-4a68-4fd3-8313-694958bc73f0
2026-07-01 02:02:42.983 10 ERROR ovsdbapp.backend.ovs_idl.command 
2026-07-01 02:02:42.984 10 ERROR neutron_lib.callbacks.manager [None req-a46146dd-d1e1-4e6b-8e4e-9df52b07b572 983592d47736485292fb6a03e57b87ae e187e22e8ee143f79a5fcaaf3ee07dc1 - - default default] Error during notification for neutron.services.ovn_l3.plugin.OVNL3RouterPlugin._port_update-8753434905318 port, after_update: ovsdbapp.backend.ovs_idl.idlutils.RowNotFound: Cannot find Logical_Router_Port with name=lrp-6bcacbc0-4a68-4fd3-8313-694958bc73f0
2026-07-01 02:02:42.984 10 ERROR neutron_lib.callbacks.manager
Traceback (most recent call last):
2026-07-01 02:02:42.984 10 ERROR neutron_lib.callbacks.manager
