2026-07-01 02:05:37.871 9 WARNING neutron_lib.context [None req-a85e96e2-9a19-4895-958c-253e826a6b0e f36d63a445ff4f01ad7cf257c484c69d c780f3ced8d04e0c9948f8c1d08120a6 - - default default] Method 'is_advsvc' is deprecated since 2023.2 release (neutron-lib 3.8.0) and will be removed once support for the old RBAC API policies will be removed from Neutron. Please use method 'is_service_role' instead.
2026-07-01 02:05:37.872 10 WARNING neutron.scheduler.dhcp_agent_scheduler [None req-42f14dbb-5a45-45e0-bce3-ef973dc86d1c 27901177d15d4751846d46ff1fd08b9e 15169f4af00b44c6919aded6a3b12d0d - - default default] No more DHCP agents
2026-07-01 02:05:37.874 10 WARNING neutron.api.rpc.agentnotifiers.dhcp_rpc_agent_api [None req-42f14dbb-5a45-45e0-bce3-ef973dc86d1c 27901177d15d4751846d46ff1fd08b9e 15169f4af00b44c6919aded6a3b12d0d - - default default] Unable to schedule network 64963edc-085a-4fec-a586-d9334be26678: no agents available; will retry on subsequent port and subnet creation events.
2026-07-01 02:05:37.973 10 INFO neutron.db.ovn_revision_numbers_db [None req-42f14dbb-5a45-45e0-bce3-ef973dc86d1c 27901177d15d4751846d46ff1fd08b9e 15169f4af00b44c6919aded6a3b12d0d - - default default] Successfully bumped revision number for resource f5c6606a-d842-4e4d-87b1-5f6b38e11ada (type: ports) to 1
2026-07-01 02:05:37.995 10 INFO neutron.wsgi [None req-42f14dbb-5a45-45e0-bce3-ef973dc86d1c 27901177d15d4751846d46ff1fd08b9e 15169f4af00b44c6919aded6a3b12d0d - - default default] 10.0.0.206 "POST /v2.0/networks HTTP/1.1" status: 201 len: 928 time: 0.9070210
2026-07-01 02:05:38.147 10 WARNING neutron.scheduler.dhcp_agent_scheduler [None req-31aa55ce-57f8-49c7-89fa-0c2a69eea4a5 27901177d15d4751846d46ff1fd08b9e 15169f4af00b44c6919aded6a3b12d0d - - default default] No more DHCP agents
2026-07-01 02:05:38.149 10 WARNING neutron.api.rpc.agentnotifiers.dhcp_rpc_agent_api [None req-31aa55ce-57f8-49c7-89fa-0c2a69eea4a5 27901177d15d4751846d46ff1fd08b9e 15169f4af00b44c6919aded6a3b12d0d - - default default] Unable to schedule network 64963edc-085a-4fec-a586-d9334be26678: no agents available; will retry on subsequent port and subnet creation events.
2026-07-01 02:05:38.436 9 WARNING neutron.scheduler.dhcp_agent_scheduler [None req-a85e96e2-9a19-4895-958c-253e826a6b0e f36d63a445ff4f01ad7cf257c484c69d c780f3ced8d04e0c9948f8c1d08120a6 - - default default] No more DHCP agents
2026-07-01 02:05:38.441 9 WARNING neutron.api.rpc.agentnotifiers.dhcp_rpc_agent_api [None req-a85e96e2-9a19-4895-958c-253e826a6b0e f36d63a445ff4f01ad7cf257c484c69d c780f3ced8d04e0c9948f8c1d08120a6 - - default default] Unable to schedule network c757e892-ee45-48bc-b423-9cbbebcddc3b: no agents available; will retry on subsequent port and subnet creation events.
2026-07-01 02:05:38.583 10 INFO neutron.db.ovn_revision_numbers_db [None req-0ff27fa5-aad9-4dae-8aff-346cbe03cd71 983592d47736485292fb6a03e57b87ae e187e22e8ee143f79a5fcaaf3ee07dc1 - - default default] Successfully bumped revision number for resource 1cc96e45-2d06-48e3-a62e-d890ffeb9ce3 (type: security_groups) to 1
2026-07-01 02:05:38.604 10 INFO neutron.db.ovn_revision_numbers_db [None req-0ff27fa5-aad9-4dae-8aff-346cbe03cd71 983592d47736485292fb6a03e57b87ae e187e22e8ee143f79a5fcaaf3ee07dc1 - - default default] Successfully bumped revision number for resource 1eec5655-794c-4197-98c6-f2e21ab4921d (type: security_group_rules) to 0
2026-07-01 02:05:38.620 10 INFO neutron.db.ovn_revision_numbers_db [None req-0ff27fa5-aad9-4dae-8aff-346cbe03cd71 983592d47736485292fb6a03e57b87ae e187e22e8ee143f79a5fcaaf3ee07dc1 - - default default] Successfully bumped revision number for resource 2da68fd8-2973-4d49-9154-5717b84f721c (type: security_group_rules) to 0
2026-07-01 02:05:38.643 10 INFO neutron.db.ovn_revision_numbers_db [None req-0ff27fa5-aad9-4dae-8aff-346cbe03cd71 983592d47736485292fb6a03e57b87ae e187e22e8ee143f79a5fcaaf3ee07dc1 - - default default] Successfully bumped revision number for resource b777d414-38c2-4540-9e63-e066706bd31d (type: security_group_rules) to 0
2026-07-01 02:05:38.656 10 INFO neutron.db.ovn_revision_numbers_db [None req-31aa55ce-57f8-49c7-89fa-0c2a69eea4a5 27901177d15d4751846d46ff1fd08b9e 15169f4af00b44c6919aded6a3b12d0d - - default default] Successfully bumped revision number for resource f5c6606a-d842-4e4d-87b1-5f6b38e11ada (type: ports) to 2
2026-07-01 02:05:38.658 10 INFO neutron.db.ovn_revision_numbers_db [None req-0ff27fa5-aad9-4dae-8aff-346cbe03cd71 983592d47736485292fb6a03e57b87ae e187e22e8ee143f79a5fcaaf3ee07dc1 - - default default] Successfully bumped revision number for resource b7b37fb4-c360-4b97-8a99-217d3669ea1c (type: security_group_rules) to 0
2026-07-01 02:05:38.689 10 INFO neutron.wsgi [None req-0ff27fa5-aad9-4dae-8aff-346cbe03cd71 983592d47736485292fb6a03e57b87ae e187e22e8ee143f79a5fcaaf3ee07dc1 - - default default] 10.0.0.206 "GET /v2.0/security-groups?tenant_id=66b1c57201924b0f990949643733577e&name=default HTTP/1.1" status: 200 len: 3120 time: 0.4604392
2026-07-01 02:05:38.713 10 INFO neutron.db.ovn_revision_numbers_db [None req-31aa55ce-57f8-49c7-89fa-0c2a69eea4a5 27901177d15d4751846d46ff1fd08b9e 15169f4af00b44c6919aded6a3b12d0d - - default default] Successfully bumped revision number for resource 9731e60f-a5e2-4bc3-a1ed-d71442dece8c (type: subnets) to 0
2026-07-01 02:05:38.731 10 INFO neutron.wsgi [None req-31aa55ce-57f8-49c7-89fa-0c2a69eea4a5 27901177d15d4751846d46ff1fd08b9e 15169f4af00b44c6919aded6a3b12d0d - - default default] 10.0.0.206 "POST /v2.0/subnets HTTP/1.1" status: 201 len: 819 time: 0.7311947
2026-07-01 02:05:38.741 10 WARNING neutron.api.v2.base [None req-cf111c09-1766-47c1-a65b-d295025d6300 27901177d15d4751846d46ff1fd08b9e 15169f4af00b44c6919aded6a3b12d0d - - default default] An exception happened while processing the request body. The exception message is [Invalid input for target_tenant. Reason: 'None' is not a valid string.].: webob.exc.HTTPBadRequest: Invalid input for target_tenant. Reason: 'None' is not a valid string.
2026-07-01 02:05:38.742 10 INFO neutron.api.v2.resource [None req-cf111c09-1766-47c1-a65b-d295025d6300 27901177d15d4751846d46ff1fd08b9e 15169f4af00b44c6919aded6a3b12d0d - - default default] create failed (client error): Invalid input for target_tenant. Reason: 'None' is not a valid string.
2026-07-01 02:05:38.743 10 INFO neutron.wsgi [None req-cf111c09-1766-47c1-a65b-d295025d6300 27901177d15d4751846d46ff1fd08b9e 15169f4af00b44c6919aded6a3b12d0d - - default default] 10.0.0.206 "POST /v2.0/rbac-policies HTTP/1.1" status: 400 len: 346 time: 0.0086317
2026-07-01 02:05:38.977 10 INFO neutron.wsgi [None req-1f5177c0-c398-4f1b-ba94-deb42ebffb04 983592d47736485292fb6a03e57b87ae e187e22e8ee143f79a5fcaaf3ee07dc1 - - default default] 10.0.0.206 "DELETE /v2.0/security-groups/1cc96e45-2d06-48e3-a62e-d890ffeb9ce3 HTTP/1.1" status: 204 len: 168 time: 0.2803814
2026-07-01 02:05:39.151 9 INFO neutron.db.ovn_revision_numbers_db [None req-a85e96e2-9a19-4895-958c-253e826a6b0e f36d63a445ff4f01ad7cf257c484c69d c780f3ced8d04e0c9948f8c1d08120a6 - - default default] Successfully bumped revision number for resource e08c06d5-34a8-452b-a907-3ad5e6e32a78 (type: ports) to 2
2026-07-01 02:05:39.209 9 INFO neutron.db.ovn_revision_numbers_db [None req-a85e96e2-9a19-4895-958c-253e826a6b0e f36d63a445ff4f01ad7cf257c484c69d c780f3ced8d04e0c9948f8c1d08120a6 - - default default] Successfully bumped revision number for resource 9dc2b52e-d805-4422-8e6e-e8c3a3e4e6d5 (type: subnets) to 0
2026-07-01 02:05:39.260 9 INFO neutron.wsgi [None req-a85e96e2-9a19-4895-958c-253e826a6b0e f36d63a445ff4f01ad7cf257c484c69d c780f3ced8d04e0c9948f8c1d08120a6 - - default default] 10.0.0.206 "POST /v2.0/subnets HTTP/1.1" status: 201 len: 801 time: 1.3985312
2026-07-01 02:05:39.276 10 WARNING neutron_lib.context [None req-93bb15cf-8ca7-4de7-af5b-9da57de2bf06 f36d63a445ff4f01ad7cf257c484c69d c780f3ced8d04e0c9948f8c1d08120a6 - - default default] Method 'is_advsvc' is deprecated since 2023.2 release (neutron-lib 3.8.0) and will be removed once support for the old RBAC API policies will be removed from Neutron. Please use method 'is_service_role' instead.
2026-07-01 02:05:39.279 9 INFO neutron.wsgi [None req-15ede9c8-ce28-4af0-817f-9efdba88a8ef 983592d47736485292fb6a03e57b87ae e187e22e8ee143f79a5fcaaf3ee07dc1 - - default default] 10.0.0.206 "PUT /v2.0/routers/7b06c526-e140-4772-bfe4-8bbe43d6ee5c/remove_router_interface HTTP/1.1" status: 200 len: 503 time: 1.6424847
2026-07-01 02:05:39.307 9 WARNING neutron.plugins.ml2.drivers.ovn.mech_driver.ovsdb.ovn_client [None req-048e853a-c288-4bf9-a660-befce609003b - - - - - -] No port found with ID 474a3fe8-6e11-4161-9748-8218fdede57c: RuntimeError: No port found with ID 474a3fe8-6e11-4161-9748-8218fdede57c
2026-07-01 02:05:39.329 9 INFO neutron.db.ovn_revision_numbers_db [None req-966a4d0d-e5ee-4743-8015-47a7978ed710 983592d47736485292fb6a03e57b87ae e187e22e8ee143f79a5fcaaf3ee07dc1 - - default default] Successfully bumped revision number for resource 81e06af0-3ae8-4ab4-932b-77ea85d83870 (type: security_groups) to 1
2026-07-01 02:05:39.345 9 INFO neutron.db.ovn_revision_numbers_db [None req-966a4d0d-e5ee-4743-8015-47a7978ed710 983592d47736485292fb6a03e57b87ae e187e22e8ee143f79a5fcaaf3ee07dc1 - - default default] Successfully bumped revision number for resource 99b1c526-1227-4b6f-a93d-5cde4b60dbbd (type: security_group_rules) to 0
2026-07-01 02:05:39.361 9 INFO neutron.db.ovn_revision_numbers_db [None req-966a4d0d-e5ee-4743-8015-47a7978ed710 983592d47736485292fb6a03e57b87ae e187e22e8ee143f79a5fcaaf3ee07dc1 - - default default] Successfully bumped revision number for resource a874f481-10a0-4c4c-9ee9-fd4a7e385f36 (type: security_group_rules) to 0
2026-07-01 02:05:39.375 9 INFO neutron.db.ovn_revision_numbers_db [None req-966a4d0d-e5ee-4743-8015-47a7978ed710 983592d47736485292fb6a03e57b87ae e187e22e8ee143f79a5fcaaf3ee07dc1 - - default default] Successfully bumped revision number for resource b50e127c-d1c6-4196-a9ca-a908d32f5a46 (type: security_group_rules) to 0
2026-07-01 02:05:39.390 9 INFO neutron.db.ovn_revision_numbers_db [None req-966a4d0d-e5ee-4743-8015-47a7978ed710 983592d47736485292fb6a03e57b87ae e187e22e8ee143f79a5fcaaf3ee07dc1 - - default default] Successfully bumped revision number for resource e9dacceb-a0cc-4b2e-b717-fe30a8203728 (type: security_group_rules) to 0
2026-07-01 02:05:39.414 9 INFO neutron.wsgi [None req-966a4d0d-e5ee-4743-8015-47a7978ed710 983592d47736485292fb6a03e57b87ae e187e22e8ee143f79a5fcaaf3ee07dc1 - - default default] 10.0.0.206 "GET /v2.0/security-groups?tenant_id=c17a2dae470f43af9ad3833a6234a3f8&name=default HTTP/1.1" status: 200 len: 3120 time: 0.3241146 /var/lib/openstack/lib/python3.10/site-packages/pycadf/identifier.py:71: UserWarning: Invalid uuid: neutron. To ensure interoperability, identifiers should be a valid uuid. warnings.warn(('Invalid uuid: %s. To ensure interoperability, '
2026-07-01 02:05:39.593 10 INFO neutron.services.segments.plugin [-] Segment c1fefbd2-228b-4e66-a7ba-ecaa2a1514e2 resource provider aggregate not found
2026-07-01 02:05:39.600 10 INFO neutron.services.segments.plugin [-] Segment c1fefbd2-228b-4e66-a7ba-ecaa2a1514e2 resource provider aggregate not found
2026-07-01 02:05:39.614 10 INFO neutron.services.segments.plugin [-] Segment c1fefbd2-228b-4e66-a7ba-ecaa2a1514e2 resource provider not found; error: Placement Client Error (4xx): {"errors": [{"status": 404, "title": "Not Found", "detail": "The resource could not be found.\n\n No resource provider with uuid c1fefbd2-228b-4e66-a7ba-ecaa2a1514e2 found for delete ", "request_id": "req-8d1a2d62-7d4d-451e-8ba2-aa2036f26705"}]}
2026-07-01 02:05:39.615 10 INFO neutron.services.segments.plugin [-] Segment c1fefbd2-228b-4e66-a7ba-ecaa2a1514e2 resource provider not found; error: Placement Client Error (4xx): {"errors": [{"status": 404, "title": "Not Found", "detail": "The resource could not be found.\n\n No resource provider with uuid c1fefbd2-228b-4e66-a7ba-ecaa2a1514e2 found for delete ", "request_id": "req-fc4795d7-0ead-4087-9d4b-6d0926b134f0"}]}
2026-07-01 02:05:39.649 9 INFO neutron.wsgi [None req-38490ef1-35a2-4a7c-89a1-600888cc4b38 983592d47736485292fb6a03e57b87ae e187e22e8ee143f79a5fcaaf3ee07dc1 - - default default] 10.0.0.206 "DELETE /v2.0/security-groups/81e06af0-3ae8-4ab4-932b-77ea85d83870 HTTP/1.1" status: 204 len: 168 time: 0.2290998
2026-07-01 02:05:39.658 10 INFO neutron.wsgi [None req-63e0b66e-9565-461d-ad62-a54f269442f2 27901177d15d4751846d46ff1fd08b9e 15169f4af00b44c6919aded6a3b12d0d - - default default] 10.0.0.206 "DELETE /v2.0/networks/64963edc-085a-4fec-a586-d9334be26678 HTTP/1.1" status: 204 len: 168 time: 0.9111834
2026-07-01 02:05:39.738 10 INFO neutron.db.ovn_revision_numbers_db [None req-93bb15cf-8ca7-4de7-af5b-9da57de2bf06 f36d63a445ff4f01ad7cf257c484c69d c780f3ced8d04e0c9948f8c1d08120a6 - - default default] Successfully bumped revision number for resource 24732a35-2c28-4ad0-b4fb-d5769e3abbe1 (type: routers) to 1
2026-07-01 02:05:39.761 10 INFO neutron.wsgi [None req-93bb15cf-8ca7-4de7-af5b-9da57de2bf06 f36d63a445ff4f01ad7cf257c484c69d c780f3ced8d04e0c9948f8c1d08120a6 - - default default] 10.0.0.206 "POST /v2.0/routers HTTP/1.1" status: 201 len: 801 time: 0.4949999
2026-07-01 02:05:39.764 9 INFO neutron.db.segments_db [None req-17117b5e-c3ce-418b-8a51-438d79aaec89 27901177d15d4751846d46ff1fd08b9e 15169f4af00b44c6919aded6a3b12d0d - - default default] Added segment 2136602e-00da-4b4b-b592-562787701c93 of type geneve for network 90883136-f143-4c0d-89f7-b050cc02bdb4
2026-07-01 02:05:39.959 9 INFO neutron.db.ovn_revision_numbers_db [None req-17117b5e-c3ce-418b-8a51-438d79aaec89 27901177d15d4751846d46ff1fd08b9e 15169f4af00b44c6919aded6a3b12d0d - - default default] Successfully bumped revision number for resource 90883136-f143-4c0d-89f7-b050cc02bdb4 (type: networks) to 1
2026-07-01 02:05:40.040 9 INFO neutron.db.ovn_revision_numbers_db [None req-ee586a98-4bb5-4bae-a10c-0b8daa170c84 983592d47736485292fb6a03e57b87ae e187e22e8ee143f79a5fcaaf3ee07dc1 - - default default] Successfully bumped revision number for resource 99305abe-ad0a-442d-bf2e-a2862a0bbc8b (type: security_groups) to 1
2026-07-01 02:05:40.062 9 INFO neutron.db.ovn_revision_numbers_db [None req-ee586a98-4bb5-4bae-a10c-0b8daa170c84 983592d47736485292fb6a03e57b87ae e187e22e8ee143f79a5fcaaf3ee07dc1 - - default default] Successfully bumped revision number for resource 61532a52-e681-4880-94e2-39408379c863 (type: security_group_rules) to 0
2026-07-01 02:05:40.078 9 INFO neutron.db.ovn_revision_numbers_db [None req-ee586a98-4bb5-4bae-a10c-0b8daa170c84 983592d47736485292fb6a03e57b87ae e187e22e8ee143f79a5fcaaf3ee07dc1 - - default default] Successfully bumped revision number for resource 6a901a5b-b16d-4d0d-8912-39f0e0dc5b30 (type: security_group_rules) to 0
2026-07-01 02:05:40.102 9 INFO neutron.db.ovn_revision_numbers_db [None req-ee586a98-4bb5-4bae-a10c-0b8daa170c84 983592d47736485292fb6a03e57b87ae e187e22e8ee143f79a5fcaaf3ee07dc1 - - default default] Successfully bumped revision number for resource 8600119d-6093-4cb1-ba0f-cf0a363792fc (type: security_group_rules) to 0
2026-07-01 02:05:40.119 9 INFO neutron.db.ovn_revision_numbers_db [None req-ee586a98-4bb5-4bae-a10c-0b8daa170c84 983592d47736485292fb6a03e57b87ae e187e22e8ee143f79a5fcaaf3ee07dc1 - - default default] Successfully bumped revision number for resource 966c8ab8-de85-4a8b-ac42-892a471cbb17 (type: security_group_rules) to 0
2026-07-01 02:05:40.149 9 INFO neutron.wsgi [None req-ee586a98-4bb5-4bae-a10c-0b8daa170c84 983592d47736485292fb6a03e57b87ae e187e22e8ee143f79a5fcaaf3ee07dc1 - - default default] 10.0.0.206 "GET /v2.0/security-groups?tenant_id=6db53ab530c646d5b6b4a25aea8e7df5&name=default HTTP/1.1" status: 200 len: 3120 time: 0.3478761
2026-07-01 02:05:40.172 9 WARNING neutron.scheduler.dhcp_agent_scheduler [None req-17117b5e-c3ce-418b-8a51-438d79aaec89 27901177d15d4751846d46ff1fd08b9e 15169f4af00b44c6919aded6a3b12d0d - - default default] No more DHCP agents
2026-07-01 02:05:40.176 9 WARNING neutron.api.rpc.agentnotifiers.dhcp_rpc_agent_api [None req-17117b5e-c3ce-418b-8a51-438d79aaec89 27901177d15d4751846d46ff1fd08b9e 15169f4af00b44c6919aded6a3b12d0d - - default default] Unable to schedule network 90883136-f143-4c0d-89f7-b050cc02bdb4: no agents available; will retry on subsequent port and subnet creation events.
2026-07-01 02:05:40.297 9 INFO neutron.db.ovn_revision_numbers_db [None req-17117b5e-c3ce-418b-8a51-438d79aaec89 27901177d15d4751846d46ff1fd08b9e 15169f4af00b44c6919aded6a3b12d0d - - default default] Successfully bumped revision number for resource c7997468-5bb2-4cdf-856d-1eec70a40f90 (type: ports) to 1
2026-07-01 02:05:40.333 9 INFO neutron.wsgi [None req-17117b5e-c3ce-418b-8a51-438d79aaec89 27901177d15d4751846d46ff1fd08b9e 15169f4af00b44c6919aded6a3b12d0d - - default default] 10.0.0.206 "POST /v2.0/networks HTTP/1.1" status: 201 len: 928 time: 0.6665676
2026-07-01 02:05:40.349 10 WARNING neutron.scheduler.dhcp_agent_scheduler [None req-c2bb9935-1508-4846-b3c5-975df40dfcaf f36d63a445ff4f01ad7cf257c484c69d c780f3ced8d04e0c9948f8c1d08120a6 - - default default] No more DHCP agents
2026-07-01 02:05:40.354 10 WARNING neutron.api.rpc.agentnotifiers.dhcp_rpc_agent_api [None req-c2bb9935-1508-4846-b3c5-975df40dfcaf f36d63a445ff4f01ad7cf257c484c69d c780f3ced8d04e0c9948f8c1d08120a6 - - default default] Unable to schedule network c757e892-ee45-48bc-b423-9cbbebcddc3b: no agents available; will retry on subsequent port and subnet creation events.
2026-07-01 02:05:40.535 9 INFO neutron.wsgi [None req-9d913802-1d99-4e60-bc31-2e8856546082 983592d47736485292fb6a03e57b87ae e187e22e8ee143f79a5fcaaf3ee07dc1 - - default default] 10.0.0.206 "DELETE /v2.0/security-groups/99305abe-ad0a-442d-bf2e-a2862a0bbc8b HTTP/1.1" status: 204 len: 168 time: 0.3788872
2026-07-01 02:05:40.553 9 WARNING neutron.scheduler.dhcp_agent_scheduler [None req-a8d5f209-d0b9-436a-a14a-83e12b920517 27901177d15d4751846d46ff1fd08b9e 15169f4af00b44c6919aded6a3b12d0d - - default default] No more DHCP agents
2026-07-01 02:05:40.556 9 WARNING neutron.api.rpc.agentnotifiers.dhcp_rpc_agent_api [None req-a8d5f209-d0b9-436a-a14a-83e12b920517 27901177d15d4751846d46ff1fd08b9e 15169f4af00b44c6919aded6a3b12d0d - - default default] Unable to schedule network 90883136-f143-4c0d-89f7-b050cc02bdb4: no agents available; will retry on subsequent port and subnet creation events.
2026-07-01 02:05:40.921 10 INFO neutron.db.ovn_revision_numbers_db [None req-c2bb9935-1508-4846-b3c5-975df40dfcaf f36d63a445ff4f01ad7cf257c484c69d c780f3ced8d04e0c9948f8c1d08120a6 - - default default] Successfully bumped revision number for resource a3e2ad6a-bbe3-4bae-9cff-4262aa2675a5 (type: ports) to 1
2026-07-01 02:05:40.985 10 INFO neutron.wsgi [None req-2b972c34-0f0f-4e5a-8410-94d6fef6033b 983592d47736485292fb6a03e57b87ae e187e22e8ee143f79a5fcaaf3ee07dc1 - - default default] 10.0.0.206 "DELETE /v2.0/routers/7b06c526-e140-4772-bfe4-8bbe43d6ee5c HTTP/1.1" status: 204 len: 168 time: 1.6982644
2026-07-01 02:05:41.064 9 INFO neutron.db.ovn_revision_numbers_db [None req-a8d5f209-d0b9-436a-a14a-83e12b920517 27901177d15d4751846d46ff1fd08b9e 15169f4af00b44c6919aded6a3b12d0d - - default default] Successfully bumped revision number for resource c7997468-5bb2-4cdf-856d-1eec70a40f90 (type: ports) to 2
2026-07-01 02:05:41.109 9 INFO neutron.db.ovn_revision_numbers_db [None req-a8d5f209-d0b9-436a-a14a-83e12b920517 27901177d15d4751846d46ff1fd08b9e 15169f4af00b44c6919aded6a3b12d0d - - default default] Successfully bumped revision number for resource 8adff558-6490-41fa-805b-a43952b115cf (type: subnets) to 0
2026-07-01 02:05:41.126 9 INFO neutron.wsgi [None req-a8d5f209-d0b9-436a-a14a-83e12b920517 27901177d15d4751846d46ff1fd08b9e 15169f4af00b44c6919aded6a3b12d0d - - default default] 10.0.0.206 "POST /v2.0/subnets HTTP/1.1" status: 201 len: 822 time: 0.7819877
2026-07-01 02:05:41.135 9 WARNING neutron.api.v2.base [None req-758bf1d2-3ff8-4804-931d-daa23d6777b5 27901177d15d4751846d46ff1fd08b9e 15169f4af00b44c6919aded6a3b12d0d - - default default] An exception happened while processing the request body. The exception message is [Invalid input for target_tenant. Reason: '1234123412341234123412341234123412341234123412341234123412341234123412341234123412341234123412341234123412341234123412341234123412341234123412341234123412341234123412341234123412341234123412341234123412341234123412341234123412341234123412341234123412341234123412341234123412341234123412341234123412341234123412341234123412341234123412341234123412341234123412341234123412341234123412341234123412341234' exceeds maximum length of 255.].: webob.exc.HTTPBadRequest: Invalid input for target_tenant. Reason: '1234123412341234123412341234123412341234123412341234123412341234123412341234123412341234123412341234123412341234123412341234123412341234123412341234123412341234123412341234123412341234123412341234123412341234123412341234123412341234123412341234123412341234123412341234123412341234123412341234123412341234123412341234123412341234123412341234123412341234123412341234123412341234123412341234123412341234' exceeds maximum length of 255.
2026-07-01 02:05:41.136 9 INFO neutron.api.v2.resource [None req-758bf1d2-3ff8-4804-931d-daa23d6777b5 27901177d15d4751846d46ff1fd08b9e 15169f4af00b44c6919aded6a3b12d0d - - default default] create failed (client error): Invalid input for target_tenant. Reason: '1234123412341234123412341234123412341234123412341234123412341234123412341234123412341234123412341234123412341234123412341234123412341234123412341234123412341234123412341234123412341234123412341234123412341234123412341234123412341234123412341234123412341234123412341234123412341234123412341234123412341234123412341234123412341234123412341234123412341234123412341234123412341234123412341234123412341234' exceeds maximum length of 255.
2026-07-01 02:05:41.137 9 INFO neutron.wsgi [None req-758bf1d2-3ff8-4804-931d-daa23d6777b5 27901177d15d4751846d46ff1fd08b9e 15169f4af00b44c6919aded6a3b12d0d - - default default] 10.0.0.206 "POST /v2.0/rbac-policies HTTP/1.1" status: 400 len: 750 time: 0.0068908
2026-07-01 02:05:41.285 10 INFO neutron.wsgi [None req-d29272e0-285b-4036-af97-b4d131a1ef34 983592d47736485292fb6a03e57b87ae e187e22e8ee143f79a5fcaaf3ee07dc1 - - default default] 10.0.0.206 "DELETE /v2.0/subnets/81c5e233-b0dd-4eb8-9356-d3333d60a214 HTTP/1.1" status: 204 len: 168 time: 0.2935822
2026-07-01 02:05:41.513 10 ERROR ovsdbapp.backend.ovs_idl.command [None req-c2bb9935-1508-4846-b3c5-975df40dfcaf f36d63a445ff4f01ad7cf257c484c69d c780f3ced8d04e0c9948f8c1d08120a6 - - default default] Error executing command (DbGetCommand): ovsdbapp.backend.ovs_idl.idlutils.RowNotFound: Cannot find Logical_Router_Port with name=lrp-a3e2ad6a-bbe3-4bae-9cff-4262aa2675a5
2026-07-01 02:05:41.513 10 ERROR ovsdbapp.backend.ovs_idl.command
Traceback (most recent call last):
2026-07-01 02:05:41.513 10 ERROR ovsdbapp.backend.ovs_idl.command
File "/var/lib/openstack/lib/python3.10/site-packages/ovsdbapp/backend/ovs_idl/command.py", line 47, in execute
2026-07-01 02:05:41.513 10 ERROR ovsdbapp.backend.ovs_idl.command self.run_idl(None)
2026-07-01 02:05:41.513 10 ERROR ovsdbapp.backend.ovs_idl.command
File "/var/lib/openstack/lib/python3.10/site-packages/ovsdbapp/backend/ovs_idl/command.py", line 235, in run_idl
2026-07-01 02:05:41.513 10 ERROR ovsdbapp.backend.ovs_idl.command record = self.api.lookup(self.table, self.record)
2026-07-01 02:05:41.513 10 ERROR ovsdbapp.backend.ovs_idl.command
File "/var/lib/openstack/lib/python3.10/site-packages/ovsdbapp/backend/ovs_idl/__init__.py", line 184, in lookup
2026-07-01 02:05:41.513 10 ERROR ovsdbapp.backend.ovs_idl.command return self._lookup(table, record)
2026-07-01 02:05:41.513 10 ERROR ovsdbapp.backend.ovs_idl.command
File "/var/lib/openstack/lib/python3.10/site-packages/ovsdbapp/backend/ovs_idl/__init__.py", line 235, in _lookup
2026-07-01 02:05:41.513 10 ERROR ovsdbapp.backend.ovs_idl.command row = idlutils.row_by_value(self, rl.table, rl.column, record)
2026-07-01 02:05:41.513 10 ERROR ovsdbapp.backend.ovs_idl.command
File "/var/lib/openstack/lib/python3.10/site-packages/ovsdbapp/backend/ovs_idl/idlutils.py", line 114, in row_by_value
2026-07-01 02:05:41.513 10 ERROR ovsdbapp.backend.ovs_idl.command raise RowNotFound(table=table, col=column, match=match)
2026-07-01 02:05:41.513 10 ERROR ovsdbapp.backend.ovs_idl.command ovsdbapp.backend.ovs_idl.idlutils.RowNotFound: Cannot find Logical_Router_Port with name=lrp-a3e2ad6a-bbe3-4bae-9cff-4262aa2675a5
2026-07-01 02:05:41.513 10 ERROR ovsdbapp.backend.ovs_idl.command 
2026-07-01 02:05:41.514 10 ERROR neutron_lib.callbacks.manager [None req-c2bb9935-1508-4846-b3c5-975df40dfcaf f36d63a445ff4f01ad7cf257c484c69d c780f3ced8d04e0c9948f8c1d08120a6 - - default default] Error during notification for neutron.services.ovn_l3.plugin.OVNL3RouterPlugin._port_update-8753434905318 port, after_update: ovsdbapp.backend.ovs_idl.idlutils.RowNotFound: Cannot find Logical_Router_Port with name=lrp-a3e2ad6a-bbe3-4bae-9cff-4262aa2675a5
2026-07-01 02:05:41.514 10 ERROR neutron_lib.callbacks.manager
Traceback (most recent call last):
2026-07-01 02:05:41.514 10 ERROR neutron_lib.callbacks.manager
File "/var/lib/openstack/lib/python3.10/site-packages/neutron_lib/callbacks/manager.py", line 189, in _notify_loop
2026-07-01 02:05:41.514 10 ERROR neutron_lib.callbacks.manager callback.method(resource, event, trigger, payload=payload)
2026-07-01 02:05:41.514 10 ERROR neutron_lib.callbacks.manager
File "/var/lib/openstack/lib/python3.10/site-packages/neutron/services/ovn_l3/plugin.py", line 391, in _port_update
2026-07-01 02:05:41.514 10 ERROR neutron_lib.callbacks.manager l3plugin._ovn_client.update_router_port(context,
2026-07-01 02:05:41.514 10 ERROR neutron_lib.callbacks.manager
File "/var/lib/openstack/lib/python3.10/site-packages/neutron/plugins/ml2/drivers/ovn/mech_driver/ovsdb/ovn_client.py", line 1878, in update_router_port
2026-07-01 02:05:41.514 10 ERROR neutron_lib.callbacks.manager self._update_lrouter_port(context, port, if_exists=if_exists,
2026-07-01 02:05:41.514 10 ERROR neutron_lib.callbacks.manager
File "/var/lib/openstack/lib/python3.10/site-packages/neutron/plugins/ml2/drivers/ovn/mech_driver/ovsdb/ovn_client.py", line 1855, in _update_lrouter_port
2026-07-01 02:05:41.514 10 ERROR neutron_lib.callbacks.manager external_ids = self._nb_idl.db_get(
2026-07-01 02:05:41.514 10 ERROR neutron_lib.callbacks.manager
File "/var/lib/openstack/lib/python3.10/site-packages/ovsdbapp/backend/ovs_idl/command.py", line 47, in execute
2026-07-01 02:05:41.514 10 ERROR neutron_lib.callbacks.manager self.run_idl(None)
2026-07-01 02:05:41.514 10 ERROR neutron_lib.callbacks.manager
File "/var/lib/openstack/lib/python3.10/site-packages/ovsdbapp/backend/ovs_idl/command.py", line 235, in run_idl
2026-07-01 02:05:41.514 10 ERROR neutron_lib.callbacks.manager record = self.api.lookup(self.table, self.record)
2026-07-01 02:05:41.514 10 ERROR neutron_lib.callbacks.manager
File "/var/lib/openstack/lib/python3.10/site-packages/ovsdbapp/backend/ovs_idl/__init__.py", line 184, in lookup
2026-07-01 02:05:41.514 10 ERROR neutron_lib.callbacks.manager return self._lookup(table, record)
2026-07-01 02:05:41.514 10 ERROR neutron_lib.callbacks.manager
File "/var/lib/openstack/lib/python3.10/site-packages/ovsdbapp/backend/ovs_idl/__init__.py", line 235, in _lookup
2026-07-01 02:05:41.514 10 ERROR neutron_lib.callbacks.manager row = idlutils.row_by_value(self, rl.table, rl.column, record)
2026-07-01 02:05:41.514 10 ERROR neutron_lib.callbacks.manager
File "/var/lib/openstack/lib/python3.10/site-packages/ovsdbapp/backend/ovs_idl/idlutils.py", line 114, in row_by_value
2026-07-01 02:05:41.514 10 ERROR neutron_lib.callbacks.manager raise RowNotFound(table=table, col=column, match=match)
2026-07-01 02:05:41.514 10 ERROR neutron_lib.callbacks.manager ovsdbapp.backend.ovs_idl.idlutils.RowNotFound: Cannot find Logical_Router_Port with name=lrp-a3e2ad6a-bbe3-4bae-9cff-4262aa2675a5
2026-07-01 02:05:41.514 10 ERROR neutron_lib.callbacks.manager 
2026-07-01 02:05:41.755 9 INFO neutron.plugins.ml2.drivers.ovn.mech_driver.mech_driver [None req-048e853a-c288-4bf9-a660-befce609003b - - - - - -] OVN reports status up for port: a3e2ad6a-bbe3-4bae-9cff-4262aa2675a5
2026-07-01 02:05:41.769 9 INFO neutron.plugins.ml2.plugin [None req-048e853a-c288-4bf9-a660-befce609003b - - - - - -] Attempt 1 to provision port a3e2ad6a-bbe3-4bae-9cff-4262aa2675a5
2026-07-01 02:05:41.793 10 INFO neutron.db.ovn_revision_numbers_db [None req-c2bb9935-1508-4846-b3c5-975df40dfcaf f36d63a445ff4f01ad7cf257c484c69d c780f3ced8d04e0c9948f8c1d08120a6 - - default default] Successfully bumped revision number for resource a3e2ad6a-bbe3-4bae-9cff-4262aa2675a5 (type: ports) to 1
2026-07-01 02:05:41.823 10 INFO neutron.services.segments.plugin [-] Segment 6d021112-adfa-414d-8625-45867609d6b3 resource provider aggregate not found
2026-07-01 02:05:41.827 10 INFO neutron.services.segments.plugin [-] Segment 6d021112-adfa-414d-8625-45867609d6b3 resource provider aggregate not found
2026-07-01 02:05:41.850 10 INFO neutron.services.segments.plugin [-] Segment 6d021112-adfa-414d-8625-45867609d6b3 resource provider not found; error: Placement Client Error (4xx): {"errors": [{"status": 404, "title": "Not Found", "detail": "The resource could not be found.\n\n No resource provider with uuid 6d021112-adfa-414d-8625-45867609d6b3 found for delete ", "request_id": "req-47db32de-bd78-4800-8985-5d1a2bebdc30"}]}
2026-07-01 02:05:41.851 10 INFO neutron.services.segments.plugin [-] Segment 6d021112-adfa-414d-8625-45867609d6b3 resource provider not found; error: Placement Client Error (4xx): {"errors": [{"status": 404, "title": "Not Found", "detail": "The resource could not be found.\n\n No resource provider with uuid 6d021112-adfa-414d-8625-45867609d6b3 found for delete ", "request_id": "req-87ba0806-4df2-4c89-8c0c-c8755d18f357"}]}
2026-07-01 02:05:41.889 10 INFO neutron.wsgi [None req-2afa6599-3856-46ca-9778-16e16a14dc47 983592d47736485292fb6a03e57b87ae e187e22e8ee143f79a5fcaaf3ee07dc1 - - default default] 10.0.0.206 "DELETE /v2.0/networks/4d3367a3-31d7-4bfe-ba4a-844c79c16c51 HTTP/1.1" status: 204 len: 168 time: 0.5988858
2026-07-01 02:05:41.902 10 WARNING neutron.scheduler.dhcp_agent_scheduler [None req-c2bb9935-1508-4846-b3c5-975df40dfcaf f36d63a445ff4f01ad7cf257c484c69d c780f3ced8d04e0c9948f8c1d08120a6 - - default default] No more DHCP agents
2026-07-01 02:05:41.904 10 WARNING neutron.api.rpc.agentnotifiers.dhcp_rpc_agent_api [None req-c2bb9935-1508-4846-b3c5-975df40dfcaf f36d63a445ff4f01ad7cf257c484c69d c780f3ced8d04e0c9948f8c1d08120a6 - - default default] Unable to schedule network c757e892-ee45-48bc-b423-9cbbebcddc3b: no agents available; will retry on subsequent port and subnet creation events.
2026-07-01 02:05:41.991 9 INFO neutron.services.segments.plugin [-] Segment 2136602e-00da-4b4b-b592-562787701c93 resource provider aggregate not found
2026-07-01 02:05:41.995 9 INFO neutron.services.segments.plugin [-] Segment 2136602e-00da-4b4b-b592-562787701c93 resource provider aggregate not found
2026-07-01 02:05:42.008 9 INFO neutron.services.segments.plugin [-] Segment 2136602e-00da-4b4b-b592-562787701c93 resource provider not found; error: Placement Client Error (4xx): {"errors": [{"status": 404, "title": "Not Found", "detail": "The resource could not be found.\n\n No resource provider with uuid 2136602e-00da-4b4b-b592-562787701c93 found for delete ", "request_id": "req-0abecb48-a59d-4cc2-9b5f-ea3272e1321a"}]}
2026-07-01 02:05:42.011 9 INFO neutron.services.segments.plugin [-] Segment 2136602e-00da-4b4b-b592-562787701c93 resource provider not found; error: Placement Client Error (4xx): {"errors": [{"status": 404, "title": "Not Found", "detail": "The resource could not be found.\n\n No resource provider with uuid 2136602e-00da-4b4b-b592-562787701c93 found for delete ", "request_id": "req-ad9935e4-81ec-40ea-8547-a9c0705bb17d"}]}
2026-07-01 02:05:42.048 10 INFO neutron.wsgi [None req-d163022e-d17d-49ad-883b-29e1e44196a9 983592d47736485292fb6a03e57b87ae e187e22e8ee143f79a5fcaaf3ee07dc1 - - default default] 10.0.0.206 "GET /v2.0/security-groups?tenant_id=a4e01b7560224fa0ab439d92bc4c3208&name=default HTTP/1.1" status: 200 len: 3120 time: 0.0595760
2026-07-01 02:05:42.051 9 INFO neutron.wsgi [None req-fb73842d-a26f-49ec-a3f5-952abcd22549 27901177d15d4751846d46ff1fd08b9e 15169f4af00b44c6919aded6a3b12d0d - - default default] 10.0.0.206 "DELETE /v2.0/networks/90883136-f143-4c0d-89f7-b050cc02bdb4 HTTP/1.1" status: 204 len: 168 time: 0.9081142
2026-07-01 02:05:42.085 10 INFO neutron.db.ovn_revision_numbers_db [None req-c2bb9935-1508-4846-b3c5-975df40dfcaf f36d63a445ff4f01ad7cf257c484c69d c780f3ced8d04e0c9948f8c1d08120a6 - - default default] Successfully bumped revision number for resource a3e2ad6a-bbe3-4bae-9cff-4262aa2675a5 (type: router_ports) to 1
2026-07-01 02:05:42.091 10 INFO neutron.wsgi [None req-c2bb9935-1508-4846-b3c5-975df40dfcaf f36d63a445ff4f01ad7cf257c484c69d c780f3ced8d04e0c9948f8c1d08120a6 - - default default] 10.0.0.206 "PUT /v2.0/routers/24732a35-2c28-4ad0-b4fb-d5769e3abbe1/add_router_interface HTTP/1.1" status: 200 len: 503 time: 2.3235996
2026-07-01 02:05:42.182 10 INFO neutron.wsgi [None req-ad638a26-b557-4c09-b2b8-7388704d11e3 f36d63a445ff4f01ad7cf257c484c69d c780f3ced8d04e0c9948f8c1d08120a6 - - default default] 10.0.0.206 "GET /v2.0/ports/a3e2ad6a-bbe3-4bae-9cff-4262aa2675a5 HTTP/1.1" status: 200 len: 1137 time: 0.0863605
2026-07-01 02:05:42.186 10 INFO neutron.db.segments_db [None req-ecf6fa5e-8540-47d5-a092-5a980f0940b7 27901177d15d4751846d46ff1fd08b9e 15169f4af00b44c6919aded6a3b12d0d - - default default] Added segment 645f359a-e3ad-4748-8ee1-2698a6d2151c of type geneve for network e542b99c-5aa6-4ed1-ba69-f42486234dfc
2026-07-01 02:05:42.247 10 INFO neutron.wsgi [None req-f52def7c-f728-4caa-a956-bdbe39d37d89 f36d63a445ff4f01ad7cf257c484c69d c780f3ced8d04e0c9948f8c1d08120a6 - - default default] 10.0.0.206 "GET /v2.0/ports/a3e2ad6a-bbe3-4bae-9cff-4262aa2675a5 HTTP/1.1" status: 200 len: 1137 time: 0.0561447
2026-07-01 02:05:42.299 9 INFO neutron.db.ovn_revision_numbers_db [None req-048e853a-c288-4bf9-a660-befce609003b - - - - - -] Successfully bumped revision number for resource a3e2ad6a-bbe3-4bae-9cff-4262aa2675a5 (type: ports) to 2
2026-07-01 02:05:42.403 9 INFO neutron.wsgi [None req-9cb0a165-8a0d-4a7f-8cea-a01dcefe5ef3 983592d47736485292fb6a03e57b87ae e187e22e8ee143f79a5fcaaf3ee07dc1 - - default default] 10.0.0.206 "DELETE /v2.0/security-groups/d9a66607-3fca-4705-989e-4623f1495786 HTTP/1.1" status: 204 len: 168 time: 0.3492820
2026-07-01 02:05:42.451 10 INFO neutron.db.ovn_revision_numbers_db [None req-ecf6fa5e-8540-47d5-a092-5a980f0940b7 27901177d15d4751846d46ff1fd08b9e 15169f4af00b44c6919aded6a3b12d0d - - default default] Successfully bumped revision number for resource e542b99c-5aa6-4ed1-ba69-f42486234dfc (type: networks) to 1
2026-07-01 02:05:42.453 9 INFO neutron.db.ovn_revision_numbers_db [None req-048e853a-c288-4bf9-a660-befce609003b - - - - - -] Successfully bumped revision number for resource a3e2ad6a-bbe3-4bae-9cff-4262aa2675a5 (type: router_ports) to 2
2026-07-01 02:05:42.673 10 WARNING neutron.scheduler.dhcp_agent_scheduler [None req-ecf6fa5e-8540-47d5-a092-5a980f0940b7 27901177d15d4751846d46ff1fd08b9e 15169f4af00b44c6919aded6a3b12d0d - - default default] No more DHCP agents
2026-07-01 02:05:42.678 10 WARNING neutron.api.rpc.agentnotifiers.dhcp_rpc_agent_api [None req-ecf6fa5e-8540-47d5-a092-5a980f0940b7 27901177d15d4751846d46ff1fd08b9e 15169f4af00b44c6919aded6a3b12d0d - - default default] Unable to schedule network e542b99c-5aa6-4ed1-ba69-f42486234dfc: no agents available; will retry on subsequent port and subnet creation events.
2026-07-01 02:05:42.790 10 INFO neutron.db.ovn_revision_numbers_db [None req-ecf6fa5e-8540-47d5-a092-5a980f0940b7 27901177d15d4751846d46ff1fd08b9e 15169f4af00b44c6919aded6a3b12d0d - - default default] Successfully bumped revision number for resource a3445e93-5621-4aea-9d72-42c464c32768 (type: ports) to 1
2026-07-01 02:05:42.826 10 INFO neutron.wsgi [None req-ecf6fa5e-8540-47d5-a092-5a980f0940b7 27901177d15d4751846d46ff1fd08b9e 15169f4af00b44c6919aded6a3b12d0d - - default default] 10.0.0.206 "POST /v2.0/networks HTTP/1.1" status: 201 len: 929 time: 0.7629023
2026-07-01 02:05:43.002 9 WARNING neutron.scheduler.dhcp_agent_scheduler [None req-306a3ac3-ebaa-41c6-a02b-7558f3743663 27901177d15d4751846d46ff1fd08b9e 15169f4af00b44c6919aded6a3b12d0d - - default default] No more DHCP agents
2026-07-01 02:05:43.004 9 WARNING neutron.api.rpc.agentnotifiers.dhcp_rpc_agent_api [None req-306a3ac3-ebaa-41c6-a02b-7558f3743663 27901177d15d4751846d46ff1fd08b9e 15169f4af00b44c6919aded6a3b12d0d - - default default] Unable to schedule network e542b99c-5aa6-4ed1-ba69-f42486234dfc: no agents available; will retry on subsequent port and subnet creation events.
2026-07-01 02:05:43.123 10 INFO neutron.wsgi [None req-622a0c45-4b78-4fe5-967a-c4802a4bfca5 f36d63a445ff4f01ad7cf257c484c69d c780f3ced8d04e0c9948f8c1d08120a6 - - default default] 10.0.0.206 "PUT /v2.0/routers/24732a35-2c28-4ad0-b4fb-d5769e3abbe1/remove_router_interface HTTP/1.1" status: 200 len: 503 time: 0.8620803 /var/lib/openstack/lib/python3.10/site-packages/pycadf/identifier.py:71: UserWarning: Invalid uuid: neutron. To ensure interoperability, identifiers should be a valid uuid. warnings.warn(('Invalid uuid: %s. To ensure interoperability, '
2026-07-01 02:05:43.156 10 INFO neutron.wsgi [None req-6fb8b376-8430-41a6-89cd-bfb2d3c63139 f36d63a445ff4f01ad7cf257c484c69d c780f3ced8d04e0c9948f8c1d08120a6 - - default default] 10.0.0.206 "GET /v2.0/ports?device_id=24732a35-2c28-4ad0-b4fb-d5769e3abbe1 HTTP/1.1" status: 200 len: 205 time: 0.0281188
2026-07-01 02:05:43.530 9 INFO neutron.db.ovn_revision_numbers_db [None req-306a3ac3-ebaa-41c6-a02b-7558f3743663 27901177d15d4751846d46ff1fd08b9e 15169f4af00b44c6919aded6a3b12d0d - - default default] Successfully bumped revision number for resource a3445e93-5621-4aea-9d72-42c464c32768 (type: ports) to 2
2026-07-01 02:05:43.564 9 INFO neutron.db.ovn_revision_numbers_db [None req-306a3ac3-ebaa-41c6-a02b-7558f3743663 27901177d15d4751846d46ff1fd08b9e 15169f4af00b44c6919aded6a3b12d0d - - default default] Successfully bumped revision number for resource 0178586b-c5c5-4728-a684-631ed2cecce5 (type: subnets) to 0
2026-07-01 02:05:43.586 9 INFO neutron.wsgi [None req-306a3ac3-ebaa-41c6-a02b-7558f3743663 27901177d15d4751846d46ff1fd08b9e 15169f4af00b44c6919aded6a3b12d0d - - default default] 10.0.0.206 "POST /v2.0/subnets HTTP/1.1" status: 201 len: 822 time: 0.7496829
2026-07-01 02:05:43.666 10 INFO neutron.wsgi [None req-ed8c2ffe-52dd-4f5a-b891-070f6cde2656 f36d63a445ff4f01ad7cf257c484c69d c780f3ced8d04e0c9948f8c1d08120a6 - - default default] 10.0.0.206 "DELETE /v2.0/routers/24732a35-2c28-4ad0-b4fb-d5769e3abbe1 HTTP/1.1" status: 204 len: 168 time: 0.5043943
2026-07-01 02:05:43.874 9 INFO neutron.wsgi [None req-fba19a0c-60d2-4a69-9dfc-5e6714e9f49c 27901177d15d4751846d46ff1fd08b9e 15169f4af00b44c6919aded6a3b12d0d - - default default] 10.0.0.206 "POST /v2.0/rbac-policies HTTP/1.1" status: 201 len: 523 time: 0.2834561
2026-07-01 02:05:43.875 10 INFO neutron.wsgi [None req-ad8e794a-1ba0-4c86-bfb2-8dd5bae3c61c f36d63a445ff4f01ad7cf257c484c69d c780f3ced8d04e0c9948f8c1d08120a6 - - default default] 10.0.0.206 "DELETE /v2.0/subnets/9dc2b52e-d805-4422-8e6e-e8c3a3e4e6d5 HTTP/1.1" status: 204 len: 168 time: 0.2048185
2026-07-01 02:05:44.211 10 INFO neutron.services.segments.plugin [-] Segment 3947c77b-825e-4575-be58-13d4cea10faf resource provider aggregate not found
2026-07-01 02:05:44.217 10 INFO neutron.services.segments.plugin [-] Segment 3947c77b-825e-4575-be58-13d4cea10faf resource provider aggregate not found
2026-07-01 02:05:44.242 10 INFO neutron.services.segments.plugin [-] Segment 3947c77b-825e-4575-be58-13d4cea10faf resource provider not found; error: Placement Client Error (4xx): {"errors": [{"status": 404, "title": "Not Found", "detail": "The resource could not be found.\n\n No resource provider with uuid 3947c77b-825e-4575-be58-13d4cea10faf found for delete ", "request_id": "req-9aed9c9b-c76a-464c-adb7-0d14f272a29c"}]}
2026-07-01 02:05:44.243 10 INFO neutron.services.segments.plugin [-] Segment 3947c77b-825e-4575-be58-13d4cea10faf resource provider not found; error: Placement Client Error (4xx): {"errors": [{"status": 404, "title": "Not Found", "detail": "The resource could not be found.\n\n No resource provider with uuid 3947c77b-825e-4575-be58-13d4cea10faf found for delete ", "request_id": "req-57864222-6508-4db2-b3e3-07fab4960043"}]}
2026-07-01 02:05:44.284 10 INFO neutron.wsgi [None req-6986af27-7fbf-427f-b419-94f6abf696a3 f36d63a445ff4f01ad7cf257c484c69d c780f3ced8d04e0c9948f8c1d08120a6 - - default default] 10.0.0.206 "DELETE /v2.0/networks/c757e892-ee45-48bc-b423-9cbbebcddc3b HTTP/1.1" status: 204 len: 168 time: 0.4053829
2026-07-01 02:05:44.297 10 WARNING neutron_lib.context [None req-b6b29974-5fea-4860-a627-f7f678194e10 f36d63a445ff4f01ad7cf257c484c69d c780f3ced8d04e0c9948f8c1d08120a6 - - default default] Method 'is_advsvc' is deprecated since 2023.2 release (neutron-lib 3.8.0) and will be removed once support for the old RBAC API policies will be removed from Neutron. Please use method 'is_service_role' instead.
2026-07-01 02:05:44.421 9 INFO neutron.wsgi [None req-f1817c52-4688-4282-88a4-e8d42f42a1ee b463bfb144f442bda6d58e9eb0c88a29 947ef56355d94cea9c5b1872a13c2380 - - default default] 10.0.0.206 "GET /v2.0/networks/e542b99c-5aa6-4ed1-ba69-f42486234dfc HTTP/1.1" status: 200 len: 849 time: 0.1838136
2026-07-01 02:05:44.768 10 WARNING neutron.scheduler.dhcp_agent_scheduler [None req-b6b29974-5fea-4860-a627-f7f678194e10 f36d63a445ff4f01ad7cf257c484c69d c780f3ced8d04e0c9948f8c1d08120a6 - - default default] No more DHCP agents
2026-07-01 02:05:44.770 10 WARNING neutron.api.rpc.agentnotifiers.dhcp_rpc_agent_api [None req-b6b29974-5fea-4860-a627-f7f678194e10 f36d63a445ff4f01ad7cf257c484c69d c780f3ced8d04e0c9948f8c1d08120a6 - - default default] Unable to schedule network 16d5d515-d002-4683-9f77-84151eb8dc9f: no agents available; will retry on subsequent port and subnet creation events.
2026-07-01 02:05:44.910 9 INFO neutron.pecan_wsgi.hooks.translation [None req-d6447856-302a-48fd-b67f-6e06304b549b 0111ede85dfb4e5c8ab0f37ddb972862 6f885f5d2cc146d49af7d692751a0439 - - default default] GET failed (client error): The resource could not be found.
2026-07-01 02:05:44.911 9 INFO neutron.wsgi [None req-d6447856-302a-48fd-b67f-6e06304b549b 0111ede85dfb4e5c8ab0f37ddb972862 6f885f5d2cc146d49af7d692751a0439 - - default default] 10.0.0.206 "GET /v2.0/networks/e542b99c-5aa6-4ed1-ba69-f42486234dfc HTTP/1.1" status: 404 len: 339 time: 0.1359024
2026-07-01 02:05:44.975 10 INFO neutron.db.ovn_revision_numbers_db [None req-b6b29974-5fea-4860-a627-f7f678194e10 f36d63a445ff4f01ad7cf257c484c69d c780f3ced8d04e0c9948f8c1d08120a6 - - default default] Successfully bumped revision number for resource d8082fcf-3251-409e-96c5-7bbb322aa1c4 (type: ports) to 1
2026-07-01 02:05:45.184 10 WARNING neutron_lib.context [None req-5798a688-32fd-49ae-81b0-18412a255511 c709e185258d4b94820ef57d591d7388 2f99d04ff65f4efd97909757787e0784 - - default default] Method 'is_advsvc' is deprecated since 2023.2 release (neutron-lib 3.8.0) and will be removed once support for the old RBAC API policies will be removed from Neutron. Please use method 'is_service_role' instead.
2026-07-01 02:05:45.434 10 INFO neutron.db.ovn_revision_numbers_db [None req-5798a688-32fd-49ae-81b0-18412a255511 c709e185258d4b94820ef57d591d7388 2f99d04ff65f4efd97909757787e0784 - - default default] Successfully bumped revision number for resource 36583ccc-954a-4423-94e0-7b2a8306ebc3 (type: security_groups) to 1
2026-07-01 02:05:45.463 10 INFO neutron.db.ovn_revision_numbers_db [None req-5798a688-32fd-49ae-81b0-18412a255511 c709e185258d4b94820ef57d591d7388 2f99d04ff65f4efd97909757787e0784 - - default default] Successfully bumped revision number for resource 52137ff5-1849-4b67-8dde-5b03efdb91da (type: security_group_rules) to 0
2026-07-01 02:05:45.482 10 INFO neutron.db.ovn_revision_numbers_db [None req-5798a688-32fd-49ae-81b0-18412a255511 c709e185258d4b94820ef57d591d7388 2f99d04ff65f4efd97909757787e0784 - - default default] Successfully bumped revision number for resource 9265703c-9b93-4595-8955-5fa1128f89b4 (type: security_group_rules) to 0
2026-07-01 02:05:45.514 10 INFO neutron.db.ovn_revision_numbers_db [None req-5798a688-32fd-49ae-81b0-18412a255511 c709e185258d4b94820ef57d591d7388 2f99d04ff65f4efd97909757787e0784 - - default default] Successfully bumped revision number for resource f60a1ebe-a79d-4373-8a25-2556c6293ef7 (type: security_group_rules) to 0
2026-07-01 02:05:45.540 10 INFO neutron.db.ovn_revision_numbers_db [None req-5798a688-32fd-49ae-81b0-18412a255511 c709e185258d4b94820ef57d591d7388 2f99d04ff65f4efd97909757787e0784 - - default default] Successfully bumped revision number for resource f930a0c4-f552-40b1-8bbd-3b527dd8a65b (type: security_group_rules) to 0
2026-07-01 02:05:45.583 9 INFO neutron.services.segments.plugin [-] Segment 645f359a-e3ad-4748-8ee1-2698a6d2151c resource provider aggregate not found
2026-07-01 02:05:45.591 9 INFO neutron.services.segments.plugin [-] Segment 645f359a-e3ad-4748-8ee1-2698a6d2151c resource provider aggregate not found
2026-07-01 02:05:45.608 9 INFO neutron.services.segments.plugin [-] Segment 645f359a-e3ad-4748-8ee1-2698a6d2151c resource provider not found; error: Placement Client Error (4xx): {"errors": [{"status": 404, "title": "Not Found", "detail": "The resource could not be found.\n\n No resource provider with uuid 645f359a-e3ad-4748-8ee1-2698a6d2151c found for delete ", "request_id": "req-8b92d68f-abd0-4c35-8d08-3e81350dfa59"}]}
2026-07-01 02:05:45.609 9 INFO neutron.services.segments.plugin [-] Segment 645f359a-e3ad-4748-8ee1-2698a6d2151c resource provider not found; error: Placement Client Error (4xx): {"errors": [{"status": 404, "title": "Not Found", "detail": "The resource could not be found.\n\n No resource provider with uuid 645f359a-e3ad-4748-8ee1-2698a6d2151c found for delete ", "request_id": "req-d9bb7547-868c-49d6-8cff-24061fefe024"}]}
2026-07-01 02:05:45.633 9 INFO neutron.wsgi [None req-539c7693-4691-42e8-86a7-2365a7035532 27901177d15d4751846d46ff1fd08b9e 15169f4af00b44c6919aded6a3b12d0d - - default default] 10.0.0.206 "DELETE /v2.0/networks/e542b99c-5aa6-4ed1-ba69-f42486234dfc HTTP/1.1" status: 204 len: 168 time: 0.7145655
2026-07-01 02:05:45.669 10 INFO neutron.pecan_wsgi.hooks.translation [None req-2f02455e-5ee6-4aa3-b248-5082dd514469 27901177d15d4751846d46ff1fd08b9e 15169f4af00b44c6919aded6a3b12d0d - - default default] DELETE failed (client error): The resource could not be found.
2026-07-01 02:05:45.672 10 INFO neutron.wsgi [None req-2f02455e-5ee6-4aa3-b248-5082dd514469 27901177d15d4751846d46ff1fd08b9e 15169f4af00b44c6919aded6a3b12d0d - - default default] 10.0.0.206 "DELETE /v2.0/subnets/9731e60f-a5e2-4bc3-a1ed-d71442dece8c HTTP/1.1" status: 404 len: 337 time: 0.0285337
2026-07-01 02:05:45.685 10 INFO neutron.db.segments_db [None req-5798a688-32fd-49ae-81b0-18412a255511 c709e185258d4b94820ef57d591d7388 2f99d04ff65f4efd97909757787e0784 - - default default] Added segment cf995279-711d-44d8-a667-4058f691abc0 of type geneve for network efaf80a0-cd21-47d2-ac0b-efd20894221e
2026-07-01 02:05:45.693 9 INFO neutron.pecan_wsgi.hooks.translation [None req-d84aa227-df4f-467d-9ff6-b5e203b86bfd 27901177d15d4751846d46ff1fd08b9e 15169f4af00b44c6919aded6a3b12d0d - - default default] DELETE failed (client error): The resource could not be found.
2026-07-01 02:05:45.696 9 INFO neutron.wsgi [None req-d84aa227-df4f-467d-9ff6-b5e203b86bfd 27901177d15d4751846d46ff1fd08b9e 15169f4af00b44c6919aded6a3b12d0d - - default default] 10.0.0.206 "DELETE /v2.0/subnets/8adff558-6490-41fa-805b-a43952b115cf HTTP/1.1" status: 404 len: 337 time: 0.0183425
2026-07-01 02:05:45.715 9 INFO neutron.pecan_wsgi.hooks.translation [None req-49a5cbb4-53da-46a3-8d75-7eb6feffa381 27901177d15d4751846d46ff1fd08b9e 15169f4af00b44c6919aded6a3b12d0d - - default default] DELETE failed (client error): The resource could not be found.
2026-07-01 02:05:45.718 9 INFO neutron.wsgi [None req-49a5cbb4-53da-46a3-8d75-7eb6feffa381 27901177d15d4751846d46ff1fd08b9e 15169f4af00b44c6919aded6a3b12d0d - - default default] 10.0.0.206 "DELETE /v2.0/subnets/0178586b-c5c5-4728-a684-631ed2cecce5 HTTP/1.1" status: 404 len: 337 time: 0.0173907
2026-07-01 02:05:45.885 10 INFO neutron.plugins.ml2.drivers.ovn.mech_driver.ovsdb.commands [None req-409f4c86-662a-4f2d-8f0f-243cc03543ae - - - - - -] Schedule LRP lrp-d8082fcf-3251-409e-96c5-7bbb322aa1c4 on gateway 960cf1fb-12ea-4af4-ac5d-0e0ff2bbaa49 with priority 1
2026-07-01 02:05:45.895 10 INFO neutron.db.ovn_revision_numbers_db [None req-5798a688-32fd-49ae-81b0-18412a255511 c709e185258d4b94820ef57d591d7388 2f99d04ff65f4efd97909757787e0784 - - default default] Successfully bumped revision number for resource efaf80a0-cd21-47d2-ac0b-efd20894221e (type: networks) to 1
2026-07-01 02:05:45.910 10 INFO neutron.plugins.ml2.drivers.ovn.mech_driver.mech_driver [None req-73ebf767-1868-48ed-b5e0-2cc563547756 - - - - - -] OVN reports status up for port: d8082fcf-3251-409e-96c5-7bbb322aa1c4
2026-07-01 02:05:45.940 10 INFO neutron.plugins.ml2.plugin [None req-73ebf767-1868-48ed-b5e0-2cc563547756 - - - - - -] Attempt 1 to provision port d8082fcf-3251-409e-96c5-7bbb322aa1c4
2026-07-01 02:05:45.969 10 INFO neutron.db.ovn_revision_numbers_db [None req-b6b29974-5fea-4860-a627-f7f678194e10 f36d63a445ff4f01ad7cf257c484c69d c780f3ced8d04e0c9948f8c1d08120a6 - - default default] Successfully bumped revision number for resource d8082fcf-3251-409e-96c5-7bbb322aa1c4 (type: router_ports) to 1
