2026-07-01 02:04:53.760 9 INFO neutron.wsgi [None req-b68cb82c-2498-472e-aba8-9381a3058cdf b2fec5bbb7ce4ee09fb7e2006c3ed054 a50e1318266f4fd6bba7c9b3e60ebbcf - - default default] 10.0.0.206 "PUT /v2.0/routers/a357a8c4-a7ee-42f0-9229-1dad6987cdc0/remove_router_interface HTTP/1.1" status: 200 len: 503 time: 0.6644206 /var/lib/openstack/lib/python3.10/site-packages/pycadf/identifier.py:71: UserWarning: Invalid uuid: neutron. To ensure interoperability, identifiers should be a valid uuid. warnings.warn(('Invalid uuid: %s. To ensure interoperability, '
2026-07-01 02:04:53.793 10 INFO neutron.wsgi [None req-23858c9e-c079-49a6-88d0-ce43856b64f7 b2fec5bbb7ce4ee09fb7e2006c3ed054 a50e1318266f4fd6bba7c9b3e60ebbcf - - default default] 10.0.0.206 "GET /v2.0/ports?device_id=a357a8c4-a7ee-42f0-9229-1dad6987cdc0 HTTP/1.1" status: 200 len: 205 time: 0.0266917
2026-07-01 02:04:53.794 10 INFO neutron.notifiers.nova [-] Nova event matching ['req-d442403c-5683-4019-ac08-3ff842394046'] response: {'name': 'network-changed', 'server_uuid': '23bca415-c775-47bb-95cb-e9a8c78fcf84', 'tag': '150098e3-8b01-4c66-981f-5e4fd09b46fa', 'status': 'completed', 'code': 200} /var/lib/openstack/lib/python3.10/site-packages/pycadf/identifier.py:71: UserWarning: Invalid uuid: neutron. To ensure interoperability, identifiers should be a valid uuid. warnings.warn(('Invalid uuid: %s. To ensure interoperability, '
2026-07-01 02:04:53.867 9 INFO neutron.wsgi [req-bba1b6ad-35a4-415c-b469-3110e8270a6a req-12e8f28e-0057-4725-a757-bd2ce17ea786 e3503a8fd7274b6bad92b0fbd20c2093 e11b4a4e282049b79a77ebaf177de5fe - - d6c4b691307344b8915061b9356c99b5 d6c4b691307344b8915061b9356c99b5] 199.204.45.235 "GET /v2.0/ports?tenant_id=9e5db2ec0a564afc9ed82c5d25845477&device_id=23bca415-c775-47bb-95cb-e9a8c78fcf84 HTTP/1.1" status: 200 len: 1448 time: 0.0458810
2026-07-01 02:04:53.969 9 INFO neutron.wsgi [req-bba1b6ad-35a4-415c-b469-3110e8270a6a req-77688b06-cdeb-4da4-a165-9ada78379873 e3503a8fd7274b6bad92b0fbd20c2093 e11b4a4e282049b79a77ebaf177de5fe - - d6c4b691307344b8915061b9356c99b5 d6c4b691307344b8915061b9356c99b5] 199.204.45.235 "GET /v2.0/networks?id=711e5831-59b5-48c6-b53b-8c0a348a4ac0 HTTP/1.1" status: 200 len: 971 time: 0.0957778 /var/lib/openstack/lib/python3.10/site-packages/pycadf/identifier.py:71: UserWarning: Invalid uuid: neutron. To ensure interoperability, identifiers should be a valid uuid. warnings.warn(('Invalid uuid: %s. To ensure interoperability, '
2026-07-01 02:04:54.045 9 INFO neutron.wsgi [req-bba1b6ad-35a4-415c-b469-3110e8270a6a req-1c9dd817-bd9b-4139-8775-9f6fccddca96 e3503a8fd7274b6bad92b0fbd20c2093 e11b4a4e282049b79a77ebaf177de5fe - - d6c4b691307344b8915061b9356c99b5 d6c4b691307344b8915061b9356c99b5] 199.204.45.235 "GET /v2.0/floatingips?fixed_ip_address=10.100.0.7&port_id=150098e3-8b01-4c66-981f-5e4fd09b46fa HTTP/1.1" status: 200 len: 1059 time: 0.0690134
2026-07-01 02:04:54.048 9 INFO neutron.db.ovn_revision_numbers_db [None req-7e6bdd67-42e2-4c8a-b717-0cff0eb740a5 3a06f731e618455ca3d3ad35b14cdd69 b047d7f04d9e4d1fbd95e36c013cb6eb - - default default] Successfully bumped revision number for resource de085664-b2e2-49e7-8f4c-09ac4d9b871b (type: ports) to 2
2026-07-01 02:04:54.072 9 INFO neutron.wsgi [None req-7e6bdd67-42e2-4c8a-b717-0cff0eb740a5 3a06f731e618455ca3d3ad35b14cdd69 b047d7f04d9e4d1fbd95e36c013cb6eb - - default default] 10.0.0.206 "PUT /v2.0/ports/de085664-b2e2-49e7-8f4c-09ac4d9b871b HTTP/1.1" status: 200 len: 946 time: 0.4552116
2026-07-01 02:04:54.095 9 INFO neutron.wsgi [req-bba1b6ad-35a4-415c-b469-3110e8270a6a req-36f9f194-47fc-4b1e-8255-2418933856b3 e3503a8fd7274b6bad92b0fbd20c2093 e11b4a4e282049b79a77ebaf177de5fe - - d6c4b691307344b8915061b9356c99b5 d6c4b691307344b8915061b9356c99b5] 199.204.45.235 "GET /v2.0/subnets?id=34589c0a-17f8-42e2-a092-0f23dcb97b6e HTTP/1.1" status: 200 len: 866 time: 0.0417728
2026-07-01 02:04:54.099 10 INFO neutron.wsgi [None req-ad208d7d-4304-46c9-a587-21500f52c721 b2fec5bbb7ce4ee09fb7e2006c3ed054 a50e1318266f4fd6bba7c9b3e60ebbcf - - default default] 10.0.0.206 "DELETE /v2.0/routers/a357a8c4-a7ee-42f0-9229-1dad6987cdc0 HTTP/1.1" status: 204 len: 168 time: 0.3000553
2026-07-01 02:04:54.127 9 INFO neutron.wsgi [req-bba1b6ad-35a4-415c-b469-3110e8270a6a req-7bb9734c-7b1f-4fd7-9626-aa4ffbc32776 e3503a8fd7274b6bad92b0fbd20c2093 e11b4a4e282049b79a77ebaf177de5fe - - d6c4b691307344b8915061b9356c99b5 d6c4b691307344b8915061b9356c99b5] 199.204.45.235 "GET /v2.0/ports?network_id=711e5831-59b5-48c6-b53b-8c0a348a4ac0&device_owner=network%3Adhcp HTTP/1.1" status: 200 len: 210 time: 0.0258579
2026-07-01 02:04:54.197 9 INFO neutron.wsgi [req-bba1b6ad-35a4-415c-b469-3110e8270a6a req-62f1d13b-0b60-4234-b5be-260656b1d9a4 e3503a8fd7274b6bad92b0fbd20c2093 e11b4a4e282049b79a77ebaf177de5fe - - d6c4b691307344b8915061b9356c99b5 d6c4b691307344b8915061b9356c99b5] 199.204.45.235 "GET /v2.0/networks/711e5831-59b5-48c6-b53b-8c0a348a4ac0?fields=segments HTTP/1.1" status: 200 len: 212 time: 0.0595393
2026-07-01 02:04:54.272 9 INFO neutron.wsgi [req-bba1b6ad-35a4-415c-b469-3110e8270a6a req-0925faf7-47fc-4c9a-ba75-c65171d817d7 e3503a8fd7274b6bad92b0fbd20c2093 e11b4a4e282049b79a77ebaf177de5fe - - d6c4b691307344b8915061b9356c99b5 d6c4b691307344b8915061b9356c99b5] 199.204.45.235 "GET /v2.0/networks/711e5831-59b5-48c6-b53b-8c0a348a4ac0?fields=provider%3Aphysical_network&fields=provider%3Anetwork_type HTTP/1.1" status: 200 len: 277 time: 0.0646684
2026-07-01 02:04:54.419 10 INFO neutron.wsgi [None req-35d31917-e7a7-467d-8cc0-52cd89be4368 b2fec5bbb7ce4ee09fb7e2006c3ed054 a50e1318266f4fd6bba7c9b3e60ebbcf - - default default] 10.0.0.206 "DELETE /v2.0/subnets/d59ae4b5-c857-4383-a597-0fe825ddf085 HTTP/1.1" status: 204 len: 168 time: 0.3091116
2026-07-01 02:04:54.483 10 INFO neutron.db.ovn_revision_numbers_db [None req-6eec0b5e-f49e-49a5-91bc-08cdf997efd1 ccc0f861a68a476a966549fecb202b7e 2fbdd45c1aff4b40a98a28e20203a351 - - default default] Successfully bumped revision number for resource 95db343d-e61d-4bec-b5ae-f38dcccba29e (type: ports) to 2
2026-07-01 02:04:54.541 10 INFO neutron.wsgi [None req-5ae03198-32eb-45eb-8a1a-eedd58442c54 3a06f731e618455ca3d3ad35b14cdd69 b047d7f04d9e4d1fbd95e36c013cb6eb - - default default] 10.0.0.206 "DELETE /v2.0/ports/de085664-b2e2-49e7-8f4c-09ac4d9b871b HTTP/1.1" status: 204 len: 168 time: 0.4623535
2026-07-01 02:04:54.542 10 INFO neutron.db.ovn_revision_numbers_db [None req-6eec0b5e-f49e-49a5-91bc-08cdf997efd1 ccc0f861a68a476a966549fecb202b7e 2fbdd45c1aff4b40a98a28e20203a351 - - default default] Successfully bumped revision number for resource 83906f27-73b1-47ef-a457-d4a6f85cfb2b (type: subnets) to 0
2026-07-01 02:04:54.584 10 WARNING neutron.scheduler.dhcp_agent_scheduler [None req-6eec0b5e-f49e-49a5-91bc-08cdf997efd1 ccc0f861a68a476a966549fecb202b7e 2fbdd45c1aff4b40a98a28e20203a351 - - default default] No more DHCP agents
2026-07-01 02:04:54.589 10 WARNING neutron.api.rpc.agentnotifiers.dhcp_rpc_agent_api [None req-6eec0b5e-f49e-49a5-91bc-08cdf997efd1 ccc0f861a68a476a966549fecb202b7e 2fbdd45c1aff4b40a98a28e20203a351 - - default default] Unable to schedule network 2dead20f-f911-4b97-b4e4-a84384e5995c: no agents available; will retry on subsequent port and subnet creation events.
2026-07-01 02:04:54.607 10 INFO neutron.wsgi [None req-a1d4fb1b-ea60-42fb-849e-e4e3baabed86 3a06f731e618455ca3d3ad35b14cdd69 b047d7f04d9e4d1fbd95e36c013cb6eb - - default default] 10.0.0.206 "GET /v2.0/ports HTTP/1.1" status: 200 len: 1728 time: 0.0529692
2026-07-01 02:04:54.622 9 INFO neutron.wsgi [None req-97a1ebbb-e00a-4766-a74a-828c0cc7ec03 b2fec5bbb7ce4ee09fb7e2006c3ed054 a50e1318266f4fd6bba7c9b3e60ebbcf - - default default] 10.0.0.206 "DELETE /v2.0/subnets/fc563ce1-ace1-4557-9941-b67487c2d825 HTTP/1.1" status: 204 len: 168 time: 0.1968441
2026-07-01 02:04:54.636 9 INFO neutron.pecan_wsgi.hooks.translation [None req-8fbb3152-a5ea-4f79-a8b4-b67e3292f32f 3a06f731e618455ca3d3ad35b14cdd69 b047d7f04d9e4d1fbd95e36c013cb6eb - - default default] GET failed (client error): The resource could not be found.
2026-07-01 02:04:54.637 9 INFO neutron.wsgi [None req-8fbb3152-a5ea-4f79-a8b4-b67e3292f32f 3a06f731e618455ca3d3ad35b14cdd69 b047d7f04d9e4d1fbd95e36c013cb6eb - - default default] 10.0.0.206 "GET /v2.0/ports/de085664-b2e2-49e7-8f4c-09ac4d9b871b HTTP/1.1" status: 404 len: 333 time: 0.0246136
2026-07-01 02:04:54.690 10 INFO neutron.wsgi [None req-82cc7fc6-089d-4510-bccc-d28f28a59cb5 3a06f731e618455ca3d3ad35b14cdd69 b047d7f04d9e4d1fbd95e36c013cb6eb - - default default] 10.0.0.206 "GET /v2.0/ports HTTP/1.1" status: 200 len: 1728 time: 0.0465369
2026-07-01 02:04:54.737 10 INFO neutron.wsgi [None req-99e8d86b-3b0f-48a6-9b74-96439b23d2e4 3a06f731e618455ca3d3ad35b14cdd69 b047d7f04d9e4d1fbd95e36c013cb6eb - - default default] 10.0.0.206 "GET /v2.0/ports/3c7a5ada-3bed-4c4c-b1b0-7c882f402f0c HTTP/1.1" status: 200 len: 968 time: 0.0400753
2026-07-01 02:04:54.762 9 INFO neutron.pecan_wsgi.hooks.translation [None req-72ff4c02-ece6-4020-b337-ea3f95907158 3a06f731e618455ca3d3ad35b14cdd69 b047d7f04d9e4d1fbd95e36c013cb6eb - - default default] DELETE failed (client error): The resource could not be found.
2026-07-01 02:04:54.765 9 INFO neutron.wsgi [None req-72ff4c02-ece6-4020-b337-ea3f95907158 3a06f731e618455ca3d3ad35b14cdd69 b047d7f04d9e4d1fbd95e36c013cb6eb - - default default] 10.0.0.206 "DELETE /v2.0/ports/665d8ff4-c97d-4d29-8bcb-fc2d3e8405e9 HTTP/1.1" status: 404 len: 333 time: 0.0221879
2026-07-01 02:04:54.807 10 INFO neutron.pecan_wsgi.hooks.translation [None req-e31c2b25-54cb-4e3d-9810-3b84156fbe3d 3a06f731e618455ca3d3ad35b14cdd69 b047d7f04d9e4d1fbd95e36c013cb6eb - - default default] DELETE failed (client error): The resource could not be found.
2026-07-01 02:04:54.809 10 INFO neutron.wsgi [None req-e31c2b25-54cb-4e3d-9810-3b84156fbe3d 3a06f731e618455ca3d3ad35b14cdd69 b047d7f04d9e4d1fbd95e36c013cb6eb - - default default] 10.0.0.206 "DELETE /v2.0/subnets/4b318935-7e2b-4c47-927a-be241fc27f60 HTTP/1.1" status: 404 len: 337 time: 0.0260570
2026-07-01 02:04:54.831 10 INFO neutron.pecan_wsgi.hooks.translation [None req-cf0a0b40-863c-4150-b911-499f6f823e86 3a06f731e618455ca3d3ad35b14cdd69 b047d7f04d9e4d1fbd95e36c013cb6eb - - default default] DELETE failed (client error): The resource could not be found.
2026-07-01 02:04:54.834 10 INFO neutron.wsgi [None req-cf0a0b40-863c-4150-b911-499f6f823e86 3a06f731e618455ca3d3ad35b14cdd69 b047d7f04d9e4d1fbd95e36c013cb6eb - - default default] 10.0.0.206 "DELETE /v2.0/subnets/b026452c-91cd-4041-a6b6-523fbf393a6a HTTP/1.1" status: 404 len: 337 time: 0.0210080
2026-07-01 02:04:55.114 9 INFO neutron.services.segments.plugin [-] Segment 7e49f7ee-12de-4ab2-a11f-c8c1b480ed4b resource provider aggregate not found
2026-07-01 02:04:55.122 9 INFO neutron.services.segments.plugin [-] Segment 7e49f7ee-12de-4ab2-a11f-c8c1b480ed4b resource provider aggregate not found
2026-07-01 02:04:55.137 9 INFO neutron.services.segments.plugin [-] Segment 7e49f7ee-12de-4ab2-a11f-c8c1b480ed4b resource provider not found; error: Placement Client Error (4xx): {"errors": [{"status": 404, "title": "Not Found", "detail": "The resource could not be found.\n\n No resource provider with uuid 7e49f7ee-12de-4ab2-a11f-c8c1b480ed4b found for delete ", "request_id": "req-bd2f74d0-82ed-486e-bf05-000f3079a365"}]}
2026-07-01 02:04:55.148 9 INFO neutron.services.segments.plugin [-] Segment 7e49f7ee-12de-4ab2-a11f-c8c1b480ed4b resource provider not found; error: Placement Client Error (4xx): {"errors": [{"status": 404, "title": "Not Found", "detail": "The resource could not be found.\n\n No resource provider with uuid 7e49f7ee-12de-4ab2-a11f-c8c1b480ed4b found for delete ", "request_id": "req-dad0986f-f6fd-4094-bdfd-1d6bc3485b16"}]}
2026-07-01 02:04:55.161 9 INFO neutron.wsgi [None req-703abc08-4878-4a80-a6f1-05f49bddbd07 b2fec5bbb7ce4ee09fb7e2006c3ed054 a50e1318266f4fd6bba7c9b3e60ebbcf - - default default] 10.0.0.206 "DELETE /v2.0/networks/57e3ed86-c6e9-4810-8817-c3e586aaada4 HTTP/1.1" status: 204 len: 168 time: 0.5323212
2026-07-01 02:04:55.171 10 INFO neutron.wsgi [None req-bd13a881-5203-4c88-9679-b7036cbf2511 3a06f731e618455ca3d3ad35b14cdd69 b047d7f04d9e4d1fbd95e36c013cb6eb - - default default] 10.0.0.206 "DELETE /v2.0/ports/3c7a5ada-3bed-4c4c-b1b0-7c882f402f0c HTTP/1.1" status: 204 len: 168 time: 0.3328602
2026-07-01 02:04:55.333 10 INFO neutron.db.ovn_revision_numbers_db [None req-6eec0b5e-f49e-49a5-91bc-08cdf997efd1 ccc0f861a68a476a966549fecb202b7e 2fbdd45c1aff4b40a98a28e20203a351 - - default default] Successfully bumped revision number for resource 7c170d6c-3890-40ab-9ece-82d5f3ee5471 (type: ports) to 2
2026-07-01 02:04:55.384 10 INFO neutron.db.ovn_revision_numbers_db [None req-6eec0b5e-f49e-49a5-91bc-08cdf997efd1 ccc0f861a68a476a966549fecb202b7e 2fbdd45c1aff4b40a98a28e20203a351 - - default default] Successfully bumped revision number for resource deebd518-1508-4272-8160-987895e10a18 (type: subnets) to 0
2026-07-01 02:04:55.407 10 INFO neutron.wsgi [None req-6eec0b5e-f49e-49a5-91bc-08cdf997efd1 ccc0f861a68a476a966549fecb202b7e 2fbdd45c1aff4b40a98a28e20203a351 - - default default] 10.0.0.206 "POST /v2.0/subnets HTTP/1.1" status: 201 len: 1425 time: 2.8391623
2026-07-01 02:04:55.462 10 INFO neutron.wsgi [None req-306d8a79-bc35-41e0-8195-f1ac50409fbd ccc0f861a68a476a966549fecb202b7e 2fbdd45c1aff4b40a98a28e20203a351 - - default default] 10.0.0.206 "GET /v2.0/subnets HTTP/1.1" status: 200 len: 2033 time: 0.0487344
2026-07-01 02:04:55.608 9 INFO neutron.wsgi [None req-105853f2-9b99-4034-8f8b-b090f1a6d27c b2fec5bbb7ce4ee09fb7e2006c3ed054 a50e1318266f4fd6bba7c9b3e60ebbcf - - default default] 10.0.0.206 "DELETE /v2.0/networks/3e4dc6f0-0871-45d1-a652-ab70a52aae33 HTTP/1.1" status: 204 len: 168 time: 0.4393346
2026-07-01 02:04:55.620 9 WARNING neutron_lib.context [None req-51b07cb3-eeb7-4bc1-8ae4-1f8d467e544b b2fec5bbb7ce4ee09fb7e2006c3ed054 a50e1318266f4fd6bba7c9b3e60ebbcf - - default default] Method 'is_advsvc' is deprecated since 2023.2 release (neutron-lib 3.8.0) and will be removed once support for the old RBAC API policies will be removed from Neutron. Please use method 'is_service_role' instead.
2026-07-01 02:04:55.703 10 INFO neutron.services.segments.plugin [-] Segment daf1738d-328a-4dcb-bb26-cfd59f30fab4 resource provider aggregate not found
2026-07-01 02:04:55.707 10 INFO neutron.services.segments.plugin [-] Segment daf1738d-328a-4dcb-bb26-cfd59f30fab4 resource provider aggregate not found
2026-07-01 02:04:55.710 9 INFO neutron.db.segments_db [None req-51b07cb3-eeb7-4bc1-8ae4-1f8d467e544b b2fec5bbb7ce4ee09fb7e2006c3ed054 a50e1318266f4fd6bba7c9b3e60ebbcf - - default default] Added segment 2bb82a73-1a53-4f5c-bd2d-5d485aa80b76 of type geneve for network a925c9ca-7c6a-4719-8a5c-926e2f89907a
2026-07-01 02:04:55.723 10 INFO neutron.services.segments.plugin [-] Segment daf1738d-328a-4dcb-bb26-cfd59f30fab4 resource provider not found; error: Placement Client Error (4xx): {"errors": [{"status": 404, "title": "Not Found", "detail": "The resource could not be found.\n\n No resource provider with uuid daf1738d-328a-4dcb-bb26-cfd59f30fab4 found for delete ", "request_id": "req-79671cb9-be10-42f2-b1f5-b0b26cfe3fe1"}]}
2026-07-01 02:04:55.725 10 INFO neutron.services.segments.plugin [-] Segment daf1738d-328a-4dcb-bb26-cfd59f30fab4 resource provider not found; error: Placement Client Error (4xx): {"errors": [{"status": 404, "title": "Not Found", "detail": "The resource could not be found.\n\n No resource provider with uuid daf1738d-328a-4dcb-bb26-cfd59f30fab4 found for delete ", "request_id": "req-e778f37a-6ab2-4a5c-99d5-73660af61598"}]}
2026-07-01 02:04:55.736 10 INFO neutron.wsgi [None req-c35c8084-427d-4b1b-89ac-9ce656112204 3a06f731e618455ca3d3ad35b14cdd69 b047d7f04d9e4d1fbd95e36c013cb6eb - - default default] 10.0.0.206 "DELETE /v2.0/networks/bbf1680c-6ebe-4ac4-afde-89efa99192ed HTTP/1.1" status: 204 len: 168 time: 0.5601573
2026-07-01 02:04:55.767 10 INFO neutron.wsgi [None req-f8085973-a2ab-4ba0-b3ae-b694a714aa1b ccc0f861a68a476a966549fecb202b7e 2fbdd45c1aff4b40a98a28e20203a351 - - default default] 10.0.0.206 "DELETE /v2.0/subnets/83906f27-73b1-47ef-a457-d4a6f85cfb2b HTTP/1.1" status: 204 len: 168 time: 0.2969739
2026-07-01 02:04:55.860 9 INFO neutron.db.ovn_revision_numbers_db [None req-51b07cb3-eeb7-4bc1-8ae4-1f8d467e544b b2fec5bbb7ce4ee09fb7e2006c3ed054 a50e1318266f4fd6bba7c9b3e60ebbcf - - default default] Successfully bumped revision number for resource a925c9ca-7c6a-4719-8a5c-926e2f89907a (type: networks) to 1
2026-07-01 02:04:55.985 10 INFO neutron.wsgi [None req-02550ce3-1bed-4a18-9809-0d0542e69e59 ccc0f861a68a476a966549fecb202b7e 2fbdd45c1aff4b40a98a28e20203a351 - - default default] 10.0.0.206 "DELETE /v2.0/subnets/deebd518-1508-4272-8160-987895e10a18 HTTP/1.1" status: 204 len: 168 time: 0.2134907
2026-07-01 02:04:56.025 10 INFO neutron.wsgi [None req-114b7b47-5b94-4c19-b85f-410a02e0d879 ccc0f861a68a476a966549fecb202b7e 2fbdd45c1aff4b40a98a28e20203a351 - - default default] 10.0.0.206 "GET /v2.0/subnets HTTP/1.1" status: 200 len: 820 time: 0.0345845
2026-07-01 02:04:56.038 9 WARNING neutron.scheduler.dhcp_agent_scheduler [None req-51b07cb3-eeb7-4bc1-8ae4-1f8d467e544b b2fec5bbb7ce4ee09fb7e2006c3ed054 a50e1318266f4fd6bba7c9b3e60ebbcf - - default default] No more DHCP agents
2026-07-01 02:04:56.040 9 WARNING neutron.api.rpc.agentnotifiers.dhcp_rpc_agent_api [None req-51b07cb3-eeb7-4bc1-8ae4-1f8d467e544b b2fec5bbb7ce4ee09fb7e2006c3ed054 a50e1318266f4fd6bba7c9b3e60ebbcf - - default default] Unable to schedule network a925c9ca-7c6a-4719-8a5c-926e2f89907a: no agents available; will retry on subsequent port and subnet creation events.
2026-07-01 02:04:56.114 9 INFO neutron.db.ovn_revision_numbers_db [None req-51b07cb3-eeb7-4bc1-8ae4-1f8d467e544b b2fec5bbb7ce4ee09fb7e2006c3ed054 a50e1318266f4fd6bba7c9b3e60ebbcf - - default default] Successfully bumped revision number for resource c1d2df11-d9f8-455f-a4e1-74dcaa31d64c (type: ports) to 1
2026-07-01 02:04:56.135 9 INFO neutron.wsgi [None req-51b07cb3-eeb7-4bc1-8ae4-1f8d467e544b b2fec5bbb7ce4ee09fb7e2006c3ed054 a50e1318266f4fd6bba7c9b3e60ebbcf - - default default] 10.0.0.206 "POST /v2.0/networks HTTP/1.1" status: 201 len: 833 time: 0.5194993
2026-07-01 02:04:56.145 9 WARNING neutron_lib.context [None req-b4c6396f-2afb-4a23-8328-c7576eb6c6b7 b2fec5bbb7ce4ee09fb7e2006c3ed054 a50e1318266f4fd6bba7c9b3e60ebbcf - - default default] Method 'is_advsvc' is deprecated since 2023.2 release (neutron-lib 3.8.0) and will be removed once support for the old RBAC API policies will be removed from Neutron. Please use method 'is_service_role' instead.
2026-07-01 02:04:56.396 9 WARNING neutron.scheduler.dhcp_agent_scheduler [None req-b4c6396f-2afb-4a23-8328-c7576eb6c6b7 b2fec5bbb7ce4ee09fb7e2006c3ed054 a50e1318266f4fd6bba7c9b3e60ebbcf - - default default] No more DHCP agents
2026-07-01 02:04:56.401 9 WARNING neutron.api.rpc.agentnotifiers.dhcp_rpc_agent_api [None req-b4c6396f-2afb-4a23-8328-c7576eb6c6b7 b2fec5bbb7ce4ee09fb7e2006c3ed054 a50e1318266f4fd6bba7c9b3e60ebbcf - - default default] Unable to schedule network a925c9ca-7c6a-4719-8a5c-926e2f89907a: no agents available; will retry on subsequent port and subnet creation events.
2026-07-01 02:04:56.433 9 INFO neutron.db.ovn_revision_numbers_db [None req-b4c6396f-2afb-4a23-8328-c7576eb6c6b7 b2fec5bbb7ce4ee09fb7e2006c3ed054 a50e1318266f4fd6bba7c9b3e60ebbcf - - default default] Successfully bumped revision number for resource 43fc01a0-d776-4209-8af0-1a4e3b4514d4 (type: subnets) to 0
2026-07-01 02:04:56.442 10 INFO neutron.wsgi [None req-50fd7141-821c-4f5e-9356-9150b1f14ee0 ccc0f861a68a476a966549fecb202b7e 2fbdd45c1aff4b40a98a28e20203a351 - - default default] 10.0.0.206 "DELETE /v2.0/networks/2dead20f-f911-4b97-b4e4-a84384e5995c HTTP/1.1" status: 204 len: 168 time: 0.4105678
2026-07-01 02:04:56.459 9 INFO neutron.wsgi [None req-b4c6396f-2afb-4a23-8328-c7576eb6c6b7 b2fec5bbb7ce4ee09fb7e2006c3ed054 a50e1318266f4fd6bba7c9b3e60ebbcf - - default default] 10.0.0.206 "POST /v2.0/subnets HTTP/1.1" status: 201 len: 821 time: 0.3187723
2026-07-01 02:04:56.470 10 WARNING neutron_lib.context [None req-b8b45618-f049-4b99-b5a9-3a98b8699577 b2fec5bbb7ce4ee09fb7e2006c3ed054 a50e1318266f4fd6bba7c9b3e60ebbcf - - default default] Method 'is_advsvc' is deprecated since 2023.2 release (neutron-lib 3.8.0) and will be removed once support for the old RBAC API policies will be removed from Neutron. Please use method 'is_service_role' instead.
2026-07-01 02:04:56.494 10 INFO neutron.wsgi [None req-fd574ad1-665b-4405-8973-a6e135c43486 983592d47736485292fb6a03e57b87ae e187e22e8ee143f79a5fcaaf3ee07dc1 - - default default] 10.0.0.206 "GET /v2.0/security-groups?tenant_id=b047d7f04d9e4d1fbd95e36c013cb6eb&name=default HTTP/1.1" status: 200 len: 3120 time: 0.1724472
2026-07-01 02:04:56.674 9 WARNING neutron.plugins.ml2.drivers.ovn.mech_driver.ovsdb.ovn_client [None req-048e853a-c288-4bf9-a660-befce609003b - - - - - -] No port found with ID 8db7cd8b-ed7c-4c42-a38d-900d88ace804: RuntimeError: No port found with ID 8db7cd8b-ed7c-4c42-a38d-900d88ace804
2026-07-01 02:04:56.703 9 INFO neutron.plugins.ml2.drivers.ovn.mech_driver.mech_driver [None req-048e853a-c288-4bf9-a660-befce609003b - - - - - -] OVN reports status down for port: de085664-b2e2-49e7-8f4c-09ac4d9b871b
2026-07-01 02:04:56.836 10 INFO neutron.db.ovn_revision_numbers_db [None req-b8b45618-f049-4b99-b5a9-3a98b8699577 b2fec5bbb7ce4ee09fb7e2006c3ed054 a50e1318266f4fd6bba7c9b3e60ebbcf - - default default] Successfully bumped revision number for resource 03f54a92-2b90-4486-878f-88990c7bf51c (type: routers) to 1
2026-07-01 02:04:56.852 10 INFO neutron.wsgi [None req-b8b45618-f049-4b99-b5a9-3a98b8699577 b2fec5bbb7ce4ee09fb7e2006c3ed054 a50e1318266f4fd6bba7c9b3e60ebbcf - - default default] 10.0.0.206 "POST /v2.0/routers HTTP/1.1" status: 201 len: 806 time: 0.3866699 /var/lib/openstack/lib/python3.10/site-packages/pycadf/identifier.py:71: UserWarning: Invalid uuid: neutron. To ensure interoperability, identifiers should be a valid uuid. warnings.warn(('Invalid uuid: %s. To ensure interoperability, '
2026-07-01 02:04:56.863 9 WARNING neutron_lib.context [None req-1d663633-6764-4195-a849-349b184aa883 b2fec5bbb7ce4ee09fb7e2006c3ed054 a50e1318266f4fd6bba7c9b3e60ebbcf - - default default] Method 'is_advsvc' is deprecated since 2023.2 release (neutron-lib 3.8.0) and will be removed once support for the old RBAC API policies will be removed from Neutron. Please use method 'is_service_role' instead.
2026-07-01 02:04:56.944 9 INFO neutron.wsgi [None req-8f74ab54-5d57-4332-9d59-c54a5bdfbb2b ccc0f861a68a476a966549fecb202b7e 2fbdd45c1aff4b40a98a28e20203a351 - - default default] 10.0.0.206 "DELETE /v2.0/networks/698d88a1-f9c3-405d-8aca-4d8ecae8237d HTTP/1.1" status: 204 len: 168 time: 0.4981382
2026-07-01 02:04:56.995 10 INFO neutron.wsgi [None req-90af05b3-555a-4efd-9cb3-58d529632171 983592d47736485292fb6a03e57b87ae e187e22e8ee143f79a5fcaaf3ee07dc1 - - default default] 10.0.0.206 "DELETE /v2.0/security-groups/e96a3547-9cf2-4bb1-94d3-e00f030eb18b HTTP/1.1" status: 204 len: 168 time: 0.4973078
2026-07-01 02:04:57.176 9 INFO neutron.services.segments.plugin [-] Segment 0ccc9364-b139-485c-b62c-6734d01d27e2 resource provider aggregate not found
2026-07-01 02:04:57.184 9 INFO neutron.services.segments.plugin [-] Segment 0ccc9364-b139-485c-b62c-6734d01d27e2 resource provider aggregate not found
2026-07-01 02:04:57.206 9 INFO neutron.services.segments.plugin [-] Segment 0ccc9364-b139-485c-b62c-6734d01d27e2 resource provider not found; error: Placement Client Error (4xx): {"errors": [{"status": 404, "title": "Not Found", "detail": "The resource could not be found.\n\n No resource provider with uuid 0ccc9364-b139-485c-b62c-6734d01d27e2 found for delete ", "request_id": "req-9c810402-866c-4472-a0f8-478ed8af3f82"}]}
2026-07-01 02:04:57.213 9 INFO neutron.services.segments.plugin [-] Segment 0ccc9364-b139-485c-b62c-6734d01d27e2 resource provider not found; error: Placement Client Error (4xx): {"errors": [{"status": 404, "title": "Not Found", "detail": "The resource could not be found.\n\n No resource provider with uuid 0ccc9364-b139-485c-b62c-6734d01d27e2 found for delete ", "request_id": "req-ebf5623c-c4c2-4a6e-8f21-dc1ded58b678"}]}
2026-07-01 02:04:57.226 9 INFO neutron.services.segments.plugin [-] Segment f66c89a7-7ce0-4b56-98b3-999fe3087d12 resource provider aggregate not found
2026-07-01 02:04:57.233 9 INFO neutron.services.segments.plugin [-] Segment f66c89a7-7ce0-4b56-98b3-999fe3087d12 resource provider aggregate not found
2026-07-01 02:04:57.243 9 INFO neutron.services.segments.plugin [-] Segment f66c89a7-7ce0-4b56-98b3-999fe3087d12 resource provider not found; error: Placement Client Error (4xx): {"errors": [{"status": 404, "title": "Not Found", "detail": "The resource could not be found.\n\n No resource provider with uuid f66c89a7-7ce0-4b56-98b3-999fe3087d12 found for delete ", "request_id": "req-424f1ae6-ac4a-4d82-a8c5-57723f8523bd"}]}
2026-07-01 02:04:57.252 9 INFO neutron.services.segments.plugin [-] Segment f66c89a7-7ce0-4b56-98b3-999fe3087d12 resource provider not found; error: Placement Client Error (4xx): {"errors": [{"status": 404, "title": "Not Found", "detail": "The resource could not be found.\n\n No resource provider with uuid f66c89a7-7ce0-4b56-98b3-999fe3087d12 found for delete ", "request_id": "req-72743a2d-97db-4081-a7c2-57e17b02c024"}]}
2026-07-01 02:04:57.322 9 WARNING neutron.scheduler.dhcp_agent_scheduler [None req-1d663633-6764-4195-a849-349b184aa883 b2fec5bbb7ce4ee09fb7e2006c3ed054 a50e1318266f4fd6bba7c9b3e60ebbcf - - default default] No more DHCP agents
2026-07-01 02:04:57.324 9 WARNING neutron.api.rpc.agentnotifiers.dhcp_rpc_agent_api [None req-1d663633-6764-4195-a849-349b184aa883 b2fec5bbb7ce4ee09fb7e2006c3ed054 a50e1318266f4fd6bba7c9b3e60ebbcf - - default default] Unable to schedule network a925c9ca-7c6a-4719-8a5c-926e2f89907a: no agents available; will retry on subsequent port and subnet creation events.
2026-07-01 02:04:57.352 10 INFO neutron.wsgi [None req-83285638-1cc7-4c83-8719-af8d73533510 ccc0f861a68a476a966549fecb202b7e 2fbdd45c1aff4b40a98a28e20203a351 - - default default] 10.0.0.206 "DELETE /v2.0/networks/046290ff-0e09-4884-836b-94c0600ed8cf HTTP/1.1" status: 204 len: 168 time: 0.4027612 /var/lib/openstack/lib/python3.10/site-packages/pycadf/identifier.py:71: UserWarning: Invalid uuid: neutron. To ensure interoperability, identifiers should be a valid uuid. warnings.warn(('Invalid uuid: %s. To ensure interoperability, '
2026-07-01 02:04:57.675 9 INFO neutron.db.ovn_revision_numbers_db [None req-1d663633-6764-4195-a849-349b184aa883 b2fec5bbb7ce4ee09fb7e2006c3ed054 a50e1318266f4fd6bba7c9b3e60ebbcf - - default default] Successfully bumped revision number for resource c58ee1bc-7985-4342-ba96-5f2faf336f70 (type: ports) to 1
2026-07-01 02:04:57.707 9 INFO neutron.wsgi [None req-1d663633-6764-4195-a849-349b184aa883 b2fec5bbb7ce4ee09fb7e2006c3ed054 a50e1318266f4fd6bba7c9b3e60ebbcf - - default default] 10.0.0.206 "POST /v2.0/ports HTTP/1.1" status: 201 len: 1159 time: 0.8498793
2026-07-01 02:04:57.771 10 INFO neutron.services.segments.plugin [-] Segment 9fc911b2-6553-44ad-b817-1efc813092cc resource provider aggregate not found
2026-07-01 02:04:57.775 10 INFO neutron.services.segments.plugin [-] Segment 9fc911b2-6553-44ad-b817-1efc813092cc resource provider aggregate not found
2026-07-01 02:04:57.808 10 INFO neutron.services.segments.plugin [-] Segment 9fc911b2-6553-44ad-b817-1efc813092cc resource provider not found; error: Placement Client Error (4xx): {"errors": [{"status": 404, "title": "Not Found", "detail": "The resource could not be found.\n\n No resource provider with uuid 9fc911b2-6553-44ad-b817-1efc813092cc found for delete ", "request_id": "req-f307f762-4ec8-448e-b1d0-c95c41740123"}]}
2026-07-01 02:04:57.812 10 INFO neutron.services.segments.plugin [-] Segment 9fc911b2-6553-44ad-b817-1efc813092cc resource provider not found; error: Placement Client Error (4xx): {"errors": [{"status": 404, "title": "Not Found", "detail": "The resource could not be found.\n\n No resource provider with uuid 9fc911b2-6553-44ad-b817-1efc813092cc found for delete ", "request_id": "req-bb03c599-d2e4-4f51-b283-e4203f619452"}]}
2026-07-01 02:04:57.837 10 INFO neutron.services.segments.plugin [-] Segment 35ee9501-1120-4fca-ac53-e0b376fc43e2 resource provider aggregate not found
2026-07-01 02:04:57.840 10 INFO neutron.services.segments.plugin [-] Segment 35ee9501-1120-4fca-ac53-e0b376fc43e2 resource provider aggregate not found
2026-07-01 02:04:57.860 10 INFO neutron.services.segments.plugin [-] Segment 35ee9501-1120-4fca-ac53-e0b376fc43e2 resource provider not found; error: Placement Client Error (4xx): {"errors": [{"status": 404, "title": "Not Found", "detail": "The resource could not be found.\n\n No resource provider with uuid 35ee9501-1120-4fca-ac53-e0b376fc43e2 found for delete ", "request_id": "req-109884d2-9f31-4e7b-ada4-f985deff7cd2"}]}
2026-07-01 02:04:57.863 10 INFO neutron.services.segments.plugin [-] Segment 35ee9501-1120-4fca-ac53-e0b376fc43e2 resource provider not found; error: Placement Client Error (4xx): {"errors": [{"status": 404, "title": "Not Found", "detail": "The resource could not be found.\n\n No resource provider with uuid 35ee9501-1120-4fca-ac53-e0b376fc43e2 found for delete ", "request_id": "req-fd3b671a-3d68-4bab-8f7c-27c868540335"}]}
2026-07-01 02:04:57.990 9 INFO neutron.wsgi [None req-3faaec71-87f2-4a67-9556-1d7be14672dd ccc0f861a68a476a966549fecb202b7e 2fbdd45c1aff4b40a98a28e20203a351 - - default default] 10.0.0.206 "DELETE /v2.0/networks/8d0b51ee-8dab-469e-8503-fc6e524126c5 HTTP/1.1" status: 204 len: 168 time: 0.6321208
2026-07-01 02:04:58.217 10 ERROR ovsdbapp.backend.ovs_idl.command [None req-84bbf9fc-3e38-44d3-b468-ea0cb4292acd b2fec5bbb7ce4ee09fb7e2006c3ed054 a50e1318266f4fd6bba7c9b3e60ebbcf - - default default] Error executing command (DbGetCommand): ovsdbapp.backend.ovs_idl.idlutils.RowNotFound: Cannot find Logical_Router_Port with name=lrp-c58ee1bc-7985-4342-ba96-5f2faf336f70
2026-07-01 02:04:58.217 10 ERROR ovsdbapp.backend.ovs_idl.command
Traceback (most recent call last):
2026-07-01 02:04:58.217 10 ERROR ovsdbapp.backend.ovs_idl.command
File "/var/lib/openstack/lib/python3.10/site-packages/ovsdbapp/backend/ovs_idl/command.py", line 47, in execute
2026-07-01 02:04:58.217 10 ERROR ovsdbapp.backend.ovs_idl.command self.run_idl(None)
2026-07-01 02:04:58.217 10 ERROR ovsdbapp.backend.ovs_idl.command
File "/var/lib/openstack/lib/python3.10/site-packages/ovsdbapp/backend/ovs_idl/command.py", line 235, in run_idl
2026-07-01 02:04:58.217 10 ERROR ovsdbapp.backend.ovs_idl.command record = self.api.lookup(self.table, self.record)
2026-07-01 02:04:58.217 10 ERROR ovsdbapp.backend.ovs_idl.command
File "/var/lib/openstack/lib/python3.10/site-packages/ovsdbapp/backend/ovs_idl/__init__.py", line 184, in lookup
2026-07-01 02:04:58.217 10 ERROR ovsdbapp.backend.ovs_idl.command return self._lookup(table, record)
2026-07-01 02:04:58.217 10 ERROR ovsdbapp.backend.ovs_idl.command
File "/var/lib/openstack/lib/python3.10/site-packages/ovsdbapp/backend/ovs_idl/__init__.py", line 235, in _lookup
2026-07-01 02:04:58.217 10 ERROR ovsdbapp.backend.ovs_idl.command row = idlutils.row_by_value(self, rl.table, rl.column, record)
2026-07-01 02:04:58.217 10 ERROR ovsdbapp.backend.ovs_idl.command
File "/var/lib/openstack/lib/python3.10/site-packages/ovsdbapp/backend/ovs_idl/idlutils.py", line 114, in row_by_value
2026-07-01 02:04:58.217 10 ERROR ovsdbapp.backend.ovs_idl.command raise RowNotFound(table=table, col=column, match=match)
2026-07-01 02:04:58.217 10 ERROR ovsdbapp.backend.ovs_idl.command ovsdbapp.backend.ovs_idl.idlutils.RowNotFound: Cannot find Logical_Router_Port with name=lrp-c58ee1bc-7985-4342-ba96-5f2faf336f70
2026-07-01 02:04:58.217 10 ERROR ovsdbapp.backend.ovs_idl.command 
2026-07-01 02:04:58.218 10 ERROR neutron_lib.callbacks.manager [None req-84bbf9fc-3e38-44d3-b468-ea0cb4292acd b2fec5bbb7ce4ee09fb7e2006c3ed054 a50e1318266f4fd6bba7c9b3e60ebbcf - - default default] Error during notification for neutron.services.ovn_l3.plugin.OVNL3RouterPlugin._port_update-8753434905318 port, after_update: ovsdbapp.backend.ovs_idl.idlutils.RowNotFound: Cannot find Logical_Router_Port with name=lrp-c58ee1bc-7985-4342-ba96-5f2faf336f70
2026-07-01 02:04:58.218 10 ERROR neutron_lib.callbacks.manager
Traceback (most recent call last):
2026-07-01 02:04:58.218 10 ERROR neutron_lib.callbacks.manager
File "/var/lib/openstack/lib/python3.10/site-packages/neutron_lib/callbacks/manager.py", line 189, in _notify_loop
2026-07-01 02:04:58.218 10 ERROR neutron_lib.callbacks.manager callback.method(resource, event, trigger, payload=payload)
2026-07-01 02:04:58.218 10 ERROR neutron_lib.callbacks.manager
File "/var/lib/openstack/lib/python3.10/site-packages/neutron/services/ovn_l3/plugin.py", line 391, in _port_update
2026-07-01 02:04:58.218 10 ERROR neutron_lib.callbacks.manager l3plugin._ovn_client.update_router_port(context,
2026-07-01 02:04:58.218 10 ERROR neutron_lib.callbacks.manager
File "/var/lib/openstack/lib/python3.10/site-packages/neutron/plugins/ml2/drivers/ovn/mech_driver/ovsdb/ovn_client.py", line 1878, in update_router_port
2026-07-01 02:04:58.218 10 ERROR neutron_lib.callbacks.manager self._update_lrouter_port(context, port, if_exists=if_exists,
2026-07-01 02:04:58.218 10 ERROR neutron_lib.callbacks.manager
File "/var/lib/openstack/lib/python3.10/site-packages/neutron/plugins/ml2/drivers/ovn/mech_driver/ovsdb/ovn_client.py", line 1855, in _update_lrouter_port
2026-07-01 02:04:58.218 10 ERROR neutron_lib.callbacks.manager external_ids = self._nb_idl.db_get(
2026-07-01 02:04:58.218 10 ERROR neutron_lib.callbacks.manager
File "/var/lib/openstack/lib/python3.10/site-packages/ovsdbapp/backend/ovs_idl/command.py", line 47, in execute
2026-07-01 02:04:58.218 10 ERROR neutron_lib.callbacks.manager self.run_idl(None)
2026-07-01 02:04:58.218 10 ERROR neutron_lib.callbacks.manager
File "/var/lib/openstack/lib/python3.10/site-packages/ovsdbapp/backend/ovs_idl/command.py", line 235, in run_idl
2026-07-01 02:04:58.218 10 ERROR neutron_lib.callbacks.manager record = self.api.lookup(self.table, self.record)
2026-07-01 02:04:58.218 10 ERROR neutron_lib.callbacks.manager
File "/var/lib/openstack/lib/python3.10/site-packages/ovsdbapp/backend/ovs_idl/__init__.py", line 184, in lookup
2026-07-01 02:04:58.218 10 ERROR neutron_lib.callbacks.manager return self._lookup(table, record)
2026-07-01 02:04:58.218 10 ERROR neutron_lib.callbacks.manager
File "/var/lib/openstack/lib/python3.10/site-packages/ovsdbapp/backend/ovs_idl/__init__.py", line 235, in _lookup
2026-07-01 02:04:58.218 10 ERROR neutron_lib.callbacks.manager row = idlutils.row_by_value(self, rl.table, rl.column, record)
2026-07-01 02:04:58.218 10 ERROR neutron_lib.callbacks.manager
File "/var/lib/openstack/lib/python3.10/site-packages/ovsdbapp/backend/ovs_idl/idlutils.py", line 114, in row_by_value
2026-07-01 02:04:58.218 10 ERROR neutron_lib.callbacks.manager raise RowNotFound(table=table, col=column, match=match)
2026-07-01 02:04:58.218 10 ERROR neutron_lib.callbacks.manager ovsdbapp.backend.ovs_idl.idlutils.RowNotFound: Cannot find Logical_Router_Port with name=lrp-c58ee1bc-7985-4342-ba96-5f2faf336f70
2026-07-01 02:04:58.218 10 ERROR neutron_lib.callbacks.manager 
2026-07-01 02:04:58.339 9 INFO neutron.plugins.ml2.drivers.ovn.mech_driver.mech_driver [None req-048e853a-c288-4bf9-a660-befce609003b - - - - - -] OVN reports status up for port: c58ee1bc-7985-4342-ba96-5f2faf336f70
2026-07-01 02:04:58.350 9 INFO neutron.plugins.ml2.plugin [None req-048e853a-c288-4bf9-a660-befce609003b - - - - - -] Attempt 1 to provision port c58ee1bc-7985-4342-ba96-5f2faf336f70
2026-07-01 02:04:58.377 10 INFO neutron.db.ovn_revision_numbers_db [None req-84bbf9fc-3e38-44d3-b468-ea0cb4292acd b2fec5bbb7ce4ee09fb7e2006c3ed054 a50e1318266f4fd6bba7c9b3e60ebbcf - - default default] Successfully bumped revision number for resource c58ee1bc-7985-4342-ba96-5f2faf336f70 (type: ports) to 2 /var/lib/openstack/lib/python3.10/site-packages/pycadf/identifier.py:71: UserWarning: Invalid uuid: neutron. To ensure interoperability, identifiers should be a valid uuid. warnings.warn(('Invalid uuid: %s. To ensure interoperability, '
2026-07-01 02:04:58.700 10 INFO neutron.wsgi [None req-6e093c4b-f5f4-4043-bcec-40d9fd6e005b 983592d47736485292fb6a03e57b87ae e187e22e8ee143f79a5fcaaf3ee07dc1 - - default default] 10.0.0.206 "GET /v2.0/security-groups?tenant_id=2fbdd45c1aff4b40a98a28e20203a351&name=default HTTP/1.1" status: 200 len: 3120 time: 0.2185287
2026-07-01 02:04:58.757 9 INFO neutron.db.ovn_revision_numbers_db [None req-048e853a-c288-4bf9-a660-befce609003b - - - - - -] Successfully bumped revision number for resource c58ee1bc-7985-4342-ba96-5f2faf336f70 (type: ports) to 3
2026-07-01 02:04:58.842 9 ERROR ovsdbapp.backend.ovs_idl.command [None req-048e853a-c288-4bf9-a660-befce609003b - - - - - -] Error executing command (DbGetCommand): ovsdbapp.backend.ovs_idl.idlutils.RowNotFound: Cannot find Logical_Router_Port with name=lrp-c58ee1bc-7985-4342-ba96-5f2faf336f70
2026-07-01 02:04:58.842 9 ERROR ovsdbapp.backend.ovs_idl.command
Traceback (most recent call last):
2026-07-01 02:04:58.842 9 ERROR ovsdbapp.backend.ovs_idl.command
File "/var/lib/openstack/lib/python3.10/site-packages/ovsdbapp/backend/ovs_idl/command.py", line 47, in execute
2026-07-01 02:04:58.842 9 ERROR ovsdbapp.backend.ovs_idl.command self.run_idl(None)
2026-07-01 02:04:58.842 9 ERROR ovsdbapp.backend.ovs_idl.command
File "/var/lib/openstack/lib/python3.10/site-packages/ovsdbapp/backend/ovs_idl/command.py", line 235, in run_idl
2026-07-01 02:04:58.842 9 ERROR ovsdbapp.backend.ovs_idl.command record = self.api.lookup(self.table, self.record)
2026-07-01 02:04:58.842 9 ERROR ovsdbapp.backend.ovs_idl.command
File "/var/lib/openstack/lib/python3.10/site-packages/ovsdbapp/backend/ovs_idl/__init__.py", line 184, in lookup
2026-07-01 02:04:58.842 9 ERROR ovsdbapp.backend.ovs_idl.command return self._lookup(table, record)
2026-07-01 02:04:58.842 9 ERROR ovsdbapp.backend.ovs_idl.command
File "/var/lib/openstack/lib/python3.10/site-packages/ovsdbapp/backend/ovs_idl/__init__.py", line 235, in _lookup
2026-07-01 02:04:58.842 9 ERROR ovsdbapp.backend.ovs_idl.command row = idlutils.row_by_value(self, rl.table, rl.column, record)
2026-07-01 02:04:58.842 9 ERROR ovsdbapp.backend.ovs_idl.command
File "/var/lib/openstack/lib/python3.10/site-packages/ovsdbapp/backend/ovs_idl/idlutils.py", line 114, in row_by_value
2026-07-01 02:04:58.842 9 ERROR ovsdbapp.backend.ovs_idl.command raise RowNotFound(table=table, col=column, match=match)
2026-07-01 02:04:58.842 9 ERROR ovsdbapp.backend.ovs_idl.command ovsdbapp.backend.ovs_idl.idlutils.RowNotFound: Cannot find Logical_Router_Port with name=lrp-c58ee1bc-7985-4342-ba96-5f2faf336f70
2026-07-01 02:04:58.842 9 ERROR ovsdbapp.backend.ovs_idl.command 
2026-07-01 02:04:58.843 9 ERROR neutron_lib.callbacks.manager [None req-048e853a-c288-4bf9-a660-befce609003b - - - - - -] Error during notification for neutron.services.ovn_l3.plugin.OVNL3RouterPlugin._port_update-8753434905318 port, after_update: ovsdbapp.backend.ovs_idl.idlutils.RowNotFound: Cannot find Logical_Router_Port with name=lrp-c58ee1bc-7985-4342-ba96-5f2faf336f70
2026-07-01 02:04:58.843 9 ERROR neutron_lib.callbacks.manager
Traceback (most recent call last):
2026-07-01 02:04:58.843 9 ERROR neutron_lib.callbacks.manager
File "/var/lib/openstack/lib/python3.10/site-packages/neutron_lib/callbacks/manager.py", line 189, in _notify_loop
2026-07-01 02:04:58.843 9 ERROR neutron_lib.callbacks.manager callback.method(resource, event, trigger, payload=payload)
2026-07-01 02:04:58.843 9 ERROR neutron_lib.callbacks.manager
File "/var/lib/openstack/lib/python3.10/site-packages/neutron/services/ovn_l3/plugin.py", line 391, in _port_update
2026-07-01 02:04:58.843 9 ERROR neutron_lib.callbacks.manager l3plugin._ovn_client.update_router_port(context,
2026-07-01 02:04:58.843 9 ERROR neutron_lib.callbacks.manager
File "/var/lib/openstack/lib/python3.10/site-packages/neutron/plugins/ml2/drivers/ovn/mech_driver/ovsdb/ovn_client.py", line 1878, in update_router_port
2026-07-01 02:04:58.843 9 ERROR neutron_lib.callbacks.manager self._update_lrouter_port(context, port, if_exists=if_exists,
2026-07-01 02:04:58.843 9 ERROR neutron_lib.callbacks.manager
File "/var/lib/openstack/lib/python3.10/site-packages/neutron/plugins/ml2/drivers/ovn/mech_driver/ovsdb/ovn_client.py", line 1855, in _update_lrouter_port
2026-07-01 02:04:58.843 9 ERROR neutron_lib.callbacks.manager external_ids = self._nb_idl.db_get(
2026-07-01 02:04:58.843 9 ERROR neutron_lib.callbacks.manager
File "/var/lib/openstack/lib/python3.10/site-packages/ovsdbapp/backend/ovs_idl/command.py", line 47, in execute
2026-07-01 02:04:58.843 9 ERROR neutron_lib.callbacks.manager self.run_idl(None)
2026-07-01 02:04:58.843 9 ERROR neutron_lib.callbacks.manager
File "/var/lib/openstack/lib/python3.10/site-packages/ovsdbapp/backend/ovs_idl/command.py", line 235, in run_idl
2026-07-01 02:04:58.843 9 ERROR neutron_lib.callbacks.manager record = self.api.lookup(self.table, self.record)
2026-07-01 02:04:58.843 9 ERROR neutron_lib.callbacks.manager
File "/var/lib/openstack/lib/python3.10/site-packages/ovsdbapp/backend/ovs_idl/__init__.py", line 184, in lookup
2026-07-01 02:04:58.843 9 ERROR neutron_lib.callbacks.manager return self._lookup(table, record)
2026-07-01 02:04:58.843 9 ERROR neutron_lib.callbacks.manager
File "/var/lib/openstack/lib/python3.10/site-packages/ovsdbapp/backend/ovs_idl/__init__.py", line 235, in _lookup
2026-07-01 02:04:58.843 9 ERROR neutron_lib.callbacks.manager row = idlutils.row_by_value(self, rl.table, rl.column, record)
2026-07-01 02:04:58.843 9 ERROR neutron_lib.callbacks.manager
File "/var/lib/openstack/lib/python3.10/site-packages/ovsdbapp/backend/ovs_idl/idlutils.py", line 114, in row_by_value
2026-07-01 02:04:58.843 9 ERROR neutron_lib.callbacks.manager raise RowNotFound(table=table, col=column, match=match)
2026-07-01 02:04:58.843 9 ERROR neutron_lib.callbacks.manager ovsdbapp.backend.ovs_idl.idlutils.RowNotFound: Cannot find Logical_Router_Port with name=lrp-c58ee1bc-7985-4342-ba96-5f2faf336f70
2026-07-01 02:04:58.843 9 ERROR neutron_lib.callbacks.manager 
2026-07-01 02:04:58.980 10 ERROR ovsdbapp.backend.ovs_idl.command [None req-84bbf9fc-3e38-44d3-b468-ea0cb4292acd b2fec5bbb7ce4ee09fb7e2006c3ed054 a50e1318266f4fd6bba7c9b3e60ebbcf - - default default] Error executing command (DbGetCommand): ovsdbapp.backend.ovs_idl.idlutils.RowNotFound: Cannot find Logical_Router_Port with name=lrp-c58ee1bc-7985-4342-ba96-5f2faf336f70
2026-07-01 02:04:58.980 10 ERROR ovsdbapp.backend.ovs_idl.command
Traceback (most recent call last):
2026-07-01 02:04:58.980 10 ERROR ovsdbapp.backend.ovs_idl.command
File "/var/lib/openstack/lib/python3.10/site-packages/ovsdbapp/backend/ovs_idl/command.py", line 47, in execute
2026-07-01 02:04:58.980 10 ERROR ovsdbapp.backend.ovs_idl.command self.run_idl(None)
2026-07-01 02:04:58.980 10 ERROR ovsdbapp.backend.ovs_idl.command
File "/var/lib/openstack/lib/python3.10/site-packages/ovsdbapp/backend/ovs_idl/command.py", line 235, in run_idl
2026-07-01 02:04:58.980 10 ERROR ovsdbapp.backend.ovs_idl.command record = self.api.lookup(self.table, self.record)
2026-07-01 02:04:58.980 10 ERROR ovsdbapp.backend.ovs_idl.command
File "/var/lib/openstack/lib/python3.10/site-packages/ovsdbapp/backend/ovs_idl/__init__.py", line 184, in lookup
2026-07-01 02:04:58.980 10 ERROR ovsdbapp.backend.ovs_idl.command return self._lookup(table, record)
2026-07-01 02:04:58.980 10 ERROR ovsdbapp.backend.ovs_idl.command
File "/var/lib/openstack/lib/python3.10/site-packages/ovsdbapp/backend/ovs_idl/__init__.py", line 235, in _lookup
2026-07-01 02:04:58.980 10 ERROR ovsdbapp.backend.ovs_idl.command row = idlutils.row_by_value(self, rl.table, rl.column, record)
2026-07-01 02:04:58.980 10 ERROR ovsdbapp.backend.ovs_idl.command
File "/var/lib/openstack/lib/python3.10/site-packages/ovsdbapp/backend/ovs_idl/idlutils.py", line 114, in row_by_value
2026-07-01 02:04:58.980 10 ERROR ovsdbapp.backend.ovs_idl.command raise RowNotFound(table=table, col=column, match=match)
2026-07-01 02:04:58.980 10 ERROR ovsdbapp.backend.ovs_idl.command ovsdbapp.backend.ovs_idl.idlutils.RowNotFound: Cannot find Logical_Router_Port with name=lrp-c58ee1bc-7985-4342-ba96-5f2faf336f70
2026-07-01 02:04:58.980 10 ERROR ovsdbapp.backend.ovs_idl.command 
2026-07-01 02:04:58.980 10 ERROR neutron_lib.callbacks.manager [None req-84bbf9fc-3e38-44d3-b468-ea0cb4292acd b2fec5bbb7ce4ee09fb7e2006c3ed054 a50e1318266f4fd6bba7c9b3e60ebbcf - - default default] Error during notification for neutron.services.ovn_l3.plugin.OVNL3RouterPlugin._port_update-8753434905318 port, after_update: ovsdbapp.backend.ovs_idl.idlutils.RowNotFound: Cannot find Logical_Router_Port with name=lrp-c58ee1bc-7985-4342-ba96-5f2faf336f70
2026-07-01 02:04:58.980 10 ERROR neutron_lib.callbacks.manager
Traceback (most recent call last):
2026-07-01 02:04:58.980 10 ERROR neutron_lib.callbacks.manager
File "/var/lib/openstack/lib/python3.10/site-packages/neutron_lib/callbacks/manager.py", line 189, in _notify_loop
2026-07-01 02:04:58.980 10 ERROR neutron_lib.callbacks.manager callback.method(resource, event, trigger, payload=payload)
2026-07-01 02:04:58.980 10 ERROR neutron_lib.callbacks.manager
File "/var/lib/openstack/lib/python3.10/site-packages/neutron/services/ovn_l3/plugin.py", line 391, in _port_update
2026-07-01 02:04:58.980 10 ERROR neutron_lib.callbacks.manager l3plugin._ovn_client.update_router_port(context,
2026-07-01 02:04:58.980 10 ERROR neutron_lib.callbacks.manager
File "/var/lib/openstack/lib/python3.10/site-packages/neutron/plugins/ml2/drivers/ovn/mech_driver/ovsdb/ovn_client.py", line 1878, in update_router_port
2026-07-01 02:04:58.980 10 ERROR neutron_lib.callbacks.manager self._update_lrouter_port(context, port, if_exists=if_exists,
2026-07-01 02:04:58.980 10 ERROR neutron_lib.callbacks.manager
File "/var/lib/openstack/lib/python3.10/site-packages/neutron/plugins/ml2/drivers/ovn/mech_driver/ovsdb/ovn_client.py", line 1855, in _update_lrouter_port
2026-07-01 02:04:58.980 10 ERROR neutron_lib.callbacks.manager external_ids = self._nb_idl.db_get(
2026-07-01 02:04:58.980 10 ERROR neutron_lib.callbacks.manager
File "/var/lib/openstack/lib/python3.10/site-packages/ovsdbapp/backend/ovs_idl/command.py", line 47, in execute
2026-07-01 02:04:58.980 10 ERROR neutron_lib.callbacks.manager self.run_idl(None)
2026-07-01 02:04:58.980 10 ERROR neutron_lib.callbacks.manager
File "/var/lib/openstack/lib/python3.10/site-packages/ovsdbapp/backend/ovs_idl/command.py", line 235, in run_idl
2026-07-01 02:04:58.980 10 ERROR neutron_lib.callbacks.manager record = self.api.lookup(self.table, self.record)
2026-07-01 02:04:58.980 10 ERROR neutron_lib.callbacks.manager
File "/var/lib/openstack/lib/python3.10/site-packages/ovsdbapp/backend/ovs_idl/__init__.py", line 184, in lookup
2026-07-01 02:04:58.980 10 ERROR neutron_lib.callbacks.manager return self._lookup(table, record)
2026-07-01 02:04:58.980 10 ERROR neutron_lib.callbacks.manager
File "/var/lib/openstack/lib/python3.10/site-packages/ovsdbapp/backend/ovs_idl/__init__.py", line 235, in _lookup
2026-07-01 02:04:58.980 10 ERROR neutron_lib.callbacks.manager row = idlutils.row_by_value(self, rl.table, rl.column, record)
2026-07-01 02:04:58.980 10 ERROR neutron_lib.callbacks.manager
File "/var/lib/openstack/lib/python3.10/site-packages/ovsdbapp/backend/ovs_idl/idlutils.py", line 114, in row_by_value
2026-07-01 02:04:58.980 10 ERROR neutron_lib.callbacks.manager raise RowNotFound(table=table, col=column, match=match)
2026-07-01 02:04:58.980 10 ERROR neutron_lib.callbacks.manager ovsdbapp.backend.ovs_idl.idlutils.RowNotFound: Cannot find Logical_Router_Port with name=lrp-c58ee1bc-7985-4342-ba96-5f2faf336f70
2026-07-01 02:04:58.980 10 ERROR neutron_lib.callbacks.manager 
2026-07-01 02:04:59.036 10 INFO neutron.wsgi [None req-c9d90a17-677b-4a7f-9027-9ad91c973a6a 983592d47736485292fb6a03e57b87ae e187e22e8ee143f79a5fcaaf3ee07dc1 - - default default] 10.0.0.206 "DELETE /v2.0/security-groups/10b38981-0aea-427d-9dcb-36c94024effc HTTP/1.1" status: 204 len: 168 time: 0.3317902
2026-07-01 02:04:59.141 10 INFO neutron.db.ovn_revision_numbers_db [None req-84bbf9fc-3e38-44d3-b468-ea0cb4292acd b2fec5bbb7ce4ee09fb7e2006c3ed054 a50e1318266f4fd6bba7c9b3e60ebbcf - - default default] Successfully bumped revision number for resource c58ee1bc-7985-4342-ba96-5f2faf336f70 (type: ports) to 3
2026-07-01 02:04:59.204 10 WARNING neutron.scheduler.dhcp_agent_scheduler [None req-84bbf9fc-3e38-44d3-b468-ea0cb4292acd b2fec5bbb7ce4ee09fb7e2006c3ed054 a50e1318266f4fd6bba7c9b3e60ebbcf - - default default] No more DHCP agents
2026-07-01 02:04:59.205 10 WARNING neutron.api.rpc.agentnotifiers.dhcp_rpc_agent_api [None req-84bbf9fc-3e38-44d3-b468-ea0cb4292acd b2fec5bbb7ce4ee09fb7e2006c3ed054 a50e1318266f4fd6bba7c9b3e60ebbcf - - default default] Unable to schedule network a925c9ca-7c6a-4719-8a5c-926e2f89907a: no agents available; will retry on subsequent port and subnet creation events.
2026-07-01 02:04:59.270 9 INFO neutron.services.segments.plugin [-] Segment 642a1fb4-4934-4314-9f2a-5dc05c9b20be resource provider aggregate not found
2026-07-01 02:04:59.276 9 INFO neutron.services.segments.plugin [-] Segment 642a1fb4-4934-4314-9f2a-5dc05c9b20be resource provider aggregate not found
2026-07-01 02:04:59.291 9 INFO neutron.services.segments.plugin [-] Segment 642a1fb4-4934-4314-9f2a-5dc05c9b20be resource provider not found; error: Placement Client Error (4xx): {"errors": [{"status": 404, "title": "Not Found", "detail": "The resource could not be found.\n\n No resource provider with uuid 642a1fb4-4934-4314-9f2a-5dc05c9b20be found for delete ", "request_id": "req-48a23f5d-0d43-40d0-95a4-39cf68c5be51"}]}
