2026-07-01 02:06:45.007 9 INFO neutron.wsgi [None req-8d016907-3c33-45b8-b232-4a032d1dd25e d93a6d340dab4df19c7e6764ed7d6785 f114fe3f3c8e410396ff1798524ea20e - - default default] 10.0.0.206 "GET /v2.0/security-groups/7a3bf0ae-b5b7-4a74-9ff3-e69ac935e0b4/tags HTTP/1.1" status: 200 len: 245 time: 0.0294471
2026-07-01 02:06:45.016 10 INFO neutron.wsgi [req-1f1f9d92-a009-46db-bed8-385128f9ac61 req-70dd414d-10b1-4c3d-b619-a55143243c4c 3463d062b7a6496c9ba6d253db629831 396ed9a995864699937ac3f3d83d6c53 - - default default] 10.0.0.89 "GET /v2.0/networks?id=361339d7-b207-471e-a813-ea21642c275a HTTP/1.1" status: 200 len: 860 time: 0.1082795
2026-07-01 02:06:45.035 10 INFO neutron.wsgi [req-1f1f9d92-a009-46db-bed8-385128f9ac61 req-3bc1c3bc-ee59-4288-b7a8-dd51acdb3f2a 3463d062b7a6496c9ba6d253db629831 396ed9a995864699937ac3f3d83d6c53 - - default default] 10.0.0.89 "GET /v2.0/quotas/396ed9a995864699937ac3f3d83d6c53 HTTP/1.1" status: 200 len: 491 time: 0.0139828
2026-07-01 02:06:45.046 9 INFO neutron.wsgi [None req-efb49249-77cc-4b7f-8a35-8303c2e2b112 d93a6d340dab4df19c7e6764ed7d6785 f114fe3f3c8e410396ff1798524ea20e - - default default] 10.0.0.206 "PUT /v2.0/security-groups/7a3bf0ae-b5b7-4a74-9ff3-e69ac935e0b4/tags HTTP/1.1" status: 200 len: 230 time: 0.0351098
2026-07-01 02:06:45.075 9 INFO neutron.wsgi [None req-42e10450-8d18-476e-9834-76a82de32494 d93a6d340dab4df19c7e6764ed7d6785 f114fe3f3c8e410396ff1798524ea20e - - default default] 10.0.0.206 "GET /v2.0/security-groups/7a3bf0ae-b5b7-4a74-9ff3-e69ac935e0b4/tags HTTP/1.1" status: 200 len: 230 time: 0.0230091
2026-07-01 02:06:45.100 9 INFO neutron.wsgi [None req-87675a2a-9cc5-4b22-bfe1-dd510d951e31 d93a6d340dab4df19c7e6764ed7d6785 f114fe3f3c8e410396ff1798524ea20e - - default default] 10.0.0.206 "GET /v2.0/security-groups/7a3bf0ae-b5b7-4a74-9ff3-e69ac935e0b4/tags/red HTTP/1.1" status: 204 len: 168 time: 0.0216212
2026-07-01 02:06:45.139 9 INFO neutron.api.v2.resource [None req-ca6be418-8bdd-4ca2-bb5a-283b9827c1c6 d93a6d340dab4df19c7e6764ed7d6785 f114fe3f3c8e410396ff1798524ea20e - - default default] show failed (client error): The resource could not be found.
2026-07-01 02:06:45.141 9 INFO neutron.wsgi [None req-ca6be418-8bdd-4ca2-bb5a-283b9827c1c6 d93a6d340dab4df19c7e6764ed7d6785 f114fe3f3c8e410396ff1798524ea20e - - default default] 10.0.0.206 "GET /v2.0/security-groups/7a3bf0ae-b5b7-4a74-9ff3-e69ac935e0b4/tags/green HTTP/1.1" status: 404 len: 299 time: 0.0352314
2026-07-01 02:06:45.166 10 INFO neutron.wsgi [req-1f1f9d92-a009-46db-bed8-385128f9ac61 req-2eb37487-e5e8-4857-9698-e2e39a8b4d6d 3463d062b7a6496c9ba6d253db629831 396ed9a995864699937ac3f3d83d6c53 - - default default] 10.0.0.89 "GET /v2.0/ports?tenant_id=396ed9a995864699937ac3f3d83d6c53&fields=id HTTP/1.1" status: 200 len: 348 time: 0.1243098
2026-07-01 02:06:45.190 9 INFO neutron.wsgi [None req-fe517017-103d-472e-847a-95125d84b7da d93a6d340dab4df19c7e6764ed7d6785 f114fe3f3c8e410396ff1798524ea20e - - default default] 10.0.0.206 "DELETE /v2.0/security-groups/7a3bf0ae-b5b7-4a74-9ff3-e69ac935e0b4/tags/red HTTP/1.1" status: 204 len: 168 time: 0.0414045
2026-07-01 02:06:45.214 10 INFO neutron.db.ovn_revision_numbers_db [None req-a4de631f-71f0-4685-9f8c-b45dc7bfa0e6 1ebf4bb9bffb4975bcf0ab2bd407964f b86c06e4c70b4081b726228601237460 - - default default] Successfully bumped revision number for resource 44d2e9c7-713b-4ce2-bfc2-73e31ff4142d (type: ports) to 1
2026-07-01 02:06:45.217 9 INFO neutron.wsgi [None req-d2b10963-f9df-4f8f-9700-bd6b0e2e61bb d93a6d340dab4df19c7e6764ed7d6785 f114fe3f3c8e410396ff1798524ea20e - - default default] 10.0.0.206 "GET /v2.0/security-groups/7a3bf0ae-b5b7-4a74-9ff3-e69ac935e0b4/tags HTTP/1.1" status: 200 len: 223 time: 0.0217400
2026-07-01 02:06:45.269 10 INFO neutron.wsgi [req-1f1f9d92-a009-46db-bed8-385128f9ac61 req-f5d41555-1fa1-492b-b1cb-66267d236130 e3503a8fd7274b6bad92b0fbd20c2093 e11b4a4e282049b79a77ebaf177de5fe - - d6c4b691307344b8915061b9356c99b5 d6c4b691307344b8915061b9356c99b5] 10.0.0.89 "GET /v2.0/networks/361339d7-b207-471e-a813-ea21642c275a?fields=segments HTTP/1.1" status: 200 len: 212 time: 0.0859120
2026-07-01 02:06:45.291 10 INFO neutron.api.v2.resource [None req-90b84d95-df91-458f-86b3-8146b514fa21 d93a6d340dab4df19c7e6764ed7d6785 f114fe3f3c8e410396ff1798524ea20e - - default default] delete failed (client error): The resource could not be found.
2026-07-01 02:06:45.292 10 INFO neutron.wsgi [None req-90b84d95-df91-458f-86b3-8146b514fa21 d93a6d340dab4df19c7e6764ed7d6785 f114fe3f3c8e410396ff1798524ea20e - - default default] 10.0.0.206 "DELETE /v2.0/security-groups/7a3bf0ae-b5b7-4a74-9ff3-e69ac935e0b4/tags/green HTTP/1.1" status: 404 len: 299 time: 0.0697041
2026-07-01 02:06:45.341 9 INFO neutron.wsgi [None req-42b614b9-edb4-4787-9cb3-39746e24ae99 d93a6d340dab4df19c7e6764ed7d6785 f114fe3f3c8e410396ff1798524ea20e - - default default] 10.0.0.206 "DELETE /v2.0/security-groups/7a3bf0ae-b5b7-4a74-9ff3-e69ac935e0b4/tags HTTP/1.1" status: 204 len: 168 time: 0.0440526
2026-07-01 02:06:45.348 10 INFO neutron.wsgi [req-1f1f9d92-a009-46db-bed8-385128f9ac61 req-e16a091f-4886-4b68-b7a9-86dd41782d79 e3503a8fd7274b6bad92b0fbd20c2093 e11b4a4e282049b79a77ebaf177de5fe - - d6c4b691307344b8915061b9356c99b5 d6c4b691307344b8915061b9356c99b5] 10.0.0.89 "GET /v2.0/networks/361339d7-b207-471e-a813-ea21642c275a?fields=provider%3Aphysical_network&fields=provider%3Anetwork_type HTTP/1.1" status: 200 len: 277 time: 0.0725386
2026-07-01 02:06:45.372 9 INFO neutron.wsgi [None req-f0210d8b-35ec-4410-842a-6911568d2a6f d93a6d340dab4df19c7e6764ed7d6785 f114fe3f3c8e410396ff1798524ea20e - - default default] 10.0.0.206 "GET /v2.0/security-groups/7a3bf0ae-b5b7-4a74-9ff3-e69ac935e0b4/tags HTTP/1.1" status: 200 len: 205 time: 0.0263078
2026-07-01 02:06:45.489 9 INFO neutron.wsgi [req-d641151e-ee79-4c73-bfb6-d2b28a2358a5 req-58961692-d89b-4ae0-948e-b088ccf37f11 3463d062b7a6496c9ba6d253db629831 396ed9a995864699937ac3f3d83d6c53 - - default default] 10.0.0.89 "GET /v2.0/ports?device_id=e8c19c88-aa32-48e8-a1e6-250b89e45089 HTTP/1.1" status: 200 len: 210 time: 0.0223451
2026-07-01 02:06:45.498 9 INFO neutron.wsgi [None req-a16c75f1-0b0d-4912-a1d9-7b0545171e8b d93a6d340dab4df19c7e6764ed7d6785 f114fe3f3c8e410396ff1798524ea20e - - default default] 10.0.0.206 "DELETE /v2.0/security-groups/7a3bf0ae-b5b7-4a74-9ff3-e69ac935e0b4 HTTP/1.1" status: 204 len: 168 time: 0.1189170
2026-07-01 02:06:45.804 10 ERROR ovsdbapp.backend.ovs_idl.command [None req-a4de631f-71f0-4685-9f8c-b45dc7bfa0e6 1ebf4bb9bffb4975bcf0ab2bd407964f b86c06e4c70b4081b726228601237460 - - default default] Error executing command (DbGetCommand): ovsdbapp.backend.ovs_idl.idlutils.RowNotFound: Cannot find Logical_Router_Port with name=lrp-44d2e9c7-713b-4ce2-bfc2-73e31ff4142d
2026-07-01 02:06:45.804 10 ERROR ovsdbapp.backend.ovs_idl.command
Traceback (most recent call last):
2026-07-01 02:06:45.804 10 ERROR ovsdbapp.backend.ovs_idl.command
File "/var/lib/openstack/lib/python3.10/site-packages/ovsdbapp/backend/ovs_idl/command.py", line 47, in execute
2026-07-01 02:06:45.804 10 ERROR ovsdbapp.backend.ovs_idl.command self.run_idl(None)
2026-07-01 02:06:45.804 10 ERROR ovsdbapp.backend.ovs_idl.command
File "/var/lib/openstack/lib/python3.10/site-packages/ovsdbapp/backend/ovs_idl/command.py", line 235, in run_idl
2026-07-01 02:06:45.804 10 ERROR ovsdbapp.backend.ovs_idl.command record = self.api.lookup(self.table, self.record)
2026-07-01 02:06:45.804 10 ERROR ovsdbapp.backend.ovs_idl.command
File "/var/lib/openstack/lib/python3.10/site-packages/ovsdbapp/backend/ovs_idl/__init__.py", line 184, in lookup
2026-07-01 02:06:45.804 10 ERROR ovsdbapp.backend.ovs_idl.command return self._lookup(table, record)
2026-07-01 02:06:45.804 10 ERROR ovsdbapp.backend.ovs_idl.command
File "/var/lib/openstack/lib/python3.10/site-packages/ovsdbapp/backend/ovs_idl/__init__.py", line 235, in _lookup
2026-07-01 02:06:45.804 10 ERROR ovsdbapp.backend.ovs_idl.command row = idlutils.row_by_value(self, rl.table, rl.column, record)
2026-07-01 02:06:45.804 10 ERROR ovsdbapp.backend.ovs_idl.command
File "/var/lib/openstack/lib/python3.10/site-packages/ovsdbapp/backend/ovs_idl/idlutils.py", line 114, in row_by_value
2026-07-01 02:06:45.804 10 ERROR ovsdbapp.backend.ovs_idl.command raise RowNotFound(table=table, col=column, match=match)
2026-07-01 02:06:45.804 10 ERROR ovsdbapp.backend.ovs_idl.command ovsdbapp.backend.ovs_idl.idlutils.RowNotFound: Cannot find Logical_Router_Port with name=lrp-44d2e9c7-713b-4ce2-bfc2-73e31ff4142d
2026-07-01 02:06:45.804 10 ERROR ovsdbapp.backend.ovs_idl.command 
2026-07-01 02:06:45.805 10 ERROR neutron_lib.callbacks.manager [None req-a4de631f-71f0-4685-9f8c-b45dc7bfa0e6 1ebf4bb9bffb4975bcf0ab2bd407964f b86c06e4c70b4081b726228601237460 - - default default] Error during notification for neutron.services.ovn_l3.plugin.OVNL3RouterPlugin._port_update-8753434905318 port, after_update: ovsdbapp.backend.ovs_idl.idlutils.RowNotFound: Cannot find Logical_Router_Port with name=lrp-44d2e9c7-713b-4ce2-bfc2-73e31ff4142d
2026-07-01 02:06:45.805 10 ERROR neutron_lib.callbacks.manager
Traceback (most recent call last):
2026-07-01 02:06:45.805 10 ERROR neutron_lib.callbacks.manager
File "/var/lib/openstack/lib/python3.10/site-packages/neutron_lib/callbacks/manager.py", line 189, in _notify_loop
2026-07-01 02:06:45.805 10 ERROR neutron_lib.callbacks.manager callback.method(resource, event, trigger, payload=payload)
2026-07-01 02:06:45.805 10 ERROR neutron_lib.callbacks.manager
File "/var/lib/openstack/lib/python3.10/site-packages/neutron/services/ovn_l3/plugin.py", line 391, in _port_update
2026-07-01 02:06:45.805 10 ERROR neutron_lib.callbacks.manager l3plugin._ovn_client.update_router_port(context,
2026-07-01 02:06:45.805 10 ERROR neutron_lib.callbacks.manager
File "/var/lib/openstack/lib/python3.10/site-packages/neutron/plugins/ml2/drivers/ovn/mech_driver/ovsdb/ovn_client.py", line 1878, in update_router_port
2026-07-01 02:06:45.805 10 ERROR neutron_lib.callbacks.manager self._update_lrouter_port(context, port, if_exists=if_exists,
2026-07-01 02:06:45.805 10 ERROR neutron_lib.callbacks.manager
File "/var/lib/openstack/lib/python3.10/site-packages/neutron/plugins/ml2/drivers/ovn/mech_driver/ovsdb/ovn_client.py", line 1855, in _update_lrouter_port
2026-07-01 02:06:45.805 10 ERROR neutron_lib.callbacks.manager external_ids = self._nb_idl.db_get(
2026-07-01 02:06:45.805 10 ERROR neutron_lib.callbacks.manager
File "/var/lib/openstack/lib/python3.10/site-packages/ovsdbapp/backend/ovs_idl/command.py", line 47, in execute
2026-07-01 02:06:45.805 10 ERROR neutron_lib.callbacks.manager self.run_idl(None)
2026-07-01 02:06:45.805 10 ERROR neutron_lib.callbacks.manager
File "/var/lib/openstack/lib/python3.10/site-packages/ovsdbapp/backend/ovs_idl/command.py", line 235, in run_idl
2026-07-01 02:06:45.805 10 ERROR neutron_lib.callbacks.manager record = self.api.lookup(self.table, self.record)
2026-07-01 02:06:45.805 10 ERROR neutron_lib.callbacks.manager
File "/var/lib/openstack/lib/python3.10/site-packages/ovsdbapp/backend/ovs_idl/__init__.py", line 184, in lookup
2026-07-01 02:06:45.805 10 ERROR neutron_lib.callbacks.manager return self._lookup(table, record)
2026-07-01 02:06:45.805 10 ERROR neutron_lib.callbacks.manager
File "/var/lib/openstack/lib/python3.10/site-packages/ovsdbapp/backend/ovs_idl/__init__.py", line 235, in _lookup
2026-07-01 02:06:45.805 10 ERROR neutron_lib.callbacks.manager row = idlutils.row_by_value(self, rl.table, rl.column, record)
2026-07-01 02:06:45.805 10 ERROR neutron_lib.callbacks.manager
File "/var/lib/openstack/lib/python3.10/site-packages/ovsdbapp/backend/ovs_idl/idlutils.py", line 114, in row_by_value
2026-07-01 02:06:45.805 10 ERROR neutron_lib.callbacks.manager raise RowNotFound(table=table, col=column, match=match)
2026-07-01 02:06:45.805 10 ERROR neutron_lib.callbacks.manager ovsdbapp.backend.ovs_idl.idlutils.RowNotFound: Cannot find Logical_Router_Port with name=lrp-44d2e9c7-713b-4ce2-bfc2-73e31ff4142d
2026-07-01 02:06:45.805 10 ERROR neutron_lib.callbacks.manager 
2026-07-01 02:06:46.023 10 INFO neutron.db.ovn_revision_numbers_db [None req-a4de631f-71f0-4685-9f8c-b45dc7bfa0e6 1ebf4bb9bffb4975bcf0ab2bd407964f b86c06e4c70b4081b726228601237460 - - default default] Successfully bumped revision number for resource 44d2e9c7-713b-4ce2-bfc2-73e31ff4142d (type: ports) to 1
2026-07-01 02:06:46.079 10 WARNING neutron.scheduler.dhcp_agent_scheduler [None req-a4de631f-71f0-4685-9f8c-b45dc7bfa0e6 1ebf4bb9bffb4975bcf0ab2bd407964f b86c06e4c70b4081b726228601237460 - - default default] No more DHCP agents
2026-07-01 02:06:46.080 10 WARNING neutron.api.rpc.agentnotifiers.dhcp_rpc_agent_api [None req-a4de631f-71f0-4685-9f8c-b45dc7bfa0e6 1ebf4bb9bffb4975bcf0ab2bd407964f b86c06e4c70b4081b726228601237460 - - default default] Unable to schedule network 319007b3-77f3-4bbe-80ba-ef2f6e593e9a: no agents available; will retry on subsequent port and subnet creation events.
2026-07-01 02:06:46.192 9 INFO neutron.wsgi [req-1f1f9d92-a009-46db-bed8-385128f9ac61 req-d1bd41e7-06f9-4809-815d-c09cd177ac79 3463d062b7a6496c9ba6d253db629831 396ed9a995864699937ac3f3d83d6c53 - - default default] 199.204.45.235 "GET /v2.0/networks?id=361339d7-b207-471e-a813-ea21642c275a HTTP/1.1" status: 200 len: 860 time: 0.0769417
2026-07-01 02:06:46.251 9 INFO neutron.wsgi [req-1f1f9d92-a009-46db-bed8-385128f9ac61 req-8e0d507a-2df6-4857-960a-33014515d22c 3463d062b7a6496c9ba6d253db629831 396ed9a995864699937ac3f3d83d6c53 - - default default] 199.204.45.235 "GET /v2.0/security-groups?fields=id&fields=name&tenant_id=396ed9a995864699937ac3f3d83d6c53 HTTP/1.1" status: 200 len: 473 time: 0.0511966
2026-07-01 02:06:46.265 9 WARNING neutron_lib.context [req-1f1f9d92-a009-46db-bed8-385128f9ac61 req-1d827abf-83a9-4903-89e8-de48ecd17ede 3463d062b7a6496c9ba6d253db629831 396ed9a995864699937ac3f3d83d6c53 - - default default] Method 'is_advsvc' is deprecated since 2023.2 release (neutron-lib 3.8.0) and will be removed once support for the old RBAC API policies will be removed from Neutron. Please use method 'is_service_role' instead.
2026-07-01 02:06:46.490 9 INFO neutron.db.ovn_revision_numbers_db [None req-248c3136-2d03-477e-9a90-9983fed07da4 983592d47736485292fb6a03e57b87ae e187e22e8ee143f79a5fcaaf3ee07dc1 - - default default] Successfully bumped revision number for resource cdc45a4f-76c3-4194-aa25-716be7c4ccfd (type: security_groups) to 1
2026-07-01 02:06:46.506 9 INFO neutron.db.ovn_revision_numbers_db [None req-248c3136-2d03-477e-9a90-9983fed07da4 983592d47736485292fb6a03e57b87ae e187e22e8ee143f79a5fcaaf3ee07dc1 - - default default] Successfully bumped revision number for resource 28871c3b-14d5-4030-94d8-550bb7b232a2 (type: security_group_rules) to 0
2026-07-01 02:06:46.538 9 INFO neutron.db.ovn_revision_numbers_db [None req-248c3136-2d03-477e-9a90-9983fed07da4 983592d47736485292fb6a03e57b87ae e187e22e8ee143f79a5fcaaf3ee07dc1 - - default default] Successfully bumped revision number for resource 7c742227-082a-4599-a9f1-58f06d43e72a (type: security_group_rules) to 0
2026-07-01 02:06:46.575 9 INFO neutron.db.ovn_revision_numbers_db [None req-248c3136-2d03-477e-9a90-9983fed07da4 983592d47736485292fb6a03e57b87ae e187e22e8ee143f79a5fcaaf3ee07dc1 - - default default] Successfully bumped revision number for resource 9d02a065-e71b-43eb-b559-cfa1c05846a7 (type: security_group_rules) to 0
2026-07-01 02:06:46.588 10 INFO neutron.wsgi [req-7cae3b4b-5dfd-4a36-8d0c-62f50b8810e9 req-c59d2eab-6b73-4827-9a98-668c6fd0859f 3463d062b7a6496c9ba6d253db629831 396ed9a995864699937ac3f3d83d6c53 - - default default] 10.0.0.89 "GET /v2.0/ports?device_id=e8c19c88-aa32-48e8-a1e6-250b89e45089 HTTP/1.1" status: 200 len: 210 time: 0.0308294
2026-07-01 02:06:46.593 9 INFO neutron.db.ovn_revision_numbers_db [None req-248c3136-2d03-477e-9a90-9983fed07da4 983592d47736485292fb6a03e57b87ae e187e22e8ee143f79a5fcaaf3ee07dc1 - - default default] Successfully bumped revision number for resource e4693522-2cd5-4fc2-80fd-82a3ba0ced88 (type: security_group_rules) to 0
2026-07-01 02:06:46.631 9 INFO neutron.wsgi [None req-248c3136-2d03-477e-9a90-9983fed07da4 983592d47736485292fb6a03e57b87ae e187e22e8ee143f79a5fcaaf3ee07dc1 - - default default] 10.0.0.206 "GET /v2.0/security-groups?tenant_id=24dead5523b04ab7a1662d35f504f770&name=default HTTP/1.1" status: 200 len: 3124 time: 0.4778626
2026-07-01 02:06:46.712 9 WARNING neutron.scheduler.dhcp_agent_scheduler [req-1f1f9d92-a009-46db-bed8-385128f9ac61 req-1d827abf-83a9-4903-89e8-de48ecd17ede 3463d062b7a6496c9ba6d253db629831 396ed9a995864699937ac3f3d83d6c53 - - default default] No more DHCP agents
2026-07-01 02:06:46.717 9 WARNING neutron.api.rpc.agentnotifiers.dhcp_rpc_agent_api [req-1f1f9d92-a009-46db-bed8-385128f9ac61 req-1d827abf-83a9-4903-89e8-de48ecd17ede 3463d062b7a6496c9ba6d253db629831 396ed9a995864699937ac3f3d83d6c53 - - default default] Unable to schedule network 361339d7-b207-471e-a813-ea21642c275a: no agents available; will retry on subsequent port and subnet creation events.
2026-07-01 02:06:46.775 10 INFO neutron.db.ovn_revision_numbers_db [None req-a4de631f-71f0-4685-9f8c-b45dc7bfa0e6 1ebf4bb9bffb4975bcf0ab2bd407964f b86c06e4c70b4081b726228601237460 - - default default] Successfully bumped revision number for resource 44d2e9c7-713b-4ce2-bfc2-73e31ff4142d (type: router_ports) to 1
2026-07-01 02:06:46.923 9 INFO neutron.db.ovn_revision_numbers_db [req-1f1f9d92-a009-46db-bed8-385128f9ac61 req-1d827abf-83a9-4903-89e8-de48ecd17ede 3463d062b7a6496c9ba6d253db629831 396ed9a995864699937ac3f3d83d6c53 - - default default] Successfully bumped revision number for resource 21b05162-a2aa-40bf-8fcf-5703c30e37d8 (type: ports) to 1
2026-07-01 02:06:46.947 9 INFO neutron.wsgi [None req-8ce70c22-fc79-4aa9-acd9-f9ede1b7ba93 983592d47736485292fb6a03e57b87ae e187e22e8ee143f79a5fcaaf3ee07dc1 - - default default] 10.0.0.206 "DELETE /v2.0/security-groups/cdc45a4f-76c3-4194-aa25-716be7c4ccfd HTTP/1.1" status: 204 len: 168 time: 0.3103533
2026-07-01 02:06:46.951 9 INFO neutron.wsgi [req-1f1f9d92-a009-46db-bed8-385128f9ac61 req-1d827abf-83a9-4903-89e8-de48ecd17ede 3463d062b7a6496c9ba6d253db629831 396ed9a995864699937ac3f3d83d6c53 - - default default] 199.204.45.235 "POST /v2.0/ports HTTP/1.1" status: 201 len: 1158 time: 0.6920671 /var/lib/openstack/lib/python3.10/site-packages/pycadf/identifier.py:71: UserWarning: Invalid uuid: neutron. To ensure interoperability, identifiers should be a valid uuid. warnings.warn(('Invalid uuid: %s. To ensure interoperability, '
2026-07-01 02:06:46.995 10 WARNING neutron.scheduler.dhcp_agent_scheduler [None req-176c1895-9d3f-44b8-9804-28d0a613c4f2 - - - - - -] No more DHCP agents
2026-07-01 02:06:46.997 10 WARNING neutron.api.rpc.agentnotifiers.dhcp_rpc_agent_api [None req-176c1895-9d3f-44b8-9804-28d0a613c4f2 - - - - - -] Unable to schedule network 319007b3-77f3-4bbe-80ba-ef2f6e593e9a: no agents available; will retry on subsequent port and subnet creation events.
2026-07-01 02:06:47.111 9 INFO neutron.wsgi [None req-83394391-099f-428b-9400-cd16c5eb794b 983592d47736485292fb6a03e57b87ae e187e22e8ee143f79a5fcaaf3ee07dc1 - - default default] 10.0.0.206 "GET /v2.0/security-groups?tenant_id=f114fe3f3c8e410396ff1798524ea20e&name=default HTTP/1.1" status: 200 len: 3124 time: 0.0644300
2026-07-01 02:06:47.142 10 INFO neutron.db.ovn_revision_numbers_db [None req-176c1895-9d3f-44b8-9804-28d0a613c4f2 - - - - - -] Successfully bumped revision number for resource 8c5b2e24-5df5-4b87-9873-def50ff20a72 (type: ports) to 1
2026-07-01 02:06:47.393 9 INFO neutron.wsgi [None req-6c8cd1ec-768d-42a3-a19f-dfbf59d66fbf 983592d47736485292fb6a03e57b87ae e187e22e8ee143f79a5fcaaf3ee07dc1 - - default default] 10.0.0.206 "DELETE /v2.0/security-groups/6ff6fbe8-d56a-44b7-8e5d-317e46126393 HTTP/1.1" status: 204 len: 168 time: 0.2735932
2026-07-01 02:06:47.433 9 INFO neutron.db.ovn_revision_numbers_db [req-1f1f9d92-a009-46db-bed8-385128f9ac61 req-118e199f-f84a-4325-aa77-0513f9b03e2d e3503a8fd7274b6bad92b0fbd20c2093 e11b4a4e282049b79a77ebaf177de5fe - - d6c4b691307344b8915061b9356c99b5 d6c4b691307344b8915061b9356c99b5] Successfully bumped revision number for resource 21b05162-a2aa-40bf-8fcf-5703c30e37d8 (type: ports) to 2
2026-07-01 02:06:47.702 10 INFO neutron.db.ovn_revision_numbers_db [None req-176c1895-9d3f-44b8-9804-28d0a613c4f2 - - - - - -] Successfully bumped revision number for resource 8c5b2e24-5df5-4b87-9873-def50ff20a72 (type: ports) to 1 /var/lib/openstack/lib/python3.10/site-packages/pycadf/identifier.py:71: UserWarning: Invalid uuid: neutron. To ensure interoperability, identifiers should be a valid uuid. warnings.warn(('Invalid uuid: %s. To ensure interoperability, '
2026-07-01 02:06:47.900 9 INFO neutron.db.ovn_revision_numbers_db [req-1f1f9d92-a009-46db-bed8-385128f9ac61 req-118e199f-f84a-4325-aa77-0513f9b03e2d e3503a8fd7274b6bad92b0fbd20c2093 e11b4a4e282049b79a77ebaf177de5fe - - d6c4b691307344b8915061b9356c99b5 d6c4b691307344b8915061b9356c99b5] Successfully bumped revision number for resource 21b05162-a2aa-40bf-8fcf-5703c30e37d8 (type: ports) to 2
2026-07-01 02:06:47.905 9 INFO neutron.wsgi [req-d772e6c3-c5b3-42e6-83fa-7b682a0b48c4 req-e66f6c4a-5b38-4f33-a604-7d319db769d8 3463d062b7a6496c9ba6d253db629831 396ed9a995864699937ac3f3d83d6c53 - - default default] 10.0.0.89 "GET /v2.0/ports?device_id=e8c19c88-aa32-48e8-a1e6-250b89e45089 HTTP/1.1" status: 200 len: 1168 time: 0.1154447
2026-07-01 02:06:47.922 9 INFO neutron.wsgi [req-1f1f9d92-a009-46db-bed8-385128f9ac61 req-118e199f-f84a-4325-aa77-0513f9b03e2d e3503a8fd7274b6bad92b0fbd20c2093 e11b4a4e282049b79a77ebaf177de5fe - - d6c4b691307344b8915061b9356c99b5 d6c4b691307344b8915061b9356c99b5] 199.204.45.235 "PUT /v2.0/ports/21b05162-a2aa-40bf-8fcf-5703c30e37d8 HTTP/1.1" status: 200 len: 1376 time: 0.9628723
2026-07-01 02:06:47.952 10 INFO neutron.wsgi [None req-a4de631f-71f0-4685-9f8c-b45dc7bfa0e6 1ebf4bb9bffb4975bcf0ab2bd407964f b86c06e4c70b4081b726228601237460 - - default default] 10.0.0.206 "POST /v2.0/vpn/vpnservices HTTP/1.1" status: 201 len: 657 time: 5.4545190
2026-07-01 02:06:47.953 9 INFO neutron.wsgi [req-d772e6c3-c5b3-42e6-83fa-7b682a0b48c4 req-6af0b4df-b164-4525-89dc-470bab82b875 3463d062b7a6496c9ba6d253db629831 396ed9a995864699937ac3f3d83d6c53 - - default default] 10.0.0.89 "GET /v2.0/security-groups?id=6a0dd83c-9264-4484-b1dc-95137e2c4e6e&fields=id&fields=name HTTP/1.1" status: 200 len: 313 time: 0.0415516
2026-07-01 02:06:47.955 9 INFO neutron.notifiers.nova [-] Nova event matching ['req-42e775bd-8271-42f4-b130-d318ecb21dd8'] response: {'name': 'network-changed', 'server_uuid': 'e8c19c88-aa32-48e8-a1e6-250b89e45089', 'tag': '21b05162-a2aa-40bf-8fcf-5703c30e37d8', 'status': 'completed', 'code': 200}
2026-07-01 02:06:47.963 9 WARNING neutron_lib.context [None req-9d6ff269-a255-483b-bdd1-003ce003d697 1ebf4bb9bffb4975bcf0ab2bd407964f b86c06e4c70b4081b726228601237460 - - default default] Method 'is_advsvc' is deprecated since 2023.2 release (neutron-lib 3.8.0) and will be removed once support for the old RBAC API policies will be removed from Neutron. Please use method 'is_service_role' instead.
2026-07-01 02:06:48.018 9 INFO neutron.wsgi [req-1f1f9d92-a009-46db-bed8-385128f9ac61 req-cc36b535-f988-4375-a2a8-6e4420b24d4a e3503a8fd7274b6bad92b0fbd20c2093 e11b4a4e282049b79a77ebaf177de5fe - - d6c4b691307344b8915061b9356c99b5 d6c4b691307344b8915061b9356c99b5] 199.204.45.235 "GET /v2.0/ports?tenant_id=396ed9a995864699937ac3f3d83d6c53&device_id=e8c19c88-aa32-48e8-a1e6-250b89e45089 HTTP/1.1" status: 200 len: 1407 time: 0.0509131
2026-07-01 02:06:48.054 9 INFO neutron.wsgi [req-1f1f9d92-a009-46db-bed8-385128f9ac61 req-11ad482c-e386-44fd-96c5-e6f2c0600671 e3503a8fd7274b6bad92b0fbd20c2093 e11b4a4e282049b79a77ebaf177de5fe - - d6c4b691307344b8915061b9356c99b5 d6c4b691307344b8915061b9356c99b5] 199.204.45.235 "GET /v2.0/floatingips?fixed_ip_address=10.100.0.8&port_id=21b05162-a2aa-40bf-8fcf-5703c30e37d8 HTTP/1.1" status: 200 len: 217 time: 0.0307500
2026-07-01 02:06:48.106 9 INFO neutron.wsgi [req-1f1f9d92-a009-46db-bed8-385128f9ac61 req-e552af13-9704-4bb2-ae38-203472eec8be e3503a8fd7274b6bad92b0fbd20c2093 e11b4a4e282049b79a77ebaf177de5fe - - d6c4b691307344b8915061b9356c99b5 d6c4b691307344b8915061b9356c99b5] 199.204.45.235 "GET /v2.0/subnets?id=ab425725-ef34-4335-ac92-294e7e53d016 HTTP/1.1" status: 200 len: 853 time: 0.0468819
2026-07-01 02:06:48.178 9 INFO neutron.wsgi [req-1f1f9d92-a009-46db-bed8-385128f9ac61 req-1c95221c-e8c5-4d23-bfb6-0c05729e2206 e3503a8fd7274b6bad92b0fbd20c2093 e11b4a4e282049b79a77ebaf177de5fe - - d6c4b691307344b8915061b9356c99b5 d6c4b691307344b8915061b9356c99b5] 199.204.45.235 "GET /v2.0/ports?network_id=361339d7-b207-471e-a813-ea21642c275a&device_owner=network%3Adhcp HTTP/1.1" status: 200 len: 210 time: 0.0652845
2026-07-01 02:06:48.284 9 INFO neutron.wsgi [req-1f1f9d92-a009-46db-bed8-385128f9ac61 req-4162b8ad-6a38-462c-8b71-2c6c8efa417f e3503a8fd7274b6bad92b0fbd20c2093 e11b4a4e282049b79a77ebaf177de5fe - - d6c4b691307344b8915061b9356c99b5 d6c4b691307344b8915061b9356c99b5] 199.204.45.235 "GET /v2.0/networks/361339d7-b207-471e-a813-ea21642c275a?fields=segments HTTP/1.1" status: 200 len: 212 time: 0.1008005
2026-07-01 02:06:48.417 9 INFO neutron.wsgi [req-1f1f9d92-a009-46db-bed8-385128f9ac61 req-c19b44ab-d436-402b-b982-185351c1dee1 e3503a8fd7274b6bad92b0fbd20c2093 e11b4a4e282049b79a77ebaf177de5fe - - d6c4b691307344b8915061b9356c99b5 d6c4b691307344b8915061b9356c99b5] 199.204.45.235 "GET /v2.0/networks/361339d7-b207-471e-a813-ea21642c275a?fields=provider%3Aphysical_network&fields=provider%3Anetwork_type HTTP/1.1" status: 200 len: 277 time: 0.1260421
2026-07-01 02:06:48.502 9 INFO neutron.wsgi [req-4d6354b8-24cc-46d5-b3e6-6d9af3c4c278 req-4c0a2be9-1913-44a7-bd9e-92aa885ff42e e3503a8fd7274b6bad92b0fbd20c2093 e11b4a4e282049b79a77ebaf177de5fe - - d6c4b691307344b8915061b9356c99b5 d6c4b691307344b8915061b9356c99b5] 199.204.45.235 "GET /v2.0/ports?tenant_id=396ed9a995864699937ac3f3d83d6c53&device_id=e8c19c88-aa32-48e8-a1e6-250b89e45089 HTTP/1.1" status: 200 len: 1407 time: 0.0358803
2026-07-01 02:06:48.554 9 INFO neutron.wsgi [None req-9d6ff269-a255-483b-bdd1-003ce003d697 1ebf4bb9bffb4975bcf0ab2bd407964f b86c06e4c70b4081b726228601237460 - - default default] 10.0.0.206 "POST /v2.0/vpn/vpnservices HTTP/1.1" status: 201 len: 623 time: 0.5965135
2026-07-01 02:06:48.565 10 WARNING neutron_lib.context [None req-0811c22a-46c3-4ada-8fb5-fba8bf031cf5 1ebf4bb9bffb4975bcf0ab2bd407964f b86c06e4c70b4081b726228601237460 - - default default] Method 'is_advsvc' is deprecated since 2023.2 release (neutron-lib 3.8.0) and will be removed once support for the old RBAC API policies will be removed from Neutron. Please use method 'is_service_role' instead.
2026-07-01 02:06:48.593 9 INFO neutron.wsgi [req-4d6354b8-24cc-46d5-b3e6-6d9af3c4c278 req-b5b4073e-15d2-44e7-a18f-048402d1e7b4 e3503a8fd7274b6bad92b0fbd20c2093 e11b4a4e282049b79a77ebaf177de5fe - - d6c4b691307344b8915061b9356c99b5 d6c4b691307344b8915061b9356c99b5] 199.204.45.235 "GET /v2.0/networks?id=361339d7-b207-471e-a813-ea21642c275a HTTP/1.1" status: 200 len: 959 time: 0.0836666
2026-07-01 02:06:48.594 9 WARNING neutron.plugins.ml2.drivers.ovn.mech_driver.ovsdb.ovn_client [None req-048e853a-c288-4bf9-a660-befce609003b - - - - - -] No hosting information found for port 8949d727-68e1-44df-ac10-d0a7850550e5: RuntimeError: No hosting information found for port 8949d727-68e1-44df-ac10-d0a7850550e5
2026-07-01 02:06:48.595 9 INFO neutron.plugins.ml2.drivers.ovn.mech_driver.mech_driver [None req-048e853a-c288-4bf9-a660-befce609003b - - - - - -] OVN reports status up for port: 44d2e9c7-713b-4ce2-bfc2-73e31ff4142d
2026-07-01 02:06:48.608 9 INFO neutron.plugins.ml2.plugin [None req-048e853a-c288-4bf9-a660-befce609003b - - - - - -] Attempt 1 to provision port 44d2e9c7-713b-4ce2-bfc2-73e31ff4142d
2026-07-01 02:06:48.621 10 INFO neutron.wsgi [None req-0811c22a-46c3-4ada-8fb5-fba8bf031cf5 1ebf4bb9bffb4975bcf0ab2bd407964f b86c06e4c70b4081b726228601237460 - - default default] 10.0.0.206 "POST /v2.0/vpn/ikepolicies HTTP/1.1" status: 201 len: 603 time: 0.0609331
2026-07-01 02:06:48.631 10 WARNING neutron_lib.context [None req-4d9fda0a-adde-4b5f-9ceb-7246a7de3236 1ebf4bb9bffb4975bcf0ab2bd407964f b86c06e4c70b4081b726228601237460 - - default default] Method 'is_advsvc' is deprecated since 2023.2 release (neutron-lib 3.8.0) and will be removed once support for the old RBAC API policies will be removed from Neutron. Please use method 'is_service_role' instead.
2026-07-01 02:06:48.637 9 INFO neutron.wsgi [req-4d6354b8-24cc-46d5-b3e6-6d9af3c4c278 req-827791ef-39e6-4f57-b537-7ab16041b707 e3503a8fd7274b6bad92b0fbd20c2093 e11b4a4e282049b79a77ebaf177de5fe - - d6c4b691307344b8915061b9356c99b5 d6c4b691307344b8915061b9356c99b5] 199.204.45.235 "GET /v2.0/floatingips?fixed_ip_address=10.100.0.8&port_id=21b05162-a2aa-40bf-8fcf-5703c30e37d8 HTTP/1.1" status: 200 len: 217 time: 0.0382354
2026-07-01 02:06:48.670 10 INFO neutron.wsgi [None req-4d9fda0a-adde-4b5f-9ceb-7246a7de3236 1ebf4bb9bffb4975bcf0ab2bd407964f b86c06e4c70b4081b726228601237460 - - default default] 10.0.0.206 "POST /v2.0/vpn/ipsecpolicies HTTP/1.1" status: 201 len: 612 time: 0.0437953
2026-07-01 02:06:48.679 10 WARNING neutron_lib.context [None req-b4e9f3e0-ec5b-457f-b6dc-35c76ddee5f5 1ebf4bb9bffb4975bcf0ab2bd407964f b86c06e4c70b4081b726228601237460 - - default default] Method 'is_advsvc' is deprecated since 2023.2 release (neutron-lib 3.8.0) and will be removed once support for the old RBAC API policies will be removed from Neutron. Please use method 'is_service_role' instead.
2026-07-01 02:06:48.699 9 INFO neutron.wsgi [req-4d6354b8-24cc-46d5-b3e6-6d9af3c4c278 req-78d763e0-3c35-42d7-98a0-2ce45301533e e3503a8fd7274b6bad92b0fbd20c2093 e11b4a4e282049b79a77ebaf177de5fe - - d6c4b691307344b8915061b9356c99b5 d6c4b691307344b8915061b9356c99b5] 199.204.45.235 "GET /v2.0/subnets?id=ab425725-ef34-4335-ac92-294e7e53d016 HTTP/1.1" status: 200 len: 853 time: 0.0560834
2026-07-01 02:06:48.726 9 INFO neutron.wsgi [req-4d6354b8-24cc-46d5-b3e6-6d9af3c4c278 req-272856b9-3a1d-4251-a1c9-19b0675f774d e3503a8fd7274b6bad92b0fbd20c2093 e11b4a4e282049b79a77ebaf177de5fe - - d6c4b691307344b8915061b9356c99b5 d6c4b691307344b8915061b9356c99b5] 199.204.45.235 "GET /v2.0/ports?network_id=361339d7-b207-471e-a813-ea21642c275a&device_owner=network%3Adhcp HTTP/1.1" status: 200 len: 210 time: 0.0206258
2026-07-01 02:06:48.748 10 INFO neutron.wsgi [None req-b4e9f3e0-ec5b-457f-b6dc-35c76ddee5f5 1ebf4bb9bffb4975bcf0ab2bd407964f b86c06e4c70b4081b726228601237460 - - default default] 10.0.0.206 "POST /v2.0/vpn/endpoint-groups HTTP/1.1" status: 201 len: 528 time: 0.0739646
2026-07-01 02:06:48.757 10 WARNING neutron_lib.context [None req-e5288a15-0209-43c4-ba89-39dcc2c9b212 1ebf4bb9bffb4975bcf0ab2bd407964f b86c06e4c70b4081b726228601237460 - - default default] Method 'is_advsvc' is deprecated since 2023.2 release (neutron-lib 3.8.0) and will be removed once support for the old RBAC API policies will be removed from Neutron. Please use method 'is_service_role' instead.
2026-07-01 02:06:48.799 10 INFO neutron.wsgi [None req-e5288a15-0209-43c4-ba89-39dcc2c9b212 1ebf4bb9bffb4975bcf0ab2bd407964f b86c06e4c70b4081b726228601237460 - - default default] 10.0.0.206 "POST /v2.0/vpn/endpoint-groups HTTP/1.1" status: 201 len: 518 time: 0.0466862
2026-07-01 02:06:48.808 10 WARNING neutron_lib.context [None req-1d473bb8-d6d9-429d-a66a-439d33a92483 1ebf4bb9bffb4975bcf0ab2bd407964f b86c06e4c70b4081b726228601237460 - - default default] Method 'is_advsvc' is deprecated since 2023.2 release (neutron-lib 3.8.0) and will be removed once support for the old RBAC API policies will be removed from Neutron. Please use method 'is_service_role' instead.
2026-07-01 02:06:48.826 9 INFO neutron.wsgi [req-4d6354b8-24cc-46d5-b3e6-6d9af3c4c278 req-07de6ea5-3dba-4319-9a43-8c064562b2af e3503a8fd7274b6bad92b0fbd20c2093 e11b4a4e282049b79a77ebaf177de5fe - - d6c4b691307344b8915061b9356c99b5 d6c4b691307344b8915061b9356c99b5] 199.204.45.235 "GET /v2.0/networks/361339d7-b207-471e-a813-ea21642c275a?fields=segments HTTP/1.1" status: 200 len: 212 time: 0.0943072
2026-07-01 02:06:48.939 9 INFO neutron.wsgi [req-4d6354b8-24cc-46d5-b3e6-6d9af3c4c278 req-722504d8-f82f-4d39-a978-fe954074f3f0 e3503a8fd7274b6bad92b0fbd20c2093 e11b4a4e282049b79a77ebaf177de5fe - - d6c4b691307344b8915061b9356c99b5 d6c4b691307344b8915061b9356c99b5] 199.204.45.235 "GET /v2.0/networks/361339d7-b207-471e-a813-ea21642c275a?fields=provider%3Aphysical_network&fields=provider%3Anetwork_type HTTP/1.1" status: 200 len: 277 time: 0.1002502
2026-07-01 02:06:49.051 9 INFO neutron.wsgi [req-9c6fa9a1-36c3-48e0-8cf6-f312ae5dcff6 req-fb666b07-b9be-4ea9-b3c1-bd698eae6542 3463d062b7a6496c9ba6d253db629831 396ed9a995864699937ac3f3d83d6c53 - - default default] 10.0.0.89 "GET /v2.0/ports?device_id=e8c19c88-aa32-48e8-a1e6-250b89e45089 HTTP/1.1" status: 200 len: 1168 time: 0.0380042
2026-07-01 02:06:49.112 9 INFO neutron.wsgi [req-9c6fa9a1-36c3-48e0-8cf6-f312ae5dcff6 req-8919d714-5e3c-4bf0-be8b-62cbc3379681 3463d062b7a6496c9ba6d253db629831 396ed9a995864699937ac3f3d83d6c53 - - default default] 10.0.0.89 "GET /v2.0/security-groups?id=6a0dd83c-9264-4484-b1dc-95137e2c4e6e&fields=id&fields=name HTTP/1.1" status: 200 len: 313 time: 0.0437357
2026-07-01 02:06:49.477 9 INFO neutron.db.ovn_revision_numbers_db [None req-048e853a-c288-4bf9-a660-befce609003b - - - - - -] Successfully bumped revision number for resource 44d2e9c7-713b-4ce2-bfc2-73e31ff4142d (type: ports) to 2
2026-07-01 02:06:49.615 9 INFO neutron.db.ovn_revision_numbers_db [None req-048e853a-c288-4bf9-a660-befce609003b - - - - - -] Successfully bumped revision number for resource 44d2e9c7-713b-4ce2-bfc2-73e31ff4142d (type: router_ports) to 2
2026-07-01 02:06:49.757 10 INFO neutron.db.ovn_revision_numbers_db [None req-1d473bb8-d6d9-429d-a66a-439d33a92483 1ebf4bb9bffb4975bcf0ab2bd407964f b86c06e4c70b4081b726228601237460 - - default default] Successfully bumped revision number for resource 4a8f4e4c-6724-4cea-bbf2-43522f0d51b3 (type: routers) to 5
2026-07-01 02:06:49.791 10 INFO neutron.wsgi [None req-1d473bb8-d6d9-429d-a66a-439d33a92483 1ebf4bb9bffb4975bcf0ab2bd407964f b86c06e4c70b4081b726228601237460 - - default default] 10.0.0.206 "POST /v2.0/vpn/ipsec-site-connections HTTP/1.1" status: 201 len: 1001 time: 0.9885199
2026-07-01 02:06:49.802 10 WARNING neutron_lib.context [None req-cc22ec62-ad2e-4c21-a8ec-45ad1fac9ff5 1ebf4bb9bffb4975bcf0ab2bd407964f b86c06e4c70b4081b726228601237460 - - default default] Method 'is_advsvc' is deprecated since 2023.2 release (neutron-lib 3.8.0) and will be removed once support for the old RBAC API policies will be removed from Neutron. Please use method 'is_service_role' instead.
2026-07-01 02:06:49.841 10 INFO neutron.wsgi [None req-cc22ec62-ad2e-4c21-a8ec-45ad1fac9ff5 1ebf4bb9bffb4975bcf0ab2bd407964f b86c06e4c70b4081b726228601237460 - - default default] 10.0.0.206 "POST /v2.0/vpn/endpoint-groups HTTP/1.1" status: 201 len: 489 time: 0.0451741
2026-07-01 02:06:49.880 10 INFO neutron.wsgi [None req-b5e333d2-a5db-40ad-8f5b-cdf1c4b805c8 1ebf4bb9bffb4975bcf0ab2bd407964f b86c06e4c70b4081b726228601237460 - - default default] 10.0.0.206 "DELETE /v2.0/vpn/endpoint-groups/f467c512-4cc5-42b5-a256-177e95095964 HTTP/1.1" status: 204 len: 168 time: 0.0351660
2026-07-01 02:06:49.899 10 INFO neutron.wsgi [None req-bc6bfa38-f871-4c28-8975-0837ca26f87a 1ebf4bb9bffb4975bcf0ab2bd407964f b86c06e4c70b4081b726228601237460 - - default default] 10.0.0.206 "GET /v2.0/vpn/endpoint-groups HTTP/1.1" status: 200 len: 827 time: 0.0142813
2026-07-01 02:06:49.915 10 INFO neutron.wsgi [None req-759aac65-6fcf-4673-aff0-43d9fbae6204 1ebf4bb9bffb4975bcf0ab2bd407964f b86c06e4c70b4081b726228601237460 - - default default] 10.0.0.206 "GET /v2.0/vpn/endpoint-groups HTTP/1.1" status: 200 len: 827 time: 0.0116737
2026-07-01 02:06:50.300 10 INFO neutron.wsgi [req-f35d5ddd-f314-4c40-85fd-20fa77253e8a req-54f36063-d032-4e8c-8285-490d4146a2d0 3463d062b7a6496c9ba6d253db629831 396ed9a995864699937ac3f3d83d6c53 - - default default] 10.0.0.89 "GET /v2.0/ports?device_id=e8c19c88-aa32-48e8-a1e6-250b89e45089 HTTP/1.1" status: 200 len: 1168 time: 0.1228609
2026-07-01 02:06:50.359 10 INFO neutron.wsgi [req-f35d5ddd-f314-4c40-85fd-20fa77253e8a req-4a6fdb10-e89d-48d1-8a28-cd10d958298b 3463d062b7a6496c9ba6d253db629831 396ed9a995864699937ac3f3d83d6c53 - - default default] 10.0.0.89 "GET /v2.0/security-groups?id=6a0dd83c-9264-4484-b1dc-95137e2c4e6e&fields=id&fields=name HTTP/1.1" status: 200 len: 313 time: 0.0495338
2026-07-01 02:06:50.492 10 INFO neutron.wsgi [None req-c83c3b7d-aa2b-4e37-a897-ee8edce3d519 d57fad4a0c99412a8eb07222a11adb8e b87230395e6542e8945ac363c405bb56 - - default default] 10.0.0.206 "POST /v2.0/vpn/ikepolicies HTTP/1.1" status: 201 len: 600 time: 0.1543639
2026-07-01 02:06:50.509 10 INFO neutron.wsgi [None req-d8e86169-0e0b-40f0-bdf3-db56a1f9e5bb 1ebf4bb9bffb4975bcf0ab2bd407964f b86c06e4c70b4081b726228601237460 - - default default] 10.0.0.206 "GET /v2.0/vpn/ikepolicies HTTP/1.1" status: 200 len: 990 time: 0.0121696
2026-07-01 02:06:50.556 10 INFO neutron.wsgi [None req-a6c7a3d1-061d-4921-9970-1ddbd1347bba d57fad4a0c99412a8eb07222a11adb8e b87230395e6542e8945ac363c405bb56 - - default default] 10.0.0.206 "DELETE /v2.0/vpn/ikepolicies/b00c03c9-05db-4134-86b3-9d9d5715dc90 HTTP/1.1" status: 204 len: 168 time: 0.0401945
2026-07-01 02:06:50.600 10 INFO neutron.wsgi [None req-9dd31759-cf46-4f70-b89b-00690ad86655 d57fad4a0c99412a8eb07222a11adb8e b87230395e6542e8945ac363c405bb56 - - default default] 10.0.0.206 "POST /v2.0/vpn/ipsecpolicies HTTP/1.1" status: 201 len: 611 time: 0.0383902
2026-07-01 02:06:50.618 10 INFO neutron.wsgi [None req-e1e0e424-e85a-46b0-a437-2f246111b9fc 1ebf4bb9bffb4975bcf0ab2bd407964f b86c06e4c70b4081b726228601237460 - - default default] 10.0.0.206 "GET /v2.0/vpn/ipsecpolicies HTTP/1.1" status: 200 len: 1008 time: 0.0124087
2026-07-01 02:06:50.658 10 INFO neutron.wsgi [None req-3f619b03-6f80-48db-92c3-b925e85cd0ea d57fad4a0c99412a8eb07222a11adb8e b87230395e6542e8945ac363c405bb56 - - default default] 10.0.0.206 "DELETE /v2.0/vpn/ipsecpolicies/9f5862d1-85a9-4518-9b55-9360d2a8677b HTTP/1.1" status: 204 len: 168 time: 0.0360515
2026-07-01 02:06:50.670 10 WARNING neutron_lib.context [None req-7af0aea0-57c7-453f-9fd4-a2c71fa85968 1ebf4bb9bffb4975bcf0ab2bd407964f b86c06e4c70b4081b726228601237460 - - default default] Method 'is_advsvc' is deprecated since 2023.2 release (neutron-lib 3.8.0) and will be removed once support for the old RBAC API policies will be removed from Neutron. Please use method 'is_service_role' instead.
2026-07-01 02:06:50.683 9 WARNING neutron_lib.context [None req-481ad8e9-0050-40ec-80ea-af6e0abe5937 5d8a05e5257d4129a7cc849a85a51367 b1da441c5a6c4d948f28fc3bafced748 - - default default] Method 'is_advsvc' is deprecated since 2023.2 release (neutron-lib 3.8.0) and will be removed once support for the old RBAC API policies will be removed from Neutron. Please use method 'is_service_role' instead.
2026-07-01 02:06:50.752 9 INFO neutron.wsgi [None req-481ad8e9-0050-40ec-80ea-af6e0abe5937 5d8a05e5257d4129a7cc849a85a51367 b1da441c5a6c4d948f28fc3bafced748 - - default default] 10.0.0.206 "POST /v2.0/subnetpools HTTP/1.1" status: 201 len: 715 time: 0.1098292
2026-07-01 02:06:50.769 10 INFO neutron.db.segments_db [None req-7af0aea0-57c7-453f-9fd4-a2c71fa85968 1ebf4bb9bffb4975bcf0ab2bd407964f b86c06e4c70b4081b726228601237460 - - default default] Added segment 5e6af714-8d68-421f-8594-d97f5d706e3f of type geneve for network 07f484ac-32d6-4f34-9509-fe9afcda2f0d
2026-07-01 02:06:50.811 10 INFO neutron.wsgi [None req-188a34a3-40aa-4972-94ee-12731f4ebb8f 5d8a05e5257d4129a7cc849a85a51367 b1da441c5a6c4d948f28fc3bafced748 - - default default] 10.0.0.206 "PUT /v2.0/subnetpools/351eef55-415e-4431-9ad6-c345bc36abfa/tags HTTP/1.1" status: 200 len: 218 time: 0.0527198
2026-07-01 02:06:50.837 9 INFO neutron.wsgi [None req-505844ed-6f58-45e4-90b8-caea5b492468 5d8a05e5257d4129a7cc849a85a51367 b1da441c5a6c4d948f28fc3bafced748 - - default default] 10.0.0.206 "GET /v2.0/subnetpools/351eef55-415e-4431-9ad6-c345bc36abfa/tags HTTP/1.1" status: 200 len: 218 time: 0.0201497
2026-07-01 02:06:50.873 9 INFO neutron.wsgi [None req-cb1e0cca-b03f-4c03-81a2-0ac35bd0c537 5d8a05e5257d4129a7cc849a85a51367 b1da441c5a6c4d948f28fc3bafced748 - - default default] 10.0.0.206 "PUT /v2.0/subnetpools/351eef55-415e-4431-9ad6-c345bc36abfa/tags/green HTTP/1.1" status: 201 len: 201 time: 0.0310173
2026-07-01 02:06:50.910 9 INFO neutron.wsgi [None req-d55ee5a0-2a7d-4ca2-a723-4701099f6f6c 5d8a05e5257d4129a7cc849a85a51367 b1da441c5a6c4d948f28fc3bafced748 - - default default] 10.0.0.206 "GET /v2.0/subnetpools/351eef55-415e-4431-9ad6-c345bc36abfa/tags HTTP/1.1" status: 200 len: 227 time: 0.0317290
2026-07-01 02:06:50.928 10 INFO neutron.db.ovn_revision_numbers_db [None req-7af0aea0-57c7-453f-9fd4-a2c71fa85968 1ebf4bb9bffb4975bcf0ab2bd407964f b86c06e4c70b4081b726228601237460 - - default default] Successfully bumped revision number for resource 07f484ac-32d6-4f34-9509-fe9afcda2f0d (type: networks) to 1
2026-07-01 02:06:50.937 9 INFO neutron.wsgi [None req-e78c9645-8964-4d5b-a232-36b74a5c31b0 5d8a05e5257d4129a7cc849a85a51367 b1da441c5a6c4d948f28fc3bafced748 - - default default] 10.0.0.206 "PUT /v2.0/subnetpools/351eef55-415e-4431-9ad6-c345bc36abfa/tags/red HTTP/1.1" status: 201 len: 201 time: 0.0217931
2026-07-01 02:06:50.967 9 INFO neutron.wsgi [None req-6252d303-2103-4f36-8afd-dc9eaffb4038 5d8a05e5257d4129a7cc849a85a51367 b1da441c5a6c4d948f28fc3bafced748 - - default default] 10.0.0.206 "GET /v2.0/subnetpools/351eef55-415e-4431-9ad6-c345bc36abfa/tags HTTP/1.1" status: 200 len: 227 time: 0.0261066
2026-07-01 02:06:51.001 9 INFO neutron.wsgi [None req-2144f62a-9e2e-4a05-8834-e3cd59bdc8d5 5d8a05e5257d4129a7cc849a85a51367 b1da441c5a6c4d948f28fc3bafced748 - - default default] 10.0.0.206 "PUT /v2.0/subnetpools/351eef55-415e-4431-9ad6-c345bc36abfa/tags/black.or.white HTTP/1.1" status: 201 len: 201 time: 0.0288737
2026-07-01 02:06:51.033 9 INFO neutron.wsgi [None req-5d8675c3-2026-42f5-a63e-717b81c8c5c9 5d8a05e5257d4129a7cc849a85a51367 b1da441c5a6c4d948f28fc3bafced748 - - default default] 10.0.0.206 "GET /v2.0/subnetpools/351eef55-415e-4431-9ad6-c345bc36abfa/tags HTTP/1.1" status: 200 len: 245 time: 0.0277207
2026-07-01 02:06:51.073 9 INFO neutron.wsgi [None req-42d1e83c-dfda-4c13-9291-66d069de3705 5d8a05e5257d4129a7cc849a85a51367 b1da441c5a6c4d948f28fc3bafced748 - - default default] 10.0.0.206 "PUT /v2.0/subnetpools/351eef55-415e-4431-9ad6-c345bc36abfa/tags HTTP/1.1" status: 200 len: 230 time: 0.0351458
2026-07-01 02:06:51.112 10 INFO neutron.wsgi [None req-4cd21565-d79a-473d-9cb2-93c378d8cc33 5d8a05e5257d4129a7cc849a85a51367 b1da441c5a6c4d948f28fc3bafced748 - - default default] 10.0.0.206 "GET /v2.0/subnetpools/351eef55-415e-4431-9ad6-c345bc36abfa/tags HTTP/1.1" status: 200 len: 230 time: 0.0311217
2026-07-01 02:06:51.155 10 WARNING neutron.scheduler.dhcp_agent_scheduler [None req-7af0aea0-57c7-453f-9fd4-a2c71fa85968 1ebf4bb9bffb4975bcf0ab2bd407964f b86c06e4c70b4081b726228601237460 - - default default] No more DHCP agents
2026-07-01 02:06:51.159 10 WARNING neutron.api.rpc.agentnotifiers.dhcp_rpc_agent_api [None req-7af0aea0-57c7-453f-9fd4-a2c71fa85968 1ebf4bb9bffb4975bcf0ab2bd407964f b86c06e4c70b4081b726228601237460 - - default default] Unable to schedule network 07f484ac-32d6-4f34-9509-fe9afcda2f0d: no agents available; will retry on subsequent port and subnet creation events.
2026-07-01 02:06:51.163 10 INFO neutron.wsgi [None req-3a1f20fa-cc5e-4567-adfc-947eb5f8ab2b 5d8a05e5257d4129a7cc849a85a51367 b1da441c5a6c4d948f28fc3bafced748 - - default default] 10.0.0.206 "GET /v2.0/subnetpools/351eef55-415e-4431-9ad6-c345bc36abfa/tags/red HTTP/1.1" status: 204 len: 168 time: 0.0456791
2026-07-01 02:06:51.198 9 INFO neutron.api.v2.resource [None req-940485a7-c522-4e07-af08-017dcf926df5 5d8a05e5257d4129a7cc849a85a51367 b1da441c5a6c4d948f28fc3bafced748 - - default default] show failed (client error): The resource could not be found.
2026-07-01 02:06:51.200 9 INFO neutron.wsgi [None req-940485a7-c522-4e07-af08-017dcf926df5 5d8a05e5257d4129a7cc849a85a51367 b1da441c5a6c4d948f28fc3bafced748 - - default default] 10.0.0.206 "GET /v2.0/subnetpools/351eef55-415e-4431-9ad6-c345bc36abfa/tags/green HTTP/1.1" status: 404 len: 299 time: 0.0317650
2026-07-01 02:06:51.254 10 INFO neutron.db.ovn_revision_numbers_db [None req-7af0aea0-57c7-453f-9fd4-a2c71fa85968 1ebf4bb9bffb4975bcf0ab2bd407964f b86c06e4c70b4081b726228601237460 - - default default] Successfully bumped revision number for resource 0373f143-c694-40be-b99b-22cd3163dc3e (type: ports) to 1
2026-07-01 02:06:51.267 9 INFO neutron.wsgi [None req-cf39f9b8-7ed3-4850-a9bc-8cd89b7fa907 5d8a05e5257d4129a7cc849a85a51367 b1da441c5a6c4d948f28fc3bafced748 - - default default] 10.0.0.206 "DELETE /v2.0/subnetpools/351eef55-415e-4431-9ad6-c345bc36abfa/tags/red HTTP/1.1" status: 204 len: 168 time: 0.0625887
2026-07-01 02:06:51.283 10 INFO neutron.wsgi [None req-7af0aea0-57c7-453f-9fd4-a2c71fa85968 1ebf4bb9bffb4975bcf0ab2bd407964f b86c06e4c70b4081b726228601237460 - - default default] 10.0.0.206 "POST /v2.0/networks HTTP/1.1" status: 201 len: 831 time: 0.6182261
2026-07-01 02:06:51.293 10 WARNING neutron_lib.context [None req-7e98f609-1e28-4e8a-93a7-c666bc4e15b0 1ebf4bb9bffb4975bcf0ab2bd407964f b86c06e4c70b4081b726228601237460 - - default default] Method 'is_advsvc' is deprecated since 2023.2 release (neutron-lib 3.8.0) and will be removed once support for the old RBAC API policies will be removed from Neutron. Please use method 'is_service_role' instead.
2026-07-01 02:06:51.304 9 INFO neutron.wsgi [None req-695f593a-2b9c-4deb-bab4-e5a8444462b4 5d8a05e5257d4129a7cc849a85a51367 b1da441c5a6c4d948f28fc3bafced748 - - default default] 10.0.0.206 "GET /v2.0/subnetpools/351eef55-415e-4431-9ad6-c345bc36abfa/tags HTTP/1.1" status: 200 len: 223 time: 0.0312459
2026-07-01 02:06:51.332 9 INFO neutron.api.v2.resource [None req-03dadb19-d443-485a-8d17-2c2f7af3d05a 5d8a05e5257d4129a7cc849a85a51367 b1da441c5a6c4d948f28fc3bafced748 - - default default] delete failed (client error): The resource could not be found.
2026-07-01 02:06:51.334 9 INFO neutron.wsgi [None req-03dadb19-d443-485a-8d17-2c2f7af3d05a 5d8a05e5257d4129a7cc849a85a51367 b1da441c5a6c4d948f28fc3bafced748 - - default default] 10.0.0.206 "DELETE /v2.0/subnetpools/351eef55-415e-4431-9ad6-c345bc36abfa/tags/green HTTP/1.1" status: 404 len: 299 time: 0.0247147
2026-07-01 02:06:51.385 10 INFO neutron.wsgi [None req-ab752316-7079-4f05-8960-9fac65779eaa 5d8a05e5257d4129a7cc849a85a51367 b1da441c5a6c4d948f28fc3bafced748 - - default default] 10.0.0.206 "DELETE /v2.0/subnetpools/351eef55-415e-4431-9ad6-c345bc36abfa/tags HTTP/1.1" status: 204 len: 168 time: 0.0465701
2026-07-01 02:06:51.415 10 INFO neutron.wsgi [None req-e6939cc0-ca47-4e94-b02f-e6f42320166a 5d8a05e5257d4129a7cc849a85a51367 b1da441c5a6c4d948f28fc3bafced748 - - default default] 10.0.0.206 "GET /v2.0/subnetpools/351eef55-415e-4431-9ad6-c345bc36abfa/tags HTTP/1.1" status: 200 len: 205 time: 0.0254500
2026-07-01 02:06:51.465 9 INFO neutron.wsgi [req-0790e2f9-f8c2-4e38-a438-dfc3bd4f00b2 req-1ca52373-95f1-4173-8f5f-011d7e6138ed 3463d062b7a6496c9ba6d253db629831 396ed9a995864699937ac3f3d83d6c53 - - default default] 10.0.0.89 "GET /v2.0/ports?device_id=e8c19c88-aa32-48e8-a1e6-250b89e45089 HTTP/1.1" status: 200 len: 1168 time: 0.0472219
2026-07-01 02:06:51.497 10 INFO neutron.wsgi [None req-89caca82-a48b-4206-a0e5-3eea5b6f4c9d 5d8a05e5257d4129a7cc849a85a51367 b1da441c5a6c4d948f28fc3bafced748 - - default default] 10.0.0.206 "DELETE /v2.0/subnetpools/351eef55-415e-4431-9ad6-c345bc36abfa HTTP/1.1" status: 204 len: 168 time: 0.0754464
2026-07-01 02:06:51.521 9 INFO neutron.wsgi [req-0790e2f9-f8c2-4e38-a438-dfc3bd4f00b2 req-c0918ee0-ebba-4a29-bfc6-7c2a8bc3d0f1 3463d062b7a6496c9ba6d253db629831 396ed9a995864699937ac3f3d83d6c53 - - default default] 10.0.0.89 "GET /v2.0/security-groups?id=6a0dd83c-9264-4484-b1dc-95137e2c4e6e&fields=id&fields=name HTTP/1.1" status: 200 len: 313 time: 0.0466290
2026-07-01 02:06:51.556 10 WARNING neutron.scheduler.dhcp_agent_scheduler [None req-7e98f609-1e28-4e8a-93a7-c666bc4e15b0 1ebf4bb9bffb4975bcf0ab2bd407964f b86c06e4c70b4081b726228601237460 - - default default] No more DHCP agents
2026-07-01 02:06:51.563 10 WARNING neutron.api.rpc.agentnotifiers.dhcp_rpc_agent_api [None req-7e98f609-1e28-4e8a-93a7-c666bc4e15b0 1ebf4bb9bffb4975bcf0ab2bd407964f b86c06e4c70b4081b726228601237460 - - default default] Unable to schedule network 07f484ac-32d6-4f34-9509-fe9afcda2f0d: no agents available; will retry on subsequent port and subnet creation events.
2026-07-01 02:06:52.067 9 INFO neutron.wsgi [-] 10.0.0.245 "GET / HTTP/1.1" status: 200 len: 247 time: 0.0020881
2026-07-01 02:06:52.069 9 INFO neutron.wsgi [-] 10.0.0.245 "GET / HTTP/1.1" status: 200 len: 247 time: 0.0015008
2026-07-01 02:06:52.087 10 INFO neutron.db.ovn_revision_numbers_db [None req-7e98f609-1e28-4e8a-93a7-c666bc4e15b0 1ebf4bb9bffb4975bcf0ab2bd407964f b86c06e4c70b4081b726228601237460 - - default default] Successfully bumped revision number for resource 0373f143-c694-40be-b99b-22cd3163dc3e (type: ports) to 2
2026-07-01 02:06:52.118 10 INFO neutron.db.ovn_revision_numbers_db [None req-7e98f609-1e28-4e8a-93a7-c666bc4e15b0 1ebf4bb9bffb4975bcf0ab2bd407964f b86c06e4c70b4081b726228601237460 - - default default] Successfully bumped revision number for resource 4ba8cbeb-93c3-4937-b03b-a649d4d3294f (type: subnets) to 0
2026-07-01 02:06:52.134 10 INFO neutron.wsgi [None req-7e98f609-1e28-4e8a-93a7-c666bc4e15b0 1ebf4bb9bffb4975bcf0ab2bd407964f b86c06e4c70b4081b726228601237460 - - default default] 10.0.0.206 "POST /v2.0/subnets HTTP/1.1" status: 201 len: 804 time: 0.8468549
