2026-07-01 02:06:36.723 9 WARNING neutron_lib.context [None req-01548731-99e6-4a2d-a8de-98840d0bb575 1ebf4bb9bffb4975bcf0ab2bd407964f b86c06e4c70b4081b726228601237460 - - default default] Method 'is_advsvc' is deprecated since 2023.2 release (neutron-lib 3.8.0) and will be removed once support for the old RBAC API policies will be removed from Neutron. Please use method 'is_service_role' instead.
2026-07-01 02:06:36.955 9 WARNING neutron.scheduler.dhcp_agent_scheduler [None req-01548731-99e6-4a2d-a8de-98840d0bb575 1ebf4bb9bffb4975bcf0ab2bd407964f b86c06e4c70b4081b726228601237460 - - default default] No more DHCP agents
2026-07-01 02:06:36.957 9 WARNING neutron.api.rpc.agentnotifiers.dhcp_rpc_agent_api [None req-01548731-99e6-4a2d-a8de-98840d0bb575 1ebf4bb9bffb4975bcf0ab2bd407964f b86c06e4c70b4081b726228601237460 - - default default] Unable to schedule network 7a4e7d68-d018-4010-a72e-98179fe77179: no agents available; will retry on subsequent port and subnet creation events.
2026-07-01 02:06:37.066 10 INFO neutron.wsgi [-] 10.0.0.245 "GET / HTTP/1.1" status: 200 len: 247 time: 0.0019016
2026-07-01 02:06:37.069 10 INFO neutron.wsgi [-] 10.0.0.245 "GET / HTTP/1.1" status: 200 len: 247 time: 0.0013468
2026-07-01 02:06:37.563 9 INFO neutron.db.ovn_revision_numbers_db [None req-01548731-99e6-4a2d-a8de-98840d0bb575 1ebf4bb9bffb4975bcf0ab2bd407964f b86c06e4c70b4081b726228601237460 - - default default] Successfully bumped revision number for resource 134c2171-02c5-491f-8c50-e04c2d9c3eb9 (type: ports) to 2
2026-07-01 02:06:37.600 9 INFO neutron.db.ovn_revision_numbers_db [None req-01548731-99e6-4a2d-a8de-98840d0bb575 1ebf4bb9bffb4975bcf0ab2bd407964f b86c06e4c70b4081b726228601237460 - - default default] Successfully bumped revision number for resource 89567fc8-c2e8-47cb-a5cd-2185d81450d6 (type: subnets) to 0
2026-07-01 02:06:37.616 9 INFO neutron.wsgi [None req-01548731-99e6-4a2d-a8de-98840d0bb575 1ebf4bb9bffb4975bcf0ab2bd407964f b86c06e4c70b4081b726228601237460 - - default default] 10.0.0.206 "POST /v2.0/subnets HTTP/1.1" status: 201 len: 801 time: 0.8982525
2026-07-01 02:06:37.628 9 WARNING neutron_lib.context [None req-3b1e571a-16fd-426c-a0d6-dacfe3ac3443 1ebf4bb9bffb4975bcf0ab2bd407964f b86c06e4c70b4081b726228601237460 - - default default] Method 'is_advsvc' is deprecated since 2023.2 release (neutron-lib 3.8.0) and will be removed once support for the old RBAC API policies will be removed from Neutron. Please use method 'is_service_role' instead.
2026-07-01 02:06:38.380 10 INFO neutron.wsgi [None req-3fc455eb-5898-40d4-b665-af37fa4ca436 31073e6a65074cdea0953c2b4732d611 dfe4ef45d9ab4c6aa1f633065c147ca4 - - default default] 10.0.0.206 "POST /v2.0/qos/policies HTTP/1.1" status: 201 len: 558 time: 0.2361751
2026-07-01 02:06:38.381 9 INFO neutron.wsgi [req-25582131-42a4-4138-aa53-c959cf539ae8 req-331a8e6e-8bb8-40a8-ad60-23da6e81ed95 e3503a8fd7274b6bad92b0fbd20c2093 e11b4a4e282049b79a77ebaf177de5fe - - d6c4b691307344b8915061b9356c99b5 d6c4b691307344b8915061b9356c99b5] 10.0.0.4 "GET /v2.0/ports?device_id=6256def5-0c10-4211-b25a-28e856270262 HTTP/1.1" status: 200 len: 1409 time: 0.0441594
2026-07-01 02:06:38.412 10 INFO neutron.wsgi [None req-a81c6387-82a8-4c1c-860d-068cd99143c2 31073e6a65074cdea0953c2b4732d611 dfe4ef45d9ab4c6aa1f633065c147ca4 - - default default] 10.0.0.206 "PUT /v2.0/policies/84330360-2050-4b0f-a8b2-0e309db04359/tags HTTP/1.1" status: 200 len: 218 time: 0.0271955
2026-07-01 02:06:38.439 10 INFO neutron.wsgi [None req-d80f0ef4-ffdf-4191-ac60-2261d9b43ec9 31073e6a65074cdea0953c2b4732d611 dfe4ef45d9ab4c6aa1f633065c147ca4 - - default default] 10.0.0.206 "GET /v2.0/policies/84330360-2050-4b0f-a8b2-0e309db04359/tags HTTP/1.1" status: 200 len: 218 time: 0.0225706
2026-07-01 02:06:38.456 9 INFO neutron.wsgi [req-25582131-42a4-4138-aa53-c959cf539ae8 req-7c1599a8-de48-4c27-a304-1715321169b2 e3503a8fd7274b6bad92b0fbd20c2093 e11b4a4e282049b79a77ebaf177de5fe - - d6c4b691307344b8915061b9356c99b5 d6c4b691307344b8915061b9356c99b5] 10.0.0.4 "GET /v2.0/security-groups?id=956338b9-d8b4-431b-a23f-d3649de971ef&fields=id&fields=name HTTP/1.1" status: 200 len: 313 time: 0.0686595
2026-07-01 02:06:38.471 9 WARNING neutron.scheduler.dhcp_agent_scheduler [None req-3b1e571a-16fd-426c-a0d6-dacfe3ac3443 1ebf4bb9bffb4975bcf0ab2bd407964f b86c06e4c70b4081b726228601237460 - - default default] No more DHCP agents
2026-07-01 02:06:38.472 9 WARNING neutron.api.rpc.agentnotifiers.dhcp_rpc_agent_api [None req-3b1e571a-16fd-426c-a0d6-dacfe3ac3443 1ebf4bb9bffb4975bcf0ab2bd407964f b86c06e4c70b4081b726228601237460 - - default default] Unable to schedule network 16d5d515-d002-4683-9f77-84151eb8dc9f: no agents available; will retry on subsequent port and subnet creation events.
2026-07-01 02:06:38.474 10 INFO neutron.wsgi [None req-c0eb549f-2b86-44e2-93c7-2ec6c7eda1af 31073e6a65074cdea0953c2b4732d611 dfe4ef45d9ab4c6aa1f633065c147ca4 - - default default] 10.0.0.206 "PUT /v2.0/policies/84330360-2050-4b0f-a8b2-0e309db04359/tags/green HTTP/1.1" status: 201 len: 201 time: 0.0309536
2026-07-01 02:06:38.495 10 INFO neutron.wsgi [None req-1b0d9c15-46f6-4232-864b-24cf75aca30b 31073e6a65074cdea0953c2b4732d611 dfe4ef45d9ab4c6aa1f633065c147ca4 - - default default] 10.0.0.206 "GET /v2.0/policies/84330360-2050-4b0f-a8b2-0e309db04359/tags HTTP/1.1" status: 200 len: 227 time: 0.0141573
2026-07-01 02:06:38.513 10 INFO neutron.wsgi [None req-d00c7f8c-dea3-48dd-b519-b84e2ce2386e 31073e6a65074cdea0953c2b4732d611 dfe4ef45d9ab4c6aa1f633065c147ca4 - - default default] 10.0.0.206 "PUT /v2.0/policies/84330360-2050-4b0f-a8b2-0e309db04359/tags/red HTTP/1.1" status: 201 len: 201 time: 0.0145180
2026-07-01 02:06:38.531 10 INFO neutron.wsgi [None req-c9f1acb9-ee86-4e27-879e-e8a5454f161f 31073e6a65074cdea0953c2b4732d611 dfe4ef45d9ab4c6aa1f633065c147ca4 - - default default] 10.0.0.206 "GET /v2.0/policies/84330360-2050-4b0f-a8b2-0e309db04359/tags HTTP/1.1" status: 200 len: 227 time: 0.0135205
2026-07-01 02:06:38.562 10 INFO neutron.wsgi [None req-4720c680-9090-4d00-991a-5c2e5c07b43e 31073e6a65074cdea0953c2b4732d611 dfe4ef45d9ab4c6aa1f633065c147ca4 - - default default] 10.0.0.206 "PUT /v2.0/policies/84330360-2050-4b0f-a8b2-0e309db04359/tags/black.or.white HTTP/1.1" status: 201 len: 201 time: 0.0273495
2026-07-01 02:06:38.583 10 INFO neutron.wsgi [None req-0dbe6c68-2e64-4c56-8efc-28dd38bc0f68 31073e6a65074cdea0953c2b4732d611 dfe4ef45d9ab4c6aa1f633065c147ca4 - - default default] 10.0.0.206 "GET /v2.0/policies/84330360-2050-4b0f-a8b2-0e309db04359/tags HTTP/1.1" status: 200 len: 245 time: 0.0163171
2026-07-01 02:06:38.641 9 INFO neutron.wsgi [None req-bc95b58e-8aaf-4d8a-91c0-a39ee6005d66 31073e6a65074cdea0953c2b4732d611 dfe4ef45d9ab4c6aa1f633065c147ca4 - - default default] 10.0.0.206 "PUT /v2.0/policies/84330360-2050-4b0f-a8b2-0e309db04359/tags HTTP/1.1" status: 200 len: 230 time: 0.0535977
2026-07-01 02:06:38.653 9 INFO neutron.db.ovn_revision_numbers_db [None req-3b1e571a-16fd-426c-a0d6-dacfe3ac3443 1ebf4bb9bffb4975bcf0ab2bd407964f b86c06e4c70b4081b726228601237460 - - default default] Successfully bumped revision number for resource 6066295a-fa5c-4e06-903c-f05203d1a8b9 (type: ports) to 1
2026-07-01 02:06:38.672 10 INFO neutron.wsgi [None req-892fe3e8-723b-468f-859c-90e5ccfb02bc 31073e6a65074cdea0953c2b4732d611 dfe4ef45d9ab4c6aa1f633065c147ca4 - - default default] 10.0.0.206 "GET /v2.0/policies/84330360-2050-4b0f-a8b2-0e309db04359/tags HTTP/1.1" status: 200 len: 230 time: 0.0231683
2026-07-01 02:06:38.709 10 INFO neutron.wsgi [None req-d6e465f4-5237-490e-8676-11de1841f4ba 31073e6a65074cdea0953c2b4732d611 dfe4ef45d9ab4c6aa1f633065c147ca4 - - default default] 10.0.0.206 "GET /v2.0/policies/84330360-2050-4b0f-a8b2-0e309db04359/tags/red HTTP/1.1" status: 204 len: 168 time: 0.0296700
2026-07-01 02:06:38.730 10 INFO neutron.api.v2.resource [None req-8807d3b6-45dc-46ae-996a-ea4eb362fec1 31073e6a65074cdea0953c2b4732d611 dfe4ef45d9ab4c6aa1f633065c147ca4 - - default default] show failed (client error): The resource could not be found.
2026-07-01 02:06:38.732 10 INFO neutron.wsgi [None req-8807d3b6-45dc-46ae-996a-ea4eb362fec1 31073e6a65074cdea0953c2b4732d611 dfe4ef45d9ab4c6aa1f633065c147ca4 - - default default] 10.0.0.206 "GET /v2.0/policies/84330360-2050-4b0f-a8b2-0e309db04359/tags/green HTTP/1.1" status: 404 len: 299 time: 0.0190563
2026-07-01 02:06:38.779 10 INFO neutron.wsgi [None req-e9da3525-6c00-420e-9979-ba937461c397 31073e6a65074cdea0953c2b4732d611 dfe4ef45d9ab4c6aa1f633065c147ca4 - - default default] 10.0.0.206 "DELETE /v2.0/policies/84330360-2050-4b0f-a8b2-0e309db04359/tags/red HTTP/1.1" status: 204 len: 168 time: 0.0412264
2026-07-01 02:06:38.802 10 INFO neutron.wsgi [None req-0e44d3a5-b522-49b4-a105-580b68da89d0 31073e6a65074cdea0953c2b4732d611 dfe4ef45d9ab4c6aa1f633065c147ca4 - - default default] 10.0.0.206 "GET /v2.0/policies/84330360-2050-4b0f-a8b2-0e309db04359/tags HTTP/1.1" status: 200 len: 223 time: 0.0173266
2026-07-01 02:06:38.831 10 INFO neutron.api.v2.resource [None req-a9b08cc2-6352-4513-918c-84d58912931d 31073e6a65074cdea0953c2b4732d611 dfe4ef45d9ab4c6aa1f633065c147ca4 - - default default] delete failed (client error): The resource could not be found.
2026-07-01 02:06:38.833 10 INFO neutron.wsgi [None req-a9b08cc2-6352-4513-918c-84d58912931d 31073e6a65074cdea0953c2b4732d611 dfe4ef45d9ab4c6aa1f633065c147ca4 - - default default] 10.0.0.206 "DELETE /v2.0/policies/84330360-2050-4b0f-a8b2-0e309db04359/tags/green HTTP/1.1" status: 404 len: 299 time: 0.0249994
2026-07-01 02:06:38.876 10 INFO neutron.wsgi [None req-1f8d13b0-8c5b-44fd-858b-9e87b19c7dc1 31073e6a65074cdea0953c2b4732d611 dfe4ef45d9ab4c6aa1f633065c147ca4 - - default default] 10.0.0.206 "DELETE /v2.0/policies/84330360-2050-4b0f-a8b2-0e309db04359/tags HTTP/1.1" status: 204 len: 168 time: 0.0371423
2026-07-01 02:06:38.899 10 INFO neutron.wsgi [None req-7975f657-0f9c-41b1-8795-0e4977608777 31073e6a65074cdea0953c2b4732d611 dfe4ef45d9ab4c6aa1f633065c147ca4 - - default default] 10.0.0.206 "GET /v2.0/policies/84330360-2050-4b0f-a8b2-0e309db04359/tags HTTP/1.1" status: 200 len: 205 time: 0.0174494
2026-07-01 02:06:38.978 10 INFO neutron.wsgi [None req-ae6769fe-f034-4bda-939c-de281145cb4c 31073e6a65074cdea0953c2b4732d611 dfe4ef45d9ab4c6aa1f633065c147ca4 - - default default] 10.0.0.206 "DELETE /v2.0/qos/policies/84330360-2050-4b0f-a8b2-0e309db04359 HTTP/1.1" status: 204 len: 168 time: 0.0705905
2026-07-01 02:06:39.385 9 INFO neutron.plugins.ml2.drivers.ovn.mech_driver.ovsdb.commands [None req-0526a116-cd09-481b-8089-5173cd3444ee - - - - - -] Schedule LRP lrp-6066295a-fa5c-4e06-903c-f05203d1a8b9 on gateway 960cf1fb-12ea-4af4-ac5d-0e0ff2bbaa49 with priority 1
2026-07-01 02:06:39.398 10 INFO neutron.plugins.ml2.drivers.ovn.mech_driver.mech_driver [None req-73ebf767-1868-48ed-b5e0-2cc563547756 - - - - - -] OVN reports status up for port: 6066295a-fa5c-4e06-903c-f05203d1a8b9
2026-07-01 02:06:39.405 10 INFO neutron.plugins.ml2.plugin [None req-73ebf767-1868-48ed-b5e0-2cc563547756 - - - - - -] Attempt 1 to provision port 6066295a-fa5c-4e06-903c-f05203d1a8b9
2026-07-01 02:06:39.452 9 INFO neutron.db.ovn_revision_numbers_db [None req-3b1e571a-16fd-426c-a0d6-dacfe3ac3443 1ebf4bb9bffb4975bcf0ab2bd407964f b86c06e4c70b4081b726228601237460 - - default default] Successfully bumped revision number for resource 6066295a-fa5c-4e06-903c-f05203d1a8b9 (type: router_ports) to 1
2026-07-01 02:06:39.541 9 INFO neutron.db.ovn_revision_numbers_db [None req-3b1e571a-16fd-426c-a0d6-dacfe3ac3443 1ebf4bb9bffb4975bcf0ab2bd407964f b86c06e4c70b4081b726228601237460 - - default default] Successfully bumped revision number for resource 4a8f4e4c-6724-4cea-bbf2-43522f0d51b3 (type: routers) to 2
2026-07-01 02:06:39.563 9 INFO neutron.wsgi [None req-3b1e571a-16fd-426c-a0d6-dacfe3ac3443 1ebf4bb9bffb4975bcf0ab2bd407964f b86c06e4c70b4081b726228601237460 - - default default] 10.0.0.206 "POST /v2.0/routers HTTP/1.1" status: 201 len: 1135 time: 1.9412780
2026-07-01 02:06:39.897 9 INFO neutron.db.ovn_revision_numbers_db [None req-7dbe6e98-d289-4897-af7b-a208e93e1643 983592d47736485292fb6a03e57b87ae e187e22e8ee143f79a5fcaaf3ee07dc1 - - default default] Successfully bumped revision number for resource 6acfe905-7887-49ec-a381-05dca20988c6 (type: security_groups) to 1
2026-07-01 02:06:39.911 9 INFO neutron.db.ovn_revision_numbers_db [None req-7dbe6e98-d289-4897-af7b-a208e93e1643 983592d47736485292fb6a03e57b87ae e187e22e8ee143f79a5fcaaf3ee07dc1 - - default default] Successfully bumped revision number for resource 42979193-9f01-43d8-8b71-4d0e041ac739 (type: security_group_rules) to 0
2026-07-01 02:06:39.928 9 INFO neutron.db.ovn_revision_numbers_db [None req-7dbe6e98-d289-4897-af7b-a208e93e1643 983592d47736485292fb6a03e57b87ae e187e22e8ee143f79a5fcaaf3ee07dc1 - - default default] Successfully bumped revision number for resource 52bcdbb3-5908-4545-9414-3913e6471ebf (type: security_group_rules) to 0
2026-07-01 02:06:39.946 9 INFO neutron.db.ovn_revision_numbers_db [None req-7dbe6e98-d289-4897-af7b-a208e93e1643 983592d47736485292fb6a03e57b87ae e187e22e8ee143f79a5fcaaf3ee07dc1 - - default default] Successfully bumped revision number for resource 61ad32c5-7323-491e-bbd3-1350b89d9fd4 (type: security_group_rules) to 0
2026-07-01 02:06:39.966 9 INFO neutron.db.ovn_revision_numbers_db [None req-7dbe6e98-d289-4897-af7b-a208e93e1643 983592d47736485292fb6a03e57b87ae e187e22e8ee143f79a5fcaaf3ee07dc1 - - default default] Successfully bumped revision number for resource eea134ea-e69e-4199-b351-d0772377cb8c (type: security_group_rules) to 0
2026-07-01 02:06:39.988 9 INFO neutron.wsgi [None req-7dbe6e98-d289-4897-af7b-a208e93e1643 983592d47736485292fb6a03e57b87ae e187e22e8ee143f79a5fcaaf3ee07dc1 - - default default] 10.0.0.206 "GET /v2.0/security-groups?tenant_id=823937370af440018bd03bee1fcf5afe&name=default HTTP/1.1" status: 200 len: 3124 time: 0.3096888
2026-07-01 02:06:40.201 9 INFO neutron.wsgi [None req-13d3eb35-b9ef-4560-8791-04c64f37da75 983592d47736485292fb6a03e57b87ae e187e22e8ee143f79a5fcaaf3ee07dc1 - - default default] 10.0.0.206 "DELETE /v2.0/security-groups/6acfe905-7887-49ec-a381-05dca20988c6 HTTP/1.1" status: 204 len: 168 time: 0.2072098
2026-07-01 02:06:40.457 9 INFO neutron.db.ovn_revision_numbers_db [None req-c324ffc0-02cb-49a4-b058-716d3628ebba 983592d47736485292fb6a03e57b87ae e187e22e8ee143f79a5fcaaf3ee07dc1 - - default default] Successfully bumped revision number for resource c1c38007-59dc-4bd8-9907-b9ffa0bc1639 (type: security_groups) to 1
2026-07-01 02:06:40.471 9 INFO neutron.db.ovn_revision_numbers_db [None req-c324ffc0-02cb-49a4-b058-716d3628ebba 983592d47736485292fb6a03e57b87ae e187e22e8ee143f79a5fcaaf3ee07dc1 - - default default] Successfully bumped revision number for resource 6def6c12-fbb5-4414-8c37-d03b304c09f5 (type: security_group_rules) to 0
2026-07-01 02:06:40.488 9 INFO neutron.db.ovn_revision_numbers_db [None req-c324ffc0-02cb-49a4-b058-716d3628ebba 983592d47736485292fb6a03e57b87ae e187e22e8ee143f79a5fcaaf3ee07dc1 - - default default] Successfully bumped revision number for resource 7109aa40-84cf-49bb-bb57-1e0b918ef37b (type: security_group_rules) to 0
2026-07-01 02:06:40.501 9 INFO neutron.db.ovn_revision_numbers_db [None req-c324ffc0-02cb-49a4-b058-716d3628ebba 983592d47736485292fb6a03e57b87ae e187e22e8ee143f79a5fcaaf3ee07dc1 - - default default] Successfully bumped revision number for resource 81491dd3-79f8-4ba8-a6d3-b7e459bac2e7 (type: security_group_rules) to 0
2026-07-01 02:06:40.515 9 INFO neutron.db.ovn_revision_numbers_db [None req-c324ffc0-02cb-49a4-b058-716d3628ebba 983592d47736485292fb6a03e57b87ae e187e22e8ee143f79a5fcaaf3ee07dc1 - - default default] Successfully bumped revision number for resource e8a103a4-f73c-46ef-b256-383ba5ed7d0e (type: security_group_rules) to 0
2026-07-01 02:06:40.536 9 INFO neutron.wsgi [None req-c324ffc0-02cb-49a4-b058-716d3628ebba 983592d47736485292fb6a03e57b87ae e187e22e8ee143f79a5fcaaf3ee07dc1 - - default default] 10.0.0.206 "GET /v2.0/security-groups?tenant_id=dfe4ef45d9ab4c6aa1f633065c147ca4&name=default HTTP/1.1" status: 200 len: 3124 time: 0.2323046
2026-07-01 02:06:40.659 10 WARNING neutron.scheduler.dhcp_agent_scheduler [None req-abfca344-dbe8-4e66-aa39-97344f61669b 1ebf4bb9bffb4975bcf0ab2bd407964f b86c06e4c70b4081b726228601237460 - - default default] No more DHCP agents
2026-07-01 02:06:40.662 10 WARNING neutron.api.rpc.agentnotifiers.dhcp_rpc_agent_api [None req-abfca344-dbe8-4e66-aa39-97344f61669b 1ebf4bb9bffb4975bcf0ab2bd407964f b86c06e4c70b4081b726228601237460 - - default default] Unable to schedule network 7a4e7d68-d018-4010-a72e-98179fe77179: no agents available; will retry on subsequent port and subnet creation events.
2026-07-01 02:06:40.754 9 INFO neutron.wsgi [None req-06614f34-6faf-409e-b509-f36d76ff6c07 61ee2693d508445b864ed168790a4a25 1dafd57a9a464f94a339f58b130fb616 - - default default] 10.0.0.206 "GET /v2.0/ports?project_id=396ed9a995864699937ac3f3d83d6c53&network_id=361339d7-b207-471e-a813-ea21642c275a HTTP/1.1" status: 200 len: 3510 time: 0.0597618
2026-07-01 02:06:40.800 9 INFO neutron.wsgi [None req-e108b19a-50b4-4656-b151-05a664fd7622 983592d47736485292fb6a03e57b87ae e187e22e8ee143f79a5fcaaf3ee07dc1 - - default default] 10.0.0.206 "DELETE /v2.0/security-groups/c1c38007-59dc-4bd8-9907-b9ffa0bc1639 HTTP/1.1" status: 204 len: 168 time: 0.2583899
2026-07-01 02:06:40.801 10 INFO neutron.db.ovn_revision_numbers_db [None req-abfca344-dbe8-4e66-aa39-97344f61669b 1ebf4bb9bffb4975bcf0ab2bd407964f b86c06e4c70b4081b726228601237460 - - default default] Successfully bumped revision number for resource 8949d727-68e1-44df-ac10-d0a7850550e5 (type: ports) to 1
2026-07-01 02:06:41.046 10 INFO neutron.wsgi [None req-b7d469cc-269e-4d6b-be9f-0130ee1b6625 61ee2693d508445b864ed168790a4a25 1dafd57a9a464f94a339f58b130fb616 - - default default] 10.0.0.206 "GET /v2.0/subnets?network_id=16d5d515-d002-4683-9f77-84151eb8dc9f HTTP/1.1" status: 200 len: 838 time: 0.0496218
2026-07-01 02:06:41.494 9 INFO neutron.db.ovn_revision_numbers_db [None req-045fc3c5-9fe9-459c-aeec-aeb8291313fb 3463d062b7a6496c9ba6d253db629831 396ed9a995864699937ac3f3d83d6c53 - - default default] Successfully bumped revision number for resource 5366bcbe-abd4-4804-9d36-aa66f437cd47 (type: floatingips) to 2
2026-07-01 02:06:41.495 10 ERROR ovsdbapp.backend.ovs_idl.command [None req-abfca344-dbe8-4e66-aa39-97344f61669b 1ebf4bb9bffb4975bcf0ab2bd407964f b86c06e4c70b4081b726228601237460 - - default default] Error executing command (DbGetCommand): ovsdbapp.backend.ovs_idl.idlutils.RowNotFound: Cannot find Logical_Router_Port with name=lrp-8949d727-68e1-44df-ac10-d0a7850550e5
2026-07-01 02:06:41.495 10 ERROR ovsdbapp.backend.ovs_idl.command
Traceback (most recent call last):
2026-07-01 02:06:41.495 10 ERROR ovsdbapp.backend.ovs_idl.command
File "/var/lib/openstack/lib/python3.10/site-packages/ovsdbapp/backend/ovs_idl/command.py", line 47, in execute
2026-07-01 02:06:41.495 10 ERROR ovsdbapp.backend.ovs_idl.command self.run_idl(None)
2026-07-01 02:06:41.495 10 ERROR ovsdbapp.backend.ovs_idl.command
File "/var/lib/openstack/lib/python3.10/site-packages/ovsdbapp/backend/ovs_idl/command.py", line 235, in run_idl
2026-07-01 02:06:41.495 10 ERROR ovsdbapp.backend.ovs_idl.command record = self.api.lookup(self.table, self.record)
2026-07-01 02:06:41.495 10 ERROR ovsdbapp.backend.ovs_idl.command
File "/var/lib/openstack/lib/python3.10/site-packages/ovsdbapp/backend/ovs_idl/__init__.py", line 184, in lookup
2026-07-01 02:06:41.495 10 ERROR ovsdbapp.backend.ovs_idl.command return self._lookup(table, record)
2026-07-01 02:06:41.495 10 ERROR ovsdbapp.backend.ovs_idl.command
File "/var/lib/openstack/lib/python3.10/site-packages/ovsdbapp/backend/ovs_idl/__init__.py", line 235, in _lookup
2026-07-01 02:06:41.495 10 ERROR ovsdbapp.backend.ovs_idl.command row = idlutils.row_by_value(self, rl.table, rl.column, record)
2026-07-01 02:06:41.495 10 ERROR ovsdbapp.backend.ovs_idl.command
File "/var/lib/openstack/lib/python3.10/site-packages/ovsdbapp/backend/ovs_idl/idlutils.py", line 114, in row_by_value
2026-07-01 02:06:41.495 10 ERROR ovsdbapp.backend.ovs_idl.command raise RowNotFound(table=table, col=column, match=match)
2026-07-01 02:06:41.495 10 ERROR ovsdbapp.backend.ovs_idl.command ovsdbapp.backend.ovs_idl.idlutils.RowNotFound: Cannot find Logical_Router_Port with name=lrp-8949d727-68e1-44df-ac10-d0a7850550e5
2026-07-01 02:06:41.495 10 ERROR ovsdbapp.backend.ovs_idl.command 
2026-07-01 02:06:41.496 10 ERROR neutron_lib.callbacks.manager [None req-abfca344-dbe8-4e66-aa39-97344f61669b 1ebf4bb9bffb4975bcf0ab2bd407964f b86c06e4c70b4081b726228601237460 - - default default] Error during notification for neutron.services.ovn_l3.plugin.OVNL3RouterPlugin._port_update-8753434905318 port, after_update: ovsdbapp.backend.ovs_idl.idlutils.RowNotFound: Cannot find Logical_Router_Port with name=lrp-8949d727-68e1-44df-ac10-d0a7850550e5
2026-07-01 02:06:41.496 10 ERROR neutron_lib.callbacks.manager
Traceback (most recent call last):
2026-07-01 02:06:41.496 10 ERROR neutron_lib.callbacks.manager
File "/var/lib/openstack/lib/python3.10/site-packages/neutron_lib/callbacks/manager.py", line 189, in _notify_loop
2026-07-01 02:06:41.496 10 ERROR neutron_lib.callbacks.manager callback.method(resource, event, trigger, payload=payload)
2026-07-01 02:06:41.496 10 ERROR neutron_lib.callbacks.manager
File "/var/lib/openstack/lib/python3.10/site-packages/neutron/services/ovn_l3/plugin.py", line 391, in _port_update
2026-07-01 02:06:41.496 10 ERROR neutron_lib.callbacks.manager l3plugin._ovn_client.update_router_port(context,
2026-07-01 02:06:41.496 10 ERROR neutron_lib.callbacks.manager
File "/var/lib/openstack/lib/python3.10/site-packages/neutron/plugins/ml2/drivers/ovn/mech_driver/ovsdb/ovn_client.py", line 1878, in update_router_port
2026-07-01 02:06:41.496 10 ERROR neutron_lib.callbacks.manager self._update_lrouter_port(context, port, if_exists=if_exists,
2026-07-01 02:06:41.496 10 ERROR neutron_lib.callbacks.manager
File "/var/lib/openstack/lib/python3.10/site-packages/neutron/plugins/ml2/drivers/ovn/mech_driver/ovsdb/ovn_client.py", line 1855, in _update_lrouter_port
2026-07-01 02:06:41.496 10 ERROR neutron_lib.callbacks.manager external_ids = self._nb_idl.db_get(
2026-07-01 02:06:41.496 10 ERROR neutron_lib.callbacks.manager
File "/var/lib/openstack/lib/python3.10/site-packages/ovsdbapp/backend/ovs_idl/command.py", line 47, in execute
2026-07-01 02:06:41.496 10 ERROR neutron_lib.callbacks.manager self.run_idl(None)
2026-07-01 02:06:41.496 10 ERROR neutron_lib.callbacks.manager
File "/var/lib/openstack/lib/python3.10/site-packages/ovsdbapp/backend/ovs_idl/command.py", line 235, in run_idl
2026-07-01 02:06:41.496 10 ERROR neutron_lib.callbacks.manager record = self.api.lookup(self.table, self.record)
2026-07-01 02:06:41.496 10 ERROR neutron_lib.callbacks.manager
File "/var/lib/openstack/lib/python3.10/site-packages/ovsdbapp/backend/ovs_idl/__init__.py", line 184, in lookup
2026-07-01 02:06:41.496 10 ERROR neutron_lib.callbacks.manager return self._lookup(table, record)
2026-07-01 02:06:41.496 10 ERROR neutron_lib.callbacks.manager
File "/var/lib/openstack/lib/python3.10/site-packages/ovsdbapp/backend/ovs_idl/__init__.py", line 235, in _lookup
2026-07-01 02:06:41.496 10 ERROR neutron_lib.callbacks.manager row = idlutils.row_by_value(self, rl.table, rl.column, record)
2026-07-01 02:06:41.496 10 ERROR neutron_lib.callbacks.manager
File "/var/lib/openstack/lib/python3.10/site-packages/ovsdbapp/backend/ovs_idl/idlutils.py", line 114, in row_by_value
2026-07-01 02:06:41.496 10 ERROR neutron_lib.callbacks.manager raise RowNotFound(table=table, col=column, match=match)
2026-07-01 02:06:41.496 10 ERROR neutron_lib.callbacks.manager ovsdbapp.backend.ovs_idl.idlutils.RowNotFound: Cannot find Logical_Router_Port with name=lrp-8949d727-68e1-44df-ac10-d0a7850550e5
2026-07-01 02:06:41.496 10 ERROR neutron_lib.callbacks.manager 
2026-07-01 02:06:41.560 9 INFO neutron.db.l3_db [None req-045fc3c5-9fe9-459c-aeec-aeb8291313fb 3463d062b7a6496c9ba6d253db629831 396ed9a995864699937ac3f3d83d6c53 - - default default] Floating IP 5366bcbe-abd4-4804-9d36-aa66f437cd47 disassociated. External IP: 10.96.250.211, port: ef702f57-b5fd-48ae-8013-088359fc2f96.
2026-07-01 02:06:41.588 9 INFO neutron.wsgi [None req-045fc3c5-9fe9-459c-aeec-aeb8291313fb 3463d062b7a6496c9ba6d253db629831 396ed9a995864699937ac3f3d83d6c53 - - default default] 10.0.0.206 "PUT /v2.0/floatingips/5366bcbe-abd4-4804-9d36-aa66f437cd47 HTTP/1.1" status: 200 len: 748 time: 0.3573694
2026-07-01 02:06:41.627 9 INFO neutron.notifiers.nova [-] Nova event matching ['req-07728049-efd0-4392-9120-d07532319945'] response: {'name': 'network-changed', 'server_uuid': '6256def5-0c10-4211-b25a-28e856270262', 'tag': 'ef702f57-b5fd-48ae-8013-088359fc2f96', 'status': 'completed', 'code': 200} /var/lib/openstack/lib/python3.10/site-packages/pycadf/identifier.py:71: UserWarning: Invalid uuid: neutron. To ensure interoperability, identifiers should be a valid uuid. warnings.warn(('Invalid uuid: %s. To ensure interoperability, '
2026-07-01 02:06:41.667 10 INFO neutron.wsgi [None req-5ab5d258-9be1-4c1b-89b8-9c2006da2ea7 3463d062b7a6496c9ba6d253db629831 396ed9a995864699937ac3f3d83d6c53 - - default default] 10.0.0.206 "GET /v2.0/floatingips/5366bcbe-abd4-4804-9d36-aa66f437cd47 HTTP/1.1" status: 200 len: 746 time: 0.0736811
2026-07-01 02:06:41.695 9 INFO neutron.wsgi [req-ab9e47a1-573c-4c7a-8f34-0ebca4bd0d56 req-21bd3740-8a45-40c7-a1f5-44927e20e561 e3503a8fd7274b6bad92b0fbd20c2093 e11b4a4e282049b79a77ebaf177de5fe - - d6c4b691307344b8915061b9356c99b5 d6c4b691307344b8915061b9356c99b5] 199.204.45.235 "GET /v2.0/ports?tenant_id=396ed9a995864699937ac3f3d83d6c53&device_id=6256def5-0c10-4211-b25a-28e856270262 HTTP/1.1" status: 200 len: 1409 time: 0.0419707
2026-07-01 02:06:41.773 9 INFO neutron.wsgi [req-ab9e47a1-573c-4c7a-8f34-0ebca4bd0d56 req-7127379f-5c4b-4e3f-85b8-f20851d4a375 e3503a8fd7274b6bad92b0fbd20c2093 e11b4a4e282049b79a77ebaf177de5fe - - d6c4b691307344b8915061b9356c99b5 d6c4b691307344b8915061b9356c99b5] 199.204.45.235 "GET /v2.0/networks?id=361339d7-b207-471e-a813-ea21642c275a HTTP/1.1" status: 200 len: 959 time: 0.0695653
2026-07-01 02:06:41.813 9 INFO neutron.plugins.ml2.drivers.ovn.mech_driver.mech_driver [None req-048e853a-c288-4bf9-a660-befce609003b - - - - - -] OVN reports status up for port: 8949d727-68e1-44df-ac10-d0a7850550e5
2026-07-01 02:06:41.816 9 INFO neutron.wsgi [req-ab9e47a1-573c-4c7a-8f34-0ebca4bd0d56 req-5a7ed1be-cc42-495e-a3e6-d5c256a8db51 e3503a8fd7274b6bad92b0fbd20c2093 e11b4a4e282049b79a77ebaf177de5fe - - d6c4b691307344b8915061b9356c99b5 d6c4b691307344b8915061b9356c99b5] 199.204.45.235 "GET /v2.0/floatingips?fixed_ip_address=10.100.0.3&port_id=ef702f57-b5fd-48ae-8013-088359fc2f96 HTTP/1.1" status: 200 len: 217 time: 0.0352924
2026-07-01 02:06:41.821 9 INFO neutron.plugins.ml2.plugin [None req-048e853a-c288-4bf9-a660-befce609003b - - - - - -] Attempt 1 to provision port 8949d727-68e1-44df-ac10-d0a7850550e5
2026-07-01 02:06:41.826 10 INFO neutron.db.ovn_revision_numbers_db [None req-abfca344-dbe8-4e66-aa39-97344f61669b 1ebf4bb9bffb4975bcf0ab2bd407964f b86c06e4c70b4081b726228601237460 - - default default] Successfully bumped revision number for resource 8949d727-68e1-44df-ac10-d0a7850550e5 (type: ports) to 1
2026-07-01 02:06:41.902 10 WARNING neutron.scheduler.dhcp_agent_scheduler [None req-abfca344-dbe8-4e66-aa39-97344f61669b 1ebf4bb9bffb4975bcf0ab2bd407964f b86c06e4c70b4081b726228601237460 - - default default] No more DHCP agents
2026-07-01 02:06:41.903 10 WARNING neutron.api.rpc.agentnotifiers.dhcp_rpc_agent_api [None req-abfca344-dbe8-4e66-aa39-97344f61669b 1ebf4bb9bffb4975bcf0ab2bd407964f b86c06e4c70b4081b726228601237460 - - default default] Unable to schedule network 7a4e7d68-d018-4010-a72e-98179fe77179: no agents available; will retry on subsequent port and subnet creation events.
2026-07-01 02:06:42.062 9 INFO neutron.wsgi [req-ab9e47a1-573c-4c7a-8f34-0ebca4bd0d56 req-152e4679-b36e-4d4f-aa4a-8278aa543330 e3503a8fd7274b6bad92b0fbd20c2093 e11b4a4e282049b79a77ebaf177de5fe - - d6c4b691307344b8915061b9356c99b5 d6c4b691307344b8915061b9356c99b5] 199.204.45.235 "GET /v2.0/subnets?id=ab425725-ef34-4335-ac92-294e7e53d016 HTTP/1.1" status: 200 len: 853 time: 0.2314053
2026-07-01 02:06:42.087 9 INFO neutron.wsgi [req-ab9e47a1-573c-4c7a-8f34-0ebca4bd0d56 req-1ae5fb2b-e5b8-430c-9bf7-47259a389d30 e3503a8fd7274b6bad92b0fbd20c2093 e11b4a4e282049b79a77ebaf177de5fe - - d6c4b691307344b8915061b9356c99b5 d6c4b691307344b8915061b9356c99b5] 199.204.45.235 "GET /v2.0/ports?network_id=361339d7-b207-471e-a813-ea21642c275a&device_owner=network%3Adhcp HTTP/1.1" status: 200 len: 210 time: 0.0203240
2026-07-01 02:06:42.180 9 INFO neutron.wsgi [req-ab9e47a1-573c-4c7a-8f34-0ebca4bd0d56 req-de254792-316b-41a9-814f-87501a35ea2a e3503a8fd7274b6bad92b0fbd20c2093 e11b4a4e282049b79a77ebaf177de5fe - - d6c4b691307344b8915061b9356c99b5 d6c4b691307344b8915061b9356c99b5] 199.204.45.235 "GET /v2.0/networks/361339d7-b207-471e-a813-ea21642c275a?fields=segments HTTP/1.1" status: 200 len: 212 time: 0.0789783
2026-07-01 02:06:42.273 9 INFO neutron.wsgi [req-ab9e47a1-573c-4c7a-8f34-0ebca4bd0d56 req-37a1d8cc-2ae3-4daf-b48a-ca6e95645605 e3503a8fd7274b6bad92b0fbd20c2093 e11b4a4e282049b79a77ebaf177de5fe - - d6c4b691307344b8915061b9356c99b5 d6c4b691307344b8915061b9356c99b5] 199.204.45.235 "GET /v2.0/networks/361339d7-b207-471e-a813-ea21642c275a?fields=provider%3Aphysical_network&fields=provider%3Anetwork_type HTTP/1.1" status: 200 len: 277 time: 0.0850456
2026-07-01 02:06:42.486 10 INFO neutron.db.ovn_revision_numbers_db [None req-abfca344-dbe8-4e66-aa39-97344f61669b 1ebf4bb9bffb4975bcf0ab2bd407964f b86c06e4c70b4081b726228601237460 - - default default] Successfully bumped revision number for resource 8949d727-68e1-44df-ac10-d0a7850550e5 (type: router_ports) to 1
2026-07-01 02:06:42.492 10 INFO neutron.wsgi [None req-abfca344-dbe8-4e66-aa39-97344f61669b 1ebf4bb9bffb4975bcf0ab2bd407964f b86c06e4c70b4081b726228601237460 - - default default] 10.0.0.206 "PUT /v2.0/routers/4a8f4e4c-6724-4cea-bbf2-43522f0d51b3/add_router_interface HTTP/1.1" status: 200 len: 503 time: 2.9241738
2026-07-01 02:06:42.503 10 WARNING neutron_lib.context [None req-a4de631f-71f0-4685-9f8c-b45dc7bfa0e6 1ebf4bb9bffb4975bcf0ab2bd407964f b86c06e4c70b4081b726228601237460 - - default default] Method 'is_advsvc' is deprecated since 2023.2 release (neutron-lib 3.8.0) and will be removed once support for the old RBAC API policies will be removed from Neutron. Please use method 'is_service_role' instead.
2026-07-01 02:06:42.580 9 INFO neutron.db.ovn_revision_numbers_db [None req-048e853a-c288-4bf9-a660-befce609003b - - - - - -] Successfully bumped revision number for resource 8949d727-68e1-44df-ac10-d0a7850550e5 (type: ports) to 2
2026-07-01 02:06:42.726 9 WARNING neutron_lib.context [None req-f4437c22-d1d2-45fd-bdfc-6fdf8deaaf25 3463d062b7a6496c9ba6d253db629831 396ed9a995864699937ac3f3d83d6c53 - - default default] Method 'is_advsvc' is deprecated since 2023.2 release (neutron-lib 3.8.0) and will be removed once support for the old RBAC API policies will be removed from Neutron. Please use method 'is_service_role' instead.
2026-07-01 02:06:42.738 9 INFO neutron.db.ovn_revision_numbers_db [None req-048e853a-c288-4bf9-a660-befce609003b - - - - - -] Successfully bumped revision number for resource 8949d727-68e1-44df-ac10-d0a7850550e5 (type: router_ports) to 2
2026-07-01 02:06:42.868 9 INFO neutron.db.ovn_revision_numbers_db [None req-f4437c22-d1d2-45fd-bdfc-6fdf8deaaf25 3463d062b7a6496c9ba6d253db629831 396ed9a995864699937ac3f3d83d6c53 - - default default] Successfully bumped revision number for resource 6a0dd83c-9264-4484-b1dc-95137e2c4e6e (type: security_groups) to 1
2026-07-01 02:06:42.880 9 INFO neutron.db.ovn_revision_numbers_db [None req-f4437c22-d1d2-45fd-bdfc-6fdf8deaaf25 3463d062b7a6496c9ba6d253db629831 396ed9a995864699937ac3f3d83d6c53 - - default default] Successfully bumped revision number for resource 282b9fbf-0602-4a94-bcac-71dbce91612c (type: security_group_rules) to 0
2026-07-01 02:06:42.893 9 INFO neutron.db.ovn_revision_numbers_db [None req-f4437c22-d1d2-45fd-bdfc-6fdf8deaaf25 3463d062b7a6496c9ba6d253db629831 396ed9a995864699937ac3f3d83d6c53 - - default default] Successfully bumped revision number for resource 72101821-a17a-4ca6-8bfb-84d3d8af84d3 (type: security_group_rules) to 0
2026-07-01 02:06:42.914 9 INFO neutron.wsgi [None req-f4437c22-d1d2-45fd-bdfc-6fdf8deaaf25 3463d062b7a6496c9ba6d253db629831 396ed9a995864699937ac3f3d83d6c53 - - default default] 10.0.0.206 "POST /v2.0/security-groups HTTP/1.1" status: 201 len: 1877 time: 0.1946576
2026-07-01 02:06:42.924 9 WARNING neutron_lib.context [None req-c0d276c4-ab6b-45c9-9272-bc53ef265d9b 3463d062b7a6496c9ba6d253db629831 396ed9a995864699937ac3f3d83d6c53 - - default default] Method 'is_advsvc' is deprecated since 2023.2 release (neutron-lib 3.8.0) and will be removed once support for the old RBAC API policies will be removed from Neutron. Please use method 'is_service_role' instead.
2026-07-01 02:06:43.075 9 INFO neutron.db.ovn_revision_numbers_db [None req-c0d276c4-ab6b-45c9-9272-bc53ef265d9b 3463d062b7a6496c9ba6d253db629831 396ed9a995864699937ac3f3d83d6c53 - - default default] Successfully bumped revision number for resource e44f6d7f-f2d7-43b7-bf39-682f89ba9bc5 (type: security_group_rules) to 0
2026-07-01 02:06:43.100 9 INFO neutron.wsgi [None req-c0d276c4-ab6b-45c9-9272-bc53ef265d9b 3463d062b7a6496c9ba6d253db629831 396ed9a995864699937ac3f3d83d6c53 - - default default] 10.0.0.206 "POST /v2.0/security-group-rules HTTP/1.1" status: 201 len: 796 time: 0.1807637
2026-07-01 02:06:43.111 9 WARNING neutron_lib.context [None req-75acb4b3-f574-47d6-91e7-3031716338f8 3463d062b7a6496c9ba6d253db629831 396ed9a995864699937ac3f3d83d6c53 - - default default] Method 'is_advsvc' is deprecated since 2023.2 release (neutron-lib 3.8.0) and will be removed once support for the old RBAC API policies will be removed from Neutron. Please use method 'is_service_role' instead.
2026-07-01 02:06:43.111 10 WARNING neutron.scheduler.dhcp_agent_scheduler [None req-a4de631f-71f0-4685-9f8c-b45dc7bfa0e6 1ebf4bb9bffb4975bcf0ab2bd407964f b86c06e4c70b4081b726228601237460 - - default default] No more DHCP agents
2026-07-01 02:06:43.113 10 WARNING neutron.api.rpc.agentnotifiers.dhcp_rpc_agent_api [None req-a4de631f-71f0-4685-9f8c-b45dc7bfa0e6 1ebf4bb9bffb4975bcf0ab2bd407964f b86c06e4c70b4081b726228601237460 - - default default] Unable to schedule network 16d5d515-d002-4683-9f77-84151eb8dc9f: no agents available; will retry on subsequent port and subnet creation events.
2026-07-01 02:06:43.248 9 INFO neutron.db.ovn_revision_numbers_db [None req-75acb4b3-f574-47d6-91e7-3031716338f8 3463d062b7a6496c9ba6d253db629831 396ed9a995864699937ac3f3d83d6c53 - - default default] Successfully bumped revision number for resource 68232520-d7a1-4b3a-b739-47efd7e59e3f (type: security_group_rules) to 0
2026-07-01 02:06:43.278 9 INFO neutron.wsgi [None req-75acb4b3-f574-47d6-91e7-3031716338f8 3463d062b7a6496c9ba6d253db629831 396ed9a995864699937ac3f3d83d6c53 - - default default] 10.0.0.206 "POST /v2.0/security-group-rules HTTP/1.1" status: 201 len: 795 time: 0.1719983
2026-07-01 02:06:43.290 9 WARNING neutron_lib.context [None req-9eccdf46-c572-419d-b198-7f1fab410551 3463d062b7a6496c9ba6d253db629831 396ed9a995864699937ac3f3d83d6c53 - - default default] Method 'is_advsvc' is deprecated since 2023.2 release (neutron-lib 3.8.0) and will be removed once support for the old RBAC API policies will be removed from Neutron. Please use method 'is_service_role' instead.
2026-07-01 02:06:43.297 10 INFO neutron.db.ovn_revision_numbers_db [None req-a4de631f-71f0-4685-9f8c-b45dc7bfa0e6 1ebf4bb9bffb4975bcf0ab2bd407964f b86c06e4c70b4081b726228601237460 - - default default] Successfully bumped revision number for resource 56d5b301-e51b-43f8-964b-c412fd3600ec (type: ports) to 1
2026-07-01 02:06:43.424 9 INFO neutron.db.ovn_revision_numbers_db [None req-9eccdf46-c572-419d-b198-7f1fab410551 3463d062b7a6496c9ba6d253db629831 396ed9a995864699937ac3f3d83d6c53 - - default default] Successfully bumped revision number for resource 754bd3b1-9328-4802-967e-05ee9f34f39d (type: security_group_rules) to 0
2026-07-01 02:06:43.453 9 INFO neutron.wsgi [None req-9eccdf46-c572-419d-b198-7f1fab410551 3463d062b7a6496c9ba6d253db629831 396ed9a995864699937ac3f3d83d6c53 - - default default] 10.0.0.206 "POST /v2.0/security-group-rules HTTP/1.1" status: 201 len: 801 time: 0.1691716
2026-07-01 02:06:43.466 9 WARNING neutron_lib.context [None req-5d56838d-4edf-42a6-a08a-25db17e840f8 3463d062b7a6496c9ba6d253db629831 396ed9a995864699937ac3f3d83d6c53 - - default default] Method 'is_advsvc' is deprecated since 2023.2 release (neutron-lib 3.8.0) and will be removed once support for the old RBAC API policies will be removed from Neutron. Please use method 'is_service_role' instead.
2026-07-01 02:06:43.533 10 INFO neutron.db.ovn_revision_numbers_db [None req-a4de631f-71f0-4685-9f8c-b45dc7bfa0e6 1ebf4bb9bffb4975bcf0ab2bd407964f b86c06e4c70b4081b726228601237460 - - default default] Successfully bumped revision number for resource 56d5b301-e51b-43f8-964b-c412fd3600ec (type: ports) to 1
2026-07-01 02:06:43.599 9 INFO neutron.db.ovn_revision_numbers_db [None req-5d56838d-4edf-42a6-a08a-25db17e840f8 3463d062b7a6496c9ba6d253db629831 396ed9a995864699937ac3f3d83d6c53 - - default default] Successfully bumped revision number for resource 78f8f61e-d690-4265-8d22-07f0659461ce (type: security_group_rules) to 0
2026-07-01 02:06:43.599 10 INFO neutron.db.segments_db [None req-a4de631f-71f0-4685-9f8c-b45dc7bfa0e6 1ebf4bb9bffb4975bcf0ab2bd407964f b86c06e4c70b4081b726228601237460 - - default default] Added segment 49fdaf12-db78-49e5-b7d7-4a1e1c9ce992 of type geneve for network 319007b3-77f3-4bbe-80ba-ef2f6e593e9a
2026-07-01 02:06:43.623 9 INFO neutron.wsgi [None req-5d56838d-4edf-42a6-a08a-25db17e840f8 3463d062b7a6496c9ba6d253db629831 396ed9a995864699937ac3f3d83d6c53 - - default default] 10.0.0.206 "POST /v2.0/security-group-rules HTTP/1.1" status: 201 len: 800 time: 0.1645956
2026-07-01 02:06:43.634 9 WARNING neutron_lib.context [None req-26c63ff6-316e-48ac-ba3d-6931dacb6628 3463d062b7a6496c9ba6d253db629831 396ed9a995864699937ac3f3d83d6c53 - - default default] Method 'is_advsvc' is deprecated since 2023.2 release (neutron-lib 3.8.0) and will be removed once support for the old RBAC API policies will be removed from Neutron. Please use method 'is_service_role' instead.
2026-07-01 02:06:43.673 9 INFO neutron.db.securitygroups_db [None req-26c63ff6-316e-48ac-ba3d-6931dacb6628 3463d062b7a6496c9ba6d253db629831 396ed9a995864699937ac3f3d83d6c53 - - default default] Project 396ed9a995864699937ac3f3d83d6c53 added a security group rule with legacy IPv6 ICMP protocol name icmp, ipv6-icmp should be used instead. It was automatically converted.
2026-07-01 02:06:43.754 10 INFO neutron.db.ovn_revision_numbers_db [None req-a4de631f-71f0-4685-9f8c-b45dc7bfa0e6 1ebf4bb9bffb4975bcf0ab2bd407964f b86c06e4c70b4081b726228601237460 - - default default] Successfully bumped revision number for resource 319007b3-77f3-4bbe-80ba-ef2f6e593e9a (type: networks) to 1
2026-07-01 02:06:43.775 9 INFO neutron.db.ovn_revision_numbers_db [None req-26c63ff6-316e-48ac-ba3d-6931dacb6628 3463d062b7a6496c9ba6d253db629831 396ed9a995864699937ac3f3d83d6c53 - - default default] Successfully bumped revision number for resource 9dd21719-501d-480f-b590-f06f89b4ddcf (type: security_group_rules) to 0
2026-07-01 02:06:43.805 9 INFO neutron.wsgi [None req-26c63ff6-316e-48ac-ba3d-6931dacb6628 3463d062b7a6496c9ba6d253db629831 396ed9a995864699937ac3f3d83d6c53 - - default default] 10.0.0.206 "POST /v2.0/security-group-rules HTTP/1.1" status: 201 len: 806 time: 0.1759729
2026-07-01 02:06:43.813 9 WARNING neutron_lib.context [None req-08b9d2bd-7d94-4b03-b3b1-d51031f70ee5 3463d062b7a6496c9ba6d253db629831 396ed9a995864699937ac3f3d83d6c53 - - default default] Method 'is_advsvc' is deprecated since 2023.2 release (neutron-lib 3.8.0) and will be removed once support for the old RBAC API policies will be removed from Neutron. Please use method 'is_service_role' instead.
2026-07-01 02:06:43.846 9 INFO neutron.db.securitygroups_db [None req-08b9d2bd-7d94-4b03-b3b1-d51031f70ee5 3463d062b7a6496c9ba6d253db629831 396ed9a995864699937ac3f3d83d6c53 - - default default] Project 396ed9a995864699937ac3f3d83d6c53 added a security group rule with legacy IPv6 ICMP protocol name icmp, ipv6-icmp should be used instead. It was automatically converted.
2026-07-01 02:06:43.916 10 WARNING neutron.scheduler.dhcp_agent_scheduler [None req-a4de631f-71f0-4685-9f8c-b45dc7bfa0e6 1ebf4bb9bffb4975bcf0ab2bd407964f b86c06e4c70b4081b726228601237460 - - default default] No more DHCP agents
2026-07-01 02:06:43.918 10 WARNING neutron.api.rpc.agentnotifiers.dhcp_rpc_agent_api [None req-a4de631f-71f0-4685-9f8c-b45dc7bfa0e6 1ebf4bb9bffb4975bcf0ab2bd407964f b86c06e4c70b4081b726228601237460 - - default default] Unable to schedule network 319007b3-77f3-4bbe-80ba-ef2f6e593e9a: no agents available; will retry on subsequent port and subnet creation events.
2026-07-01 02:06:43.993 9 INFO neutron.db.ovn_revision_numbers_db [None req-08b9d2bd-7d94-4b03-b3b1-d51031f70ee5 3463d062b7a6496c9ba6d253db629831 396ed9a995864699937ac3f3d83d6c53 - - default default] Successfully bumped revision number for resource a289bb5b-d30e-4f64-9a68-a703ad0fdc50 (type: security_group_rules) to 0
2026-07-01 02:06:44.000 10 WARNING neutron.plugins.ml2.drivers.ovn.mech_driver.ovsdb.ovn_client [None req-73ebf767-1868-48ed-b5e0-2cc563547756 - - - - - -] No hosting information found for port 6066295a-fa5c-4e06-903c-f05203d1a8b9: RuntimeError: No hosting information found for port 6066295a-fa5c-4e06-903c-f05203d1a8b9
2026-07-01 02:06:44.014 10 INFO neutron.db.ovn_revision_numbers_db [None req-a4de631f-71f0-4685-9f8c-b45dc7bfa0e6 1ebf4bb9bffb4975bcf0ab2bd407964f b86c06e4c70b4081b726228601237460 - - default default] Successfully bumped revision number for resource 0253c703-0f6a-4a7f-aff3-c7c20cb5d07a (type: ports) to 1
2026-07-01 02:06:44.019 9 INFO neutron.wsgi [None req-08b9d2bd-7d94-4b03-b3b1-d51031f70ee5 3463d062b7a6496c9ba6d253db629831 396ed9a995864699937ac3f3d83d6c53 - - default default] 10.0.0.206 "POST /v2.0/security-group-rules HTTP/1.1" status: 201 len: 805 time: 0.2092125
2026-07-01 02:06:44.138 10 WARNING neutron.scheduler.dhcp_agent_scheduler [None req-a4de631f-71f0-4685-9f8c-b45dc7bfa0e6 1ebf4bb9bffb4975bcf0ab2bd407964f b86c06e4c70b4081b726228601237460 - - default default] No more DHCP agents
2026-07-01 02:06:44.139 10 WARNING neutron.api.rpc.agentnotifiers.dhcp_rpc_agent_api [None req-a4de631f-71f0-4685-9f8c-b45dc7bfa0e6 1ebf4bb9bffb4975bcf0ab2bd407964f b86c06e4c70b4081b726228601237460 - - default default] Unable to schedule network 319007b3-77f3-4bbe-80ba-ef2f6e593e9a: no agents available; will retry on subsequent port and subnet creation events.
2026-07-01 02:06:44.162 10 INFO neutron.db.ovn_revision_numbers_db [None req-a4de631f-71f0-4685-9f8c-b45dc7bfa0e6 1ebf4bb9bffb4975bcf0ab2bd407964f b86c06e4c70b4081b726228601237460 - - default default] Successfully bumped revision number for resource f97787aa-c2ce-4c8f-9922-f34c6506dd55 (type: subnets) to 0
2026-07-01 02:06:44.285 9 WARNING neutron_lib.context [None req-652df9c7-1fe7-4fba-ac05-7d65be5e59cb d93a6d340dab4df19c7e6764ed7d6785 f114fe3f3c8e410396ff1798524ea20e - - default default] Method 'is_advsvc' is deprecated since 2023.2 release (neutron-lib 3.8.0) and will be removed once support for the old RBAC API policies will be removed from Neutron. Please use method 'is_service_role' instead.
2026-07-01 02:06:44.437 9 INFO neutron.db.ovn_revision_numbers_db [None req-652df9c7-1fe7-4fba-ac05-7d65be5e59cb d93a6d340dab4df19c7e6764ed7d6785 f114fe3f3c8e410396ff1798524ea20e - - default default] Successfully bumped revision number for resource 6ff6fbe8-d56a-44b7-8e5d-317e46126393 (type: security_groups) to 1
2026-07-01 02:06:44.485 9 INFO neutron.db.ovn_revision_numbers_db [None req-652df9c7-1fe7-4fba-ac05-7d65be5e59cb d93a6d340dab4df19c7e6764ed7d6785 f114fe3f3c8e410396ff1798524ea20e - - default default] Successfully bumped revision number for resource 0ba9404f-f6c2-4701-91bc-495ac4a608d2 (type: security_group_rules) to 0
2026-07-01 02:06:44.510 9 INFO neutron.db.ovn_revision_numbers_db [None req-652df9c7-1fe7-4fba-ac05-7d65be5e59cb d93a6d340dab4df19c7e6764ed7d6785 f114fe3f3c8e410396ff1798524ea20e - - default default] Successfully bumped revision number for resource 2dd12bf9-d364-487c-b1d8-d2ac9ec0890f (type: security_group_rules) to 0
2026-07-01 02:06:44.525 9 INFO neutron.wsgi [None req-c961dcea-bfc2-4f48-8ef0-eadfea2a059a 3463d062b7a6496c9ba6d253db629831 396ed9a995864699937ac3f3d83d6c53 - - default default] 10.0.0.206 "GET /v2.0/networks HTTP/1.1" status: 200 len: 1493 time: 0.1462526
2026-07-01 02:06:44.539 9 INFO neutron.db.ovn_revision_numbers_db [None req-652df9c7-1fe7-4fba-ac05-7d65be5e59cb d93a6d340dab4df19c7e6764ed7d6785 f114fe3f3c8e410396ff1798524ea20e - - default default] Successfully bumped revision number for resource c46fd764-d23e-4bb0-b144-a1866582242b (type: security_group_rules) to 0
2026-07-01 02:06:44.555 9 INFO neutron.db.ovn_revision_numbers_db [None req-652df9c7-1fe7-4fba-ac05-7d65be5e59cb d93a6d340dab4df19c7e6764ed7d6785 f114fe3f3c8e410396ff1798524ea20e - - default default] Successfully bumped revision number for resource cac2a300-5697-4641-b5f4-0f4c4627e698 (type: security_group_rules) to 0
2026-07-01 02:06:44.647 9 INFO neutron.db.ovn_revision_numbers_db [None req-652df9c7-1fe7-4fba-ac05-7d65be5e59cb d93a6d340dab4df19c7e6764ed7d6785 f114fe3f3c8e410396ff1798524ea20e - - default default] Successfully bumped revision number for resource 7a3bf0ae-b5b7-4a74-9ff3-e69ac935e0b4 (type: security_groups) to 1
2026-07-01 02:06:44.670 9 INFO neutron.db.ovn_revision_numbers_db [None req-652df9c7-1fe7-4fba-ac05-7d65be5e59cb d93a6d340dab4df19c7e6764ed7d6785 f114fe3f3c8e410396ff1798524ea20e - - default default] Successfully bumped revision number for resource 0cbc630b-eff6-4862-9be1-f72fe09e4030 (type: security_group_rules) to 0
2026-07-01 02:06:44.682 9 INFO neutron.db.ovn_revision_numbers_db [None req-652df9c7-1fe7-4fba-ac05-7d65be5e59cb d93a6d340dab4df19c7e6764ed7d6785 f114fe3f3c8e410396ff1798524ea20e - - default default] Successfully bumped revision number for resource c3564d2e-5c84-4a99-8dae-9814f3987b3d (type: security_group_rules) to 0
2026-07-01 02:06:44.698 9 INFO neutron.wsgi [None req-652df9c7-1fe7-4fba-ac05-7d65be5e59cb d93a6d340dab4df19c7e6764ed7d6785 f114fe3f3c8e410396ff1798524ea20e - - default default] 10.0.0.206 "POST /v2.0/security-groups HTTP/1.1" status: 201 len: 1803 time: 0.5485222
2026-07-01 02:06:44.745 9 INFO neutron.wsgi [None req-67942f41-bbed-40da-8b25-f3eef303bac6 d93a6d340dab4df19c7e6764ed7d6785 f114fe3f3c8e410396ff1798524ea20e - - default default] 10.0.0.206 "PUT /v2.0/security-groups/7a3bf0ae-b5b7-4a74-9ff3-e69ac935e0b4/tags HTTP/1.1" status: 200 len: 218 time: 0.0403514
2026-07-01 02:06:44.771 9 INFO neutron.wsgi [None req-9005b927-6750-4bf6-a2a1-e2d0fd59600a d93a6d340dab4df19c7e6764ed7d6785 f114fe3f3c8e410396ff1798524ea20e - - default default] 10.0.0.206 "GET /v2.0/security-groups/7a3bf0ae-b5b7-4a74-9ff3-e69ac935e0b4/tags HTTP/1.1" status: 200 len: 218 time: 0.0206225
2026-07-01 02:06:44.817 9 INFO neutron.wsgi [None req-f6d96e3e-49a1-4c91-8811-368ecaeb18be d93a6d340dab4df19c7e6764ed7d6785 f114fe3f3c8e410396ff1798524ea20e - - default default] 10.0.0.206 "PUT /v2.0/security-groups/7a3bf0ae-b5b7-4a74-9ff3-e69ac935e0b4/tags/green HTTP/1.1" status: 201 len: 201 time: 0.0414321
2026-07-01 02:06:44.847 9 INFO neutron.wsgi [None req-fd317639-0ed8-4752-9864-13e9f8db4b0a d93a6d340dab4df19c7e6764ed7d6785 f114fe3f3c8e410396ff1798524ea20e - - default default] 10.0.0.206 "GET /v2.0/security-groups/7a3bf0ae-b5b7-4a74-9ff3-e69ac935e0b4/tags HTTP/1.1" status: 200 len: 227 time: 0.0248790
2026-07-01 02:06:44.877 9 INFO neutron.wsgi [None req-c05cdf6d-52f3-402f-b597-1d6f8bd69019 d93a6d340dab4df19c7e6764ed7d6785 f114fe3f3c8e410396ff1798524ea20e - - default default] 10.0.0.206 "PUT /v2.0/security-groups/7a3bf0ae-b5b7-4a74-9ff3-e69ac935e0b4/tags/red HTTP/1.1" status: 201 len: 201 time: 0.0254371
2026-07-01 02:06:44.897 10 INFO neutron.wsgi [req-1f1f9d92-a009-46db-bed8-385128f9ac61 req-8e86a5c0-9d21-4333-987c-d6a37536f64a 3463d062b7a6496c9ba6d253db629831 396ed9a995864699937ac3f3d83d6c53 - - default default] 10.0.0.89 "GET /v2.0/security-groups?name=tempest-secgroup-smoke-1189161816&fields=id&tenant_id=396ed9a995864699937ac3f3d83d6c53 HTTP/1.1" status: 200 len: 267 time: 0.0613196
2026-07-01 02:06:44.912 9 INFO neutron.wsgi [None req-15a62c11-ff9e-4792-ada7-cd5158606d39 d93a6d340dab4df19c7e6764ed7d6785 f114fe3f3c8e410396ff1798524ea20e - - default default] 10.0.0.206 "GET /v2.0/security-groups/7a3bf0ae-b5b7-4a74-9ff3-e69ac935e0b4/tags HTTP/1.1" status: 200 len: 227 time: 0.0276546
2026-07-01 02:06:44.939 10 WARNING neutron.scheduler.dhcp_agent_scheduler [None req-a4de631f-71f0-4685-9f8c-b45dc7bfa0e6 1ebf4bb9bffb4975bcf0ab2bd407964f b86c06e4c70b4081b726228601237460 - - default default] No more DHCP agents
2026-07-01 02:06:44.956 10 WARNING neutron.api.rpc.agentnotifiers.dhcp_rpc_agent_api [None req-a4de631f-71f0-4685-9f8c-b45dc7bfa0e6 1ebf4bb9bffb4975bcf0ab2bd407964f b86c06e4c70b4081b726228601237460 - - default default] Unable to schedule network 319007b3-77f3-4bbe-80ba-ef2f6e593e9a: no agents available; will retry on subsequent port and subnet creation events.
2026-07-01 02:06:44.972 9 INFO neutron.wsgi [None req-d42df7e2-bb13-4c57-8e12-cb4e9fe1319f d93a6d340dab4df19c7e6764ed7d6785 f114fe3f3c8e410396ff1798524ea20e - - default default] 10.0.0.206 "PUT /v2.0/security-groups/7a3bf0ae-b5b7-4a74-9ff3-e69ac935e0b4/tags/black.or.white HTTP/1.1" status: 201 len: 201 time: 0.0540335
