2026-07-01 02:05:31.985 9 WARNING neutron.api.rpc.agentnotifiers.dhcp_rpc_agent_api [None req-7c709336-dce8-4253-9b42-1e7a6a7c7167 2c64b189708747a6a66a9cddc2239314 66b1c57201924b0f990949643733577e - - default default] Unable to schedule network 16d5d515-d002-4683-9f77-84151eb8dc9f: no agents available; will retry on subsequent port and subnet creation events.
2026-07-01 02:05:32.001 10 WARNING neutron.plugins.ml2.drivers.ovn.mech_driver.ovsdb.ovn_client [None req-73ebf767-1868-48ed-b5e0-2cc563547756 - - - - - -] No port found with ID 19e2b71c-3eb8-430a-830a-b64c7af29949: RuntimeError: No port found with ID 19e2b71c-3eb8-430a-830a-b64c7af29949
2026-07-01 02:05:32.002 10 INFO neutron.plugins.ml2.drivers.ovn.mech_driver.mech_driver [None req-73ebf767-1868-48ed-b5e0-2cc563547756 - - - - - -] OVN reports status up for port: 25d3be0d-2a39-41df-9072-fc4b54351380
2026-07-01 02:05:32.019 10 INFO neutron.plugins.ml2.plugin [None req-73ebf767-1868-48ed-b5e0-2cc563547756 - - - - - -] Attempt 1 to provision port 25d3be0d-2a39-41df-9072-fc4b54351380
2026-07-01 02:05:32.065 9 INFO neutron.wsgi [req-14af5e70-463d-4a29-93d5-8483e10fd25a req-bdbd183c-f409-4d1b-8a7d-846400f72804 a0ef4202a6a14996b26f9a476435dc5e a4e01b7560224fa0ab439d92bc4c3208 - - default default] 10.0.0.89 "GET /v2.0/security-groups?id=d9a66607-3fca-4705-989e-4623f1495786&fields=id&fields=name HTTP/1.1" status: 200 len: 286 time: 0.0779762
2026-07-01 02:05:32.128 9 INFO neutron.db.ovn_revision_numbers_db [None req-fb489f31-a078-41cb-bee0-392702690f04 983592d47736485292fb6a03e57b87ae e187e22e8ee143f79a5fcaaf3ee07dc1 - - default default] Successfully bumped revision number for resource df6647f8-2298-41fb-ae05-6330d39a9126 (type: security_groups) to 1
2026-07-01 02:05:32.155 9 INFO neutron.db.ovn_revision_numbers_db [None req-fb489f31-a078-41cb-bee0-392702690f04 983592d47736485292fb6a03e57b87ae e187e22e8ee143f79a5fcaaf3ee07dc1 - - default default] Successfully bumped revision number for resource 381af815-35c2-4d78-a8fc-523c5c19bbe2 (type: security_group_rules) to 0
2026-07-01 02:05:32.163 10 WARNING neutron.scheduler.dhcp_agent_scheduler [None req-ddfb3609-517d-4341-b022-06ebe0b2ad17 f36d63a445ff4f01ad7cf257c484c69d c780f3ced8d04e0c9948f8c1d08120a6 - - default default] No more DHCP agents
2026-07-01 02:05:32.169 9 INFO neutron.db.ovn_revision_numbers_db [None req-fb489f31-a078-41cb-bee0-392702690f04 983592d47736485292fb6a03e57b87ae e187e22e8ee143f79a5fcaaf3ee07dc1 - - default default] Successfully bumped revision number for resource 943307e1-a41a-4971-bc8e-605540e1fa58 (type: security_group_rules) to 0
2026-07-01 02:05:32.172 10 WARNING neutron.api.rpc.agentnotifiers.dhcp_rpc_agent_api [None req-ddfb3609-517d-4341-b022-06ebe0b2ad17 f36d63a445ff4f01ad7cf257c484c69d c780f3ced8d04e0c9948f8c1d08120a6 - - default default] Unable to schedule network ef410efa-32bd-4fa0-8c49-c149f69ca1f1: no agents available; will retry on subsequent port and subnet creation events.
2026-07-01 02:05:32.188 9 INFO neutron.db.ovn_revision_numbers_db [None req-fb489f31-a078-41cb-bee0-392702690f04 983592d47736485292fb6a03e57b87ae e187e22e8ee143f79a5fcaaf3ee07dc1 - - default default] Successfully bumped revision number for resource a699e0a8-188c-4dc4-a7f8-265cb5743cc9 (type: security_group_rules) to 0
2026-07-01 02:05:32.201 9 INFO neutron.db.ovn_revision_numbers_db [None req-fb489f31-a078-41cb-bee0-392702690f04 983592d47736485292fb6a03e57b87ae e187e22e8ee143f79a5fcaaf3ee07dc1 - - default default] Successfully bumped revision number for resource f8d9f145-fd0a-4ec5-b77d-e7d410817ec4 (type: security_group_rules) to 0
2026-07-01 02:05:32.234 10 INFO neutron.notifiers.nova [-] Nova event matching ['req-34456ee4-f7e9-4faa-991e-59b97176125f'] response: {'server_uuid': '211072e3-3265-456b-aff4-2b81c17ddd6c', 'name': 'network-vif-plugged', 'status': 'completed', 'tag': '25d3be0d-2a39-41df-9072-fc4b54351380', 'code': 200}
2026-07-01 02:05:32.247 9 INFO neutron.wsgi [None req-fb489f31-a078-41cb-bee0-392702690f04 983592d47736485292fb6a03e57b87ae e187e22e8ee143f79a5fcaaf3ee07dc1 - - default default] 10.0.0.206 "GET /v2.0/security-groups?tenant_id=3af30809005849658e42b4ed8b345ff3&name=default HTTP/1.1" status: 200 len: 3120 time: 0.4798284
2026-07-01 02:05:32.427 10 INFO neutron.db.ovn_revision_numbers_db [None req-ddfb3609-517d-4341-b022-06ebe0b2ad17 f36d63a445ff4f01ad7cf257c484c69d c780f3ced8d04e0c9948f8c1d08120a6 - - default default] Successfully bumped revision number for resource 474a3fe8-6e11-4161-9748-8218fdede57c (type: ports) to 1
2026-07-01 02:05:32.471 10 INFO neutron.wsgi [None req-ddfb3609-517d-4341-b022-06ebe0b2ad17 f36d63a445ff4f01ad7cf257c484c69d c780f3ced8d04e0c9948f8c1d08120a6 - - default default] 10.0.0.206 "POST /v2.0/ports HTTP/1.1" status: 201 len: 1147 time: 0.7204521 /var/lib/openstack/lib/python3.10/site-packages/pycadf/identifier.py:71: UserWarning: Invalid uuid: neutron. To ensure interoperability, identifiers should be a valid uuid. warnings.warn(('Invalid uuid: %s. To ensure interoperability, '
2026-07-01 02:05:32.493 9 INFO neutron.wsgi [None req-7c709336-dce8-4253-9b42-1e7a6a7c7167 2c64b189708747a6a66a9cddc2239314 66b1c57201924b0f990949643733577e - - default default] 10.0.0.206 "POST /v2.0/floatingips HTTP/1.1" status: 201 len: 751 time: 0.9024174
2026-07-01 02:05:32.502 10 INFO neutron.db.ovn_revision_numbers_db [None req-73ebf767-1868-48ed-b5e0-2cc563547756 - - - - - -] Successfully bumped revision number for resource 25d3be0d-2a39-41df-9072-fc4b54351380 (type: ports) to 4
2026-07-01 02:05:32.504 9 WARNING neutron_lib.context [None req-3dc26f66-30e5-48e2-912b-0a5190c14963 2c64b189708747a6a66a9cddc2239314 66b1c57201924b0f990949643733577e - - default default] Method 'is_advsvc' is deprecated since 2023.2 release (neutron-lib 3.8.0) and will be removed once support for the old RBAC API policies will be removed from Neutron. Please use method 'is_service_role' instead.
2026-07-01 02:05:32.658 9 INFO neutron.wsgi [None req-4701dd71-ccf8-495d-916f-76c3ee370deb 983592d47736485292fb6a03e57b87ae e187e22e8ee143f79a5fcaaf3ee07dc1 - - default default] 10.0.0.206 "DELETE /v2.0/security-groups/df6647f8-2298-41fb-ae05-6330d39a9126 HTTP/1.1" status: 204 len: 168 time: 0.4037981
2026-07-01 02:05:32.820 9 WARNING neutron.scheduler.dhcp_agent_scheduler [None req-3dc26f66-30e5-48e2-912b-0a5190c14963 2c64b189708747a6a66a9cddc2239314 66b1c57201924b0f990949643733577e - - default default] No more DHCP agents
2026-07-01 02:05:32.821 9 WARNING neutron.api.rpc.agentnotifiers.dhcp_rpc_agent_api [None req-3dc26f66-30e5-48e2-912b-0a5190c14963 2c64b189708747a6a66a9cddc2239314 66b1c57201924b0f990949643733577e - - default default] Unable to schedule network 16d5d515-d002-4683-9f77-84151eb8dc9f: no agents available; will retry on subsequent port and subnet creation events.
2026-07-01 02:05:32.983 10 ERROR ovsdbapp.backend.ovs_idl.command [None req-23621843-5627-431c-a6b5-a626e05bc649 f36d63a445ff4f01ad7cf257c484c69d c780f3ced8d04e0c9948f8c1d08120a6 - - default default] Error executing command (DbGetCommand): ovsdbapp.backend.ovs_idl.idlutils.RowNotFound: Cannot find Logical_Router_Port with name=lrp-474a3fe8-6e11-4161-9748-8218fdede57c
2026-07-01 02:05:32.983 10 ERROR ovsdbapp.backend.ovs_idl.command
Traceback (most recent call last):
2026-07-01 02:05:32.983 10 ERROR ovsdbapp.backend.ovs_idl.command
File "/var/lib/openstack/lib/python3.10/site-packages/ovsdbapp/backend/ovs_idl/command.py", line 47, in execute
2026-07-01 02:05:32.983 10 ERROR ovsdbapp.backend.ovs_idl.command self.run_idl(None)
2026-07-01 02:05:32.983 10 ERROR ovsdbapp.backend.ovs_idl.command
File "/var/lib/openstack/lib/python3.10/site-packages/ovsdbapp/backend/ovs_idl/command.py", line 235, in run_idl
2026-07-01 02:05:32.983 10 ERROR ovsdbapp.backend.ovs_idl.command record = self.api.lookup(self.table, self.record)
2026-07-01 02:05:32.983 10 ERROR ovsdbapp.backend.ovs_idl.command
File "/var/lib/openstack/lib/python3.10/site-packages/ovsdbapp/backend/ovs_idl/__init__.py", line 184, in lookup
2026-07-01 02:05:32.983 10 ERROR ovsdbapp.backend.ovs_idl.command return self._lookup(table, record)
2026-07-01 02:05:32.983 10 ERROR ovsdbapp.backend.ovs_idl.command
File "/var/lib/openstack/lib/python3.10/site-packages/ovsdbapp/backend/ovs_idl/__init__.py", line 235, in _lookup
2026-07-01 02:05:32.983 10 ERROR ovsdbapp.backend.ovs_idl.command row = idlutils.row_by_value(self, rl.table, rl.column, record)
2026-07-01 02:05:32.983 10 ERROR ovsdbapp.backend.ovs_idl.command
File "/var/lib/openstack/lib/python3.10/site-packages/ovsdbapp/backend/ovs_idl/idlutils.py", line 114, in row_by_value
2026-07-01 02:05:32.983 10 ERROR ovsdbapp.backend.ovs_idl.command raise RowNotFound(table=table, col=column, match=match)
2026-07-01 02:05:32.983 10 ERROR ovsdbapp.backend.ovs_idl.command ovsdbapp.backend.ovs_idl.idlutils.RowNotFound: Cannot find Logical_Router_Port with name=lrp-474a3fe8-6e11-4161-9748-8218fdede57c
2026-07-01 02:05:32.983 10 ERROR ovsdbapp.backend.ovs_idl.command 
2026-07-01 02:05:32.984 10 ERROR neutron_lib.callbacks.manager [None req-23621843-5627-431c-a6b5-a626e05bc649 f36d63a445ff4f01ad7cf257c484c69d c780f3ced8d04e0c9948f8c1d08120a6 - - default default] Error during notification for neutron.services.ovn_l3.plugin.OVNL3RouterPlugin._port_update-8753434905318 port, after_update: ovsdbapp.backend.ovs_idl.idlutils.RowNotFound: Cannot find Logical_Router_Port with name=lrp-474a3fe8-6e11-4161-9748-8218fdede57c
2026-07-01 02:05:32.984 10 ERROR neutron_lib.callbacks.manager
Traceback (most recent call last):
2026-07-01 02:05:32.984 10 ERROR neutron_lib.callbacks.manager
File "/var/lib/openstack/lib/python3.10/site-packages/neutron_lib/callbacks/manager.py", line 189, in _notify_loop
2026-07-01 02:05:32.984 10 ERROR neutron_lib.callbacks.manager callback.method(resource, event, trigger, payload=payload)
2026-07-01 02:05:32.984 10 ERROR neutron_lib.callbacks.manager
File "/var/lib/openstack/lib/python3.10/site-packages/neutron/services/ovn_l3/plugin.py", line 391, in _port_update
2026-07-01 02:05:32.984 10 ERROR neutron_lib.callbacks.manager l3plugin._ovn_client.update_router_port(context,
2026-07-01 02:05:32.984 10 ERROR neutron_lib.callbacks.manager
File "/var/lib/openstack/lib/python3.10/site-packages/neutron/plugins/ml2/drivers/ovn/mech_driver/ovsdb/ovn_client.py", line 1878, in update_router_port
2026-07-01 02:05:32.984 10 ERROR neutron_lib.callbacks.manager self._update_lrouter_port(context, port, if_exists=if_exists,
2026-07-01 02:05:32.984 10 ERROR neutron_lib.callbacks.manager
File "/var/lib/openstack/lib/python3.10/site-packages/neutron/plugins/ml2/drivers/ovn/mech_driver/ovsdb/ovn_client.py", line 1855, in _update_lrouter_port
2026-07-01 02:05:32.984 10 ERROR neutron_lib.callbacks.manager external_ids = self._nb_idl.db_get(
2026-07-01 02:05:32.984 10 ERROR neutron_lib.callbacks.manager
File "/var/lib/openstack/lib/python3.10/site-packages/ovsdbapp/backend/ovs_idl/command.py", line 47, in execute
2026-07-01 02:05:32.984 10 ERROR neutron_lib.callbacks.manager self.run_idl(None)
2026-07-01 02:05:32.984 10 ERROR neutron_lib.callbacks.manager
File "/var/lib/openstack/lib/python3.10/site-packages/ovsdbapp/backend/ovs_idl/command.py", line 235, in run_idl
2026-07-01 02:05:32.984 10 ERROR neutron_lib.callbacks.manager record = self.api.lookup(self.table, self.record)
2026-07-01 02:05:32.984 10 ERROR neutron_lib.callbacks.manager
File "/var/lib/openstack/lib/python3.10/site-packages/ovsdbapp/backend/ovs_idl/__init__.py", line 184, in lookup
2026-07-01 02:05:32.984 10 ERROR neutron_lib.callbacks.manager return self._lookup(table, record)
2026-07-01 02:05:32.984 10 ERROR neutron_lib.callbacks.manager
File "/var/lib/openstack/lib/python3.10/site-packages/ovsdbapp/backend/ovs_idl/__init__.py", line 235, in _lookup
2026-07-01 02:05:32.984 10 ERROR neutron_lib.callbacks.manager row = idlutils.row_by_value(self, rl.table, rl.column, record)
2026-07-01 02:05:32.984 10 ERROR neutron_lib.callbacks.manager
File "/var/lib/openstack/lib/python3.10/site-packages/ovsdbapp/backend/ovs_idl/idlutils.py", line 114, in row_by_value
2026-07-01 02:05:32.984 10 ERROR neutron_lib.callbacks.manager raise RowNotFound(table=table, col=column, match=match)
2026-07-01 02:05:32.984 10 ERROR neutron_lib.callbacks.manager ovsdbapp.backend.ovs_idl.idlutils.RowNotFound: Cannot find Logical_Router_Port with name=lrp-474a3fe8-6e11-4161-9748-8218fdede57c
2026-07-01 02:05:32.984 10 ERROR neutron_lib.callbacks.manager 
2026-07-01 02:05:33.126 9 INFO neutron.wsgi [None req-3dc26f66-30e5-48e2-912b-0a5190c14963 2c64b189708747a6a66a9cddc2239314 66b1c57201924b0f990949643733577e - - default default] 10.0.0.206 "POST /v2.0/floatingips HTTP/1.1" status: 201 len: 751 time: 0.6283727
2026-07-01 02:05:33.139 9 WARNING neutron_lib.context [None req-4ddea205-8087-4686-9f2e-36db1d487a86 2c64b189708747a6a66a9cddc2239314 66b1c57201924b0f990949643733577e - - default default] Method 'is_advsvc' is deprecated since 2023.2 release (neutron-lib 3.8.0) and will be removed once support for the old RBAC API policies will be removed from Neutron. Please use method 'is_service_role' instead.
2026-07-01 02:05:33.187 9 INFO neutron.plugins.ml2.drivers.ovn.mech_driver.mech_driver [None req-048e853a-c288-4bf9-a660-befce609003b - - - - - -] OVN reports status up for port: 474a3fe8-6e11-4161-9748-8218fdede57c
2026-07-01 02:05:33.198 9 INFO neutron.plugins.ml2.plugin [None req-048e853a-c288-4bf9-a660-befce609003b - - - - - -] Attempt 1 to provision port 474a3fe8-6e11-4161-9748-8218fdede57c
2026-07-01 02:05:33.228 10 INFO neutron.db.ovn_revision_numbers_db [None req-23621843-5627-431c-a6b5-a626e05bc649 f36d63a445ff4f01ad7cf257c484c69d c780f3ced8d04e0c9948f8c1d08120a6 - - default default] Successfully bumped revision number for resource 474a3fe8-6e11-4161-9748-8218fdede57c (type: ports) to 2
2026-07-01 02:05:33.467 9 INFO neutron.wsgi [req-9136ed57-b4e9-47b3-892a-b6df75ad0384 req-83eeeba6-87a6-4a3c-9817-0348b5ee0860 a0ef4202a6a14996b26f9a476435dc5e a4e01b7560224fa0ab439d92bc4c3208 - - default default] 10.0.0.89 "GET /v2.0/ports?device_id=211072e3-3265-456b-aff4-2b81c17ddd6c HTTP/1.1" status: 200 len: 1174 time: 0.0546355
2026-07-01 02:05:33.569 9 INFO neutron.wsgi [req-9136ed57-b4e9-47b3-892a-b6df75ad0384 req-18bca661-cb4d-4a8e-858f-9ca9e38d5f9f a0ef4202a6a14996b26f9a476435dc5e a4e01b7560224fa0ab439d92bc4c3208 - - default default] 10.0.0.89 "GET /v2.0/security-groups?id=d9a66607-3fca-4705-989e-4623f1495786&fields=id&fields=name HTTP/1.1" status: 200 len: 286 time: 0.0950878
2026-07-01 02:05:33.719 9 WARNING neutron.scheduler.dhcp_agent_scheduler [None req-4ddea205-8087-4686-9f2e-36db1d487a86 2c64b189708747a6a66a9cddc2239314 66b1c57201924b0f990949643733577e - - default default] No more DHCP agents
2026-07-01 02:05:33.721 9 WARNING neutron.api.rpc.agentnotifiers.dhcp_rpc_agent_api [None req-4ddea205-8087-4686-9f2e-36db1d487a86 2c64b189708747a6a66a9cddc2239314 66b1c57201924b0f990949643733577e - - default default] Unable to schedule network 16d5d515-d002-4683-9f77-84151eb8dc9f: no agents available; will retry on subsequent port and subnet creation events.
2026-07-01 02:05:33.786 10 ERROR ovsdbapp.backend.ovs_idl.command [None req-23621843-5627-431c-a6b5-a626e05bc649 f36d63a445ff4f01ad7cf257c484c69d c780f3ced8d04e0c9948f8c1d08120a6 - - default default] Error executing command (DbGetCommand): ovsdbapp.backend.ovs_idl.idlutils.RowNotFound: Cannot find Logical_Router_Port with name=lrp-474a3fe8-6e11-4161-9748-8218fdede57c
2026-07-01 02:05:33.786 10 ERROR ovsdbapp.backend.ovs_idl.command
Traceback (most recent call last):
2026-07-01 02:05:33.786 10 ERROR ovsdbapp.backend.ovs_idl.command
File "/var/lib/openstack/lib/python3.10/site-packages/ovsdbapp/backend/ovs_idl/command.py", line 47, in execute
2026-07-01 02:05:33.786 10 ERROR ovsdbapp.backend.ovs_idl.command self.run_idl(None)
2026-07-01 02:05:33.786 10 ERROR ovsdbapp.backend.ovs_idl.command
File "/var/lib/openstack/lib/python3.10/site-packages/ovsdbapp/backend/ovs_idl/command.py", line 235, in run_idl
2026-07-01 02:05:33.786 10 ERROR ovsdbapp.backend.ovs_idl.command record = self.api.lookup(self.table, self.record)
2026-07-01 02:05:33.786 10 ERROR ovsdbapp.backend.ovs_idl.command
File "/var/lib/openstack/lib/python3.10/site-packages/ovsdbapp/backend/ovs_idl/__init__.py", line 184, in lookup
2026-07-01 02:05:33.786 10 ERROR ovsdbapp.backend.ovs_idl.command return self._lookup(table, record)
2026-07-01 02:05:33.786 10 ERROR ovsdbapp.backend.ovs_idl.command
File "/var/lib/openstack/lib/python3.10/site-packages/ovsdbapp/backend/ovs_idl/__init__.py", line 235, in _lookup
2026-07-01 02:05:33.786 10 ERROR ovsdbapp.backend.ovs_idl.command row = idlutils.row_by_value(self, rl.table, rl.column, record)
2026-07-01 02:05:33.786 10 ERROR ovsdbapp.backend.ovs_idl.command
File "/var/lib/openstack/lib/python3.10/site-packages/ovsdbapp/backend/ovs_idl/idlutils.py", line 114, in row_by_value
2026-07-01 02:05:33.786 10 ERROR ovsdbapp.backend.ovs_idl.command raise RowNotFound(table=table, col=column, match=match)
2026-07-01 02:05:33.786 10 ERROR ovsdbapp.backend.ovs_idl.command ovsdbapp.backend.ovs_idl.idlutils.RowNotFound: Cannot find Logical_Router_Port with name=lrp-474a3fe8-6e11-4161-9748-8218fdede57c
2026-07-01 02:05:33.786 10 ERROR ovsdbapp.backend.ovs_idl.command 
2026-07-01 02:05:33.787 10 ERROR neutron_lib.callbacks.manager [None req-23621843-5627-431c-a6b5-a626e05bc649 f36d63a445ff4f01ad7cf257c484c69d c780f3ced8d04e0c9948f8c1d08120a6 - - default default] Error during notification for neutron.services.ovn_l3.plugin.OVNL3RouterPlugin._port_update-8753434905318 port, after_update: ovsdbapp.backend.ovs_idl.idlutils.RowNotFound: Cannot find Logical_Router_Port with name=lrp-474a3fe8-6e11-4161-9748-8218fdede57c
2026-07-01 02:05:33.787 10 ERROR neutron_lib.callbacks.manager
Traceback (most recent call last):
2026-07-01 02:05:33.787 10 ERROR neutron_lib.callbacks.manager
File "/var/lib/openstack/lib/python3.10/site-packages/neutron_lib/callbacks/manager.py", line 189, in _notify_loop
2026-07-01 02:05:33.787 10 ERROR neutron_lib.callbacks.manager callback.method(resource, event, trigger, payload=payload)
2026-07-01 02:05:33.787 10 ERROR neutron_lib.callbacks.manager
File "/var/lib/openstack/lib/python3.10/site-packages/neutron/services/ovn_l3/plugin.py", line 391, in _port_update
2026-07-01 02:05:33.787 10 ERROR neutron_lib.callbacks.manager l3plugin._ovn_client.update_router_port(context,
2026-07-01 02:05:33.787 10 ERROR neutron_lib.callbacks.manager
File "/var/lib/openstack/lib/python3.10/site-packages/neutron/plugins/ml2/drivers/ovn/mech_driver/ovsdb/ovn_client.py", line 1878, in update_router_port
2026-07-01 02:05:33.787 10 ERROR neutron_lib.callbacks.manager self._update_lrouter_port(context, port, if_exists=if_exists,
2026-07-01 02:05:33.787 10 ERROR neutron_lib.callbacks.manager
File "/var/lib/openstack/lib/python3.10/site-packages/neutron/plugins/ml2/drivers/ovn/mech_driver/ovsdb/ovn_client.py", line 1855, in _update_lrouter_port
2026-07-01 02:05:33.787 10 ERROR neutron_lib.callbacks.manager external_ids = self._nb_idl.db_get(
2026-07-01 02:05:33.787 10 ERROR neutron_lib.callbacks.manager
File "/var/lib/openstack/lib/python3.10/site-packages/ovsdbapp/backend/ovs_idl/command.py", line 47, in execute
2026-07-01 02:05:33.787 10 ERROR neutron_lib.callbacks.manager self.run_idl(None)
2026-07-01 02:05:33.787 10 ERROR neutron_lib.callbacks.manager
File "/var/lib/openstack/lib/python3.10/site-packages/ovsdbapp/backend/ovs_idl/command.py", line 235, in run_idl
2026-07-01 02:05:33.787 10 ERROR neutron_lib.callbacks.manager record = self.api.lookup(self.table, self.record)
2026-07-01 02:05:33.787 10 ERROR neutron_lib.callbacks.manager
File "/var/lib/openstack/lib/python3.10/site-packages/ovsdbapp/backend/ovs_idl/__init__.py", line 184, in lookup
2026-07-01 02:05:33.787 10 ERROR neutron_lib.callbacks.manager return self._lookup(table, record)
2026-07-01 02:05:33.787 10 ERROR neutron_lib.callbacks.manager
File "/var/lib/openstack/lib/python3.10/site-packages/ovsdbapp/backend/ovs_idl/__init__.py", line 235, in _lookup
2026-07-01 02:05:33.787 10 ERROR neutron_lib.callbacks.manager row = idlutils.row_by_value(self, rl.table, rl.column, record)
2026-07-01 02:05:33.787 10 ERROR neutron_lib.callbacks.manager
File "/var/lib/openstack/lib/python3.10/site-packages/ovsdbapp/backend/ovs_idl/idlutils.py", line 114, in row_by_value
2026-07-01 02:05:33.787 10 ERROR neutron_lib.callbacks.manager raise RowNotFound(table=table, col=column, match=match)
2026-07-01 02:05:33.787 10 ERROR neutron_lib.callbacks.manager ovsdbapp.backend.ovs_idl.idlutils.RowNotFound: Cannot find Logical_Router_Port with name=lrp-474a3fe8-6e11-4161-9748-8218fdede57c
2026-07-01 02:05:33.787 10 ERROR neutron_lib.callbacks.manager 
2026-07-01 02:05:34.136 9 INFO neutron.wsgi [req-6f8dfc8f-ea10-46ae-b709-31ed8d51d4e7 req-9601290a-8117-46fe-8af5-9779fb39d9fa a0ef4202a6a14996b26f9a476435dc5e a4e01b7560224fa0ab439d92bc4c3208 - - default default] 10.0.0.89 "GET /v2.0/ports?device_id=211072e3-3265-456b-aff4-2b81c17ddd6c HTTP/1.1" status: 200 len: 1174 time: 0.0804977
2026-07-01 02:05:34.164 10 INFO neutron.plugins.ml2.drivers.ovn.mech_driver.mech_driver [None req-73ebf767-1868-48ed-b5e0-2cc563547756 - - - - - -] OVN reports status down for port: 25d3be0d-2a39-41df-9072-fc4b54351380
2026-07-01 02:05:34.207 10 ERROR ovsdbapp.backend.ovs_idl.transaction [None req-23621843-5627-431c-a6b5-a626e05bc649 f36d63a445ff4f01ad7cf257c484c69d c780f3ced8d04e0c9948f8c1d08120a6 - - default default]
Traceback (most recent call last): File "/var/lib/openstack/lib/python3.10/site-packages/ovsdbapp/backend/ovs_idl/connection.py", line 118, in run txn.results.put(txn.do_commit())
File "/var/lib/openstack/lib/python3.10/site-packages/ovsdbapp/backend/ovs_idl/transaction.py", line 92, in do_commit command.run_idl(txn)
File "/var/lib/openstack/lib/python3.10/site-packages/neutron/plugins/ml2/drivers/ovn/mech_driver/ovsdb/commands.py", line 927, in run_idl raise ovn_exc.RevisionConflict( neutron.common.ovn.exceptions.RevisionConflict: OVN revision number for 474a3fe8-6e11-4161-9748-8218fdede57c (type: ports) is higher than the given resource. Skipping update 
2026-07-01 02:05:34.207 10 INFO neutron.plugins.ml2.drivers.ovn.mech_driver.ovsdb.impl_idl_ovn [None req-23621843-5627-431c-a6b5-a626e05bc649 f36d63a445ff4f01ad7cf257c484c69d c780f3ced8d04e0c9948f8c1d08120a6 - - default default] Transaction aborted. Reason: OVN revision number for 474a3fe8-6e11-4161-9748-8218fdede57c (type: ports) is higher than the given resource. Skipping update
2026-07-01 02:05:34.215 9 INFO neutron.db.ovn_revision_numbers_db [None req-048e853a-c288-4bf9-a660-befce609003b - - - - - -] Successfully bumped revision number for resource 474a3fe8-6e11-4161-9748-8218fdede57c (type: ports) to 3
2026-07-01 02:05:34.256 9 INFO neutron.wsgi [req-6f8dfc8f-ea10-46ae-b709-31ed8d51d4e7 req-07fba794-66b4-4be9-a5c6-da74da8838fa a0ef4202a6a14996b26f9a476435dc5e a4e01b7560224fa0ab439d92bc4c3208 - - default default] 10.0.0.89 "GET /v2.0/security-groups?id=d9a66607-3fca-4705-989e-4623f1495786&fields=id&fields=name HTTP/1.1" status: 200 len: 286 time: 0.1079569
2026-07-01 02:05:34.286 9 INFO neutron.wsgi [None req-4ddea205-8087-4686-9f2e-36db1d487a86 2c64b189708747a6a66a9cddc2239314 66b1c57201924b0f990949643733577e - - default default] 10.0.0.206 "POST /v2.0/floatingips HTTP/1.1" status: 201 len: 751 time: 1.1528976
2026-07-01 02:05:34.287 10 INFO neutron.notifiers.nova [-] Nova event matching ['req-fe955c71-3b5a-4bb5-9ede-d76c4336672b'] response: {'server_uuid': '211072e3-3265-456b-aff4-2b81c17ddd6c', 'name': 'network-vif-plugged', 'status': 'completed', 'tag': '25d3be0d-2a39-41df-9072-fc4b54351380', 'code': 200} /var/lib/openstack/lib/python3.10/site-packages/pycadf/identifier.py:71: UserWarning: Invalid uuid: neutron. To ensure interoperability, identifiers should be a valid uuid. warnings.warn(('Invalid uuid: %s. To ensure interoperability, '
2026-07-01 02:05:34.351 9 INFO neutron.wsgi [None req-e4d8cd75-7a36-4ac2-94d9-8d15a47967cd 2c64b189708747a6a66a9cddc2239314 66b1c57201924b0f990949643733577e - - default default] 10.0.0.206 "PUT /v2.0/floatingips/29fbce5f-0e7f-451c-8028-cb766dad05b2/tags HTTP/1.1" status: 200 len: 210 time: 0.0563121
2026-07-01 02:05:34.351 10 WARNING neutron.scheduler.dhcp_agent_scheduler [None req-23621843-5627-431c-a6b5-a626e05bc649 f36d63a445ff4f01ad7cf257c484c69d c780f3ced8d04e0c9948f8c1d08120a6 - - default default] No more DHCP agents
2026-07-01 02:05:34.353 10 WARNING neutron.api.rpc.agentnotifiers.dhcp_rpc_agent_api [None req-23621843-5627-431c-a6b5-a626e05bc649 f36d63a445ff4f01ad7cf257c484c69d c780f3ced8d04e0c9948f8c1d08120a6 - - default default] Unable to schedule network ef410efa-32bd-4fa0-8c49-c149f69ca1f1: no agents available; will retry on subsequent port and subnet creation events.
2026-07-01 02:05:34.376 9 ERROR ovsdbapp.backend.ovs_idl.command [None req-048e853a-c288-4bf9-a660-befce609003b - - - - - -] Error executing command (DbGetCommand): ovsdbapp.backend.ovs_idl.idlutils.RowNotFound: Cannot find Logical_Router_Port with name=lrp-474a3fe8-6e11-4161-9748-8218fdede57c
2026-07-01 02:05:34.376 9 ERROR ovsdbapp.backend.ovs_idl.command
Traceback (most recent call last):
2026-07-01 02:05:34.376 9 ERROR ovsdbapp.backend.ovs_idl.command
File "/var/lib/openstack/lib/python3.10/site-packages/ovsdbapp/backend/ovs_idl/command.py", line 47, in execute
2026-07-01 02:05:34.376 9 ERROR ovsdbapp.backend.ovs_idl.command self.run_idl(None)
2026-07-01 02:05:34.376 9 ERROR ovsdbapp.backend.ovs_idl.command
File "/var/lib/openstack/lib/python3.10/site-packages/ovsdbapp/backend/ovs_idl/command.py", line 235, in run_idl
2026-07-01 02:05:34.376 9 ERROR ovsdbapp.backend.ovs_idl.command record = self.api.lookup(self.table, self.record)
2026-07-01 02:05:34.376 9 ERROR ovsdbapp.backend.ovs_idl.command
File "/var/lib/openstack/lib/python3.10/site-packages/ovsdbapp/backend/ovs_idl/__init__.py", line 184, in lookup
2026-07-01 02:05:34.376 9 ERROR ovsdbapp.backend.ovs_idl.command return self._lookup(table, record)
2026-07-01 02:05:34.376 9 ERROR ovsdbapp.backend.ovs_idl.command
File "/var/lib/openstack/lib/python3.10/site-packages/ovsdbapp/backend/ovs_idl/__init__.py", line 235, in _lookup
2026-07-01 02:05:34.376 9 ERROR ovsdbapp.backend.ovs_idl.command row = idlutils.row_by_value(self, rl.table, rl.column, record)
2026-07-01 02:05:34.376 9 ERROR ovsdbapp.backend.ovs_idl.command
File "/var/lib/openstack/lib/python3.10/site-packages/ovsdbapp/backend/ovs_idl/idlutils.py", line 114, in row_by_value
2026-07-01 02:05:34.376 9 ERROR ovsdbapp.backend.ovs_idl.command raise RowNotFound(table=table, col=column, match=match)
2026-07-01 02:05:34.376 9 ERROR ovsdbapp.backend.ovs_idl.command ovsdbapp.backend.ovs_idl.idlutils.RowNotFound: Cannot find Logical_Router_Port with name=lrp-474a3fe8-6e11-4161-9748-8218fdede57c
2026-07-01 02:05:34.376 9 ERROR ovsdbapp.backend.ovs_idl.command 
2026-07-01 02:05:34.376 9 ERROR neutron_lib.callbacks.manager [None req-048e853a-c288-4bf9-a660-befce609003b - - - - - -] Error during notification for neutron.services.ovn_l3.plugin.OVNL3RouterPlugin._port_update-8753434905318 port, after_update: ovsdbapp.backend.ovs_idl.idlutils.RowNotFound: Cannot find Logical_Router_Port with name=lrp-474a3fe8-6e11-4161-9748-8218fdede57c
2026-07-01 02:05:34.376 9 ERROR neutron_lib.callbacks.manager
Traceback (most recent call last):
2026-07-01 02:05:34.376 9 ERROR neutron_lib.callbacks.manager
File "/var/lib/openstack/lib/python3.10/site-packages/neutron_lib/callbacks/manager.py", line 189, in _notify_loop
2026-07-01 02:05:34.376 9 ERROR neutron_lib.callbacks.manager callback.method(resource, event, trigger, payload=payload)
2026-07-01 02:05:34.376 9 ERROR neutron_lib.callbacks.manager
File "/var/lib/openstack/lib/python3.10/site-packages/neutron/services/ovn_l3/plugin.py", line 391, in _port_update
2026-07-01 02:05:34.376 9 ERROR neutron_lib.callbacks.manager l3plugin._ovn_client.update_router_port(context,
2026-07-01 02:05:34.376 9 ERROR neutron_lib.callbacks.manager
File "/var/lib/openstack/lib/python3.10/site-packages/neutron/plugins/ml2/drivers/ovn/mech_driver/ovsdb/ovn_client.py", line 1878, in update_router_port
2026-07-01 02:05:34.376 9 ERROR neutron_lib.callbacks.manager self._update_lrouter_port(context, port, if_exists=if_exists,
2026-07-01 02:05:34.376 9 ERROR neutron_lib.callbacks.manager
File "/var/lib/openstack/lib/python3.10/site-packages/neutron/plugins/ml2/drivers/ovn/mech_driver/ovsdb/ovn_client.py", line 1855, in _update_lrouter_port
2026-07-01 02:05:34.376 9 ERROR neutron_lib.callbacks.manager external_ids = self._nb_idl.db_get(
2026-07-01 02:05:34.376 9 ERROR neutron_lib.callbacks.manager
File "/var/lib/openstack/lib/python3.10/site-packages/ovsdbapp/backend/ovs_idl/command.py", line 47, in execute
2026-07-01 02:05:34.376 9 ERROR neutron_lib.callbacks.manager self.run_idl(None)
2026-07-01 02:05:34.376 9 ERROR neutron_lib.callbacks.manager
File "/var/lib/openstack/lib/python3.10/site-packages/ovsdbapp/backend/ovs_idl/command.py", line 235, in run_idl
2026-07-01 02:05:34.376 9 ERROR neutron_lib.callbacks.manager record = self.api.lookup(self.table, self.record)
2026-07-01 02:05:34.376 9 ERROR neutron_lib.callbacks.manager
File "/var/lib/openstack/lib/python3.10/site-packages/ovsdbapp/backend/ovs_idl/__init__.py", line 184, in lookup
2026-07-01 02:05:34.376 9 ERROR neutron_lib.callbacks.manager return self._lookup(table, record)
2026-07-01 02:05:34.376 9 ERROR neutron_lib.callbacks.manager
File "/var/lib/openstack/lib/python3.10/site-packages/ovsdbapp/backend/ovs_idl/__init__.py", line 235, in _lookup
2026-07-01 02:05:34.376 9 ERROR neutron_lib.callbacks.manager row = idlutils.row_by_value(self, rl.table, rl.column, record)
2026-07-01 02:05:34.376 9 ERROR neutron_lib.callbacks.manager
File "/var/lib/openstack/lib/python3.10/site-packages/ovsdbapp/backend/ovs_idl/idlutils.py", line 114, in row_by_value
2026-07-01 02:05:34.376 9 ERROR neutron_lib.callbacks.manager raise RowNotFound(table=table, col=column, match=match)
2026-07-01 02:05:34.376 9 ERROR neutron_lib.callbacks.manager ovsdbapp.backend.ovs_idl.idlutils.RowNotFound: Cannot find Logical_Router_Port with name=lrp-474a3fe8-6e11-4161-9748-8218fdede57c
2026-07-01 02:05:34.376 9 ERROR neutron_lib.callbacks.manager 
2026-07-01 02:05:34.434 9 INFO neutron.wsgi [None req-fe61d451-3f4e-4f1c-a761-345cd7f876f1 2c64b189708747a6a66a9cddc2239314 66b1c57201924b0f990949643733577e - - default default] 10.0.0.206 "PUT /v2.0/floatingips/94ee0ccb-d20a-49f1-93fc-ed3fca13c54d/tags HTTP/1.1" status: 200 len: 218 time: 0.0710475 /var/lib/openstack/lib/python3.10/site-packages/pycadf/identifier.py:71: UserWarning: Invalid uuid: neutron. To ensure interoperability, identifiers should be a valid uuid. warnings.warn(('Invalid uuid: %s. To ensure interoperability, '
2026-07-01 02:05:34.486 9 INFO neutron.wsgi [req-0c10938e-3a6d-4b54-a61b-cdf043fa287a req-df04e7d2-8e71-4160-a176-e35a1c777e4a a0ef4202a6a14996b26f9a476435dc5e a4e01b7560224fa0ab439d92bc4c3208 - - default default] 199.204.45.235 "GET /v2.0/ports?device_id=211072e3-3265-456b-aff4-2b81c17ddd6c HTTP/1.1" status: 200 len: 1174 time: 0.0798392
2026-07-01 02:05:34.526 9 INFO neutron.wsgi [None req-4f09a145-8db3-4dca-a07b-abd7dc267ba7 2c64b189708747a6a66a9cddc2239314 66b1c57201924b0f990949643733577e - - default default] 10.0.0.206 "PUT /v2.0/floatingips/8245f004-3768-4324-a09d-c52507857c0c/tags HTTP/1.1" status: 200 len: 227 time: 0.0838766
2026-07-01 02:05:34.563 10 INFO neutron.wsgi [None req-214bebef-a7e6-40da-8708-611fab7b13cc 983592d47736485292fb6a03e57b87ae e187e22e8ee143f79a5fcaaf3ee07dc1 - - default default] 10.0.0.90 "GET /v2.0/security-groups HTTP/1.1" status: 200 len: 23382 time: 0.2723508
2026-07-01 02:05:34.679 10 INFO neutron.wsgi [None req-9e143722-348b-423d-ba63-6be1c7aba6a5 2c64b189708747a6a66a9cddc2239314 66b1c57201924b0f990949643733577e - - default default] 10.0.0.206 "PUT /v2.0/floatingips/eb9a39b9-53c8-467a-bfcc-b0fd1e7d97c1/tags HTTP/1.1" status: 200 len: 212 time: 0.1453454
2026-07-01 02:05:34.727 10 INFO neutron.wsgi [None req-c4faae2f-a667-42d2-9737-da33adc92748 983592d47736485292fb6a03e57b87ae e187e22e8ee143f79a5fcaaf3ee07dc1 - - default default] 10.0.0.90 "GET /v2.0/ports HTTP/1.1" status: 200 len: 16916 time: 0.1405029
2026-07-01 02:05:34.728 10 INFO neutron.db.ovn_revision_numbers_db [None req-23621843-5627-431c-a6b5-a626e05bc649 f36d63a445ff4f01ad7cf257c484c69d c780f3ced8d04e0c9948f8c1d08120a6 - - default default] Successfully bumped revision number for resource 474a3fe8-6e11-4161-9748-8218fdede57c (type: router_ports) to 3
2026-07-01 02:05:34.733 9 INFO neutron.wsgi [None req-ac7d1db0-8ad0-467c-86fd-10131ab4b84a 2c64b189708747a6a66a9cddc2239314 66b1c57201924b0f990949643733577e - - default default] 10.0.0.206 "GET /v2.0/floatingips?tags=red HTTP/1.1" status: 200 len: 1866 time: 0.0482945
2026-07-01 02:05:34.738 10 INFO neutron.wsgi [None req-23621843-5627-431c-a6b5-a626e05bc649 f36d63a445ff4f01ad7cf257c484c69d c780f3ced8d04e0c9948f8c1d08120a6 - - default default] 10.0.0.206 "PUT /v2.0/routers/9bfd05af-ff43-485d-9665-797a6057137a/add_router_interface HTTP/1.1" status: 200 len: 503 time: 2.2632399
2026-07-01 02:05:34.790 9 INFO neutron.wsgi [None req-b162ab39-85b5-43d9-a515-0ae0e57f1c03 2c64b189708747a6a66a9cddc2239314 66b1c57201924b0f990949643733577e - - default default] 10.0.0.206 "GET /v2.0/floatingips?tags=red%2Cblue HTTP/1.1" status: 200 len: 1323 time: 0.0510833
2026-07-01 02:05:34.840 9 INFO neutron.wsgi [None req-5ff191d7-27db-47ab-a8b8-838af9e2255c 2c64b189708747a6a66a9cddc2239314 66b1c57201924b0f990949643733577e - - default default] 10.0.0.206 "GET /v2.0/floatingips?tags-any=blue HTTP/1.1" status: 200 len: 1323 time: 0.0457325
2026-07-01 02:05:34.897 9 INFO neutron.wsgi [None req-adf4db34-b2d7-4fd6-885c-fd7fa9bdcc02 2c64b189708747a6a66a9cddc2239314 66b1c57201924b0f990949643733577e - - default default] 10.0.0.206 "GET /v2.0/floatingips?tags-any=red%2Cblue HTTP/1.1" status: 200 len: 1866 time: 0.0522332
2026-07-01 02:05:34.904 10 INFO neutron.wsgi [None req-f81c3ff4-dd59-4798-b22c-e208a863b753 983592d47736485292fb6a03e57b87ae e187e22e8ee143f79a5fcaaf3ee07dc1 - - default default] 10.0.0.90 "GET /v2.0/networks HTTP/1.1" status: 200 len: 3849 time: 0.1647718
2026-07-01 02:05:34.961 10 INFO neutron.wsgi [None req-548e18d8-10ec-4122-9d4e-2c69d8cbbb38 983592d47736485292fb6a03e57b87ae e187e22e8ee143f79a5fcaaf3ee07dc1 - - default default] 10.0.0.90 "GET /v2.0/agents HTTP/1.1" status: 200 len: 1390 time: 0.0522335
2026-07-01 02:05:34.966 10 INFO neutron.wsgi [None req-e0d668cf-e37b-4699-ab77-15ac75350a08 f36d63a445ff4f01ad7cf257c484c69d c780f3ced8d04e0c9948f8c1d08120a6 - - default default] 10.0.0.206 "GET /v2.0/ports/474a3fe8-6e11-4161-9748-8218fdede57c HTTP/1.1" status: 200 len: 1205 time: 0.2193890
2026-07-01 02:05:34.967 10 INFO neutron.db.ovn_revision_numbers_db [None req-73ebf767-1868-48ed-b5e0-2cc563547756 - - - - - -] Successfully bumped revision number for resource 25d3be0d-2a39-41df-9072-fc4b54351380 (type: ports) to 5
2026-07-01 02:05:35.169 10 INFO neutron.wsgi [None req-f5bd0217-f018-4c69-9cd0-87f580bb56b3 983592d47736485292fb6a03e57b87ae e187e22e8ee143f79a5fcaaf3ee07dc1 - - default default] 10.0.0.90 "GET /v2.0/routers HTTP/1.1" status: 200 len: 1762 time: 0.2027338 /var/lib/openstack/lib/python3.10/site-packages/pycadf/identifier.py:71: UserWarning: Invalid uuid: neutron. To ensure interoperability, identifiers should be a valid uuid. warnings.warn(('Invalid uuid: %s. To ensure interoperability, '
2026-07-01 02:05:35.189 9 INFO neutron.wsgi [None req-7b948eec-dd2a-48b1-a378-ee95d0059d19 2c64b189708747a6a66a9cddc2239314 66b1c57201924b0f990949643733577e - - default default] 10.0.0.206 "GET /v2.0/floatingips?not-tags=red HTTP/1.1" status: 200 len: 1295 time: 0.2855926
2026-07-01 02:05:35.201 10 INFO neutron.wsgi [None req-df0f41e4-fddb-45d1-94ac-57b92b6d0c2f 983592d47736485292fb6a03e57b87ae e187e22e8ee143f79a5fcaaf3ee07dc1 - - default default] 10.0.0.90 "GET /v2.0/agents?binary=ovn-controller HTTP/1.1" status: 200 len: 591 time: 0.0270543 /var/lib/openstack/lib/python3.10/site-packages/pycadf/identifier.py:71: UserWarning: Invalid uuid: neutron. To ensure interoperability, identifiers should be a valid uuid. warnings.warn(('Invalid uuid: %s. To ensure interoperability, '
2026-07-01 02:05:35.248 9 INFO neutron.wsgi [None req-58b2c643-7acd-43c8-9818-a52e126f3d39 2c64b189708747a6a66a9cddc2239314 66b1c57201924b0f990949643733577e - - default default] 10.0.0.206 "GET /v2.0/floatingips?not-tags=red%2Cblue HTTP/1.1" status: 200 len: 1838 time: 0.0501256
2026-07-01 02:05:35.297 9 INFO neutron.wsgi [None req-53bb1684-b34f-4cfd-a66f-8b983ebb4b14 2c64b189708747a6a66a9cddc2239314 66b1c57201924b0f990949643733577e - - default default] 10.0.0.206 "GET /v2.0/floatingips?not-tags-any=blue HTTP/1.1" status: 200 len: 1838 time: 0.0439956
2026-07-01 02:05:35.339 9 INFO neutron.wsgi [None req-7356c2b2-7593-4f2c-aaf4-1cfd6c6067e9 2c64b189708747a6a66a9cddc2239314 66b1c57201924b0f990949643733577e - - default default] 10.0.0.206 "GET /v2.0/floatingips?not-tags-any=red%2Cblue HTTP/1.1" status: 200 len: 1295 time: 0.0345640
2026-07-01 02:05:35.349 9 INFO neutron.wsgi [req-0c10938e-3a6d-4b54-a61b-cdf043fa287a req-bfbc2428-4eab-43ff-9a2d-b0d633fd3404 a0ef4202a6a14996b26f9a476435dc5e a4e01b7560224fa0ab439d92bc4c3208 - - default default] 199.204.45.235 "DELETE /v2.0/ports/25d3be0d-2a39-41df-9072-fc4b54351380 HTTP/1.1" status: 204 len: 173 time: 0.8593018
2026-07-01 02:05:35.378 9 INFO neutron.wsgi [req-ac3c8f05-299f-46d1-bc37-18b8d633ef4b req-23f432ad-ed02-4996-ae50-b8640958e113 a0ef4202a6a14996b26f9a476435dc5e a4e01b7560224fa0ab439d92bc4c3208 - - default default] 10.0.0.89 "GET /v2.0/ports?device_id=211072e3-3265-456b-aff4-2b81c17ddd6c HTTP/1.1" status: 200 len: 210 time: 0.0420971
2026-07-01 02:05:35.391 9 INFO neutron.notifiers.nova [-] Nova event matching ['req-7fbd068c-bd8d-4b64-a171-d0de80d7198a'] response: {'server_uuid': '211072e3-3265-456b-aff4-2b81c17ddd6c', 'name': 'network-vif-deleted', 'tag': '25d3be0d-2a39-41df-9072-fc4b54351380', 'status': 'completed', 'code': 200}
2026-07-01 02:05:35.500 10 INFO neutron.wsgi [None req-15f2539f-ae6d-40b1-ab11-cdd780267363 983592d47736485292fb6a03e57b87ae e187e22e8ee143f79a5fcaaf3ee07dc1 - - default default] 10.0.0.90 "GET /v2.0/network-ip-availabilities HTTP/1.1" status: 200 len: 2163 time: 0.2870133
2026-07-01 02:05:35.572 10 INFO neutron.wsgi [None req-932f650c-da45-4d1e-a42c-e9b90e3bd134 983592d47736485292fb6a03e57b87ae e187e22e8ee143f79a5fcaaf3ee07dc1 - - default default] 10.0.0.90 "GET /v2.0/floatingips HTTP/1.1" status: 200 len: 2930 time: 0.0690007 /var/lib/openstack/lib/python3.10/site-packages/pycadf/identifier.py:71: UserWarning: Invalid uuid: neutron. To ensure interoperability, identifiers should be a valid uuid. warnings.warn(('Invalid uuid: %s. To ensure interoperability, '
2026-07-01 02:05:35.631 10 INFO neutron.wsgi [None req-4cf201b2-2371-46ef-9cab-5efdd67c2e8b 983592d47736485292fb6a03e57b87ae e187e22e8ee143f79a5fcaaf3ee07dc1 - - default default] 10.0.0.90 "GET /v2.0/subnets HTTP/1.1" status: 200 len: 2701 time: 0.0553889
2026-07-01 02:05:35.688 10 INFO neutron.wsgi [None req-d3cd0b8a-3f7c-42a3-b44e-0512d0f6f990 983592d47736485292fb6a03e57b87ae e187e22e8ee143f79a5fcaaf3ee07dc1 - - default default] 10.0.0.90 "GET /v2.0/subnets HTTP/1.1" status: 200 len: 2701 time: 0.0546522
2026-07-01 02:05:35.702 10 INFO neutron.wsgi [None req-00b0aabf-9520-4027-9707-04dc5af9883f 983592d47736485292fb6a03e57b87ae e187e22e8ee143f79a5fcaaf3ee07dc1 - - default default] 10.0.0.90 "GET /v2.0/subnetpools HTTP/1.1" status: 200 len: 193 time: 0.0126843
2026-07-01 02:05:35.742 9 INFO neutron.wsgi [None req-c57eba32-742c-4dec-8c8e-78576ca13905 2c64b189708747a6a66a9cddc2239314 66b1c57201924b0f990949643733577e - - default default] 10.0.0.206 "DELETE /v2.0/floatingips/29fbce5f-0e7f-451c-8028-cb766dad05b2 HTTP/1.1" status: 204 len: 168 time: 0.3881779
2026-07-01 02:05:36.053 9 INFO neutron.wsgi [None req-9d49c98a-d31f-45f5-8ee1-ca565371c62f 2c64b189708747a6a66a9cddc2239314 66b1c57201924b0f990949643733577e - - default default] 10.0.0.206 "DELETE /v2.0/floatingips/94ee0ccb-d20a-49f1-93fc-ed3fca13c54d HTTP/1.1" status: 204 len: 168 time: 0.3066924
2026-07-01 02:05:36.179 10 INFO neutron.wsgi [None req-1d16cb3f-4b9d-4803-874f-0ac38ce23a77 f36d63a445ff4f01ad7cf257c484c69d c780f3ced8d04e0c9948f8c1d08120a6 - - default default] 10.0.0.206 "PUT /v2.0/routers/9bfd05af-ff43-485d-9665-797a6057137a/remove_router_interface HTTP/1.1" status: 200 len: 503 time: 1.2059207 /var/lib/openstack/lib/python3.10/site-packages/pycadf/identifier.py:71: UserWarning: Invalid uuid: neutron. To ensure interoperability, identifiers should be a valid uuid. warnings.warn(('Invalid uuid: %s. To ensure interoperability, '
2026-07-01 02:05:36.271 10 INFO neutron.api.v2.resource [None req-dd591b40-af08-4c87-a17b-5e3e5b847488 f36d63a445ff4f01ad7cf257c484c69d c780f3ced8d04e0c9948f8c1d08120a6 - - default default] remove_router_interface failed (client error): The resource could not be found.
2026-07-01 02:05:36.272 10 INFO neutron.wsgi [None req-dd591b40-af08-4c87-a17b-5e3e5b847488 f36d63a445ff4f01ad7cf257c484c69d c780f3ced8d04e0c9948f8c1d08120a6 - - default default] 10.0.0.206 "PUT /v2.0/routers/9bfd05af-ff43-485d-9665-797a6057137a/remove_router_interface HTTP/1.1" status: 404 len: 398 time: 0.0879288
2026-07-01 02:05:36.311 10 INFO neutron.wsgi [None req-fa92c807-02e5-45b7-98d1-23ae790fdc70 f36d63a445ff4f01ad7cf257c484c69d c780f3ced8d04e0c9948f8c1d08120a6 - - default default] 10.0.0.206 "GET /v2.0/ports?device_id=9bfd05af-ff43-485d-9665-797a6057137a HTTP/1.1" status: 200 len: 205 time: 0.0322640
2026-07-01 02:05:36.334 10 INFO neutron.notifiers.nova [-] Nova event matching ['req-07b28950-c23e-4cc0-98b9-63cfb491ee42'] response: {'server_uuid': '211072e3-3265-456b-aff4-2b81c17ddd6c', 'name': 'network-vif-unplugged', 'status': 'completed', 'tag': '25d3be0d-2a39-41df-9072-fc4b54351380', 'code': 200}
2026-07-01 02:05:36.335 10 INFO neutron.notifiers.nova [-] Nova event matching ['req-07b28950-c23e-4cc0-98b9-63cfb491ee42'] response: {'server_uuid': '211072e3-3265-456b-aff4-2b81c17ddd6c', 'name': 'network-vif-unplugged', 'status': 'completed', 'tag': '25d3be0d-2a39-41df-9072-fc4b54351380', 'code': 200}
2026-07-01 02:05:36.592 9 INFO neutron.wsgi [None req-2f2a37ff-e31e-4e1a-9353-9bfeae9b0352 f36d63a445ff4f01ad7cf257c484c69d c780f3ced8d04e0c9948f8c1d08120a6 - - default default] 10.0.0.206 "DELETE /v2.0/routers/9bfd05af-ff43-485d-9665-797a6057137a HTTP/1.1" status: 204 len: 168 time: 0.2752590
2026-07-01 02:05:36.597 9 INFO neutron.wsgi [None req-abd9f5af-f18a-4213-bc71-105ed47d7c54 2c64b189708747a6a66a9cddc2239314 66b1c57201924b0f990949643733577e - - default default] 10.0.0.206 "DELETE /v2.0/floatingips/8245f004-3768-4324-a09d-c52507857c0c HTTP/1.1" status: 204 len: 168 time: 0.5379293
2026-07-01 02:05:36.786 10 INFO neutron.wsgi [None req-e5b920ee-5a39-4744-be0d-1ac66de886e2 f36d63a445ff4f01ad7cf257c484c69d c780f3ced8d04e0c9948f8c1d08120a6 - - default default] 10.0.0.206 "DELETE /v2.0/subnets/b2c443d1-161e-4ed3-835b-ddd7a5b72d44 HTTP/1.1" status: 204 len: 168 time: 0.1890125
2026-07-01 02:05:36.949 9 INFO neutron.wsgi [None req-d18b8e26-92a3-4aa6-b82e-b0d90fd14ef8 2c64b189708747a6a66a9cddc2239314 66b1c57201924b0f990949643733577e - - default default] 10.0.0.206 "DELETE /v2.0/floatingips/eb9a39b9-53c8-467a-bfcc-b0fd1e7d97c1 HTTP/1.1" status: 204 len: 168 time: 0.3500800
2026-07-01 02:05:37.065 10 INFO neutron.wsgi [-] 10.0.0.245 "GET / HTTP/1.1" status: 200 len: 247 time: 0.0013459
2026-07-01 02:05:37.067 10 INFO neutron.wsgi [-] 10.0.0.245 "GET / HTTP/1.1" status: 200 len: 247 time: 0.0008957
2026-07-01 02:05:37.149 10 INFO neutron.services.segments.plugin [-] Segment ca86de04-2930-496d-8497-33a1a9773f5f resource provider aggregate not found
2026-07-01 02:05:37.153 10 INFO neutron.services.segments.plugin [-] Segment ca86de04-2930-496d-8497-33a1a9773f5f resource provider aggregate not found
2026-07-01 02:05:37.167 10 INFO neutron.services.segments.plugin [-] Segment ca86de04-2930-496d-8497-33a1a9773f5f resource provider not found; error: Placement Client Error (4xx): {"errors": [{"status": 404, "title": "Not Found", "detail": "The resource could not be found.\n\n No resource provider with uuid ca86de04-2930-496d-8497-33a1a9773f5f found for delete ", "request_id": "req-e0905659-3100-4813-aafe-65219c03ccf1"}]}
2026-07-01 02:05:37.168 10 INFO neutron.services.segments.plugin [-] Segment ca86de04-2930-496d-8497-33a1a9773f5f resource provider not found; error: Placement Client Error (4xx): {"errors": [{"status": 404, "title": "Not Found", "detail": "The resource could not be found.\n\n No resource provider with uuid ca86de04-2930-496d-8497-33a1a9773f5f found for delete ", "request_id": "req-6af5cc22-2b20-4729-a615-1aef56623b00"}]}
2026-07-01 02:05:37.187 10 INFO neutron.wsgi [None req-bb5af76c-9882-4d66-b085-cd1095362e97 f36d63a445ff4f01ad7cf257c484c69d c780f3ced8d04e0c9948f8c1d08120a6 - - default default] 10.0.0.206 "DELETE /v2.0/networks/ef410efa-32bd-4fa0-8c49-c149f69ca1f1 HTTP/1.1" status: 204 len: 168 time: 0.3982220
2026-07-01 02:05:37.199 9 WARNING neutron_lib.context [None req-af1fee37-73df-4cd6-8105-f22406d9be66 f36d63a445ff4f01ad7cf257c484c69d c780f3ced8d04e0c9948f8c1d08120a6 - - default default] Method 'is_advsvc' is deprecated since 2023.2 release (neutron-lib 3.8.0) and will be removed once support for the old RBAC API policies will be removed from Neutron. Please use method 'is_service_role' instead.
2026-07-01 02:05:37.310 9 INFO neutron.db.segments_db [None req-af1fee37-73df-4cd6-8105-f22406d9be66 f36d63a445ff4f01ad7cf257c484c69d c780f3ced8d04e0c9948f8c1d08120a6 - - default default] Added segment 3947c77b-825e-4575-be58-13d4cea10faf of type geneve for network c757e892-ee45-48bc-b423-9cbbebcddc3b
2026-07-01 02:05:37.339 9 INFO neutron.wsgi [None req-54fff925-5d48-468f-bdf2-e79695476684 2c64b189708747a6a66a9cddc2239314 66b1c57201924b0f990949643733577e - - default default] 10.0.0.206 "DELETE /v2.0/floatingips/712ff4a5-9034-4665-b99c-1045b8daa81e HTTP/1.1" status: 204 len: 168 time: 0.3857706
2026-07-01 02:05:37.385 10 INFO neutron.db.ovn_revision_numbers_db [None req-42f14dbb-5a45-45e0-bce3-ef973dc86d1c 27901177d15d4751846d46ff1fd08b9e 15169f4af00b44c6919aded6a3b12d0d - - default default] Successfully bumped revision number for resource 0c856377-309d-479b-bd43-63e3d1db202e (type: security_groups) to 1
2026-07-01 02:05:37.403 10 INFO neutron.db.ovn_revision_numbers_db [None req-42f14dbb-5a45-45e0-bce3-ef973dc86d1c 27901177d15d4751846d46ff1fd08b9e 15169f4af00b44c6919aded6a3b12d0d - - default default] Successfully bumped revision number for resource 1705de22-cad1-4912-9606-b7c7ca7d4d67 (type: security_group_rules) to 0
2026-07-01 02:05:37.416 10 INFO neutron.db.ovn_revision_numbers_db [None req-42f14dbb-5a45-45e0-bce3-ef973dc86d1c 27901177d15d4751846d46ff1fd08b9e 15169f4af00b44c6919aded6a3b12d0d - - default default] Successfully bumped revision number for resource 27203a43-6f21-4683-af3a-b50200b3c14f (type: security_group_rules) to 0
2026-07-01 02:05:37.434 10 INFO neutron.db.ovn_revision_numbers_db [None req-42f14dbb-5a45-45e0-bce3-ef973dc86d1c 27901177d15d4751846d46ff1fd08b9e 15169f4af00b44c6919aded6a3b12d0d - - default default] Successfully bumped revision number for resource 72083916-6e04-4168-a82a-218adec12db7 (type: security_group_rules) to 0
2026-07-01 02:05:37.461 10 INFO neutron.db.ovn_revision_numbers_db [None req-42f14dbb-5a45-45e0-bce3-ef973dc86d1c 27901177d15d4751846d46ff1fd08b9e 15169f4af00b44c6919aded6a3b12d0d - - default default] Successfully bumped revision number for resource f86b79e9-f14b-4642-aae3-fd9270721c36 (type: security_group_rules) to 0
2026-07-01 02:05:37.473 9 INFO neutron.db.ovn_revision_numbers_db [None req-af1fee37-73df-4cd6-8105-f22406d9be66 f36d63a445ff4f01ad7cf257c484c69d c780f3ced8d04e0c9948f8c1d08120a6 - - default default] Successfully bumped revision number for resource c757e892-ee45-48bc-b423-9cbbebcddc3b (type: networks) to 1
2026-07-01 02:05:37.514 10 INFO neutron.db.segments_db [None req-42f14dbb-5a45-45e0-bce3-ef973dc86d1c 27901177d15d4751846d46ff1fd08b9e 15169f4af00b44c6919aded6a3b12d0d - - default default] Added segment c1fefbd2-228b-4e66-a7ba-ecaa2a1514e2 of type geneve for network 64963edc-085a-4fec-a586-d9334be26678
2026-07-01 02:05:37.657 10 INFO neutron.db.ovn_revision_numbers_db [None req-42f14dbb-5a45-45e0-bce3-ef973dc86d1c 27901177d15d4751846d46ff1fd08b9e 15169f4af00b44c6919aded6a3b12d0d - - default default] Successfully bumped revision number for resource 64963edc-085a-4fec-a586-d9334be26678 (type: networks) to 1
2026-07-01 02:05:37.699 9 WARNING neutron.scheduler.dhcp_agent_scheduler [None req-af1fee37-73df-4cd6-8105-f22406d9be66 f36d63a445ff4f01ad7cf257c484c69d c780f3ced8d04e0c9948f8c1d08120a6 - - default default] No more DHCP agents
2026-07-01 02:05:37.702 9 WARNING neutron.api.rpc.agentnotifiers.dhcp_rpc_agent_api [None req-af1fee37-73df-4cd6-8105-f22406d9be66 f36d63a445ff4f01ad7cf257c484c69d c780f3ced8d04e0c9948f8c1d08120a6 - - default default] Unable to schedule network c757e892-ee45-48bc-b423-9cbbebcddc3b: no agents available; will retry on subsequent port and subnet creation events.
2026-07-01 02:05:37.824 9 INFO neutron.db.ovn_revision_numbers_db [None req-af1fee37-73df-4cd6-8105-f22406d9be66 f36d63a445ff4f01ad7cf257c484c69d c780f3ced8d04e0c9948f8c1d08120a6 - - default default] Successfully bumped revision number for resource e08c06d5-34a8-452b-a907-3ad5e6e32a78 (type: ports) to 1
2026-07-01 02:05:37.857 9 INFO neutron.wsgi [None req-af1fee37-73df-4cd6-8105-f22406d9be66 f36d63a445ff4f01ad7cf257c484c69d c780f3ced8d04e0c9948f8c1d08120a6 - - default default] 10.0.0.206 "POST /v2.0/networks HTTP/1.1" status: 201 len: 829 time: 0.6621609
