File "/var/lib/openstack/lib/python3.10/site-packages/neutron_lib/callbacks/manager.py", line 189, in _notify_loop
2026-07-01 02:02:42.984 10 ERROR neutron_lib.callbacks.manager callback.method(resource, event, trigger, payload=payload)
2026-07-01 02:02:42.984 10 ERROR neutron_lib.callbacks.manager
File "/var/lib/openstack/lib/python3.10/site-packages/neutron/services/ovn_l3/plugin.py", line 391, in _port_update
2026-07-01 02:02:42.984 10 ERROR neutron_lib.callbacks.manager l3plugin._ovn_client.update_router_port(context,
2026-07-01 02:02:42.984 10 ERROR neutron_lib.callbacks.manager
File "/var/lib/openstack/lib/python3.10/site-packages/neutron/plugins/ml2/drivers/ovn/mech_driver/ovsdb/ovn_client.py", line 1878, in update_router_port
2026-07-01 02:02:42.984 10 ERROR neutron_lib.callbacks.manager self._update_lrouter_port(context, port, if_exists=if_exists,
2026-07-01 02:02:42.984 10 ERROR neutron_lib.callbacks.manager
File "/var/lib/openstack/lib/python3.10/site-packages/neutron/plugins/ml2/drivers/ovn/mech_driver/ovsdb/ovn_client.py", line 1855, in _update_lrouter_port
2026-07-01 02:02:42.984 10 ERROR neutron_lib.callbacks.manager external_ids = self._nb_idl.db_get(
2026-07-01 02:02:42.984 10 ERROR neutron_lib.callbacks.manager
File "/var/lib/openstack/lib/python3.10/site-packages/ovsdbapp/backend/ovs_idl/command.py", line 47, in execute
2026-07-01 02:02:42.984 10 ERROR neutron_lib.callbacks.manager self.run_idl(None)
2026-07-01 02:02:42.984 10 ERROR neutron_lib.callbacks.manager
File "/var/lib/openstack/lib/python3.10/site-packages/ovsdbapp/backend/ovs_idl/command.py", line 235, in run_idl
2026-07-01 02:02:42.984 10 ERROR neutron_lib.callbacks.manager record = self.api.lookup(self.table, self.record)
2026-07-01 02:02:42.984 10 ERROR neutron_lib.callbacks.manager
File "/var/lib/openstack/lib/python3.10/site-packages/ovsdbapp/backend/ovs_idl/__init__.py", line 184, in lookup
2026-07-01 02:02:42.984 10 ERROR neutron_lib.callbacks.manager return self._lookup(table, record)
2026-07-01 02:02:42.984 10 ERROR neutron_lib.callbacks.manager
File "/var/lib/openstack/lib/python3.10/site-packages/ovsdbapp/backend/ovs_idl/__init__.py", line 235, in _lookup
2026-07-01 02:02:42.984 10 ERROR neutron_lib.callbacks.manager row = idlutils.row_by_value(self, rl.table, rl.column, record)
2026-07-01 02:02:42.984 10 ERROR neutron_lib.callbacks.manager
File "/var/lib/openstack/lib/python3.10/site-packages/ovsdbapp/backend/ovs_idl/idlutils.py", line 114, in row_by_value
2026-07-01 02:02:42.984 10 ERROR neutron_lib.callbacks.manager raise RowNotFound(table=table, col=column, match=match)
2026-07-01 02:02:42.984 10 ERROR neutron_lib.callbacks.manager ovsdbapp.backend.ovs_idl.idlutils.RowNotFound: Cannot find Logical_Router_Port with name=lrp-6bcacbc0-4a68-4fd3-8313-694958bc73f0
2026-07-01 02:02:42.984 10 ERROR neutron_lib.callbacks.manager 
2026-07-01 02:02:43.036 10 ERROR ovsdbapp.backend.ovs_idl.command [None req-886405fe-986e-4fe7-8eb1-e4d194b9b5eb 983592d47736485292fb6a03e57b87ae e187e22e8ee143f79a5fcaaf3ee07dc1 - - default default] Error executing command (DbGetCommand): ovsdbapp.backend.ovs_idl.idlutils.RowNotFound: Cannot find Logical_Router_Port with name=lrp-86f55026-7d70-48b4-bd52-ffc6c4ca624f
2026-07-01 02:02:43.036 10 ERROR ovsdbapp.backend.ovs_idl.command
Traceback (most recent call last):
2026-07-01 02:02:43.036 10 ERROR ovsdbapp.backend.ovs_idl.command
File "/var/lib/openstack/lib/python3.10/site-packages/ovsdbapp/backend/ovs_idl/command.py", line 47, in execute
2026-07-01 02:02:43.036 10 ERROR ovsdbapp.backend.ovs_idl.command self.run_idl(None)
2026-07-01 02:02:43.036 10 ERROR ovsdbapp.backend.ovs_idl.command
File "/var/lib/openstack/lib/python3.10/site-packages/ovsdbapp/backend/ovs_idl/command.py", line 235, in run_idl
2026-07-01 02:02:43.036 10 ERROR ovsdbapp.backend.ovs_idl.command record = self.api.lookup(self.table, self.record)
2026-07-01 02:02:43.036 10 ERROR ovsdbapp.backend.ovs_idl.command
File "/var/lib/openstack/lib/python3.10/site-packages/ovsdbapp/backend/ovs_idl/__init__.py", line 184, in lookup
2026-07-01 02:02:43.036 10 ERROR ovsdbapp.backend.ovs_idl.command return self._lookup(table, record)
2026-07-01 02:02:43.036 10 ERROR ovsdbapp.backend.ovs_idl.command
File "/var/lib/openstack/lib/python3.10/site-packages/ovsdbapp/backend/ovs_idl/__init__.py", line 235, in _lookup
2026-07-01 02:02:43.036 10 ERROR ovsdbapp.backend.ovs_idl.command row = idlutils.row_by_value(self, rl.table, rl.column, record)
2026-07-01 02:02:43.036 10 ERROR ovsdbapp.backend.ovs_idl.command
File "/var/lib/openstack/lib/python3.10/site-packages/ovsdbapp/backend/ovs_idl/idlutils.py", line 114, in row_by_value
2026-07-01 02:02:43.036 10 ERROR ovsdbapp.backend.ovs_idl.command raise RowNotFound(table=table, col=column, match=match)
2026-07-01 02:02:43.036 10 ERROR ovsdbapp.backend.ovs_idl.command ovsdbapp.backend.ovs_idl.idlutils.RowNotFound: Cannot find Logical_Router_Port with name=lrp-86f55026-7d70-48b4-bd52-ffc6c4ca624f
2026-07-01 02:02:43.036 10 ERROR ovsdbapp.backend.ovs_idl.command 
2026-07-01 02:02:43.036 10 ERROR neutron_lib.callbacks.manager [None req-886405fe-986e-4fe7-8eb1-e4d194b9b5eb 983592d47736485292fb6a03e57b87ae e187e22e8ee143f79a5fcaaf3ee07dc1 - - default default] Error during notification for neutron.services.ovn_l3.plugin.OVNL3RouterPlugin._port_update-8753434905318 port, after_update: ovsdbapp.backend.ovs_idl.idlutils.RowNotFound: Cannot find Logical_Router_Port with name=lrp-86f55026-7d70-48b4-bd52-ffc6c4ca624f
2026-07-01 02:02:43.036 10 ERROR neutron_lib.callbacks.manager
Traceback (most recent call last):
2026-07-01 02:02:43.036 10 ERROR neutron_lib.callbacks.manager
File "/var/lib/openstack/lib/python3.10/site-packages/neutron_lib/callbacks/manager.py", line 189, in _notify_loop
2026-07-01 02:02:43.036 10 ERROR neutron_lib.callbacks.manager callback.method(resource, event, trigger, payload=payload)
2026-07-01 02:02:43.036 10 ERROR neutron_lib.callbacks.manager
File "/var/lib/openstack/lib/python3.10/site-packages/neutron/services/ovn_l3/plugin.py", line 391, in _port_update
2026-07-01 02:02:43.036 10 ERROR neutron_lib.callbacks.manager l3plugin._ovn_client.update_router_port(context,
2026-07-01 02:02:43.036 10 ERROR neutron_lib.callbacks.manager
File "/var/lib/openstack/lib/python3.10/site-packages/neutron/plugins/ml2/drivers/ovn/mech_driver/ovsdb/ovn_client.py", line 1878, in update_router_port
2026-07-01 02:02:43.036 10 ERROR neutron_lib.callbacks.manager self._update_lrouter_port(context, port, if_exists=if_exists,
2026-07-01 02:02:43.036 10 ERROR neutron_lib.callbacks.manager
File "/var/lib/openstack/lib/python3.10/site-packages/neutron/plugins/ml2/drivers/ovn/mech_driver/ovsdb/ovn_client.py", line 1855, in _update_lrouter_port
2026-07-01 02:02:43.036 10 ERROR neutron_lib.callbacks.manager external_ids = self._nb_idl.db_get(
2026-07-01 02:02:43.036 10 ERROR neutron_lib.callbacks.manager
File "/var/lib/openstack/lib/python3.10/site-packages/ovsdbapp/backend/ovs_idl/command.py", line 47, in execute
2026-07-01 02:02:43.036 10 ERROR neutron_lib.callbacks.manager self.run_idl(None)
2026-07-01 02:02:43.036 10 ERROR neutron_lib.callbacks.manager
File "/var/lib/openstack/lib/python3.10/site-packages/ovsdbapp/backend/ovs_idl/command.py", line 235, in run_idl
2026-07-01 02:02:43.036 10 ERROR neutron_lib.callbacks.manager record = self.api.lookup(self.table, self.record)
2026-07-01 02:02:43.036 10 ERROR neutron_lib.callbacks.manager
File "/var/lib/openstack/lib/python3.10/site-packages/ovsdbapp/backend/ovs_idl/__init__.py", line 184, in lookup
2026-07-01 02:02:43.036 10 ERROR neutron_lib.callbacks.manager return self._lookup(table, record)
2026-07-01 02:02:43.036 10 ERROR neutron_lib.callbacks.manager
File "/var/lib/openstack/lib/python3.10/site-packages/ovsdbapp/backend/ovs_idl/__init__.py", line 235, in _lookup
2026-07-01 02:02:43.036 10 ERROR neutron_lib.callbacks.manager row = idlutils.row_by_value(self, rl.table, rl.column, record)
2026-07-01 02:02:43.036 10 ERROR neutron_lib.callbacks.manager
File "/var/lib/openstack/lib/python3.10/site-packages/ovsdbapp/backend/ovs_idl/idlutils.py", line 114, in row_by_value
2026-07-01 02:02:43.036 10 ERROR neutron_lib.callbacks.manager raise RowNotFound(table=table, col=column, match=match)
2026-07-01 02:02:43.036 10 ERROR neutron_lib.callbacks.manager ovsdbapp.backend.ovs_idl.idlutils.RowNotFound: Cannot find Logical_Router_Port with name=lrp-86f55026-7d70-48b4-bd52-ffc6c4ca624f
2026-07-01 02:02:43.036 10 ERROR neutron_lib.callbacks.manager 
2026-07-01 02:02:43.234 10 WARNING neutron.scheduler.dhcp_agent_scheduler [None req-01a414e0-5990-4b8e-90c7-bc6995fcaa42 983592d47736485292fb6a03e57b87ae e187e22e8ee143f79a5fcaaf3ee07dc1 - - default default] No more DHCP agents
2026-07-01 02:02:43.234 9 INFO neutron.db.ovn_revision_numbers_db [None req-364f37ba-bb2f-495f-9f4e-65da55c08a1f - - - - - -] Successfully bumped revision number for resource e79fedd3-731e-45a2-98de-02b8218c6998 (type: router_ports) to 3
2026-07-01 02:02:43.237 10 WARNING neutron.api.rpc.agentnotifiers.dhcp_rpc_agent_api [None req-01a414e0-5990-4b8e-90c7-bc6995fcaa42 983592d47736485292fb6a03e57b87ae e187e22e8ee143f79a5fcaaf3ee07dc1 - - default default] Unable to schedule network 16d5d515-d002-4683-9f77-84151eb8dc9f: no agents available; will retry on subsequent port and subnet creation events.
2026-07-01 02:02:43.402 10 WARNING neutron_lib.context [req-7a829d9f-720e-4fa7-a120-d08fa783defd req-47e5640b-440a-4a6e-b2df-82c8083b93b6 496a4fb84c3f43d7a6506090bf46da70 59772eccfaf84583bcc98dcf27db292a - - default default] Method 'is_advsvc' is deprecated since 2023.2 release (neutron-lib 3.8.0) and will be removed once support for the old RBAC API policies will be removed from Neutron. Please use method 'is_service_role' instead.
2026-07-01 02:02:43.418 10 INFO neutron.db.ovn_revision_numbers_db [None req-a46146dd-d1e1-4e6b-8e4e-9df52b07b572 983592d47736485292fb6a03e57b87ae e187e22e8ee143f79a5fcaaf3ee07dc1 - - default default] Successfully bumped revision number for resource 6bcacbc0-4a68-4fd3-8313-694958bc73f0 (type: ports) to 1
2026-07-01 02:02:43.451 10 INFO neutron.db.ovn_revision_numbers_db [None req-886405fe-986e-4fe7-8eb1-e4d194b9b5eb 983592d47736485292fb6a03e57b87ae e187e22e8ee143f79a5fcaaf3ee07dc1 - - default default] Successfully bumped revision number for resource 86f55026-7d70-48b4-bd52-ffc6c4ca624f (type: ports) to 1
2026-07-01 02:02:43.459 9 INFO neutron.db.ovn_revision_numbers_db [None req-364f37ba-bb2f-495f-9f4e-65da55c08a1f - - - - - -] Successfully bumped revision number for resource e79fedd3-731e-45a2-98de-02b8218c6998 (type: ports) to 2
2026-07-01 02:02:43.709 10 INFO neutron.db.ovn_revision_numbers_db [None req-01a414e0-5990-4b8e-90c7-bc6995fcaa42 983592d47736485292fb6a03e57b87ae e187e22e8ee143f79a5fcaaf3ee07dc1 - - default default] Successfully bumped revision number for resource 6548d5e3-34c0-4b39-b51d-0b65d3ca4b50 (type: ports) to 1
2026-07-01 02:02:43.751 10 WARNING neutron.scheduler.dhcp_agent_scheduler [None req-a46146dd-d1e1-4e6b-8e4e-9df52b07b572 983592d47736485292fb6a03e57b87ae e187e22e8ee143f79a5fcaaf3ee07dc1 - - default default] No more DHCP agents
2026-07-01 02:02:43.755 10 WARNING neutron.api.rpc.agentnotifiers.dhcp_rpc_agent_api [None req-a46146dd-d1e1-4e6b-8e4e-9df52b07b572 983592d47736485292fb6a03e57b87ae e187e22e8ee143f79a5fcaaf3ee07dc1 - - default default] Unable to schedule network 62bf56fe-6faa-4813-9c61-9806080123bb: no agents available; will retry on subsequent port and subnet creation events.
2026-07-01 02:02:43.774 10 WARNING neutron.scheduler.dhcp_agent_scheduler [None req-886405fe-986e-4fe7-8eb1-e4d194b9b5eb 983592d47736485292fb6a03e57b87ae e187e22e8ee143f79a5fcaaf3ee07dc1 - - default default] No more DHCP agents
2026-07-01 02:02:43.784 10 WARNING neutron.api.rpc.agentnotifiers.dhcp_rpc_agent_api [None req-886405fe-986e-4fe7-8eb1-e4d194b9b5eb 983592d47736485292fb6a03e57b87ae e187e22e8ee143f79a5fcaaf3ee07dc1 - - default default] Unable to schedule network ff0dbf3a-f89e-4377-87a3-096fc6664c68: no agents available; will retry on subsequent port and subnet creation events.
2026-07-01 02:02:43.854 9 INFO neutron.db.ovn_revision_numbers_db [None req-364f37ba-bb2f-495f-9f4e-65da55c08a1f - - - - - -] Successfully bumped revision number for resource e79fedd3-731e-45a2-98de-02b8218c6998 (type: ports) to 4
2026-07-01 02:02:43.899 10 INFO neutron.db.ovn_revision_numbers_db [req-7a829d9f-720e-4fa7-a120-d08fa783defd req-47e5640b-440a-4a6e-b2df-82c8083b93b6 496a4fb84c3f43d7a6506090bf46da70 59772eccfaf84583bcc98dcf27db292a - - default default] Successfully bumped revision number for resource 2e5d85cc-af2f-4244-a83d-ebcf5aaa2e44 (type: security_groups) to 1
2026-07-01 02:02:43.936 10 INFO neutron.db.ovn_revision_numbers_db [req-7a829d9f-720e-4fa7-a120-d08fa783defd req-47e5640b-440a-4a6e-b2df-82c8083b93b6 496a4fb84c3f43d7a6506090bf46da70 59772eccfaf84583bcc98dcf27db292a - - default default] Successfully bumped revision number for resource f2525978-06b6-49e4-983e-7009cb48f3d6 (type: security_group_rules) to 0
2026-07-01 02:02:43.974 10 INFO neutron.db.ovn_revision_numbers_db [req-7a829d9f-720e-4fa7-a120-d08fa783defd req-47e5640b-440a-4a6e-b2df-82c8083b93b6 496a4fb84c3f43d7a6506090bf46da70 59772eccfaf84583bcc98dcf27db292a - - default default] Successfully bumped revision number for resource f88599ee-96d4-4ba0-aa89-60706c37cee8 (type: security_group_rules) to 0
2026-07-01 02:02:44.026 10 INFO neutron.wsgi [req-7a829d9f-720e-4fa7-a120-d08fa783defd req-47e5640b-440a-4a6e-b2df-82c8083b93b6 496a4fb84c3f43d7a6506090bf46da70 59772eccfaf84583bcc98dcf27db292a - - default default] 10.0.0.89 "POST /v2.0/security-groups HTTP/1.1" status: 201 len: 1885 time: 0.6806102
2026-07-01 02:02:44.242 9 INFO neutron.db.ovn_revision_numbers_db [None req-364f37ba-bb2f-495f-9f4e-65da55c08a1f - - - - - -] Successfully bumped revision number for resource e79fedd3-731e-45a2-98de-02b8218c6998 (type: router_ports) to 4
2026-07-01 02:02:44.271 9 INFO neutron.plugins.ml2.drivers.ovn.mech_driver.ovsdb.ovsdb_monitor [None req-364f37ba-bb2f-495f-9f4e-65da55c08a1f - - - - - -] Router 484eb3bd-f898-49cb-a6c8-95c39bc6b819 is bound to host instance
2026-07-01 02:02:44.438 9 WARNING neutron_lib.context [req-e6ac9160-866e-44ac-be76-ea32b24fe290 req-342bfd61-5e02-4ffb-aa79-b31593c713a4 496a4fb84c3f43d7a6506090bf46da70 59772eccfaf84583bcc98dcf27db292a - - default default] Method 'is_advsvc' is deprecated since 2023.2 release (neutron-lib 3.8.0) and will be removed once support for the old RBAC API policies will be removed from Neutron. Please use method 'is_service_role' instead.
2026-07-01 02:02:44.622 9 INFO neutron.db.ovn_revision_numbers_db [req-e6ac9160-866e-44ac-be76-ea32b24fe290 req-342bfd61-5e02-4ffb-aa79-b31593c713a4 496a4fb84c3f43d7a6506090bf46da70 59772eccfaf84583bcc98dcf27db292a - - default default] Successfully bumped revision number for resource ec0e6f83-cef7-4e65-995b-1f00458c3218 (type: security_groups) to 1
2026-07-01 02:02:44.640 9 INFO neutron.db.ovn_revision_numbers_db [req-e6ac9160-866e-44ac-be76-ea32b24fe290 req-342bfd61-5e02-4ffb-aa79-b31593c713a4 496a4fb84c3f43d7a6506090bf46da70 59772eccfaf84583bcc98dcf27db292a - - default default] Successfully bumped revision number for resource 3423f8cf-9d3c-4303-977d-793cce78b86e (type: security_group_rules) to 0
2026-07-01 02:02:44.661 9 INFO neutron.db.ovn_revision_numbers_db [req-e6ac9160-866e-44ac-be76-ea32b24fe290 req-342bfd61-5e02-4ffb-aa79-b31593c713a4 496a4fb84c3f43d7a6506090bf46da70 59772eccfaf84583bcc98dcf27db292a - - default default] Successfully bumped revision number for resource 884b9f07-0c10-4d1b-b3e7-c8ca0f03801e (type: security_group_rules) to 0
2026-07-01 02:02:44.695 9 INFO neutron.wsgi [req-e6ac9160-866e-44ac-be76-ea32b24fe290 req-342bfd61-5e02-4ffb-aa79-b31593c713a4 496a4fb84c3f43d7a6506090bf46da70 59772eccfaf84583bcc98dcf27db292a - - default default] 10.0.0.89 "POST /v2.0/security-groups HTTP/1.1" status: 201 len: 1884 time: 0.3028626
2026-07-01 02:02:44.731 10 WARNING neutron_lib.context [req-770cf919-4cd4-40b3-953b-4a5d37372ef3 req-7e21d898-694c-4c68-b3b0-922326da68c7 496a4fb84c3f43d7a6506090bf46da70 59772eccfaf84583bcc98dcf27db292a - - default default] Method 'is_advsvc' is deprecated since 2023.2 release (neutron-lib 3.8.0) and will be removed once support for the old RBAC API policies will be removed from Neutron. Please use method 'is_service_role' instead.
2026-07-01 02:02:44.991 9 INFO neutron.db.ovn_revision_numbers_db [None req-364f37ba-bb2f-495f-9f4e-65da55c08a1f - - - - - -] Successfully bumped revision number for resource de168ad2-be15-4c21-9ee1-a7c8f0cbe5a0 (type: ports) to 1
2026-07-01 02:02:45.107 10 INFO neutron.db.ovn_revision_numbers_db [req-770cf919-4cd4-40b3-953b-4a5d37372ef3 req-7e21d898-694c-4c68-b3b0-922326da68c7 496a4fb84c3f43d7a6506090bf46da70 59772eccfaf84583bcc98dcf27db292a - - default default] Successfully bumped revision number for resource c5855335-5289-4426-9fff-ec8569645f7a (type: security_groups) to 1
2026-07-01 02:02:45.134 10 INFO neutron.db.ovn_revision_numbers_db [req-770cf919-4cd4-40b3-953b-4a5d37372ef3 req-7e21d898-694c-4c68-b3b0-922326da68c7 496a4fb84c3f43d7a6506090bf46da70 59772eccfaf84583bcc98dcf27db292a - - default default] Successfully bumped revision number for resource 980eec22-1cb0-4b6d-be19-691df83fe529 (type: security_group_rules) to 0
2026-07-01 02:02:45.179 10 INFO neutron.db.ovn_revision_numbers_db [req-770cf919-4cd4-40b3-953b-4a5d37372ef3 req-7e21d898-694c-4c68-b3b0-922326da68c7 496a4fb84c3f43d7a6506090bf46da70 59772eccfaf84583bcc98dcf27db292a - - default default] Successfully bumped revision number for resource fe8e80fe-4630-4d11-8e38-809ca1177abd (type: security_group_rules) to 0
2026-07-01 02:02:45.357 10 INFO neutron.wsgi [req-770cf919-4cd4-40b3-953b-4a5d37372ef3 req-7e21d898-694c-4c68-b3b0-922326da68c7 496a4fb84c3f43d7a6506090bf46da70 59772eccfaf84583bcc98dcf27db292a - - default default] 10.0.0.89 "POST /v2.0/security-groups HTTP/1.1" status: 201 len: 1887 time: 0.6324444
2026-07-01 02:02:45.402 10 INFO neutron.plugins.ml2.drivers.ovn.mech_driver.ovsdb.commands [None req-409f4c86-662a-4f2d-8f0f-243cc03543ae - - - - - -] Schedule LRP lrp-6548d5e3-34c0-4b39-b51d-0b65d3ca4b50 on gateway 960cf1fb-12ea-4af4-ac5d-0e0ff2bbaa49 with priority 1
2026-07-01 02:02:45.439 10 INFO neutron.plugins.ml2.drivers.ovn.mech_driver.ovsdb.ovsdb_monitor [-] Router 6cb90695-6946-4bb0-85fd-9f9e271a11f1 is bound to host instance
2026-07-01 02:02:45.522 10 INFO neutron.db.ovn_revision_numbers_db [None req-01a414e0-5990-4b8e-90c7-bc6995fcaa42 983592d47736485292fb6a03e57b87ae e187e22e8ee143f79a5fcaaf3ee07dc1 - - default default] Successfully bumped revision number for resource 6548d5e3-34c0-4b39-b51d-0b65d3ca4b50 (type: router_ports) to 1
2026-07-01 02:02:45.549 9 INFO neutron.plugins.ml2.drivers.ovn.mech_driver.mech_driver [None req-048e853a-c288-4bf9-a660-befce609003b - - - - - -] OVN reports status up for port: 6548d5e3-34c0-4b39-b51d-0b65d3ca4b50
2026-07-01 02:02:45.578 10 INFO neutron.plugins.ml2.drivers.ovn.mech_driver.mech_driver [None req-73ebf767-1868-48ed-b5e0-2cc563547756 - - - - - -] OVN reports status up for port: 2b18f7ad-2bff-427f-b9c6-c903503024ae
2026-07-01 02:02:45.586 9 INFO neutron.plugins.ml2.plugin [None req-048e853a-c288-4bf9-a660-befce609003b - - - - - -] Attempt 1 to provision port 6548d5e3-34c0-4b39-b51d-0b65d3ca4b50
2026-07-01 02:02:45.604 9 INFO neutron.db.ovn_revision_numbers_db [None req-364f37ba-bb2f-495f-9f4e-65da55c08a1f - - - - - -] Successfully bumped revision number for resource de168ad2-be15-4c21-9ee1-a7c8f0cbe5a0 (type: router_ports) to 3
2026-07-01 02:02:45.611 9 INFO neutron.wsgi [req-5d27b28b-1bb2-496e-9a9c-4c733c979062 req-337683e7-e7ae-46c0-99db-49f28e875a75 496a4fb84c3f43d7a6506090bf46da70 59772eccfaf84583bcc98dcf27db292a - - default default] 10.0.0.89 "GET /v2.0/security-groups?tenant_id=59772eccfaf84583bcc98dcf27db292a HTTP/1.1" status: 200 len: 8102 time: 0.2291851
2026-07-01 02:02:45.644 10 INFO neutron.plugins.ml2.plugin [None req-73ebf767-1868-48ed-b5e0-2cc563547756 - - - - - -] Attempt 1 to provision port 2b18f7ad-2bff-427f-b9c6-c903503024ae
2026-07-01 02:02:45.677 9 INFO neutron.wsgi [req-5d27b28b-1bb2-496e-9a9c-4c733c979062 req-dde810fd-464b-4f6a-b4d6-09e4e056dcbf 496a4fb84c3f43d7a6506090bf46da70 59772eccfaf84583bcc98dcf27db292a - - default default] 10.0.0.89 "GET /v2.0/security-groups/2e130d60-ff5d-4734-b034-ae10474970b7 HTTP/1.1" status: 200 len: 3118 time: 0.0566258
2026-07-01 02:02:45.716 10 INFO neutron.db.ovn_revision_numbers_db [None req-a46146dd-d1e1-4e6b-8e4e-9df52b07b572 983592d47736485292fb6a03e57b87ae e187e22e8ee143f79a5fcaaf3ee07dc1 - - default default] Successfully bumped revision number for resource 6bcacbc0-4a68-4fd3-8313-694958bc73f0 (type: router_ports) to 1
2026-07-01 02:02:45.730 10 INFO neutron.wsgi [None req-a46146dd-d1e1-4e6b-8e4e-9df52b07b572 983592d47736485292fb6a03e57b87ae e187e22e8ee143f79a5fcaaf3ee07dc1 - - default default] 10.0.0.206 "PUT /v2.0/routers/1c05c981-a6bc-43d2-a5d1-aa6ee0fd25a8/add_router_interface HTTP/1.1" status: 200 len: 503 time: 5.3870378
2026-07-01 02:02:45.733 10 INFO neutron.db.ovn_revision_numbers_db [None req-01a414e0-5990-4b8e-90c7-bc6995fcaa42 983592d47736485292fb6a03e57b87ae e187e22e8ee143f79a5fcaaf3ee07dc1 - - default default] Successfully bumped revision number for resource 6cb90695-6946-4bb0-85fd-9f9e271a11f1 (type: routers) to 2
2026-07-01 02:02:45.748 9 INFO neutron.wsgi [req-5d27b28b-1bb2-496e-9a9c-4c733c979062 req-398b1f04-c41c-4cb5-a01f-1b7c3fdf8b8f 496a4fb84c3f43d7a6506090bf46da70 59772eccfaf84583bcc98dcf27db292a - - default default] 10.0.0.89 "GET /v2.0/security-groups/2e130d60-ff5d-4734-b034-ae10474970b7 HTTP/1.1" status: 200 len: 3118 time: 0.0568068
2026-07-01 02:02:45.784 10 INFO neutron.wsgi [None req-01a414e0-5990-4b8e-90c7-bc6995fcaa42 983592d47736485292fb6a03e57b87ae e187e22e8ee143f79a5fcaaf3ee07dc1 - - default default] 10.0.0.206 "POST /v2.0/routers HTTP/1.1" status: 201 len: 1172 time: 3.6761360
2026-07-01 02:02:45.857 10 INFO neutron.wsgi [req-9fd755cf-91ec-4323-af58-51c97db4a16b req-abbfeea5-1d4c-496e-9294-9ced3b702780 496a4fb84c3f43d7a6506090bf46da70 59772eccfaf84583bcc98dcf27db292a - - default default] 10.0.0.89 "GET /v2.0/security-groups/2e5d85cc-af2f-4244-a83d-ebcf5aaa2e44 HTTP/1.1" status: 200 len: 1880 time: 0.0787375
2026-07-01 02:02:45.861 10 INFO neutron.db.ovn_revision_numbers_db [None req-886405fe-986e-4fe7-8eb1-e4d194b9b5eb 983592d47736485292fb6a03e57b87ae e187e22e8ee143f79a5fcaaf3ee07dc1 - - default default] Successfully bumped revision number for resource 86f55026-7d70-48b4-bd52-ffc6c4ca624f (type: router_ports) to 1
2026-07-01 02:02:45.865 10 INFO neutron.wsgi [None req-886405fe-986e-4fe7-8eb1-e4d194b9b5eb 983592d47736485292fb6a03e57b87ae e187e22e8ee143f79a5fcaaf3ee07dc1 - - default default] 10.0.0.206 "PUT /v2.0/routers/484eb3bd-f898-49cb-a6c8-95c39bc6b819/add_router_interface HTTP/1.1" status: 200 len: 503 time: 5.4756804
2026-07-01 02:02:45.970 9 INFO neutron.db.ovn_revision_numbers_db [None req-364f37ba-bb2f-495f-9f4e-65da55c08a1f - - - - - -] Successfully bumped revision number for resource de168ad2-be15-4c21-9ee1-a7c8f0cbe5a0 (type: ports) to 2
2026-07-01 02:02:46.115 10 INFO neutron.wsgi [req-9fd755cf-91ec-4323-af58-51c97db4a16b req-c8a41d68-4aaf-4269-877c-dc3ff5e62a32 496a4fb84c3f43d7a6506090bf46da70 59772eccfaf84583bcc98dcf27db292a - - default default] 10.0.0.89 "DELETE /v2.0/security-groups/2e5d85cc-af2f-4244-a83d-ebcf5aaa2e44 HTTP/1.1" status: 204 len: 173 time: 0.2494256
2026-07-01 02:02:46.163 10 INFO neutron.api.v2.resource [req-95455fb5-b677-47bc-95a5-fe6c5107181a req-f244d87b-0b97-4848-bb21-5f596935802c 496a4fb84c3f43d7a6506090bf46da70 59772eccfaf84583bcc98dcf27db292a - - default default] show failed (client error): The resource could not be found.
2026-07-01 02:02:46.164 10 INFO neutron.wsgi [req-95455fb5-b677-47bc-95a5-fe6c5107181a req-f244d87b-0b97-4848-bb21-5f596935802c 496a4fb84c3f43d7a6506090bf46da70 59772eccfaf84583bcc98dcf27db292a - - default default] 10.0.0.89 "GET /v2.0/security-groups/2e5d85cc-af2f-4244-a83d-ebcf5aaa2e44 HTTP/1.1" status: 404 len: 352 time: 0.0169830
2026-07-01 02:02:46.244 9 WARNING neutron_lib.context [None req-18fac1a6-945c-458c-94a9-d2e78dccfaf6 aa257cd6c60640b98ad0e70b11e8a1b1 d1cfae259bd5418c94967b3dd83586a3 - - default default] Method 'is_advsvc' is deprecated since 2023.2 release (neutron-lib 3.8.0) and will be removed once support for the old RBAC API policies will be removed from Neutron. Please use method 'is_service_role' instead.
2026-07-01 02:02:46.387 10 INFO neutron.wsgi [req-10d4d43b-59bd-4dd5-bf3f-1e1898aef415 req-c91c2b80-549d-479b-80a3-72528a6aa6b3 496a4fb84c3f43d7a6506090bf46da70 59772eccfaf84583bcc98dcf27db292a - - default default] 10.0.0.89 "GET /v2.0/security-groups/ec0e6f83-cef7-4e65-995b-1f00458c3218 HTTP/1.1" status: 200 len: 1879 time: 0.1855838
2026-07-01 02:02:46.392 10 WARNING neutron_lib.context [None req-02ee3b36-912f-4a11-9b94-52f66baf36cb 4b7d4bd54fe0412fb71ab0598c2b6b99 bfa5ea15010e4cb7b0dbc70acb0169ba - - default default] Method 'is_advsvc' is deprecated since 2023.2 release (neutron-lib 3.8.0) and will be removed once support for the old RBAC API policies will be removed from Neutron. Please use method 'is_service_role' instead.
2026-07-01 02:02:46.487 9 INFO neutron.db.ovn_revision_numbers_db [None req-18fac1a6-945c-458c-94a9-d2e78dccfaf6 aa257cd6c60640b98ad0e70b11e8a1b1 d1cfae259bd5418c94967b3dd83586a3 - - default default] Successfully bumped revision number for resource 8d595801-087a-4dbe-9b1d-ac87c679b2a0 (type: security_groups) to 1
2026-07-01 02:02:46.525 9 WARNING neutron.scheduler.dhcp_agent_scheduler [None req-304cb971-4be3-4a7b-bf8d-a87ca213b773 983592d47736485292fb6a03e57b87ae e187e22e8ee143f79a5fcaaf3ee07dc1 - - default default] No more DHCP agents
2026-07-01 02:02:46.531 9 WARNING neutron.api.rpc.agentnotifiers.dhcp_rpc_agent_api [None req-304cb971-4be3-4a7b-bf8d-a87ca213b773 983592d47736485292fb6a03e57b87ae e187e22e8ee143f79a5fcaaf3ee07dc1 - - default default] Unable to schedule network 4b15f276-baaf-42f8-b7a3-c9247f41a0fd: no agents available; will retry on subsequent port and subnet creation events.
2026-07-01 02:02:46.532 9 INFO neutron.db.ovn_revision_numbers_db [None req-18fac1a6-945c-458c-94a9-d2e78dccfaf6 aa257cd6c60640b98ad0e70b11e8a1b1 d1cfae259bd5418c94967b3dd83586a3 - - default default] Successfully bumped revision number for resource 7102388f-d222-4a7a-8801-4be532705aa5 (type: security_group_rules) to 0
2026-07-01 02:02:46.550 9 INFO neutron.db.ovn_revision_numbers_db [None req-364f37ba-bb2f-495f-9f4e-65da55c08a1f - - - - - -] Successfully bumped revision number for resource de168ad2-be15-4c21-9ee1-a7c8f0cbe5a0 (type: ports) to 4
2026-07-01 02:02:46.561 9 INFO neutron.db.ovn_revision_numbers_db [None req-18fac1a6-945c-458c-94a9-d2e78dccfaf6 aa257cd6c60640b98ad0e70b11e8a1b1 d1cfae259bd5418c94967b3dd83586a3 - - default default] Successfully bumped revision number for resource f884fa79-2954-4f67-850b-3af36eb9faa1 (type: security_group_rules) to 0
2026-07-01 02:02:46.596 9 INFO neutron.wsgi [None req-18fac1a6-945c-458c-94a9-d2e78dccfaf6 aa257cd6c60640b98ad0e70b11e8a1b1 d1cfae259bd5418c94967b3dd83586a3 - - default default] 10.0.0.206 "POST /v2.0/security-groups HTTP/1.1" status: 201 len: 1859 time: 0.3572445
2026-07-01 02:02:46.610 10 WARNING neutron_lib.context [None req-667cc582-0aac-48e1-bafa-322ded35e736 aa257cd6c60640b98ad0e70b11e8a1b1 d1cfae259bd5418c94967b3dd83586a3 - - default default] Method 'is_advsvc' is deprecated since 2023.2 release (neutron-lib 3.8.0) and will be removed once support for the old RBAC API policies will be removed from Neutron. Please use method 'is_service_role' instead.
2026-07-01 02:02:46.629 10 INFO neutron.db.ovn_revision_numbers_db [None req-73ebf767-1868-48ed-b5e0-2cc563547756 - - - - - -] Successfully bumped revision number for resource 2b18f7ad-2bff-427f-b9c6-c903503024ae (type: ports) to 2
2026-07-01 02:02:46.737 10 INFO neutron.wsgi [req-10d4d43b-59bd-4dd5-bf3f-1e1898aef415 req-30b4131e-4cae-427f-bec7-4690cd99aa7b 496a4fb84c3f43d7a6506090bf46da70 59772eccfaf84583bcc98dcf27db292a - - default default] 10.0.0.89 "DELETE /v2.0/security-groups/ec0e6f83-cef7-4e65-995b-1f00458c3218 HTTP/1.1" status: 204 len: 173 time: 0.3400340
2026-07-01 02:02:46.798 10 INFO neutron.db.ovn_revision_numbers_db [None req-02ee3b36-912f-4a11-9b94-52f66baf36cb 4b7d4bd54fe0412fb71ab0598c2b6b99 bfa5ea15010e4cb7b0dbc70acb0169ba - - default default] Successfully bumped revision number for resource 1b909853-3800-4704-badd-f137174d0b6f (type: security_groups) to 1
2026-07-01 02:02:46.809 9 INFO neutron.api.v2.resource [req-b337a606-fc42-4e31-9de2-75404ec7f750 req-0f61b6b5-73d4-4025-97f7-44c5c6a2b68b 496a4fb84c3f43d7a6506090bf46da70 59772eccfaf84583bcc98dcf27db292a - - default default] show failed (client error): The resource could not be found.
2026-07-01 02:02:46.810 9 INFO neutron.wsgi [req-b337a606-fc42-4e31-9de2-75404ec7f750 req-0f61b6b5-73d4-4025-97f7-44c5c6a2b68b 496a4fb84c3f43d7a6506090bf46da70 59772eccfaf84583bcc98dcf27db292a - - default default] 10.0.0.89 "GET /v2.0/security-groups/ec0e6f83-cef7-4e65-995b-1f00458c3218 HTTP/1.1" status: 404 len: 352 time: 0.0244565
2026-07-01 02:02:46.861 10 INFO neutron.db.ovn_revision_numbers_db [None req-02ee3b36-912f-4a11-9b94-52f66baf36cb 4b7d4bd54fe0412fb71ab0598c2b6b99 bfa5ea15010e4cb7b0dbc70acb0169ba - - default default] Successfully bumped revision number for resource 6a048eda-ff0b-45c2-8bbc-03d7f8c99694 (type: security_group_rules) to 0
2026-07-01 02:02:46.867 9 INFO neutron.db.ovn_revision_numbers_db [None req-304cb971-4be3-4a7b-bf8d-a87ca213b773 983592d47736485292fb6a03e57b87ae e187e22e8ee143f79a5fcaaf3ee07dc1 - - default default] Successfully bumped revision number for resource 13d138a6-a4ec-451f-aa5b-012c2a4cddb4 (type: ports) to 1
2026-07-01 02:02:46.907 10 INFO neutron.wsgi [req-53f15e58-8e7b-4e4c-a301-dd80c7a0dd1c req-77650c0f-2e88-49ef-972b-03b749405739 496a4fb84c3f43d7a6506090bf46da70 59772eccfaf84583bcc98dcf27db292a - - default default] 10.0.0.89 "GET /v2.0/security-groups/c5855335-5289-4426-9fff-ec8569645f7a HTTP/1.1" status: 200 len: 1882 time: 0.0746231
2026-07-01 02:02:46.923 10 INFO neutron.db.ovn_revision_numbers_db [None req-02ee3b36-912f-4a11-9b94-52f66baf36cb 4b7d4bd54fe0412fb71ab0598c2b6b99 bfa5ea15010e4cb7b0dbc70acb0169ba - - default default] Successfully bumped revision number for resource c89a93fe-78cc-497e-a24e-c0b14bdadffe (type: security_group_rules) to 0
2026-07-01 02:02:46.962 10 INFO neutron.db.ovn_revision_numbers_db [None req-73ebf767-1868-48ed-b5e0-2cc563547756 - - - - - -] Successfully bumped revision number for resource 2b18f7ad-2bff-427f-b9c6-c903503024ae (type: router_ports) to 2
2026-07-01 02:02:46.966 10 INFO neutron.wsgi [None req-02ee3b36-912f-4a11-9b94-52f66baf36cb 4b7d4bd54fe0412fb71ab0598c2b6b99 bfa5ea15010e4cb7b0dbc70acb0169ba - - default default] 10.0.0.206 "POST /v2.0/security-groups HTTP/1.1" status: 201 len: 1860 time: 0.5835466
2026-07-01 02:02:46.977 9 WARNING neutron_lib.context [None req-61f57824-4315-4ffb-ba5f-9097ad348213 4b7d4bd54fe0412fb71ab0598c2b6b99 bfa5ea15010e4cb7b0dbc70acb0169ba - - default default] Method 'is_advsvc' is deprecated since 2023.2 release (neutron-lib 3.8.0) and will be removed once support for the old RBAC API policies will be removed from Neutron. Please use method 'is_service_role' instead.
2026-07-01 02:02:47.046 10 INFO neutron.db.ovn_revision_numbers_db [None req-1f324fbd-78a9-47c9-909c-585b9e5e2e6d - - - - - -] Successfully bumped revision number for resource 6548d5e3-34c0-4b39-b51d-0b65d3ca4b50 (type: ports) to 1
2026-07-01 02:02:47.056 10 INFO neutron.db.ovn_revision_numbers_db [None req-667cc582-0aac-48e1-bafa-322ded35e736 aa257cd6c60640b98ad0e70b11e8a1b1 d1cfae259bd5418c94967b3dd83586a3 - - default default] Successfully bumped revision number for resource a003db14-e8a0-43b3-aeb7-5967360dac15 (type: security_group_rules) to 0
2026-07-01 02:02:47.087 9 INFO neutron.db.ovn_revision_numbers_db [None req-364f37ba-bb2f-495f-9f4e-65da55c08a1f - - - - - -] Successfully bumped revision number for resource de168ad2-be15-4c21-9ee1-a7c8f0cbe5a0 (type: router_ports) to 4
2026-07-01 02:02:47.108 10 INFO neutron.wsgi [None req-667cc582-0aac-48e1-bafa-322ded35e736 aa257cd6c60640b98ad0e70b11e8a1b1 d1cfae259bd5418c94967b3dd83586a3 - - default default] 10.0.0.206 "POST /v2.0/security-group-rules HTTP/1.1" status: 201 len: 796 time: 0.5062218
2026-07-01 02:02:47.122 10 WARNING neutron_lib.context [None req-dcad4d38-41ea-4d1b-802e-ef3bf857516e aa257cd6c60640b98ad0e70b11e8a1b1 d1cfae259bd5418c94967b3dd83586a3 - - default default] Method 'is_advsvc' is deprecated since 2023.2 release (neutron-lib 3.8.0) and will be removed once support for the old RBAC API policies will be removed from Neutron. Please use method 'is_service_role' instead.
2026-07-01 02:02:47.166 10 INFO neutron.wsgi [req-53f15e58-8e7b-4e4c-a301-dd80c7a0dd1c req-66e256ef-db05-490b-b9f0-c3f1d0dc1800 496a4fb84c3f43d7a6506090bf46da70 59772eccfaf84583bcc98dcf27db292a - - default default] 10.0.0.89 "DELETE /v2.0/security-groups/c5855335-5289-4426-9fff-ec8569645f7a HTTP/1.1" status: 204 len: 173 time: 0.2491837
2026-07-01 02:02:47.212 9 INFO neutron.db.ovn_revision_numbers_db [None req-61f57824-4315-4ffb-ba5f-9097ad348213 4b7d4bd54fe0412fb71ab0598c2b6b99 bfa5ea15010e4cb7b0dbc70acb0169ba - - default default] Successfully bumped revision number for resource 33e70f13-f5d1-409b-8ab7-5b4c74baa246 (type: security_group_rules) to 0
2026-07-01 02:02:47.217 9 INFO neutron.api.v2.resource [req-8582993b-6da1-4461-9178-da216d1ec143 req-152f6e45-6d74-40f8-8e1a-fd34f7309d6d 496a4fb84c3f43d7a6506090bf46da70 59772eccfaf84583bcc98dcf27db292a - - default default] show failed (client error): The resource could not be found.
2026-07-01 02:02:47.219 9 INFO neutron.wsgi [req-8582993b-6da1-4461-9178-da216d1ec143 req-152f6e45-6d74-40f8-8e1a-fd34f7309d6d 496a4fb84c3f43d7a6506090bf46da70 59772eccfaf84583bcc98dcf27db292a - - default default] 10.0.0.89 "GET /v2.0/security-groups/c5855335-5289-4426-9fff-ec8569645f7a HTTP/1.1" status: 404 len: 352 time: 0.0241237
2026-07-01 02:02:47.260 9 INFO neutron.wsgi [None req-61f57824-4315-4ffb-ba5f-9097ad348213 4b7d4bd54fe0412fb71ab0598c2b6b99 bfa5ea15010e4cb7b0dbc70acb0169ba - - default default] 10.0.0.206 "POST /v2.0/security-group-rules HTTP/1.1" status: 201 len: 796 time: 0.2882652
2026-07-01 02:02:47.270 9 WARNING neutron_lib.context [None req-05b95935-58c3-44d1-8b36-9b69861821d4 4b7d4bd54fe0412fb71ab0598c2b6b99 bfa5ea15010e4cb7b0dbc70acb0169ba - - default default] Method 'is_advsvc' is deprecated since 2023.2 release (neutron-lib 3.8.0) and will be removed once support for the old RBAC API policies will be removed from Neutron. Please use method 'is_service_role' instead.
2026-07-01 02:02:47.351 10 INFO neutron.wsgi [req-9b378237-9c54-4e54-a691-c85a8a694541 req-60ebd26a-2ed0-4b01-bda8-1d4108d9aa1c 496a4fb84c3f43d7a6506090bf46da70 59772eccfaf84583bcc98dcf27db292a - - default default] 10.0.0.89 "GET /v2.0/security-groups?tenant_id=59772eccfaf84583bcc98dcf27db292a HTTP/1.1" status: 200 len: 3121 time: 0.1044848
2026-07-01 02:02:47.408 10 INFO neutron.db.ovn_revision_numbers_db [None req-dcad4d38-41ea-4d1b-802e-ef3bf857516e aa257cd6c60640b98ad0e70b11e8a1b1 d1cfae259bd5418c94967b3dd83586a3 - - default default] Successfully bumped revision number for resource e65f90ec-25fc-4f49-80a5-88f6a623207f (type: security_group_rules) to 0
2026-07-01 02:02:47.485 9 INFO neutron.db.ovn_revision_numbers_db [None req-05b95935-58c3-44d1-8b36-9b69861821d4 4b7d4bd54fe0412fb71ab0598c2b6b99 bfa5ea15010e4cb7b0dbc70acb0169ba - - default default] Successfully bumped revision number for resource 2bfa5cd5-7b19-4328-bc6e-5a36fffd34c5 (type: security_group_rules) to 0
2026-07-01 02:02:47.523 9 INFO neutron.wsgi [None req-05b95935-58c3-44d1-8b36-9b69861821d4 4b7d4bd54fe0412fb71ab0598c2b6b99 bfa5ea15010e4cb7b0dbc70acb0169ba - - default default] 10.0.0.206 "POST /v2.0/security-group-rules HTTP/1.1" status: 201 len: 801 time: 0.2591925
2026-07-01 02:02:47.525 9 ERROR ovsdbapp.backend.ovs_idl.command [None req-304cb971-4be3-4a7b-bf8d-a87ca213b773 983592d47736485292fb6a03e57b87ae e187e22e8ee143f79a5fcaaf3ee07dc1 - - default default] Error executing command (DbGetCommand): ovsdbapp.backend.ovs_idl.idlutils.RowNotFound: Cannot find Logical_Router_Port with name=lrp-13d138a6-a4ec-451f-aa5b-012c2a4cddb4
2026-07-01 02:02:47.525 9 ERROR ovsdbapp.backend.ovs_idl.command
Traceback (most recent call last):
2026-07-01 02:02:47.525 9 ERROR ovsdbapp.backend.ovs_idl.command
File "/var/lib/openstack/lib/python3.10/site-packages/ovsdbapp/backend/ovs_idl/command.py", line 47, in execute
2026-07-01 02:02:47.525 9 ERROR ovsdbapp.backend.ovs_idl.command self.run_idl(None)
2026-07-01 02:02:47.525 9 ERROR ovsdbapp.backend.ovs_idl.command
File "/var/lib/openstack/lib/python3.10/site-packages/ovsdbapp/backend/ovs_idl/command.py", line 235, in run_idl
2026-07-01 02:02:47.525 9 ERROR ovsdbapp.backend.ovs_idl.command record = self.api.lookup(self.table, self.record)
2026-07-01 02:02:47.525 9 ERROR ovsdbapp.backend.ovs_idl.command
File "/var/lib/openstack/lib/python3.10/site-packages/ovsdbapp/backend/ovs_idl/__init__.py", line 184, in lookup
2026-07-01 02:02:47.525 9 ERROR ovsdbapp.backend.ovs_idl.command return self._lookup(table, record)
2026-07-01 02:02:47.525 9 ERROR ovsdbapp.backend.ovs_idl.command
File "/var/lib/openstack/lib/python3.10/site-packages/ovsdbapp/backend/ovs_idl/__init__.py", line 235, in _lookup
2026-07-01 02:02:47.525 9 ERROR ovsdbapp.backend.ovs_idl.command row = idlutils.row_by_value(self, rl.table, rl.column, record)
2026-07-01 02:02:47.525 9 ERROR ovsdbapp.backend.ovs_idl.command
File "/var/lib/openstack/lib/python3.10/site-packages/ovsdbapp/backend/ovs_idl/idlutils.py", line 114, in row_by_value
2026-07-01 02:02:47.525 9 ERROR ovsdbapp.backend.ovs_idl.command raise RowNotFound(table=table, col=column, match=match)
2026-07-01 02:02:47.525 9 ERROR ovsdbapp.backend.ovs_idl.command ovsdbapp.backend.ovs_idl.idlutils.RowNotFound: Cannot find Logical_Router_Port with name=lrp-13d138a6-a4ec-451f-aa5b-012c2a4cddb4
2026-07-01 02:02:47.525 9 ERROR ovsdbapp.backend.ovs_idl.command 
2026-07-01 02:02:47.526 9 ERROR neutron_lib.callbacks.manager [None req-304cb971-4be3-4a7b-bf8d-a87ca213b773 983592d47736485292fb6a03e57b87ae e187e22e8ee143f79a5fcaaf3ee07dc1 - - default default] Error during notification for neutron.services.ovn_l3.plugin.OVNL3RouterPlugin._port_update-8753434905318 port, after_update: ovsdbapp.backend.ovs_idl.idlutils.RowNotFound: Cannot find Logical_Router_Port with name=lrp-13d138a6-a4ec-451f-aa5b-012c2a4cddb4
2026-07-01 02:02:47.526 9 ERROR neutron_lib.callbacks.manager
Traceback (most recent call last):
2026-07-01 02:02:47.526 9 ERROR neutron_lib.callbacks.manager
File "/var/lib/openstack/lib/python3.10/site-packages/neutron_lib/callbacks/manager.py", line 189, in _notify_loop
2026-07-01 02:02:47.526 9 ERROR neutron_lib.callbacks.manager callback.method(resource, event, trigger, payload=payload)
2026-07-01 02:02:47.526 9 ERROR neutron_lib.callbacks.manager
File "/var/lib/openstack/lib/python3.10/site-packages/neutron/services/ovn_l3/plugin.py", line 391, in _port_update
2026-07-01 02:02:47.526 9 ERROR neutron_lib.callbacks.manager l3plugin._ovn_client.update_router_port(context,
2026-07-01 02:02:47.526 9 ERROR neutron_lib.callbacks.manager
File "/var/lib/openstack/lib/python3.10/site-packages/neutron/plugins/ml2/drivers/ovn/mech_driver/ovsdb/ovn_client.py", line 1878, in update_router_port
2026-07-01 02:02:47.526 9 ERROR neutron_lib.callbacks.manager self._update_lrouter_port(context, port, if_exists=if_exists,
2026-07-01 02:02:47.526 9 ERROR neutron_lib.callbacks.manager
File "/var/lib/openstack/lib/python3.10/site-packages/neutron/plugins/ml2/drivers/ovn/mech_driver/ovsdb/ovn_client.py", line 1855, in _update_lrouter_port
2026-07-01 02:02:47.526 9 ERROR neutron_lib.callbacks.manager external_ids = self._nb_idl.db_get(
2026-07-01 02:02:47.526 9 ERROR neutron_lib.callbacks.manager
File "/var/lib/openstack/lib/python3.10/site-packages/ovsdbapp/backend/ovs_idl/command.py", line 47, in execute
2026-07-01 02:02:47.526 9 ERROR neutron_lib.callbacks.manager self.run_idl(None)
2026-07-01 02:02:47.526 9 ERROR neutron_lib.callbacks.manager
File "/var/lib/openstack/lib/python3.10/site-packages/ovsdbapp/backend/ovs_idl/command.py", line 235, in run_idl
2026-07-01 02:02:47.526 9 ERROR neutron_lib.callbacks.manager record = self.api.lookup(self.table, self.record)
2026-07-01 02:02:47.526 9 ERROR neutron_lib.callbacks.manager
File "/var/lib/openstack/lib/python3.10/site-packages/ovsdbapp/backend/ovs_idl/__init__.py", line 184, in lookup
2026-07-01 02:02:47.526 9 ERROR neutron_lib.callbacks.manager return self._lookup(table, record)
2026-07-01 02:02:47.526 9 ERROR neutron_lib.callbacks.manager
File "/var/lib/openstack/lib/python3.10/site-packages/ovsdbapp/backend/ovs_idl/__init__.py", line 235, in _lookup
2026-07-01 02:02:47.526 9 ERROR neutron_lib.callbacks.manager row = idlutils.row_by_value(self, rl.table, rl.column, record)
2026-07-01 02:02:47.526 9 ERROR neutron_lib.callbacks.manager
File "/var/lib/openstack/lib/python3.10/site-packages/ovsdbapp/backend/ovs_idl/idlutils.py", line 114, in row_by_value
2026-07-01 02:02:47.526 9 ERROR neutron_lib.callbacks.manager raise RowNotFound(table=table, col=column, match=match)
2026-07-01 02:02:47.526 9 ERROR neutron_lib.callbacks.manager ovsdbapp.backend.ovs_idl.idlutils.RowNotFound: Cannot find Logical_Router_Port with name=lrp-13d138a6-a4ec-451f-aa5b-012c2a4cddb4
2026-07-01 02:02:47.526 9 ERROR neutron_lib.callbacks.manager 
2026-07-01 02:02:47.540 9 WARNING neutron_lib.context [None req-ab1a8f98-918b-4900-826e-b6bd102cbe3c 4b7d4bd54fe0412fb71ab0598c2b6b99 bfa5ea15010e4cb7b0dbc70acb0169ba - - default default] Method 'is_advsvc' is deprecated since 2023.2 release (neutron-lib 3.8.0) and will be removed once support for the old RBAC API policies will be removed from Neutron. Please use method 'is_service_role' instead.
2026-07-01 02:02:47.563 10 INFO neutron.wsgi [req-9b378237-9c54-4e54-a691-c85a8a694541 req-45a653f7-7faa-497d-a601-fca831bf1d9f 496a4fb84c3f43d7a6506090bf46da70 59772eccfaf84583bcc98dcf27db292a - - default default] 10.0.0.89 "GET /v2.0/security-groups/2e130d60-ff5d-4734-b034-ae10474970b7 HTTP/1.1" status: 200 len: 3118 time: 0.1910453
2026-07-01 02:02:47.586 10 INFO neutron.wsgi [None req-dcad4d38-41ea-4d1b-802e-ef3bf857516e aa257cd6c60640b98ad0e70b11e8a1b1 d1cfae259bd5418c94967b3dd83586a3 - - default default] 10.0.0.206 "POST /v2.0/security-group-rules HTTP/1.1" status: 201 len: 801 time: 0.4697008
2026-07-01 02:02:47.599 10 WARNING neutron_lib.context [None req-f2d6de27-d87a-4274-803f-ae6a8bce5e4b aa257cd6c60640b98ad0e70b11e8a1b1 d1cfae259bd5418c94967b3dd83586a3 - - default default] Method 'is_advsvc' is deprecated since 2023.2 release (neutron-lib 3.8.0) and will be removed once support for the old RBAC API policies will be removed from Neutron. Please use method 'is_service_role' instead.
2026-07-01 02:02:47.631 10 INFO neutron.wsgi [req-9b378237-9c54-4e54-a691-c85a8a694541 req-bfa01380-1bab-4827-8a7d-ec31158aed02 496a4fb84c3f43d7a6506090bf46da70 59772eccfaf84583bcc98dcf27db292a - - default default] 10.0.0.89 "GET /v2.0/security-groups/2e130d60-ff5d-4734-b034-ae10474970b7 HTTP/1.1" status: 200 len: 3118 time: 0.0587161
2026-07-01 02:02:47.688 9 INFO neutron.api.v2.resource [req-f4b4f02e-d8f3-41e4-8e86-c96c14a5947b req-7c63390c-408e-4c55-aa28-e934f8692f50 496a4fb84c3f43d7a6506090bf46da70 59772eccfaf84583bcc98dcf27db292a - - default default] show failed (client error): The resource could not be found.
2026-07-01 02:02:47.689 9 INFO neutron.wsgi [req-f4b4f02e-d8f3-41e4-8e86-c96c14a5947b req-7c63390c-408e-4c55-aa28-e934f8692f50 496a4fb84c3f43d7a6506090bf46da70 59772eccfaf84583bcc98dcf27db292a - - default default] 10.0.0.89 "GET /v2.0/security-groups/c5855335-5289-4426-9fff-ec8569645f7a HTTP/1.1" status: 404 len: 352 time: 0.0285378
2026-07-01 02:02:47.738 10 INFO neutron.api.v2.resource [req-4115c217-da35-49e6-bc9c-b8a4857b1f27 req-cb2d25f7-ae10-4271-a3e1-22928e7cc845 496a4fb84c3f43d7a6506090bf46da70 59772eccfaf84583bcc98dcf27db292a - - default default] show failed (client error): The resource could not be found.
2026-07-01 02:02:47.739 10 INFO neutron.wsgi [req-4115c217-da35-49e6-bc9c-b8a4857b1f27 req-cb2d25f7-ae10-4271-a3e1-22928e7cc845 496a4fb84c3f43d7a6506090bf46da70 59772eccfaf84583bcc98dcf27db292a - - default default] 10.0.0.89 "GET /v2.0/security-groups/ec0e6f83-cef7-4e65-995b-1f00458c3218 HTTP/1.1" status: 404 len: 352 time: 0.0283587
2026-07-01 02:02:47.821 10 INFO neutron.db.ovn_revision_numbers_db [None req-1f324fbd-78a9-47c9-909c-585b9e5e2e6d - - - - - -] Successfully bumped revision number for resource 6548d5e3-34c0-4b39-b51d-0b65d3ca4b50 (type: router_ports) to 3
2026-07-01 02:02:47.903 9 INFO neutron.api.v2.resource [req-cc0c4c60-4501-4ed8-949c-9da50557c202 req-2b7aa618-c007-4f74-84bf-5caa0b6ca590 496a4fb84c3f43d7a6506090bf46da70 59772eccfaf84583bcc98dcf27db292a - - default default] show failed (client error): The resource could not be found.
2026-07-01 02:02:47.904 9 INFO neutron.wsgi [req-cc0c4c60-4501-4ed8-949c-9da50557c202 req-2b7aa618-c007-4f74-84bf-5caa0b6ca590 496a4fb84c3f43d7a6506090bf46da70 59772eccfaf84583bcc98dcf27db292a - - default default] 10.0.0.89 "GET /v2.0/security-groups/2e5d85cc-af2f-4244-a83d-ebcf5aaa2e44 HTTP/1.1" status: 404 len: 352 time: 0.1429024
2026-07-01 02:02:47.939 9 INFO neutron.db.ovn_revision_numbers_db [None req-304cb971-4be3-4a7b-bf8d-a87ca213b773 983592d47736485292fb6a03e57b87ae e187e22e8ee143f79a5fcaaf3ee07dc1 - - default default] Successfully bumped revision number for resource 13d138a6-a4ec-451f-aa5b-012c2a4cddb4 (type: ports) to 1
2026-07-01 02:02:48.011 10 WARNING neutron.scheduler.dhcp_agent_scheduler [None req-f2d6de27-d87a-4274-803f-ae6a8bce5e4b aa257cd6c60640b98ad0e70b11e8a1b1 d1cfae259bd5418c94967b3dd83586a3 - - default default] No more DHCP agents
2026-07-01 02:02:48.014 9 WARNING neutron.scheduler.dhcp_agent_scheduler [None req-ab1a8f98-918b-4900-826e-b6bd102cbe3c 4b7d4bd54fe0412fb71ab0598c2b6b99 bfa5ea15010e4cb7b0dbc70acb0169ba - - default default] No more DHCP agents
2026-07-01 02:02:48.017 9 WARNING neutron.api.rpc.agentnotifiers.dhcp_rpc_agent_api [None req-ab1a8f98-918b-4900-826e-b6bd102cbe3c 4b7d4bd54fe0412fb71ab0598c2b6b99 bfa5ea15010e4cb7b0dbc70acb0169ba - - default default] Unable to schedule network 16d5d515-d002-4683-9f77-84151eb8dc9f: no agents available; will retry on subsequent port and subnet creation events.
2026-07-01 02:02:48.028 10 WARNING neutron.api.rpc.agentnotifiers.dhcp_rpc_agent_api [None req-f2d6de27-d87a-4274-803f-ae6a8bce5e4b aa257cd6c60640b98ad0e70b11e8a1b1 d1cfae259bd5418c94967b3dd83586a3 - - default default] Unable to schedule network 16d5d515-d002-4683-9f77-84151eb8dc9f: no agents available; will retry on subsequent port and subnet creation events.
2026-07-01 02:02:48.032 9 WARNING neutron.scheduler.dhcp_agent_scheduler [None req-304cb971-4be3-4a7b-bf8d-a87ca213b773 983592d47736485292fb6a03e57b87ae e187e22e8ee143f79a5fcaaf3ee07dc1 - - default default] No more DHCP agents
2026-07-01 02:02:48.033 9 WARNING neutron.api.rpc.agentnotifiers.dhcp_rpc_agent_api [None req-304cb971-4be3-4a7b-bf8d-a87ca213b773 983592d47736485292fb6a03e57b87ae e187e22e8ee143f79a5fcaaf3ee07dc1 - - default default] Unable to schedule network 4b15f276-baaf-42f8-b7a3-c9247f41a0fd: no agents available; will retry on subsequent port and subnet creation events.
2026-07-01 02:02:48.183 10 INFO neutron.db.ovn_revision_numbers_db [None req-1f324fbd-78a9-47c9-909c-585b9e5e2e6d - - - - - -] Successfully bumped revision number for resource 6548d5e3-34c0-4b39-b51d-0b65d3ca4b50 (type: ports) to 2
2026-07-01 02:02:48.409 9 INFO neutron.wsgi [None req-ab1a8f98-918b-4900-826e-b6bd102cbe3c 4b7d4bd54fe0412fb71ab0598c2b6b99 bfa5ea15010e4cb7b0dbc70acb0169ba - - default default] 10.0.0.206 "POST /v2.0/floatingips HTTP/1.1" status: 201 len: 751 time: 0.8804400
2026-07-01 02:02:48.711 10 INFO neutron.wsgi [None req-f2d6de27-d87a-4274-803f-ae6a8bce5e4b aa257cd6c60640b98ad0e70b11e8a1b1 d1cfae259bd5418c94967b3dd83586a3 - - default default] 10.0.0.206 "POST /v2.0/floatingips HTTP/1.1" status: 201 len: 751 time: 1.1184053
2026-07-01 02:02:48.898 10 INFO neutron.wsgi [req-6edbd1f7-e550-4c5a-a9c4-1ff9ce8189e0 req-9968d2ac-c398-4140-bd9e-099e523cb17d 4b7d4bd54fe0412fb71ab0598c2b6b99 bfa5ea15010e4cb7b0dbc70acb0169ba - - default default] 10.0.0.89 "GET /v2.0/security-groups?name=tempest-securitygroup--1081831033&fields=id&tenant_id=bfa5ea15010e4cb7b0dbc70acb0169ba HTTP/1.1" status: 200 len: 267 time: 0.0788760
2026-07-01 02:02:48.942 9 INFO neutron.db.ovn_revision_numbers_db [None req-304cb971-4be3-4a7b-bf8d-a87ca213b773 983592d47736485292fb6a03e57b87ae e187e22e8ee143f79a5fcaaf3ee07dc1 - - default default] Successfully bumped revision number for resource 13d138a6-a4ec-451f-aa5b-012c2a4cddb4 (type: router_ports) to 1
2026-07-01 02:02:48.949 9 INFO neutron.wsgi [None req-304cb971-4be3-4a7b-bf8d-a87ca213b773 983592d47736485292fb6a03e57b87ae e187e22e8ee143f79a5fcaaf3ee07dc1 - - default default] 10.0.0.206 "PUT /v2.0/routers/6cb90695-6946-4bb0-85fd-9f9e271a11f1/add_router_interface HTTP/1.1" status: 200 len: 503 time: 3.1597638
2026-07-01 02:02:49.027 10 INFO neutron.wsgi [req-6edbd1f7-e550-4c5a-a9c4-1ff9ce8189e0 req-fa51de17-6862-4c39-be25-8807e3eb8b1d 4b7d4bd54fe0412fb71ab0598c2b6b99 bfa5ea15010e4cb7b0dbc70acb0169ba - - default default] 10.0.0.89 "GET /v2.0/networks?id=ff0dbf3a-f89e-4377-87a3-096fc6664c68 HTTP/1.1" status: 200 len: 875 time: 0.1211367
