2026-07-01 02:04:46.957 9 WARNING neutron_lib.context [None req-4e1b115e-1c04-4732-b25a-73d966be9aef ccc0f861a68a476a966549fecb202b7e 2fbdd45c1aff4b40a98a28e20203a351 - - default default] Method 'is_advsvc' is deprecated since 2023.2 release (neutron-lib 3.8.0) and will be removed once support for the old RBAC API policies will be removed from Neutron. Please use method 'is_service_role' instead.
2026-07-01 02:04:47.027 9 WARNING neutron.scheduler.dhcp_agent_scheduler [req-b286daeb-4e79-45d7-b00d-7fa05852ec60 req-7696631a-6f6b-4cc2-9b3a-ccd516d7ff6a f2980b1474dd4ed686a5a85b0934faa2 9e5db2ec0a564afc9ed82c5d25845477 - - default default] No more DHCP agents
2026-07-01 02:04:47.030 9 WARNING neutron.api.rpc.agentnotifiers.dhcp_rpc_agent_api [req-b286daeb-4e79-45d7-b00d-7fa05852ec60 req-7696631a-6f6b-4cc2-9b3a-ccd516d7ff6a f2980b1474dd4ed686a5a85b0934faa2 9e5db2ec0a564afc9ed82c5d25845477 - - default default] Unable to schedule network 711e5831-59b5-48c6-b53b-8c0a348a4ac0: no agents available; will retry on subsequent port and subnet creation events.
2026-07-01 02:04:47.101 10 WARNING neutron.scheduler.dhcp_agent_scheduler [None req-93e7f340-c36b-4b83-a49b-d21bcebed5cb 3a06f731e618455ca3d3ad35b14cdd69 b047d7f04d9e4d1fbd95e36c013cb6eb - - default default] No more DHCP agents
2026-07-01 02:04:47.102 9 INFO neutron.db.segments_db [None req-4e1b115e-1c04-4732-b25a-73d966be9aef ccc0f861a68a476a966549fecb202b7e 2fbdd45c1aff4b40a98a28e20203a351 - - default default] Added segment 642a1fb4-4934-4314-9f2a-5dc05c9b20be of type geneve for network 8d0b51ee-8dab-469e-8503-fc6e524126c5
2026-07-01 02:04:47.104 10 WARNING neutron.api.rpc.agentnotifiers.dhcp_rpc_agent_api [None req-93e7f340-c36b-4b83-a49b-d21bcebed5cb 3a06f731e618455ca3d3ad35b14cdd69 b047d7f04d9e4d1fbd95e36c013cb6eb - - default default] Unable to schedule network 95f9b63b-7012-47f1-b415-49aca2cd196a: no agents available; will retry on subsequent port and subnet creation events. /var/lib/openstack/lib/python3.10/site-packages/pycadf/identifier.py:71: UserWarning: Invalid uuid: neutron. To ensure interoperability, identifiers should be a valid uuid. warnings.warn(('Invalid uuid: %s. To ensure interoperability, '
2026-07-01 02:04:47.284 9 INFO neutron.db.ovn_revision_numbers_db [req-b286daeb-4e79-45d7-b00d-7fa05852ec60 req-7696631a-6f6b-4cc2-9b3a-ccd516d7ff6a f2980b1474dd4ed686a5a85b0934faa2 9e5db2ec0a564afc9ed82c5d25845477 - - default default] Successfully bumped revision number for resource 150098e3-8b01-4c66-981f-5e4fd09b46fa (type: ports) to 1
2026-07-01 02:04:47.308 9 INFO neutron.db.ovn_revision_numbers_db [None req-4e1b115e-1c04-4732-b25a-73d966be9aef ccc0f861a68a476a966549fecb202b7e 2fbdd45c1aff4b40a98a28e20203a351 - - default default] Successfully bumped revision number for resource 8d0b51ee-8dab-469e-8503-fc6e524126c5 (type: networks) to 1
2026-07-01 02:04:47.315 9 INFO neutron.wsgi [req-b286daeb-4e79-45d7-b00d-7fa05852ec60 req-7696631a-6f6b-4cc2-9b3a-ccd516d7ff6a f2980b1474dd4ed686a5a85b0934faa2 9e5db2ec0a564afc9ed82c5d25845477 - - default default] 199.204.45.235 "POST /v2.0/ports HTTP/1.1" status: 201 len: 1197 time: 1.0086026 /var/lib/openstack/lib/python3.10/site-packages/pycadf/identifier.py:71: UserWarning: Invalid uuid: neutron. To ensure interoperability, identifiers should be a valid uuid. warnings.warn(('Invalid uuid: %s. To ensure interoperability, '
2026-07-01 02:04:47.512 10 INFO neutron.wsgi [None req-aa264379-9e8e-4831-8834-77da0c525287 b2fec5bbb7ce4ee09fb7e2006c3ed054 a50e1318266f4fd6bba7c9b3e60ebbcf - - default default] 10.0.0.206 "GET /v2.0/ports/8db7cd8b-ed7c-4c42-a38d-900d88ace804 HTTP/1.1" status: 200 len: 1147 time: 0.3465872
2026-07-01 02:04:47.525 10 INFO neutron.db.ovn_revision_numbers_db [None req-93e7f340-c36b-4b83-a49b-d21bcebed5cb 3a06f731e618455ca3d3ad35b14cdd69 b047d7f04d9e4d1fbd95e36c013cb6eb - - default default] Successfully bumped revision number for resource d177d188-5177-4b50-9275-940934d64253 (type: ports) to 1
2026-07-01 02:04:47.546 10 INFO neutron.wsgi [None req-93e7f340-c36b-4b83-a49b-d21bcebed5cb 3a06f731e618455ca3d3ad35b14cdd69 b047d7f04d9e4d1fbd95e36c013cb6eb - - default default] 10.0.0.206 "POST /v2.0/ports HTTP/1.1" status: 201 len: 1149 time: 0.7818570
2026-07-01 02:04:47.576 9 WARNING neutron.scheduler.dhcp_agent_scheduler [None req-4e1b115e-1c04-4732-b25a-73d966be9aef ccc0f861a68a476a966549fecb202b7e 2fbdd45c1aff4b40a98a28e20203a351 - - default default] No more DHCP agents
2026-07-01 02:04:47.581 9 WARNING neutron.api.rpc.agentnotifiers.dhcp_rpc_agent_api [None req-4e1b115e-1c04-4732-b25a-73d966be9aef ccc0f861a68a476a966549fecb202b7e 2fbdd45c1aff4b40a98a28e20203a351 - - default default] Unable to schedule network 8d0b51ee-8dab-469e-8503-fc6e524126c5: no agents available; will retry on subsequent port and subnet creation events.
2026-07-01 02:04:47.698 9 INFO neutron.db.ovn_revision_numbers_db [None req-4e1b115e-1c04-4732-b25a-73d966be9aef ccc0f861a68a476a966549fecb202b7e 2fbdd45c1aff4b40a98a28e20203a351 - - default default] Successfully bumped revision number for resource 019d5bdd-f4ca-4922-afb8-1637253e52a7 (type: ports) to 1
2026-07-01 02:04:47.747 9 INFO neutron.wsgi [None req-4e1b115e-1c04-4732-b25a-73d966be9aef ccc0f861a68a476a966549fecb202b7e 2fbdd45c1aff4b40a98a28e20203a351 - - default default] 10.0.0.206 "POST /v2.0/networks HTTP/1.1" status: 201 len: 849 time: 0.7970071 /var/lib/openstack/lib/python3.10/site-packages/pycadf/identifier.py:71: UserWarning: Invalid uuid: neutron. To ensure interoperability, identifiers should be a valid uuid. warnings.warn(('Invalid uuid: %s. To ensure interoperability, '
2026-07-01 02:04:47.765 9 WARNING neutron_lib.context [None req-729e8419-a420-4ea5-a856-bc80cf837f74 ccc0f861a68a476a966549fecb202b7e 2fbdd45c1aff4b40a98a28e20203a351 - - default default] Method 'is_advsvc' is deprecated since 2023.2 release (neutron-lib 3.8.0) and will be removed once support for the old RBAC API policies will be removed from Neutron. Please use method 'is_service_role' instead.
2026-07-01 02:04:47.789 10 INFO neutron.wsgi [req-c8f008b8-4127-4ecc-89b6-98646132a537 req-a1134955-1876-48db-87e1-d82e544e501e f2980b1474dd4ed686a5a85b0934faa2 9e5db2ec0a564afc9ed82c5d25845477 - - default default] 10.0.0.89 "GET /v2.0/ports?device_id=23bca415-c775-47bb-95cb-e9a8c78fcf84 HTTP/1.1" status: 200 len: 1195 time: 0.1184940
2026-07-01 02:04:47.858 10 INFO neutron.wsgi [req-c8f008b8-4127-4ecc-89b6-98646132a537 req-42496333-d5bf-472e-884a-452eb4c8bf75 f2980b1474dd4ed686a5a85b0934faa2 9e5db2ec0a564afc9ed82c5d25845477 - - default default] 10.0.0.89 "GET /v2.0/security-groups?id=4105a388-de73-494a-8ac8-163f2961479e&id=9042b896-4923-4288-8eb9-e6b53c1d1d9e&fields=id&fields=name HTTP/1.1" status: 200 len: 406 time: 0.0618925
2026-07-01 02:04:47.871 9 INFO neutron.db.segments_db [None req-729e8419-a420-4ea5-a856-bc80cf837f74 ccc0f861a68a476a966549fecb202b7e 2fbdd45c1aff4b40a98a28e20203a351 - - default default] Added segment 35ee9501-1120-4fca-ac53-e0b376fc43e2 of type geneve for network 046290ff-0e09-4884-836b-94c0600ed8cf
2026-07-01 02:04:47.917 9 INFO neutron.db.ovn_revision_numbers_db [req-b286daeb-4e79-45d7-b00d-7fa05852ec60 req-caa0849e-2c5e-4e46-be3e-a9dca2891892 e3503a8fd7274b6bad92b0fbd20c2093 e11b4a4e282049b79a77ebaf177de5fe - - d6c4b691307344b8915061b9356c99b5 d6c4b691307344b8915061b9356c99b5] Successfully bumped revision number for resource 150098e3-8b01-4c66-981f-5e4fd09b46fa (type: ports) to 2
2026-07-01 02:04:47.933 10 INFO neutron.wsgi [None req-934def90-1ed3-47ed-b1dc-1e75ab1da219 3a06f731e618455ca3d3ad35b14cdd69 b047d7f04d9e4d1fbd95e36c013cb6eb - - default default] 10.0.0.206 "DELETE /v2.0/ports/d177d188-5177-4b50-9275-940934d64253 HTTP/1.1" status: 204 len: 168 time: 0.3827102
2026-07-01 02:04:47.961 9 INFO neutron.pecan_wsgi.hooks.translation [None req-d47fb452-2567-4d98-933b-b245a4dc3381 3a06f731e618455ca3d3ad35b14cdd69 b047d7f04d9e4d1fbd95e36c013cb6eb - - default default] DELETE failed (client error): The resource could not be found.
2026-07-01 02:04:47.964 9 INFO neutron.wsgi [None req-d47fb452-2567-4d98-933b-b245a4dc3381 3a06f731e618455ca3d3ad35b14cdd69 b047d7f04d9e4d1fbd95e36c013cb6eb - - default default] 10.0.0.206 "DELETE /v2.0/ports/d177d188-5177-4b50-9275-940934d64253 HTTP/1.1" status: 404 len: 333 time: 0.0258086
2026-07-01 02:04:47.987 10 INFO neutron.pecan_wsgi.hooks.translation [None req-b9fb8175-448c-4b5d-a5bb-58b10c0b297f 3a06f731e618455ca3d3ad35b14cdd69 b047d7f04d9e4d1fbd95e36c013cb6eb - - default default] GET failed (client error): The resource could not be found.
2026-07-01 02:04:47.989 10 INFO neutron.wsgi [None req-b9fb8175-448c-4b5d-a5bb-58b10c0b297f 3a06f731e618455ca3d3ad35b14cdd69 b047d7f04d9e4d1fbd95e36c013cb6eb - - default default] 10.0.0.206 "GET /v2.0/ports/d177d188-5177-4b50-9275-940934d64253 HTTP/1.1" status: 404 len: 333 time: 0.0210812
2026-07-01 02:04:48.039 9 INFO neutron.services.segments.plugin [-] Segment 8f4e37f3-2813-4af2-98db-25aa3ae2d873 resource provider aggregate not found
2026-07-01 02:04:48.053 9 INFO neutron.services.segments.plugin [-] Segment 8f4e37f3-2813-4af2-98db-25aa3ae2d873 resource provider not found; error: Placement Client Error (4xx): {"errors": [{"status": 404, "title": "Not Found", "detail": "The resource could not be found.\n\n No resource provider with uuid 8f4e37f3-2813-4af2-98db-25aa3ae2d873 found for delete ", "request_id": "req-60ec0613-bd18-4d0a-becc-3e816ad56149"}]}
2026-07-01 02:04:48.060 9 INFO neutron.services.segments.plugin [-] Segment 8f4e37f3-2813-4af2-98db-25aa3ae2d873 resource provider aggregate not found
2026-07-01 02:04:48.076 9 INFO neutron.services.segments.plugin [-] Segment 8f4e37f3-2813-4af2-98db-25aa3ae2d873 resource provider not found; error: Placement Client Error (4xx): {"errors": [{"status": 404, "title": "Not Found", "detail": "The resource could not be found.\n\n No resource provider with uuid 8f4e37f3-2813-4af2-98db-25aa3ae2d873 found for delete ", "request_id": "req-71c87382-ed27-4539-845b-d5274f4612ee"}]}
2026-07-01 02:04:48.085 9 INFO neutron.db.ovn_revision_numbers_db [None req-729e8419-a420-4ea5-a856-bc80cf837f74 ccc0f861a68a476a966549fecb202b7e 2fbdd45c1aff4b40a98a28e20203a351 - - default default] Successfully bumped revision number for resource 046290ff-0e09-4884-836b-94c0600ed8cf (type: networks) to 1
2026-07-01 02:04:48.211 10 INFO neutron.wsgi [None req-1036ee5c-4667-4b66-9370-ec138270694a 3a06f731e618455ca3d3ad35b14cdd69 b047d7f04d9e4d1fbd95e36c013cb6eb - - default default] 10.0.0.206 "DELETE /v2.0/subnets/b026452c-91cd-4041-a6b6-523fbf393a6a HTTP/1.1" status: 204 len: 168 time: 0.2177262
2026-07-01 02:04:48.295 9 INFO neutron.db.ovn_revision_numbers_db [req-b286daeb-4e79-45d7-b00d-7fa05852ec60 req-caa0849e-2c5e-4e46-be3e-a9dca2891892 e3503a8fd7274b6bad92b0fbd20c2093 e11b4a4e282049b79a77ebaf177de5fe - - d6c4b691307344b8915061b9356c99b5 d6c4b691307344b8915061b9356c99b5] Successfully bumped revision number for resource 150098e3-8b01-4c66-981f-5e4fd09b46fa (type: ports) to 2
2026-07-01 02:04:48.334 9 WARNING neutron.scheduler.dhcp_agent_scheduler [None req-729e8419-a420-4ea5-a856-bc80cf837f74 ccc0f861a68a476a966549fecb202b7e 2fbdd45c1aff4b40a98a28e20203a351 - - default default] No more DHCP agents
2026-07-01 02:04:48.342 9 INFO neutron.wsgi [req-b286daeb-4e79-45d7-b00d-7fa05852ec60 req-caa0849e-2c5e-4e46-be3e-a9dca2891892 e3503a8fd7274b6bad92b0fbd20c2093 e11b4a4e282049b79a77ebaf177de5fe - - d6c4b691307344b8915061b9356c99b5 d6c4b691307344b8915061b9356c99b5] 199.204.45.235 "PUT /v2.0/ports/150098e3-8b01-4c66-981f-5e4fd09b46fa HTTP/1.1" status: 200 len: 1415 time: 1.0182984
2026-07-01 02:04:48.350 9 WARNING neutron.api.rpc.agentnotifiers.dhcp_rpc_agent_api [None req-729e8419-a420-4ea5-a856-bc80cf837f74 ccc0f861a68a476a966549fecb202b7e 2fbdd45c1aff4b40a98a28e20203a351 - - default default] Unable to schedule network 046290ff-0e09-4884-836b-94c0600ed8cf: no agents available; will retry on subsequent port and subnet creation events. /var/lib/openstack/lib/python3.10/site-packages/pycadf/identifier.py:71: UserWarning: Invalid uuid: neutron. To ensure interoperability, identifiers should be a valid uuid. warnings.warn(('Invalid uuid: %s. To ensure interoperability, '
2026-07-01 02:04:48.403 9 INFO neutron.notifiers.nova [-] Nova event matching ['req-3823fecb-ae1d-40a3-a680-ea5d4bf6fef4'] response: {'name': 'network-changed', 'server_uuid': '23bca415-c775-47bb-95cb-e9a8c78fcf84', 'tag': '150098e3-8b01-4c66-981f-5e4fd09b46fa', 'status': 'completed', 'code': 200}
2026-07-01 02:04:48.445 9 INFO neutron.wsgi [req-b286daeb-4e79-45d7-b00d-7fa05852ec60 req-b5a49093-1fc0-48b2-9970-7e4643be08d0 e3503a8fd7274b6bad92b0fbd20c2093 e11b4a4e282049b79a77ebaf177de5fe - - d6c4b691307344b8915061b9356c99b5 d6c4b691307344b8915061b9356c99b5] 199.204.45.235 "GET /v2.0/ports?tenant_id=9e5db2ec0a564afc9ed82c5d25845477&device_id=23bca415-c775-47bb-95cb-e9a8c78fcf84 HTTP/1.1" status: 200 len: 1446 time: 0.0615721
2026-07-01 02:04:48.484 9 INFO neutron.wsgi [req-b286daeb-4e79-45d7-b00d-7fa05852ec60 req-e807f5e1-b339-4fbb-b3fc-a12eb880e900 e3503a8fd7274b6bad92b0fbd20c2093 e11b4a4e282049b79a77ebaf177de5fe - - d6c4b691307344b8915061b9356c99b5 d6c4b691307344b8915061b9356c99b5] 199.204.45.235 "GET /v2.0/floatingips?fixed_ip_address=10.100.0.7&port_id=150098e3-8b01-4c66-981f-5e4fd09b46fa HTTP/1.1" status: 200 len: 217 time: 0.0275042
2026-07-01 02:04:48.503 9 INFO neutron.db.ovn_revision_numbers_db [None req-729e8419-a420-4ea5-a856-bc80cf837f74 ccc0f861a68a476a966549fecb202b7e 2fbdd45c1aff4b40a98a28e20203a351 - - default default] Successfully bumped revision number for resource abc7076c-0cda-4994-8a06-0e40d29c83d2 (type: ports) to 1
2026-07-01 02:04:48.529 9 INFO neutron.wsgi [req-b286daeb-4e79-45d7-b00d-7fa05852ec60 req-788149a3-7d9b-4e57-95a0-e465a46096f8 e3503a8fd7274b6bad92b0fbd20c2093 e11b4a4e282049b79a77ebaf177de5fe - - d6c4b691307344b8915061b9356c99b5 d6c4b691307344b8915061b9356c99b5] 199.204.45.235 "GET /v2.0/subnets?id=34589c0a-17f8-42e2-a092-0f23dcb97b6e HTTP/1.1" status: 200 len: 866 time: 0.0389552
2026-07-01 02:04:48.531 9 INFO neutron.wsgi [None req-729e8419-a420-4ea5-a856-bc80cf837f74 ccc0f861a68a476a966549fecb202b7e 2fbdd45c1aff4b40a98a28e20203a351 - - default default] 10.0.0.206 "POST /v2.0/networks HTTP/1.1" status: 201 len: 848 time: 0.7729068
2026-07-01 02:04:48.548 9 WARNING neutron_lib.context [None req-6c0eb452-94d2-46fb-acd0-33c7233cc4c7 ccc0f861a68a476a966549fecb202b7e 2fbdd45c1aff4b40a98a28e20203a351 - - default default] Method 'is_advsvc' is deprecated since 2023.2 release (neutron-lib 3.8.0) and will be removed once support for the old RBAC API policies will be removed from Neutron. Please use method 'is_service_role' instead.
2026-07-01 02:04:48.560 10 INFO neutron.wsgi [None req-82422210-35b8-465a-b252-3eb45fef46aa b2fec5bbb7ce4ee09fb7e2006c3ed054 a50e1318266f4fd6bba7c9b3e60ebbcf - - default default] 10.0.0.206 "GET /v2.0/ports/8db7cd8b-ed7c-4c42-a38d-900d88ace804 HTTP/1.1" status: 200 len: 1147 time: 0.0420356
2026-07-01 02:04:48.564 9 INFO neutron.wsgi [req-b286daeb-4e79-45d7-b00d-7fa05852ec60 req-7552c826-4a53-4611-b250-c16b6128cfb3 e3503a8fd7274b6bad92b0fbd20c2093 e11b4a4e282049b79a77ebaf177de5fe - - d6c4b691307344b8915061b9356c99b5 d6c4b691307344b8915061b9356c99b5] 199.204.45.235 "GET /v2.0/ports?network_id=711e5831-59b5-48c6-b53b-8c0a348a4ac0&device_owner=network%3Adhcp HTTP/1.1" status: 200 len: 210 time: 0.0291157
2026-07-01 02:04:48.595 10 INFO neutron.services.segments.plugin [-] Segment 37877407-c23d-4a8f-a7da-77be9df73074 resource provider aggregate not found
2026-07-01 02:04:48.599 10 INFO neutron.services.segments.plugin [-] Segment 37877407-c23d-4a8f-a7da-77be9df73074 resource provider aggregate not found
2026-07-01 02:04:48.608 9 WARNING neutron_lib.context [None req-6c0eb452-94d2-46fb-acd0-33c7233cc4c7 ccc0f861a68a476a966549fecb202b7e 2fbdd45c1aff4b40a98a28e20203a351 - - default default] Method 'is_advsvc' is deprecated since 2023.2 release (neutron-lib 3.8.0) and will be removed once support for the old RBAC API policies will be removed from Neutron. Please use method 'is_service_role' instead.
2026-07-01 02:04:48.611 10 INFO neutron.services.segments.plugin [-] Segment 37877407-c23d-4a8f-a7da-77be9df73074 resource provider not found; error: Placement Client Error (4xx): {"errors": [{"status": 404, "title": "Not Found", "detail": "The resource could not be found.\n\n No resource provider with uuid 37877407-c23d-4a8f-a7da-77be9df73074 found for delete ", "request_id": "req-87e86b72-4598-45d9-a5f6-4d463c8c2f34"}]}
2026-07-01 02:04:48.613 10 INFO neutron.services.segments.plugin [-] Segment 37877407-c23d-4a8f-a7da-77be9df73074 resource provider not found; error: Placement Client Error (4xx): {"errors": [{"status": 404, "title": "Not Found", "detail": "The resource could not be found.\n\n No resource provider with uuid 37877407-c23d-4a8f-a7da-77be9df73074 found for delete ", "request_id": "req-e86468fc-9bba-4ff1-ac91-81ab32cd863b"}]}
2026-07-01 02:04:48.635 10 INFO neutron.wsgi [None req-c135dd46-551a-4dc3-b874-a42c569bfe8f 3a06f731e618455ca3d3ad35b14cdd69 b047d7f04d9e4d1fbd95e36c013cb6eb - - default default] 10.0.0.206 "DELETE /v2.0/networks/95f9b63b-7012-47f1-b415-49aca2cd196a HTTP/1.1" status: 204 len: 168 time: 0.4193573
2026-07-01 02:04:48.650 9 INFO neutron.wsgi [req-b286daeb-4e79-45d7-b00d-7fa05852ec60 req-7278d0d1-df7e-4f8a-b928-c30ef0c63f2a e3503a8fd7274b6bad92b0fbd20c2093 e11b4a4e282049b79a77ebaf177de5fe - - d6c4b691307344b8915061b9356c99b5 d6c4b691307344b8915061b9356c99b5] 199.204.45.235 "GET /v2.0/networks/711e5831-59b5-48c6-b53b-8c0a348a4ac0?fields=segments HTTP/1.1" status: 200 len: 212 time: 0.0758233
2026-07-01 02:04:48.651 10 WARNING neutron_lib.context [None req-9e0b5d0a-3bfa-43b3-9a71-edb191ecd43a 3a06f731e618455ca3d3ad35b14cdd69 b047d7f04d9e4d1fbd95e36c013cb6eb - - default default] Method 'is_advsvc' is deprecated since 2023.2 release (neutron-lib 3.8.0) and will be removed once support for the old RBAC API policies will be removed from Neutron. Please use method 'is_service_role' instead.
2026-07-01 02:04:48.726 9 INFO neutron.wsgi [req-b286daeb-4e79-45d7-b00d-7fa05852ec60 req-88e3f7da-4ed6-40ce-913a-b2f0f6d2887a e3503a8fd7274b6bad92b0fbd20c2093 e11b4a4e282049b79a77ebaf177de5fe - - d6c4b691307344b8915061b9356c99b5 d6c4b691307344b8915061b9356c99b5] 199.204.45.235 "GET /v2.0/networks/711e5831-59b5-48c6-b53b-8c0a348a4ac0?fields=provider%3Aphysical_network&fields=provider%3Anetwork_type HTTP/1.1" status: 200 len: 277 time: 0.0682771
2026-07-01 02:04:48.733 10 INFO neutron.db.segments_db [None req-9e0b5d0a-3bfa-43b3-9a71-edb191ecd43a 3a06f731e618455ca3d3ad35b14cdd69 b047d7f04d9e4d1fbd95e36c013cb6eb - - default default] Added segment bd30bdd8-4b1f-4c9d-9fea-f715cfb06970 of type geneve for network 8ad6f2fd-cfc1-4e1b-a37d-f35d3b673dfa
2026-07-01 02:04:48.862 10 INFO neutron.db.ovn_revision_numbers_db [None req-9e0b5d0a-3bfa-43b3-9a71-edb191ecd43a 3a06f731e618455ca3d3ad35b14cdd69 b047d7f04d9e4d1fbd95e36c013cb6eb - - default default] Successfully bumped revision number for resource 8ad6f2fd-cfc1-4e1b-a37d-f35d3b673dfa (type: networks) to 1
2026-07-01 02:04:48.915 9 INFO neutron.wsgi [req-da75212d-4c27-4924-99ea-b8a80cdd7728 req-060df13d-5c0f-40a8-bd00-7de201324709 e3503a8fd7274b6bad92b0fbd20c2093 e11b4a4e282049b79a77ebaf177de5fe - - d6c4b691307344b8915061b9356c99b5 d6c4b691307344b8915061b9356c99b5] 199.204.45.235 "GET /v2.0/ports?tenant_id=9e5db2ec0a564afc9ed82c5d25845477&device_id=23bca415-c775-47bb-95cb-e9a8c78fcf84 HTTP/1.1" status: 200 len: 1446 time: 0.0442328
2026-07-01 02:04:48.988 10 INFO neutron.wsgi [req-6240bf23-0606-492e-a207-f349fc82335c req-dbdba1d8-6c92-4a37-9b16-b0593896045f f2980b1474dd4ed686a5a85b0934faa2 9e5db2ec0a564afc9ed82c5d25845477 - - default default] 10.0.0.89 "GET /v2.0/ports?device_id=23bca415-c775-47bb-95cb-e9a8c78fcf84 HTTP/1.1" status: 200 len: 1208 time: 0.0583901 /var/lib/openstack/lib/python3.10/site-packages/pycadf/identifier.py:71: UserWarning: Invalid uuid: neutron. To ensure interoperability, identifiers should be a valid uuid. warnings.warn(('Invalid uuid: %s. To ensure interoperability, '
2026-07-01 02:04:49.020 9 INFO neutron.wsgi [req-da75212d-4c27-4924-99ea-b8a80cdd7728 req-a44fffbb-c8dd-4c46-b4d8-e76bdda09e0a e3503a8fd7274b6bad92b0fbd20c2093 e11b4a4e282049b79a77ebaf177de5fe - - d6c4b691307344b8915061b9356c99b5 d6c4b691307344b8915061b9356c99b5] 199.204.45.235 "GET /v2.0/networks?id=711e5831-59b5-48c6-b53b-8c0a348a4ac0 HTTP/1.1" status: 200 len: 971 time: 0.0972025
2026-07-01 02:04:49.056 10 INFO neutron.wsgi [req-6240bf23-0606-492e-a207-f349fc82335c req-01dad071-44dd-40a2-9e4d-f53b881f0013 f2980b1474dd4ed686a5a85b0934faa2 9e5db2ec0a564afc9ed82c5d25845477 - - default default] 10.0.0.89 "GET /v2.0/security-groups?id=4105a388-de73-494a-8ac8-163f2961479e&id=9042b896-4923-4288-8eb9-e6b53c1d1d9e&fields=id&fields=name HTTP/1.1" status: 200 len: 406 time: 0.0578787
2026-07-01 02:04:49.057 9 INFO neutron.wsgi [req-3d36de61-c540-4843-b3ae-25e2c42c54c6 req-ffc69790-8c20-4d5b-b563-defd06af8c87 e3503a8fd7274b6bad92b0fbd20c2093 e11b4a4e282049b79a77ebaf177de5fe - - d6c4b691307344b8915061b9356c99b5 d6c4b691307344b8915061b9356c99b5] 199.204.45.235 "GET /v2.0/ports?device_id=23bca415-c775-47bb-95cb-e9a8c78fcf84 HTTP/1.1" status: 200 len: 1446 time: 0.0712476
2026-07-01 02:04:49.059 9 INFO neutron.wsgi [req-da75212d-4c27-4924-99ea-b8a80cdd7728 req-b12d2557-bb40-42da-a484-eebf1d716e37 e3503a8fd7274b6bad92b0fbd20c2093 e11b4a4e282049b79a77ebaf177de5fe - - d6c4b691307344b8915061b9356c99b5 d6c4b691307344b8915061b9356c99b5] 199.204.45.235 "GET /v2.0/floatingips?fixed_ip_address=10.100.0.7&port_id=150098e3-8b01-4c66-981f-5e4fd09b46fa HTTP/1.1" status: 200 len: 217 time: 0.0330529
2026-07-01 02:04:49.088 10 WARNING neutron.scheduler.dhcp_agent_scheduler [None req-9e0b5d0a-3bfa-43b3-9a71-edb191ecd43a 3a06f731e618455ca3d3ad35b14cdd69 b047d7f04d9e4d1fbd95e36c013cb6eb - - default default] No more DHCP agents
2026-07-01 02:04:49.091 10 WARNING neutron.api.rpc.agentnotifiers.dhcp_rpc_agent_api [None req-9e0b5d0a-3bfa-43b3-9a71-edb191ecd43a 3a06f731e618455ca3d3ad35b14cdd69 b047d7f04d9e4d1fbd95e36c013cb6eb - - default default] Unable to schedule network 8ad6f2fd-cfc1-4e1b-a37d-f35d3b673dfa: no agents available; will retry on subsequent port and subnet creation events.
2026-07-01 02:04:49.196 10 INFO neutron.db.ovn_revision_numbers_db [None req-9e0b5d0a-3bfa-43b3-9a71-edb191ecd43a 3a06f731e618455ca3d3ad35b14cdd69 b047d7f04d9e4d1fbd95e36c013cb6eb - - default default] Successfully bumped revision number for resource 600eacba-3bf4-4464-ad74-bb226c936412 (type: ports) to 1
2026-07-01 02:04:49.225 10 INFO neutron.wsgi [None req-9e0b5d0a-3bfa-43b3-9a71-edb191ecd43a 3a06f731e618455ca3d3ad35b14cdd69 b047d7f04d9e4d1fbd95e36c013cb6eb - - default default] 10.0.0.206 "POST /v2.0/networks HTTP/1.1" status: 201 len: 831 time: 0.5798035
2026-07-01 02:04:49.238 10 WARNING neutron_lib.context [None req-e659456e-234a-4082-a1cc-73f7f816457d 3a06f731e618455ca3d3ad35b14cdd69 b047d7f04d9e4d1fbd95e36c013cb6eb - - default default] Method 'is_advsvc' is deprecated since 2023.2 release (neutron-lib 3.8.0) and will be removed once support for the old RBAC API policies will be removed from Neutron. Please use method 'is_service_role' instead.
2026-07-01 02:04:49.336 9 INFO neutron.wsgi [req-da75212d-4c27-4924-99ea-b8a80cdd7728 req-f045524e-60f4-457d-ac11-75d84464459a e3503a8fd7274b6bad92b0fbd20c2093 e11b4a4e282049b79a77ebaf177de5fe - - d6c4b691307344b8915061b9356c99b5 d6c4b691307344b8915061b9356c99b5] 199.204.45.235 "GET /v2.0/subnets?id=34589c0a-17f8-42e2-a092-0f23dcb97b6e HTTP/1.1" status: 200 len: 866 time: 0.2690406
2026-07-01 02:04:49.345 9 INFO neutron.wsgi [req-3d36de61-c540-4843-b3ae-25e2c42c54c6 req-7b26fdbe-cd00-49cf-8241-a3339c807ea6 e3503a8fd7274b6bad92b0fbd20c2093 e11b4a4e282049b79a77ebaf177de5fe - - d6c4b691307344b8915061b9356c99b5 d6c4b691307344b8915061b9356c99b5] 199.204.45.235 "GET /v2.0/security-groups?id=9042b896-4923-4288-8eb9-e6b53c1d1d9e&id=4105a388-de73-494a-8ac8-163f2961479e&fields=id&fields=name HTTP/1.1" status: 200 len: 406 time: 0.2793424
2026-07-01 02:04:49.374 9 INFO neutron.wsgi [req-da75212d-4c27-4924-99ea-b8a80cdd7728 req-63436617-fb59-45a0-9f5b-e60fb2f6a469 e3503a8fd7274b6bad92b0fbd20c2093 e11b4a4e282049b79a77ebaf177de5fe - - d6c4b691307344b8915061b9356c99b5 d6c4b691307344b8915061b9356c99b5] 199.204.45.235 "GET /v2.0/ports?network_id=711e5831-59b5-48c6-b53b-8c0a348a4ac0&device_owner=network%3Adhcp HTTP/1.1" status: 200 len: 210 time: 0.0282874 /var/lib/openstack/lib/python3.10/site-packages/pycadf/identifier.py:71: UserWarning: Invalid uuid: neutron. To ensure interoperability, identifiers should be a valid uuid. warnings.warn(('Invalid uuid: %s. To ensure interoperability, '
2026-07-01 02:04:49.438 9 WARNING neutron.scheduler.dhcp_agent_scheduler [None req-6c0eb452-94d2-46fb-acd0-33c7233cc4c7 ccc0f861a68a476a966549fecb202b7e 2fbdd45c1aff4b40a98a28e20203a351 - - default default] No more DHCP agents
2026-07-01 02:04:49.453 9 WARNING neutron.api.rpc.agentnotifiers.dhcp_rpc_agent_api [None req-6c0eb452-94d2-46fb-acd0-33c7233cc4c7 ccc0f861a68a476a966549fecb202b7e 2fbdd45c1aff4b40a98a28e20203a351 - - default default] Unable to schedule network 8d0b51ee-8dab-469e-8503-fc6e524126c5: no agents available; will retry on subsequent port and subnet creation events.
2026-07-01 02:04:49.458 10 INFO neutron.plugins.ml2.drivers.ovn.mech_driver.mech_driver [None req-73ebf767-1868-48ed-b5e0-2cc563547756 - - - - - -] OVN reports status up for port: 150098e3-8b01-4c66-981f-5e4fd09b46fa
2026-07-01 02:04:49.475 9 INFO neutron.wsgi [req-da75212d-4c27-4924-99ea-b8a80cdd7728 req-ee759025-5d0a-4752-a128-5f93723365b4 e3503a8fd7274b6bad92b0fbd20c2093 e11b4a4e282049b79a77ebaf177de5fe - - d6c4b691307344b8915061b9356c99b5 d6c4b691307344b8915061b9356c99b5] 199.204.45.235 "GET /v2.0/networks/711e5831-59b5-48c6-b53b-8c0a348a4ac0?fields=segments HTTP/1.1" status: 200 len: 212 time: 0.0938530
2026-07-01 02:04:49.480 10 INFO neutron.plugins.ml2.plugin [None req-73ebf767-1868-48ed-b5e0-2cc563547756 - - - - - -] Attempt 1 to provision port 150098e3-8b01-4c66-981f-5e4fd09b46fa /var/lib/openstack/lib/python3.10/site-packages/pycadf/identifier.py:71: UserWarning: Invalid uuid: neutron. To ensure interoperability, identifiers should be a valid uuid. warnings.warn(('Invalid uuid: %s. To ensure interoperability, '
2026-07-01 02:04:49.556 10 WARNING neutron.scheduler.dhcp_agent_scheduler [None req-e659456e-234a-4082-a1cc-73f7f816457d 3a06f731e618455ca3d3ad35b14cdd69 b047d7f04d9e4d1fbd95e36c013cb6eb - - default default] No more DHCP agents
2026-07-01 02:04:49.563 10 WARNING neutron.api.rpc.agentnotifiers.dhcp_rpc_agent_api [None req-e659456e-234a-4082-a1cc-73f7f816457d 3a06f731e618455ca3d3ad35b14cdd69 b047d7f04d9e4d1fbd95e36c013cb6eb - - default default] Unable to schedule network 8ad6f2fd-cfc1-4e1b-a37d-f35d3b673dfa: no agents available; will retry on subsequent port and subnet creation events.
2026-07-01 02:04:49.656 9 INFO neutron.wsgi [req-da75212d-4c27-4924-99ea-b8a80cdd7728 req-eb2a222d-9ba7-40c2-91e7-8bb383eae4c0 e3503a8fd7274b6bad92b0fbd20c2093 e11b4a4e282049b79a77ebaf177de5fe - - d6c4b691307344b8915061b9356c99b5 d6c4b691307344b8915061b9356c99b5] 199.204.45.235 "GET /v2.0/networks/711e5831-59b5-48c6-b53b-8c0a348a4ac0?fields=provider%3Aphysical_network&fields=provider%3Anetwork_type HTTP/1.1" status: 200 len: 277 time: 0.1591103
2026-07-01 02:04:49.681 9 INFO neutron.db.ovn_revision_numbers_db [None req-6c0eb452-94d2-46fb-acd0-33c7233cc4c7 ccc0f861a68a476a966549fecb202b7e 2fbdd45c1aff4b40a98a28e20203a351 - - default default] Successfully bumped revision number for resource fc618e1f-2c71-4e8e-9faf-e99b94abff52 (type: ports) to 1
2026-07-01 02:04:49.705 10 INFO neutron.notifiers.nova [-] Nova event matching ['req-7ab1961d-815e-4c77-bebc-36c55b056202'] response: {'server_uuid': '23bca415-c775-47bb-95cb-e9a8c78fcf84', 'name': 'network-vif-plugged', 'status': 'completed', 'tag': '150098e3-8b01-4c66-981f-5e4fd09b46fa', 'code': 200}
2026-07-01 02:04:49.717 9 INFO neutron.wsgi [None req-cc136d2f-4a81-418e-8b5d-6d30b773bd20 b2fec5bbb7ce4ee09fb7e2006c3ed054 a50e1318266f4fd6bba7c9b3e60ebbcf - - default default] 10.0.0.206 "GET /v2.0/ports/8db7cd8b-ed7c-4c42-a38d-900d88ace804 HTTP/1.1" status: 200 len: 1147 time: 0.1474752
2026-07-01 02:04:49.721 9 WARNING neutron.scheduler.dhcp_agent_scheduler [None req-6c0eb452-94d2-46fb-acd0-33c7233cc4c7 ccc0f861a68a476a966549fecb202b7e 2fbdd45c1aff4b40a98a28e20203a351 - - default default] No more DHCP agents
2026-07-01 02:04:49.723 9 WARNING neutron.api.rpc.agentnotifiers.dhcp_rpc_agent_api [None req-6c0eb452-94d2-46fb-acd0-33c7233cc4c7 ccc0f861a68a476a966549fecb202b7e 2fbdd45c1aff4b40a98a28e20203a351 - - default default] Unable to schedule network 046290ff-0e09-4884-836b-94c0600ed8cf: no agents available; will retry on subsequent port and subnet creation events.
2026-07-01 02:04:49.885 9 INFO neutron.db.ovn_revision_numbers_db [None req-6c0eb452-94d2-46fb-acd0-33c7233cc4c7 ccc0f861a68a476a966549fecb202b7e 2fbdd45c1aff4b40a98a28e20203a351 - - default default] Successfully bumped revision number for resource 1c9bd5e7-5344-4281-8285-87ed4d7321d6 (type: ports) to 1
2026-07-01 02:04:49.941 9 INFO neutron.wsgi [None req-6c0eb452-94d2-46fb-acd0-33c7233cc4c7 ccc0f861a68a476a966549fecb202b7e 2fbdd45c1aff4b40a98a28e20203a351 - - default default] 10.0.0.206 "POST /v2.0/ports HTTP/1.1" status: 201 len: 1705 time: 1.4049056
2026-07-01 02:04:49.945 10 INFO neutron.db.ovn_revision_numbers_db [None req-73ebf767-1868-48ed-b5e0-2cc563547756 - - - - - -] Successfully bumped revision number for resource 150098e3-8b01-4c66-981f-5e4fd09b46fa (type: ports) to 4 /var/lib/openstack/lib/python3.10/site-packages/pycadf/identifier.py:71: UserWarning: Invalid uuid: neutron. To ensure interoperability, identifiers should be a valid uuid. warnings.warn(('Invalid uuid: %s. To ensure interoperability, ' /var/lib/openstack/lib/python3.10/site-packages/pycadf/identifier.py:71: UserWarning: Invalid uuid: neutron. To ensure interoperability, identifiers should be a valid uuid. warnings.warn(('Invalid uuid: %s. To ensure interoperability, '
2026-07-01 02:04:50.123 9 INFO neutron.wsgi [None req-7890f118-a48c-4816-a7ec-e26eca037a10 ccc0f861a68a476a966549fecb202b7e 2fbdd45c1aff4b40a98a28e20203a351 - - default default] 10.0.0.206 "GET /v2.0/ports HTTP/1.1" status: 200 len: 3212 time: 0.1764870
2026-07-01 02:04:50.170 10 INFO neutron.wsgi [req-c5027e30-2a85-45fa-8ab9-6fa71858afef req-380caf2a-b3d3-4df1-bf86-5397c665c404 f2980b1474dd4ed686a5a85b0934faa2 9e5db2ec0a564afc9ed82c5d25845477 - - default default] 10.0.0.89 "GET /v2.0/ports?device_id=23bca415-c775-47bb-95cb-e9a8c78fcf84 HTTP/1.1" status: 200 len: 1210 time: 0.0555382
2026-07-01 02:04:50.242 10 INFO neutron.wsgi [req-c5027e30-2a85-45fa-8ab9-6fa71858afef req-dafeba8e-c814-4a3f-bd02-d913b957e9b7 f2980b1474dd4ed686a5a85b0934faa2 9e5db2ec0a564afc9ed82c5d25845477 - - default default] 10.0.0.89 "GET /v2.0/security-groups?id=4105a388-de73-494a-8ac8-163f2961479e&id=9042b896-4923-4288-8eb9-e6b53c1d1d9e&fields=id&fields=name HTTP/1.1" status: 200 len: 406 time: 0.0662272
2026-07-01 02:04:50.271 10 INFO neutron.db.ovn_revision_numbers_db [None req-e659456e-234a-4082-a1cc-73f7f816457d 3a06f731e618455ca3d3ad35b14cdd69 b047d7f04d9e4d1fbd95e36c013cb6eb - - default default] Successfully bumped revision number for resource 600eacba-3bf4-4464-ad74-bb226c936412 (type: ports) to 2
2026-07-01 02:04:50.325 10 INFO neutron.db.ovn_revision_numbers_db [None req-e659456e-234a-4082-a1cc-73f7f816457d 3a06f731e618455ca3d3ad35b14cdd69 b047d7f04d9e4d1fbd95e36c013cb6eb - - default default] Successfully bumped revision number for resource 4b318935-7e2b-4c47-927a-be241fc27f60 (type: subnets) to 0
2026-07-01 02:04:50.344 10 INFO neutron.wsgi [None req-e659456e-234a-4082-a1cc-73f7f816457d 3a06f731e618455ca3d3ad35b14cdd69 b047d7f04d9e4d1fbd95e36c013cb6eb - - default default] 10.0.0.206 "POST /v2.0/subnets HTTP/1.1" status: 201 len: 801 time: 1.1139960
2026-07-01 02:04:50.355 10 WARNING neutron_lib.context [None req-b2cf4b88-dd01-4dd3-b901-5c1caa596ff9 3a06f731e618455ca3d3ad35b14cdd69 b047d7f04d9e4d1fbd95e36c013cb6eb - - default default] Method 'is_advsvc' is deprecated since 2023.2 release (neutron-lib 3.8.0) and will be removed once support for the old RBAC API policies will be removed from Neutron. Please use method 'is_service_role' instead.
2026-07-01 02:04:50.437 9 INFO neutron.wsgi [None req-ec2d7c30-1dc2-4c14-90a7-94476537bfc9 ccc0f861a68a476a966549fecb202b7e 2fbdd45c1aff4b40a98a28e20203a351 - - default default] 10.0.0.206 "DELETE /v2.0/ports/fc618e1f-2c71-4e8e-9faf-e99b94abff52 HTTP/1.1" status: 204 len: 168 time: 0.3133645
2026-07-01 02:04:50.690 10 WARNING neutron.scheduler.dhcp_agent_scheduler [None req-b2cf4b88-dd01-4dd3-b901-5c1caa596ff9 3a06f731e618455ca3d3ad35b14cdd69 b047d7f04d9e4d1fbd95e36c013cb6eb - - default default] No more DHCP agents
2026-07-01 02:04:50.692 10 WARNING neutron.api.rpc.agentnotifiers.dhcp_rpc_agent_api [None req-b2cf4b88-dd01-4dd3-b901-5c1caa596ff9 3a06f731e618455ca3d3ad35b14cdd69 b047d7f04d9e4d1fbd95e36c013cb6eb - - default default] Unable to schedule network 8ad6f2fd-cfc1-4e1b-a37d-f35d3b673dfa: no agents available; will retry on subsequent port and subnet creation events.
2026-07-01 02:04:50.701 9 INFO neutron.wsgi [None req-cf5d6ba9-c305-4075-8d69-30314022b912 ccc0f861a68a476a966549fecb202b7e 2fbdd45c1aff4b40a98a28e20203a351 - - default default] 10.0.0.206 "DELETE /v2.0/ports/1c9bd5e7-5344-4281-8285-87ed4d7321d6 HTTP/1.1" status: 204 len: 168 time: 0.2587802
2026-07-01 02:04:50.757 9 INFO neutron.wsgi [None req-2e5ecb87-965c-4e2f-bf30-abb6ca3d8209 ccc0f861a68a476a966549fecb202b7e 2fbdd45c1aff4b40a98a28e20203a351 - - default default] 10.0.0.206 "GET /v2.0/ports HTTP/1.1" status: 200 len: 1718 time: 0.0520635
2026-07-01 02:04:50.773 9 WARNING neutron_lib.context [None req-7fd6f079-9528-4075-a3f7-c313204951ee ccc0f861a68a476a966549fecb202b7e 2fbdd45c1aff4b40a98a28e20203a351 - - default default] Method 'is_advsvc' is deprecated since 2023.2 release (neutron-lib 3.8.0) and will be removed once support for the old RBAC API policies will be removed from Neutron. Please use method 'is_service_role' instead.
2026-07-01 02:04:50.782 9 INFO neutron.wsgi [None req-3f7a2038-d8e9-44ca-b9e1-56973f9c65c4 b2fec5bbb7ce4ee09fb7e2006c3ed054 a50e1318266f4fd6bba7c9b3e60ebbcf - - default default] 10.0.0.206 "GET /v2.0/ports/8db7cd8b-ed7c-4c42-a38d-900d88ace804 HTTP/1.1" status: 200 len: 1147 time: 0.0574622
2026-07-01 02:04:50.863 9 INFO neutron.db.segments_db [None req-7fd6f079-9528-4075-a3f7-c313204951ee ccc0f861a68a476a966549fecb202b7e 2fbdd45c1aff4b40a98a28e20203a351 - - default default] Added segment f66c89a7-7ce0-4b56-98b3-999fe3087d12 of type geneve for network 698d88a1-f9c3-405d-8aca-4d8ecae8237d
2026-07-01 02:04:50.904 10 INFO neutron.db.ovn_revision_numbers_db [None req-b2cf4b88-dd01-4dd3-b901-5c1caa596ff9 3a06f731e618455ca3d3ad35b14cdd69 b047d7f04d9e4d1fbd95e36c013cb6eb - - default default] Successfully bumped revision number for resource 665d8ff4-c97d-4d29-8bcb-fc2d3e8405e9 (type: ports) to 1
2026-07-01 02:04:50.956 10 INFO neutron.wsgi [None req-b2cf4b88-dd01-4dd3-b901-5c1caa596ff9 3a06f731e618455ca3d3ad35b14cdd69 b047d7f04d9e4d1fbd95e36c013cb6eb - - default default] 10.0.0.206 "POST /v2.0/ports HTTP/1.1" status: 201 len: 1111 time: 0.6058967
2026-07-01 02:04:51.009 9 INFO neutron.db.ovn_revision_numbers_db [None req-7fd6f079-9528-4075-a3f7-c313204951ee ccc0f861a68a476a966549fecb202b7e 2fbdd45c1aff4b40a98a28e20203a351 - - default default] Successfully bumped revision number for resource 698d88a1-f9c3-405d-8aca-4d8ecae8237d (type: networks) to 1
2026-07-01 02:04:51.185 9 WARNING neutron.scheduler.dhcp_agent_scheduler [None req-7fd6f079-9528-4075-a3f7-c313204951ee ccc0f861a68a476a966549fecb202b7e 2fbdd45c1aff4b40a98a28e20203a351 - - default default] No more DHCP agents
2026-07-01 02:04:51.186 9 WARNING neutron.api.rpc.agentnotifiers.dhcp_rpc_agent_api [None req-7fd6f079-9528-4075-a3f7-c313204951ee ccc0f861a68a476a966549fecb202b7e 2fbdd45c1aff4b40a98a28e20203a351 - - default default] Unable to schedule network 698d88a1-f9c3-405d-8aca-4d8ecae8237d: no agents available; will retry on subsequent port and subnet creation events.
2026-07-01 02:04:51.291 9 WARNING neutron.plugins.ml2.drivers.ovn.mech_driver.ovsdb.ovn_client [None req-048e853a-c288-4bf9-a660-befce609003b - - - - - -] No hosting information found for port e7bd2545-3486-4433-99b3-6772441f7e96: RuntimeError: No hosting information found for port e7bd2545-3486-4433-99b3-6772441f7e96
2026-07-01 02:04:51.293 9 INFO neutron.plugins.ml2.drivers.ovn.mech_driver.mech_driver [None req-048e853a-c288-4bf9-a660-befce609003b - - - - - -] OVN reports status up for port: 8db7cd8b-ed7c-4c42-a38d-900d88ace804
2026-07-01 02:04:51.299 9 INFO neutron.db.ovn_revision_numbers_db [None req-7fd6f079-9528-4075-a3f7-c313204951ee ccc0f861a68a476a966549fecb202b7e 2fbdd45c1aff4b40a98a28e20203a351 - - default default] Successfully bumped revision number for resource 95db343d-e61d-4bec-b5ae-f38dcccba29e (type: ports) to 1
2026-07-01 02:04:51.316 9 INFO neutron.plugins.ml2.plugin [None req-048e853a-c288-4bf9-a660-befce609003b - - - - - -] Attempt 1 to provision port 8db7cd8b-ed7c-4c42-a38d-900d88ace804
2026-07-01 02:04:51.336 9 INFO neutron.wsgi [None req-7fd6f079-9528-4075-a3f7-c313204951ee ccc0f861a68a476a966549fecb202b7e 2fbdd45c1aff4b40a98a28e20203a351 - - default default] 10.0.0.206 "POST /v2.0/networks HTTP/1.1" status: 201 len: 849 time: 0.5704329
2026-07-01 02:04:51.346 10 WARNING neutron_lib.context [None req-1f52f1fb-e63c-4d96-9789-0022aea64574 ccc0f861a68a476a966549fecb202b7e 2fbdd45c1aff4b40a98a28e20203a351 - - default default] Method 'is_advsvc' is deprecated since 2023.2 release (neutron-lib 3.8.0) and will be removed once support for the old RBAC API policies will be removed from Neutron. Please use method 'is_service_role' instead.
2026-07-01 02:04:51.352 10 INFO neutron.wsgi [None req-37e43223-88ca-496a-bace-4a1daf2ac435 3a06f731e618455ca3d3ad35b14cdd69 b047d7f04d9e4d1fbd95e36c013cb6eb - - default default] 10.0.0.206 "DELETE /v2.0/ports/665d8ff4-c97d-4d29-8bcb-fc2d3e8405e9 HTTP/1.1" status: 204 len: 168 time: 0.3916514
2026-07-01 02:04:51.377 10 INFO neutron.pecan_wsgi.hooks.translation [None req-a55bf7a3-baa6-4523-921d-64f8a9d9a7bc 3a06f731e618455ca3d3ad35b14cdd69 b047d7f04d9e4d1fbd95e36c013cb6eb - - default default] GET failed (client error): The resource could not be found.
2026-07-01 02:04:51.378 10 INFO neutron.wsgi [None req-a55bf7a3-baa6-4523-921d-64f8a9d9a7bc 3a06f731e618455ca3d3ad35b14cdd69 b047d7f04d9e4d1fbd95e36c013cb6eb - - default default] 10.0.0.206 "GET /v2.0/ports/665d8ff4-c97d-4d29-8bcb-fc2d3e8405e9 HTTP/1.1" status: 404 len: 333 time: 0.0212646
2026-07-01 02:04:51.454 9 INFO neutron.wsgi [req-91e80903-edfe-40d3-b41d-753cc991caae req-274d87c1-a02e-4341-b926-a8d8991162e6 f2980b1474dd4ed686a5a85b0934faa2 9e5db2ec0a564afc9ed82c5d25845477 - - default default] 10.0.0.89 "GET /v2.0/ports?device_id=23bca415-c775-47bb-95cb-e9a8c78fcf84 HTTP/1.1" status: 200 len: 1210 time: 0.1171825
2026-07-01 02:04:51.480 10 INFO neutron.db.segments_db [None req-1f52f1fb-e63c-4d96-9789-0022aea64574 ccc0f861a68a476a966549fecb202b7e 2fbdd45c1aff4b40a98a28e20203a351 - - default default] Added segment 9fc911b2-6553-44ad-b817-1efc813092cc of type geneve for network 2dead20f-f911-4b97-b4e4-a84384e5995c
2026-07-01 02:04:51.540 9 INFO neutron.wsgi [req-91e80903-edfe-40d3-b41d-753cc991caae req-6cf4da11-b5b8-4de3-8ed5-290d7589fd93 f2980b1474dd4ed686a5a85b0934faa2 9e5db2ec0a564afc9ed82c5d25845477 - - default default] 10.0.0.89 "GET /v2.0/security-groups?id=4105a388-de73-494a-8ac8-163f2961479e&id=9042b896-4923-4288-8eb9-e6b53c1d1d9e&fields=id&fields=name HTTP/1.1" status: 200 len: 406 time: 0.0794070
2026-07-01 02:04:51.663 10 INFO neutron.wsgi [req-29bd0d95-82c9-4687-8eb6-816e3cd0d789 req-4c34206a-5975-4a32-a26a-286becf1b2d1 f2980b1474dd4ed686a5a85b0934faa2 9e5db2ec0a564afc9ed82c5d25845477 - - default default] 10.0.0.89 "GET /v2.0/ports?device_id=23bca415-c775-47bb-95cb-e9a8c78fcf84 HTTP/1.1" status: 200 len: 1210 time: 0.0612915
2026-07-01 02:04:51.688 10 INFO neutron.wsgi [None req-4b10e2fb-abb0-4ae5-ae7e-0bfb527adab1 3a06f731e618455ca3d3ad35b14cdd69 b047d7f04d9e4d1fbd95e36c013cb6eb - - default default] 10.0.0.206 "DELETE /v2.0/subnets/4b318935-7e2b-4c47-927a-be241fc27f60 HTTP/1.1" status: 204 len: 168 time: 0.3052042
2026-07-01 02:04:51.704 10 INFO neutron.db.ovn_revision_numbers_db [None req-1f52f1fb-e63c-4d96-9789-0022aea64574 ccc0f861a68a476a966549fecb202b7e 2fbdd45c1aff4b40a98a28e20203a351 - - default default] Successfully bumped revision number for resource 2dead20f-f911-4b97-b4e4-a84384e5995c (type: networks) to 1
2026-07-01 02:04:51.756 10 INFO neutron.notifiers.nova [-] Nova event matching ['req-fc21abe0-7139-44cf-8cbe-9f039a2d2f7b'] response: {'server_uuid': '23bca415-c775-47bb-95cb-e9a8c78fcf84', 'name': 'network-vif-plugged', 'status': 'completed', 'tag': '150098e3-8b01-4c66-981f-5e4fd09b46fa', 'code': 200}
2026-07-01 02:04:51.822 9 INFO neutron.db.ovn_revision_numbers_db [None req-048e853a-c288-4bf9-a660-befce609003b - - - - - -] Successfully bumped revision number for resource 8db7cd8b-ed7c-4c42-a38d-900d88ace804 (type: ports) to 2
2026-07-01 02:04:51.842 9 INFO neutron.wsgi [None req-3f786f6e-55d5-4f1f-8e42-4d539b0c84a6 b2fec5bbb7ce4ee09fb7e2006c3ed054 a50e1318266f4fd6bba7c9b3e60ebbcf - - default default] 10.0.0.206 "GET /v2.0/ports/8db7cd8b-ed7c-4c42-a38d-900d88ace804 HTTP/1.1" status: 200 len: 1149 time: 0.0529816
2026-07-01 02:04:52.067 10 INFO neutron.wsgi [-] 10.0.0.245 "GET / HTTP/1.1" status: 200 len: 247 time: 0.0014257
2026-07-01 02:04:52.068 10 INFO neutron.wsgi [-] 10.0.0.245 "GET / HTTP/1.1" status: 200 len: 247 time: 0.0010886
2026-07-01 02:04:52.077 9 INFO neutron.db.ovn_revision_numbers_db [None req-048e853a-c288-4bf9-a660-befce609003b - - - - - -] Successfully bumped revision number for resource 8db7cd8b-ed7c-4c42-a38d-900d88ace804 (type: router_ports) to 2
2026-07-01 02:04:52.319 10 WARNING neutron.scheduler.dhcp_agent_scheduler [None req-1f52f1fb-e63c-4d96-9789-0022aea64574 ccc0f861a68a476a966549fecb202b7e 2fbdd45c1aff4b40a98a28e20203a351 - - default default] No more DHCP agents
2026-07-01 02:04:52.329 10 WARNING neutron.api.rpc.agentnotifiers.dhcp_rpc_agent_api [None req-1f52f1fb-e63c-4d96-9789-0022aea64574 ccc0f861a68a476a966549fecb202b7e 2fbdd45c1aff4b40a98a28e20203a351 - - default default] Unable to schedule network 2dead20f-f911-4b97-b4e4-a84384e5995c: no agents available; will retry on subsequent port and subnet creation events.
2026-07-01 02:04:52.488 10 INFO neutron.db.ovn_revision_numbers_db [None req-1f52f1fb-e63c-4d96-9789-0022aea64574 ccc0f861a68a476a966549fecb202b7e 2fbdd45c1aff4b40a98a28e20203a351 - - default default] Successfully bumped revision number for resource 7c170d6c-3890-40ab-9ece-82d5f3ee5471 (type: ports) to 1
2026-07-01 02:04:52.536 10 INFO neutron.wsgi [None req-1f52f1fb-e63c-4d96-9789-0022aea64574 ccc0f861a68a476a966549fecb202b7e 2fbdd45c1aff4b40a98a28e20203a351 - - default default] 10.0.0.206 "POST /v2.0/networks HTTP/1.1" status: 201 len: 848 time: 1.1950641
2026-07-01 02:04:52.555 9 INFO neutron.services.segments.plugin [-] Segment bd30bdd8-4b1f-4c9d-9fea-f715cfb06970 resource provider aggregate not found
2026-07-01 02:04:52.559 9 INFO neutron.services.segments.plugin [-] Segment bd30bdd8-4b1f-4c9d-9fea-f715cfb06970 resource provider aggregate not found
2026-07-01 02:04:52.577 10 WARNING neutron_lib.context [None req-6eec0b5e-f49e-49a5-91bc-08cdf997efd1 ccc0f861a68a476a966549fecb202b7e 2fbdd45c1aff4b40a98a28e20203a351 - - default default] Method 'is_advsvc' is deprecated since 2023.2 release (neutron-lib 3.8.0) and will be removed once support for the old RBAC API policies will be removed from Neutron. Please use method 'is_service_role' instead.
2026-07-01 02:04:52.587 9 INFO neutron.services.segments.plugin [-] Segment bd30bdd8-4b1f-4c9d-9fea-f715cfb06970 resource provider not found; error: Placement Client Error (4xx): {"errors": [{"status": 404, "title": "Not Found", "detail": "The resource could not be found.\n\n No resource provider with uuid bd30bdd8-4b1f-4c9d-9fea-f715cfb06970 found for delete ", "request_id": "req-1d51d33d-f17a-40e6-895c-f32c5a1d7788"}]}
2026-07-01 02:04:52.588 9 INFO neutron.services.segments.plugin [-] Segment bd30bdd8-4b1f-4c9d-9fea-f715cfb06970 resource provider not found; error: Placement Client Error (4xx): {"errors": [{"status": 404, "title": "Not Found", "detail": "The resource could not be found.\n\n No resource provider with uuid bd30bdd8-4b1f-4c9d-9fea-f715cfb06970 found for delete ", "request_id": "req-d3a4caad-1bf4-4d0e-bdc2-667036267356"}]}
2026-07-01 02:04:52.625 9 INFO neutron.wsgi [None req-4f0b6bb8-4166-442d-99ec-093cc66376b8 3a06f731e618455ca3d3ad35b14cdd69 b047d7f04d9e4d1fbd95e36c013cb6eb - - default default] 10.0.0.206 "DELETE /v2.0/networks/8ad6f2fd-cfc1-4e1b-a37d-f35d3b673dfa HTTP/1.1" status: 204 len: 168 time: 0.9164460
2026-07-01 02:04:52.639 10 WARNING neutron_lib.context [None req-69887287-3472-444f-835a-7ade5094b34a 3a06f731e618455ca3d3ad35b14cdd69 b047d7f04d9e4d1fbd95e36c013cb6eb - - default default] Method 'is_advsvc' is deprecated since 2023.2 release (neutron-lib 3.8.0) and will be removed once support for the old RBAC API policies will be removed from Neutron. Please use method 'is_service_role' instead.
2026-07-01 02:04:52.648 10 WARNING neutron_lib.context [None req-6eec0b5e-f49e-49a5-91bc-08cdf997efd1 ccc0f861a68a476a966549fecb202b7e 2fbdd45c1aff4b40a98a28e20203a351 - - default default] Method 'is_advsvc' is deprecated since 2023.2 release (neutron-lib 3.8.0) and will be removed once support for the old RBAC API policies will be removed from Neutron. Please use method 'is_service_role' instead.
2026-07-01 02:04:52.936 10 INFO neutron.db.ovn_revision_numbers_db [None req-869988db-d94e-4980-96d9-bffe1ed4e356 f2980b1474dd4ed686a5a85b0934faa2 9e5db2ec0a564afc9ed82c5d25845477 - - default default] Successfully bumped revision number for resource 2e4f92d5-64bc-4f85-a753-dc8a28edd4d4 (type: floatingips) to 1
2026-07-01 02:04:52.994 9 INFO neutron.wsgi [None req-c09191bb-1677-4d37-8f24-78ec7a200aff b2fec5bbb7ce4ee09fb7e2006c3ed054 a50e1318266f4fd6bba7c9b3e60ebbcf - - default default] 10.0.0.206 "PUT /v2.0/routers/a357a8c4-a7ee-42f0-9229-1dad6987cdc0/remove_router_interface HTTP/1.1" status: 200 len: 503 time: 1.1366427 /var/lib/openstack/lib/python3.10/site-packages/pycadf/identifier.py:71: UserWarning: Invalid uuid: neutron. To ensure interoperability, identifiers should be a valid uuid. warnings.warn(('Invalid uuid: %s. To ensure interoperability, '
2026-07-01 02:04:53.091 9 INFO neutron.wsgi [None req-29a2921f-06b6-4647-b9dd-b49526fddbd9 b2fec5bbb7ce4ee09fb7e2006c3ed054 a50e1318266f4fd6bba7c9b3e60ebbcf - - default default] 10.0.0.206 "GET /v2.0/ports/459cad03-9d7d-4ff6-9e55-0eb6709e4275 HTTP/1.1" status: 200 len: 1141 time: 0.0921247
2026-07-01 02:04:53.419 10 WARNING neutron.scheduler.dhcp_agent_scheduler [None req-69887287-3472-444f-835a-7ade5094b34a 3a06f731e618455ca3d3ad35b14cdd69 b047d7f04d9e4d1fbd95e36c013cb6eb - - default default] No more DHCP agents
2026-07-01 02:04:53.425 10 WARNING neutron.api.rpc.agentnotifiers.dhcp_rpc_agent_api [None req-69887287-3472-444f-835a-7ade5094b34a 3a06f731e618455ca3d3ad35b14cdd69 b047d7f04d9e4d1fbd95e36c013cb6eb - - default default] Unable to schedule network bbf1680c-6ebe-4ac4-afde-89efa99192ed: no agents available; will retry on subsequent port and subnet creation events.
2026-07-01 02:04:53.436 10 INFO neutron.db.ovn_revision_numbers_db [None req-869988db-d94e-4980-96d9-bffe1ed4e356 f2980b1474dd4ed686a5a85b0934faa2 9e5db2ec0a564afc9ed82c5d25845477 - - default default] Successfully bumped revision number for resource 2e4f92d5-64bc-4f85-a753-dc8a28edd4d4 (type: floatingips) to 2
2026-07-01 02:04:53.436 10 INFO neutron.db.l3_db [None req-869988db-d94e-4980-96d9-bffe1ed4e356 f2980b1474dd4ed686a5a85b0934faa2 9e5db2ec0a564afc9ed82c5d25845477 - - default default] Floating IP 2e4f92d5-64bc-4f85-a753-dc8a28edd4d4 associated. External IP: 10.96.250.217, port: 150098e3-8b01-4c66-981f-5e4fd09b46fa.
2026-07-01 02:04:53.505 10 INFO neutron.wsgi [None req-869988db-d94e-4980-96d9-bffe1ed4e356 f2980b1474dd4ed686a5a85b0934faa2 9e5db2ec0a564afc9ed82c5d25845477 - - default default] 10.0.0.206 "PUT /v2.0/floatingips/2e4f92d5-64bc-4f85-a753-dc8a28edd4d4 HTTP/1.1" status: 200 len: 1049 time: 1.8321309
2026-07-01 02:04:53.556 10 INFO neutron.db.ovn_revision_numbers_db [None req-69887287-3472-444f-835a-7ade5094b34a 3a06f731e618455ca3d3ad35b14cdd69 b047d7f04d9e4d1fbd95e36c013cb6eb - - default default] Successfully bumped revision number for resource de085664-b2e2-49e7-8f4c-09ac4d9b871b (type: ports) to 1
2026-07-01 02:04:53.603 10 WARNING neutron.scheduler.dhcp_agent_scheduler [None req-6eec0b5e-f49e-49a5-91bc-08cdf997efd1 ccc0f861a68a476a966549fecb202b7e 2fbdd45c1aff4b40a98a28e20203a351 - - default default] No more DHCP agents
2026-07-01 02:04:53.605 10 WARNING neutron.api.rpc.agentnotifiers.dhcp_rpc_agent_api [None req-6eec0b5e-f49e-49a5-91bc-08cdf997efd1 ccc0f861a68a476a966549fecb202b7e 2fbdd45c1aff4b40a98a28e20203a351 - - default default] Unable to schedule network 698d88a1-f9c3-405d-8aca-4d8ecae8237d: no agents available; will retry on subsequent port and subnet creation events.
2026-07-01 02:04:53.610 10 INFO neutron.wsgi [None req-69887287-3472-444f-835a-7ade5094b34a 3a06f731e618455ca3d3ad35b14cdd69 b047d7f04d9e4d1fbd95e36c013cb6eb - - default default] 10.0.0.206 "POST /v2.0/ports HTTP/1.1" status: 201 len: 973 time: 0.9779575
