2026-07-01 02:05:58.721 9 INFO neutron.db.ovn_revision_numbers_db [None req-81757ab5-ae13-4848-b50e-38a6097b028a 983592d47736485292fb6a03e57b87ae e187e22e8ee143f79a5fcaaf3ee07dc1 - - default default] Successfully bumped revision number for resource 4d93fb37-13c6-4ff6-a24b-7e09f84a4b36 (type: security_group_rules) to 0
2026-07-01 02:05:58.746 9 INFO neutron.db.ovn_revision_numbers_db [None req-81757ab5-ae13-4848-b50e-38a6097b028a 983592d47736485292fb6a03e57b87ae e187e22e8ee143f79a5fcaaf3ee07dc1 - - default default] Successfully bumped revision number for resource 5a34efbe-3afe-4f9f-b968-85dc1caaabe3 (type: security_group_rules) to 0
2026-07-01 02:05:58.769 9 INFO neutron.db.ovn_revision_numbers_db [None req-81757ab5-ae13-4848-b50e-38a6097b028a 983592d47736485292fb6a03e57b87ae e187e22e8ee143f79a5fcaaf3ee07dc1 - - default default] Successfully bumped revision number for resource 7a942f46-6b3a-4603-b128-be5760559aff (type: security_group_rules) to 0
2026-07-01 02:05:58.789 9 INFO neutron.db.ovn_revision_numbers_db [None req-81757ab5-ae13-4848-b50e-38a6097b028a 983592d47736485292fb6a03e57b87ae e187e22e8ee143f79a5fcaaf3ee07dc1 - - default default] Successfully bumped revision number for resource 8bcae768-8392-40b7-818c-d6bf4b58509a (type: security_group_rules) to 0
2026-07-01 02:05:58.828 9 INFO neutron.wsgi [None req-81757ab5-ae13-4848-b50e-38a6097b028a 983592d47736485292fb6a03e57b87ae e187e22e8ee143f79a5fcaaf3ee07dc1 - - default default] 10.0.0.206 "GET /v2.0/security-groups?tenant_id=ca1883b8337e46f2b13da24b77519843&name=default HTTP/1.1" status: 200 len: 3120 time: 0.4852562
2026-07-01 02:05:58.834 9 WARNING neutron.scheduler.dhcp_agent_scheduler [None req-fd304faf-7f50-4665-a305-0475bfc90f91 3c3afd7e22444e7d868acfc838ae603e 190fb968eaa6405c926fc27e34fdcf07 - - default default] No more DHCP agents
2026-07-01 02:05:58.841 9 WARNING neutron.api.rpc.agentnotifiers.dhcp_rpc_agent_api [None req-fd304faf-7f50-4665-a305-0475bfc90f91 3c3afd7e22444e7d868acfc838ae603e 190fb968eaa6405c926fc27e34fdcf07 - - default default] Unable to schedule network 3281282a-698f-4b2e-a775-68a648aec3c2: no agents available; will retry on subsequent port and subnet creation events.
2026-07-01 02:05:59.010 10 INFO neutron.wsgi [None req-7ec5c9f1-6c88-4f6c-837f-8db100fbbc69 63abb249c9ee452bacc9a88197c6b5ac 327d999770514778b757ea2eb376c1cf - - default default] 10.0.0.206 "DELETE /v2.0/networks/d145e29c-84a9-4d1c-9fab-532154dcfa30 HTTP/1.1" status: 204 len: 168 time: 0.4226015
2026-07-01 02:05:59.157 10 INFO neutron.wsgi [None req-9ed45975-c433-45c4-890c-4191d548f157 983592d47736485292fb6a03e57b87ae e187e22e8ee143f79a5fcaaf3ee07dc1 - - default default] 10.0.0.206 "DELETE /v2.0/security-groups/a61fff42-d690-47d9-97bc-ed2918f58972 HTTP/1.1" status: 204 len: 168 time: 0.3250158
2026-07-01 02:05:59.209 9 INFO neutron.services.segments.plugin [-] Segment 31b6f8d8-0ff9-4ce8-88bf-661d95ae5f9a resource provider aggregate not found
2026-07-01 02:05:59.229 9 INFO neutron.services.segments.plugin [-] Segment 31b6f8d8-0ff9-4ce8-88bf-661d95ae5f9a resource provider not found; error: Placement Client Error (4xx): {"errors": [{"status": 404, "title": "Not Found", "detail": "The resource could not be found.\n\n No resource provider with uuid 31b6f8d8-0ff9-4ce8-88bf-661d95ae5f9a found for delete ", "request_id": "req-9c3044da-df61-4652-8623-5700c76470e3"}]}
2026-07-01 02:05:59.246 9 INFO neutron.services.segments.plugin [-] Segment 31b6f8d8-0ff9-4ce8-88bf-661d95ae5f9a resource provider aggregate not found
2026-07-01 02:05:59.264 9 INFO neutron.services.segments.plugin [-] Segment 31b6f8d8-0ff9-4ce8-88bf-661d95ae5f9a resource provider not found; error: Placement Client Error (4xx): {"errors": [{"status": 404, "title": "Not Found", "detail": "The resource could not be found.\n\n No resource provider with uuid 31b6f8d8-0ff9-4ce8-88bf-661d95ae5f9a found for delete ", "request_id": "req-4873e390-8840-41e4-bccc-6b5c85f4bfdf"}]}
2026-07-01 02:05:59.398 9 INFO neutron.db.ovn_revision_numbers_db [None req-fd304faf-7f50-4665-a305-0475bfc90f91 3c3afd7e22444e7d868acfc838ae603e 190fb968eaa6405c926fc27e34fdcf07 - - default default] Successfully bumped revision number for resource 35731cc5-65da-4cbb-bf6a-14298ca12666 (type: ports) to 2
2026-07-01 02:05:59.436 9 INFO neutron.db.ovn_revision_numbers_db [None req-fd304faf-7f50-4665-a305-0475bfc90f91 3c3afd7e22444e7d868acfc838ae603e 190fb968eaa6405c926fc27e34fdcf07 - - default default] Successfully bumped revision number for resource feb6c6c7-b3b5-4a29-98b0-d4ede2db459d (type: subnets) to 0
2026-07-01 02:05:59.436 10 INFO neutron.db.ovn_revision_numbers_db [None req-ec2eb346-2ae7-4cd3-9000-c7fd926fd172 983592d47736485292fb6a03e57b87ae e187e22e8ee143f79a5fcaaf3ee07dc1 - - default default] Successfully bumped revision number for resource 02e9a182-7ff3-4257-bd18-1cab93c8d38b (type: security_groups) to 1
2026-07-01 02:05:59.451 10 INFO neutron.db.ovn_revision_numbers_db [None req-ec2eb346-2ae7-4cd3-9000-c7fd926fd172 983592d47736485292fb6a03e57b87ae e187e22e8ee143f79a5fcaaf3ee07dc1 - - default default] Successfully bumped revision number for resource 779b4b9d-f639-4f13-835c-7143069ca937 (type: security_group_rules) to 0
2026-07-01 02:05:59.455 9 INFO neutron.wsgi [None req-fd304faf-7f50-4665-a305-0475bfc90f91 3c3afd7e22444e7d868acfc838ae603e 190fb968eaa6405c926fc27e34fdcf07 - - default default] 10.0.0.206 "POST /v2.0/subnets HTTP/1.1" status: 201 len: 801 time: 0.9260063
2026-07-01 02:05:59.458 10 INFO neutron.wsgi [None req-cb9cf611-e30d-4a2e-a5b3-145851980b15 63abb249c9ee452bacc9a88197c6b5ac 327d999770514778b757ea2eb376c1cf - - default default] 10.0.0.206 "DELETE /v2.0/networks/956263f3-353d-4879-9703-fef5c2ef68d5 HTTP/1.1" status: 204 len: 168 time: 0.4408937
2026-07-01 02:05:59.466 9 WARNING neutron_lib.context [None req-5e8f2f58-de55-4df8-8e32-5751c6a9e380 3c3afd7e22444e7d868acfc838ae603e 190fb968eaa6405c926fc27e34fdcf07 - - default default] Method 'is_advsvc' is deprecated since 2023.2 release (neutron-lib 3.8.0) and will be removed once support for the old RBAC API policies will be removed from Neutron. Please use method 'is_service_role' instead.
2026-07-01 02:05:59.495 10 INFO neutron.db.ovn_revision_numbers_db [None req-ec2eb346-2ae7-4cd3-9000-c7fd926fd172 983592d47736485292fb6a03e57b87ae e187e22e8ee143f79a5fcaaf3ee07dc1 - - default default] Successfully bumped revision number for resource 871a932b-a38a-4f74-84d6-8b0cf83c5f8c (type: security_group_rules) to 0
2026-07-01 02:05:59.516 10 INFO neutron.db.ovn_revision_numbers_db [None req-ec2eb346-2ae7-4cd3-9000-c7fd926fd172 983592d47736485292fb6a03e57b87ae e187e22e8ee143f79a5fcaaf3ee07dc1 - - default default] Successfully bumped revision number for resource bd2f717a-fffc-4a74-a707-3d7a1121f4cc (type: security_group_rules) to 0
2026-07-01 02:05:59.529 10 INFO neutron.db.ovn_revision_numbers_db [None req-ec2eb346-2ae7-4cd3-9000-c7fd926fd172 983592d47736485292fb6a03e57b87ae e187e22e8ee143f79a5fcaaf3ee07dc1 - - default default] Successfully bumped revision number for resource cd434be8-f778-4a83-a7d3-50f1ae63a94f (type: security_group_rules) to 0
2026-07-01 02:05:59.551 9 INFO neutron.db.segments_db [None req-5e8f2f58-de55-4df8-8e32-5751c6a9e380 3c3afd7e22444e7d868acfc838ae603e 190fb968eaa6405c926fc27e34fdcf07 - - default default] Added segment 0795936b-464c-43c6-aba9-392719f3d7d9 of type geneve for network 8f95e519-ff77-40c3-9f14-ef93912fda7f
2026-07-01 02:05:59.559 10 INFO neutron.wsgi [None req-ec2eb346-2ae7-4cd3-9000-c7fd926fd172 983592d47736485292fb6a03e57b87ae e187e22e8ee143f79a5fcaaf3ee07dc1 - - default default] 10.0.0.206 "GET /v2.0/security-groups?tenant_id=69f82d71a3cd484d81a5c6d07a421146&name=default HTTP/1.1" status: 200 len: 3120 time: 0.2935879
2026-07-01 02:05:59.697 9 INFO neutron.db.ovn_revision_numbers_db [None req-5e8f2f58-de55-4df8-8e32-5751c6a9e380 3c3afd7e22444e7d868acfc838ae603e 190fb968eaa6405c926fc27e34fdcf07 - - default default] Successfully bumped revision number for resource 8f95e519-ff77-40c3-9f14-ef93912fda7f (type: networks) to 1
2026-07-01 02:05:59.863 10 INFO neutron.services.segments.plugin [-] Segment 6082cee0-a5a3-49d8-b016-a4ef7e200d9f resource provider aggregate not found
2026-07-01 02:05:59.875 10 INFO neutron.services.segments.plugin [-] Segment 6082cee0-a5a3-49d8-b016-a4ef7e200d9f resource provider aggregate not found
2026-07-01 02:05:59.879 10 INFO neutron.services.segments.plugin [-] Segment 6082cee0-a5a3-49d8-b016-a4ef7e200d9f resource provider not found; error: Placement Client Error (4xx): {"errors": [{"status": 404, "title": "Not Found", "detail": "The resource could not be found.\n\n No resource provider with uuid 6082cee0-a5a3-49d8-b016-a4ef7e200d9f found for delete ", "request_id": "req-2db51eec-77f4-41a9-a493-ab2d94135c81"}]}
2026-07-01 02:05:59.881 9 WARNING neutron.scheduler.dhcp_agent_scheduler [None req-5e8f2f58-de55-4df8-8e32-5751c6a9e380 3c3afd7e22444e7d868acfc838ae603e 190fb968eaa6405c926fc27e34fdcf07 - - default default] No more DHCP agents
2026-07-01 02:05:59.884 9 WARNING neutron.api.rpc.agentnotifiers.dhcp_rpc_agent_api [None req-5e8f2f58-de55-4df8-8e32-5751c6a9e380 3c3afd7e22444e7d868acfc838ae603e 190fb968eaa6405c926fc27e34fdcf07 - - default default] Unable to schedule network 8f95e519-ff77-40c3-9f14-ef93912fda7f: no agents available; will retry on subsequent port and subnet creation events.
2026-07-01 02:05:59.893 10 INFO neutron.wsgi [None req-d7c0232b-7907-4823-9405-bbe7f8f7f688 983592d47736485292fb6a03e57b87ae e187e22e8ee143f79a5fcaaf3ee07dc1 - - default default] 10.0.0.206 "DELETE /v2.0/security-groups/02e9a182-7ff3-4257-bd18-1cab93c8d38b HTTP/1.1" status: 204 len: 168 time: 0.3273191
2026-07-01 02:05:59.895 10 INFO neutron.services.segments.plugin [-] Segment 6082cee0-a5a3-49d8-b016-a4ef7e200d9f resource provider not found; error: Placement Client Error (4xx): {"errors": [{"status": 404, "title": "Not Found", "detail": "The resource could not be found.\n\n No resource provider with uuid 6082cee0-a5a3-49d8-b016-a4ef7e200d9f found for delete ", "request_id": "req-1b3af365-0e5a-4b1d-a7d1-f837bba578b4"}]}
2026-07-01 02:05:59.901 10 INFO neutron.services.segments.plugin [-] Segment 914ab766-220f-4541-8bf2-5c8c1721d582 resource provider aggregate not found
2026-07-01 02:05:59.910 10 INFO neutron.services.segments.plugin [-] Segment 914ab766-220f-4541-8bf2-5c8c1721d582 resource provider aggregate not found
2026-07-01 02:05:59.915 10 INFO neutron.services.segments.plugin [-] Segment 914ab766-220f-4541-8bf2-5c8c1721d582 resource provider not found; error: Placement Client Error (4xx): {"errors": [{"status": 404, "title": "Not Found", "detail": "The resource could not be found.\n\n No resource provider with uuid 914ab766-220f-4541-8bf2-5c8c1721d582 found for delete ", "request_id": "req-f2997556-091d-4f78-bfb0-1b4cfccc5659"}]}
2026-07-01 02:05:59.923 10 INFO neutron.services.segments.plugin [-] Segment 914ab766-220f-4541-8bf2-5c8c1721d582 resource provider not found; error: Placement Client Error (4xx): {"errors": [{"status": 404, "title": "Not Found", "detail": "The resource could not be found.\n\n No resource provider with uuid 914ab766-220f-4541-8bf2-5c8c1721d582 found for delete ", "request_id": "req-b7ae313b-1311-4b46-90e9-888a9904762a"}]}
2026-07-01 02:05:59.977 10 INFO neutron.wsgi [None req-4cdafa42-671c-476f-9268-a683b70759c4 63abb249c9ee452bacc9a88197c6b5ac 327d999770514778b757ea2eb376c1cf - - default default] 10.0.0.206 "DELETE /v2.0/networks/b73575e1-910f-4e7e-8160-345d7a7af86e HTTP/1.1" status: 204 len: 168 time: 0.5124824
2026-07-01 02:05:59.992 9 INFO neutron.db.ovn_revision_numbers_db [None req-5e8f2f58-de55-4df8-8e32-5751c6a9e380 3c3afd7e22444e7d868acfc838ae603e 190fb968eaa6405c926fc27e34fdcf07 - - default default] Successfully bumped revision number for resource 0170d91f-18fd-4532-9823-22d9d7e706b8 (type: ports) to 1
2026-07-01 02:06:00.029 9 INFO neutron.wsgi [None req-5e8f2f58-de55-4df8-8e32-5751c6a9e380 3c3afd7e22444e7d868acfc838ae603e 190fb968eaa6405c926fc27e34fdcf07 - - default default] 10.0.0.206 "POST /v2.0/networks HTTP/1.1" status: 201 len: 830 time: 0.5689068
2026-07-01 02:06:00.047 10 WARNING neutron_lib.context [None req-d40ce4a9-5713-4432-a2c5-cb5d9415eb87 3c3afd7e22444e7d868acfc838ae603e 190fb968eaa6405c926fc27e34fdcf07 - - default default] Method 'is_advsvc' is deprecated since 2023.2 release (neutron-lib 3.8.0) and will be removed once support for the old RBAC API policies will be removed from Neutron. Please use method 'is_service_role' instead.
2026-07-01 02:06:00.114 10 INFO neutron.wsgi [None req-d0c2a6e2-8792-462f-9d49-5d7eeadca05e 983592d47736485292fb6a03e57b87ae e187e22e8ee143f79a5fcaaf3ee07dc1 - - default default] 10.0.0.206 "GET /v2.0/security-groups?tenant_id=2f99d04ff65f4efd97909757787e0784&name=default HTTP/1.1" status: 200 len: 3120 time: 0.0437534
2026-07-01 02:06:00.333 10 WARNING neutron.scheduler.dhcp_agent_scheduler [None req-d40ce4a9-5713-4432-a2c5-cb5d9415eb87 3c3afd7e22444e7d868acfc838ae603e 190fb968eaa6405c926fc27e34fdcf07 - - default default] No more DHCP agents
2026-07-01 02:06:00.338 10 WARNING neutron.api.rpc.agentnotifiers.dhcp_rpc_agent_api [None req-d40ce4a9-5713-4432-a2c5-cb5d9415eb87 3c3afd7e22444e7d868acfc838ae603e 190fb968eaa6405c926fc27e34fdcf07 - - default default] Unable to schedule network 8f95e519-ff77-40c3-9f14-ef93912fda7f: no agents available; will retry on subsequent port and subnet creation events.
2026-07-01 02:06:00.393 9 INFO neutron.wsgi [None req-06141ff4-1dcb-47b0-9239-37d9f34536ba 63abb249c9ee452bacc9a88197c6b5ac 327d999770514778b757ea2eb376c1cf - - default default] 10.0.0.206 "DELETE /v2.0/networks/0750d555-7a3a-4ac1-97b7-96ee7ebab710 HTTP/1.1" status: 204 len: 168 time: 0.4120085
2026-07-01 02:06:00.485 10 INFO neutron.wsgi [None req-1540a585-0d1a-4769-b6c9-0dc594533055 983592d47736485292fb6a03e57b87ae e187e22e8ee143f79a5fcaaf3ee07dc1 - - default default] 10.0.0.206 "DELETE /v2.0/security-groups/36583ccc-954a-4423-94e0-7b2a8306ebc3 HTTP/1.1" status: 204 len: 168 time: 0.3664432
2026-07-01 02:06:01.243 10 INFO neutron.wsgi [None req-7b588fae-2299-4057-9b5c-5fe1961eedce 63abb249c9ee452bacc9a88197c6b5ac 327d999770514778b757ea2eb376c1cf - - default default] 10.0.0.206 "DELETE /v2.0/networks/8d7396b0-02d2-4c23-a125-872bb7450d56 HTTP/1.1" status: 204 len: 168 time: 0.8440790
2026-07-01 02:06:01.261 9 INFO neutron.services.segments.plugin [-] Segment ba53ec6e-97c2-40bc-b56e-2635d2e2be1d resource provider aggregate not found
2026-07-01 02:06:01.284 9 INFO neutron.services.segments.plugin [-] Segment ba53ec6e-97c2-40bc-b56e-2635d2e2be1d resource provider not found; error: Placement Client Error (4xx): {"errors": [{"status": 404, "title": "Not Found", "detail": "The resource could not be found.\n\n No resource provider with uuid ba53ec6e-97c2-40bc-b56e-2635d2e2be1d found for delete ", "request_id": "req-72180d19-87ad-4b7d-a407-501cf58794a3"}]}
2026-07-01 02:06:01.288 9 INFO neutron.services.segments.plugin [-] Segment ba53ec6e-97c2-40bc-b56e-2635d2e2be1d resource provider aggregate not found
2026-07-01 02:06:01.309 9 INFO neutron.services.segments.plugin [-] Segment ba53ec6e-97c2-40bc-b56e-2635d2e2be1d resource provider not found; error: Placement Client Error (4xx): {"errors": [{"status": 404, "title": "Not Found", "detail": "The resource could not be found.\n\n No resource provider with uuid ba53ec6e-97c2-40bc-b56e-2635d2e2be1d found for delete ", "request_id": "req-a5813634-6da0-4869-86b2-f02a04d6510a"}]}
2026-07-01 02:06:01.319 10 INFO neutron.db.ovn_revision_numbers_db [None req-d40ce4a9-5713-4432-a2c5-cb5d9415eb87 3c3afd7e22444e7d868acfc838ae603e 190fb968eaa6405c926fc27e34fdcf07 - - default default] Successfully bumped revision number for resource 0170d91f-18fd-4532-9823-22d9d7e706b8 (type: ports) to 2
2026-07-01 02:06:01.365 10 INFO neutron.db.ovn_revision_numbers_db [None req-d40ce4a9-5713-4432-a2c5-cb5d9415eb87 3c3afd7e22444e7d868acfc838ae603e 190fb968eaa6405c926fc27e34fdcf07 - - default default] Successfully bumped revision number for resource 9f41b4f1-457b-4b86-88db-e445f8c40c55 (type: subnets) to 0
2026-07-01 02:06:01.380 10 INFO neutron.wsgi [None req-d40ce4a9-5713-4432-a2c5-cb5d9415eb87 3c3afd7e22444e7d868acfc838ae603e 190fb968eaa6405c926fc27e34fdcf07 - - default default] 10.0.0.206 "POST /v2.0/subnets HTTP/1.1" status: 201 len: 804 time: 1.3400476
2026-07-01 02:06:01.389 10 WARNING neutron_lib.context [None req-e79d11a2-b760-4f00-b5dc-93ef0979cabc 3c3afd7e22444e7d868acfc838ae603e 190fb968eaa6405c926fc27e34fdcf07 - - default default] Method 'is_advsvc' is deprecated since 2023.2 release (neutron-lib 3.8.0) and will be removed once support for the old RBAC API policies will be removed from Neutron. Please use method 'is_service_role' instead.
2026-07-01 02:06:01.473 10 INFO neutron.db.segments_db [None req-e79d11a2-b760-4f00-b5dc-93ef0979cabc 3c3afd7e22444e7d868acfc838ae603e 190fb968eaa6405c926fc27e34fdcf07 - - default default] Added segment d34947ca-cf07-44aa-ba88-e267cf17bb1d of type geneve for network c0ed32ea-edd5-4f2e-99c4-b3a4bc46c2ab
2026-07-01 02:06:01.616 10 INFO neutron.db.ovn_revision_numbers_db [None req-e79d11a2-b760-4f00-b5dc-93ef0979cabc 3c3afd7e22444e7d868acfc838ae603e 190fb968eaa6405c926fc27e34fdcf07 - - default default] Successfully bumped revision number for resource c0ed32ea-edd5-4f2e-99c4-b3a4bc46c2ab (type: networks) to 1
2026-07-01 02:06:01.812 10 WARNING neutron.scheduler.dhcp_agent_scheduler [None req-e79d11a2-b760-4f00-b5dc-93ef0979cabc 3c3afd7e22444e7d868acfc838ae603e 190fb968eaa6405c926fc27e34fdcf07 - - default default] No more DHCP agents
2026-07-01 02:06:01.814 10 WARNING neutron.api.rpc.agentnotifiers.dhcp_rpc_agent_api [None req-e79d11a2-b760-4f00-b5dc-93ef0979cabc 3c3afd7e22444e7d868acfc838ae603e 190fb968eaa6405c926fc27e34fdcf07 - - default default] Unable to schedule network c0ed32ea-edd5-4f2e-99c4-b3a4bc46c2ab: no agents available; will retry on subsequent port and subnet creation events.
2026-07-01 02:06:01.904 10 INFO neutron.db.ovn_revision_numbers_db [None req-e79d11a2-b760-4f00-b5dc-93ef0979cabc 3c3afd7e22444e7d868acfc838ae603e 190fb968eaa6405c926fc27e34fdcf07 - - default default] Successfully bumped revision number for resource 320a4318-8215-472f-b61b-0baa9dff279f (type: ports) to 1
2026-07-01 02:06:01.934 10 INFO neutron.wsgi [None req-e79d11a2-b760-4f00-b5dc-93ef0979cabc 3c3afd7e22444e7d868acfc838ae603e 190fb968eaa6405c926fc27e34fdcf07 - - default default] 10.0.0.206 "POST /v2.0/networks HTTP/1.1" status: 201 len: 831 time: 0.5493939
2026-07-01 02:06:01.945 10 INFO neutron.services.segments.plugin [-] Segment b65e90fc-4403-43e1-b4bf-24fc9d3aafd3 resource provider aggregate not found
2026-07-01 02:06:01.951 10 INFO neutron.services.segments.plugin [-] Segment b65e90fc-4403-43e1-b4bf-24fc9d3aafd3 resource provider aggregate not found
2026-07-01 02:06:01.956 9 WARNING neutron_lib.context [None req-bceb507a-68f7-4b84-bdf5-f106b9c2b6f3 3c3afd7e22444e7d868acfc838ae603e 190fb968eaa6405c926fc27e34fdcf07 - - default default] Method 'is_advsvc' is deprecated since 2023.2 release (neutron-lib 3.8.0) and will be removed once support for the old RBAC API policies will be removed from Neutron. Please use method 'is_service_role' instead.
2026-07-01 02:06:01.966 10 INFO neutron.services.segments.plugin [-] Segment b65e90fc-4403-43e1-b4bf-24fc9d3aafd3 resource provider not found; error: Placement Client Error (4xx): {"errors": [{"status": 404, "title": "Not Found", "detail": "The resource could not be found.\n\n No resource provider with uuid b65e90fc-4403-43e1-b4bf-24fc9d3aafd3 found for delete ", "request_id": "req-a3fcb565-f732-4ca5-ae3a-ab3cb59b4ec9"}]}
2026-07-01 02:06:01.974 10 INFO neutron.services.segments.plugin [-] Segment b65e90fc-4403-43e1-b4bf-24fc9d3aafd3 resource provider not found; error: Placement Client Error (4xx): {"errors": [{"status": 404, "title": "Not Found", "detail": "The resource could not be found.\n\n No resource provider with uuid b65e90fc-4403-43e1-b4bf-24fc9d3aafd3 found for delete ", "request_id": "req-59f40a68-2c34-4291-9560-6ffb6c2f06a6"}]}
2026-07-01 02:06:01.990 10 INFO neutron.services.segments.plugin [-] Segment d284b67c-a8a5-4510-9aa4-fd439e7f3a16 resource provider aggregate not found
2026-07-01 02:06:01.995 10 INFO neutron.services.segments.plugin [-] Segment d284b67c-a8a5-4510-9aa4-fd439e7f3a16 resource provider aggregate not found
2026-07-01 02:06:02.011 10 INFO neutron.services.segments.plugin [-] Segment d284b67c-a8a5-4510-9aa4-fd439e7f3a16 resource provider not found; error: Placement Client Error (4xx): {"errors": [{"status": 404, "title": "Not Found", "detail": "The resource could not be found.\n\n No resource provider with uuid d284b67c-a8a5-4510-9aa4-fd439e7f3a16 found for delete ", "request_id": "req-3702fc60-c623-4c84-9124-cbcb497b6ddb"}]}
2026-07-01 02:06:02.013 10 INFO neutron.services.segments.plugin [-] Segment d284b67c-a8a5-4510-9aa4-fd439e7f3a16 resource provider not found; error: Placement Client Error (4xx): {"errors": [{"status": 404, "title": "Not Found", "detail": "The resource could not be found.\n\n No resource provider with uuid d284b67c-a8a5-4510-9aa4-fd439e7f3a16 found for delete ", "request_id": "req-79def64c-d567-422c-941c-3bad86048a14"}]}
2026-07-01 02:06:02.225 9 WARNING neutron.scheduler.dhcp_agent_scheduler [None req-bceb507a-68f7-4b84-bdf5-f106b9c2b6f3 3c3afd7e22444e7d868acfc838ae603e 190fb968eaa6405c926fc27e34fdcf07 - - default default] No more DHCP agents
2026-07-01 02:06:02.228 9 WARNING neutron.api.rpc.agentnotifiers.dhcp_rpc_agent_api [None req-bceb507a-68f7-4b84-bdf5-f106b9c2b6f3 3c3afd7e22444e7d868acfc838ae603e 190fb968eaa6405c926fc27e34fdcf07 - - default default] Unable to schedule network c0ed32ea-edd5-4f2e-99c4-b3a4bc46c2ab: no agents available; will retry on subsequent port and subnet creation events.
2026-07-01 02:06:02.402 10 INFO neutron.wsgi [None req-68a7d9e3-d05c-4f5c-aed8-1625de6105f3 983592d47736485292fb6a03e57b87ae e187e22e8ee143f79a5fcaaf3ee07dc1 - - default default] 10.0.0.206 "GET /v2.0/security-groups?tenant_id=327d999770514778b757ea2eb376c1cf&name=default HTTP/1.1" status: 200 len: 3120 time: 0.3123324
2026-07-01 02:06:02.590 10 INFO neutron.wsgi [None req-4d7271b3-39c5-40b6-b6e2-961c741142d8 983592d47736485292fb6a03e57b87ae e187e22e8ee143f79a5fcaaf3ee07dc1 - - default default] 10.0.0.206 "DELETE /v2.0/security-groups/4141f3a7-12e2-4d23-8a80-0e08ca6dda3c HTTP/1.1" status: 204 len: 168 time: 0.1843364
2026-07-01 02:06:02.766 9 INFO neutron.db.ovn_revision_numbers_db [None req-bceb507a-68f7-4b84-bdf5-f106b9c2b6f3 3c3afd7e22444e7d868acfc838ae603e 190fb968eaa6405c926fc27e34fdcf07 - - default default] Successfully bumped revision number for resource 320a4318-8215-472f-b61b-0baa9dff279f (type: ports) to 2
2026-07-01 02:06:02.807 9 INFO neutron.db.ovn_revision_numbers_db [None req-bceb507a-68f7-4b84-bdf5-f106b9c2b6f3 3c3afd7e22444e7d868acfc838ae603e 190fb968eaa6405c926fc27e34fdcf07 - - default default] Successfully bumped revision number for resource 967fd15d-9a24-4694-9438-27860547d212 (type: subnets) to 0
2026-07-01 02:06:02.825 9 INFO neutron.wsgi [None req-bceb507a-68f7-4b84-bdf5-f106b9c2b6f3 3c3afd7e22444e7d868acfc838ae603e 190fb968eaa6405c926fc27e34fdcf07 - - default default] 10.0.0.206 "POST /v2.0/subnets HTTP/1.1" status: 201 len: 804 time: 0.8785090
2026-07-01 02:06:02.837 10 WARNING neutron_lib.context [None req-2cff4dec-5fb3-4312-9ff4-a85cca81e8e7 3c3afd7e22444e7d868acfc838ae603e 190fb968eaa6405c926fc27e34fdcf07 - - default default] Method 'is_advsvc' is deprecated since 2023.2 release (neutron-lib 3.8.0) and will be removed once support for the old RBAC API policies will be removed from Neutron. Please use method 'is_service_role' instead.
2026-07-01 02:06:02.915 10 INFO neutron.db.ovn_revision_numbers_db [None req-0da60f60-cc20-4800-89db-1d3d77a11412 983592d47736485292fb6a03e57b87ae e187e22e8ee143f79a5fcaaf3ee07dc1 - - default default] Successfully bumped revision number for resource a7ee6d05-5f37-4eb2-8c51-8107553724e4 (type: security_groups) to 1
2026-07-01 02:06:02.928 10 INFO neutron.db.ovn_revision_numbers_db [None req-0da60f60-cc20-4800-89db-1d3d77a11412 983592d47736485292fb6a03e57b87ae e187e22e8ee143f79a5fcaaf3ee07dc1 - - default default] Successfully bumped revision number for resource 6b802fed-248a-487b-bfc8-1e95d7576ffe (type: security_group_rules) to 0
2026-07-01 02:06:02.946 10 INFO neutron.db.segments_db [None req-2cff4dec-5fb3-4312-9ff4-a85cca81e8e7 3c3afd7e22444e7d868acfc838ae603e 190fb968eaa6405c926fc27e34fdcf07 - - default default] Added segment 5f2724f2-ec10-4abf-9f02-0d01e0035d6a of type geneve for network 0d3d0bef-11b2-4658-a438-b18db0726a0a
2026-07-01 02:06:02.950 10 INFO neutron.db.ovn_revision_numbers_db [None req-0da60f60-cc20-4800-89db-1d3d77a11412 983592d47736485292fb6a03e57b87ae e187e22e8ee143f79a5fcaaf3ee07dc1 - - default default] Successfully bumped revision number for resource 6b9c5c2d-d8f6-46aa-b286-20e1e08484c4 (type: security_group_rules) to 0
2026-07-01 02:06:02.976 10 INFO neutron.db.ovn_revision_numbers_db [None req-0da60f60-cc20-4800-89db-1d3d77a11412 983592d47736485292fb6a03e57b87ae e187e22e8ee143f79a5fcaaf3ee07dc1 - - default default] Successfully bumped revision number for resource a22947dc-d028-4e39-ad64-c25e80c9986e (type: security_group_rules) to 0
2026-07-01 02:06:03.004 10 INFO neutron.db.ovn_revision_numbers_db [None req-0da60f60-cc20-4800-89db-1d3d77a11412 983592d47736485292fb6a03e57b87ae e187e22e8ee143f79a5fcaaf3ee07dc1 - - default default] Successfully bumped revision number for resource ef90e478-5a2b-4aa0-8c76-b93cba7f8457 (type: security_group_rules) to 0
2026-07-01 02:06:03.032 10 INFO neutron.wsgi [None req-0da60f60-cc20-4800-89db-1d3d77a11412 983592d47736485292fb6a03e57b87ae e187e22e8ee143f79a5fcaaf3ee07dc1 - - default default] 10.0.0.206 "GET /v2.0/security-groups?tenant_id=224582d89437468ea3315e7107ac9533&name=default HTTP/1.1" status: 200 len: 3120 time: 0.2665951
2026-07-01 02:06:03.105 10 INFO neutron.db.ovn_revision_numbers_db [None req-2cff4dec-5fb3-4312-9ff4-a85cca81e8e7 3c3afd7e22444e7d868acfc838ae603e 190fb968eaa6405c926fc27e34fdcf07 - - default default] Successfully bumped revision number for resource 0d3d0bef-11b2-4658-a438-b18db0726a0a (type: networks) to 1
2026-07-01 02:06:03.306 9 INFO neutron.wsgi [None req-a2e2204d-2b5e-4308-bd23-f4631dae1c4e 983592d47736485292fb6a03e57b87ae e187e22e8ee143f79a5fcaaf3ee07dc1 - - default default] 10.0.0.206 "DELETE /v2.0/security-groups/a7ee6d05-5f37-4eb2-8c51-8107553724e4 HTTP/1.1" status: 204 len: 168 time: 0.2666523
2026-07-01 02:06:03.328 10 WARNING neutron.scheduler.dhcp_agent_scheduler [None req-2cff4dec-5fb3-4312-9ff4-a85cca81e8e7 3c3afd7e22444e7d868acfc838ae603e 190fb968eaa6405c926fc27e34fdcf07 - - default default] No more DHCP agents
2026-07-01 02:06:03.330 10 WARNING neutron.api.rpc.agentnotifiers.dhcp_rpc_agent_api [None req-2cff4dec-5fb3-4312-9ff4-a85cca81e8e7 3c3afd7e22444e7d868acfc838ae603e 190fb968eaa6405c926fc27e34fdcf07 - - default default] Unable to schedule network 0d3d0bef-11b2-4658-a438-b18db0726a0a: no agents available; will retry on subsequent port and subnet creation events.
2026-07-01 02:06:03.412 10 INFO neutron.db.ovn_revision_numbers_db [None req-2cff4dec-5fb3-4312-9ff4-a85cca81e8e7 3c3afd7e22444e7d868acfc838ae603e 190fb968eaa6405c926fc27e34fdcf07 - - default default] Successfully bumped revision number for resource 80dac70d-5bf6-47c7-ae74-33d58386073e (type: ports) to 1
2026-07-01 02:06:03.435 10 INFO neutron.wsgi [None req-2cff4dec-5fb3-4312-9ff4-a85cca81e8e7 3c3afd7e22444e7d868acfc838ae603e 190fb968eaa6405c926fc27e34fdcf07 - - default default] 10.0.0.206 "POST /v2.0/networks HTTP/1.1" status: 201 len: 830 time: 0.6037507
2026-07-01 02:06:03.444 10 WARNING neutron_lib.context [None req-7f7f8c07-e0db-495c-b56a-632526ee2904 3c3afd7e22444e7d868acfc838ae603e 190fb968eaa6405c926fc27e34fdcf07 - - default default] Method 'is_advsvc' is deprecated since 2023.2 release (neutron-lib 3.8.0) and will be removed once support for the old RBAC API policies will be removed from Neutron. Please use method 'is_service_role' instead.
2026-07-01 02:06:03.655 10 INFO neutron.db.ovn_revision_numbers_db [None req-4b63a575-1014-418b-b5cb-3b01ba6ffe2f 983592d47736485292fb6a03e57b87ae e187e22e8ee143f79a5fcaaf3ee07dc1 - - default default] Successfully bumped revision number for resource a19c93fc-56d2-46d4-9816-20e6e71a5fd1 (type: security_groups) to 1
2026-07-01 02:06:03.678 10 INFO neutron.db.ovn_revision_numbers_db [None req-4b63a575-1014-418b-b5cb-3b01ba6ffe2f 983592d47736485292fb6a03e57b87ae e187e22e8ee143f79a5fcaaf3ee07dc1 - - default default] Successfully bumped revision number for resource 081aa4fa-f766-444a-a950-74aa685b9859 (type: security_group_rules) to 0
2026-07-01 02:06:03.698 10 INFO neutron.db.ovn_revision_numbers_db [None req-4b63a575-1014-418b-b5cb-3b01ba6ffe2f 983592d47736485292fb6a03e57b87ae e187e22e8ee143f79a5fcaaf3ee07dc1 - - default default] Successfully bumped revision number for resource 1d9f696a-5767-41af-9b6b-92384d3086d1 (type: security_group_rules) to 0
2026-07-01 02:06:03.714 10 WARNING neutron.scheduler.dhcp_agent_scheduler [None req-7f7f8c07-e0db-495c-b56a-632526ee2904 3c3afd7e22444e7d868acfc838ae603e 190fb968eaa6405c926fc27e34fdcf07 - - default default] No more DHCP agents
2026-07-01 02:06:03.716 10 WARNING neutron.api.rpc.agentnotifiers.dhcp_rpc_agent_api [None req-7f7f8c07-e0db-495c-b56a-632526ee2904 3c3afd7e22444e7d868acfc838ae603e 190fb968eaa6405c926fc27e34fdcf07 - - default default] Unable to schedule network 0d3d0bef-11b2-4658-a438-b18db0726a0a: no agents available; will retry on subsequent port and subnet creation events.
2026-07-01 02:06:03.730 10 INFO neutron.db.ovn_revision_numbers_db [None req-4b63a575-1014-418b-b5cb-3b01ba6ffe2f 983592d47736485292fb6a03e57b87ae e187e22e8ee143f79a5fcaaf3ee07dc1 - - default default] Successfully bumped revision number for resource 988aa770-f992-4d38-b722-3d5163119c82 (type: security_group_rules) to 0
2026-07-01 02:06:03.752 10 INFO neutron.db.ovn_revision_numbers_db [None req-4b63a575-1014-418b-b5cb-3b01ba6ffe2f 983592d47736485292fb6a03e57b87ae e187e22e8ee143f79a5fcaaf3ee07dc1 - - default default] Successfully bumped revision number for resource a5789ddd-0524-4e29-aa8b-54ea2596b7df (type: security_group_rules) to 0
2026-07-01 02:06:03.777 10 INFO neutron.wsgi [None req-4b63a575-1014-418b-b5cb-3b01ba6ffe2f 983592d47736485292fb6a03e57b87ae e187e22e8ee143f79a5fcaaf3ee07dc1 - - default default] 10.0.0.206 "GET /v2.0/security-groups?tenant_id=f0fdfd58757d43a2a7d5bde4b640d65e&name=default HTTP/1.1" status: 200 len: 3120 time: 0.2984440
2026-07-01 02:06:04.005 9 INFO neutron.wsgi [None req-9156882e-7b24-47a6-8f8a-63b79ce8cf5c 983592d47736485292fb6a03e57b87ae e187e22e8ee143f79a5fcaaf3ee07dc1 - - default default] 10.0.0.206 "DELETE /v2.0/security-groups/a19c93fc-56d2-46d4-9816-20e6e71a5fd1 HTTP/1.1" status: 204 len: 168 time: 0.2232935
2026-07-01 02:06:04.226 10 INFO neutron.db.ovn_revision_numbers_db [None req-7f7f8c07-e0db-495c-b56a-632526ee2904 3c3afd7e22444e7d868acfc838ae603e 190fb968eaa6405c926fc27e34fdcf07 - - default default] Successfully bumped revision number for resource 80dac70d-5bf6-47c7-ae74-33d58386073e (type: ports) to 2
2026-07-01 02:06:04.273 10 INFO neutron.db.ovn_revision_numbers_db [None req-7f7f8c07-e0db-495c-b56a-632526ee2904 3c3afd7e22444e7d868acfc838ae603e 190fb968eaa6405c926fc27e34fdcf07 - - default default] Successfully bumped revision number for resource c5ddc560-bcc2-499b-b986-b943fcceae3e (type: subnets) to 0
2026-07-01 02:06:04.289 10 INFO neutron.wsgi [None req-7f7f8c07-e0db-495c-b56a-632526ee2904 3c3afd7e22444e7d868acfc838ae603e 190fb968eaa6405c926fc27e34fdcf07 - - default default] 10.0.0.206 "POST /v2.0/subnets HTTP/1.1" status: 201 len: 804 time: 0.8500254
2026-07-01 02:06:04.302 10 WARNING neutron_lib.context [None req-2159b8c4-a8c0-4357-8d60-ba4e54b03079 3c3afd7e22444e7d868acfc838ae603e 190fb968eaa6405c926fc27e34fdcf07 - - default default] Method 'is_advsvc' is deprecated since 2023.2 release (neutron-lib 3.8.0) and will be removed once support for the old RBAC API policies will be removed from Neutron. Please use method 'is_service_role' instead.
2026-07-01 02:06:04.421 10 INFO neutron.db.segments_db [None req-2159b8c4-a8c0-4357-8d60-ba4e54b03079 3c3afd7e22444e7d868acfc838ae603e 190fb968eaa6405c926fc27e34fdcf07 - - default default] Added segment 5bf2702e-cc06-425f-8ab8-c9934340dbbf of type geneve for network 499d1c66-5732-419f-af4e-b97f8970baf2
2026-07-01 02:06:04.569 10 INFO neutron.db.ovn_revision_numbers_db [None req-2159b8c4-a8c0-4357-8d60-ba4e54b03079 3c3afd7e22444e7d868acfc838ae603e 190fb968eaa6405c926fc27e34fdcf07 - - default default] Successfully bumped revision number for resource 499d1c66-5732-419f-af4e-b97f8970baf2 (type: networks) to 1
2026-07-01 02:06:04.783 10 WARNING neutron.scheduler.dhcp_agent_scheduler [None req-2159b8c4-a8c0-4357-8d60-ba4e54b03079 3c3afd7e22444e7d868acfc838ae603e 190fb968eaa6405c926fc27e34fdcf07 - - default default] No more DHCP agents
2026-07-01 02:06:04.785 10 WARNING neutron.api.rpc.agentnotifiers.dhcp_rpc_agent_api [None req-2159b8c4-a8c0-4357-8d60-ba4e54b03079 3c3afd7e22444e7d868acfc838ae603e 190fb968eaa6405c926fc27e34fdcf07 - - default default] Unable to schedule network 499d1c66-5732-419f-af4e-b97f8970baf2: no agents available; will retry on subsequent port and subnet creation events.
2026-07-01 02:06:04.866 10 INFO neutron.db.ovn_revision_numbers_db [None req-2159b8c4-a8c0-4357-8d60-ba4e54b03079 3c3afd7e22444e7d868acfc838ae603e 190fb968eaa6405c926fc27e34fdcf07 - - default default] Successfully bumped revision number for resource bb29d082-050b-46a0-a8b1-31b832ec2916 (type: ports) to 1
2026-07-01 02:06:04.905 10 INFO neutron.wsgi [None req-2159b8c4-a8c0-4357-8d60-ba4e54b03079 3c3afd7e22444e7d868acfc838ae603e 190fb968eaa6405c926fc27e34fdcf07 - - default default] 10.0.0.206 "POST /v2.0/networks HTTP/1.1" status: 201 len: 830 time: 0.6085532
2026-07-01 02:06:04.916 10 WARNING neutron_lib.context [None req-12090460-d1d5-4e7a-bf76-41d2487127e6 3c3afd7e22444e7d868acfc838ae603e 190fb968eaa6405c926fc27e34fdcf07 - - default default] Method 'is_advsvc' is deprecated since 2023.2 release (neutron-lib 3.8.0) and will be removed once support for the old RBAC API policies will be removed from Neutron. Please use method 'is_service_role' instead.
2026-07-01 02:06:05.204 10 WARNING neutron.scheduler.dhcp_agent_scheduler [None req-12090460-d1d5-4e7a-bf76-41d2487127e6 3c3afd7e22444e7d868acfc838ae603e 190fb968eaa6405c926fc27e34fdcf07 - - default default] No more DHCP agents
2026-07-01 02:06:05.207 10 WARNING neutron.api.rpc.agentnotifiers.dhcp_rpc_agent_api [None req-12090460-d1d5-4e7a-bf76-41d2487127e6 3c3afd7e22444e7d868acfc838ae603e 190fb968eaa6405c926fc27e34fdcf07 - - default default] Unable to schedule network 499d1c66-5732-419f-af4e-b97f8970baf2: no agents available; will retry on subsequent port and subnet creation events.
2026-07-01 02:06:05.263 9 INFO neutron.wsgi [None req-3b54a8ca-440e-4158-8ff1-c780240e4332 47f12c88d9294632bd1bfc94fa5a9c37 d1c7e2c322f14388be530516a04d4af1 - - default default] 10.0.0.206 "POST /v2.0/qos/policies HTTP/1.1" status: 201 len: 558 time: 0.3867054
2026-07-01 02:06:05.325 9 INFO neutron.wsgi [None req-d1fd2af6-592d-4ba0-ba5a-20032ab3623f 47f12c88d9294632bd1bfc94fa5a9c37 d1c7e2c322f14388be530516a04d4af1 - - default default] 10.0.0.206 "POST /v2.0/qos/policies HTTP/1.1" status: 201 len: 558 time: 0.0566895
2026-07-01 02:06:05.423 10 INFO neutron.wsgi [None req-f58bbe20-ca87-4e09-9df7-6f81f90acef4 47f12c88d9294632bd1bfc94fa5a9c37 d1c7e2c322f14388be530516a04d4af1 - - default default] 10.0.0.206 "POST /v2.0/qos/policies HTTP/1.1" status: 201 len: 558 time: 0.0935898
2026-07-01 02:06:05.468 9 INFO neutron.wsgi [None req-14a474ec-6ef3-4a65-975a-0fbcec491377 47f12c88d9294632bd1bfc94fa5a9c37 d1c7e2c322f14388be530516a04d4af1 - - default default] 10.0.0.206 "POST /v2.0/qos/policies HTTP/1.1" status: 201 len: 558 time: 0.0410261
2026-07-01 02:06:05.513 9 INFO neutron.wsgi [None req-c5c03469-48fb-44fa-9580-eb927e7e0588 47f12c88d9294632bd1bfc94fa5a9c37 d1c7e2c322f14388be530516a04d4af1 - - default default] 10.0.0.206 "POST /v2.0/qos/policies HTTP/1.1" status: 201 len: 558 time: 0.0412235
2026-07-01 02:06:05.549 9 INFO neutron.wsgi [None req-cec0b084-9286-4973-ab92-c62b34ec0d4f 47f12c88d9294632bd1bfc94fa5a9c37 d1c7e2c322f14388be530516a04d4af1 - - default default] 10.0.0.206 "PUT /v2.0/policies/9f2b58be-0a76-476d-97df-7c3711ea4810/tags HTTP/1.1" status: 200 len: 210 time: 0.0309181
2026-07-01 02:06:05.583 9 INFO neutron.wsgi [None req-e902672e-a467-4f78-82f6-b43f67f6f98f 47f12c88d9294632bd1bfc94fa5a9c37 d1c7e2c322f14388be530516a04d4af1 - - default default] 10.0.0.206 "PUT /v2.0/policies/d68ec806-7506-4b8d-bdec-6d1c456f5bda/tags HTTP/1.1" status: 200 len: 218 time: 0.0288379
2026-07-01 02:06:05.631 9 INFO neutron.wsgi [None req-8723d898-fdd4-401b-8795-3cd0e8bc3bf5 47f12c88d9294632bd1bfc94fa5a9c37 d1c7e2c322f14388be530516a04d4af1 - - default default] 10.0.0.206 "PUT /v2.0/policies/1006abf4-7457-4f78-8c39-9841a443ad61/tags HTTP/1.1" status: 200 len: 227 time: 0.0429013
2026-07-01 02:06:05.686 10 INFO neutron.wsgi [None req-5fdd52bb-c17e-42bc-922c-35e4551d0807 47f12c88d9294632bd1bfc94fa5a9c37 d1c7e2c322f14388be530516a04d4af1 - - default default] 10.0.0.206 "PUT /v2.0/policies/5d3713a9-5256-49fe-aa70-74a0a2c67af0/tags HTTP/1.1" status: 200 len: 212 time: 0.0467477
2026-07-01 02:06:05.848 10 INFO neutron.db.ovn_revision_numbers_db [None req-12090460-d1d5-4e7a-bf76-41d2487127e6 3c3afd7e22444e7d868acfc838ae603e 190fb968eaa6405c926fc27e34fdcf07 - - default default] Successfully bumped revision number for resource bb29d082-050b-46a0-a8b1-31b832ec2916 (type: ports) to 2
2026-07-01 02:06:05.881 10 INFO neutron.db.ovn_revision_numbers_db [None req-12090460-d1d5-4e7a-bf76-41d2487127e6 3c3afd7e22444e7d868acfc838ae603e 190fb968eaa6405c926fc27e34fdcf07 - - default default] Successfully bumped revision number for resource 488feedf-4496-4b87-ae34-75bdf21291ed (type: subnets) to 0
2026-07-01 02:06:05.893 10 INFO neutron.wsgi [None req-12090460-d1d5-4e7a-bf76-41d2487127e6 3c3afd7e22444e7d868acfc838ae603e 190fb968eaa6405c926fc27e34fdcf07 - - default default] 10.0.0.206 "POST /v2.0/subnets HTTP/1.1" status: 201 len: 804 time: 0.9826946
2026-07-01 02:06:05.959 10 INFO neutron.wsgi [None req-e6382186-91b0-43ee-8d0d-4b0916628146 3c3afd7e22444e7d868acfc838ae603e 190fb968eaa6405c926fc27e34fdcf07 - - default default] 10.0.0.206 "PUT /v2.0/subnets/feb6c6c7-b3b5-4a29-98b0-d4ede2db459d/tags HTTP/1.1" status: 200 len: 210 time: 0.0615587
2026-07-01 02:06:06.026 9 INFO neutron.wsgi [None req-739cb5f6-9481-4502-980c-3d0cff53503c 3c3afd7e22444e7d868acfc838ae603e 190fb968eaa6405c926fc27e34fdcf07 - - default default] 10.0.0.206 "PUT /v2.0/subnets/9f41b4f1-457b-4b86-88db-e445f8c40c55/tags HTTP/1.1" status: 200 len: 218 time: 0.0614886
2026-07-01 02:06:06.086 9 INFO neutron.wsgi [None req-206c0298-5b2e-407f-8095-c33b8f2e28c6 3c3afd7e22444e7d868acfc838ae603e 190fb968eaa6405c926fc27e34fdcf07 - - default default] 10.0.0.206 "PUT /v2.0/subnets/967fd15d-9a24-4694-9438-27860547d212/tags HTTP/1.1" status: 200 len: 227 time: 0.0540416
2026-07-01 02:06:06.139 9 INFO neutron.wsgi [None req-b370d4bf-e840-4aff-9c2b-ea5c495f6f89 3c3afd7e22444e7d868acfc838ae603e 190fb968eaa6405c926fc27e34fdcf07 - - default default] 10.0.0.206 "PUT /v2.0/subnets/c5ddc560-bcc2-499b-b986-b943fcceae3e/tags HTTP/1.1" status: 200 len: 212 time: 0.0433149
2026-07-01 02:06:06.205 9 INFO neutron.wsgi [None req-8c94572f-38ec-452f-9379-91c6d716aac7 3c3afd7e22444e7d868acfc838ae603e 190fb968eaa6405c926fc27e34fdcf07 - - default default] 10.0.0.206 "GET /v2.0/subnets?tags=red HTTP/1.1" status: 200 len: 2027 time: 0.0604215
2026-07-01 02:06:06.308 9 INFO neutron.wsgi [None req-aff6343d-f0e7-47e1-9cfc-858998a6915d 3c3afd7e22444e7d868acfc838ae603e 190fb968eaa6405c926fc27e34fdcf07 - - default default] 10.0.0.206 "GET /v2.0/subnets?tags=red%2Cblue HTTP/1.1" status: 200 len: 1430 time: 0.0961428
2026-07-01 02:06:06.370 9 INFO neutron.wsgi [None req-39fbf321-e324-4df2-ab4e-03b439e921ec 3c3afd7e22444e7d868acfc838ae603e 190fb968eaa6405c926fc27e34fdcf07 - - default default] 10.0.0.206 "GET /v2.0/subnets?tags-any=blue HTTP/1.1" status: 200 len: 1430 time: 0.0559783
2026-07-01 02:06:06.402 9 INFO neutron.wsgi [None req-ecdf2464-dbd2-4ab2-a2db-4d53ceffce26 94a2901fa95d4d6cac49c8976da9f0ae 0d695a9e5ebb43b9900c330290e41a20 - - default default] 10.0.0.206 "GET /v2.0/qos/policies?tags=red HTTP/1.1" status: 200 len: 1296 time: 0.3591163
2026-07-01 02:06:06.415 9 INFO neutron.wsgi [None req-7f96b268-4097-47bc-a256-25952e7bf1ee 3c3afd7e22444e7d868acfc838ae603e 190fb968eaa6405c926fc27e34fdcf07 - - default default] 10.0.0.206 "GET /v2.0/subnets?tags-any=red%2Cblue HTTP/1.1" status: 200 len: 2027 time: 0.0408695
2026-07-01 02:06:06.482 10 INFO neutron.wsgi [None req-193f153f-9975-4e39-902d-85bff927912e 94a2901fa95d4d6cac49c8976da9f0ae 0d695a9e5ebb43b9900c330290e41a20 - - default default] 10.0.0.206 "GET /v2.0/qos/policies?tags=red%2Cblue HTTP/1.1" status: 200 len: 941 time: 0.0737505
2026-07-01 02:06:06.486 9 INFO neutron.wsgi [None req-bff80557-09c1-4f7b-9a5a-045746f4854e 3c3afd7e22444e7d868acfc838ae603e 190fb968eaa6405c926fc27e34fdcf07 - - default default] 10.0.0.206 "GET /v2.0/subnets?not-tags=red HTTP/1.1" status: 200 len: 2018 time: 0.0671461
2026-07-01 02:06:06.541 10 INFO neutron.wsgi [None req-38364093-b229-4f6b-925b-a4981d88f604 94a2901fa95d4d6cac49c8976da9f0ae 0d695a9e5ebb43b9900c330290e41a20 - - default default] 10.0.0.206 "GET /v2.0/qos/policies?tags-any=blue HTTP/1.1" status: 200 len: 941 time: 0.0546994
2026-07-01 02:06:06.545 9 INFO neutron.wsgi [None req-4a2cb98d-fd45-4ef4-bacd-38ce3e1ca9c4 3c3afd7e22444e7d868acfc838ae603e 190fb968eaa6405c926fc27e34fdcf07 - - default default] 10.0.0.206 "GET /v2.0/subnets?not-tags=red%2Cblue HTTP/1.1" status: 200 len: 2615 time: 0.0553994
2026-07-01 02:06:06.621 10 INFO neutron.wsgi [None req-1e5c7291-0fab-4d52-946d-8d7b5bf40c27 3c3afd7e22444e7d868acfc838ae603e 190fb968eaa6405c926fc27e34fdcf07 - - default default] 10.0.0.206 "GET /v2.0/subnets?not-tags-any=blue HTTP/1.1" status: 200 len: 2615 time: 0.0705249
2026-07-01 02:06:06.621 9 INFO neutron.wsgi [None req-0993b700-7ec9-4926-9378-a21dbf73189b 94a2901fa95d4d6cac49c8976da9f0ae 0d695a9e5ebb43b9900c330290e41a20 - - default default] 10.0.0.206 "GET /v2.0/qos/policies?tags-any=red%2Cblue HTTP/1.1" status: 200 len: 1296 time: 0.0745420
2026-07-01 02:06:06.670 10 INFO neutron.wsgi [None req-f483e8d9-70f4-46de-8202-3b168d6479bf 94a2901fa95d4d6cac49c8976da9f0ae 0d695a9e5ebb43b9900c330290e41a20 - - default default] 10.0.0.206 "GET /v2.0/qos/policies?not-tags=red HTTP/1.1" status: 200 len: 913 time: 0.0450857
2026-07-01 02:06:06.704 9 INFO neutron.wsgi [None req-a109d011-3904-4bd6-81f3-8b87b9b058ec 3c3afd7e22444e7d868acfc838ae603e 190fb968eaa6405c926fc27e34fdcf07 - - default default] 10.0.0.206 "GET /v2.0/subnets?not-tags-any=red%2Cblue HTTP/1.1" status: 200 len: 2018 time: 0.0781565
2026-07-01 02:06:06.733 10 INFO neutron.wsgi [None req-5eff45df-19f2-4fbc-a72f-e4ae287deccf 94a2901fa95d4d6cac49c8976da9f0ae 0d695a9e5ebb43b9900c330290e41a20 - - default default] 10.0.0.206 "GET /v2.0/qos/policies?not-tags=red%2Cblue HTTP/1.1" status: 200 len: 1268 time: 0.0580814
2026-07-01 02:06:06.868 9 INFO neutron.wsgi [None req-bcdb6248-6c07-4cb7-9b48-dd5061ea0553 94a2901fa95d4d6cac49c8976da9f0ae 0d695a9e5ebb43b9900c330290e41a20 - - default default] 10.0.0.206 "GET /v2.0/qos/policies?not-tags-any=blue HTTP/1.1" status: 200 len: 1268 time: 0.1284838
2026-07-01 02:06:06.936 9 INFO neutron.wsgi [None req-a0f2a6d7-7003-4c02-b209-2a7ed437372f 94a2901fa95d4d6cac49c8976da9f0ae 0d695a9e5ebb43b9900c330290e41a20 - - default default] 10.0.0.206 "GET /v2.0/qos/policies?not-tags-any=red%2Cblue HTTP/1.1" status: 200 len: 913 time: 0.0641341
2026-07-01 02:06:06.961 9 INFO neutron.wsgi [None req-92d83acf-4dc6-44c9-9117-630b6ad673ac 3c3afd7e22444e7d868acfc838ae603e 190fb968eaa6405c926fc27e34fdcf07 - - default default] 10.0.0.206 "DELETE /v2.0/subnets/feb6c6c7-b3b5-4a29-98b0-d4ede2db459d HTTP/1.1" status: 204 len: 168 time: 0.2506368
2026-07-01 02:06:07.011 10 INFO neutron.wsgi [None req-42aea8ce-f9b9-4af6-8aa0-4f4ed933d6a4 47f12c88d9294632bd1bfc94fa5a9c37 d1c7e2c322f14388be530516a04d4af1 - - default default] 10.0.0.206 "DELETE /v2.0/qos/policies/9f2b58be-0a76-476d-97df-7c3711ea4810 HTTP/1.1" status: 204 len: 168 time: 0.0709293
2026-07-01 02:06:07.040 10 INFO neutron.db.ovn_revision_numbers_db [None req-6f583477-fd8a-40a3-8441-5fcf0366029f 983592d47736485292fb6a03e57b87ae e187e22e8ee143f79a5fcaaf3ee07dc1 - - default default] Successfully bumped revision number for resource 07eb0a4d-4f00-4415-bcd8-6b175a248b9b (type: security_groups) to 1
2026-07-01 02:06:07.059 10 INFO neutron.db.ovn_revision_numbers_db [None req-6f583477-fd8a-40a3-8441-5fcf0366029f 983592d47736485292fb6a03e57b87ae e187e22e8ee143f79a5fcaaf3ee07dc1 - - default default] Successfully bumped revision number for resource 3f444aab-fae5-48d7-a303-5abcfd6edd43 (type: security_group_rules) to 0
2026-07-01 02:06:07.066 9 INFO neutron.wsgi [-] 10.0.0.245 "GET / HTTP/1.1" status: 200 len: 247 time: 0.0014174
2026-07-01 02:06:07.067 9 INFO neutron.wsgi [-] 10.0.0.245 "GET / HTTP/1.1" status: 200 len: 247 time: 0.0011415
2026-07-01 02:06:07.072 10 INFO neutron.wsgi [None req-58eb70ad-17b4-4bfe-89ea-e2f4fc4db9de 47f12c88d9294632bd1bfc94fa5a9c37 d1c7e2c322f14388be530516a04d4af1 - - default default] 10.0.0.206 "DELETE /v2.0/qos/policies/d68ec806-7506-4b8d-bdec-6d1c456f5bda HTTP/1.1" status: 204 len: 168 time: 0.0551612
2026-07-01 02:06:07.081 10 INFO neutron.db.ovn_revision_numbers_db [None req-6f583477-fd8a-40a3-8441-5fcf0366029f 983592d47736485292fb6a03e57b87ae e187e22e8ee143f79a5fcaaf3ee07dc1 - - default default] Successfully bumped revision number for resource 4d4aecba-119e-4a90-b1f0-9af31c8ee69e (type: security_group_rules) to 0
2026-07-01 02:06:07.102 10 INFO neutron.db.ovn_revision_numbers_db [None req-6f583477-fd8a-40a3-8441-5fcf0366029f 983592d47736485292fb6a03e57b87ae e187e22e8ee143f79a5fcaaf3ee07dc1 - - default default] Successfully bumped revision number for resource 597710c7-3e9f-4499-9859-62d2afeff9da (type: security_group_rules) to 0
2026-07-01 02:06:07.122 10 INFO neutron.db.ovn_revision_numbers_db [None req-6f583477-fd8a-40a3-8441-5fcf0366029f 983592d47736485292fb6a03e57b87ae e187e22e8ee143f79a5fcaaf3ee07dc1 - - default default] Successfully bumped revision number for resource fda3b9b2-f1b5-4964-a92b-6449b0d94f50 (type: security_group_rules) to 0
2026-07-01 02:06:07.137 10 INFO neutron.wsgi [None req-d4506138-dfc6-4760-a2b8-b47da75f54c1 47f12c88d9294632bd1bfc94fa5a9c37 d1c7e2c322f14388be530516a04d4af1 - - default default] 10.0.0.206 "DELETE /v2.0/qos/policies/1006abf4-7457-4f78-8c39-9841a443ad61 HTTP/1.1" status: 204 len: 168 time: 0.0605285
2026-07-01 02:06:07.146 10 INFO neutron.wsgi [None req-6f583477-fd8a-40a3-8441-5fcf0366029f 983592d47736485292fb6a03e57b87ae e187e22e8ee143f79a5fcaaf3ee07dc1 - - default default] 10.0.0.206 "GET /v2.0/security-groups?tenant_id=86c3d9389541446fb47a81ff642744af&name=default HTTP/1.1" status: 200 len: 3120 time: 0.4061387
2026-07-01 02:06:07.170 9 INFO neutron.wsgi [None req-dc201c5d-5109-4362-a010-64972099b131 3c3afd7e22444e7d868acfc838ae603e 190fb968eaa6405c926fc27e34fdcf07 - - default default] 10.0.0.206 "DELETE /v2.0/subnets/9f41b4f1-457b-4b86-88db-e445f8c40c55 HTTP/1.1" status: 204 len: 168 time: 0.2044709
2026-07-01 02:06:07.221 9 INFO neutron.wsgi [None req-5657bd79-ffec-4275-9eeb-2110124bb5a0 47f12c88d9294632bd1bfc94fa5a9c37 d1c7e2c322f14388be530516a04d4af1 - - default default] 10.0.0.206 "DELETE /v2.0/qos/policies/5d3713a9-5256-49fe-aa70-74a0a2c67af0 HTTP/1.1" status: 204 len: 168 time: 0.0771534
2026-07-01 02:06:07.293 9 INFO neutron.wsgi [None req-265b8e24-dfff-4745-982a-abee90378deb 47f12c88d9294632bd1bfc94fa5a9c37 d1c7e2c322f14388be530516a04d4af1 - - default default] 10.0.0.206 "DELETE /v2.0/qos/policies/b6a6f77b-45a6-42fb-a261-b9b5c99249df HTTP/1.1" status: 204 len: 168 time: 0.0651922
2026-07-01 02:06:07.370 9 WARNING neutron_lib.context [None req-cc727de9-fc0c-4640-b7d0-b154175f3403 6881304b4eda40f297c4f58d0d69f445 2e4ae1ca74d84b9abd633ffb3bddc493 - - default default] Method 'is_advsvc' is deprecated since 2023.2 release (neutron-lib 3.8.0) and will be removed once support for the old RBAC API policies will be removed from Neutron. Please use method 'is_service_role' instead.
2026-07-01 02:06:07.683 10 INFO neutron.wsgi [None req-74192c09-13db-4e9f-bef2-cda8377b18e1 3c3afd7e22444e7d868acfc838ae603e 190fb968eaa6405c926fc27e34fdcf07 - - default default] 10.0.0.206 "DELETE /v2.0/subnets/967fd15d-9a24-4694-9438-27860547d212 HTTP/1.1" status: 204 len: 168 time: 0.5074267
2026-07-01 02:06:07.728 10 INFO neutron.wsgi [None req-4c323708-bcab-4ff8-8ce0-f4ea90e24455 983592d47736485292fb6a03e57b87ae e187e22e8ee143f79a5fcaaf3ee07dc1 - - default default] 10.0.0.206 "DELETE /v2.0/security-groups/07eb0a4d-4f00-4415-bcd8-6b175a248b9b HTTP/1.1" status: 204 len: 168 time: 0.5760884
2026-07-01 02:06:07.874 9 WARNING neutron.scheduler.dhcp_agent_scheduler [None req-cc727de9-fc0c-4640-b7d0-b154175f3403 6881304b4eda40f297c4f58d0d69f445 2e4ae1ca74d84b9abd633ffb3bddc493 - - default default] No more DHCP agents
2026-07-01 02:06:07.876 9 WARNING neutron.api.rpc.agentnotifiers.dhcp_rpc_agent_api [None req-cc727de9-fc0c-4640-b7d0-b154175f3403 6881304b4eda40f297c4f58d0d69f445 2e4ae1ca74d84b9abd633ffb3bddc493 - - default default] Unable to schedule network 16d5d515-d002-4683-9f77-84151eb8dc9f: no agents available; will retry on subsequent port and subnet creation events.
