2026-07-01 02:03:13.640 9 WARNING neutron.api.rpc.agentnotifiers.dhcp_rpc_agent_api [req-b6a7652d-61ac-42cc-8502-5df6788f1ae4 req-ba71edb1-5f2b-44cf-8c9e-c1b6b1eaa17a 38299b1bd662459380e05271c8a36e26 2d2e53fff35a4b15b1b2d99982bb8c8f - - default default] Unable to schedule network 7d2a5387-c31b-4ca7-b4ad-4f1b7215d3fd: no agents available; will retry on subsequent port and subnet creation events.
2026-07-01 02:03:13.722 9 INFO neutron.db.ovn_revision_numbers_db [None req-5b555ba2-00e2-44a3-b6e4-7ff11c93f32a acf7ae650d4240e89b8080ea859327a6 02083bcc1c5140eaaad72aae9672dbbd - - default default] Successfully bumped revision number for resource 928c05ff-f364-4c8e-9640-b4310882a6fa (type: floatingips) to 2
2026-07-01 02:03:13.722 9 INFO neutron.db.l3_db [None req-5b555ba2-00e2-44a3-b6e4-7ff11c93f32a acf7ae650d4240e89b8080ea859327a6 02083bcc1c5140eaaad72aae9672dbbd - - default default] Floating IP 928c05ff-f364-4c8e-9640-b4310882a6fa associated. External IP: 10.96.250.206, port: 9973df28-a73f-4db0-b38e-97d7efd4f997.
2026-07-01 02:03:13.757 9 INFO neutron.wsgi [None req-5b555ba2-00e2-44a3-b6e4-7ff11c93f32a acf7ae650d4240e89b8080ea859327a6 02083bcc1c5140eaaad72aae9672dbbd - - default default] 10.0.0.206 "PUT /v2.0/floatingips/928c05ff-f364-4c8e-9640-b4310882a6fa HTTP/1.1" status: 200 len: 1049 time: 1.3056564
2026-07-01 02:03:13.795 9 INFO neutron.db.ovn_revision_numbers_db [req-b6a7652d-61ac-42cc-8502-5df6788f1ae4 req-ba71edb1-5f2b-44cf-8c9e-c1b6b1eaa17a 38299b1bd662459380e05271c8a36e26 2d2e53fff35a4b15b1b2d99982bb8c8f - - default default] Successfully bumped revision number for resource a80c44f3-d170-44ac-9083-70e8ece946c9 (type: ports) to 1
2026-07-01 02:03:13.808 9 INFO neutron.notifiers.nova [-] Nova event matching ['req-76f43b8c-af13-405e-9c16-c5cdf7c54f6c'] response: {'name': 'network-changed', 'server_uuid': 'd44f7623-2174-4990-9ea6-4202d6ffb74d', 'tag': '9973df28-a73f-4db0-b38e-97d7efd4f997', 'status': 'completed', 'code': 200} /var/lib/openstack/lib/python3.10/site-packages/pycadf/identifier.py:71: UserWarning: Invalid uuid: neutron. To ensure interoperability, identifiers should be a valid uuid. warnings.warn(('Invalid uuid: %s. To ensure interoperability, '
2026-07-01 02:03:13.842 9 INFO neutron.wsgi [req-b6a7652d-61ac-42cc-8502-5df6788f1ae4 req-ba71edb1-5f2b-44cf-8c9e-c1b6b1eaa17a 38299b1bd662459380e05271c8a36e26 2d2e53fff35a4b15b1b2d99982bb8c8f - - default default] 199.204.45.235 "POST /v2.0/ports HTTP/1.1" status: 201 len: 1162 time: 0.8313766
2026-07-01 02:03:13.878 9 INFO neutron.wsgi [req-dac03aae-a6de-495c-b08f-e8127880bac7 req-d167ec62-1faa-4f9e-8eab-ffa19b788297 acf7ae650d4240e89b8080ea859327a6 02083bcc1c5140eaaad72aae9672dbbd - - default default] 10.0.0.89 "GET /v2.0/ports?device_id=d44f7623-2174-4990-9ea6-4202d6ffb74d HTTP/1.1" status: 200 len: 1170 time: 0.0693362
2026-07-01 02:03:13.889 9 INFO neutron.wsgi [req-6169279d-832f-4d55-bb17-ca439888f707 req-2537d4fe-74b9-40a6-ac8e-6cd2433e67a9 e3503a8fd7274b6bad92b0fbd20c2093 e11b4a4e282049b79a77ebaf177de5fe - - d6c4b691307344b8915061b9356c99b5 d6c4b691307344b8915061b9356c99b5] 199.204.45.235 "GET /v2.0/ports?tenant_id=02083bcc1c5140eaaad72aae9672dbbd&device_id=d44f7623-2174-4990-9ea6-4202d6ffb74d HTTP/1.1" status: 200 len: 1409 time: 0.0618632 /var/lib/openstack/lib/python3.10/site-packages/pycadf/identifier.py:71: UserWarning: Invalid uuid: neutron. To ensure interoperability, identifiers should be a valid uuid. warnings.warn(('Invalid uuid: %s. To ensure interoperability, '
2026-07-01 02:03:13.971 9 INFO neutron.wsgi [req-dac03aae-a6de-495c-b08f-e8127880bac7 req-5d36c1eb-83fd-4dba-88a8-76fec00e3cf2 acf7ae650d4240e89b8080ea859327a6 02083bcc1c5140eaaad72aae9672dbbd - - default default] 10.0.0.89 "GET /v2.0/security-groups?id=75d25b5d-496b-4303-a51c-c106966580bf&fields=id&fields=name HTTP/1.1" status: 200 len: 312 time: 0.0863111
2026-07-01 02:03:13.983 9 INFO neutron.wsgi [req-6169279d-832f-4d55-bb17-ca439888f707 req-68a6fbce-d10d-4694-8320-f2d80947e870 e3503a8fd7274b6bad92b0fbd20c2093 e11b4a4e282049b79a77ebaf177de5fe - - d6c4b691307344b8915061b9356c99b5 d6c4b691307344b8915061b9356c99b5] 199.204.45.235 "GET /v2.0/networks?id=b3242997-0680-401c-a6bf-f6800345b7ce HTTP/1.1" status: 200 len: 967 time: 0.0864642
2026-07-01 02:03:14.002 10 INFO neutron.wsgi [req-72687d36-dd9d-4c0e-b259-d21bb5e15c4a req-fff72ff8-fdc9-4b9a-b225-61403183139c 38299b1bd662459380e05271c8a36e26 2d2e53fff35a4b15b1b2d99982bb8c8f - - default default] 10.0.0.89 "GET /v2.0/ports?device_id=58516218-c58f-469c-ad45-9eea7f1753b3 HTTP/1.1" status: 200 len: 1160 time: 0.0561347
2026-07-01 02:03:14.053 10 INFO neutron.wsgi [req-72687d36-dd9d-4c0e-b259-d21bb5e15c4a req-4282d319-25f0-483a-8a4a-bed633fd1f81 38299b1bd662459380e05271c8a36e26 2d2e53fff35a4b15b1b2d99982bb8c8f - - default default] 10.0.0.89 "GET /v2.0/security-groups?id=e23caf06-dfcc-4772-b07b-0642622c78ab&fields=id&fields=name HTTP/1.1" status: 200 len: 312 time: 0.0464797
2026-07-01 02:03:14.059 9 INFO neutron.wsgi [req-6169279d-832f-4d55-bb17-ca439888f707 req-45999dac-9a77-4e4c-9667-a95c4e5b13e1 e3503a8fd7274b6bad92b0fbd20c2093 e11b4a4e282049b79a77ebaf177de5fe - - d6c4b691307344b8915061b9356c99b5 d6c4b691307344b8915061b9356c99b5] 199.204.45.235 "GET /v2.0/floatingips?fixed_ip_address=10.100.0.8&port_id=9973df28-a73f-4db0-b38e-97d7efd4f997 HTTP/1.1" status: 200 len: 1059 time: 0.0696023
2026-07-01 02:03:14.101 9 INFO neutron.wsgi [req-6169279d-832f-4d55-bb17-ca439888f707 req-9e341d93-c339-4f3e-89ee-0e079f777bff e3503a8fd7274b6bad92b0fbd20c2093 e11b4a4e282049b79a77ebaf177de5fe - - d6c4b691307344b8915061b9356c99b5 d6c4b691307344b8915061b9356c99b5] 199.204.45.235 "GET /v2.0/subnets?id=2e906dd2-3120-4828-a3f8-a9360992140f HTTP/1.1" status: 200 len: 862 time: 0.0358231
2026-07-01 02:03:14.130 9 INFO neutron.wsgi [req-6169279d-832f-4d55-bb17-ca439888f707 req-43c35e8f-08cd-44e9-88ab-0948ef0f326b e3503a8fd7274b6bad92b0fbd20c2093 e11b4a4e282049b79a77ebaf177de5fe - - d6c4b691307344b8915061b9356c99b5 d6c4b691307344b8915061b9356c99b5] 199.204.45.235 "GET /v2.0/ports?network_id=b3242997-0680-401c-a6bf-f6800345b7ce&device_owner=network%3Adhcp HTTP/1.1" status: 200 len: 210 time: 0.0175424
2026-07-01 02:03:14.233 9 INFO neutron.wsgi [req-6169279d-832f-4d55-bb17-ca439888f707 req-67c2495f-de08-43ed-a82e-111b21cd30b4 e3503a8fd7274b6bad92b0fbd20c2093 e11b4a4e282049b79a77ebaf177de5fe - - d6c4b691307344b8915061b9356c99b5 d6c4b691307344b8915061b9356c99b5] 199.204.45.235 "GET /v2.0/networks/b3242997-0680-401c-a6bf-f6800345b7ce?fields=segments HTTP/1.1" status: 200 len: 212 time: 0.0894160
2026-07-01 02:03:14.343 9 INFO neutron.wsgi [req-6169279d-832f-4d55-bb17-ca439888f707 req-4d281d43-c41b-4220-b97e-dfac338c0353 e3503a8fd7274b6bad92b0fbd20c2093 e11b4a4e282049b79a77ebaf177de5fe - - d6c4b691307344b8915061b9356c99b5 d6c4b691307344b8915061b9356c99b5] 199.204.45.235 "GET /v2.0/networks/b3242997-0680-401c-a6bf-f6800345b7ce?fields=provider%3Aphysical_network&fields=provider%3Anetwork_type HTTP/1.1" status: 200 len: 277 time: 0.1053827
2026-07-01 02:03:14.384 10 INFO neutron.plugins.ml2.drivers.ovn.mech_driver.mech_driver [None req-73ebf767-1868-48ed-b5e0-2cc563547756 - - - - - -] OVN reports status down for port: 9973df28-a73f-4db0-b38e-97d7efd4f997
2026-07-01 02:03:14.400 9 INFO neutron.wsgi [req-366c262d-6948-4a31-b810-c0f65905f609 req-7d78c052-adb4-4216-9636-1c771bd43439 acf7ae650d4240e89b8080ea859327a6 02083bcc1c5140eaaad72aae9672dbbd - - default default] 10.0.0.89 "GET /v2.0/ports?device_id=d44f7623-2174-4990-9ea6-4202d6ffb74d HTTP/1.1" status: 200 len: 1170 time: 0.0490530 /var/lib/openstack/lib/python3.10/site-packages/pycadf/identifier.py:71: UserWarning: Invalid uuid: neutron. To ensure interoperability, identifiers should be a valid uuid. warnings.warn(('Invalid uuid: %s. To ensure interoperability, '
2026-07-01 02:03:14.473 9 WARNING neutron.plugins.ml2.drivers.ovn.mech_driver.ovsdb.ovn_client [None req-048e853a-c288-4bf9-a660-befce609003b - - - - - -] No hosting information found for port e51a835d-53d6-4598-b0fd-699184641c51: RuntimeError: No hosting information found for port e51a835d-53d6-4598-b0fd-699184641c51
2026-07-01 02:03:14.511 9 INFO neutron.wsgi [req-366c262d-6948-4a31-b810-c0f65905f609 req-ec4900ed-db4e-4bcc-82bc-d162eb165112 acf7ae650d4240e89b8080ea859327a6 02083bcc1c5140eaaad72aae9672dbbd - - default default] 10.0.0.89 "GET /v2.0/security-groups?id=75d25b5d-496b-4303-a51c-c106966580bf&fields=id&fields=name HTTP/1.1" status: 200 len: 312 time: 0.1049652
2026-07-01 02:03:14.542 9 INFO neutron.db.ovn_revision_numbers_db [req-b6a7652d-61ac-42cc-8502-5df6788f1ae4 req-baba53d6-a314-4d0f-b742-624a6ce64162 e3503a8fd7274b6bad92b0fbd20c2093 e11b4a4e282049b79a77ebaf177de5fe - - d6c4b691307344b8915061b9356c99b5 d6c4b691307344b8915061b9356c99b5] Successfully bumped revision number for resource a80c44f3-d170-44ac-9083-70e8ece946c9 (type: ports) to 2 /var/lib/openstack/lib/python3.10/site-packages/pycadf/identifier.py:71: UserWarning: Invalid uuid: neutron. To ensure interoperability, identifiers should be a valid uuid. warnings.warn(('Invalid uuid: %s. To ensure interoperability, '
2026-07-01 02:03:14.687 10 INFO neutron.db.ovn_revision_numbers_db [None req-73ebf767-1868-48ed-b5e0-2cc563547756 - - - - - -] Successfully bumped revision number for resource 9973df28-a73f-4db0-b38e-97d7efd4f997 (type: ports) to 5
2026-07-01 02:03:14.733 9 INFO neutron.wsgi [req-039efce5-adfc-4be6-99c3-22d537fa0a2d req-9b22bd96-f1aa-4c0d-9ca7-9012b9a98dbd acf7ae650d4240e89b8080ea859327a6 02083bcc1c5140eaaad72aae9672dbbd - - default default] 199.204.45.235 "GET /v2.0/ports?device_id=d44f7623-2174-4990-9ea6-4202d6ffb74d HTTP/1.1" status: 200 len: 1168 time: 0.0581710 /var/lib/openstack/lib/python3.10/site-packages/pycadf/identifier.py:71: UserWarning: Invalid uuid: neutron. To ensure interoperability, identifiers should be a valid uuid. warnings.warn(('Invalid uuid: %s. To ensure interoperability, '
2026-07-01 02:03:14.806 9 INFO neutron.db.ovn_revision_numbers_db [req-b6a7652d-61ac-42cc-8502-5df6788f1ae4 req-baba53d6-a314-4d0f-b742-624a6ce64162 e3503a8fd7274b6bad92b0fbd20c2093 e11b4a4e282049b79a77ebaf177de5fe - - d6c4b691307344b8915061b9356c99b5 d6c4b691307344b8915061b9356c99b5] Successfully bumped revision number for resource a80c44f3-d170-44ac-9083-70e8ece946c9 (type: ports) to 2
2026-07-01 02:03:14.853 9 INFO neutron.wsgi [req-b6a7652d-61ac-42cc-8502-5df6788f1ae4 req-baba53d6-a314-4d0f-b742-624a6ce64162 e3503a8fd7274b6bad92b0fbd20c2093 e11b4a4e282049b79a77ebaf177de5fe - - d6c4b691307344b8915061b9356c99b5 d6c4b691307344b8915061b9356c99b5] 199.204.45.235 "PUT /v2.0/ports/a80c44f3-d170-44ac-9083-70e8ece946c9 HTTP/1.1" status: 200 len: 1380 time: 1.0024374
2026-07-01 02:03:14.954 10 INFO neutron.notifiers.nova [-] Nova event matching ['req-e2d01792-fc55-4f29-8814-00dc56d0e172'] response: {'server_uuid': 'd44f7623-2174-4990-9ea6-4202d6ffb74d', 'name': 'network-vif-unplugged', 'status': 'completed', 'tag': '9973df28-a73f-4db0-b38e-97d7efd4f997', 'code': 200}
2026-07-01 02:03:14.954 10 INFO neutron.notifiers.nova [-] Nova event matching ['req-e2d01792-fc55-4f29-8814-00dc56d0e172'] response: {'server_uuid': 'd44f7623-2174-4990-9ea6-4202d6ffb74d', 'name': 'network-vif-unplugged', 'status': 'completed', 'tag': '9973df28-a73f-4db0-b38e-97d7efd4f997', 'code': 200}
2026-07-01 02:03:15.158 9 INFO neutron.wsgi [req-b6a7652d-61ac-42cc-8502-5df6788f1ae4 req-1997c5c9-e083-47fc-8814-8d75261a219d e3503a8fd7274b6bad92b0fbd20c2093 e11b4a4e282049b79a77ebaf177de5fe - - d6c4b691307344b8915061b9356c99b5 d6c4b691307344b8915061b9356c99b5] 199.204.45.235 "GET /v2.0/ports?tenant_id=2d2e53fff35a4b15b1b2d99982bb8c8f&device_id=58516218-c58f-469c-ad45-9eea7f1753b3 HTTP/1.1" status: 200 len: 1411 time: 0.2707224
2026-07-01 02:03:15.192 9 INFO neutron.wsgi [req-b6a7652d-61ac-42cc-8502-5df6788f1ae4 req-dd1da64e-6d0b-4e25-bd85-9a7cdd1259ab e3503a8fd7274b6bad92b0fbd20c2093 e11b4a4e282049b79a77ebaf177de5fe - - d6c4b691307344b8915061b9356c99b5 d6c4b691307344b8915061b9356c99b5] 199.204.45.235 "GET /v2.0/floatingips?fixed_ip_address=10.100.0.11&port_id=a80c44f3-d170-44ac-9083-70e8ece946c9 HTTP/1.1" status: 200 len: 217 time: 0.0265293
2026-07-01 02:03:15.289 9 INFO neutron.wsgi [req-b6a7652d-61ac-42cc-8502-5df6788f1ae4 req-4a90d3d7-530a-46ca-ab73-6890f093bfea e3503a8fd7274b6bad92b0fbd20c2093 e11b4a4e282049b79a77ebaf177de5fe - - d6c4b691307344b8915061b9356c99b5 d6c4b691307344b8915061b9356c99b5] 199.204.45.235 "GET /v2.0/subnets?id=937c66bb-7145-4c42-b6fb-eb64fe8a3b8b HTTP/1.1" status: 200 len: 869 time: 0.0879457
2026-07-01 02:03:15.324 9 INFO neutron.wsgi [req-68c695a8-5e3b-4451-aae5-aaa8b1d8fa5f req-1f35bf30-b1fc-4318-99b3-fedd06677e53 38299b1bd662459380e05271c8a36e26 2d2e53fff35a4b15b1b2d99982bb8c8f - - default default] 10.0.0.89 "GET /v2.0/ports?device_id=58516218-c58f-469c-ad45-9eea7f1753b3 HTTP/1.1" status: 200 len: 1172 time: 0.2033210
2026-07-01 02:03:15.340 9 INFO neutron.wsgi [req-b6a7652d-61ac-42cc-8502-5df6788f1ae4 req-52662301-b48d-4b47-a2f6-c7153735fd66 e3503a8fd7274b6bad92b0fbd20c2093 e11b4a4e282049b79a77ebaf177de5fe - - d6c4b691307344b8915061b9356c99b5 d6c4b691307344b8915061b9356c99b5] 199.204.45.235 "GET /v2.0/ports?network_id=7d2a5387-c31b-4ca7-b4ad-4f1b7215d3fd&device_owner=network%3Adhcp HTTP/1.1" status: 200 len: 210 time: 0.0456302
2026-07-01 02:03:15.452 9 INFO neutron.wsgi [req-68c695a8-5e3b-4451-aae5-aaa8b1d8fa5f req-683aa5e6-ba47-41cc-ad8e-fb3da83d6080 38299b1bd662459380e05271c8a36e26 2d2e53fff35a4b15b1b2d99982bb8c8f - - default default] 10.0.0.89 "GET /v2.0/security-groups?id=e23caf06-dfcc-4772-b07b-0642622c78ab&fields=id&fields=name HTTP/1.1" status: 200 len: 312 time: 0.1154716
2026-07-01 02:03:15.464 9 INFO neutron.wsgi [req-b6a7652d-61ac-42cc-8502-5df6788f1ae4 req-57fa3fe3-fc9d-49a8-8d56-6147eb0a0073 e3503a8fd7274b6bad92b0fbd20c2093 e11b4a4e282049b79a77ebaf177de5fe - - d6c4b691307344b8915061b9356c99b5 d6c4b691307344b8915061b9356c99b5] 199.204.45.235 "GET /v2.0/networks/7d2a5387-c31b-4ca7-b4ad-4f1b7215d3fd?fields=segments HTTP/1.1" status: 200 len: 212 time: 0.1103787
2026-07-01 02:03:15.572 9 INFO neutron.wsgi [req-b6a7652d-61ac-42cc-8502-5df6788f1ae4 req-ef3117d4-0955-43f5-b296-32bbfda55c08 e3503a8fd7274b6bad92b0fbd20c2093 e11b4a4e282049b79a77ebaf177de5fe - - d6c4b691307344b8915061b9356c99b5 d6c4b691307344b8915061b9356c99b5] 199.204.45.235 "GET /v2.0/networks/7d2a5387-c31b-4ca7-b4ad-4f1b7215d3fd?fields=provider%3Aphysical_network&fields=provider%3Anetwork_type HTTP/1.1" status: 200 len: 277 time: 0.0995064
2026-07-01 02:03:15.583 9 INFO neutron.db.l3_db [req-039efce5-adfc-4be6-99c3-22d537fa0a2d req-de1f0f95-8884-4d61-b579-75aefc038512 acf7ae650d4240e89b8080ea859327a6 02083bcc1c5140eaaad72aae9672dbbd - - default default] Floating IP 928c05ff-f364-4c8e-9640-b4310882a6fa disassociated. External IP: 10.96.250.206, port: 9973df28-a73f-4db0-b38e-97d7efd4f997. /var/lib/openstack/lib/python3.10/site-packages/pycadf/identifier.py:71: UserWarning: Invalid uuid: neutron. To ensure interoperability, identifiers should be a valid uuid. warnings.warn(('Invalid uuid: %s. To ensure interoperability, '
2026-07-01 02:03:15.635 10 INFO neutron.wsgi [req-fefb62b7-71f4-4632-b32f-1b29d3a5967f req-4ae74eb7-4eb0-4baa-b0cf-c265aec1edd0 acf7ae650d4240e89b8080ea859327a6 02083bcc1c5140eaaad72aae9672dbbd - - default default] 10.0.0.89 "GET /v2.0/ports?device_id=d44f7623-2174-4990-9ea6-4202d6ffb74d HTTP/1.1" status: 200 len: 1168 time: 0.0548756
2026-07-01 02:03:15.681 10 INFO neutron.wsgi [req-fefb62b7-71f4-4632-b32f-1b29d3a5967f req-450b3a8d-8752-4d8d-8d0f-3829461fc43c acf7ae650d4240e89b8080ea859327a6 02083bcc1c5140eaaad72aae9672dbbd - - default default] 10.0.0.89 "GET /v2.0/security-groups?id=75d25b5d-496b-4303-a51c-c106966580bf&fields=id&fields=name HTTP/1.1" status: 200 len: 312 time: 0.0421910
2026-07-01 02:03:15.748 9 INFO neutron.wsgi [req-039efce5-adfc-4be6-99c3-22d537fa0a2d req-de1f0f95-8884-4d61-b579-75aefc038512 acf7ae650d4240e89b8080ea859327a6 02083bcc1c5140eaaad72aae9672dbbd - - default default] 199.204.45.235 "DELETE /v2.0/ports/9973df28-a73f-4db0-b38e-97d7efd4f997 HTTP/1.1" status: 204 len: 173 time: 1.0097420
2026-07-01 02:03:15.767 10 INFO neutron.plugins.ml2.drivers.ovn.mech_driver.mech_driver [None req-73ebf767-1868-48ed-b5e0-2cc563547756 - - - - - -] OVN reports status up for port: a80c44f3-d170-44ac-9083-70e8ece946c9
2026-07-01 02:03:15.789 10 INFO neutron.plugins.ml2.plugin [None req-73ebf767-1868-48ed-b5e0-2cc563547756 - - - - - -] Attempt 1 to provision port a80c44f3-d170-44ac-9083-70e8ece946c9
2026-07-01 02:03:15.848 9 INFO neutron.notifiers.nova [-] Nova event matching ['req-027f4e5c-add7-4985-a6d8-c8f4682d5e00'] response: {'name': 'network-changed', 'server_uuid': '58516218-c58f-469c-ad45-9eea7f1753b3', 'tag': 'a80c44f3-d170-44ac-9083-70e8ece946c9', 'status': 'completed', 'code': 200}
2026-07-01 02:03:15.849 9 INFO neutron.notifiers.nova [-] Nova event matching ['req-027f4e5c-add7-4985-a6d8-c8f4682d5e00'] response: {'server_uuid': 'd44f7623-2174-4990-9ea6-4202d6ffb74d', 'name': 'network-vif-deleted', 'tag': '9973df28-a73f-4db0-b38e-97d7efd4f997', 'status': 'completed', 'code': 200}
2026-07-01 02:03:15.922 9 INFO neutron.wsgi [req-2db902c3-187c-46f0-84c3-a88a46bf270f req-b97a78ec-0109-4a5a-bd9d-f70f7abad993 e3503a8fd7274b6bad92b0fbd20c2093 e11b4a4e282049b79a77ebaf177de5fe - - d6c4b691307344b8915061b9356c99b5 d6c4b691307344b8915061b9356c99b5] 199.204.45.235 "GET /v2.0/ports?tenant_id=2d2e53fff35a4b15b1b2d99982bb8c8f&device_id=58516218-c58f-469c-ad45-9eea7f1753b3 HTTP/1.1" status: 200 len: 1411 time: 0.0533783
2026-07-01 02:03:16.008 9 INFO neutron.wsgi [req-2db902c3-187c-46f0-84c3-a88a46bf270f req-7ca1900d-96cd-4f93-b3a1-ec0ca7fee2ab e3503a8fd7274b6bad92b0fbd20c2093 e11b4a4e282049b79a77ebaf177de5fe - - d6c4b691307344b8915061b9356c99b5 d6c4b691307344b8915061b9356c99b5] 199.204.45.235 "GET /v2.0/networks?id=7d2a5387-c31b-4ca7-b4ad-4f1b7215d3fd HTTP/1.1" status: 200 len: 974 time: 0.0726404
2026-07-01 02:03:16.048 9 INFO neutron.wsgi [req-2db902c3-187c-46f0-84c3-a88a46bf270f req-31683353-2ed0-41f2-8c75-e41424fa52a1 e3503a8fd7274b6bad92b0fbd20c2093 e11b4a4e282049b79a77ebaf177de5fe - - d6c4b691307344b8915061b9356c99b5 d6c4b691307344b8915061b9356c99b5] 199.204.45.235 "GET /v2.0/floatingips?fixed_ip_address=10.100.0.11&port_id=a80c44f3-d170-44ac-9083-70e8ece946c9 HTTP/1.1" status: 200 len: 217 time: 0.0244098
2026-07-01 02:03:16.090 9 INFO neutron.wsgi [req-2db902c3-187c-46f0-84c3-a88a46bf270f req-054c2275-bf4a-46fc-9fdc-90acc2a54387 e3503a8fd7274b6bad92b0fbd20c2093 e11b4a4e282049b79a77ebaf177de5fe - - d6c4b691307344b8915061b9356c99b5 d6c4b691307344b8915061b9356c99b5] 199.204.45.235 "GET /v2.0/subnets?id=937c66bb-7145-4c42-b6fb-eb64fe8a3b8b HTTP/1.1" status: 200 len: 869 time: 0.0369458
2026-07-01 02:03:16.112 9 INFO neutron.wsgi [req-2db902c3-187c-46f0-84c3-a88a46bf270f req-6a42d9da-745e-4655-9dc1-0525ca82b3a9 e3503a8fd7274b6bad92b0fbd20c2093 e11b4a4e282049b79a77ebaf177de5fe - - d6c4b691307344b8915061b9356c99b5 d6c4b691307344b8915061b9356c99b5] 199.204.45.235 "GET /v2.0/ports?network_id=7d2a5387-c31b-4ca7-b4ad-4f1b7215d3fd&device_owner=network%3Adhcp HTTP/1.1" status: 200 len: 210 time: 0.0179434
2026-07-01 02:03:16.122 10 INFO neutron.db.ovn_revision_numbers_db [None req-73ebf767-1868-48ed-b5e0-2cc563547756 - - - - - -] Successfully bumped revision number for resource a80c44f3-d170-44ac-9083-70e8ece946c9 (type: ports) to 4
2026-07-01 02:03:16.179 9 INFO neutron.wsgi [req-2db902c3-187c-46f0-84c3-a88a46bf270f req-a1fc9b43-5271-44d3-abe0-3cc316450719 e3503a8fd7274b6bad92b0fbd20c2093 e11b4a4e282049b79a77ebaf177de5fe - - d6c4b691307344b8915061b9356c99b5 d6c4b691307344b8915061b9356c99b5] 199.204.45.235 "GET /v2.0/networks/7d2a5387-c31b-4ca7-b4ad-4f1b7215d3fd?fields=segments HTTP/1.1" status: 200 len: 212 time: 0.0539622
2026-07-01 02:03:16.259 9 INFO neutron.wsgi [req-2db902c3-187c-46f0-84c3-a88a46bf270f req-65409a41-421e-4c20-9509-a3206162d396 e3503a8fd7274b6bad92b0fbd20c2093 e11b4a4e282049b79a77ebaf177de5fe - - d6c4b691307344b8915061b9356c99b5 d6c4b691307344b8915061b9356c99b5] 199.204.45.235 "GET /v2.0/networks/7d2a5387-c31b-4ca7-b4ad-4f1b7215d3fd?fields=provider%3Aphysical_network&fields=provider%3Anetwork_type HTTP/1.1" status: 200 len: 277 time: 0.0733407 /var/lib/openstack/lib/python3.10/site-packages/pycadf/identifier.py:71: UserWarning: Invalid uuid: neutron. To ensure interoperability, identifiers should be a valid uuid. warnings.warn(('Invalid uuid: %s. To ensure interoperability, '
2026-07-01 02:03:16.598 10 INFO neutron.wsgi [req-f9a74297-7441-45a6-a176-0010058240e4 req-2be79fd3-8b42-440f-91b2-f7edf90305d5 38299b1bd662459380e05271c8a36e26 2d2e53fff35a4b15b1b2d99982bb8c8f - - default default] 10.0.0.89 "GET /v2.0/ports?device_id=58516218-c58f-469c-ad45-9eea7f1753b3 HTTP/1.1" status: 200 len: 1174 time: 0.0910089
2026-07-01 02:03:16.647 10 INFO neutron.wsgi [req-f9a74297-7441-45a6-a176-0010058240e4 req-a0d47c05-6a21-4489-b3ab-141f0c8f7856 38299b1bd662459380e05271c8a36e26 2d2e53fff35a4b15b1b2d99982bb8c8f - - default default] 10.0.0.89 "GET /v2.0/security-groups?id=e23caf06-dfcc-4772-b07b-0642622c78ab&fields=id&fields=name HTTP/1.1" status: 200 len: 312 time: 0.0412233
2026-07-01 02:03:16.900 9 INFO neutron.wsgi [None req-01fdecce-c76a-443b-826e-2aa956fe62d0 acf7ae650d4240e89b8080ea859327a6 02083bcc1c5140eaaad72aae9672dbbd - - default default] 10.0.0.206 "DELETE /v2.0/security-groups/75d25b5d-496b-4303-a51c-c106966580bf HTTP/1.1" status: 204 len: 168 time: 0.1358073
2026-07-01 02:03:16.914 9 INFO neutron.api.v2.resource [None req-66aee19d-b883-4396-889f-c3a4912a7bd1 acf7ae650d4240e89b8080ea859327a6 02083bcc1c5140eaaad72aae9672dbbd - - default default] show failed (client error): The resource could not be found.
2026-07-01 02:03:16.915 9 INFO neutron.wsgi [None req-66aee19d-b883-4396-889f-c3a4912a7bd1 acf7ae650d4240e89b8080ea859327a6 02083bcc1c5140eaaad72aae9672dbbd - - default default] 10.0.0.206 "GET /v2.0/security-groups/75d25b5d-496b-4303-a51c-c106966580bf HTTP/1.1" status: 404 len: 347 time: 0.0110488
2026-07-01 02:03:16.997 10 INFO neutron.notifiers.nova [-] Nova event matching ['req-d6a23d1e-e52d-4082-a668-895c23fe18a7'] response: {'server_uuid': '58516218-c58f-469c-ad45-9eea7f1753b3', 'name': 'network-vif-plugged', 'status': 'completed', 'tag': 'a80c44f3-d170-44ac-9083-70e8ece946c9', 'code': 200}
2026-07-01 02:03:16.998 10 INFO neutron.notifiers.nova [-] Nova event matching ['req-d6a23d1e-e52d-4082-a668-895c23fe18a7'] response: {'server_uuid': '58516218-c58f-469c-ad45-9eea7f1753b3', 'name': 'network-vif-plugged', 'status': 'completed', 'tag': 'a80c44f3-d170-44ac-9083-70e8ece946c9', 'code': 200}
2026-07-01 02:03:17.265 9 INFO neutron.wsgi [None req-8079e96b-8f95-4686-80e5-e38d9f75cae2 acf7ae650d4240e89b8080ea859327a6 02083bcc1c5140eaaad72aae9672dbbd - - default default] 10.0.0.206 "DELETE /v2.0/floatingips/928c05ff-f364-4c8e-9640-b4310882a6fa HTTP/1.1" status: 204 len: 168 time: 0.3446603
2026-07-01 02:03:17.782 10 INFO neutron.wsgi [req-deb81288-c718-4b95-82e9-ab90cdd1fb57 req-291a47df-29e5-4b2a-9cf0-1ee49a826ae5 38299b1bd662459380e05271c8a36e26 2d2e53fff35a4b15b1b2d99982bb8c8f - - default default] 10.0.0.89 "GET /v2.0/ports?device_id=58516218-c58f-469c-ad45-9eea7f1753b3 HTTP/1.1" status: 200 len: 1174 time: 0.0448506
2026-07-01 02:03:17.850 10 INFO neutron.wsgi [req-deb81288-c718-4b95-82e9-ab90cdd1fb57 req-a27a9750-f901-4d57-a4de-7a363c27501f 38299b1bd662459380e05271c8a36e26 2d2e53fff35a4b15b1b2d99982bb8c8f - - default default] 10.0.0.89 "GET /v2.0/security-groups?id=e23caf06-dfcc-4772-b07b-0642622c78ab&fields=id&fields=name HTTP/1.1" status: 200 len: 312 time: 0.0582917
2026-07-01 02:03:17.978 9 INFO neutron.wsgi [req-2a124146-e3d3-4f47-90db-90cb78e55fb8 req-5a3fd407-ceb1-444b-b9cd-0a8a98c4ecf8 38299b1bd662459380e05271c8a36e26 2d2e53fff35a4b15b1b2d99982bb8c8f - - default default] 10.0.0.89 "GET /v2.0/ports?device_id=58516218-c58f-469c-ad45-9eea7f1753b3 HTTP/1.1" status: 200 len: 1174 time: 0.0497975
2026-07-01 02:03:18.631 9 INFO neutron.db.ovn_revision_numbers_db [None req-1fb7c028-8e84-4cdd-b916-f565bd47ebae 38299b1bd662459380e05271c8a36e26 2d2e53fff35a4b15b1b2d99982bb8c8f - - default default] Successfully bumped revision number for resource 3bc625c7-00ae-4120-b5f9-6ce5061c4e3d (type: floatingips) to 1
2026-07-01 02:03:18.842 10 INFO neutron.wsgi [None req-99f31709-bd86-46e6-81fd-480ff3bd5453 983592d47736485292fb6a03e57b87ae e187e22e8ee143f79a5fcaaf3ee07dc1 - - default default] 10.0.0.206 "PUT /v2.0/routers/85dc7e65-dd32-4d40-b5e3-b0f7f64edb3b/remove_router_interface HTTP/1.1" status: 200 len: 503 time: 1.5610836 /var/lib/openstack/lib/python3.10/site-packages/pycadf/identifier.py:71: UserWarning: Invalid uuid: neutron. To ensure interoperability, identifiers should be a valid uuid. warnings.warn(('Invalid uuid: %s. To ensure interoperability, '
2026-07-01 02:03:18.971 9 INFO neutron.wsgi [req-108556d2-d0ab-4d70-93a7-1a1441897061 req-06ecde57-647b-48bc-baa4-867c5ac02ee2 e3503a8fd7274b6bad92b0fbd20c2093 e11b4a4e282049b79a77ebaf177de5fe - - d6c4b691307344b8915061b9356c99b5 d6c4b691307344b8915061b9356c99b5] 10.0.0.4 "GET /v2.0/ports?device_id=b2f238c2-190b-4401-aaa7-43c5b52c6071 HTTP/1.1" status: 200 len: 1409 time: 0.3879035
2026-07-01 02:03:18.986 9 INFO neutron.db.ovn_revision_numbers_db [None req-1fb7c028-8e84-4cdd-b916-f565bd47ebae 38299b1bd662459380e05271c8a36e26 2d2e53fff35a4b15b1b2d99982bb8c8f - - default default] Successfully bumped revision number for resource 3bc625c7-00ae-4120-b5f9-6ce5061c4e3d (type: floatingips) to 2
2026-07-01 02:03:18.987 9 INFO neutron.db.l3_db [None req-1fb7c028-8e84-4cdd-b916-f565bd47ebae 38299b1bd662459380e05271c8a36e26 2d2e53fff35a4b15b1b2d99982bb8c8f - - default default] Floating IP 3bc625c7-00ae-4120-b5f9-6ce5061c4e3d associated. External IP: 10.96.250.208, port: a80c44f3-d170-44ac-9083-70e8ece946c9.
2026-07-01 02:03:19.023 9 INFO neutron.wsgi [None req-1fb7c028-8e84-4cdd-b916-f565bd47ebae 38299b1bd662459380e05271c8a36e26 2d2e53fff35a4b15b1b2d99982bb8c8f - - default default] 10.0.0.206 "PUT /v2.0/floatingips/3bc625c7-00ae-4120-b5f9-6ce5061c4e3d HTTP/1.1" status: 200 len: 1050 time: 1.0351646
2026-07-01 02:03:19.044 9 INFO neutron.wsgi [req-108556d2-d0ab-4d70-93a7-1a1441897061 req-e892636a-44bc-4321-aeb6-e35be12903d8 e3503a8fd7274b6bad92b0fbd20c2093 e11b4a4e282049b79a77ebaf177de5fe - - d6c4b691307344b8915061b9356c99b5 d6c4b691307344b8915061b9356c99b5] 10.0.0.4 "GET /v2.0/security-groups?id=8d595801-087a-4dbe-9b1d-ac87c679b2a0&fields=id&fields=name HTTP/1.1" status: 200 len: 312 time: 0.0651910
2026-07-01 02:03:19.059 9 INFO neutron.notifiers.nova [-] Nova event matching ['req-47f82f38-f6d7-4349-aa81-2188af2e51e0'] response: {'name': 'network-changed', 'server_uuid': '58516218-c58f-469c-ad45-9eea7f1753b3', 'tag': 'a80c44f3-d170-44ac-9083-70e8ece946c9', 'status': 'completed', 'code': 200}
2026-07-01 02:03:19.138 9 INFO neutron.wsgi [req-7682b0de-8984-41fb-a598-c6b249539796 req-05ec3e92-4e8e-4061-8a19-208106a4d12f 38299b1bd662459380e05271c8a36e26 2d2e53fff35a4b15b1b2d99982bb8c8f - - default default] 10.0.0.89 "GET /v2.0/ports?device_id=58516218-c58f-469c-ad45-9eea7f1753b3 HTTP/1.1" status: 200 len: 1174 time: 0.0595472
2026-07-01 02:03:19.158 9 INFO neutron.wsgi [req-fa06a6c9-d664-400b-9b20-37e787f03122 req-d3d229d9-561c-4636-8022-cecba0a3b908 e3503a8fd7274b6bad92b0fbd20c2093 e11b4a4e282049b79a77ebaf177de5fe - - d6c4b691307344b8915061b9356c99b5 d6c4b691307344b8915061b9356c99b5] 199.204.45.235 "GET /v2.0/ports?tenant_id=2d2e53fff35a4b15b1b2d99982bb8c8f&device_id=58516218-c58f-469c-ad45-9eea7f1753b3 HTTP/1.1" status: 200 len: 1413 time: 0.0650680
2026-07-01 02:03:19.215 9 INFO neutron.wsgi [req-7682b0de-8984-41fb-a598-c6b249539796 req-061bbabd-cb07-410c-b1e9-b47c3fc26975 38299b1bd662459380e05271c8a36e26 2d2e53fff35a4b15b1b2d99982bb8c8f - - default default] 10.0.0.89 "GET /v2.0/security-groups?id=e23caf06-dfcc-4772-b07b-0642622c78ab&fields=id&fields=name HTTP/1.1" status: 200 len: 312 time: 0.0703025
2026-07-01 02:03:19.269 9 INFO neutron.wsgi [req-fa06a6c9-d664-400b-9b20-37e787f03122 req-9730f70f-23ff-4e8a-818b-ddcda6494455 e3503a8fd7274b6bad92b0fbd20c2093 e11b4a4e282049b79a77ebaf177de5fe - - d6c4b691307344b8915061b9356c99b5 d6c4b691307344b8915061b9356c99b5] 199.204.45.235 "GET /v2.0/networks?id=7d2a5387-c31b-4ca7-b4ad-4f1b7215d3fd HTTP/1.1" status: 200 len: 974 time: 0.1046443
2026-07-01 02:03:19.343 9 INFO neutron.wsgi [req-fa06a6c9-d664-400b-9b20-37e787f03122 req-15a55b72-70ab-40ab-8b0a-c2f850c172e3 e3503a8fd7274b6bad92b0fbd20c2093 e11b4a4e282049b79a77ebaf177de5fe - - d6c4b691307344b8915061b9356c99b5 d6c4b691307344b8915061b9356c99b5] 199.204.45.235 "GET /v2.0/floatingips?fixed_ip_address=10.100.0.11&port_id=a80c44f3-d170-44ac-9083-70e8ece946c9 HTTP/1.1" status: 200 len: 1060 time: 0.0672679
2026-07-01 02:03:19.386 9 INFO neutron.wsgi [req-fa06a6c9-d664-400b-9b20-37e787f03122 req-8b60f6b7-8439-41d6-8a0a-0d8af77da116 e3503a8fd7274b6bad92b0fbd20c2093 e11b4a4e282049b79a77ebaf177de5fe - - d6c4b691307344b8915061b9356c99b5 d6c4b691307344b8915061b9356c99b5] 199.204.45.235 "GET /v2.0/subnets?id=937c66bb-7145-4c42-b6fb-eb64fe8a3b8b HTTP/1.1" status: 200 len: 869 time: 0.0335224
2026-07-01 02:03:19.418 9 INFO neutron.wsgi [req-fa06a6c9-d664-400b-9b20-37e787f03122 req-aea93635-8532-437d-9c14-f850f4fabd2a e3503a8fd7274b6bad92b0fbd20c2093 e11b4a4e282049b79a77ebaf177de5fe - - d6c4b691307344b8915061b9356c99b5 d6c4b691307344b8915061b9356c99b5] 199.204.45.235 "GET /v2.0/ports?network_id=7d2a5387-c31b-4ca7-b4ad-4f1b7215d3fd&device_owner=network%3Adhcp HTTP/1.1" status: 200 len: 210 time: 0.0258701
2026-07-01 02:03:19.483 9 INFO neutron.wsgi [req-fa06a6c9-d664-400b-9b20-37e787f03122 req-71a26060-cc91-4a13-a415-e1bdf13ac26d e3503a8fd7274b6bad92b0fbd20c2093 e11b4a4e282049b79a77ebaf177de5fe - - d6c4b691307344b8915061b9356c99b5 d6c4b691307344b8915061b9356c99b5] 199.204.45.235 "GET /v2.0/networks/7d2a5387-c31b-4ca7-b4ad-4f1b7215d3fd?fields=segments HTTP/1.1" status: 200 len: 212 time: 0.0555058
2026-07-01 02:03:19.538 9 INFO neutron.wsgi [req-fa06a6c9-d664-400b-9b20-37e787f03122 req-014f999e-9a5b-400b-a33d-fa7a200847b2 e3503a8fd7274b6bad92b0fbd20c2093 e11b4a4e282049b79a77ebaf177de5fe - - d6c4b691307344b8915061b9356c99b5 d6c4b691307344b8915061b9356c99b5] 199.204.45.235 "GET /v2.0/networks/7d2a5387-c31b-4ca7-b4ad-4f1b7215d3fd?fields=provider%3Aphysical_network&fields=provider%3Anetwork_type HTTP/1.1" status: 200 len: 277 time: 0.0499437
2026-07-01 02:03:19.638 10 INFO neutron.plugins.ml2.drivers.ovn.mech_driver.mech_driver [None req-73ebf767-1868-48ed-b5e0-2cc563547756 - - - - - -] OVN reports status down for port: a80c44f3-d170-44ac-9083-70e8ece946c9
2026-07-01 02:03:19.676 10 INFO neutron.wsgi [req-d4bcdc28-e91a-4986-a7c2-d3f3a08e8c66 req-87cd0b67-7380-4b04-a0ef-f9be5d15c422 38299b1bd662459380e05271c8a36e26 2d2e53fff35a4b15b1b2d99982bb8c8f - - default default] 10.0.0.89 "GET /v2.0/ports?device_id=58516218-c58f-469c-ad45-9eea7f1753b3 HTTP/1.1" status: 200 len: 1174 time: 0.0752072
2026-07-01 02:03:19.798 9 INFO neutron.wsgi [req-4dad5e6b-7909-431c-990c-346f2cdaca60 req-f1b85c63-fa10-474c-bdfd-64ff94c03b2e e3503a8fd7274b6bad92b0fbd20c2093 e11b4a4e282049b79a77ebaf177de5fe - - d6c4b691307344b8915061b9356c99b5 d6c4b691307344b8915061b9356c99b5] 10.0.0.4 "GET /v2.0/ports?device_id=991ea144-fc47-46a0-a002-c7e3db55c031 HTTP/1.1" status: 200 len: 1409 time: 0.0591090
2026-07-01 02:03:19.874 9 INFO neutron.wsgi [req-4dad5e6b-7909-431c-990c-346f2cdaca60 req-0b33a766-8cc6-499f-9430-1dc6706352cd e3503a8fd7274b6bad92b0fbd20c2093 e11b4a4e282049b79a77ebaf177de5fe - - d6c4b691307344b8915061b9356c99b5 d6c4b691307344b8915061b9356c99b5] 10.0.0.4 "GET /v2.0/security-groups?id=1b909853-3800-4704-badd-f137174d0b6f&fields=id&fields=name HTTP/1.1" status: 200 len: 313 time: 0.0686600
2026-07-01 02:03:19.970 10 INFO neutron.wsgi [req-d4bcdc28-e91a-4986-a7c2-d3f3a08e8c66 req-316f1147-2bd2-4314-a2db-02acbf10816e 38299b1bd662459380e05271c8a36e26 2d2e53fff35a4b15b1b2d99982bb8c8f - - default default] 10.0.0.89 "GET /v2.0/security-groups?id=e23caf06-dfcc-4772-b07b-0642622c78ab&fields=id&fields=name HTTP/1.1" status: 200 len: 312 time: 0.0988798
2026-07-01 02:03:20.004 10 INFO neutron.wsgi [None req-93a565c3-b877-4784-ad6d-3fe2ade034e6 983592d47736485292fb6a03e57b87ae e187e22e8ee143f79a5fcaaf3ee07dc1 - - default default] 10.0.0.206 "DELETE /v2.0/routers/85dc7e65-dd32-4d40-b5e3-b0f7f64edb3b HTTP/1.1" status: 204 len: 168 time: 1.1539502
2026-07-01 02:03:20.021 9 INFO neutron.wsgi [req-4697b9ca-b45f-475c-861a-c59c52bf13f9 req-85bb2b1f-4a27-49c5-aaf1-874eec5ccaf7 38299b1bd662459380e05271c8a36e26 2d2e53fff35a4b15b1b2d99982bb8c8f - - default default] 199.204.45.235 "GET /v2.0/ports?device_id=58516218-c58f-469c-ad45-9eea7f1753b3 HTTP/1.1" status: 200 len: 1174 time: 0.0497286
2026-07-01 02:03:20.090 10 INFO neutron.notifiers.nova [-] Nova event matching ['req-4caeb28a-383c-45ef-9c3d-5edadf69d5b9'] response: {'server_uuid': '58516218-c58f-469c-ad45-9eea7f1753b3', 'name': 'network-vif-unplugged', 'status': 'completed', 'tag': 'a80c44f3-d170-44ac-9083-70e8ece946c9', 'code': 200}
2026-07-01 02:03:20.288 10 INFO neutron.wsgi [None req-0bea04c0-7f38-4d84-bf47-6e4d3b72b43f 983592d47736485292fb6a03e57b87ae e187e22e8ee143f79a5fcaaf3ee07dc1 - - default default] 10.0.0.206 "DELETE /v2.0/subnets/2e906dd2-3120-4828-a3f8-a9360992140f HTTP/1.1" status: 204 len: 168 time: 0.2762563
2026-07-01 02:03:20.299 10 INFO neutron.db.ovn_revision_numbers_db [None req-73ebf767-1868-48ed-b5e0-2cc563547756 - - - - - -] Successfully bumped revision number for resource a80c44f3-d170-44ac-9083-70e8ece946c9 (type: ports) to 5
2026-07-01 02:03:20.452 9 INFO neutron.db.l3_db [req-4697b9ca-b45f-475c-861a-c59c52bf13f9 req-fd91a25d-c5ca-49b8-9362-7c8cc02b3d70 38299b1bd662459380e05271c8a36e26 2d2e53fff35a4b15b1b2d99982bb8c8f - - default default] Floating IP 3bc625c7-00ae-4120-b5f9-6ce5061c4e3d disassociated. External IP: 10.96.250.208, port: a80c44f3-d170-44ac-9083-70e8ece946c9.
2026-07-01 02:03:20.581 9 INFO neutron.wsgi [req-4697b9ca-b45f-475c-861a-c59c52bf13f9 req-fd91a25d-c5ca-49b8-9362-7c8cc02b3d70 38299b1bd662459380e05271c8a36e26 2d2e53fff35a4b15b1b2d99982bb8c8f - - default default] 199.204.45.235 "DELETE /v2.0/ports/a80c44f3-d170-44ac-9083-70e8ece946c9 HTTP/1.1" status: 204 len: 173 time: 0.5552807
2026-07-01 02:03:20.687 10 INFO neutron.services.segments.plugin [-] Segment 8bb939e6-ac15-40bd-b3a0-0675cb5025e3 resource provider aggregate not found
2026-07-01 02:03:20.691 10 INFO neutron.services.segments.plugin [-] Segment 8bb939e6-ac15-40bd-b3a0-0675cb5025e3 resource provider aggregate not found
2026-07-01 02:03:20.700 10 INFO neutron.services.segments.plugin [-] Segment 8bb939e6-ac15-40bd-b3a0-0675cb5025e3 resource provider not found; error: Placement Client Error (4xx): {"errors": [{"status": 404, "title": "Not Found", "detail": "The resource could not be found.\n\n No resource provider with uuid 8bb939e6-ac15-40bd-b3a0-0675cb5025e3 found for delete ", "request_id": "req-b3ba53cb-e564-4be5-9411-6ab988e3fb28"}]}
2026-07-01 02:03:20.709 10 INFO neutron.wsgi [None req-c638eb49-8f8f-462b-a8d0-aa13f3f335e6 983592d47736485292fb6a03e57b87ae e187e22e8ee143f79a5fcaaf3ee07dc1 - - default default] 10.0.0.206 "DELETE /v2.0/networks/b3242997-0680-401c-a6bf-f6800345b7ce HTTP/1.1" status: 204 len: 168 time: 0.4168615
2026-07-01 02:03:20.711 10 INFO neutron.services.segments.plugin [-] Segment 8bb939e6-ac15-40bd-b3a0-0675cb5025e3 resource provider not found; error: Placement Client Error (4xx): {"errors": [{"status": 404, "title": "Not Found", "detail": "The resource could not be found.\n\n No resource provider with uuid 8bb939e6-ac15-40bd-b3a0-0675cb5025e3 found for delete ", "request_id": "req-0ec001f4-3075-4c33-9406-7e009aebe51c"}]}
2026-07-01 02:03:20.847 9 INFO neutron.wsgi [None req-c8609093-2bf8-4e7d-b1a8-67e38712566a 983592d47736485292fb6a03e57b87ae e187e22e8ee143f79a5fcaaf3ee07dc1 - - default default] 10.0.0.206 "GET /v2.0/security-groups?tenant_id=02083bcc1c5140eaaad72aae9672dbbd&name=default HTTP/1.1" status: 200 len: 3120 time: 0.0398488 /var/lib/openstack/lib/python3.10/site-packages/pycadf/identifier.py:71: UserWarning: Invalid uuid: neutron. To ensure interoperability, identifiers should be a valid uuid. warnings.warn(('Invalid uuid: %s. To ensure interoperability, '
2026-07-01 02:03:21.060 10 INFO neutron.wsgi [None req-35c11a3e-3a6c-48e2-bab4-e102c2515ee7 983592d47736485292fb6a03e57b87ae e187e22e8ee143f79a5fcaaf3ee07dc1 - - default default] 10.0.0.206 "DELETE /v2.0/security-groups/1205df2d-7275-4b89-bf7d-5dda8517d07e HTTP/1.1" status: 204 len: 168 time: 0.2082229
2026-07-01 02:03:21.089 9 INFO neutron.notifiers.nova [-] Nova event matching ['req-ca9625a0-01eb-42f6-9154-572804cd0da1'] response: {'server_uuid': '58516218-c58f-469c-ad45-9eea7f1753b3', 'name': 'network-vif-deleted', 'tag': 'a80c44f3-d170-44ac-9083-70e8ece946c9', 'status': 'completed', 'code': 200}
2026-07-01 02:03:21.204 10 INFO neutron.wsgi [None req-aac657ae-ff0d-46f8-9e8b-9235e34e6e4b 38299b1bd662459380e05271c8a36e26 2d2e53fff35a4b15b1b2d99982bb8c8f - - default default] 10.0.0.206 "DELETE /v2.0/security-groups/e23caf06-dfcc-4772-b07b-0642622c78ab HTTP/1.1" status: 204 len: 168 time: 0.1357825
2026-07-01 02:03:21.221 10 INFO neutron.api.v2.resource [None req-62a573d7-671f-4bc3-862b-aad14a8a53f1 38299b1bd662459380e05271c8a36e26 2d2e53fff35a4b15b1b2d99982bb8c8f - - default default] show failed (client error): The resource could not be found.
2026-07-01 02:03:21.222 10 INFO neutron.wsgi [None req-62a573d7-671f-4bc3-862b-aad14a8a53f1 38299b1bd662459380e05271c8a36e26 2d2e53fff35a4b15b1b2d99982bb8c8f - - default default] 10.0.0.206 "GET /v2.0/security-groups/e23caf06-dfcc-4772-b07b-0642622c78ab HTTP/1.1" status: 404 len: 347 time: 0.0120149
2026-07-01 02:03:21.566 9 INFO neutron.wsgi [None req-418a18e8-0615-4743-a552-ac390635c594 38299b1bd662459380e05271c8a36e26 2d2e53fff35a4b15b1b2d99982bb8c8f - - default default] 10.0.0.206 "DELETE /v2.0/floatingips/3bc625c7-00ae-4120-b5f9-6ce5061c4e3d HTTP/1.1" status: 204 len: 168 time: 0.3394909
2026-07-01 02:03:22.068 10 INFO neutron.wsgi [-] 10.0.0.245 "GET / HTTP/1.1" status: 200 len: 247 time: 0.0027804
2026-07-01 02:03:22.071 10 INFO neutron.wsgi [-] 10.0.0.245 "GET / HTTP/1.1" status: 200 len: 247 time: 0.0017872
2026-07-01 02:03:22.128 10 INFO neutron.notifiers.nova [-] Nova event matching ['req-acef55cf-d0e7-44c0-a23e-967cf808baa7'] response: {'server_uuid': '58516218-c58f-469c-ad45-9eea7f1753b3', 'name': 'network-vif-unplugged', 'status': 'completed', 'tag': 'a80c44f3-d170-44ac-9083-70e8ece946c9', 'code': 200}
2026-07-01 02:03:22.774 9 INFO neutron.wsgi [None req-b92db5ab-d2a1-4137-88ab-acbba12b1b1f 983592d47736485292fb6a03e57b87ae e187e22e8ee143f79a5fcaaf3ee07dc1 - - default default] 10.0.0.206 "PUT /v2.0/routers/c9ddd8f2-47e7-40cf-8c07-fe0f3cfd111f/remove_router_interface HTTP/1.1" status: 200 len: 503 time: 1.2026958 /var/lib/openstack/lib/python3.10/site-packages/pycadf/identifier.py:71: UserWarning: Invalid uuid: neutron. To ensure interoperability, identifiers should be a valid uuid. warnings.warn(('Invalid uuid: %s. To ensure interoperability, '
2026-07-01 02:03:23.778 9 INFO neutron.wsgi [None req-500746a5-977c-49ea-a48e-6ac7495a11bf 983592d47736485292fb6a03e57b87ae e187e22e8ee143f79a5fcaaf3ee07dc1 - - default default] 10.0.0.206 "DELETE /v2.0/routers/c9ddd8f2-47e7-40cf-8c07-fe0f3cfd111f HTTP/1.1" status: 204 len: 168 time: 0.9997766
2026-07-01 02:03:24.015 9 INFO neutron.wsgi [None req-3f5ac14d-b4e9-4c5c-bef7-dcb5147b7ad7 983592d47736485292fb6a03e57b87ae e187e22e8ee143f79a5fcaaf3ee07dc1 - - default default] 10.0.0.206 "DELETE /v2.0/subnets/937c66bb-7145-4c42-b6fb-eb64fe8a3b8b HTTP/1.1" status: 204 len: 168 time: 0.2314432
2026-07-01 02:03:24.136 10 INFO neutron.db.ovn_revision_numbers_db [None req-8987416d-2659-4559-b2fb-7a72b0933e91 983592d47736485292fb6a03e57b87ae e187e22e8ee143f79a5fcaaf3ee07dc1 - - default default] Successfully bumped revision number for resource d430fcd3-c924-422e-9ab2-0da9b38619e8 (type: security_groups) to 1
2026-07-01 02:03:24.153 10 INFO neutron.db.ovn_revision_numbers_db [None req-8987416d-2659-4559-b2fb-7a72b0933e91 983592d47736485292fb6a03e57b87ae e187e22e8ee143f79a5fcaaf3ee07dc1 - - default default] Successfully bumped revision number for resource 1d699738-acd5-4c55-8a11-c8949435f05f (type: security_group_rules) to 0
2026-07-01 02:03:24.169 10 INFO neutron.db.ovn_revision_numbers_db [None req-8987416d-2659-4559-b2fb-7a72b0933e91 983592d47736485292fb6a03e57b87ae e187e22e8ee143f79a5fcaaf3ee07dc1 - - default default] Successfully bumped revision number for resource 686c2041-b190-45f7-ae05-8c7532603183 (type: security_group_rules) to 0
2026-07-01 02:03:24.185 10 INFO neutron.db.ovn_revision_numbers_db [None req-8987416d-2659-4559-b2fb-7a72b0933e91 983592d47736485292fb6a03e57b87ae e187e22e8ee143f79a5fcaaf3ee07dc1 - - default default] Successfully bumped revision number for resource 73b8b7cf-9685-4a42-9b2c-d138a9dfaf2d (type: security_group_rules) to 0
2026-07-01 02:03:24.207 10 INFO neutron.db.ovn_revision_numbers_db [None req-8987416d-2659-4559-b2fb-7a72b0933e91 983592d47736485292fb6a03e57b87ae e187e22e8ee143f79a5fcaaf3ee07dc1 - - default default] Successfully bumped revision number for resource 8fb8ea15-518c-4f7a-95d5-02a9b264e6db (type: security_group_rules) to 0
2026-07-01 02:03:24.234 10 INFO neutron.wsgi [None req-8987416d-2659-4559-b2fb-7a72b0933e91 983592d47736485292fb6a03e57b87ae e187e22e8ee143f79a5fcaaf3ee07dc1 - - default default] 10.0.0.206 "GET /v2.0/security-groups?tenant_id=381ec421d4b64c3bae74f1dddec12af3&name=default HTTP/1.1" status: 200 len: 3120 time: 0.4015274
2026-07-01 02:03:24.516 10 INFO neutron.wsgi [None req-5eb6593c-e1df-46b9-914e-f2fff1f1e7b3 983592d47736485292fb6a03e57b87ae e187e22e8ee143f79a5fcaaf3ee07dc1 - - default default] 10.0.0.206 "DELETE /v2.0/security-groups/d430fcd3-c924-422e-9ab2-0da9b38619e8 HTTP/1.1" status: 204 len: 168 time: 0.2780790
2026-07-01 02:03:24.522 9 INFO neutron.wsgi [None req-0b98e5a3-532a-41c0-8a59-57e9e24f686a 983592d47736485292fb6a03e57b87ae e187e22e8ee143f79a5fcaaf3ee07dc1 - - default default] 10.0.0.206 "DELETE /v2.0/networks/7d2a5387-c31b-4ca7-b4ad-4f1b7215d3fd HTTP/1.1" status: 204 len: 168 time: 0.4947169
2026-07-01 02:03:24.667 9 INFO neutron.wsgi [None req-37642ffb-74c8-47b7-bc2a-f9193061d224 983592d47736485292fb6a03e57b87ae e187e22e8ee143f79a5fcaaf3ee07dc1 - - default default] 10.0.0.206 "GET /v2.0/security-groups?tenant_id=2d2e53fff35a4b15b1b2d99982bb8c8f&name=default HTTP/1.1" status: 200 len: 3120 time: 0.0429869
2026-07-01 02:03:25.016 9 INFO neutron.wsgi [None req-a17e4f75-8b3e-4e5a-a151-c59ed351cada 983592d47736485292fb6a03e57b87ae e187e22e8ee143f79a5fcaaf3ee07dc1 - - default default] 10.0.0.206 "DELETE /v2.0/security-groups/fa9e2ab3-51b0-43ba-b715-2113e0dc0a7b HTTP/1.1" status: 204 len: 168 time: 0.3437536
2026-07-01 02:03:25.017 9 INFO neutron.services.segments.plugin [-] Segment c2c48a90-8f78-4316-a45b-376d076ba9a6 resource provider aggregate not found
2026-07-01 02:03:25.032 9 INFO neutron.services.segments.plugin [-] Segment c2c48a90-8f78-4316-a45b-376d076ba9a6 resource provider not found; error: Placement Client Error (4xx): {"errors": [{"status": 404, "title": "Not Found", "detail": "The resource could not be found.\n\n No resource provider with uuid c2c48a90-8f78-4316-a45b-376d076ba9a6 found for delete ", "request_id": "req-ec49c971-cd88-461f-bbec-11df3b87e9a9"}]}
2026-07-01 02:03:25.053 10 INFO neutron.wsgi [req-74d2090d-f7b6-4b08-8ffe-af7019b176cb req-37bbf7a9-4179-4ec2-bd13-11ffc7908f2f aa257cd6c60640b98ad0e70b11e8a1b1 d1cfae259bd5418c94967b3dd83586a3 - - default default] 10.0.0.89 "GET /v2.0/ports?device_id=b2f238c2-190b-4401-aaa7-43c5b52c6071 HTTP/1.1" status: 200 len: 1170 time: 0.1268799
2026-07-01 02:03:25.069 9 INFO neutron.services.segments.plugin [-] Segment c2c48a90-8f78-4316-a45b-376d076ba9a6 resource provider aggregate not found
2026-07-01 02:03:25.084 9 INFO neutron.services.segments.plugin [-] Segment c2c48a90-8f78-4316-a45b-376d076ba9a6 resource provider not found; error: Placement Client Error (4xx): {"errors": [{"status": 404, "title": "Not Found", "detail": "The resource could not be found.\n\n No resource provider with uuid c2c48a90-8f78-4316-a45b-376d076ba9a6 found for delete ", "request_id": "req-37cc4267-894f-4ffc-8c75-746f4826ab35"}]}
2026-07-01 02:03:25.187 9 INFO neutron.wsgi [req-138dded3-0b3c-4eb0-9a70-e6f5e24eab55 req-030f8403-5129-4c66-9278-f1fc2c6c17ec aa257cd6c60640b98ad0e70b11e8a1b1 d1cfae259bd5418c94967b3dd83586a3 - - default default] 10.0.0.89 "GET /v2.0/ports/1705e7ff-d9d4-415b-9a65-276fdc30bc0a HTTP/1.1" status: 200 len: 1167 time: 0.0902736
2026-07-01 02:03:25.396 9 INFO neutron.wsgi [req-2075de5e-409d-4aee-be06-05141d16beae req-07af1c11-00dd-4459-a177-0c70e33f4562 aa257cd6c60640b98ad0e70b11e8a1b1 d1cfae259bd5418c94967b3dd83586a3 - - default default] 199.204.45.235 "GET /v2.0/subnets?network_id=62bf56fe-6faa-4813-9c61-9806080123bb HTTP/1.1" status: 200 len: 859 time: 0.0595732
2026-07-01 02:03:25.463 9 INFO neutron.wsgi [req-2075de5e-409d-4aee-be06-05141d16beae req-3a6273c5-220e-4467-b81d-91bc0b7cba02 aa257cd6c60640b98ad0e70b11e8a1b1 d1cfae259bd5418c94967b3dd83586a3 - - default default] 199.204.45.235 "GET /v2.0/ports?device_id=b2f238c2-190b-4401-aaa7-43c5b52c6071&device_owner=compute%3Anova&network_id=62bf56fe-6faa-4813-9c61-9806080123bb HTTP/1.1" status: 200 len: 1170 time: 0.0636177
2026-07-01 02:03:25.854 9 INFO neutron.wsgi [req-a7ef5111-e2b9-42cc-813c-387f5435942c req-b84623ee-dfc5-44ae-95e3-486e04c9c5e6 e3503a8fd7274b6bad92b0fbd20c2093 e11b4a4e282049b79a77ebaf177de5fe - - d6c4b691307344b8915061b9356c99b5 d6c4b691307344b8915061b9356c99b5] 199.204.45.235 "GET /v2.0/ports?device_id=b2f238c2-190b-4401-aaa7-43c5b52c6071&fields=binding%3Ahost_id&fields=binding%3Avif_type HTTP/1.1" status: 200 len: 265 time: 0.0556183
2026-07-01 02:03:26.089 9 INFO neutron.db.ovn_revision_numbers_db [req-2075de5e-409d-4aee-be06-05141d16beae req-7598f1c9-c340-4c2a-b750-93c85de2c613 aa257cd6c60640b98ad0e70b11e8a1b1 d1cfae259bd5418c94967b3dd83586a3 - - default default] Successfully bumped revision number for resource 1705e7ff-d9d4-415b-9a65-276fdc30bc0a (type: ports) to 5
2026-07-01 02:03:26.102 9 INFO neutron.wsgi [req-2075de5e-409d-4aee-be06-05141d16beae req-7598f1c9-c340-4c2a-b750-93c85de2c613 aa257cd6c60640b98ad0e70b11e8a1b1 d1cfae259bd5418c94967b3dd83586a3 - - default default] 199.204.45.235 "PUT /v2.0/ports/1705e7ff-d9d4-415b-9a65-276fdc30bc0a HTTP/1.1" status: 200 len: 1349 time: 0.6349466 /var/lib/openstack/lib/python3.10/site-packages/pycadf/identifier.py:71: UserWarning: Invalid uuid: neutron. To ensure interoperability, identifiers should be a valid uuid. warnings.warn(('Invalid uuid: %s. To ensure interoperability, '
2026-07-01 02:03:26.158 9 INFO neutron.wsgi [req-2075de5e-409d-4aee-be06-05141d16beae req-1aba2958-07ef-4fe9-90d5-ffac061b93b4 e3503a8fd7274b6bad92b0fbd20c2093 e11b4a4e282049b79a77ebaf177de5fe - - d6c4b691307344b8915061b9356c99b5 d6c4b691307344b8915061b9356c99b5] 199.204.45.235 "GET /v2.0/ports?tenant_id=d1cfae259bd5418c94967b3dd83586a3&device_id=b2f238c2-190b-4401-aaa7-43c5b52c6071 HTTP/1.1" status: 200 len: 1590 time: 0.0378449
2026-07-01 02:03:26.159 9 INFO neutron.notifiers.nova [-] Nova event matching ['req-17e7ff7c-bb32-4c3f-9a72-cee06cd1f9c4'] response: {'name': 'network-changed', 'server_uuid': 'b2f238c2-190b-4401-aaa7-43c5b52c6071', 'tag': '1705e7ff-d9d4-415b-9a65-276fdc30bc0a', 'status': 'completed', 'code': 200}
2026-07-01 02:03:26.218 9 INFO neutron.wsgi [req-2075de5e-409d-4aee-be06-05141d16beae req-c2631588-4890-489a-a7f1-4e1ebea718c5 e3503a8fd7274b6bad92b0fbd20c2093 e11b4a4e282049b79a77ebaf177de5fe - - d6c4b691307344b8915061b9356c99b5 d6c4b691307344b8915061b9356c99b5] 199.204.45.235 "GET /v2.0/networks?id=62bf56fe-6faa-4813-9c61-9806080123bb HTTP/1.1" status: 200 len: 982 time: 0.0534654
2026-07-01 02:03:26.258 9 INFO neutron.wsgi [req-2075de5e-409d-4aee-be06-05141d16beae req-9f2e0c8f-0c66-4862-b6ee-2e4a3e36df20 e3503a8fd7274b6bad92b0fbd20c2093 e11b4a4e282049b79a77ebaf177de5fe - - d6c4b691307344b8915061b9356c99b5 d6c4b691307344b8915061b9356c99b5] 199.204.45.235 "GET /v2.0/floatingips?fixed_ip_address=10.100.0.13&port_id=1705e7ff-d9d4-415b-9a65-276fdc30bc0a HTTP/1.1" status: 200 len: 217 time: 0.0321543
2026-07-01 02:03:26.304 9 INFO neutron.wsgi [req-2075de5e-409d-4aee-be06-05141d16beae req-55e41a02-d718-4a33-9ada-41ea21da9bbe e3503a8fd7274b6bad92b0fbd20c2093 e11b4a4e282049b79a77ebaf177de5fe - - d6c4b691307344b8915061b9356c99b5 d6c4b691307344b8915061b9356c99b5] 199.204.45.235 "GET /v2.0/floatingips?fixed_ip_address=10.100.0.8&port_id=1705e7ff-d9d4-415b-9a65-276fdc30bc0a HTTP/1.1" status: 200 len: 1059 time: 0.0422456
2026-07-01 02:03:26.356 9 INFO neutron.wsgi [req-2075de5e-409d-4aee-be06-05141d16beae req-e588c99e-caa9-4607-84b6-df38ef5369bc e3503a8fd7274b6bad92b0fbd20c2093 e11b4a4e282049b79a77ebaf177de5fe - - d6c4b691307344b8915061b9356c99b5 d6c4b691307344b8915061b9356c99b5] 199.204.45.235 "GET /v2.0/subnets?id=9d5f5450-e274-48c7-918d-2ac0a1268ae1 HTTP/1.1" status: 200 len: 877 time: 0.0482705
2026-07-01 02:03:26.385 9 INFO neutron.wsgi [req-2075de5e-409d-4aee-be06-05141d16beae req-5e59db84-e232-4c32-bb14-d66924976bec e3503a8fd7274b6bad92b0fbd20c2093 e11b4a4e282049b79a77ebaf177de5fe - - d6c4b691307344b8915061b9356c99b5 d6c4b691307344b8915061b9356c99b5] 199.204.45.235 "GET /v2.0/ports?network_id=62bf56fe-6faa-4813-9c61-9806080123bb&device_owner=network%3Adhcp HTTP/1.1" status: 200 len: 210 time: 0.0247405
