2026-07-01 02:04:12.103 9 INFO neutron.db.ovn_revision_numbers_db [None req-05185747-10b5-4103-a3a3-012e7ce543ac 983592d47736485292fb6a03e57b87ae e187e22e8ee143f79a5fcaaf3ee07dc1 - - default default] Successfully bumped revision number for resource 2eeacfee-84a0-4fe7-ab14-47a6f206c3a8 (type: security_group_rules) to 0
2026-07-01 02:04:12.122 9 INFO neutron.db.ovn_revision_numbers_db [None req-05185747-10b5-4103-a3a3-012e7ce543ac 983592d47736485292fb6a03e57b87ae e187e22e8ee143f79a5fcaaf3ee07dc1 - - default default] Successfully bumped revision number for resource 7971074d-acf7-4696-aeaf-e9eb841016ba (type: security_group_rules) to 0
2026-07-01 02:04:12.144 9 INFO neutron.db.ovn_revision_numbers_db [None req-05185747-10b5-4103-a3a3-012e7ce543ac 983592d47736485292fb6a03e57b87ae e187e22e8ee143f79a5fcaaf3ee07dc1 - - default default] Successfully bumped revision number for resource d11be845-9b6f-48ca-a151-c925800c829b (type: security_group_rules) to 0
2026-07-01 02:04:12.165 9 INFO neutron.db.ovn_revision_numbers_db [None req-05185747-10b5-4103-a3a3-012e7ce543ac 983592d47736485292fb6a03e57b87ae e187e22e8ee143f79a5fcaaf3ee07dc1 - - default default] Successfully bumped revision number for resource df71f434-d532-4cd8-ab6f-240c6ccf1894 (type: security_group_rules) to 0
2026-07-01 02:04:12.212 9 INFO neutron.wsgi [None req-05185747-10b5-4103-a3a3-012e7ce543ac 983592d47736485292fb6a03e57b87ae e187e22e8ee143f79a5fcaaf3ee07dc1 - - default default] 10.0.0.206 "GET /v2.0/security-groups?tenant_id=cf849ca7c6f74f9b8101bf35bd29d62e&name=default HTTP/1.1" status: 200 len: 3120 time: 0.5220227
2026-07-01 02:04:12.481 9 INFO neutron.wsgi [None req-2a563677-a44a-4865-807d-3a8b066ae8ff 6d79d31584ac47369fe517c908d398a3 f51ed47c759a4360b045be494896e42b - - default default] 10.0.0.206 "DELETE /v2.0/ports/50e7b7ed-c955-4ba5-b952-0be0eacf5d26 HTTP/1.1" status: 204 len: 168 time: 0.5530541
2026-07-01 02:04:12.531 9 INFO neutron.wsgi [None req-88c33386-9925-4ae0-90d0-8addcaec3748 983592d47736485292fb6a03e57b87ae e187e22e8ee143f79a5fcaaf3ee07dc1 - - default default] 10.0.0.206 "DELETE /v2.0/security-groups/951985fb-c67d-4f8a-96c1-874e2d29006d HTTP/1.1" status: 204 len: 168 time: 0.3015649
2026-07-01 02:04:12.900 9 INFO neutron.wsgi [None req-8003445e-df3c-43d3-b273-ce3b20540dec 6d79d31584ac47369fe517c908d398a3 f51ed47c759a4360b045be494896e42b - - default default] 10.0.0.206 "DELETE /v2.0/ports/610c3641-8906-4a72-9dcb-efc700252f6d HTTP/1.1" status: 204 len: 168 time: 0.4124961
2026-07-01 02:04:12.960 9 INFO neutron.wsgi [None req-b3d5740f-e6a6-40b9-8c35-1d087e6b0431 6d79d31584ac47369fe517c908d398a3 f51ed47c759a4360b045be494896e42b - - default default] 10.0.0.206 "GET /v2.0/ports?device_id=f967cf5e-84e1-48d7-a973-a7531a02d233 HTTP/1.1" status: 200 len: 1140 time: 0.0529833
2026-07-01 02:04:12.974 9 INFO neutron.wsgi [req-f635f05d-d927-435e-88eb-8245388eb3fe req-65523466-1cf3-47b4-9e76-e2a4181c402f 8fe5da18016043b29a42518d8997d50c 65bd861799bb4a6b8ee30b8f97917324 - - default default] 10.0.0.89 "GET /v2.0/ports?device_id=54634011-1320-4977-b899-95302033bc12 HTTP/1.1" status: 200 len: 1174 time: 0.0460482
2026-07-01 02:04:13.042 9 INFO neutron.wsgi [req-f635f05d-d927-435e-88eb-8245388eb3fe req-afef408f-700b-4d40-8704-280cd7849744 8fe5da18016043b29a42518d8997d50c 65bd861799bb4a6b8ee30b8f97917324 - - default default] 10.0.0.89 "GET /v2.0/security-groups?id=0962fc0f-b99e-47bc-b06b-ffc643aa862d&fields=id&fields=name HTTP/1.1" status: 200 len: 286 time: 0.0604706
2026-07-01 02:04:13.473 9 INFO neutron.plugins.ml2.drivers.ovn.mech_driver.mech_driver [None req-048e853a-c288-4bf9-a660-befce609003b - - - - - -] OVN reports status down for port: 35348aea-6f7c-4807-a0a1-d67187d4788a
2026-07-01 02:04:13.548 10 INFO neutron.wsgi [req-069599fb-85b4-4676-a331-53aa96edc8d7 req-36b3984d-010c-43e9-aea8-b325d970cb28 8fe5da18016043b29a42518d8997d50c 65bd861799bb4a6b8ee30b8f97917324 - - default default] 10.0.0.89 "GET /v2.0/ports?device_id=54634011-1320-4977-b899-95302033bc12 HTTP/1.1" status: 200 len: 1174 time: 0.1248043
2026-07-01 02:04:13.639 10 INFO neutron.wsgi [req-069599fb-85b4-4676-a331-53aa96edc8d7 req-512ce77c-e8de-42b4-afd8-6e93bd06f0d7 8fe5da18016043b29a42518d8997d50c 65bd861799bb4a6b8ee30b8f97917324 - - default default] 10.0.0.89 "GET /v2.0/security-groups?id=0962fc0f-b99e-47bc-b06b-ffc643aa862d&fields=id&fields=name HTTP/1.1" status: 200 len: 286 time: 0.0831614
2026-07-01 02:04:13.759 9 INFO neutron.db.ovn_revision_numbers_db [None req-048e853a-c288-4bf9-a660-befce609003b - - - - - -] Successfully bumped revision number for resource 35348aea-6f7c-4807-a0a1-d67187d4788a (type: ports) to 5
2026-07-01 02:04:13.804 9 INFO neutron.wsgi [req-06acb6bd-fc57-48ac-b48c-cbbac2a637ab req-4f01aebd-567f-4b26-a3cd-b38aaa34cb91 8fe5da18016043b29a42518d8997d50c 65bd861799bb4a6b8ee30b8f97917324 - - default default] 199.204.45.235 "GET /v2.0/ports?device_id=54634011-1320-4977-b899-95302033bc12 HTTP/1.1" status: 200 len: 1172 time: 0.0422800
2026-07-01 02:04:13.989 9 INFO neutron.notifiers.nova [-] Nova event matching ['req-e4a390e5-0f33-47ec-b8bc-ea9bb06f71a6'] response: {'server_uuid': '54634011-1320-4977-b899-95302033bc12', 'name': 'network-vif-unplugged', 'status': 'completed', 'tag': '35348aea-6f7c-4807-a0a1-d67187d4788a', 'code': 200}
2026-07-01 02:04:13.990 9 INFO neutron.notifiers.nova [-] Nova event matching ['req-e4a390e5-0f33-47ec-b8bc-ea9bb06f71a6'] response: {'server_uuid': '54634011-1320-4977-b899-95302033bc12', 'name': 'network-vif-unplugged', 'status': 'completed', 'tag': '35348aea-6f7c-4807-a0a1-d67187d4788a', 'code': 200}
2026-07-01 02:04:14.072 10 INFO neutron.wsgi [None req-90e6b011-d763-4241-a5f1-a1273bbed831 6d79d31584ac47369fe517c908d398a3 f51ed47c759a4360b045be494896e42b - - default default] 10.0.0.206 "PUT /v2.0/routers/f967cf5e-84e1-48d7-a973-a7531a02d233/remove_router_interface HTTP/1.1" status: 200 len: 503 time: 1.1056740 /var/lib/openstack/lib/python3.10/site-packages/pycadf/identifier.py:71: UserWarning: Invalid uuid: neutron. To ensure interoperability, identifiers should be a valid uuid. warnings.warn(('Invalid uuid: %s. To ensure interoperability, '
2026-07-01 02:04:14.443 9 INFO neutron.wsgi [req-06acb6bd-fc57-48ac-b48c-cbbac2a637ab req-df0aeaf0-dc5f-4dc9-a6b3-31ea470b48ef 8fe5da18016043b29a42518d8997d50c 65bd861799bb4a6b8ee30b8f97917324 - - default default] 199.204.45.235 "DELETE /v2.0/ports/35348aea-6f7c-4807-a0a1-d67187d4788a HTTP/1.1" status: 204 len: 173 time: 0.6367536
2026-07-01 02:04:14.749 10 INFO neutron.wsgi [req-d0214d7b-bef4-4de2-b732-e06141de064d req-4e3ec927-7a9d-4322-8552-bb7809f88f08 8fe5da18016043b29a42518d8997d50c 65bd861799bb4a6b8ee30b8f97917324 - - default default] 10.0.0.89 "GET /v2.0/ports?device_id=54634011-1320-4977-b899-95302033bc12 HTTP/1.1" status: 200 len: 210 time: 0.0224988
2026-07-01 02:04:15.219 10 INFO neutron.db.ovn_revision_numbers_db [None req-f5e22e8b-5725-43e7-9855-d49a5c09b324 983592d47736485292fb6a03e57b87ae e187e22e8ee143f79a5fcaaf3ee07dc1 - - default default] Successfully bumped revision number for resource 0c89411c-6483-46b7-80d4-20d358303559 (type: security_groups) to 1
2026-07-01 02:04:15.239 10 INFO neutron.wsgi [None req-e09f286a-1957-4951-a945-27c668681fd3 6d79d31584ac47369fe517c908d398a3 f51ed47c759a4360b045be494896e42b - - default default] 10.0.0.206 "DELETE /v2.0/routers/f967cf5e-84e1-48d7-a973-a7531a02d233 HTTP/1.1" status: 204 len: 168 time: 1.1640661 /var/lib/openstack/lib/python3.10/site-packages/pycadf/identifier.py:71: UserWarning: Invalid uuid: neutron. To ensure interoperability, identifiers should be a valid uuid. warnings.warn(('Invalid uuid: %s. To ensure interoperability, '
2026-07-01 02:04:15.251 10 INFO neutron.db.ovn_revision_numbers_db [None req-f5e22e8b-5725-43e7-9855-d49a5c09b324 983592d47736485292fb6a03e57b87ae e187e22e8ee143f79a5fcaaf3ee07dc1 - - default default] Successfully bumped revision number for resource 786f4b1f-90f8-4657-b016-a7734ee677c8 (type: security_group_rules) to 0
2026-07-01 02:04:15.269 10 INFO neutron.db.ovn_revision_numbers_db [None req-f5e22e8b-5725-43e7-9855-d49a5c09b324 983592d47736485292fb6a03e57b87ae e187e22e8ee143f79a5fcaaf3ee07dc1 - - default default] Successfully bumped revision number for resource 977963a6-76fe-4c74-84ed-71fcf419c33c (type: security_group_rules) to 0
2026-07-01 02:04:15.294 10 INFO neutron.db.ovn_revision_numbers_db [None req-f5e22e8b-5725-43e7-9855-d49a5c09b324 983592d47736485292fb6a03e57b87ae e187e22e8ee143f79a5fcaaf3ee07dc1 - - default default] Successfully bumped revision number for resource 9d4b6d1a-5397-4dbb-b34e-798dff97c020 (type: security_group_rules) to 0
2026-07-01 02:04:15.309 10 INFO neutron.db.ovn_revision_numbers_db [None req-f5e22e8b-5725-43e7-9855-d49a5c09b324 983592d47736485292fb6a03e57b87ae e187e22e8ee143f79a5fcaaf3ee07dc1 - - default default] Successfully bumped revision number for resource c3763e9e-3234-43f3-b509-b35be9cd880f (type: security_group_rules) to 0
2026-07-01 02:04:15.333 10 INFO neutron.wsgi [None req-f5e22e8b-5725-43e7-9855-d49a5c09b324 983592d47736485292fb6a03e57b87ae e187e22e8ee143f79a5fcaaf3ee07dc1 - - default default] 10.0.0.206 "GET /v2.0/security-groups?tenant_id=814f472501954cefa619dea04264fb18&name=default HTTP/1.1" status: 200 len: 3120 time: 0.5155802
2026-07-01 02:04:15.487 9 INFO neutron.wsgi [None req-0017144c-ea77-41d9-8aa9-ccafee4f7190 6d79d31584ac47369fe517c908d398a3 f51ed47c759a4360b045be494896e42b - - default default] 10.0.0.206 "DELETE /v2.0/subnets/d65decb9-20b6-4b3e-a34e-e3449f17882b HTTP/1.1" status: 204 len: 168 time: 0.2441659
2026-07-01 02:04:15.608 9 INFO neutron.wsgi [None req-ade1bb3c-c5a2-4cb8-958b-15f486d4fd34 983592d47736485292fb6a03e57b87ae e187e22e8ee143f79a5fcaaf3ee07dc1 - - default default] 10.0.0.206 "DELETE /v2.0/security-groups/0c89411c-6483-46b7-80d4-20d358303559 HTTP/1.1" status: 204 len: 168 time: 0.2650194
2026-07-01 02:04:15.862 9 INFO neutron.db.ovn_revision_numbers_db [None req-4b59badb-b835-42ed-991d-e5adda93d49f 983592d47736485292fb6a03e57b87ae e187e22e8ee143f79a5fcaaf3ee07dc1 - - default default] Successfully bumped revision number for resource ed1c4752-f7b1-494c-aaf4-beb279f0476b (type: security_groups) to 1
2026-07-01 02:04:15.893 9 INFO neutron.db.ovn_revision_numbers_db [None req-4b59badb-b835-42ed-991d-e5adda93d49f 983592d47736485292fb6a03e57b87ae e187e22e8ee143f79a5fcaaf3ee07dc1 - - default default] Successfully bumped revision number for resource 174b7c0d-4d78-45a5-b459-5d8e52170c92 (type: security_group_rules) to 0
2026-07-01 02:04:15.925 9 INFO neutron.db.ovn_revision_numbers_db [None req-4b59badb-b835-42ed-991d-e5adda93d49f 983592d47736485292fb6a03e57b87ae e187e22e8ee143f79a5fcaaf3ee07dc1 - - default default] Successfully bumped revision number for resource 51103719-930c-488f-8406-e7af7eee560b (type: security_group_rules) to 0
2026-07-01 02:04:15.934 10 INFO neutron.services.segments.plugin [-] Segment 93e6998f-43ec-4e9c-abc2-b4e73f43ad67 resource provider aggregate not found
2026-07-01 02:04:15.942 10 INFO neutron.services.segments.plugin [-] Segment 93e6998f-43ec-4e9c-abc2-b4e73f43ad67 resource provider aggregate not found
2026-07-01 02:04:15.948 10 INFO neutron.services.segments.plugin [-] Segment 93e6998f-43ec-4e9c-abc2-b4e73f43ad67 resource provider not found; error: Placement Client Error (4xx): {"errors": [{"status": 404, "title": "Not Found", "detail": "The resource could not be found.\n\n No resource provider with uuid 93e6998f-43ec-4e9c-abc2-b4e73f43ad67 found for delete ", "request_id": "req-f980e566-0743-458b-bdee-10dcc0b910b9"}]}
2026-07-01 02:04:15.959 10 INFO neutron.services.segments.plugin [-] Segment 93e6998f-43ec-4e9c-abc2-b4e73f43ad67 resource provider not found; error: Placement Client Error (4xx): {"errors": [{"status": 404, "title": "Not Found", "detail": "The resource could not be found.\n\n No resource provider with uuid 93e6998f-43ec-4e9c-abc2-b4e73f43ad67 found for delete ", "request_id": "req-60a4af12-0951-42fc-928c-dab80587f7fd"}]}
2026-07-01 02:04:15.961 9 INFO neutron.db.ovn_revision_numbers_db [None req-4b59badb-b835-42ed-991d-e5adda93d49f 983592d47736485292fb6a03e57b87ae e187e22e8ee143f79a5fcaaf3ee07dc1 - - default default] Successfully bumped revision number for resource ab334ceb-e87c-4204-a6e9-a805459b0df8 (type: security_group_rules) to 0
2026-07-01 02:04:15.976 9 INFO neutron.db.ovn_revision_numbers_db [None req-4b59badb-b835-42ed-991d-e5adda93d49f 983592d47736485292fb6a03e57b87ae e187e22e8ee143f79a5fcaaf3ee07dc1 - - default default] Successfully bumped revision number for resource c408e6e2-2e1f-4a42-a1c0-44de07a6c594 (type: security_group_rules) to 0
2026-07-01 02:04:15.979 10 INFO neutron.wsgi [None req-36c118ef-5e56-414a-8fbb-dcea8e4f4cff 6d79d31584ac47369fe517c908d398a3 f51ed47c759a4360b045be494896e42b - - default default] 10.0.0.206 "DELETE /v2.0/networks/60648dcb-f427-4e17-b4ce-cf62b079488b HTTP/1.1" status: 204 len: 168 time: 0.4872293
2026-07-01 02:04:16.011 9 INFO neutron.wsgi [None req-4b59badb-b835-42ed-991d-e5adda93d49f 983592d47736485292fb6a03e57b87ae e187e22e8ee143f79a5fcaaf3ee07dc1 - - default default] 10.0.0.206 "GET /v2.0/security-groups?tenant_id=9ef5c1e7f003497cad9530e7f5d81d91&name=default HTTP/1.1" status: 200 len: 3120 time: 0.3040752
2026-07-01 02:04:16.044 9 INFO neutron.notifiers.nova [-] Nova event matching ['req-64e3fe2c-af7f-4f60-b753-abd314884bc0'] response: {'server_uuid': '54634011-1320-4977-b899-95302033bc12', 'name': 'network-vif-deleted', 'tag': '35348aea-6f7c-4807-a0a1-d67187d4788a', 'status': 'completed', 'code': 200}
2026-07-01 02:04:16.259 10 INFO neutron.wsgi [None req-8ba149b4-0335-4ce0-9ab1-d564ac380833 983592d47736485292fb6a03e57b87ae e187e22e8ee143f79a5fcaaf3ee07dc1 - - default default] 10.0.0.206 "DELETE /v2.0/security-groups/ed1c4752-f7b1-494c-aaf4-beb279f0476b HTTP/1.1" status: 204 len: 168 time: 0.2422447
2026-07-01 02:04:16.701 10 INFO neutron.wsgi [None req-0cb1835b-0129-479c-a68c-154bb7b963f1 983592d47736485292fb6a03e57b87ae e187e22e8ee143f79a5fcaaf3ee07dc1 - - default default] 10.0.0.206 "GET /v2.0/security-groups?tenant_id=f51ed47c759a4360b045be494896e42b&name=default HTTP/1.1" status: 200 len: 3120 time: 0.2717555
2026-07-01 02:04:16.828 10 INFO neutron.db.ovn_revision_numbers_db [None req-56428dd5-50ef-44cb-b150-a7a8cf74da6c 983592d47736485292fb6a03e57b87ae e187e22e8ee143f79a5fcaaf3ee07dc1 - - default default] Successfully bumped revision number for resource a1115a69-fa92-4029-8892-5bb3be07d626 (type: security_groups) to 1
2026-07-01 02:04:16.847 10 INFO neutron.db.ovn_revision_numbers_db [None req-56428dd5-50ef-44cb-b150-a7a8cf74da6c 983592d47736485292fb6a03e57b87ae e187e22e8ee143f79a5fcaaf3ee07dc1 - - default default] Successfully bumped revision number for resource a407a4aa-f78d-46ef-899c-d6275220ced7 (type: security_group_rules) to 0
2026-07-01 02:04:16.865 10 INFO neutron.db.ovn_revision_numbers_db [None req-56428dd5-50ef-44cb-b150-a7a8cf74da6c 983592d47736485292fb6a03e57b87ae e187e22e8ee143f79a5fcaaf3ee07dc1 - - default default] Successfully bumped revision number for resource b684d8ef-d275-4e76-a2e0-af1426e82274 (type: security_group_rules) to 0
2026-07-01 02:04:16.887 10 INFO neutron.db.ovn_revision_numbers_db [None req-56428dd5-50ef-44cb-b150-a7a8cf74da6c 983592d47736485292fb6a03e57b87ae e187e22e8ee143f79a5fcaaf3ee07dc1 - - default default] Successfully bumped revision number for resource d01cad71-2c28-40b2-a0f6-ef0fce2b7d23 (type: security_group_rules) to 0
2026-07-01 02:04:16.895 9 INFO neutron.wsgi [None req-f3114e5e-d155-4319-9077-1cc6095b9eef 983592d47736485292fb6a03e57b87ae e187e22e8ee143f79a5fcaaf3ee07dc1 - - default default] 10.0.0.206 "PUT /v2.0/routers/be24fc72-a1b8-4139-a069-e49129178006/remove_router_interface HTTP/1.1" status: 200 len: 503 time: 1.0845950
2026-07-01 02:04:16.903 10 INFO neutron.db.ovn_revision_numbers_db [None req-56428dd5-50ef-44cb-b150-a7a8cf74da6c 983592d47736485292fb6a03e57b87ae e187e22e8ee143f79a5fcaaf3ee07dc1 - - default default] Successfully bumped revision number for resource db28dc0f-1d92-4569-811e-1b9e6f51f2c1 (type: security_group_rules) to 0 /var/lib/openstack/lib/python3.10/site-packages/pycadf/identifier.py:71: UserWarning: Invalid uuid: neutron. To ensure interoperability, identifiers should be a valid uuid. warnings.warn(('Invalid uuid: %s. To ensure interoperability, '
2026-07-01 02:04:16.928 10 INFO neutron.wsgi [None req-56428dd5-50ef-44cb-b150-a7a8cf74da6c 983592d47736485292fb6a03e57b87ae e187e22e8ee143f79a5fcaaf3ee07dc1 - - default default] 10.0.0.206 "GET /v2.0/security-groups?tenant_id=8a5d010be6d84136a2a5d969d0661ef7&name=default HTTP/1.1" status: 200 len: 3120 time: 0.4636326
2026-07-01 02:04:16.973 10 INFO neutron.wsgi [None req-20fe8021-28e1-4727-99c2-4311d9bf487a 983592d47736485292fb6a03e57b87ae e187e22e8ee143f79a5fcaaf3ee07dc1 - - default default] 10.0.0.206 "DELETE /v2.0/security-groups/e3755543-8857-41fc-9e4e-6e36a5854a67 HTTP/1.1" status: 204 len: 168 time: 0.2679453
2026-07-01 02:04:17.243 9 INFO neutron.wsgi [None req-528fef05-3ebe-4278-81e1-f7bdb8481c8d 983592d47736485292fb6a03e57b87ae e187e22e8ee143f79a5fcaaf3ee07dc1 - - default default] 10.0.0.206 "DELETE /v2.0/security-groups/a1115a69-fa92-4029-8892-5bb3be07d626 HTTP/1.1" status: 204 len: 168 time: 0.3094957
2026-07-01 02:04:17.789 9 INFO neutron.wsgi [None req-2e3d06d4-ca6a-42ed-8ec9-ef4ab3c652d2 983592d47736485292fb6a03e57b87ae e187e22e8ee143f79a5fcaaf3ee07dc1 - - default default] 10.0.0.206 "DELETE /v2.0/routers/be24fc72-a1b8-4139-a069-e49129178006 HTTP/1.1" status: 204 len: 168 time: 0.8890061
2026-07-01 02:04:17.997 9 INFO neutron.wsgi [None req-6d764762-eebe-4b9e-9ae7-458582185287 983592d47736485292fb6a03e57b87ae e187e22e8ee143f79a5fcaaf3ee07dc1 - - default default] 10.0.0.206 "DELETE /v2.0/subnets/17c019ae-87a0-4413-8d10-93202c9d0ecd HTTP/1.1" status: 204 len: 168 time: 0.2031853
2026-07-01 02:04:18.428 9 INFO neutron.services.segments.plugin [-] Segment f7a1f59f-dcee-4c87-8fdd-02a2fa315834 resource provider aggregate not found
2026-07-01 02:04:18.435 9 INFO neutron.services.segments.plugin [-] Segment f7a1f59f-dcee-4c87-8fdd-02a2fa315834 resource provider aggregate not found
2026-07-01 02:04:18.451 9 INFO neutron.services.segments.plugin [-] Segment f7a1f59f-dcee-4c87-8fdd-02a2fa315834 resource provider not found; error: Placement Client Error (4xx): {"errors": [{"status": 404, "title": "Not Found", "detail": "The resource could not be found.\n\n No resource provider with uuid f7a1f59f-dcee-4c87-8fdd-02a2fa315834 found for delete ", "request_id": "req-d07d537a-d36e-4804-a9df-14b53c7ab21d"}]}
2026-07-01 02:04:18.452 9 INFO neutron.services.segments.plugin [-] Segment f7a1f59f-dcee-4c87-8fdd-02a2fa315834 resource provider not found; error: Placement Client Error (4xx): {"errors": [{"status": 404, "title": "Not Found", "detail": "The resource could not be found.\n\n No resource provider with uuid f7a1f59f-dcee-4c87-8fdd-02a2fa315834 found for delete ", "request_id": "req-0313550f-e774-4643-9a87-97872f190e67"}]}
2026-07-01 02:04:18.484 9 INFO neutron.wsgi [None req-ff34f387-2268-4f12-a3f0-7623a7227135 983592d47736485292fb6a03e57b87ae e187e22e8ee143f79a5fcaaf3ee07dc1 - - default default] 10.0.0.206 "DELETE /v2.0/networks/1ae309bc-7979-4bea-ae8c-30a71b378d84 HTTP/1.1" status: 204 len: 168 time: 0.4826901
2026-07-01 02:04:18.701 9 INFO neutron.wsgi [None req-4faf02c0-a1ab-4b19-b31e-bb23548a3074 983592d47736485292fb6a03e57b87ae e187e22e8ee143f79a5fcaaf3ee07dc1 - - default default] 10.0.0.206 "GET /v2.0/security-groups?tenant_id=65bd861799bb4a6b8ee30b8f97917324&name=default HTTP/1.1" status: 200 len: 3120 time: 0.0404134
2026-07-01 02:04:18.952 9 INFO neutron.wsgi [None req-2acafe33-9a63-4ba4-9871-3240794801f1 983592d47736485292fb6a03e57b87ae e187e22e8ee143f79a5fcaaf3ee07dc1 - - default default] 10.0.0.206 "DELETE /v2.0/security-groups/0962fc0f-b99e-47bc-b06b-ffc643aa862d HTTP/1.1" status: 204 len: 168 time: 0.2459753
2026-07-01 02:04:18.953 10 WARNING neutron_lib.context [None req-d8b4c22d-fa0b-4132-bce4-ea045778df21 2622d1168c674beba7572aa88c2806d5 915348fe54e143e187cbbc311cb4cdce - - default default] Method 'is_advsvc' is deprecated since 2023.2 release (neutron-lib 3.8.0) and will be removed once support for the old RBAC API policies will be removed from Neutron. Please use method 'is_service_role' instead.
2026-07-01 02:04:19.023 10 INFO neutron.db.ovn_revision_numbers_db [None req-ceba1873-a8aa-4cb5-b0c4-602554124943 983592d47736485292fb6a03e57b87ae e187e22e8ee143f79a5fcaaf3ee07dc1 - - default default] Successfully bumped revision number for resource 5739db7f-76d4-4bc1-ad23-18014945a2af (type: security_groups) to 1
2026-07-01 02:04:19.039 10 INFO neutron.db.ovn_revision_numbers_db [None req-ceba1873-a8aa-4cb5-b0c4-602554124943 983592d47736485292fb6a03e57b87ae e187e22e8ee143f79a5fcaaf3ee07dc1 - - default default] Successfully bumped revision number for resource 00ff475b-ed10-4fea-8f75-98a77379bd40 (type: security_group_rules) to 0
2026-07-01 02:04:19.054 10 INFO neutron.db.ovn_revision_numbers_db [None req-ceba1873-a8aa-4cb5-b0c4-602554124943 983592d47736485292fb6a03e57b87ae e187e22e8ee143f79a5fcaaf3ee07dc1 - - default default] Successfully bumped revision number for resource 2600ba83-d6e6-43a8-814f-4e02c35da2f9 (type: security_group_rules) to 0
2026-07-01 02:04:19.074 10 INFO neutron.db.ovn_revision_numbers_db [None req-ceba1873-a8aa-4cb5-b0c4-602554124943 983592d47736485292fb6a03e57b87ae e187e22e8ee143f79a5fcaaf3ee07dc1 - - default default] Successfully bumped revision number for resource 601326d4-f1d8-4fe2-b7a2-ce000e832a21 (type: security_group_rules) to 0
2026-07-01 02:04:19.093 10 INFO neutron.db.ovn_revision_numbers_db [None req-ceba1873-a8aa-4cb5-b0c4-602554124943 983592d47736485292fb6a03e57b87ae e187e22e8ee143f79a5fcaaf3ee07dc1 - - default default] Successfully bumped revision number for resource 8ef3a35e-d4ac-4d96-b10e-c624efb51d1b (type: security_group_rules) to 0
2026-07-01 02:04:19.121 10 INFO neutron.wsgi [None req-ceba1873-a8aa-4cb5-b0c4-602554124943 983592d47736485292fb6a03e57b87ae e187e22e8ee143f79a5fcaaf3ee07dc1 - - default default] 10.0.0.206 "GET /v2.0/security-groups?tenant_id=21695a83f99b41dab4630a4efef2728f&name=default HTTP/1.1" status: 200 len: 3120 time: 0.3193944
2026-07-01 02:04:19.129 10 INFO neutron.db.ovn_revision_numbers_db [None req-d8b4c22d-fa0b-4132-bce4-ea045778df21 2622d1168c674beba7572aa88c2806d5 915348fe54e143e187cbbc311cb4cdce - - default default] Successfully bumped revision number for resource ccf08363-55fb-4484-b401-1d9b18ca2615 (type: security_groups) to 1
2026-07-01 02:04:19.140 10 INFO neutron.db.ovn_revision_numbers_db [None req-d8b4c22d-fa0b-4132-bce4-ea045778df21 2622d1168c674beba7572aa88c2806d5 915348fe54e143e187cbbc311cb4cdce - - default default] Successfully bumped revision number for resource 0f33714d-8806-47ea-841e-f23d6aa6071f (type: security_group_rules) to 0
2026-07-01 02:04:19.169 10 INFO neutron.db.ovn_revision_numbers_db [None req-d8b4c22d-fa0b-4132-bce4-ea045778df21 2622d1168c674beba7572aa88c2806d5 915348fe54e143e187cbbc311cb4cdce - - default default] Successfully bumped revision number for resource 1f9dc611-ec5e-40e8-b80f-a516fa904a01 (type: security_group_rules) to 0
2026-07-01 02:04:19.187 10 INFO neutron.db.ovn_revision_numbers_db [None req-d8b4c22d-fa0b-4132-bce4-ea045778df21 2622d1168c674beba7572aa88c2806d5 915348fe54e143e187cbbc311cb4cdce - - default default] Successfully bumped revision number for resource 65f622ce-b883-44a4-a33e-351dde5f1e73 (type: security_group_rules) to 0
2026-07-01 02:04:19.206 10 INFO neutron.db.ovn_revision_numbers_db [None req-d8b4c22d-fa0b-4132-bce4-ea045778df21 2622d1168c674beba7572aa88c2806d5 915348fe54e143e187cbbc311cb4cdce - - default default] Successfully bumped revision number for resource 6ee2e3e6-aa66-4f07-b58f-59be4582b6fa (type: security_group_rules) to 0
2026-07-01 02:04:19.275 10 INFO neutron.db.segments_db [None req-d8b4c22d-fa0b-4132-bce4-ea045778df21 2622d1168c674beba7572aa88c2806d5 915348fe54e143e187cbbc311cb4cdce - - default default] Added segment 547e9ec6-5319-4970-8c47-39906c99807a of type geneve for network 717b4974-8262-4a30-8bdf-d734f059aea9
2026-07-01 02:04:19.460 9 INFO neutron.wsgi [None req-b496bbac-16fc-4740-845d-ecf02f0560cc 983592d47736485292fb6a03e57b87ae e187e22e8ee143f79a5fcaaf3ee07dc1 - - default default] 10.0.0.206 "DELETE /v2.0/security-groups/5739db7f-76d4-4bc1-ad23-18014945a2af HTTP/1.1" status: 204 len: 168 time: 0.3306923
2026-07-01 02:04:19.467 10 INFO neutron.db.ovn_revision_numbers_db [None req-d8b4c22d-fa0b-4132-bce4-ea045778df21 2622d1168c674beba7572aa88c2806d5 915348fe54e143e187cbbc311cb4cdce - - default default] Successfully bumped revision number for resource 717b4974-8262-4a30-8bdf-d734f059aea9 (type: networks) to 1
2026-07-01 02:04:19.660 10 WARNING neutron.scheduler.dhcp_agent_scheduler [None req-d8b4c22d-fa0b-4132-bce4-ea045778df21 2622d1168c674beba7572aa88c2806d5 915348fe54e143e187cbbc311cb4cdce - - default default] No more DHCP agents
2026-07-01 02:04:19.663 10 WARNING neutron.api.rpc.agentnotifiers.dhcp_rpc_agent_api [None req-d8b4c22d-fa0b-4132-bce4-ea045778df21 2622d1168c674beba7572aa88c2806d5 915348fe54e143e187cbbc311cb4cdce - - default default] Unable to schedule network 717b4974-8262-4a30-8bdf-d734f059aea9: no agents available; will retry on subsequent port and subnet creation events.
2026-07-01 02:04:19.747 10 INFO neutron.db.ovn_revision_numbers_db [None req-d8b4c22d-fa0b-4132-bce4-ea045778df21 2622d1168c674beba7572aa88c2806d5 915348fe54e143e187cbbc311cb4cdce - - default default] Successfully bumped revision number for resource 9276bc33-34df-422e-af91-560ff5fe2751 (type: ports) to 1
2026-07-01 02:04:19.780 10 INFO neutron.wsgi [None req-d8b4c22d-fa0b-4132-bce4-ea045778df21 2622d1168c674beba7572aa88c2806d5 915348fe54e143e187cbbc311cb4cdce - - default default] 10.0.0.206 "POST /v2.0/networks HTTP/1.1" status: 201 len: 847 time: 0.8851733
2026-07-01 02:04:19.793 10 WARNING neutron_lib.context [None req-97c74572-fde8-48b0-93e3-3a4d4dea451a 2622d1168c674beba7572aa88c2806d5 915348fe54e143e187cbbc311cb4cdce - - default default] Method 'is_advsvc' is deprecated since 2023.2 release (neutron-lib 3.8.0) and will be removed once support for the old RBAC API policies will be removed from Neutron. Please use method 'is_service_role' instead.
2026-07-01 02:04:19.950 9 INFO neutron.db.ovn_revision_numbers_db [None req-50fc08be-fac2-4a46-a516-ebdfe4f2eb98 983592d47736485292fb6a03e57b87ae e187e22e8ee143f79a5fcaaf3ee07dc1 - - default default] Successfully bumped revision number for resource b03183fa-b097-4339-9c77-2f7864496317 (type: security_groups) to 1
2026-07-01 02:04:19.969 9 INFO neutron.db.ovn_revision_numbers_db [None req-50fc08be-fac2-4a46-a516-ebdfe4f2eb98 983592d47736485292fb6a03e57b87ae e187e22e8ee143f79a5fcaaf3ee07dc1 - - default default] Successfully bumped revision number for resource 3451e949-a70d-44d2-8006-8526f3883d95 (type: security_group_rules) to 0
2026-07-01 02:04:19.986 9 INFO neutron.db.ovn_revision_numbers_db [None req-50fc08be-fac2-4a46-a516-ebdfe4f2eb98 983592d47736485292fb6a03e57b87ae e187e22e8ee143f79a5fcaaf3ee07dc1 - - default default] Successfully bumped revision number for resource 693738ff-771a-4a7e-b62e-15246588cc2f (type: security_group_rules) to 0
2026-07-01 02:04:20.012 9 INFO neutron.db.ovn_revision_numbers_db [None req-50fc08be-fac2-4a46-a516-ebdfe4f2eb98 983592d47736485292fb6a03e57b87ae e187e22e8ee143f79a5fcaaf3ee07dc1 - - default default] Successfully bumped revision number for resource 95e96c05-82c7-43c6-a22d-f10b1822f2d8 (type: security_group_rules) to 0
2026-07-01 02:04:20.032 9 INFO neutron.db.ovn_revision_numbers_db [None req-50fc08be-fac2-4a46-a516-ebdfe4f2eb98 983592d47736485292fb6a03e57b87ae e187e22e8ee143f79a5fcaaf3ee07dc1 - - default default] Successfully bumped revision number for resource f8cca265-f18f-4cb7-ad92-3107adab7e61 (type: security_group_rules) to 0
2026-07-01 02:04:20.061 10 WARNING neutron.scheduler.dhcp_agent_scheduler [None req-97c74572-fde8-48b0-93e3-3a4d4dea451a 2622d1168c674beba7572aa88c2806d5 915348fe54e143e187cbbc311cb4cdce - - default default] No more DHCP agents
2026-07-01 02:04:20.062 9 INFO neutron.wsgi [None req-50fc08be-fac2-4a46-a516-ebdfe4f2eb98 983592d47736485292fb6a03e57b87ae e187e22e8ee143f79a5fcaaf3ee07dc1 - - default default] 10.0.0.206 "GET /v2.0/security-groups?tenant_id=163fe3ab2a5d43b39fe431bc6a5e7fd9&name=default HTTP/1.1" status: 200 len: 3120 time: 0.3725421
2026-07-01 02:04:20.065 10 WARNING neutron.api.rpc.agentnotifiers.dhcp_rpc_agent_api [None req-97c74572-fde8-48b0-93e3-3a4d4dea451a 2622d1168c674beba7572aa88c2806d5 915348fe54e143e187cbbc311cb4cdce - - default default] Unable to schedule network 717b4974-8262-4a30-8bdf-d734f059aea9: no agents available; will retry on subsequent port and subnet creation events.
2026-07-01 02:04:20.172 10 INFO neutron.db.ovn_revision_numbers_db [None req-97c74572-fde8-48b0-93e3-3a4d4dea451a 2622d1168c674beba7572aa88c2806d5 915348fe54e143e187cbbc311cb4cdce - - default default] Successfully bumped revision number for resource b0fe4c0d-9a8e-488b-bf2f-9761f3aa904e (type: ports) to 1
2026-07-01 02:04:20.209 10 INFO neutron.wsgi [None req-97c74572-fde8-48b0-93e3-3a4d4dea451a 2622d1168c674beba7572aa88c2806d5 915348fe54e143e187cbbc311cb4cdce - - default default] 10.0.0.206 "POST /v2.0/ports HTTP/1.1" status: 201 len: 978 time: 0.4244542
2026-07-01 02:04:20.225 9 WARNING neutron_lib.context [None req-1b629b5d-f6a4-412a-add9-f77e2c17c104 2622d1168c674beba7572aa88c2806d5 915348fe54e143e187cbbc311cb4cdce - - default default] Method 'is_advsvc' is deprecated since 2023.2 release (neutron-lib 3.8.0) and will be removed once support for the old RBAC API policies will be removed from Neutron. Please use method 'is_service_role' instead.
2026-07-01 02:04:20.350 9 INFO neutron.db.segments_db [None req-1b629b5d-f6a4-412a-add9-f77e2c17c104 2622d1168c674beba7572aa88c2806d5 915348fe54e143e187cbbc311cb4cdce - - default default] Added segment e447e51f-e56b-4a70-9c2f-fe4f99fee8a8 of type geneve for network 6e55e510-7980-4979-bf36-7aa8b8546969
2026-07-01 02:04:20.376 9 INFO neutron.wsgi [None req-63d62dcd-ec0f-4ea1-89cd-89f41aee9e29 983592d47736485292fb6a03e57b87ae e187e22e8ee143f79a5fcaaf3ee07dc1 - - default default] 10.0.0.206 "DELETE /v2.0/security-groups/b03183fa-b097-4339-9c77-2f7864496317 HTTP/1.1" status: 204 len: 168 time: 0.3083141
2026-07-01 02:04:20.506 9 INFO neutron.db.ovn_revision_numbers_db [None req-1b629b5d-f6a4-412a-add9-f77e2c17c104 2622d1168c674beba7572aa88c2806d5 915348fe54e143e187cbbc311cb4cdce - - default default] Successfully bumped revision number for resource 6e55e510-7980-4979-bf36-7aa8b8546969 (type: networks) to 1
2026-07-01 02:04:20.706 9 WARNING neutron.scheduler.dhcp_agent_scheduler [None req-1b629b5d-f6a4-412a-add9-f77e2c17c104 2622d1168c674beba7572aa88c2806d5 915348fe54e143e187cbbc311cb4cdce - - default default] No more DHCP agents
2026-07-01 02:04:20.707 9 WARNING neutron.api.rpc.agentnotifiers.dhcp_rpc_agent_api [None req-1b629b5d-f6a4-412a-add9-f77e2c17c104 2622d1168c674beba7572aa88c2806d5 915348fe54e143e187cbbc311cb4cdce - - default default] Unable to schedule network 6e55e510-7980-4979-bf36-7aa8b8546969: no agents available; will retry on subsequent port and subnet creation events.
2026-07-01 02:04:20.786 9 INFO neutron.db.ovn_revision_numbers_db [None req-1b629b5d-f6a4-412a-add9-f77e2c17c104 2622d1168c674beba7572aa88c2806d5 915348fe54e143e187cbbc311cb4cdce - - default default] Successfully bumped revision number for resource 45419ab4-62c2-48b7-8b1d-c5da1ee37253 (type: ports) to 1
2026-07-01 02:04:20.809 9 INFO neutron.wsgi [None req-1b629b5d-f6a4-412a-add9-f77e2c17c104 2622d1168c674beba7572aa88c2806d5 915348fe54e143e187cbbc311cb4cdce - - default default] 10.0.0.206 "POST /v2.0/networks HTTP/1.1" status: 201 len: 834 time: 0.5915992
2026-07-01 02:04:20.820 9 WARNING neutron_lib.context [None req-161dcec4-7dc4-495a-81ce-73f64960e600 2622d1168c674beba7572aa88c2806d5 915348fe54e143e187cbbc311cb4cdce - - default default] Method 'is_advsvc' is deprecated since 2023.2 release (neutron-lib 3.8.0) and will be removed once support for the old RBAC API policies will be removed from Neutron. Please use method 'is_service_role' instead.
2026-07-01 02:04:21.062 9 WARNING neutron.scheduler.dhcp_agent_scheduler [None req-161dcec4-7dc4-495a-81ce-73f64960e600 2622d1168c674beba7572aa88c2806d5 915348fe54e143e187cbbc311cb4cdce - - default default] No more DHCP agents
2026-07-01 02:04:21.064 9 WARNING neutron.api.rpc.agentnotifiers.dhcp_rpc_agent_api [None req-161dcec4-7dc4-495a-81ce-73f64960e600 2622d1168c674beba7572aa88c2806d5 915348fe54e143e187cbbc311cb4cdce - - default default] Unable to schedule network 6e55e510-7980-4979-bf36-7aa8b8546969: no agents available; will retry on subsequent port and subnet creation events.
2026-07-01 02:04:21.091 9 INFO neutron.db.ovn_revision_numbers_db [None req-161dcec4-7dc4-495a-81ce-73f64960e600 2622d1168c674beba7572aa88c2806d5 915348fe54e143e187cbbc311cb4cdce - - default default] Successfully bumped revision number for resource 3f416a2d-b0ed-4d1a-9349-7f6209e5e825 (type: subnets) to 0
2026-07-01 02:04:21.107 9 INFO neutron.wsgi [None req-161dcec4-7dc4-495a-81ce-73f64960e600 2622d1168c674beba7572aa88c2806d5 915348fe54e143e187cbbc311cb4cdce - - default default] 10.0.0.206 "POST /v2.0/subnets HTTP/1.1" status: 201 len: 821 time: 0.2927094
2026-07-01 02:04:21.117 9 WARNING neutron_lib.context [None req-c7cef3d0-bbdb-4daf-99ee-fa2f864d10cf 2622d1168c674beba7572aa88c2806d5 915348fe54e143e187cbbc311cb4cdce - - default default] Method 'is_advsvc' is deprecated since 2023.2 release (neutron-lib 3.8.0) and will be removed once support for the old RBAC API policies will be removed from Neutron. Please use method 'is_service_role' instead. /var/lib/openstack/lib/python3.10/site-packages/pycadf/identifier.py:71: UserWarning: Invalid uuid: neutron. To ensure interoperability, identifiers should be a valid uuid. warnings.warn(('Invalid uuid: %s. To ensure interoperability, '
2026-07-01 02:04:21.407 10 INFO neutron.db.ovn_revision_numbers_db [None req-efd5613b-b274-4e37-ae26-5da6e3061451 983592d47736485292fb6a03e57b87ae e187e22e8ee143f79a5fcaaf3ee07dc1 - - default default] Successfully bumped revision number for resource f15b1080-e629-4ddb-909b-ebd65659f753 (type: security_groups) to 1
2026-07-01 02:04:21.421 10 INFO neutron.db.ovn_revision_numbers_db [None req-efd5613b-b274-4e37-ae26-5da6e3061451 983592d47736485292fb6a03e57b87ae e187e22e8ee143f79a5fcaaf3ee07dc1 - - default default] Successfully bumped revision number for resource 49deeda8-bbe2-4336-a851-4d8a9eda8601 (type: security_group_rules) to 0
2026-07-01 02:04:21.436 10 INFO neutron.db.ovn_revision_numbers_db [None req-efd5613b-b274-4e37-ae26-5da6e3061451 983592d47736485292fb6a03e57b87ae e187e22e8ee143f79a5fcaaf3ee07dc1 - - default default] Successfully bumped revision number for resource f195db40-e022-471c-8b86-244dcedada95 (type: security_group_rules) to 0
2026-07-01 02:04:21.451 10 INFO neutron.db.ovn_revision_numbers_db [None req-efd5613b-b274-4e37-ae26-5da6e3061451 983592d47736485292fb6a03e57b87ae e187e22e8ee143f79a5fcaaf3ee07dc1 - - default default] Successfully bumped revision number for resource f47c5238-21bb-4cae-bc28-803fae65d112 (type: security_group_rules) to 0
2026-07-01 02:04:21.466 10 INFO neutron.db.ovn_revision_numbers_db [None req-efd5613b-b274-4e37-ae26-5da6e3061451 983592d47736485292fb6a03e57b87ae e187e22e8ee143f79a5fcaaf3ee07dc1 - - default default] Successfully bumped revision number for resource fdbdb9d0-e3ca-4bf6-bc1b-1db7321c99d1 (type: security_group_rules) to 0
2026-07-01 02:04:21.487 10 INFO neutron.wsgi [None req-efd5613b-b274-4e37-ae26-5da6e3061451 983592d47736485292fb6a03e57b87ae e187e22e8ee143f79a5fcaaf3ee07dc1 - - default default] 10.0.0.206 "GET /v2.0/security-groups?tenant_id=4dc2df55e6c7450f9a5fc2f5a64a0ae0&name=default HTTP/1.1" status: 200 len: 3120 time: 0.3155367
2026-07-01 02:04:21.562 9 WARNING neutron.scheduler.dhcp_agent_scheduler [None req-c7cef3d0-bbdb-4daf-99ee-fa2f864d10cf 2622d1168c674beba7572aa88c2806d5 915348fe54e143e187cbbc311cb4cdce - - default default] No more DHCP agents
2026-07-01 02:04:21.564 9 WARNING neutron.api.rpc.agentnotifiers.dhcp_rpc_agent_api [None req-c7cef3d0-bbdb-4daf-99ee-fa2f864d10cf 2622d1168c674beba7572aa88c2806d5 915348fe54e143e187cbbc311cb4cdce - - default default] Unable to schedule network 6e55e510-7980-4979-bf36-7aa8b8546969: no agents available; will retry on subsequent port and subnet creation events.
2026-07-01 02:04:21.694 10 INFO neutron.wsgi [None req-3f77f9c2-c425-4feb-a517-693c08c43e68 983592d47736485292fb6a03e57b87ae e187e22e8ee143f79a5fcaaf3ee07dc1 - - default default] 10.0.0.206 "DELETE /v2.0/security-groups/f15b1080-e629-4ddb-909b-ebd65659f753 HTTP/1.1" status: 204 len: 168 time: 0.2019482
2026-07-01 02:04:21.696 9 INFO neutron.db.ovn_revision_numbers_db [None req-c7cef3d0-bbdb-4daf-99ee-fa2f864d10cf 2622d1168c674beba7572aa88c2806d5 915348fe54e143e187cbbc311cb4cdce - - default default] Successfully bumped revision number for resource 631f0c8b-c6f9-4b15-bdb1-c8f49a73e1e4 (type: ports) to 1
2026-07-01 02:04:21.725 9 INFO neutron.wsgi [None req-c7cef3d0-bbdb-4daf-99ee-fa2f864d10cf 2622d1168c674beba7572aa88c2806d5 915348fe54e143e187cbbc311cb4cdce - - default default] 10.0.0.206 "POST /v2.0/ports HTTP/1.1" status: 201 len: 1165 time: 0.6136343 /var/lib/openstack/lib/python3.10/site-packages/pycadf/identifier.py:71: UserWarning: Invalid uuid: neutron. To ensure interoperability, identifiers should be a valid uuid. warnings.warn(('Invalid uuid: %s. To ensure interoperability, '
2026-07-01 02:04:22.066 10 INFO neutron.wsgi [-] 10.0.0.245 "GET / HTTP/1.1" status: 200 len: 247 time: 0.0017886
2026-07-01 02:04:22.066 9 INFO neutron.wsgi [-] 10.0.0.245 "GET / HTTP/1.1" status: 200 len: 247 time: 0.0015397
2026-07-01 02:04:22.079 9 INFO neutron.db.ovn_revision_numbers_db [None req-f1247871-0fc1-4147-8d5b-0a3f5b90d3b7 983592d47736485292fb6a03e57b87ae e187e22e8ee143f79a5fcaaf3ee07dc1 - - default default] Successfully bumped revision number for resource 846ec286-fed6-4a21-8a25-2407571c56e7 (type: security_groups) to 1
2026-07-01 02:04:22.098 9 INFO neutron.db.ovn_revision_numbers_db [None req-f1247871-0fc1-4147-8d5b-0a3f5b90d3b7 983592d47736485292fb6a03e57b87ae e187e22e8ee143f79a5fcaaf3ee07dc1 - - default default] Successfully bumped revision number for resource 3c80dbac-4569-4b95-82d5-e0de03cd46a5 (type: security_group_rules) to 0
2026-07-01 02:04:22.110 9 INFO neutron.db.ovn_revision_numbers_db [None req-f1247871-0fc1-4147-8d5b-0a3f5b90d3b7 983592d47736485292fb6a03e57b87ae e187e22e8ee143f79a5fcaaf3ee07dc1 - - default default] Successfully bumped revision number for resource 5824c490-533e-433f-b44e-85fcb69081bf (type: security_group_rules) to 0
2026-07-01 02:04:22.129 9 INFO neutron.db.ovn_revision_numbers_db [None req-f1247871-0fc1-4147-8d5b-0a3f5b90d3b7 983592d47736485292fb6a03e57b87ae e187e22e8ee143f79a5fcaaf3ee07dc1 - - default default] Successfully bumped revision number for resource 60019cfd-6e29-4e7e-8446-4a692f5bd3ad (type: security_group_rules) to 0
2026-07-01 02:04:22.130 10 INFO neutron.wsgi [None req-bc9bbc44-49c7-475c-b038-b56da96fac42 2622d1168c674beba7572aa88c2806d5 915348fe54e143e187cbbc311cb4cdce - - default default] 10.0.0.206 "DELETE /v2.0/ports/631f0c8b-c6f9-4b15-bdb1-c8f49a73e1e4 HTTP/1.1" status: 204 len: 168 time: 0.3959990
2026-07-01 02:04:22.145 9 INFO neutron.db.ovn_revision_numbers_db [None req-f1247871-0fc1-4147-8d5b-0a3f5b90d3b7 983592d47736485292fb6a03e57b87ae e187e22e8ee143f79a5fcaaf3ee07dc1 - - default default] Successfully bumped revision number for resource 769c88bf-3d8a-444e-bd92-2187b197abf2 (type: security_group_rules) to 0
2026-07-01 02:04:22.156 10 INFO neutron.pecan_wsgi.hooks.translation [None req-389f4208-4326-4cbc-96ef-b56f6491ee30 2622d1168c674beba7572aa88c2806d5 915348fe54e143e187cbbc311cb4cdce - - default default] DELETE failed (client error): The resource could not be found.
2026-07-01 02:04:22.159 10 INFO neutron.wsgi [None req-389f4208-4326-4cbc-96ef-b56f6491ee30 2622d1168c674beba7572aa88c2806d5 915348fe54e143e187cbbc311cb4cdce - - default default] 10.0.0.206 "DELETE /v2.0/ports/631f0c8b-c6f9-4b15-bdb1-c8f49a73e1e4 HTTP/1.1" status: 404 len: 333 time: 0.0237286
2026-07-01 02:04:22.169 9 INFO neutron.wsgi [None req-f1247871-0fc1-4147-8d5b-0a3f5b90d3b7 983592d47736485292fb6a03e57b87ae e187e22e8ee143f79a5fcaaf3ee07dc1 - - default default] 10.0.0.206 "GET /v2.0/security-groups?tenant_id=6802aef37d194a37be1dbe1981639ad5&name=default HTTP/1.1" status: 200 len: 3120 time: 0.3947217
2026-07-01 02:04:22.177 10 INFO neutron.pecan_wsgi.hooks.translation [None req-0fd090dc-434d-4546-a0a6-c3acf7ab785a 2622d1168c674beba7572aa88c2806d5 915348fe54e143e187cbbc311cb4cdce - - default default] GET failed (client error): The resource could not be found.
2026-07-01 02:04:22.179 10 INFO neutron.wsgi [None req-0fd090dc-434d-4546-a0a6-c3acf7ab785a 2622d1168c674beba7572aa88c2806d5 915348fe54e143e187cbbc311cb4cdce - - default default] 10.0.0.206 "GET /v2.0/ports/631f0c8b-c6f9-4b15-bdb1-c8f49a73e1e4 HTTP/1.1" status: 404 len: 333 time: 0.0154889
2026-07-01 02:04:22.367 10 INFO neutron.wsgi [None req-95433725-b1b5-4c03-b4f2-9999be087e34 2622d1168c674beba7572aa88c2806d5 915348fe54e143e187cbbc311cb4cdce - - default default] 10.0.0.206 "DELETE /v2.0/subnets/3f416a2d-b0ed-4d1a-9349-7f6209e5e825 HTTP/1.1" status: 204 len: 168 time: 0.1837163
2026-07-01 02:04:22.378 9 INFO neutron.db.ovn_revision_numbers_db [None req-5ec9b9f8-9b61-4080-82ec-6884aa2784e2 983592d47736485292fb6a03e57b87ae e187e22e8ee143f79a5fcaaf3ee07dc1 - - default default] Successfully bumped revision number for resource 86d66249-417d-48e7-8297-fb1589ce78ca (type: security_groups) to 1
2026-07-01 02:04:22.393 9 INFO neutron.db.ovn_revision_numbers_db [None req-5ec9b9f8-9b61-4080-82ec-6884aa2784e2 983592d47736485292fb6a03e57b87ae e187e22e8ee143f79a5fcaaf3ee07dc1 - - default default] Successfully bumped revision number for resource 26de7c2b-0060-426a-b1e9-4e9f450b62a0 (type: security_group_rules) to 0
2026-07-01 02:04:22.408 9 INFO neutron.db.ovn_revision_numbers_db [None req-5ec9b9f8-9b61-4080-82ec-6884aa2784e2 983592d47736485292fb6a03e57b87ae e187e22e8ee143f79a5fcaaf3ee07dc1 - - default default] Successfully bumped revision number for resource 74376039-032d-48c2-8f4a-e858221c0405 (type: security_group_rules) to 0
2026-07-01 02:04:22.419 9 INFO neutron.db.ovn_revision_numbers_db [None req-5ec9b9f8-9b61-4080-82ec-6884aa2784e2 983592d47736485292fb6a03e57b87ae e187e22e8ee143f79a5fcaaf3ee07dc1 - - default default] Successfully bumped revision number for resource 9a04ed90-8a0c-41ff-9772-65de41b38373 (type: security_group_rules) to 0
2026-07-01 02:04:22.434 9 INFO neutron.db.ovn_revision_numbers_db [None req-5ec9b9f8-9b61-4080-82ec-6884aa2784e2 983592d47736485292fb6a03e57b87ae e187e22e8ee143f79a5fcaaf3ee07dc1 - - default default] Successfully bumped revision number for resource ea7f7ddd-c8c3-47c0-8871-079c18dab61d (type: security_group_rules) to 0
2026-07-01 02:04:22.452 9 INFO neutron.wsgi [None req-b093f84c-4661-49f7-80b3-2e6875fb722e 983592d47736485292fb6a03e57b87ae e187e22e8ee143f79a5fcaaf3ee07dc1 - - default default] 10.0.0.206 "DELETE /v2.0/security-groups/846ec286-fed6-4a21-8a25-2407571c56e7 HTTP/1.1" status: 204 len: 168 time: 0.2763197
2026-07-01 02:04:22.492 9 INFO neutron.db.segments_db [None req-5ec9b9f8-9b61-4080-82ec-6884aa2784e2 983592d47736485292fb6a03e57b87ae e187e22e8ee143f79a5fcaaf3ee07dc1 - - default default] Added segment 84a3ddda-7739-44c0-acdf-8616bc9b2b06 of type geneve for network 711e5831-59b5-48c6-b53b-8c0a348a4ac0
2026-07-01 02:04:22.753 10 INFO neutron.services.segments.plugin [-] Segment e447e51f-e56b-4a70-9c2f-fe4f99fee8a8 resource provider aggregate not found
2026-07-01 02:04:22.761 10 INFO neutron.services.segments.plugin [-] Segment e447e51f-e56b-4a70-9c2f-fe4f99fee8a8 resource provider aggregate not found
2026-07-01 02:04:22.770 10 INFO neutron.services.segments.plugin [-] Segment e447e51f-e56b-4a70-9c2f-fe4f99fee8a8 resource provider not found; error: Placement Client Error (4xx): {"errors": [{"status": 404, "title": "Not Found", "detail": "The resource could not be found.\n\n No resource provider with uuid e447e51f-e56b-4a70-9c2f-fe4f99fee8a8 found for delete ", "request_id": "req-62232f26-23c9-4ea2-839a-5ba127f5cb6a"}]}
2026-07-01 02:04:22.773 10 INFO neutron.services.segments.plugin [-] Segment e447e51f-e56b-4a70-9c2f-fe4f99fee8a8 resource provider not found; error: Placement Client Error (4xx): {"errors": [{"status": 404, "title": "Not Found", "detail": "The resource could not be found.\n\n No resource provider with uuid e447e51f-e56b-4a70-9c2f-fe4f99fee8a8 found for delete ", "request_id": "req-17267769-cebe-4117-a354-6f6c57a06525"}]}
2026-07-01 02:04:22.781 10 INFO neutron.wsgi [None req-aeaa0df1-2046-4445-bd09-8e01dbbbda0d 2622d1168c674beba7572aa88c2806d5 915348fe54e143e187cbbc311cb4cdce - - default default] 10.0.0.206 "DELETE /v2.0/networks/6e55e510-7980-4979-bf36-7aa8b8546969 HTTP/1.1" status: 204 len: 168 time: 0.4103470
2026-07-01 02:04:22.791 10 WARNING neutron_lib.context [None req-65069bdb-5c3a-4857-b4c8-8192a2fb2ebb 2622d1168c674beba7572aa88c2806d5 915348fe54e143e187cbbc311cb4cdce - - default default] Method 'is_advsvc' is deprecated since 2023.2 release (neutron-lib 3.8.0) and will be removed once support for the old RBAC API policies will be removed from Neutron. Please use method 'is_service_role' instead.
2026-07-01 02:04:22.871 9 INFO neutron.db.ovn_revision_numbers_db [None req-5ec9b9f8-9b61-4080-82ec-6884aa2784e2 983592d47736485292fb6a03e57b87ae e187e22e8ee143f79a5fcaaf3ee07dc1 - - default default] Successfully bumped revision number for resource 711e5831-59b5-48c6-b53b-8c0a348a4ac0 (type: networks) to 1
2026-07-01 02:04:22.888 10 INFO neutron.db.segments_db [None req-65069bdb-5c3a-4857-b4c8-8192a2fb2ebb 2622d1168c674beba7572aa88c2806d5 915348fe54e143e187cbbc311cb4cdce - - default default] Added segment b83ed1e2-98b0-49f6-ba9f-0d58d1673037 of type geneve for network 9aa2e696-314e-413e-8e75-6374aca410d9
2026-07-01 02:04:23.023 10 INFO neutron.db.ovn_revision_numbers_db [None req-65069bdb-5c3a-4857-b4c8-8192a2fb2ebb 2622d1168c674beba7572aa88c2806d5 915348fe54e143e187cbbc311cb4cdce - - default default] Successfully bumped revision number for resource 9aa2e696-314e-413e-8e75-6374aca410d9 (type: networks) to 1
2026-07-01 02:04:23.058 9 WARNING neutron.scheduler.dhcp_agent_scheduler [None req-5ec9b9f8-9b61-4080-82ec-6884aa2784e2 983592d47736485292fb6a03e57b87ae e187e22e8ee143f79a5fcaaf3ee07dc1 - - default default] No more DHCP agents
2026-07-01 02:04:23.061 9 WARNING neutron.api.rpc.agentnotifiers.dhcp_rpc_agent_api [None req-5ec9b9f8-9b61-4080-82ec-6884aa2784e2 983592d47736485292fb6a03e57b87ae e187e22e8ee143f79a5fcaaf3ee07dc1 - - default default] Unable to schedule network 711e5831-59b5-48c6-b53b-8c0a348a4ac0: no agents available; will retry on subsequent port and subnet creation events.
2026-07-01 02:04:23.143 9 INFO neutron.db.ovn_revision_numbers_db [None req-5ec9b9f8-9b61-4080-82ec-6884aa2784e2 983592d47736485292fb6a03e57b87ae e187e22e8ee143f79a5fcaaf3ee07dc1 - - default default] Successfully bumped revision number for resource 43846053-835a-4a25-bf7a-f39f2e6ce2ab (type: ports) to 1
2026-07-01 02:04:23.164 9 INFO neutron.wsgi [None req-5ec9b9f8-9b61-4080-82ec-6884aa2784e2 983592d47736485292fb6a03e57b87ae e187e22e8ee143f79a5fcaaf3ee07dc1 - - default default] 10.0.0.206 "POST /v2.0/networks HTTP/1.1" status: 201 len: 943 time: 1.0704064
2026-07-01 02:04:23.220 10 WARNING neutron.scheduler.dhcp_agent_scheduler [None req-65069bdb-5c3a-4857-b4c8-8192a2fb2ebb 2622d1168c674beba7572aa88c2806d5 915348fe54e143e187cbbc311cb4cdce - - default default] No more DHCP agents
2026-07-01 02:04:23.223 10 WARNING neutron.api.rpc.agentnotifiers.dhcp_rpc_agent_api [None req-65069bdb-5c3a-4857-b4c8-8192a2fb2ebb 2622d1168c674beba7572aa88c2806d5 915348fe54e143e187cbbc311cb4cdce - - default default] Unable to schedule network 9aa2e696-314e-413e-8e75-6374aca410d9: no agents available; will retry on subsequent port and subnet creation events.
2026-07-01 02:04:23.334 10 INFO neutron.db.ovn_revision_numbers_db [None req-65069bdb-5c3a-4857-b4c8-8192a2fb2ebb 2622d1168c674beba7572aa88c2806d5 915348fe54e143e187cbbc311cb4cdce - - default default] Successfully bumped revision number for resource 32ded16e-978e-4325-92b4-1ef48bad75a5 (type: ports) to 1
2026-07-01 02:04:23.351 9 WARNING neutron.scheduler.dhcp_agent_scheduler [None req-3425640c-e7eb-4fee-abf4-aeef644a4856 983592d47736485292fb6a03e57b87ae e187e22e8ee143f79a5fcaaf3ee07dc1 - - default default] No more DHCP agents
2026-07-01 02:04:23.355 9 WARNING neutron.api.rpc.agentnotifiers.dhcp_rpc_agent_api [None req-3425640c-e7eb-4fee-abf4-aeef644a4856 983592d47736485292fb6a03e57b87ae e187e22e8ee143f79a5fcaaf3ee07dc1 - - default default] Unable to schedule network 711e5831-59b5-48c6-b53b-8c0a348a4ac0: no agents available; will retry on subsequent port and subnet creation events.
2026-07-01 02:04:23.356 10 INFO neutron.wsgi [None req-65069bdb-5c3a-4857-b4c8-8192a2fb2ebb 2622d1168c674beba7572aa88c2806d5 915348fe54e143e187cbbc311cb4cdce - - default default] 10.0.0.206 "POST /v2.0/networks HTTP/1.1" status: 201 len: 835 time: 0.5686777
2026-07-01 02:04:23.367 10 WARNING neutron_lib.context [None req-40a73379-9c60-4a99-a82d-ab6e3570f89c 2622d1168c674beba7572aa88c2806d5 915348fe54e143e187cbbc311cb4cdce - - default default] Method 'is_advsvc' is deprecated since 2023.2 release (neutron-lib 3.8.0) and will be removed once support for the old RBAC API policies will be removed from Neutron. Please use method 'is_service_role' instead.
2026-07-01 02:04:23.617 10 WARNING neutron.scheduler.dhcp_agent_scheduler [None req-40a73379-9c60-4a99-a82d-ab6e3570f89c 2622d1168c674beba7572aa88c2806d5 915348fe54e143e187cbbc311cb4cdce - - default default] No more DHCP agents
