Apr 02 13:03:14.895092 np0000162945 nova-scheduler[107696]: DEBUG cotyledon.oslo_config_glue [-] workarounds.disable_compute_service_check_for_ffu = False {{(pid=107696) log_opt_values /opt/stack/data/venv/lib/python3.12/site-packages/oslo_config/cfg.py:3006}}
Apr 02 13:03:14.895354 np0000162945 nova-scheduler[107696]: DEBUG cotyledon.oslo_config_glue [-] workarounds.disable_deep_image_inspection = False {{(pid=107696) log_opt_values /opt/stack/data/venv/lib/python3.12/site-packages/oslo_config/cfg.py:3006}}
Apr 02 13:03:14.895354 np0000162945 nova-scheduler[107696]: DEBUG cotyledon.oslo_config_glue [-] workarounds.disable_fallback_pcpu_query = False {{(pid=107696) log_opt_values /opt/stack/data/venv/lib/python3.12/site-packages/oslo_config/cfg.py:3006}}
Apr 02 13:03:14.895354 np0000162945 nova-scheduler[107696]: DEBUG cotyledon.oslo_config_glue [-] workarounds.disable_group_policy_check_upcall = False {{(pid=107696) log_opt_values /opt/stack/data/venv/lib/python3.12/site-packages/oslo_config/cfg.py:3006}}
Apr 02 13:03:14.895354 np0000162945 nova-scheduler[107696]: DEBUG cotyledon.oslo_config_glue [-] workarounds.disable_libvirt_livesnapshot = False {{(pid=107696) log_opt_values /opt/stack/data/venv/lib/python3.12/site-packages/oslo_config/cfg.py:3006}}
Apr 02 13:03:14.895354 np0000162945 nova-scheduler[107696]: DEBUG cotyledon.oslo_config_glue [-] workarounds.disable_rootwrap = False {{(pid=107696) log_opt_values /opt/stack/data/venv/lib/python3.12/site-packages/oslo_config/cfg.py:3006}}
Apr 02 13:03:14.895354 np0000162945 nova-scheduler[107696]: DEBUG cotyledon.oslo_config_glue [-] workarounds.enable_numa_live_migration = False {{(pid=107696) log_opt_values /opt/stack/data/venv/lib/python3.12/site-packages/oslo_config/cfg.py:3006}}
Apr 02 13:03:14.895354 np0000162945 nova-scheduler[107696]: DEBUG cotyledon.oslo_config_glue [-] workarounds.enable_qemu_monitor_announce_self = False {{(pid=107696) log_opt_values /opt/stack/data/venv/lib/python3.12/site-packages/oslo_config/cfg.py:3006}}
Apr 02 13:03:14.895354 np0000162945 nova-scheduler[107696]: DEBUG cotyledon.oslo_config_glue [-] workarounds.ensure_libvirt_rbd_instance_dir_cleanup = False {{(pid=107696) log_opt_values /opt/stack/data/venv/lib/python3.12/site-packages/oslo_config/cfg.py:3006}}
Apr 02 13:03:14.895354 np0000162945 nova-scheduler[107696]: DEBUG cotyledon.oslo_config_glue [-] workarounds.handle_virt_lifecycle_events = True {{(pid=107696) log_opt_values /opt/stack/data/venv/lib/python3.12/site-packages/oslo_config/cfg.py:3006}}
Apr 02 13:03:14.895631 np0000162945 nova-scheduler[107696]: DEBUG cotyledon.oslo_config_glue [-] workarounds.libvirt_disable_apic = False {{(pid=107696) log_opt_values /opt/stack/data/venv/lib/python3.12/site-packages/oslo_config/cfg.py:3006}}
Apr 02 13:03:14.895631 np0000162945 nova-scheduler[107696]: DEBUG cotyledon.oslo_config_glue [-] workarounds.never_download_image_if_on_rbd = False {{(pid=107696) log_opt_values /opt/stack/data/venv/lib/python3.12/site-packages/oslo_config/cfg.py:3006}}
Apr 02 13:03:14.895631 np0000162945 nova-scheduler[107696]: DEBUG cotyledon.oslo_config_glue [-] workarounds.qemu_monitor_announce_self_count = 3 {{(pid=107696) log_opt_values /opt/stack/data/venv/lib/python3.12/site-packages/oslo_config/cfg.py:3006}}
Apr 02 13:03:14.895631 np0000162945 nova-scheduler[107696]: DEBUG cotyledon.oslo_config_glue [-] workarounds.qemu_monitor_announce_self_interval = 1 {{(pid=107696) log_opt_values /opt/stack/data/venv/lib/python3.12/site-packages/oslo_config/cfg.py:3006}}
Apr 02 13:03:14.895631 np0000162945 nova-scheduler[107696]: DEBUG cotyledon.oslo_config_glue [-] workarounds.reserve_disk_resource_for_image_cache = False {{(pid=107696) log_opt_values /opt/stack/data/venv/lib/python3.12/site-packages/oslo_config/cfg.py:3006}}
Apr 02 13:03:14.895631 np0000162945 nova-scheduler[107696]: DEBUG cotyledon.oslo_config_glue [-] workarounds.skip_cpu_compare_at_startup = False {{(pid=107696) log_opt_values /opt/stack/data/venv/lib/python3.12/site-packages/oslo_config/cfg.py:3006}}
Apr 02 13:03:14.895631 np0000162945 nova-scheduler[107696]: DEBUG cotyledon.oslo_config_glue [-] workarounds.skip_cpu_compare_on_dest = False {{(pid=107696) log_opt_values /opt/stack/data/venv/lib/python3.12/site-packages/oslo_config/cfg.py:3006}}
Apr 02 13:03:14.895631 np0000162945 nova-scheduler[107696]: DEBUG cotyledon.oslo_config_glue [-] workarounds.skip_hypervisor_version_check_on_lm = False {{(pid=107696) log_opt_values /opt/stack/data/venv/lib/python3.12/site-packages/oslo_config/cfg.py:3006}}
Apr 02 13:03:14.895631 np0000162945 nova-scheduler[107696]: DEBUG cotyledon.oslo_config_glue [-] workarounds.skip_reserve_in_use_ironic_nodes = False {{(pid=107696) log_opt_values /opt/stack/data/venv/lib/python3.12/site-packages/oslo_config/cfg.py:3006}}
Apr 02 13:03:14.895837 np0000162945 nova-scheduler[107696]: DEBUG cotyledon.oslo_config_glue [-] workarounds.unified_limits_count_pcpu_as_vcpu = False {{(pid=107696) log_opt_values /opt/stack/data/venv/lib/python3.12/site-packages/oslo_config/cfg.py:3006}}
Apr 02 13:03:14.895837 np0000162945 nova-scheduler[107696]: DEBUG cotyledon.oslo_config_glue [-] workarounds.wait_for_vif_plugged_event_during_hard_reboot = [] {{(pid=107696) log_opt_values /opt/stack/data/venv/lib/python3.12/site-packages/oslo_config/cfg.py:3006}}
Apr 02 13:03:14.895837 np0000162945 nova-scheduler[107696]: DEBUG cotyledon.oslo_config_glue [-] wsgi.api_paste_config = /etc/nova/api-paste.ini {{(pid=107696) log_opt_values /opt/stack/data/venv/lib/python3.12/site-packages/oslo_config/cfg.py:3006}}
Apr 02 13:03:14.895837 np0000162945 nova-scheduler[107696]: DEBUG cotyledon.oslo_config_glue [-] wsgi.secure_proxy_ssl_header = None {{(pid=107696) log_opt_values /opt/stack/data/venv/lib/python3.12/site-packages/oslo_config/cfg.py:3006}}
Apr 02 13:03:14.895837 np0000162945 nova-scheduler[107696]: DEBUG cotyledon.oslo_config_glue [-] zvm.ca_file = None {{(pid=107696) log_opt_values /opt/stack/data/venv/lib/python3.12/site-packages/oslo_config/cfg.py:3006}}
Apr 02 13:03:14.895837 np0000162945 nova-scheduler[107696]: DEBUG cotyledon.oslo_config_glue [-] zvm.cloud_connector_url = None {{(pid=107696) log_opt_values /opt/stack/data/venv/lib/python3.12/site-packages/oslo_config/cfg.py:3006}}
Apr 02 13:03:14.895837 np0000162945 nova-scheduler[107696]: DEBUG cotyledon.oslo_config_glue [-] zvm.image_tmp_path = /opt/stack/data/nova/images {{(pid=107696) log_opt_values /opt/stack/data/venv/lib/python3.12/site-packages/oslo_config/cfg.py:3006}}
Apr 02 13:03:14.895837 np0000162945 nova-scheduler[107696]: DEBUG cotyledon.oslo_config_glue [-] zvm.reachable_timeout = 300 {{(pid=107696) log_opt_values /opt/stack/data/venv/lib/python3.12/site-packages/oslo_config/cfg.py:3006}}
Apr 02 13:03:14.895837 np0000162945 nova-scheduler[107696]: DEBUG cotyledon.oslo_config_glue [-] oslo_versionedobjects.fatal_exception_format_errors = False {{(pid=107696) log_opt_values /opt/stack/data/venv/lib/python3.12/site-packages/oslo_config/cfg.py:3006}}
Apr 02 13:03:14.896084 np0000162945 nova-scheduler[107696]: DEBUG cotyledon.oslo_config_glue [-] oslo_middleware.http_basic_auth_user_file = /etc/htpasswd {{(pid=107696) log_opt_values /opt/stack/data/venv/lib/python3.12/site-packages/oslo_config/cfg.py:3006}}
Apr 02 13:03:14.896084 np0000162945 nova-scheduler[107696]: DEBUG cotyledon.oslo_config_glue [-] oslo_messaging_metrics.metrics_buffer_size = 1000 {{(pid=107696) log_opt_values /opt/stack/data/venv/lib/python3.12/site-packages/oslo_config/cfg.py:3006}}
Apr 02 13:03:14.896084 np0000162945 nova-scheduler[107696]: DEBUG cotyledon.oslo_config_glue [-] oslo_messaging_metrics.metrics_enabled = False {{(pid=107696) log_opt_values /opt/stack/data/venv/lib/python3.12/site-packages/oslo_config/cfg.py:3006}}
Apr 02 13:03:14.896084 np0000162945 nova-scheduler[107696]: DEBUG cotyledon.oslo_config_glue [-] oslo_messaging_metrics.metrics_process_name = {{(pid=107696) log_opt_values /opt/stack/data/venv/lib/python3.12/site-packages/oslo_config/cfg.py:3006}}
Apr 02 13:03:14.896084 np0000162945 nova-scheduler[107696]: DEBUG cotyledon.oslo_config_glue [-] oslo_messaging_metrics.metrics_socket_file = /var/tmp/metrics_collector.sock {{(pid=107696) log_opt_values /opt/stack/data/venv/lib/python3.12/site-packages/oslo_config/cfg.py:3006}}
Apr 02 13:03:14.896084 np0000162945 nova-scheduler[107696]: DEBUG cotyledon.oslo_config_glue [-] oslo_messaging_metrics.metrics_thread_stop_timeout = 10 {{(pid=107696) log_opt_values /opt/stack/data/venv/lib/python3.12/site-packages/oslo_config/cfg.py:3006}}
Apr 02 13:03:14.896084 np0000162945 nova-scheduler[107696]: DEBUG cotyledon.oslo_config_glue [-] profiler.connection_string = messaging:// {{(pid=107696) log_opt_values /opt/stack/data/venv/lib/python3.12/site-packages/oslo_config/cfg.py:3006}}
Apr 02 13:03:14.896084 np0000162945 nova-scheduler[107696]: DEBUG cotyledon.oslo_config_glue [-] profiler.enabled = False {{(pid=107696) log_opt_values /opt/stack/data/venv/lib/python3.12/site-packages/oslo_config/cfg.py:3006}}
Apr 02 13:03:14.896291 np0000162945 nova-scheduler[107696]: DEBUG cotyledon.oslo_config_glue [-] profiler.es_doc_type = notification {{(pid=107696) log_opt_values /opt/stack/data/venv/lib/python3.12/site-packages/oslo_config/cfg.py:3006}}
Apr 02 13:03:14.896291 np0000162945 nova-scheduler[107696]: DEBUG cotyledon.oslo_config_glue [-] profiler.es_scroll_size = 10000 {{(pid=107696) log_opt_values /opt/stack/data/venv/lib/python3.12/site-packages/oslo_config/cfg.py:3006}}
Apr 02 13:03:14.896291 np0000162945 nova-scheduler[107696]: DEBUG cotyledon.oslo_config_glue [-] profiler.es_scroll_time = 2m {{(pid=107696) log_opt_values /opt/stack/data/venv/lib/python3.12/site-packages/oslo_config/cfg.py:3006}}
Apr 02 13:03:14.896291 np0000162945 nova-scheduler[107696]: DEBUG cotyledon.oslo_config_glue [-] profiler.filter_error_trace = False {{(pid=107696) log_opt_values /opt/stack/data/venv/lib/python3.12/site-packages/oslo_config/cfg.py:3006}}
Apr 02 13:03:14.896291 np0000162945 nova-scheduler[107696]: DEBUG cotyledon.oslo_config_glue [-] profiler.hmac_keys = **** {{(pid=107696) log_opt_values /opt/stack/data/venv/lib/python3.12/site-packages/oslo_config/cfg.py:3006}}
Apr 02 13:03:14.896291 np0000162945 nova-scheduler[107696]: DEBUG cotyledon.oslo_config_glue [-] profiler.sentinel_service_name = mymaster {{(pid=107696) log_opt_values /opt/stack/data/venv/lib/python3.12/site-packages/oslo_config/cfg.py:3006}}
Apr 02 13:03:14.896291 np0000162945 nova-scheduler[107696]: DEBUG cotyledon.oslo_config_glue [-] profiler.socket_timeout = 0.1 {{(pid=107696) log_opt_values /opt/stack/data/venv/lib/python3.12/site-packages/oslo_config/cfg.py:3006}}
Apr 02 13:03:14.896291 np0000162945 nova-scheduler[107696]: DEBUG cotyledon.oslo_config_glue [-] profiler.trace_requests = False {{(pid=107696) log_opt_values /opt/stack/data/venv/lib/python3.12/site-packages/oslo_config/cfg.py:3006}}
Apr 02 13:03:14.896291 np0000162945 nova-scheduler[107696]: DEBUG cotyledon.oslo_config_glue [-] profiler.trace_sqlalchemy = False {{(pid=107696) log_opt_values /opt/stack/data/venv/lib/python3.12/site-packages/oslo_config/cfg.py:3006}}
Apr 02 13:03:14.896503 np0000162945 nova-scheduler[107696]: DEBUG cotyledon.oslo_config_glue [-] profiler_jaeger.process_tags = {} {{(pid=107696) log_opt_values /opt/stack/data/venv/lib/python3.12/site-packages/oslo_config/cfg.py:3006}}
Apr 02 13:03:14.896503 np0000162945 nova-scheduler[107696]: DEBUG cotyledon.oslo_config_glue [-] profiler_jaeger.service_name_prefix = None {{(pid=107696) log_opt_values /opt/stack/data/venv/lib/python3.12/site-packages/oslo_config/cfg.py:3006}}
Apr 02 13:03:14.896503 np0000162945 nova-scheduler[107696]: DEBUG cotyledon.oslo_config_glue [-] profiler_otlp.service_name_prefix = None {{(pid=107696) log_opt_values /opt/stack/data/venv/lib/python3.12/site-packages/oslo_config/cfg.py:3006}}
Apr 02 13:03:14.896503 np0000162945 nova-scheduler[107696]: DEBUG cotyledon.oslo_config_glue [-] oslo_messaging_rabbit.amqp_auto_delete = False {{(pid=107696) log_opt_values /opt/stack/data/venv/lib/python3.12/site-packages/oslo_config/cfg.py:3006}}
Apr 02 13:03:14.896503 np0000162945 nova-scheduler[107696]: DEBUG cotyledon.oslo_config_glue [-] oslo_messaging_rabbit.amqp_durable_queues = False {{(pid=107696) log_opt_values /opt/stack/data/venv/lib/python3.12/site-packages/oslo_config/cfg.py:3006}}
Apr 02 13:03:14.896503 np0000162945 nova-scheduler[107696]: DEBUG cotyledon.oslo_config_glue [-] oslo_messaging_rabbit.conn_pool_min_size = 2 {{(pid=107696) log_opt_values /opt/stack/data/venv/lib/python3.12/site-packages/oslo_config/cfg.py:3006}}
Apr 02 13:03:14.896503 np0000162945 nova-scheduler[107696]: DEBUG cotyledon.oslo_config_glue [-] oslo_messaging_rabbit.conn_pool_ttl = 1200 {{(pid=107696) log_opt_values /opt/stack/data/venv/lib/python3.12/site-packages/oslo_config/cfg.py:3006}}
Apr 02 13:03:14.896503 np0000162945 nova-scheduler[107696]: DEBUG cotyledon.oslo_config_glue [-] oslo_messaging_rabbit.direct_mandatory_flag = True {{(pid=107696) log_opt_values /opt/stack/data/venv/lib/python3.12/site-packages/oslo_config/cfg.py:3006}}
Apr 02 13:03:14.896503 np0000162945 nova-scheduler[107696]: DEBUG cotyledon.oslo_config_glue [-] oslo_messaging_rabbit.enable_cancel_on_failover = False {{(pid=107696) log_opt_values /opt/stack/data/venv/lib/python3.12/site-packages/oslo_config/cfg.py:3006}}
Apr 02 13:03:14.896725 np0000162945 nova-scheduler[107696]: DEBUG cotyledon.oslo_config_glue [-] oslo_messaging_rabbit.heartbeat_in_pthread = False {{(pid=107696) log_opt_values /opt/stack/data/venv/lib/python3.12/site-packages/oslo_config/cfg.py:3006}}
Apr 02 13:03:14.896725 np0000162945 nova-scheduler[107696]: DEBUG cotyledon.oslo_config_glue [-] oslo_messaging_rabbit.heartbeat_rate = 3 {{(pid=107696) log_opt_values /opt/stack/data/venv/lib/python3.12/site-packages/oslo_config/cfg.py:3006}}
Apr 02 13:03:14.896725 np0000162945 nova-scheduler[107696]: DEBUG cotyledon.oslo_config_glue [-] oslo_messaging_rabbit.heartbeat_timeout_threshold = 60 {{(pid=107696) log_opt_values /opt/stack/data/venv/lib/python3.12/site-packages/oslo_config/cfg.py:3006}}
Apr 02 13:03:14.896725 np0000162945 nova-scheduler[107696]: DEBUG cotyledon.oslo_config_glue [-] oslo_messaging_rabbit.hostname = np0000162945 {{(pid=107696) log_opt_values /opt/stack/data/venv/lib/python3.12/site-packages/oslo_config/cfg.py:3006}}
Apr 02 13:03:14.896725 np0000162945 nova-scheduler[107696]: DEBUG cotyledon.oslo_config_glue [-] oslo_messaging_rabbit.kombu_compression = None {{(pid=107696) log_opt_values /opt/stack/data/venv/lib/python3.12/site-packages/oslo_config/cfg.py:3006}}
Apr 02 13:03:14.896725 np0000162945 nova-scheduler[107696]: DEBUG cotyledon.oslo_config_glue [-] oslo_messaging_rabbit.kombu_failover_strategy = round-robin {{(pid=107696) log_opt_values /opt/stack/data/venv/lib/python3.12/site-packages/oslo_config/cfg.py:3006}}
Apr 02 13:03:14.896725 np0000162945 nova-scheduler[107696]: DEBUG cotyledon.oslo_config_glue [-] oslo_messaging_rabbit.kombu_missing_consumer_retry_timeout = 60 {{(pid=107696) log_opt_values /opt/stack/data/venv/lib/python3.12/site-packages/oslo_config/cfg.py:3006}}
Apr 02 13:03:14.896725 np0000162945 nova-scheduler[107696]: DEBUG cotyledon.oslo_config_glue [-] oslo_messaging_rabbit.kombu_reconnect_delay = 1.0 {{(pid=107696) log_opt_values /opt/stack/data/venv/lib/python3.12/site-packages/oslo_config/cfg.py:3006}}
Apr 02 13:03:14.896939 np0000162945 nova-scheduler[107696]: DEBUG cotyledon.oslo_config_glue [-] oslo_messaging_rabbit.kombu_reconnect_splay = 0.0 {{(pid=107696) log_opt_values /opt/stack/data/venv/lib/python3.12/site-packages/oslo_config/cfg.py:3006}}
Apr 02 13:03:14.896939 np0000162945 nova-scheduler[107696]: DEBUG cotyledon.oslo_config_glue [-] oslo_messaging_rabbit.processname = nova-scheduler {{(pid=107696) log_opt_values /opt/stack/data/venv/lib/python3.12/site-packages/oslo_config/cfg.py:3006}}
Apr 02 13:03:14.896939 np0000162945 nova-scheduler[107696]: DEBUG cotyledon.oslo_config_glue [-] oslo_messaging_rabbit.rabbit_ha_queues = False {{(pid=107696) log_opt_values /opt/stack/data/venv/lib/python3.12/site-packages/oslo_config/cfg.py:3006}}
Apr 02 13:03:14.896939 np0000162945 nova-scheduler[107696]: DEBUG cotyledon.oslo_config_glue [-] oslo_messaging_rabbit.rabbit_interval_max = 30 {{(pid=107696) log_opt_values /opt/stack/data/venv/lib/python3.12/site-packages/oslo_config/cfg.py:3006}}
Apr 02 13:03:14.896939 np0000162945 nova-scheduler[107696]: DEBUG cotyledon.oslo_config_glue [-] oslo_messaging_rabbit.rabbit_login_method = AMQPLAIN {{(pid=107696) log_opt_values /opt/stack/data/venv/lib/python3.12/site-packages/oslo_config/cfg.py:3006}}
Apr 02 13:03:14.896939 np0000162945 nova-scheduler[107696]: DEBUG cotyledon.oslo_config_glue [-] oslo_messaging_rabbit.rabbit_qos_prefetch_count = 0 {{(pid=107696) log_opt_values /opt/stack/data/venv/lib/python3.12/site-packages/oslo_config/cfg.py:3006}}
Apr 02 13:03:14.896939 np0000162945 nova-scheduler[107696]: DEBUG cotyledon.oslo_config_glue [-] oslo_messaging_rabbit.rabbit_quorum_delivery_limit = 0 {{(pid=107696) log_opt_values /opt/stack/data/venv/lib/python3.12/site-packages/oslo_config/cfg.py:3006}}
Apr 02 13:03:14.896939 np0000162945 nova-scheduler[107696]: DEBUG cotyledon.oslo_config_glue [-] oslo_messaging_rabbit.rabbit_quorum_max_memory_bytes = 0 {{(pid=107696) log_opt_values /opt/stack/data/venv/lib/python3.12/site-packages/oslo_config/cfg.py:3006}}
Apr 02 13:03:14.897136 np0000162945 nova-scheduler[107696]: DEBUG cotyledon.oslo_config_glue [-] oslo_messaging_rabbit.rabbit_quorum_max_memory_length = 0 {{(pid=107696) log_opt_values /opt/stack/data/venv/lib/python3.12/site-packages/oslo_config/cfg.py:3006}}
Apr 02 13:03:14.897136 np0000162945 nova-scheduler[107696]: DEBUG cotyledon.oslo_config_glue [-] oslo_messaging_rabbit.rabbit_quorum_queue = False {{(pid=107696) log_opt_values /opt/stack/data/venv/lib/python3.12/site-packages/oslo_config/cfg.py:3006}}
Apr 02 13:03:14.897136 np0000162945 nova-scheduler[107696]: DEBUG cotyledon.oslo_config_glue [-] oslo_messaging_rabbit.rabbit_retry_backoff = 2 {{(pid=107696) log_opt_values /opt/stack/data/venv/lib/python3.12/site-packages/oslo_config/cfg.py:3006}}
Apr 02 13:03:14.897136 np0000162945 nova-scheduler[107696]: DEBUG cotyledon.oslo_config_glue [-] oslo_messaging_rabbit.rabbit_retry_interval = 1 {{(pid=107696) log_opt_values /opt/stack/data/venv/lib/python3.12/site-packages/oslo_config/cfg.py:3006}}
Apr 02 13:03:14.897136 np0000162945 nova-scheduler[107696]: DEBUG cotyledon.oslo_config_glue [-] oslo_messaging_rabbit.rabbit_stream_fanout = False {{(pid=107696) log_opt_values /opt/stack/data/venv/lib/python3.12/site-packages/oslo_config/cfg.py:3006}}
Apr 02 13:03:14.897136 np0000162945 nova-scheduler[107696]: DEBUG cotyledon.oslo_config_glue [-] oslo_messaging_rabbit.rabbit_transient_queues_ttl = 1800 {{(pid=107696) log_opt_values /opt/stack/data/venv/lib/python3.12/site-packages/oslo_config/cfg.py:3006}}
Apr 02 13:03:14.897136 np0000162945 nova-scheduler[107696]: DEBUG cotyledon.oslo_config_glue [-] oslo_messaging_rabbit.rabbit_transient_quorum_queue = False {{(pid=107696) log_opt_values /opt/stack/data/venv/lib/python3.12/site-packages/oslo_config/cfg.py:3006}}
Apr 02 13:03:14.897136 np0000162945 nova-scheduler[107696]: DEBUG cotyledon.oslo_config_glue [-] oslo_messaging_rabbit.rpc_conn_pool_size = 30 {{(pid=107696) log_opt_values /opt/stack/data/venv/lib/python3.12/site-packages/oslo_config/cfg.py:3006}}
Apr 02 13:03:14.897136 np0000162945 nova-scheduler[107696]: DEBUG cotyledon.oslo_config_glue [-] oslo_messaging_rabbit.ssl = False {{(pid=107696) log_opt_values /opt/stack/data/venv/lib/python3.12/site-packages/oslo_config/cfg.py:3006}}
Apr 02 13:03:14.897347 np0000162945 nova-scheduler[107674]: DEBUG dbcounter [-] [107674] Writer thread running {{(pid=107674) stat_writer /opt/stack/data/venv/lib/python3.12/site-packages/dbcounter.py:102}}
Apr 02 13:03:14.897457 np0000162945 nova-scheduler[107696]: DEBUG cotyledon.oslo_config_glue [-] oslo_messaging_rabbit.ssl_ca_file = {{(pid=107696) log_opt_values /opt/stack/data/venv/lib/python3.12/site-packages/oslo_config/cfg.py:3006}}
Apr 02 13:03:14.897457 np0000162945 nova-scheduler[107696]: DEBUG cotyledon.oslo_config_glue [-] oslo_messaging_rabbit.ssl_cert_file = {{(pid=107696) log_opt_values /opt/stack/data/venv/lib/python3.12/site-packages/oslo_config/cfg.py:3006}}
Apr 02 13:03:14.897457 np0000162945 nova-scheduler[107696]: DEBUG cotyledon.oslo_config_glue [-] oslo_messaging_rabbit.ssl_enforce_fips_mode = False {{(pid=107696) log_opt_values /opt/stack/data/venv/lib/python3.12/site-packages/oslo_config/cfg.py:3006}}
Apr 02 13:03:14.897457 np0000162945 nova-scheduler[107696]: DEBUG cotyledon.oslo_config_glue [-] oslo_messaging_rabbit.ssl_key_file = {{(pid=107696) log_opt_values /opt/stack/data/venv/lib/python3.12/site-packages/oslo_config/cfg.py:3006}}
Apr 02 13:03:14.897457 np0000162945 nova-scheduler[107696]: DEBUG cotyledon.oslo_config_glue [-] oslo_messaging_rabbit.ssl_version = {{(pid=107696) log_opt_values /opt/stack/data/venv/lib/python3.12/site-packages/oslo_config/cfg.py:3006}}
Apr 02 13:03:14.897457 np0000162945 nova-scheduler[107696]: DEBUG cotyledon.oslo_config_glue [-] oslo_messaging_rabbit.use_queue_manager = False {{(pid=107696) log_opt_values /opt/stack/data/venv/lib/python3.12/site-packages/oslo_config/cfg.py:3006}}
Apr 02 13:03:14.897457 np0000162945 nova-scheduler[107696]: DEBUG cotyledon.oslo_config_glue [-] oslo_messaging_notifications.driver = ['messagingv2'] {{(pid=107696) log_opt_values /opt/stack/data/venv/lib/python3.12/site-packages/oslo_config/cfg.py:3006}}
Apr 02 13:03:14.897457 np0000162945 nova-scheduler[107696]: DEBUG cotyledon.oslo_config_glue [-] oslo_messaging_notifications.retry = -1 {{(pid=107696) log_opt_values /opt/stack/data/venv/lib/python3.12/site-packages/oslo_config/cfg.py:3006}}
Apr 02 13:03:14.897457 np0000162945 nova-scheduler[107696]: DEBUG cotyledon.oslo_config_glue [-] oslo_messaging_notifications.topics = ['notifications'] {{(pid=107696) log_opt_values /opt/stack/data/venv/lib/python3.12/site-packages/oslo_config/cfg.py:3006}}
Apr 02 13:03:14.897680 np0000162945 nova-scheduler[107696]: DEBUG cotyledon.oslo_config_glue [-] oslo_messaging_notifications.transport_url = **** {{(pid=107696) log_opt_values /opt/stack/data/venv/lib/python3.12/site-packages/oslo_config/cfg.py:3006}}
Apr 02 13:03:14.897680 np0000162945 nova-scheduler[107696]: DEBUG cotyledon.oslo_config_glue [-] oslo_limit.auth_section = None {{(pid=107696) log_opt_values /opt/stack/data/venv/lib/python3.12/site-packages/oslo_config/cfg.py:3006}}
Apr 02 13:03:14.897680 np0000162945 nova-scheduler[107696]: DEBUG cotyledon.oslo_config_glue [-] oslo_limit.auth_type = None {{(pid=107696) log_opt_values /opt/stack/data/venv/lib/python3.12/site-packages/oslo_config/cfg.py:3006}}
Apr 02 13:03:14.897680 np0000162945 nova-scheduler[107696]: DEBUG cotyledon.oslo_config_glue [-] oslo_limit.cafile = None {{(pid=107696) log_opt_values /opt/stack/data/venv/lib/python3.12/site-packages/oslo_config/cfg.py:3006}}
Apr 02 13:03:14.897680 np0000162945 nova-scheduler[107696]: DEBUG cotyledon.oslo_config_glue [-] oslo_limit.certfile = None {{(pid=107696) log_opt_values /opt/stack/data/venv/lib/python3.12/site-packages/oslo_config/cfg.py:3006}}
Apr 02 13:03:14.897680 np0000162945 nova-scheduler[107696]: DEBUG cotyledon.oslo_config_glue [-] oslo_limit.collect_timing = False {{(pid=107696) log_opt_values /opt/stack/data/venv/lib/python3.12/site-packages/oslo_config/cfg.py:3006}}
Apr 02 13:03:14.897680 np0000162945 nova-scheduler[107696]: DEBUG cotyledon.oslo_config_glue [-] oslo_limit.connect_retries = None {{(pid=107696) log_opt_values /opt/stack/data/venv/lib/python3.12/site-packages/oslo_config/cfg.py:3006}}
Apr 02 13:03:14.897680 np0000162945 nova-scheduler[107696]: DEBUG cotyledon.oslo_config_glue [-] oslo_limit.connect_retry_delay = None {{(pid=107696) log_opt_values /opt/stack/data/venv/lib/python3.12/site-packages/oslo_config/cfg.py:3006}}
Apr 02 13:03:14.897680 np0000162945 nova-scheduler[107696]: DEBUG cotyledon.oslo_config_glue [-] oslo_limit.endpoint_id = None {{(pid=107696) log_opt_values /opt/stack/data/venv/lib/python3.12/site-packages/oslo_config/cfg.py:3006}}
Apr 02 13:03:14.897902 np0000162945 nova-scheduler[107696]: DEBUG cotyledon.oslo_config_glue [-] oslo_limit.endpoint_interface = public {{(pid=107696) log_opt_values /opt/stack/data/venv/lib/python3.12/site-packages/oslo_config/cfg.py:3006}}
Apr 02 13:03:14.897902 np0000162945 nova-scheduler[107696]: DEBUG cotyledon.oslo_config_glue [-] oslo_limit.endpoint_override = None {{(pid=107696) log_opt_values /opt/stack/data/venv/lib/python3.12/site-packages/oslo_config/cfg.py:3006}}
Apr 02 13:03:14.897902 np0000162945 nova-scheduler[107696]: DEBUG cotyledon.oslo_config_glue [-] oslo_limit.endpoint_region_name = None {{(pid=107696) log_opt_values /opt/stack/data/venv/lib/python3.12/site-packages/oslo_config/cfg.py:3006}}
Apr 02 13:03:14.897902 np0000162945 nova-scheduler[107696]: DEBUG cotyledon.oslo_config_glue [-] oslo_limit.endpoint_service_name = None {{(pid=107696) log_opt_values /opt/stack/data/venv/lib/python3.12/site-packages/oslo_config/cfg.py:3006}}
Apr 02 13:03:14.897902 np0000162945 nova-scheduler[107696]: DEBUG cotyledon.oslo_config_glue [-] oslo_limit.endpoint_service_type = None {{(pid=107696) log_opt_values /opt/stack/data/venv/lib/python3.12/site-packages/oslo_config/cfg.py:3006}}
Apr 02 13:03:14.897902 np0000162945 nova-scheduler[107696]: DEBUG cotyledon.oslo_config_glue [-] oslo_limit.insecure = False {{(pid=107696) log_opt_values /opt/stack/data/venv/lib/python3.12/site-packages/oslo_config/cfg.py:3006}}
Apr 02 13:03:14.897902 np0000162945 nova-scheduler[107696]: DEBUG cotyledon.oslo_config_glue [-] oslo_limit.keyfile = None {{(pid=107696) log_opt_values /opt/stack/data/venv/lib/python3.12/site-packages/oslo_config/cfg.py:3006}}
Apr 02 13:03:14.897902 np0000162945 nova-scheduler[107696]: DEBUG cotyledon.oslo_config_glue [-] oslo_limit.max_version = None {{(pid=107696) log_opt_values /opt/stack/data/venv/lib/python3.12/site-packages/oslo_config/cfg.py:3006}}
Apr 02 13:03:14.897902 np0000162945 nova-scheduler[107696]: DEBUG cotyledon.oslo_config_glue [-] oslo_limit.min_version = None {{(pid=107696) log_opt_values /opt/stack/data/venv/lib/python3.12/site-packages/oslo_config/cfg.py:3006}}
Apr 02 13:03:14.898105 np0000162945 nova-scheduler[107696]: DEBUG cotyledon.oslo_config_glue [-] oslo_limit.region_name = None {{(pid=107696) log_opt_values /opt/stack/data/venv/lib/python3.12/site-packages/oslo_config/cfg.py:3006}}
Apr 02 13:03:14.898105 np0000162945 nova-scheduler[107696]: DEBUG cotyledon.oslo_config_glue [-] oslo_limit.retriable_status_codes = None {{(pid=107696) log_opt_values /opt/stack/data/venv/lib/python3.12/site-packages/oslo_config/cfg.py:3006}}
Apr 02 13:03:14.898105 np0000162945 nova-scheduler[107696]: DEBUG cotyledon.oslo_config_glue [-] oslo_limit.service_name = None {{(pid=107696) log_opt_values /opt/stack/data/venv/lib/python3.12/site-packages/oslo_config/cfg.py:3006}}
Apr 02 13:03:14.898105 np0000162945 nova-scheduler[107696]: DEBUG cotyledon.oslo_config_glue [-] oslo_limit.service_type = None {{(pid=107696) log_opt_values /opt/stack/data/venv/lib/python3.12/site-packages/oslo_config/cfg.py:3006}}
Apr 02 13:03:14.898105 np0000162945 nova-scheduler[107696]: DEBUG cotyledon.oslo_config_glue [-] oslo_limit.split_loggers = False {{(pid=107696) log_opt_values /opt/stack/data/venv/lib/python3.12/site-packages/oslo_config/cfg.py:3006}}
Apr 02 13:03:14.898105 np0000162945 nova-scheduler[107696]: DEBUG cotyledon.oslo_config_glue [-] oslo_limit.status_code_retries = None {{(pid=107696) log_opt_values /opt/stack/data/venv/lib/python3.12/site-packages/oslo_config/cfg.py:3006}}
Apr 02 13:03:14.898105 np0000162945 nova-scheduler[107696]: DEBUG cotyledon.oslo_config_glue [-] oslo_limit.status_code_retry_delay = None {{(pid=107696) log_opt_values /opt/stack/data/venv/lib/python3.12/site-packages/oslo_config/cfg.py:3006}}
Apr 02 13:03:14.898105 np0000162945 nova-scheduler[107696]: DEBUG cotyledon.oslo_config_glue [-] oslo_limit.timeout = None {{(pid=107696) log_opt_values /opt/stack/data/venv/lib/python3.12/site-packages/oslo_config/cfg.py:3006}}
Apr 02 13:03:14.898105 np0000162945 nova-scheduler[107696]: DEBUG cotyledon.oslo_config_glue [-] oslo_limit.valid_interfaces = None {{(pid=107696) log_opt_values /opt/stack/data/venv/lib/python3.12/site-packages/oslo_config/cfg.py:3006}}
Apr 02 13:03:14.898335 np0000162945 nova-scheduler[107696]: DEBUG cotyledon.oslo_config_glue [-] oslo_limit.version = None {{(pid=107696) log_opt_values /opt/stack/data/venv/lib/python3.12/site-packages/oslo_config/cfg.py:3006}}
Apr 02 13:03:14.898335 np0000162945 nova-scheduler[107696]: DEBUG cotyledon.oslo_config_glue [-] oslo_reports.file_event_handler = None {{(pid=107696) log_opt_values /opt/stack/data/venv/lib/python3.12/site-packages/oslo_config/cfg.py:3006}}
Apr 02 13:03:14.898335 np0000162945 nova-scheduler[107696]: DEBUG cotyledon.oslo_config_glue [-] oslo_reports.file_event_handler_interval = 1 {{(pid=107696) log_opt_values /opt/stack/data/venv/lib/python3.12/site-packages/oslo_config/cfg.py:3006}}
Apr 02 13:03:14.898335 np0000162945 nova-scheduler[107696]: DEBUG cotyledon.oslo_config_glue [-] oslo_reports.log_dir = None {{(pid=107696) log_opt_values /opt/stack/data/venv/lib/python3.12/site-packages/oslo_config/cfg.py:3006}}
Apr 02 13:03:14.898335 np0000162945 nova-scheduler[107696]: DEBUG cotyledon.oslo_config_glue [-] ******************************************************************************** {{(pid=107696) log_opt_values /opt/stack/data/venv/lib/python3.12/site-packages/oslo_config/cfg.py:3013}}
Apr 02 13:03:14.898335 np0000162945 nova-scheduler[107696]: DEBUG cotyledon._service_worker [-] Run service ServiceWrapper(3) [107696] {{(pid=107696) wait_forever /opt/stack/data/venv/lib/python3.12/site-packages/cotyledon/_service_worker.py:218}}
Apr 02 13:03:14.898335 np0000162945 nova-scheduler[107696]: INFO nova.service [-] Starting scheduler node (version 33.1.0)
Apr 02 13:03:14.898502 np0000162945 nova-scheduler[107690]: DEBUG oslo_db.sqlalchemy.engines [None req-a8587cb1-5f46-4767-9f63-d4b227bcc0c8 None None] MySQL server mode set to STRICT_TRANS_TABLES,STRICT_ALL_TABLES,NO_ZERO_IN_DATE,NO_ZERO_DATE,ERROR_FOR_DIVISION_BY_ZERO,TRADITIONAL,NO_ENGINE_SUBSTITUTION {{(pid=107690) _check_effective_sql_mode /opt/stack/data/venv/lib/python3.12/site-packages/oslo_db/sqlalchemy/engines.py:325}}
Apr 02 13:03:14.898535 np0000162945 nova-scheduler[107696]: INFO dbcounter [None req-ad77d25b-945b-4c45-bf33-e8bb5d548537 None None] Registered counter for database nova_cell0
Apr 02 13:03:14.898562 np0000162945 nova-scheduler[107682]: DEBUG nova.service [None req-d500a318-bf1c-49c7-9df7-950d172b41bf None None] Creating RPC server for service: nova-scheduler on topic: scheduler {{(pid=107682) start /opt/stack/nova/nova/service.py:195}}
Apr 02 13:03:14.898590 np0000162945 nova-scheduler[107690]: DEBUG dbcounter [-] [107690] Writer thread running {{(pid=107690) stat_writer /opt/stack/data/venv/lib/python3.12/site-packages/dbcounter.py:102}}
Apr 02 13:03:14.898617 np0000162945 nova-scheduler[107696]: DEBUG oslo_db.sqlalchemy.engines [None req-ad77d25b-945b-4c45-bf33-e8bb5d548537 None None] MySQL server mode set to STRICT_TRANS_TABLES,STRICT_ALL_TABLES,NO_ZERO_IN_DATE,NO_ZERO_DATE,ERROR_FOR_DIVISION_BY_ZERO,TRADITIONAL,NO_ENGINE_SUBSTITUTION {{(pid=107696) _check_effective_sql_mode /opt/stack/data/venv/lib/python3.12/site-packages/oslo_db/sqlalchemy/engines.py:325}}
Apr 02 13:03:14.900188 np0000162945 nova-scheduler[107690]: DEBUG nova.service [None req-a8587cb1-5f46-4767-9f63-d4b227bcc0c8 None None] Creating RPC server for service: nova-scheduler on topic: scheduler {{(pid=107690) start /opt/stack/nova/nova/service.py:195}}
Apr 02 13:03:14.901718 np0000162945 nova-scheduler[107674]: DEBUG nova.service [None req-d5308f5f-9f7a-40af-beff-23ae61622553 None None] Creating RPC server for service: nova-scheduler on topic: scheduler {{(pid=107674) start /opt/stack/nova/nova/service.py:195}}
Apr 02 13:03:14.911104 np0000162945 nova-scheduler[107696]: DEBUG dbcounter [-] [107696] Writer thread running {{(pid=107696) stat_writer /opt/stack/data/venv/lib/python3.12/site-packages/dbcounter.py:102}}
Apr 02 13:03:14.913837 np0000162945 nova-scheduler[107696]: DEBUG nova.service [None req-ad77d25b-945b-4c45-bf33-e8bb5d548537 None None] Creating RPC server for service: nova-scheduler on topic: scheduler {{(pid=107696) start /opt/stack/nova/nova/service.py:195}}
Apr 02 13:03:14.928156 np0000162945 nova-scheduler[107682]: DEBUG nova.service [None req-d500a318-bf1c-49c7-9df7-950d172b41bf None None] Join ServiceGroup membership for this service scheduler {{(pid=107682) start /opt/stack/nova/nova/service.py:221}}
Apr 02 13:03:14.928238 np0000162945 nova-scheduler[107674]: DEBUG nova.service [None req-d5308f5f-9f7a-40af-beff-23ae61622553 None None] Join ServiceGroup membership for this service scheduler {{(pid=107674) start /opt/stack/nova/nova/service.py:221}}
Apr 02 13:03:14.928397 np0000162945 nova-scheduler[107682]: DEBUG nova.servicegroup.drivers.db [None req-d500a318-bf1c-49c7-9df7-950d172b41bf None None] DB_Driver: join new ServiceGroup member np0000162945 to the scheduler group, service = {{(pid=107682) join /opt/stack/nova/nova/servicegroup/drivers/db.py:44}}
Apr 02 13:03:14.928440 np0000162945 nova-scheduler[107674]: DEBUG nova.servicegroup.drivers.db [None req-d5308f5f-9f7a-40af-beff-23ae61622553 None None] DB_Driver: join new ServiceGroup member np0000162945 to the scheduler group, service = {{(pid=107674) join /opt/stack/nova/nova/servicegroup/drivers/db.py:44}}
Apr 02 13:03:14.931397 np0000162945 nova-scheduler[107690]: DEBUG nova.service [None req-a8587cb1-5f46-4767-9f63-d4b227bcc0c8 None None] Join ServiceGroup membership for this service scheduler {{(pid=107690) start /opt/stack/nova/nova/service.py:221}}
Apr 02 13:03:14.931653 np0000162945 nova-scheduler[107690]: DEBUG nova.servicegroup.drivers.db [None req-a8587cb1-5f46-4767-9f63-d4b227bcc0c8 None None] DB_Driver: join new ServiceGroup member np0000162945 to the scheduler group, service = {{(pid=107690) join /opt/stack/nova/nova/servicegroup/drivers/db.py:44}}
Apr 02 13:03:14.933218 np0000162945 nova-scheduler[107696]: DEBUG nova.service [None req-ad77d25b-945b-4c45-bf33-e8bb5d548537 None None] Join ServiceGroup membership for this service scheduler {{(pid=107696) start /opt/stack/nova/nova/service.py:221}}
Apr 02 13:03:14.934335 np0000162945 nova-scheduler[107696]: DEBUG nova.servicegroup.drivers.db [None req-ad77d25b-945b-4c45-bf33-e8bb5d548537 None None] DB_Driver: join new ServiceGroup member np0000162945 to the scheduler group, service = {{(pid=107696) join /opt/stack/nova/nova/servicegroup/drivers/db.py:44}}
Apr 02 13:03:14.937158 np0000162945 nova-scheduler[107696]: DEBUG oslo.service.backend._threading.loopingcall [None req-f5eca81b-6b8d-425d-afd3-1cfd7c889367 None None] Dynamic interval looping call 'nova.service.Service.periodic_tasks' sleeping for 60.00 seconds {{(pid=107696) _run_loop /opt/stack/data/venv/lib/python3.12/site-packages/oslo_service/backend/_threading/loopingcall.py:125}}
Apr 02 13:03:19.945737 np0000162945 nova-scheduler[107682]: DEBUG oslo.service.backend._threading.loopingcall [-] Fixed interval looping call 'nova.servicegroup.drivers.db.DbDriver._report_state' sleeping for 119.99 seconds {{(pid=107682) _run_loop /opt/stack/data/venv/lib/python3.12/site-packages/oslo_service/backend/_threading/loopingcall.py:125}}
Apr 02 13:03:19.947346 np0000162945 nova-scheduler[107690]: DEBUG oslo.service.backend._threading.loopingcall [-] Fixed interval looping call 'nova.servicegroup.drivers.db.DbDriver._report_state' sleeping for 119.99 seconds {{(pid=107690) _run_loop /opt/stack/data/venv/lib/python3.12/site-packages/oslo_service/backend/_threading/loopingcall.py:125}}
Apr 02 13:03:19.948368 np0000162945 nova-scheduler[107674]: DEBUG oslo.service.backend._threading.loopingcall [-] Fixed interval looping call 'nova.servicegroup.drivers.db.DbDriver._report_state' sleeping for 119.98 seconds {{(pid=107674) _run_loop /opt/stack/data/venv/lib/python3.12/site-packages/oslo_service/backend/_threading/loopingcall.py:125}}
Apr 02 13:03:19.950268 np0000162945 nova-scheduler[107696]: DEBUG oslo.service.backend._threading.loopingcall [-] Fixed interval looping call 'nova.servicegroup.drivers.db.DbDriver._report_state' sleeping for 119.99 seconds {{(pid=107696) _run_loop /opt/stack/data/venv/lib/python3.12/site-packages/oslo_service/backend/_threading/loopingcall.py:125}}
Apr 02 13:03:23.524736 np0000162945 nova-scheduler[106968]: DEBUG dbcounter [-] [106968] Writing DB stats nova_api:SELECT=3 {{(pid=106968) stat_writer /opt/stack/data/venv/lib/python3.12/site-packages/dbcounter.py:115}}
Apr 02 13:03:23.624910 np0000162945 nova-scheduler[106968]: DEBUG dbcounter [-] [106968] Writing DB stats nova_cell0:SELECT=1 {{(pid=106968) stat_writer /opt/stack/data/venv/lib/python3.12/site-packages/dbcounter.py:115}}
Apr 02 13:03:23.632721 np0000162945 nova-scheduler[106968]: DEBUG dbcounter [-] [106968] Writing DB stats nova_cell1:SELECT=1 {{(pid=106968) stat_writer /opt/stack/data/venv/lib/python3.12/site-packages/dbcounter.py:115}}
Apr 02 13:03:29.941651 np0000162945 nova-scheduler[107682]: DEBUG dbcounter [-] [107682] Writing DB stats nova_cell0:SELECT=4,nova_cell0:INSERT=1,nova_cell0:UPDATE=1 {{(pid=107682) stat_writer /opt/stack/data/venv/lib/python3.12/site-packages/dbcounter.py:115}}
Apr 02 13:03:29.946414 np0000162945 nova-scheduler[107690]: DEBUG dbcounter [-] [107690] Writing DB stats nova_cell0:SELECT=3,nova_cell0:UPDATE=1 {{(pid=107690) stat_writer /opt/stack/data/venv/lib/python3.12/site-packages/dbcounter.py:115}}
Apr 02 13:03:29.946956 np0000162945 nova-scheduler[107674]: DEBUG dbcounter [-] [107674] Writing DB stats nova_cell0:SELECT=5,nova_cell0:INSERT=1,nova_cell0:UPDATE=1 {{(pid=107674) stat_writer /opt/stack/data/venv/lib/python3.12/site-packages/dbcounter.py:115}}
Apr 02 13:03:29.949050 np0000162945 nova-scheduler[107696]: DEBUG dbcounter [-] [107696] Writing DB stats nova_cell0:SELECT=3,nova_cell0:UPDATE=1 {{(pid=107696) stat_writer /opt/stack/data/venv/lib/python3.12/site-packages/dbcounter.py:115}}
Apr 02 13:03:37.932879 np0000162945 nova-scheduler[107682]: DEBUG oslo.service.backend._threading.loopingcall [None req-63f84d03-6108-4855-878c-69fea45ba80b None None] Dynamic interval looping call 'nova.service.Service.periodic_tasks' sleeping for 60.00 seconds {{(pid=107682) _run_loop /opt/stack/data/venv/lib/python3.12/site-packages/oslo_service/backend/_threading/loopingcall.py:125}}
Apr 02 13:03:51.932205 np0000162945 nova-scheduler[107674]: DEBUG oslo.service.backend._threading.loopingcall [None req-9f395622-47b5-4012-811c-e69fb9904de8 None None] Dynamic interval looping call 'nova.service.Service.periodic_tasks' sleeping for 60.00 seconds {{(pid=107674) _run_loop /opt/stack/data/venv/lib/python3.12/site-packages/oslo_service/backend/_threading/loopingcall.py:125}}
Apr 02 13:04:13.934187 np0000162945 nova-scheduler[107690]: DEBUG oslo.service.backend._threading.loopingcall [None req-162fb0ef-1144-401f-86c8-28ec5d912f67 None None] Dynamic interval looping call 'nova.service.Service.periodic_tasks' sleeping for 60.00 seconds {{(pid=107690) _run_loop /opt/stack/data/venv/lib/python3.12/site-packages/oslo_service/backend/_threading/loopingcall.py:125}}
Apr 02 13:04:14.937988 np0000162945 nova-scheduler[107696]: DEBUG oslo.service.backend._threading.loopingcall [None req-f5eca81b-6b8d-425d-afd3-1cfd7c889367 None None] Dynamic interval looping call 'nova.service.Service.periodic_tasks' sleeping for 60.00 seconds {{(pid=107696) _run_loop /opt/stack/data/venv/lib/python3.12/site-packages/oslo_service/backend/_threading/loopingcall.py:125}}
Apr 02 13:04:37.933467 np0000162945 nova-scheduler[107682]: DEBUG oslo.service.backend._threading.loopingcall [None req-63f84d03-6108-4855-878c-69fea45ba80b None None] Dynamic interval looping call 'nova.service.Service.periodic_tasks' sleeping for 60.00 seconds {{(pid=107682) _run_loop /opt/stack/data/venv/lib/python3.12/site-packages/oslo_service/backend/_threading/loopingcall.py:125}}
Apr 02 13:04:51.933029 np0000162945 nova-scheduler[107674]: DEBUG oslo.service.backend._threading.loopingcall [None req-9f395622-47b5-4012-811c-e69fb9904de8 None None] Dynamic interval looping call 'nova.service.Service.periodic_tasks' sleeping for 60.00 seconds {{(pid=107674) _run_loop /opt/stack/data/venv/lib/python3.12/site-packages/oslo_service/backend/_threading/loopingcall.py:125}}
Apr 02 13:05:13.935327 np0000162945 nova-scheduler[107690]: DEBUG oslo.service.backend._threading.loopingcall [None req-162fb0ef-1144-401f-86c8-28ec5d912f67 None None] Dynamic interval looping call 'nova.service.Service.periodic_tasks' sleeping for 60.00 seconds {{(pid=107690) _run_loop /opt/stack/data/venv/lib/python3.12/site-packages/oslo_service/backend/_threading/loopingcall.py:125}}
Apr 02 13:05:14.938545 np0000162945 nova-scheduler[107696]: DEBUG oslo.service.backend._threading.loopingcall [None req-f5eca81b-6b8d-425d-afd3-1cfd7c889367 None None] Dynamic interval looping call 'nova.service.Service.periodic_tasks' sleeping for 60.00 seconds {{(pid=107696) _run_loop /opt/stack/data/venv/lib/python3.12/site-packages/oslo_service/backend/_threading/loopingcall.py:125}}
Apr 02 13:05:19.942609 np0000162945 nova-scheduler[107682]: DEBUG oslo.service.backend._threading.loopingcall [-] Fixed interval looping call 'nova.servicegroup.drivers.db.DbDriver._report_state' sleeping for 119.99 seconds {{(pid=107682) _run_loop /opt/stack/data/venv/lib/python3.12/site-packages/oslo_service/backend/_threading/loopingcall.py:125}}
Apr 02 13:05:19.942967 np0000162945 nova-scheduler[107674]: DEBUG oslo.service.backend._threading.loopingcall [-] Fixed interval looping call 'nova.servicegroup.drivers.db.DbDriver._report_state' sleeping for 119.99 seconds {{(pid=107674) _run_loop /opt/stack/data/venv/lib/python3.12/site-packages/oslo_service/backend/_threading/loopingcall.py:125}}
Apr 02 13:05:19.943595 np0000162945 nova-scheduler[107690]: DEBUG oslo.service.backend._threading.loopingcall [-] Fixed interval looping call 'nova.servicegroup.drivers.db.DbDriver._report_state' sleeping for 119.99 seconds {{(pid=107690) _run_loop /opt/stack/data/venv/lib/python3.12/site-packages/oslo_service/backend/_threading/loopingcall.py:125}}
Apr 02 13:05:19.946706 np0000162945 nova-scheduler[107696]: DEBUG oslo.service.backend._threading.loopingcall [-] Fixed interval looping call 'nova.servicegroup.drivers.db.DbDriver._report_state' sleeping for 119.99 seconds {{(pid=107696) _run_loop /opt/stack/data/venv/lib/python3.12/site-packages/oslo_service/backend/_threading/loopingcall.py:125}}
Apr 02 13:05:29.933781 np0000162945 nova-scheduler[107674]: DEBUG dbcounter [-] [107674] Writing DB stats nova_cell0:SELECT=1,nova_cell0:UPDATE=1 {{(pid=107674) stat_writer /opt/stack/data/venv/lib/python3.12/site-packages/dbcounter.py:115}}
Apr 02 13:05:29.941445 np0000162945 nova-scheduler[107690]: DEBUG dbcounter [-] [107690] Writing DB stats nova_cell0:SELECT=1 {{(pid=107690) stat_writer /opt/stack/data/venv/lib/python3.12/site-packages/dbcounter.py:115}}
Apr 02 13:05:29.942509 np0000162945 nova-scheduler[107682]: DEBUG dbcounter [-] [107682] Writing DB stats nova_cell0:SELECT=1,nova_cell0:UPDATE=1 {{(pid=107682) stat_writer /opt/stack/data/venv/lib/python3.12/site-packages/dbcounter.py:115}}
Apr 02 13:05:29.943771 np0000162945 nova-scheduler[107696]: DEBUG dbcounter [-] [107696] Writing DB stats nova_cell0:SELECT=1 {{(pid=107696) stat_writer /opt/stack/data/venv/lib/python3.12/site-packages/dbcounter.py:115}}
Apr 02 13:05:37.934234 np0000162945 nova-scheduler[107682]: DEBUG oslo.service.backend._threading.loopingcall [None req-63f84d03-6108-4855-878c-69fea45ba80b None None] Dynamic interval looping call 'nova.service.Service.periodic_tasks' sleeping for 60.00 seconds {{(pid=107682) _run_loop /opt/stack/data/venv/lib/python3.12/site-packages/oslo_service/backend/_threading/loopingcall.py:125}}
Apr 02 13:05:51.934081 np0000162945 nova-scheduler[107674]: DEBUG oslo.service.backend._threading.loopingcall [None req-9f395622-47b5-4012-811c-e69fb9904de8 None None] Dynamic interval looping call 'nova.service.Service.periodic_tasks' sleeping for 60.00 seconds {{(pid=107674) _run_loop /opt/stack/data/venv/lib/python3.12/site-packages/oslo_service/backend/_threading/loopingcall.py:125}}
Apr 02 13:06:13.936133 np0000162945 nova-scheduler[107690]: DEBUG oslo.service.backend._threading.loopingcall [None req-162fb0ef-1144-401f-86c8-28ec5d912f67 None None] Dynamic interval looping call 'nova.service.Service.periodic_tasks' sleeping for 60.00 seconds {{(pid=107690) _run_loop /opt/stack/data/venv/lib/python3.12/site-packages/oslo_service/backend/_threading/loopingcall.py:125}}
Apr 02 13:06:14.939369 np0000162945 nova-scheduler[107696]: DEBUG oslo.service.backend._threading.loopingcall [None req-f5eca81b-6b8d-425d-afd3-1cfd7c889367 None None] Dynamic interval looping call 'nova.service.Service.periodic_tasks' sleeping for 60.00 seconds {{(pid=107696) _run_loop /opt/stack/data/venv/lib/python3.12/site-packages/oslo_service/backend/_threading/loopingcall.py:125}}
Apr 02 13:06:37.935036 np0000162945 nova-scheduler[107682]: DEBUG oslo.service.backend._threading.loopingcall [None req-63f84d03-6108-4855-878c-69fea45ba80b None None] Dynamic interval looping call 'nova.service.Service.periodic_tasks' sleeping for 60.00 seconds {{(pid=107682) _run_loop /opt/stack/data/venv/lib/python3.12/site-packages/oslo_service/backend/_threading/loopingcall.py:125}}
Apr 02 13:06:51.934643 np0000162945 nova-scheduler[107674]: DEBUG oslo.service.backend._threading.loopingcall [None req-9f395622-47b5-4012-811c-e69fb9904de8 None None] Dynamic interval looping call 'nova.service.Service.periodic_tasks' sleeping for 60.00 seconds {{(pid=107674) _run_loop /opt/stack/data/venv/lib/python3.12/site-packages/oslo_service/backend/_threading/loopingcall.py:125}}
Apr 02 13:07:13.937400 np0000162945 nova-scheduler[107690]: DEBUG oslo.service.backend._threading.loopingcall [None req-162fb0ef-1144-401f-86c8-28ec5d912f67 None None] Dynamic interval looping call 'nova.service.Service.periodic_tasks' sleeping for 60.00 seconds {{(pid=107690) _run_loop /opt/stack/data/venv/lib/python3.12/site-packages/oslo_service/backend/_threading/loopingcall.py:125}}
Apr 02 13:07:14.940337 np0000162945 nova-scheduler[107696]: DEBUG oslo.service.backend._threading.loopingcall [None req-f5eca81b-6b8d-425d-afd3-1cfd7c889367 None None] Dynamic interval looping call 'nova.service.Service.periodic_tasks' sleeping for 60.00 seconds {{(pid=107696) _run_loop /opt/stack/data/venv/lib/python3.12/site-packages/oslo_service/backend/_threading/loopingcall.py:125}}
Apr 02 13:07:19.944430 np0000162945 nova-scheduler[107682]: DEBUG oslo.service.backend._threading.loopingcall [-] Fixed interval looping call 'nova.servicegroup.drivers.db.DbDriver._report_state' sleeping for 119.99 seconds {{(pid=107682) _run_loop /opt/stack/data/venv/lib/python3.12/site-packages/oslo_service/backend/_threading/loopingcall.py:125}}
Apr 02 13:07:19.945017 np0000162945 nova-scheduler[107674]: DEBUG oslo.service.backend._threading.loopingcall [-] Fixed interval looping call 'nova.servicegroup.drivers.db.DbDriver._report_state' sleeping for 119.99 seconds {{(pid=107674) _run_loop /opt/stack/data/venv/lib/python3.12/site-packages/oslo_service/backend/_threading/loopingcall.py:125}}
Apr 02 13:07:19.945369 np0000162945 nova-scheduler[107690]: DEBUG oslo.service.backend._threading.loopingcall [-] Fixed interval looping call 'nova.servicegroup.drivers.db.DbDriver._report_state' sleeping for 119.99 seconds {{(pid=107690) _run_loop /opt/stack/data/venv/lib/python3.12/site-packages/oslo_service/backend/_threading/loopingcall.py:125}}
Apr 02 13:07:19.946172 np0000162945 nova-scheduler[107696]: DEBUG oslo.service.backend._threading.loopingcall [-] Fixed interval looping call 'nova.servicegroup.drivers.db.DbDriver._report_state' sleeping for 119.99 seconds {{(pid=107696) _run_loop /opt/stack/data/venv/lib/python3.12/site-packages/oslo_service/backend/_threading/loopingcall.py:125}}
Apr 02 13:07:29.938183 np0000162945 nova-scheduler[107682]: DEBUG dbcounter [-] [107682] Writing DB stats nova_cell0:SELECT=1,nova_cell0:UPDATE=1 {{(pid=107682) stat_writer /opt/stack/data/venv/lib/python3.12/site-packages/dbcounter.py:115}}
Apr 02 13:07:29.938787 np0000162945 nova-scheduler[107674]: DEBUG dbcounter [-] [107674] Writing DB stats nova_cell0:SELECT=1,nova_cell0:UPDATE=1 {{(pid=107674) stat_writer /opt/stack/data/venv/lib/python3.12/site-packages/dbcounter.py:115}}
Apr 02 13:07:29.939342 np0000162945 nova-scheduler[107690]: DEBUG dbcounter [-] [107690] Writing DB stats nova_cell0:SELECT=1,nova_cell0:UPDATE=1 {{(pid=107690) stat_writer /opt/stack/data/venv/lib/python3.12/site-packages/dbcounter.py:115}}
Apr 02 13:07:29.943402 np0000162945 nova-scheduler[107696]: DEBUG dbcounter [-] [107696] Writing DB stats nova_cell0:SELECT=1,nova_cell0:UPDATE=1 {{(pid=107696) stat_writer /opt/stack/data/venv/lib/python3.12/site-packages/dbcounter.py:115}}
Apr 02 13:07:37.936071 np0000162945 nova-scheduler[107682]: DEBUG oslo.service.backend._threading.loopingcall [None req-63f84d03-6108-4855-878c-69fea45ba80b None None] Dynamic interval looping call 'nova.service.Service.periodic_tasks' sleeping for 60.00 seconds {{(pid=107682) _run_loop /opt/stack/data/venv/lib/python3.12/site-packages/oslo_service/backend/_threading/loopingcall.py:125}}
