+ COMMAND=start + start + for KEYSTONE_WSGI_SCRIPT in keystone-wsgi-public ++ type -p keystone-wsgi-public + cp -a /var/lib/openstack/bin/keystone-wsgi-public /var/www/cgi-bin/keystone/ + '[' -f /etc/apache2/envvars ']' + source /etc/apache2/envvars ++ unset HOME ++ '[' '' '!=' '' ']' ++ SUFFIX= ++ export APACHE_RUN_USER=www-data ++ APACHE_RUN_USER=www-data ++ export APACHE_RUN_GROUP=www-data ++ APACHE_RUN_GROUP=www-data ++ export APACHE_PID_FILE=/var/run/apache2/apache2.pid ++ APACHE_PID_FILE=/var/run/apache2/apache2.pid ++ export APACHE_RUN_DIR=/var/run/apache2 ++ APACHE_RUN_DIR=/var/run/apache2 ++ export APACHE_LOCK_DIR=/var/lock/apache2 ++ APACHE_LOCK_DIR=/var/lock/apache2 ++ export APACHE_LOG_DIR=/var/log/apache2 ++ APACHE_LOG_DIR=/var/log/apache2 ++ export LANG=C ++ LANG=C ++ export LANG + '[' -f /var/run/apache2/apache2.pid ']' + exec apache2 -DFOREGROUND AH00558: apache2: Could not reliably determine the server's fully qualified domain name, using 10.0.0.11. Set the 'ServerName' directive globally to suppress this message AH00558: apache2: Could not reliably determine the server's fully qualified domain name, using 10.0.0.11. Set the 'ServerName' directive globally to suppress this message
[Thu Jul 02 10:14:38.706269 2026] [mpm_event:notice] [pid 1:tid 139668105242496] AH00489: Apache/2.4.58 (Ubuntu) mod_wsgi/5.0.0 Python/3.12 configured -- resuming normal operations
[Thu Jul 02 10:14:38.706381 2026] [core:notice] [pid 1:tid 139668105242496] AH00094: Command line: 'apache2 -D FOREGROUND'
[Thu Jul 02 10:15:41.671525 2026] [wsgi:error] [pid 12:tid 139667467421376] /var/lib/openstack/lib/python3.12/site-packages/oslo_utils/importutils.py:77: EventletDeprecationWarning:
[Thu Jul 02 10:15:41.671569 2026] [wsgi:error] [pid 12:tid 139667467421376] Eventlet is deprecated. It is currently being maintained in bugfix mode, and
[Thu Jul 02 10:15:41.671571 2026] [wsgi:error] [pid 12:tid 139667467421376] we strongly recommend against using it for new projects.
[Thu Jul 02 10:15:41.671572 2026] [wsgi:error] [pid 12:tid 139667467421376]
[Thu Jul 02 10:15:41.671573 2026] [wsgi:error] [pid 12:tid 139667467421376] If you are already using Eventlet, we recommend migrating to a different
[Thu Jul 02 10:15:41.671574 2026] [wsgi:error] [pid 12:tid 139667467421376] framework. For more detail see
[Thu Jul 02 10:15:41.671575 2026] [wsgi:error] [pid 12:tid 139667467421376] https://eventlet.readthedocs.io/en/latest/asyncio/migration.html
[Thu Jul 02 10:15:41.671577 2026] [wsgi:error] [pid 12:tid 139667467421376]
[Thu Jul 02 10:15:41.671578 2026] [wsgi:error] [pid 12:tid 139667467421376] __import__(import_str)
[Thu Jul 02 10:15:41.681431 2026] [wsgi:error] [pid 10:tid 139667467421376] /var/lib/openstack/lib/python3.12/site-packages/oslo_utils/importutils.py:77: EventletDeprecationWarning:
[Thu Jul 02 10:15:41.681472 2026] [wsgi:error] [pid 10:tid 139667467421376] Eventlet is deprecated. It is currently being maintained in bugfix mode, and
[Thu Jul 02 10:15:41.681474 2026] [wsgi:error] [pid 10:tid 139667467421376] we strongly recommend against using it for new projects.
[Thu Jul 02 10:15:41.681475 2026] [wsgi:error] [pid 10:tid 139667467421376]
[Thu Jul 02 10:15:41.681476 2026] [wsgi:error] [pid 10:tid 139667467421376] If you are already using Eventlet, we recommend migrating to a different
[Thu Jul 02 10:15:41.681477 2026] [wsgi:error] [pid 10:tid 139667467421376] framework. For more detail see
[Thu Jul 02 10:15:41.681478 2026] [wsgi:error] [pid 10:tid 139667467421376] https://eventlet.readthedocs.io/en/latest/asyncio/migration.html
[Thu Jul 02 10:15:41.681479 2026] [wsgi:error] [pid 10:tid 139667467421376]
[Thu Jul 02 10:15:41.681480 2026] [wsgi:error] [pid 10:tid 139667467421376] __import__(import_str) 10.0.0.215 - - [02/Jul/2026:10:15:40 +0000] "GET /v3/ HTTP/1.1" 200 249 10.0.0.215 - - [02/Jul/2026:10:15:40 +0000] "GET /v3/ HTTP/1.1" 200 249
[Thu Jul 02 10:15:55.792924 2026] [wsgi:error] [pid 9:tid 139667467421376] /var/lib/openstack/lib/python3.12/site-packages/oslo_utils/importutils.py:77: EventletDeprecationWarning:
[Thu Jul 02 10:15:55.792966 2026] [wsgi:error] [pid 9:tid 139667467421376] Eventlet is deprecated. It is currently being maintained in bugfix mode, and
[Thu Jul 02 10:15:55.792967 2026] [wsgi:error] [pid 9:tid 139667467421376] we strongly recommend against using it for new projects.
[Thu Jul 02 10:15:55.792968 2026] [wsgi:error] [pid 9:tid 139667467421376]
[Thu Jul 02 10:15:55.792970 2026] [wsgi:error] [pid 9:tid 139667467421376] If you are already using Eventlet, we recommend migrating to a different
[Thu Jul 02 10:15:55.792971 2026] [wsgi:error] [pid 9:tid 139667467421376] framework. For more detail see
[Thu Jul 02 10:15:55.792972 2026] [wsgi:error] [pid 9:tid 139667467421376] https://eventlet.readthedocs.io/en/latest/asyncio/migration.html
[Thu Jul 02 10:15:55.792973 2026] [wsgi:error] [pid 9:tid 139667467421376]
[Thu Jul 02 10:15:55.792974 2026] [wsgi:error] [pid 9:tid 139667467421376] __import__(import_str) 10.0.0.84 - - [02/Jul/2026:10:15:54 +0000] "GET / HTTP/1.1" 300 295
[Thu Jul 02 10:16:01.281046 2026] [wsgi:error] [pid 11:tid 139667467421376] /var/lib/openstack/lib/python3.12/site-packages/oslo_utils/importutils.py:77: EventletDeprecationWarning:
[Thu Jul 02 10:16:01.281078 2026] [wsgi:error] [pid 11:tid 139667467421376] Eventlet is deprecated. It is currently being maintained in bugfix mode, and
[Thu Jul 02 10:16:01.281080 2026] [wsgi:error] [pid 11:tid 139667467421376] we strongly recommend against using it for new projects.
[Thu Jul 02 10:16:01.281081 2026] [wsgi:error] [pid 11:tid 139667467421376]
[Thu Jul 02 10:16:01.281083 2026] [wsgi:error] [pid 11:tid 139667467421376] If you are already using Eventlet, we recommend migrating to a different
[Thu Jul 02 10:16:01.281084 2026] [wsgi:error] [pid 11:tid 139667467421376] framework. For more detail see
[Thu Jul 02 10:16:01.281085 2026] [wsgi:error] [pid 11:tid 139667467421376] https://eventlet.readthedocs.io/en/latest/asyncio/migration.html
[Thu Jul 02 10:16:01.281086 2026] [wsgi:error] [pid 11:tid 139667467421376]
[Thu Jul 02 10:16:01.281087 2026] [wsgi:error] [pid 11:tid 139667467421376] __import__(import_str)
[Thu Jul 02 10:16:06.157991 2026] [wsgi:error] [pid 11:tid 139667467421376] [remote 10.0.0.84:48710] 2026-07-02 10:16:06.154 11 WARNING keystone.identity.core [None req-ea4a897b-b1cd-49fd-a963-c002fe28e6ec - - - - - -] Invalid domain name (atmosphere) found in config file name: keystone.exception.DomainNotFound: Could not find domain: atmosphere.
[Thu Jul 02 10:16:06.221573 2026] [wsgi:error] [pid 11:tid 139667467421376] [remote 10.0.0.84:48710] 2026-07-02 10:16:06.221 11 WARNING keystone.common.password_hashing [None req-ea4a897b-b1cd-49fd-a963-c002fe28e6ec - - - - - -] Truncating password to algorithm specific maximum length 72 characters.
[Thu Jul 02 10:16:06.514426 2026] [wsgi:error] [pid 11:tid 139667467421376] [remote 10.0.0.84:48710] 2026-07-02 10:16:06.513 11 WARNING keystone.common.fernet_utils [None req-ea4a897b-b1cd-49fd-a963-c002fe28e6ec - - - - - -] key_repository is world readable: /etc/keystone/fernet-keys/ 10.0.0.84 - - [02/Jul/2026:10:16:00 +0000] "POST /v3/auth/tokens HTTP/1.1" 201 1360
[Thu Jul 02 10:16:06.924821 2026] [wsgi:error] [pid 12:tid 139667467421376] [remote 10.0.0.84:48710] 2026-07-02 10:16:06.919 12 WARNING keystone.identity.core [None req-6662a3b0-4abb-4f1b-9867-6fddc7a813f0 - - - - - -] Invalid domain name (atmosphere) found in config file name: keystone.exception.DomainNotFound: Could not find domain: atmosphere. 10.0.0.84 - - [02/Jul/2026:10:16:06 +0000] "POST /v3/domains HTTP/1.1" 201 261 10.0.0.254 - - [02/Jul/2026:10:16:19 +0000] "GET / HTTP/1.1" 300 295
[Thu Jul 02 10:16:19.516442 2026] [wsgi:error] [pid 9:tid 139667467421376] [remote 10.0.0.254:45480] 2026-07-02 10:16:19.515 9 WARNING keystone.common.password_hashing [None req-67d68b69-4e80-412b-932a-29fab41d5458 - - - - - -] Truncating password to algorithm specific maximum length 72 characters.
[Thu Jul 02 10:16:19.810288 2026] [wsgi:error] [pid 9:tid 139667467421376] [remote 10.0.0.254:45480] 2026-07-02 10:16:19.809 9 WARNING keystone.common.fernet_utils [None req-67d68b69-4e80-412b-932a-29fab41d5458 - - - - - -] key_repository is world readable: /etc/keystone/fernet-keys/ 10.0.0.254 - - [02/Jul/2026:10:16:19 +0000] "POST /v3/auth/tokens HTTP/1.1" 201 1360 10.0.0.254 - - [02/Jul/2026:10:16:19 +0000] "GET /v3/roles/admin HTTP/1.1" 404 83
[Thu Jul 02 10:16:20.057553 2026] [wsgi:error] [pid 12:tid 139667467421376] [remote 10.0.0.254:45480] 2026-07-02 10:16:20.057 12 WARNING keystone.common.rbac_enforcer.enforcer [None req-32a712e2-2443-448e-a6d3-00b1f3a59ca2 9103d1dec55542988375c55f871192c9 e3780ceacc134619a9976ab0a0c40619 - - default default] Deprecated policy rules found. Use oslopolicy-policy-generator and oslopolicy-policy-upgrade to detect and resolve deprecated policies in your configuration. 10.0.0.254 - - [02/Jul/2026:10:16:20 +0000] "GET /v3/roles?name=admin HTTP/1.1" 200 389
[Thu Jul 02 10:16:20.611083 2026] [wsgi:error] [pid 10:tid 139667467421376] [remote 10.0.0.254:45480] 2026-07-02 10:16:20.610 10 WARNING keystone.common.rbac_enforcer.enforcer [None req-d10c9b40-9877-4da8-8b00-da9d8ffdcea9 9103d1dec55542988375c55f871192c9 e3780ceacc134619a9976ab0a0c40619 - - default default] Deprecated policy rules found. Use oslopolicy-policy-generator and oslopolicy-policy-upgrade to detect and resolve deprecated policies in your configuration. 10.0.0.254 - - [02/Jul/2026:10:16:20 +0000] "GET /v3/users/admin-RegionOne HTTP/1.1" 404 93
[Thu Jul 02 10:16:20.762175 2026] [wsgi:error] [pid 9:tid 139667467421376] [remote 10.0.0.254:45480] 2026-07-02 10:16:20.761 9 WARNING keystone.common.rbac_enforcer.enforcer [None req-5e44caaf-7b93-49b2-b7dc-62034ac5cb81 9103d1dec55542988375c55f871192c9 e3780ceacc134619a9976ab0a0c40619 - - default default] Deprecated policy rules found. Use oslopolicy-policy-generator and oslopolicy-policy-upgrade to detect and resolve deprecated policies in your configuration. 10.0.0.254 - - [02/Jul/2026:10:16:20 +0000] "GET /v3/users?name=admin-RegionOne HTTP/1.1" 200 422
[Thu Jul 02 10:16:20.933816 2026] [wsgi:error] [pid 11:tid 139667467421376] [remote 10.0.0.254:45480] 2026-07-02 10:16:20.933 11 WARNING keystone.common.rbac_enforcer.enforcer [None req-80b57644-eb2e-498b-8ce0-8890ebcec4bd 9103d1dec55542988375c55f871192c9 e3780ceacc134619a9976ab0a0c40619 - - default default] Deprecated policy rules found. Use oslopolicy-policy-generator and oslopolicy-policy-upgrade to detect and resolve deprecated policies in your configuration. 10.0.0.254 - - [02/Jul/2026:10:16:20 +0000] "GET /v3/domains/default HTTP/1.1" 200 224 10.0.0.254 - - [02/Jul/2026:10:16:20 +0000] "PUT /v3/domains/default/users/9103d1dec55542988375c55f871192c9/roles/9ce3ab88210f44eca35403ca172eaf3b HTTP/1.1" 204 - 10.0.0.215 - - [02/Jul/2026:10:16:31 +0000] "GET / HTTP/1.1" 300 281 10.0.0.215 - - [02/Jul/2026:10:16:32 +0000] "GET /v3 HTTP/1.1" 200 266
[Thu Jul 02 10:16:32.545758 2026] [wsgi:error] [pid 11:tid 139667467421376] [remote 10.0.0.215:40734] 2026-07-02 10:16:32.545 11 WARNING keystone.common.password_hashing [None req-b2d77775-4783-4bea-b929-322f19aaa1f0 - - - - - -] Truncating password to algorithm specific maximum length 72 characters.
[Thu Jul 02 10:16:32.828204 2026] [wsgi:error] [pid 11:tid 139667467421376] [remote 10.0.0.215:40734] 2026-07-02 10:16:32.828 11 WARNING keystone.common.fernet_utils [None req-b2d77775-4783-4bea-b929-322f19aaa1f0 - - - - - -] key_repository is world readable: /etc/keystone/fernet-keys/ 10.0.0.215 - - [02/Jul/2026:10:16:32 +0000] "POST /v3/auth/tokens HTTP/1.1" 201 1360 10.0.0.215 - - [02/Jul/2026:10:16:32 +0000] "GET / HTTP/1.1" 300 281 10.0.0.215 - - [02/Jul/2026:10:16:32 +0000] "GET /v3/domains/atmosphere HTTP/1.1" 404 90 10.0.0.215 - - [02/Jul/2026:10:16:33 +0000] "GET /v3/domains?name=atmosphere HTTP/1.1" 200 370 10.0.0.215 - - [02/Jul/2026:10:16:33 +0000] "GET /v3/domains/5cb6d4fa76594ad7aaf641d83ebfd19b HTTP/1.1" 200 247 10.0.0.215 - - [02/Jul/2026:10:16:33 +0000] "GET /v3 HTTP/1.1" 200 266
[Thu Jul 02 10:16:33.834327 2026] [wsgi:error] [pid 10:tid 139667467421376] [remote 10.0.0.215:40736] 2026-07-02 10:16:33.833 10 WARNING keystone.common.password_hashing [None req-ccc6402c-3212-4c4b-9509-4cce258d26e5 - - - - - -] Truncating password to algorithm specific maximum length 72 characters.
[Thu Jul 02 10:16:34.110039 2026] [wsgi:error] [pid 10:tid 139667467421376] [remote 10.0.0.215:40736] 2026-07-02 10:16:34.109 10 WARNING keystone.common.fernet_utils [None req-ccc6402c-3212-4c4b-9509-4cce258d26e5 - - - - - -] key_repository is world readable: /etc/keystone/fernet-keys/ 10.0.0.215 - - [02/Jul/2026:10:16:33 +0000] "POST /v3/auth/tokens HTTP/1.1" 201 1360 10.0.0.215 - - [02/Jul/2026:10:16:34 +0000] "GET / HTTP/1.1" 300 281 10.0.0.215 - - [02/Jul/2026:10:16:34 +0000] "GET /v3/OS-FEDERATION/identity_providers/atmosphere HTTP/1.1" 404 101 10.0.0.215 - - [02/Jul/2026:10:16:34 +0000] "GET /v3/OS-FEDERATION/identity_providers HTTP/1.1" 200 156 10.0.0.215 - - [02/Jul/2026:10:16:34 +0000] "PUT /v3/OS-FEDERATION/identity_providers/atmosphere HTTP/1.1" 201 342 10.0.0.215 - - [02/Jul/2026:10:16:34 +0000] "GET /v3 HTTP/1.1" 200 266
[Thu Jul 02 10:16:34.880078 2026] [wsgi:error] [pid 11:tid 139667467421376] [remote 10.0.0.215:40736] 2026-07-02 10:16:34.879 11 WARNING keystone.common.password_hashing [None req-62671204-2f72-4c7e-b164-78bcc2ba8d46 - - - - - -] Truncating password to algorithm specific maximum length 72 characters.
[Thu Jul 02 10:16:35.158593 2026] [wsgi:error] [pid 11:tid 139667467421376] [remote 10.0.0.215:40736] 2026-07-02 10:16:35.158 11 WARNING keystone.common.fernet_utils [None req-62671204-2f72-4c7e-b164-78bcc2ba8d46 - - - - - -] key_repository is world readable: /etc/keystone/fernet-keys/ 10.0.0.215 - - [02/Jul/2026:10:16:34 +0000] "POST /v3/auth/tokens HTTP/1.1" 201 1360 10.0.0.215 - - [02/Jul/2026:10:16:35 +0000] "GET / HTTP/1.1" 300 281 10.0.0.215 - - [02/Jul/2026:10:16:35 +0000] "GET /v3/OS-FEDERATION/mappings/atmosphere-openid HTTP/1.1" 404 98 10.0.0.215 - - [02/Jul/2026:10:16:35 +0000] "GET /v3/OS-FEDERATION/mappings HTTP/1.1" 200 136 10.0.0.215 - - [02/Jul/2026:10:16:35 +0000] "PUT /v3/OS-FEDERATION/mappings/atmosphere-openid HTTP/1.1" 201 357 10.0.0.215 - - [02/Jul/2026:10:16:35 +0000] "GET /v3 HTTP/1.1" 200 266
[Thu Jul 02 10:16:35.890877 2026] [wsgi:error] [pid 10:tid 139667467421376] [remote 10.0.0.215:40734] 2026-07-02 10:16:35.890 10 WARNING keystone.common.password_hashing [None req-c4c5de93-56e9-4cdf-8399-4e16fc82be3b - - - - - -] Truncating password to algorithm specific maximum length 72 characters.
[Thu Jul 02 10:16:36.167293 2026] [wsgi:error] [pid 10:tid 139667467421376] [remote 10.0.0.215:40734] 2026-07-02 10:16:36.167 10 WARNING keystone.common.fernet_utils [None req-c4c5de93-56e9-4cdf-8399-4e16fc82be3b - - - - - -] key_repository is world readable: /etc/keystone/fernet-keys/ 10.0.0.215 - - [02/Jul/2026:10:16:35 +0000] "POST /v3/auth/tokens HTTP/1.1" 201 1360 10.0.0.215 - - [02/Jul/2026:10:16:36 +0000] "GET / HTTP/1.1" 300 281 10.0.0.215 - - [02/Jul/2026:10:16:36 +0000] "GET /v3/OS-FEDERATION/identity_providers/atmosphere/protocols/openid?idp_id=atmosphere HTTP/1.1" 404 131 10.0.0.215 - - [02/Jul/2026:10:16:36 +0000] "GET /v3/OS-FEDERATION/identity_providers/atmosphere/protocols HTTP/1.1" 200 168 10.0.0.215 - - [02/Jul/2026:10:16:36 +0000] "PUT /v3/OS-FEDERATION/identity_providers/atmosphere/protocols/openid HTTP/1.1" 201 224 10.0.0.215 - - [02/Jul/2026:10:16:40 +0000] "GET /v3/ HTTP/1.1" 200 249 10.0.0.215 - - [02/Jul/2026:10:16:40 +0000] "GET /v3/ HTTP/1.1" 200 249 10.0.0.215 - - [02/Jul/2026:10:17:40 +0000] "GET /v3/ HTTP/1.1" 200 249 10.0.0.215 - - [02/Jul/2026:10:17:40 +0000] "GET /v3/ HTTP/1.1" 200 249 10.0.0.34 - - [02/Jul/2026:10:17:58 +0000] "GET / HTTP/1.1" 300 295
[Thu Jul 02 10:17:58.963956 2026] [wsgi:error] [pid 11:tid 139667467421376] [remote 10.0.0.34:53762] 2026-07-02 10:17:58.963 11 WARNING keystone.common.password_hashing [None req-d2a8858e-44e9-4b70-bb2c-19b29ca97ebd - - - - - -] Truncating password to algorithm specific maximum length 72 characters.
[Thu Jul 02 10:17:59.240885 2026] [wsgi:error] [pid 11:tid 139667467421376] [remote 10.0.0.34:53762] 2026-07-02 10:17:59.240 11 WARNING keystone.common.fernet_utils [None req-d2a8858e-44e9-4b70-bb2c-19b29ca97ebd - - - - - -] key_repository is world readable: /etc/keystone/fernet-keys/ 10.0.0.34 - - [02/Jul/2026:10:17:58 +0000] "POST /v3/auth/tokens HTTP/1.1" 201 1360 10.0.0.34 - - [02/Jul/2026:10:17:59 +0000] "GET /v3/services HTTP/1.1" 200 355 10.0.0.34 - - [02/Jul/2026:10:18:02 +0000] "GET / HTTP/1.1" 300 295
[Thu Jul 02 10:18:02.908449 2026] [wsgi:error] [pid 9:tid 139667467421376] [remote 10.0.0.34:53774] 2026-07-02 10:18:02.908 9 WARNING keystone.common.password_hashing [None req-d506abab-a73a-49ef-8754-ba72183dd562 - - - - - -] Truncating password to algorithm specific maximum length 72 characters.
[Thu Jul 02 10:18:03.182597 2026] [wsgi:error] [pid 9:tid 139667467421376] [remote 10.0.0.34:53774] 2026-07-02 10:18:03.182 9 WARNING keystone.common.fernet_utils [None req-d506abab-a73a-49ef-8754-ba72183dd562 - - - - - -] key_repository is world readable: /etc/keystone/fernet-keys/ 10.0.0.34 - - [02/Jul/2026:10:18:02 +0000] "POST /v3/auth/tokens HTTP/1.1" 201 1360 10.0.0.34 - - [02/Jul/2026:10:18:03 +0000] "GET /v3/services HTTP/1.1" 200 355 10.0.0.34 - - [02/Jul/2026:10:18:06 +0000] "GET / HTTP/1.1" 300 295
[Thu Jul 02 10:18:06.790424 2026] [wsgi:error] [pid 10:tid 139667467421376] [remote 10.0.0.34:43556] 2026-07-02 10:18:06.790 10 WARNING keystone.common.password_hashing [None req-4613a717-89b7-499a-82fa-b4c20add1d9b - - - - - -] Truncating password to algorithm specific maximum length 72 characters.
[Thu Jul 02 10:18:07.063262 2026] [wsgi:error] [pid 10:tid 139667467421376] [remote 10.0.0.34:43556] 2026-07-02 10:18:07.063 10 WARNING keystone.common.fernet_utils [None req-4613a717-89b7-499a-82fa-b4c20add1d9b - - - - - -] key_repository is world readable: /etc/keystone/fernet-keys/ 10.0.0.34 - - [02/Jul/2026:10:18:06 +0000] "POST /v3/auth/tokens HTTP/1.1" 201 1360 10.0.0.34 - - [02/Jul/2026:10:18:07 +0000] "GET /v3/services HTTP/1.1" 200 355 10.0.0.34 - - [02/Jul/2026:10:18:10 +0000] "GET / HTTP/1.1" 300 295
[Thu Jul 02 10:18:10.683506 2026] [wsgi:error] [pid 12:tid 139667467421376] [remote 10.0.0.34:43572] 2026-07-02 10:18:10.683 12 WARNING keystone.common.password_hashing [None req-a2638907-a8e2-4d95-8c22-c6a8c20b545d - - - - - -] Truncating password to algorithm specific maximum length 72 characters.
[Thu Jul 02 10:18:10.961325 2026] [wsgi:error] [pid 12:tid 139667467421376] [remote 10.0.0.34:43572] 2026-07-02 10:18:10.961 12 WARNING keystone.common.fernet_utils [None req-a2638907-a8e2-4d95-8c22-c6a8c20b545d - - - - - -] key_repository is world readable: /etc/keystone/fernet-keys/ 10.0.0.34 - - [02/Jul/2026:10:18:10 +0000] "POST /v3/auth/tokens HTTP/1.1" 201 1360 10.0.0.34 - - [02/Jul/2026:10:18:11 +0000] "POST /v3/services HTTP/1.1" 201 296 10.0.0.222 - - [02/Jul/2026:10:18:22 +0000] "GET / HTTP/1.1" 300 295
[Thu Jul 02 10:18:22.256932 2026] [wsgi:error] [pid 11:tid 139667467421376] [remote 10.0.0.222:32974] 2026-07-02 10:18:22.256 11 WARNING keystone.common.password_hashing [None req-d14fa09e-01b4-40b0-b7cb-abaac0934df0 - - - - - -] Truncating password to algorithm specific maximum length 72 characters. 10.0.0.222 - - [02/Jul/2026:10:18:22 +0000] "GET / HTTP/1.1" 300 295
[Thu Jul 02 10:18:22.411781 2026] [wsgi:error] [pid 10:tid 139667467421376] [remote 10.0.0.222:32984] 2026-07-02 10:18:22.411 10 WARNING keystone.common.password_hashing [None req-d142bc3f-d55d-4204-9238-122f27f0d00f - - - - - -] Truncating password to algorithm specific maximum length 72 characters. 10.0.0.222 - - [02/Jul/2026:10:18:22 +0000] "GET / HTTP/1.1" 300 295
[Thu Jul 02 10:18:22.540567 2026] [wsgi:error] [pid 12:tid 139667467421376] [remote 10.0.0.222:32994] 2026-07-02 10:18:22.540 12 WARNING keystone.common.password_hashing [None req-da43ea8c-660a-4578-8367-5a6300d8b484 - - - - - -] Truncating password to algorithm specific maximum length 72 characters.
[Thu Jul 02 10:18:22.557055 2026] [wsgi:error] [pid 11:tid 139667467421376] [remote 10.0.0.222:32974] 2026-07-02 10:18:22.556 11 WARNING keystone.common.fernet_utils [None req-d14fa09e-01b4-40b0-b7cb-abaac0934df0 - - - - - -] key_repository is world readable: /etc/keystone/fernet-keys/ 10.0.0.222 - - [02/Jul/2026:10:18:22 +0000] "POST /v3/auth/tokens HTTP/1.1" 201 1464
[Thu Jul 02 10:18:22.685221 2026] [wsgi:error] [pid 10:tid 139667467421376] [remote 10.0.0.222:32984] 2026-07-02 10:18:22.685 10 WARNING keystone.common.fernet_utils [None req-d142bc3f-d55d-4204-9238-122f27f0d00f - - - - - -] key_repository is world readable: /etc/keystone/fernet-keys/ 10.0.0.222 - - [02/Jul/2026:10:18:22 +0000] "POST /v3/auth/tokens HTTP/1.1" 201 1464 10.0.0.222 - - [02/Jul/2026:10:18:22 +0000] "GET /v3/services HTTP/1.1" 200 639
[Thu Jul 02 10:18:22.822305 2026] [wsgi:error] [pid 12:tid 139667467421376] [remote 10.0.0.222:32994] 2026-07-02 10:18:22.822 12 WARNING keystone.common.fernet_utils [None req-da43ea8c-660a-4578-8367-5a6300d8b484 - - - - - -] key_repository is world readable: /etc/keystone/fernet-keys/ 10.0.0.222 - - [02/Jul/2026:10:18:22 +0000] "GET /v3/services HTTP/1.1" 200 639 10.0.0.222 - - [02/Jul/2026:10:18:22 +0000] "POST /v3/auth/tokens HTTP/1.1" 201 1464 10.0.0.222 - - [02/Jul/2026:10:18:22 +0000] "GET /v3/services HTTP/1.1" 200 639 10.0.0.222 - - [02/Jul/2026:10:18:24 +0000] "GET / HTTP/1.1" 300 295
[Thu Jul 02 10:18:24.289837 2026] [wsgi:error] [pid 11:tid 139667467421376] [remote 10.0.0.222:33000] 2026-07-02 10:18:24.289 11 WARNING keystone.common.password_hashing [None req-cfa95b14-80d3-4dfe-9b38-2318d6e746e7 - - - - - -] Truncating password to algorithm specific maximum length 72 characters. 10.0.0.222 - - [02/Jul/2026:10:18:24 +0000] "GET / HTTP/1.1" 300 295
[Thu Jul 02 10:18:24.434883 2026] [wsgi:error] [pid 10:tid 139667467421376] [remote 10.0.0.222:33016] 2026-07-02 10:18:24.434 10 WARNING keystone.common.password_hashing [None req-829ab58a-765a-4365-a062-e29b31af618d - - - - - -] Truncating password to algorithm specific maximum length 72 characters. 10.0.0.222 - - [02/Jul/2026:10:18:24 +0000] "GET / HTTP/1.1" 300 295
[Thu Jul 02 10:18:24.487817 2026] [wsgi:error] [pid 12:tid 139667467421376] [remote 10.0.0.222:33022] 2026-07-02 10:18:24.487 12 WARNING keystone.common.password_hashing [None req-ab65f7f4-55c1-40fd-9fbc-9c38f57fc34f - - - - - -] Truncating password to algorithm specific maximum length 72 characters.
[Thu Jul 02 10:18:24.577136 2026] [wsgi:error] [pid 11:tid 139667467421376] [remote 10.0.0.222:33000] 2026-07-02 10:18:24.577 11 WARNING keystone.common.fernet_utils [None req-cfa95b14-80d3-4dfe-9b38-2318d6e746e7 - - - - - -] key_repository is world readable: /etc/keystone/fernet-keys/ 10.0.0.222 - - [02/Jul/2026:10:18:24 +0000] "POST /v3/auth/tokens HTTP/1.1" 201 1464 10.0.0.222 - - [02/Jul/2026:10:18:24 +0000] "GET /v3/endpoints HTTP/1.1" 200 1227
[Thu Jul 02 10:18:24.713242 2026] [wsgi:error] [pid 10:tid 139667467421376] [remote 10.0.0.222:33016] 2026-07-02 10:18:24.713 10 WARNING keystone.common.fernet_utils [None req-829ab58a-765a-4365-a062-e29b31af618d - - - - - -] key_repository is world readable: /etc/keystone/fernet-keys/ 10.0.0.222 - - [02/Jul/2026:10:18:24 +0000] "POST /v3/auth/tokens HTTP/1.1" 201 1464 10.0.0.222 - - [02/Jul/2026:10:18:24 +0000] "GET /v3/services/6c4aec3329c2478e834d51fa51fccd41 HTTP/1.1" 200 233 10.0.0.222 - - [02/Jul/2026:10:18:24 +0000] "GET /v3/services/6c4aec3329c2478e834d51fa51fccd41 HTTP/1.1" 200 233 10.0.0.222 - - [02/Jul/2026:10:18:24 +0000] "GET /v3/services/6c4aec3329c2478e834d51fa51fccd41 HTTP/1.1" 200 233
[Thu Jul 02 10:18:24.783643 2026] [wsgi:error] [pid 12:tid 139667467421376] [remote 10.0.0.222:33022] 2026-07-02 10:18:24.783 12 WARNING keystone.common.fernet_utils [None req-ab65f7f4-55c1-40fd-9fbc-9c38f57fc34f - - - - - -] key_repository is world readable: /etc/keystone/fernet-keys/ 10.0.0.222 - - [02/Jul/2026:10:18:24 +0000] "POST /v3/auth/tokens HTTP/1.1" 201 1464 10.0.0.222 - - [02/Jul/2026:10:18:24 +0000] "GET /v3/endpoints HTTP/1.1" 200 1227 10.0.0.222 - - [02/Jul/2026:10:18:24 +0000] "GET /v3/services/6c4aec3329c2478e834d51fa51fccd41 HTTP/1.1" 200 233 10.0.0.222 - - [02/Jul/2026:10:18:24 +0000] "GET /v3/services/6c4aec3329c2478e834d51fa51fccd41 HTTP/1.1" 200 233 10.0.0.222 - - [02/Jul/2026:10:18:24 +0000] "GET /v3/services/6c4aec3329c2478e834d51fa51fccd41 HTTP/1.1" 200 233 10.0.0.222 - - [02/Jul/2026:10:18:24 +0000] "GET /v3/endpoints HTTP/1.1" 200 1227 10.0.0.222 - - [02/Jul/2026:10:18:24 +0000] "GET /v3/services/6c4aec3329c2478e834d51fa51fccd41 HTTP/1.1" 200 233 10.0.0.222 - - [02/Jul/2026:10:18:24 +0000] "GET /v3/services/6c4aec3329c2478e834d51fa51fccd41 HTTP/1.1" 200 233 10.0.0.222 - - [02/Jul/2026:10:18:24 +0000] "GET /v3/services/6c4aec3329c2478e834d51fa51fccd41 HTTP/1.1" 200 233 10.0.0.222 - - [02/Jul/2026:10:18:26 +0000] "GET / HTTP/1.1" 300 295
[Thu Jul 02 10:18:26.243641 2026] [wsgi:error] [pid 9:tid 139667467421376] [remote 10.0.0.222:47026] 2026-07-02 10:18:26.243 9 WARNING keystone.common.password_hashing [None req-afe1729e-a291-4c11-8e27-3dbcd316f03c - - - - - -] Truncating password to algorithm specific maximum length 72 characters. 10.0.0.222 - - [02/Jul/2026:10:18:26 +0000] "GET / HTTP/1.1" 300 295
[Thu Jul 02 10:18:26.354445 2026] [wsgi:error] [pid 12:tid 139667467421376] [remote 10.0.0.222:47034] 2026-07-02 10:18:26.354 12 WARNING keystone.common.password_hashing [None req-5873d682-1278-44bb-a010-0540899091e2 - - - - - -] Truncating password to algorithm specific maximum length 72 characters. 10.0.0.222 - - [02/Jul/2026:10:18:26 +0000] "GET / HTTP/1.1" 300 295
[Thu Jul 02 10:18:26.472431 2026] [wsgi:error] [pid 10:tid 139667467421376] [remote 10.0.0.222:47046] 2026-07-02 10:18:26.472 10 WARNING keystone.common.password_hashing [None req-ea98c13a-d14c-40ec-8246-9310e573a675 - - - - - -] Truncating password to algorithm specific maximum length 72 characters.
[Thu Jul 02 10:18:26.519473 2026] [wsgi:error] [pid 9:tid 139667467421376] [remote 10.0.0.222:47026] 2026-07-02 10:18:26.519 9 WARNING keystone.common.fernet_utils [None req-afe1729e-a291-4c11-8e27-3dbcd316f03c - - - - - -] key_repository is world readable: /etc/keystone/fernet-keys/ 10.0.0.222 - - [02/Jul/2026:10:18:26 +0000] "POST /v3/auth/tokens HTTP/1.1" 201 1464
[Thu Jul 02 10:18:26.632767 2026] [wsgi:error] [pid 12:tid 139667467421376] [remote 10.0.0.222:47034] 2026-07-02 10:18:26.632 12 WARNING keystone.common.fernet_utils [None req-5873d682-1278-44bb-a010-0540899091e2 - - - - - -] key_repository is world readable: /etc/keystone/fernet-keys/ 10.0.0.222 - - [02/Jul/2026:10:18:26 +0000] "POST /v3/auth/tokens HTTP/1.1" 201 1464 10.0.0.222 - - [02/Jul/2026:10:18:26 +0000] "GET /v3/services/dbc8887b6df64cc4a200e3576364660f HTTP/1.1" 200 296 10.0.0.222 - - [02/Jul/2026:10:18:26 +0000] "GET /v3/regions/RegionOne HTTP/1.1" 200 173 10.0.0.222 - - [02/Jul/2026:10:18:26 +0000] "POST /v3/endpoints HTTP/1.1" 201 380
[Thu Jul 02 10:18:26.745984 2026] [wsgi:error] [pid 10:tid 139667467421376] [remote 10.0.0.222:47046] 2026-07-02 10:18:26.745 10 WARNING keystone.common.fernet_utils [None req-ea98c13a-d14c-40ec-8246-9310e573a675 - - - - - -] key_repository is world readable: /etc/keystone/fernet-keys/ 10.0.0.222 - - [02/Jul/2026:10:18:26 +0000] "GET /v3/services/dbc8887b6df64cc4a200e3576364660f HTTP/1.1" 200 296 10.0.0.222 - - [02/Jul/2026:10:18:26 +0000] "POST /v3/auth/tokens HTTP/1.1" 201 1641 10.0.0.222 - - [02/Jul/2026:10:18:26 +0000] "GET /v3/regions/RegionOne HTTP/1.1" 200 173 10.0.0.222 - - [02/Jul/2026:10:18:26 +0000] "POST /v3/endpoints HTTP/1.1" 201 383 10.0.0.222 - - [02/Jul/2026:10:18:26 +0000] "GET /v3/services/dbc8887b6df64cc4a200e3576364660f HTTP/1.1" 200 296 10.0.0.222 - - [02/Jul/2026:10:18:26 +0000] "GET /v3/regions/RegionOne HTTP/1.1" 200 173 10.0.0.222 - - [02/Jul/2026:10:18:26 +0000] "POST /v3/endpoints HTTP/1.1" 201 370 10.0.0.222 - - [02/Jul/2026:10:18:28 +0000] "GET / HTTP/1.1" 300 295
[Thu Jul 02 10:18:28.188902 2026] [wsgi:error] [pid 11:tid 139667467421376] [remote 10.0.0.222:47052] 2026-07-02 10:18:28.188 11 WARNING keystone.common.password_hashing [None req-700281cf-bf72-400f-85a0-2bcb9fcb5040 - - - - - -] Truncating password to algorithm specific maximum length 72 characters. 10.0.0.222 - - [02/Jul/2026:10:18:28 +0000] "GET / HTTP/1.1" 300 295
[Thu Jul 02 10:18:28.296450 2026] [wsgi:error] [pid 9:tid 139667467421376] [remote 10.0.0.222:47062] 2026-07-02 10:18:28.296 9 WARNING keystone.common.password_hashing [None req-bc7a20d7-7bd9-4c88-9208-df8c95dde2cf - - - - - -] Truncating password to algorithm specific maximum length 72 characters.
[Thu Jul 02 10:18:28.473049 2026] [wsgi:error] [pid 11:tid 139667467421376] [remote 10.0.0.222:47052] 2026-07-02 10:18:28.472 11 WARNING keystone.common.fernet_utils [None req-700281cf-bf72-400f-85a0-2bcb9fcb5040 - - - - - -] key_repository is world readable: /etc/keystone/fernet-keys/ 10.0.0.222 - - [02/Jul/2026:10:18:28 +0000] "POST /v3/auth/tokens HTTP/1.1" 201 1992 10.0.0.222 - - [02/Jul/2026:10:18:28 +0000] "GET / HTTP/1.1" 300 295
[Thu Jul 02 10:18:28.543490 2026] [wsgi:error] [pid 10:tid 139667467421376] [remote 10.0.0.222:47078] 2026-07-02 10:18:28.543 10 WARNING keystone.common.password_hashing [None req-776115a5-00d2-4eff-ab11-4740c6fc4e84 - - - - - -] Truncating password to algorithm specific maximum length 72 characters.
[Thu Jul 02 10:18:28.582464 2026] [wsgi:error] [pid 9:tid 139667467421376] [remote 10.0.0.222:47062] 2026-07-02 10:18:28.582 9 WARNING keystone.common.fernet_utils [None req-bc7a20d7-7bd9-4c88-9208-df8c95dde2cf - - - - - -] key_repository is world readable: /etc/keystone/fernet-keys/ 10.0.0.222 - - [02/Jul/2026:10:18:28 +0000] "POST /v3/auth/tokens HTTP/1.1" 201 1992 10.0.0.222 - - [02/Jul/2026:10:18:28 +0000] "GET /v3/endpoints/225f78244adc4f88aed27f7c3fcaf694 HTTP/1.1" 200 380 10.0.0.222 - - [02/Jul/2026:10:18:28 +0000] "GET /v3/services/dbc8887b6df64cc4a200e3576364660f HTTP/1.1" 200 296 10.0.0.222 - - [02/Jul/2026:10:18:28 +0000] "GET /v3/endpoints/a07d4133595c41a1b022189dd840bcb6 HTTP/1.1" 200 383 10.0.0.222 - - [02/Jul/2026:10:18:28 +0000] "GET /v3/services/dbc8887b6df64cc4a200e3576364660f HTTP/1.1" 200 296
[Thu Jul 02 10:18:28.823732 2026] [wsgi:error] [pid 10:tid 139667467421376] [remote 10.0.0.222:47078] 2026-07-02 10:18:28.823 10 WARNING keystone.common.fernet_utils [None req-776115a5-00d2-4eff-ab11-4740c6fc4e84 - - - - - -] key_repository is world readable: /etc/keystone/fernet-keys/ 10.0.0.222 - - [02/Jul/2026:10:18:28 +0000] "POST /v3/auth/tokens HTTP/1.1" 201 1992 10.0.0.222 - - [02/Jul/2026:10:18:28 +0000] "GET /v3/endpoints/f3018aa4dd374dd3841c611145111002 HTTP/1.1" 200 370 10.0.0.222 - - [02/Jul/2026:10:18:28 +0000] "GET /v3/services/dbc8887b6df64cc4a200e3576364660f HTTP/1.1" 200 296 10.0.0.149 - - [02/Jul/2026:10:18:40 +0000] "GET / HTTP/1.1" 300 295
[Thu Jul 02 10:18:40.385759 2026] [wsgi:error] [pid 10:tid 139667467421376] [remote 10.0.0.149:36510] 2026-07-02 10:18:40.385 10 WARNING keystone.common.password_hashing [None req-fb121b7f-cf1e-4d66-a757-a27064426c28 - - - - - -] Truncating password to algorithm specific maximum length 72 characters.
[Thu Jul 02 10:18:40.660093 2026] [wsgi:error] [pid 10:tid 139667467421376] [remote 10.0.0.149:36510] 2026-07-02 10:18:40.659 10 WARNING keystone.common.fernet_utils [None req-fb121b7f-cf1e-4d66-a757-a27064426c28 - - - - - -] key_repository is world readable: /etc/keystone/fernet-keys/ 10.0.0.149 - - [02/Jul/2026:10:18:40 +0000] "POST /v3/auth/tokens HTTP/1.1" 201 1992 10.0.0.149 - - [02/Jul/2026:10:18:40 +0000] "POST /v3/domains HTTP/1.1" 201 284 10.0.0.215 - - [02/Jul/2026:10:18:40 +0000] "GET /v3/ HTTP/1.1" 200 249 10.0.0.215 - - [02/Jul/2026:10:18:40 +0000] "GET /v3/ HTTP/1.1" 200 249 10.0.0.149 - - [02/Jul/2026:10:18:42 +0000] "GET / HTTP/1.1" 300 295
[Thu Jul 02 10:18:42.359800 2026] [wsgi:error] [pid 12:tid 139667467421376] [remote 10.0.0.149:36524] 2026-07-02 10:18:42.359 12 WARNING keystone.common.password_hashing [None req-d15dd4ff-1095-499c-94c0-03dcbbe4cb7f - - - - - -] Truncating password to algorithm specific maximum length 72 characters.
[Thu Jul 02 10:18:42.635873 2026] [wsgi:error] [pid 12:tid 139667467421376] [remote 10.0.0.149:36524] 2026-07-02 10:18:42.635 12 WARNING keystone.common.fernet_utils [None req-d15dd4ff-1095-499c-94c0-03dcbbe4cb7f - - - - - -] key_repository is world readable: /etc/keystone/fernet-keys/ 10.0.0.149 - - [02/Jul/2026:10:18:42 +0000] "POST /v3/auth/tokens HTTP/1.1" 201 1992
[Thu Jul 02 10:18:42.844871 2026] [wsgi:error] [pid 11:tid 139667467421376] [remote 10.0.0.149:36524] 2026-07-02 10:18:42.827 11 ERROR keystone.server.flask.application [None req-36e8591d-d05b-4532-a703-4b6249bab06b 9103d1dec55542988375c55f871192c9 e3780ceacc134619a9976ab0a0c40619 - - default default] Conflict occurred attempting to store project - it is not permitted to have two projects acting as domains with the same name: service.: keystone.exception.Conflict: Conflict occurred attempting to store project - it is not permitted to have two projects acting as domains with the same name: service.
[Thu Jul 02 10:18:42.844896 2026] [wsgi:error] [pid 11:tid 139667467421376] [remote 10.0.0.149:36524] 2026-07-02 10:18:42.827 11 ERROR keystone.server.flask.application
Traceback (most recent call last):
[Thu Jul 02 10:18:42.844898 2026] [wsgi:error] [pid 11:tid 139667467421376] [remote 10.0.0.149:36524] 2026-07-02 10:18:42.827 11 ERROR keystone.server.flask.application
File "/var/lib/openstack/lib/python3.12/site-packages/sqlalchemy/engine/base.py", line 1969, in _exec_single_context
[Thu Jul 02 10:18:42.844901 2026] [wsgi:error] [pid 11:tid 139667467421376] [remote 10.0.0.149:36524] 2026-07-02 10:18:42.827 11 ERROR keystone.server.flask.application self.dialect.do_execute(
[Thu Jul 02 10:18:42.844903 2026] [wsgi:error] [pid 11:tid 139667467421376] [remote 10.0.0.149:36524] 2026-07-02 10:18:42.827 11 ERROR keystone.server.flask.application
File "/var/lib/openstack/lib/python3.12/site-packages/sqlalchemy/engine/default.py", line 952, in do_execute
[Thu Jul 02 10:18:42.844906 2026] [wsgi:error] [pid 11:tid 139667467421376] [remote 10.0.0.149:36524] 2026-07-02 10:18:42.827 11 ERROR keystone.server.flask.application cursor.execute(statement, parameters)
[Thu Jul 02 10:18:42.844908 2026] [wsgi:error] [pid 11:tid 139667467421376] [remote 10.0.0.149:36524] 2026-07-02 10:18:42.827 11 ERROR keystone.server.flask.application
File "/var/lib/openstack/lib/python3.12/site-packages/pymysql/cursors.py", line 159, in execute
[Thu Jul 02 10:18:42.844910 2026] [wsgi:error] [pid 11:tid 139667467421376] [remote 10.0.0.149:36524] 2026-07-02 10:18:42.827 11 ERROR keystone.server.flask.application result = self._query(query)
[Thu Jul 02 10:18:42.844912 2026] [wsgi:error] [pid 11:tid 139667467421376] [remote 10.0.0.149:36524] 2026-07-02 10:18:42.827 11 ERROR keystone.server.flask.application ^^^^^^^^^^^^^^^^^^
[Thu Jul 02 10:18:42.844914 2026] [wsgi:error] [pid 11:tid 139667467421376] [remote 10.0.0.149:36524] 2026-07-02 10:18:42.827 11 ERROR keystone.server.flask.application
File "/var/lib/openstack/lib/python3.12/site-packages/pymysql/cursors.py", line 330, in _query
[Thu Jul 02 10:18:42.844916 2026] [wsgi:error] [pid 11:tid 139667467421376] [remote 10.0.0.149:36524] 2026-07-02 10:18:42.827 11 ERROR keystone.server.flask.application conn.query(q)
[Thu Jul 02 10:18:42.844918 2026] [wsgi:error] [pid 11:tid 139667467421376] [remote 10.0.0.149:36524] 2026-07-02 10:18:42.827 11 ERROR keystone.server.flask.application
File "/var/lib/openstack/lib/python3.12/site-packages/pymysql/connections.py", line 582, in query
[Thu Jul 02 10:18:42.844920 2026] [wsgi:error] [pid 11:tid 139667467421376] [remote 10.0.0.149:36524] 2026-07-02 10:18:42.827 11 ERROR keystone.server.flask.application self._affected_rows = self._read_query_result(unbuffered=unbuffered)
[Thu Jul 02 10:18:42.844922 2026] [wsgi:error] [pid 11:tid 139667467421376] [remote 10.0.0.149:36524] 2026-07-02 10:18:42.827 11 ERROR keystone.server.flask.application ^^^^^^^^^^^^^^^^^^^^^^^^^^^^^^^^^^^^^^^^^^^^^^
[Thu Jul 02 10:18:42.844924 2026] [wsgi:error] [pid 11:tid 139667467421376] [remote 10.0.0.149:36524] 2026-07-02 10:18:42.827 11 ERROR keystone.server.flask.application
File "/var/lib/openstack/lib/python3.12/site-packages/pymysql/connections.py", line 847, in _read_query_result
[Thu Jul 02 10:18:42.844926 2026] [wsgi:error] [pid 11:tid 139667467421376] [remote 10.0.0.149:36524] 2026-07-02 10:18:42.827 11 ERROR keystone.server.flask.application result.read()
[Thu Jul 02 10:18:42.844929 2026] [wsgi:error] [pid 11:tid 139667467421376] [remote 10.0.0.149:36524] 2026-07-02 10:18:42.827 11 ERROR keystone.server.flask.application
File "/var/lib/openstack/lib/python3.12/site-packages/pymysql/connections.py", line 1245, in read
[Thu Jul 02 10:18:42.844931 2026] [wsgi:error] [pid 11:tid 139667467421376] [remote 10.0.0.149:36524] 2026-07-02 10:18:42.827 11 ERROR keystone.server.flask.application first_packet = self.connection._read_packet()
[Thu Jul 02 10:18:42.844933 2026] [wsgi:error] [pid 11:tid 139667467421376] [remote 10.0.0.149:36524] 2026-07-02 10:18:42.827 11 ERROR keystone.server.flask.application ^^^^^^^^^^^^^^^^^^^^^^^^^^^^^^
[Thu Jul 02 10:18:42.844938 2026] [wsgi:error] [pid 11:tid 139667467421376] [remote 10.0.0.149:36524] 2026-07-02 10:18:42.827 11 ERROR keystone.server.flask.application
File "/var/lib/openstack/lib/python3.12/site-packages/pymysql/connections.py", line 803, in _read_packet
[Thu Jul 02 10:18:42.844940 2026] [wsgi:error] [pid 11:tid 139667467421376] [remote 10.0.0.149:36524] 2026-07-02 10:18:42.827 11 ERROR keystone.server.flask.application packet.raise_for_error()
[Thu Jul 02 10:18:42.844941 2026] [wsgi:error] [pid 11:tid 139667467421376] [remote 10.0.0.149:36524] 2026-07-02 10:18:42.827 11 ERROR keystone.server.flask.application
File "/var/lib/openstack/lib/python3.12/site-packages/pymysql/protocol.py", line 219, in raise_for_error
[Thu Jul 02 10:18:42.844943 2026] [wsgi:error] [pid 11:tid 139667467421376] [remote 10.0.0.149:36524] 2026-07-02 10:18:42.827 11 ERROR keystone.server.flask.application err.raise_mysql_exception(self._data)
[Thu Jul 02 10:18:42.844945 2026] [wsgi:error] [pid 11:tid 139667467421376] [remote 10.0.0.149:36524] 2026-07-02 10:18:42.827 11 ERROR keystone.server.flask.application
File "/var/lib/openstack/lib/python3.12/site-packages/pymysql/err.py", line 154, in raise_mysql_exception
[Thu Jul 02 10:18:42.844947 2026] [wsgi:error] [pid 11:tid 139667467421376] [remote 10.0.0.149:36524] 2026-07-02 10:18:42.827 11 ERROR keystone.server.flask.application raise errorclass(errno, errval, sqlstate=sqlstate)
[Thu Jul 02 10:18:42.844950 2026] [wsgi:error] [pid 11:tid 139667467421376] [remote 10.0.0.149:36524] 2026-07-02 10:18:42.827 11 ERROR keystone.server.flask.application pymysql.err.IntegrityError: (1062, "Duplicate entry '<>-service' for key 'project.ixu_project_name_domain_id'")
[Thu Jul 02 10:18:42.844952 2026] [wsgi:error] [pid 11:tid 139667467421376] [remote 10.0.0.149:36524] 2026-07-02 10:18:42.827 11 ERROR keystone.server.flask.application
[Thu Jul 02 10:18:42.844954 2026] [wsgi:error] [pid 11:tid 139667467421376] [remote 10.0.0.149:36524] 2026-07-02 10:18:42.827 11 ERROR keystone.server.flask.application The above exception was the direct cause of the following exception:
[Thu Jul 02 10:18:42.844956 2026] [wsgi:error] [pid 11:tid 139667467421376] [remote 10.0.0.149:36524] 2026-07-02 10:18:42.827 11 ERROR keystone.server.flask.application
[Thu Jul 02 10:18:42.844958 2026] [wsgi:error] [pid 11:tid 139667467421376] [remote 10.0.0.149:36524] 2026-07-02 10:18:42.827 11 ERROR keystone.server.flask.application
Traceback (most recent call last):
[Thu Jul 02 10:18:42.844960 2026] [wsgi:error] [pid 11:tid 139667467421376] [remote 10.0.0.149:36524] 2026-07-02 10:18:42.827 11 ERROR keystone.server.flask.application
File "/var/lib/openstack/lib/python3.12/site-packages/keystone/common/sql/core.py", line 575, in wrapper
[Thu Jul 02 10:18:42.844962 2026] [wsgi:error] [pid 11:tid 139667467421376] [remote 10.0.0.149:36524] 2026-07-02 10:18:42.827 11 ERROR keystone.server.flask.application return method(*args, **kwargs)
[Thu Jul 02 10:18:42.844964 2026] [wsgi:error] [pid 11:tid 139667467421376] [remote 10.0.0.149:36524] 2026-07-02 10:18:42.827 11 ERROR keystone.server.flask.application ^^^^^^^^^^^^^^^^^^^^^^^
[Thu Jul 02 10:18:42.844966 2026] [wsgi:error] [pid 11:tid 139667467421376] [remote 10.0.0.149:36524] 2026-07-02 10:18:42.827 11 ERROR keystone.server.flask.application
File "/var/lib/openstack/lib/python3.12/site-packages/keystone/resource/backends/sql.py", line 278, in create_project
[Thu Jul 02 10:18:42.844968 2026] [wsgi:error] [pid 11:tid 139667467421376] [remote 10.0.0.149:36524] 2026-07-02 10:18:42.827 11 ERROR keystone.server.flask.application with sql.session_for_write() as session:
[Thu Jul 02 10:18:42.844971 2026] [wsgi:error] [pid 11:tid 139667467421376] [remote 10.0.0.149:36524] 2026-07-02 10:18:42.827 11 ERROR keystone.server.flask.application
File "/usr/lib/python3.12/contextlib.py", line 144, in __exit__
[Thu Jul 02 10:18:42.844973 2026] [wsgi:error] [pid 11:tid 139667467421376] [remote 10.0.0.149:36524] 2026-07-02 10:18:42.827 11 ERROR keystone.server.flask.application next(self.gen)
[Thu Jul 02 10:18:42.844975 2026] [wsgi:error] [pid 11:tid 139667467421376] [remote 10.0.0.149:36524] 2026-07-02 10:18:42.827 11 ERROR keystone.server.flask.application
File "/var/lib/openstack/lib/python3.12/site-packages/oslo_db/sqlalchemy/enginefacade.py", line 1175, in _transaction_scope
[Thu Jul 02 10:18:42.844977 2026] [wsgi:error] [pid 11:tid 139667467421376] [remote 10.0.0.149:36524] 2026-07-02 10:18:42.827 11 ERROR keystone.server.flask.application with current._produce_block(
[Thu Jul 02 10:18:42.844979 2026] [wsgi:error] [pid 11:tid 139667467421376] [remote 10.0.0.149:36524] 2026-07-02 10:18:42.827 11 ERROR keystone.server.flask.application
File "/usr/lib/python3.12/contextlib.py", line 144, in __exit__
[Thu Jul 02 10:18:42.844982 2026] [wsgi:error] [pid 11:tid 139667467421376] [remote 10.0.0.149:36524] 2026-07-02 10:18:42.827 11 ERROR keystone.server.flask.application next(self.gen)
[Thu Jul 02 10:18:42.844984 2026] [wsgi:error] [pid 11:tid 139667467421376] [remote 10.0.0.149:36524] 2026-07-02 10:18:42.827 11 ERROR keystone.server.flask.application
File "/var/lib/openstack/lib/python3.12/site-packages/oslo_db/sqlalchemy/enginefacade.py", line 837, in _session
[Thu Jul 02 10:18:42.844986 2026] [wsgi:error] [pid 11:tid 139667467421376] [remote 10.0.0.149:36524] 2026-07-02 10:18:42.827 11 ERROR keystone.server.flask.application with excutils.save_and_reraise_exception():
[Thu Jul 02 10:18:42.844988 2026] [wsgi:error] [pid 11:tid 139667467421376] [remote 10.0.0.149:36524] 2026-07-02 10:18:42.827 11 ERROR keystone.server.flask.application
File "/var/lib/openstack/lib/python3.12/site-packages/oslo_utils/excutils.py", line 266, in __exit__
[Thu Jul 02 10:18:42.844991 2026] [wsgi:error] [pid 11:tid 139667467421376] [remote 10.0.0.149:36524] 2026-07-02 10:18:42.827 11 ERROR keystone.server.flask.application self.force_reraise()
[Thu Jul 02 10:18:42.844993 2026] [wsgi:error] [pid 11:tid 139667467421376] [remote 10.0.0.149:36524] 2026-07-02 10:18:42.827 11 ERROR keystone.server.flask.application
File "/var/lib/openstack/lib/python3.12/site-packages/oslo_utils/excutils.py", line 232, in force_reraise
[Thu Jul 02 10:18:42.844995 2026] [wsgi:error] [pid 11:tid 139667467421376] [remote 10.0.0.149:36524] 2026-07-02 10:18:42.827 11 ERROR keystone.server.flask.application raise self.value
[Thu Jul 02 10:18:42.844997 2026] [wsgi:error] [pid 11:tid 139667467421376] [remote 10.0.0.149:36524] 2026-07-02 10:18:42.827 11 ERROR keystone.server.flask.application
File "/var/lib/openstack/lib/python3.12/site-packages/oslo_db/sqlalchemy/enginefacade.py", line 835, in _session
[Thu Jul 02 10:18:42.845000 2026] [wsgi:error] [pid 11:tid 139667467421376] [remote 10.0.0.149:36524] 2026-07-02 10:18:42.827 11 ERROR keystone.server.flask.application self._end_session_transaction(self.session)
[Thu Jul 02 10:18:42.845002 2026] [wsgi:error] [pid 11:tid 139667467421376] [remote 10.0.0.149:36524] 2026-07-02 10:18:42.827 11 ERROR keystone.server.flask.application
File "/var/lib/openstack/lib/python3.12/site-packages/oslo_db/sqlalchemy/enginefacade.py", line 748, in _end_session_transaction
[Thu Jul 02 10:18:42.845004 2026] [wsgi:error] [pid 11:tid 139667467421376] [remote 10.0.0.149:36524] 2026-07-02 10:18:42.827 11 ERROR keystone.server.flask.application session.commit()
[Thu Jul 02 10:18:42.845006 2026] [wsgi:error] [pid 11:tid 139667467421376] [remote 10.0.0.149:36524] 2026-07-02 10:18:42.827 11 ERROR keystone.server.flask.application
File "/var/lib/openstack/lib/python3.12/site-packages/sqlalchemy/orm/session.py", line 2034, in commit
[Thu Jul 02 10:18:42.845008 2026] [wsgi:error] [pid 11:tid 139667467421376] [remote 10.0.0.149:36524] 2026-07-02 10:18:42.827 11 ERROR keystone.server.flask.application trans.commit(_to_root=True)
[Thu Jul 02 10:18:42.845010 2026] [wsgi:error] [pid 11:tid 139667467421376] [remote 10.0.0.149:36524] 2026-07-02 10:18:42.827 11 ERROR keystone.server.flask.application File "", line 2, in commit
[Thu Jul 02 10:18:42.845012 2026] [wsgi:error] [pid 11:tid 139667467421376] [remote 10.0.0.149:36524] 2026-07-02 10:18:42.827 11 ERROR keystone.server.flask.application
File "/var/lib/openstack/lib/python3.12/site-packages/sqlalchemy/orm/state_changes.py", line 137, in _go
[Thu Jul 02 10:18:42.845014 2026] [wsgi:error] [pid 11:tid 139667467421376] [remote 10.0.0.149:36524] 2026-07-02 10:18:42.827 11 ERROR keystone.server.flask.application ret_value = fn(self, *arg, **kw)
[Thu Jul 02 10:18:42.845015 2026] [wsgi:error] [pid 11:tid 139667467421376] [remote 10.0.0.149:36524] 2026-07-02 10:18:42.827 11 ERROR keystone.server.flask.application ^^^^^^^^^^^^^^^^^^^^
[Thu Jul 02 10:18:42.845017 2026] [wsgi:error] [pid 11:tid 139667467421376] [remote 10.0.0.149:36524] 2026-07-02 10:18:42.827 11 ERROR keystone.server.flask.application
File "/var/lib/openstack/lib/python3.12/site-packages/sqlalchemy/orm/session.py", line 1315, in commit
[Thu Jul 02 10:18:42.845019 2026] [wsgi:error] [pid 11:tid 139667467421376] [remote 10.0.0.149:36524] 2026-07-02 10:18:42.827 11 ERROR keystone.server.flask.application self._prepare_impl()
[Thu Jul 02 10:18:42.845021 2026] [wsgi:error] [pid 11:tid 139667467421376] [remote 10.0.0.149:36524] 2026-07-02 10:18:42.827 11 ERROR keystone.server.flask.application File "", line 2, in _prepare_impl
[Thu Jul 02 10:18:42.845023 2026] [wsgi:error] [pid 11:tid 139667467421376] [remote 10.0.0.149:36524] 2026-07-02 10:18:42.827 11 ERROR keystone.server.flask.application
File "/var/lib/openstack/lib/python3.12/site-packages/sqlalchemy/orm/state_changes.py", line 137, in _go
[Thu Jul 02 10:18:42.845025 2026] [wsgi:error] [pid 11:tid 139667467421376] [remote 10.0.0.149:36524] 2026-07-02 10:18:42.827 11 ERROR keystone.server.flask.application ret_value = fn(self, *arg, **kw)
[Thu Jul 02 10:18:42.845026 2026] [wsgi:error] [pid 11:tid 139667467421376] [remote 10.0.0.149:36524] 2026-07-02 10:18:42.827 11 ERROR keystone.server.flask.application ^^^^^^^^^^^^^^^^^^^^
[Thu Jul 02 10:18:42.845028 2026] [wsgi:error] [pid 11:tid 139667467421376] [remote 10.0.0.149:36524] 2026-07-02 10:18:42.827 11 ERROR keystone.server.flask.application
File "/var/lib/openstack/lib/python3.12/site-packages/sqlalchemy/orm/session.py", line 1290, in _prepare_impl
[Thu Jul 02 10:18:42.845030 2026] [wsgi:error] [pid 11:tid 139667467421376] [remote 10.0.0.149:36524] 2026-07-02 10:18:42.827 11 ERROR keystone.server.flask.application self.session.flush()
[Thu Jul 02 10:18:42.845032 2026] [wsgi:error] [pid 11:tid 139667467421376] [remote 10.0.0.149:36524] 2026-07-02 10:18:42.827 11 ERROR keystone.server.flask.application
File "/var/lib/openstack/lib/python3.12/site-packages/sqlalchemy/orm/session.py", line 4352, in flush
[Thu Jul 02 10:18:42.845034 2026] [wsgi:error] [pid 11:tid 139667467421376] [remote 10.0.0.149:36524] 2026-07-02 10:18:42.827 11 ERROR keystone.server.flask.application self._flush(objects)
[Thu Jul 02 10:18:42.845036 2026] [wsgi:error] [pid 11:tid 139667467421376] [remote 10.0.0.149:36524] 2026-07-02 10:18:42.827 11 ERROR keystone.server.flask.application
File "/var/lib/openstack/lib/python3.12/site-packages/sqlalchemy/orm/session.py", line 4487, in _flush
[Thu Jul 02 10:18:42.845038 2026] [wsgi:error] [pid 11:tid 139667467421376] [remote 10.0.0.149:36524] 2026-07-02 10:18:42.827 11 ERROR keystone.server.flask.application with util.safe_reraise():
[Thu Jul 02 10:18:42.845041 2026] [wsgi:error] [pid 11:tid 139667467421376] [remote 10.0.0.149:36524] 2026-07-02 10:18:42.827 11 ERROR keystone.server.flask.application
File "/var/lib/openstack/lib/python3.12/site-packages/sqlalchemy/util/langhelpers.py", line 122, in __exit__
[Thu Jul 02 10:18:42.845043 2026] [wsgi:error] [pid 11:tid 139667467421376] [remote 10.0.0.149:36524] 2026-07-02 10:18:42.827 11 ERROR keystone.server.flask.application raise exc_value.with_traceback(exc_tb)
[Thu Jul 02 10:18:42.845045 2026] [wsgi:error] [pid 11:tid 139667467421376] [remote 10.0.0.149:36524] 2026-07-02 10:18:42.827 11 ERROR keystone.server.flask.application
File "/var/lib/openstack/lib/python3.12/site-packages/sqlalchemy/orm/session.py", line 4448, in _flush
[Thu Jul 02 10:18:42.845047 2026] [wsgi:error] [pid 11:tid 139667467421376] [remote 10.0.0.149:36524] 2026-07-02 10:18:42.827 11 ERROR keystone.server.flask.application flush_context.execute()
