2026-09-07 11:56:01.938 7 INFO placement.requestlog [req-58024353-4944-4af4-9f2f-7f84a7f74949 req-fd8974b3-e861-40f0-a816-ead5da977fe8 f3d4ed17631a42c792df0db92d594026 1e1a698e886045e6a322da295ec8cf5e - - bcfb8c38afd74a2780ad1908f13ebb8c bcfb8c38afd74a2780ad1908f13ebb8c] 162.253.55.20 "GET /resource_providers/aa7c4b29-bcc1-42c6-93b9-24bb4ad59120/allocations" status: 200 len: 54 microversion: 1.0 [pid: 7|app: 0|req: 297/592] 162.253.55.20 () {32 vars in 855 bytes} [Mon Sep 7 11:56:01 2026] GET /resource_providers/aa7c4b29-bcc1-42c6-93b9-24bb4ad59120/allocations => generated 54 bytes in 178 msecs (HTTP/1.1 200) 6 headers in 223 bytes (1 switches on core 0)
2026-09-07 11:56:01.978 8 INFO placement.requestlog [req-58024353-4944-4af4-9f2f-7f84a7f74949 req-23a743e0-b920-43ec-94ed-2977437ad8f1 f3d4ed17631a42c792df0db92d594026 1e1a698e886045e6a322da295ec8cf5e - - bcfb8c38afd74a2780ad1908f13ebb8c bcfb8c38afd74a2780ad1908f13ebb8c] 162.253.55.20 "GET /resource_providers?in_tree=aa7c4b29-bcc1-42c6-93b9-24bb4ad59120" status: 200 len: 797 microversion: 1.14 [pid: 8|app: 0|req: 296/593] 162.253.55.20 () {34 vars in 890 bytes} [Mon Sep 7 11:56:01 2026] GET /resource_providers?in_tree=aa7c4b29-bcc1-42c6-93b9-24bb4ad59120 => generated 797 bytes in 32 msecs (HTTP/1.1 200) 6 headers in 225 bytes (1 switches on core 0)
2026-09-07 11:56:02.015 7 INFO placement.requestlog [req-58024353-4944-4af4-9f2f-7f84a7f74949 req-5972adc1-9057-4937-b2cb-80d3d9c4d978 f3d4ed17631a42c792df0db92d594026 1e1a698e886045e6a322da295ec8cf5e - - bcfb8c38afd74a2780ad1908f13ebb8c bcfb8c38afd74a2780ad1908f13ebb8c] 162.253.55.20 "GET /resource_providers/aa7c4b29-bcc1-42c6-93b9-24bb4ad59120/inventories" status: 200 len: 400 microversion: 1.0 [pid: 7|app: 0|req: 298/594] 162.253.55.20 () {32 vars in 855 bytes} [Mon Sep 7 11:56:01 2026] GET /resource_providers/aa7c4b29-bcc1-42c6-93b9-24bb4ad59120/inventories => generated 400 bytes in 27 msecs (HTTP/1.1 200) 6 headers in 224 bytes (1 switches on core 0)
2026-09-07 11:56:02.043 8 INFO placement.requestlog [req-58024353-4944-4af4-9f2f-7f84a7f74949 req-c6d94f82-dcb1-4ab9-8693-e878031d5608 f3d4ed17631a42c792df0db92d594026 1e1a698e886045e6a322da295ec8cf5e - - bcfb8c38afd74a2780ad1908f13ebb8c bcfb8c38afd74a2780ad1908f13ebb8c] 162.253.55.20 "GET /resource_providers/aa7c4b29-bcc1-42c6-93b9-24bb4ad59120/aggregates" status: 200 len: 53 microversion: 1.19 [pid: 8|app: 0|req: 297/595] 162.253.55.20 () {34 vars in 897 bytes} [Mon Sep 7 11:56:02 2026] GET /resource_providers/aa7c4b29-bcc1-42c6-93b9-24bb4ad59120/aggregates => generated 53 bytes in 18 msecs (HTTP/1.1 200) 8 headers in 295 bytes (1 switches on core 0)
2026-09-07 11:56:02.077 7 INFO placement.requestlog [req-58024353-4944-4af4-9f2f-7f84a7f74949 req-b660cc9f-4981-4b40-97d3-a81f61c0d737 f3d4ed17631a42c792df0db92d594026 1e1a698e886045e6a322da295ec8cf5e - - bcfb8c38afd74a2780ad1908f13ebb8c bcfb8c38afd74a2780ad1908f13ebb8c] 162.253.55.20 "GET /resource_providers/aa7c4b29-bcc1-42c6-93b9-24bb4ad59120/traits" status: 200 len: 1682 microversion: 1.6 [pid: 7|app: 0|req: 299/596] 162.253.55.20 () {34 vars in 888 bytes} [Mon Sep 7 11:56:02 2026] GET /resource_providers/aa7c4b29-bcc1-42c6-93b9-24bb4ad59120/traits => generated 1682 bytes in 27 msecs (HTTP/1.1 200) 6 headers in 225 bytes (1 switches on core 0)
2026-09-07 11:56:02.105 8 INFO placement.requestlog [req-58024353-4944-4af4-9f2f-7f84a7f74949 req-0c3f56e7-549c-4810-a716-25e8f3ea3499 f3d4ed17631a42c792df0db92d594026 1e1a698e886045e6a322da295ec8cf5e - - bcfb8c38afd74a2780ad1908f13ebb8c bcfb8c38afd74a2780ad1908f13ebb8c] 162.253.55.20 "GET /resource_providers/aa7c4b29-bcc1-42c6-93b9-24bb4ad59120/allocations" status: 200 len: 54 microversion: 1.0 [pid: 8|app: 0|req: 298/597] 162.253.55.20 () {32 vars in 855 bytes} [Mon Sep 7 11:56:02 2026] GET /resource_providers/aa7c4b29-bcc1-42c6-93b9-24bb4ad59120/allocations => generated 54 bytes in 19 msecs (HTTP/1.1 200) 6 headers in 223 bytes (1 switches on core 0)
2026-09-07 11:56:09.447 7 INFO placement.requestlog [None req-88dc0e39-1625-46e9-9568-2bbd17a1b991 - - - - - -] 10.0.0.112 "GET /" status: 200 len: 136 microversion: 1.0
2026-09-07 11:56:09.448 8 INFO placement.requestlog [None req-07955583-5c83-4e21-a4c0-641b3458260b - - - - - -] 10.0.0.112 "GET /" status: 200 len: 136 microversion: 1.0
2026-09-07 11:56:19.448 8 INFO placement.requestlog [None req-85f0e67a-5272-4bb6-b464-7508df70ad61 - - - - - -] 10.0.0.112 "GET /" status: 200 len: 136 microversion: 1.0
2026-09-07 11:56:19.449 7 INFO placement.requestlog [None req-44266fe3-cfd1-4d90-956c-3c43c1466c94 - - - - - -] 10.0.0.112 "GET /" status: 200 len: 136 microversion: 1.0
2026-09-07 11:56:29.463 8 INFO placement.requestlog [None req-3572f2b6-d3bc-4220-b820-9951fb2ba652 - - - - - -] 10.0.0.112 "GET /" status: 200 len: 136 microversion: 1.0
2026-09-07 11:56:29.464 7 INFO placement.requestlog [None req-089cf88f-7183-4dc8-9fe3-f4c597527057 - - - - - -] 10.0.0.112 "GET /" status: 200 len: 136 microversion: 1.0
2026-09-07 11:56:39.447 8 INFO placement.requestlog [None req-ff3db75e-5a69-4996-a445-1c788473d42b - - - - - -] 10.0.0.112 "GET /" status: 200 len: 136 microversion: 1.0
2026-09-07 11:56:39.447 7 INFO placement.requestlog [None req-dc730e45-609c-4263-afbe-6474b83e7ee6 - - - - - -] 10.0.0.112 "GET /" status: 200 len: 136 microversion: 1.0
2026-09-07 11:56:49.447 8 INFO placement.requestlog [None req-85c39767-82ad-4aac-b078-bedee95dd5ac - - - - - -] 10.0.0.112 "GET /" status: 200 len: 136 microversion: 1.0
2026-09-07 11:56:49.448 7 INFO placement.requestlog [None req-46df4209-4cf6-403e-bec8-79a0b0d39c08 - - - - - -] 10.0.0.112 "GET /" status: 200 len: 136 microversion: 1.0
2026-09-07 11:56:59.447 8 INFO placement.requestlog [None req-906bdd64-fece-401f-b35d-5128c6b90874 - - - - - -] 10.0.0.112 "GET /" status: 200 len: 136 microversion: 1.0
2026-09-07 11:56:59.447 7 INFO placement.requestlog [None req-92013a06-b425-448b-baf6-fc5a9802a047 - - - - - -] 10.0.0.112 "GET /" status: 200 len: 136 microversion: 1.0
2026-09-07 11:57:03.706 8 INFO placement.requestlog [req-e337b73d-7e44-40da-8de3-dee33d355d26 req-f0a58a2b-c0e7-4b27-a45d-09d91f775471 f3d4ed17631a42c792df0db92d594026 1e1a698e886045e6a322da295ec8cf5e - - bcfb8c38afd74a2780ad1908f13ebb8c bcfb8c38afd74a2780ad1908f13ebb8c] 162.253.55.20 "GET /resource_providers/aa7c4b29-bcc1-42c6-93b9-24bb4ad59120/allocations" status: 200 len: 54 microversion: 1.0 [pid: 8|app: 0|req: 305/610] 162.253.55.20 () {32 vars in 855 bytes} [Mon Sep 7 11:57:03 2026] GET /resource_providers/aa7c4b29-bcc1-42c6-93b9-24bb4ad59120/allocations => generated 54 bytes in 31 msecs (HTTP/1.1 200) 6 headers in 223 bytes (1 switches on core 0)
2026-09-07 11:57:03.747 7 INFO placement.requestlog [req-e337b73d-7e44-40da-8de3-dee33d355d26 req-ca6efb37-3bb6-4666-b405-44d88cac2d23 f3d4ed17631a42c792df0db92d594026 1e1a698e886045e6a322da295ec8cf5e - - bcfb8c38afd74a2780ad1908f13ebb8c bcfb8c38afd74a2780ad1908f13ebb8c] 162.253.55.20 "GET /resource_providers/aa7c4b29-bcc1-42c6-93b9-24bb4ad59120/allocations" status: 200 len: 54 microversion: 1.0 [pid: 7|app: 0|req: 306/611] 162.253.55.20 () {32 vars in 855 bytes} [Mon Sep 7 11:57:03 2026] GET /resource_providers/aa7c4b29-bcc1-42c6-93b9-24bb4ad59120/allocations => generated 54 bytes in 37 msecs (HTTP/1.1 200) 6 headers in 223 bytes (1 switches on core 0)
2026-09-07 11:57:09.447 7 INFO placement.requestlog [None req-7db58d36-649a-4d64-927d-e0c78cef52b0 - - - - - -] 10.0.0.112 "GET /" status: 200 len: 136 microversion: 1.0
2026-09-07 11:57:09.448 8 INFO placement.requestlog [None req-854e1050-249e-44f5-9714-77064a841c43 - - - - - -] 10.0.0.112 "GET /" status: 200 len: 136 microversion: 1.0
2026-09-07 11:57:19.447 7 INFO placement.requestlog [None req-b12cb4c9-57cd-4a5c-aa5c-d8f999e32727 - - - - - -] 10.0.0.112 "GET /" status: 200 len: 136 microversion: 1.0
2026-09-07 11:57:19.448 8 INFO placement.requestlog [None req-0bf16bc5-e65e-4992-8185-f1608ce53829 - - - - - -] 10.0.0.112 "GET /" status: 200 len: 136 microversion: 1.0
2026-09-07 11:57:29.447 7 INFO placement.requestlog [None req-8cb521a7-9723-491b-abd7-c23e15cd29a8 - - - - - -] 10.0.0.112 "GET /" status: 200 len: 136 microversion: 1.0
2026-09-07 11:57:29.447 8 INFO placement.requestlog [None req-3d3152b8-5430-4277-bd5e-181b4a941a86 - - - - - -] 10.0.0.112 "GET /" status: 200 len: 136 microversion: 1.0
2026-09-07 11:57:39.447 8 INFO placement.requestlog [None req-66358b5b-daca-4b98-a056-8cf7f721787a - - - - - -] 10.0.0.112 "GET /" status: 200 len: 136 microversion: 1.0
2026-09-07 11:57:39.448 7 INFO placement.requestlog [None req-54a3a5d0-1f74-4aac-977b-afff7f3dbf87 - - - - - -] 10.0.0.112 "GET /" status: 200 len: 136 microversion: 1.0
2026-09-07 11:57:49.448 7 INFO placement.requestlog [None req-41b6ea53-6e7a-4261-83c2-806dcc6aedf1 - - - - - -] 10.0.0.112 "GET /" status: 200 len: 136 microversion: 1.0
2026-09-07 11:57:49.448 8 INFO placement.requestlog [None req-9872f024-d16b-4219-b796-4cb3d3b824f6 - - - - - -] 10.0.0.112 "GET /" status: 200 len: 136 microversion: 1.0
2026-09-07 11:57:59.447 7 INFO placement.requestlog [None req-6e344a89-fd98-433b-a28a-cce117c6c741 - - - - - -] 10.0.0.112 "GET /" status: 200 len: 136 microversion: 1.0
2026-09-07 11:57:59.447 8 INFO placement.requestlog [None req-3105428f-86ce-45c6-9fbf-249865c715cc - - - - - -] 10.0.0.112 "GET /" status: 200 len: 136 microversion: 1.0
2026-09-07 11:58:05.836 7 INFO placement.requestlog [req-1c8dd549-1518-451f-a409-220ecf8585a6 req-de4d4741-897f-4e97-809a-32e14cd8065e f3d4ed17631a42c792df0db92d594026 1e1a698e886045e6a322da295ec8cf5e - - bcfb8c38afd74a2780ad1908f13ebb8c bcfb8c38afd74a2780ad1908f13ebb8c] 162.253.55.20 "GET /resource_providers/aa7c4b29-bcc1-42c6-93b9-24bb4ad59120/allocations" status: 200 len: 54 microversion: 1.0 [pid: 7|app: 0|req: 313/624] 162.253.55.20 () {32 vars in 855 bytes} [Mon Sep 7 11:58:05 2026] GET /resource_providers/aa7c4b29-bcc1-42c6-93b9-24bb4ad59120/allocations => generated 54 bytes in 22 msecs (HTTP/1.1 200) 6 headers in 223 bytes (1 switches on core 0)
2026-09-07 11:58:05.871 8 INFO placement.requestlog [req-1c8dd549-1518-451f-a409-220ecf8585a6 req-f38d6dfe-796d-412c-bd93-dee5e5bef174 f3d4ed17631a42c792df0db92d594026 1e1a698e886045e6a322da295ec8cf5e - - bcfb8c38afd74a2780ad1908f13ebb8c bcfb8c38afd74a2780ad1908f13ebb8c] 162.253.55.20 "GET /resource_providers/aa7c4b29-bcc1-42c6-93b9-24bb4ad59120/allocations" status: 200 len: 54 microversion: 1.0 [pid: 8|app: 0|req: 312/625] 162.253.55.20 () {32 vars in 855 bytes} [Mon Sep 7 11:58:05 2026] GET /resource_providers/aa7c4b29-bcc1-42c6-93b9-24bb4ad59120/allocations => generated 54 bytes in 24 msecs (HTTP/1.1 200) 6 headers in 223 bytes (1 switches on core 0)
2026-09-07 11:58:09.447 8 INFO placement.requestlog [None req-9ee6521a-2ef3-4b22-816c-458c7964d8a7 - - - - - -] 10.0.0.112 "GET /" status: 200 len: 136 microversion: 1.0
2026-09-07 11:58:09.447 7 INFO placement.requestlog [None req-4f984405-2bc8-4dbe-9f9c-377308219280 - - - - - -] 10.0.0.112 "GET /" status: 200 len: 136 microversion: 1.0
2026-09-07 11:58:19.447 8 INFO placement.requestlog [None req-f1ee503e-c4ff-4158-a841-4370fc2230de - - - - - -] 10.0.0.112 "GET /" status: 200 len: 136 microversion: 1.0
2026-09-07 11:58:19.447 7 INFO placement.requestlog [None req-9569c9d1-a4fd-4ffc-bf60-2fb7d611b4b2 - - - - - -] 10.0.0.112 "GET /" status: 200 len: 136 microversion: 1.0
2026-09-07 11:58:29.449 7 INFO placement.requestlog [None req-86d6c268-3855-43c9-967d-a6f37f682e54 - - - - - -] 10.0.0.112 "GET /" status: 200 len: 136 microversion: 1.0
2026-09-07 11:58:29.449 8 INFO placement.requestlog [None req-0ff53340-6070-476e-81d1-e600c227a11a - - - - - -] 10.0.0.112 "GET /" status: 200 len: 136 microversion: 1.0
2026-09-07 11:58:39.447 7 INFO placement.requestlog [None req-44d2fb2e-735f-4f20-93b0-9c4906dceb7d - - - - - -] 10.0.0.112 "GET /" status: 200 len: 136 microversion: 1.0
2026-09-07 11:58:39.448 8 INFO placement.requestlog [None req-469541e5-983d-46ec-bb5a-125993fb641a - - - - - -] 10.0.0.112 "GET /" status: 200 len: 136 microversion: 1.0
2026-09-07 11:58:49.447 8 INFO placement.requestlog [None req-d13471d6-6f86-431a-aeec-3abc7d8ebb79 - - - - - -] 10.0.0.112 "GET /" status: 200 len: 136 microversion: 1.0
2026-09-07 11:58:49.447 7 INFO placement.requestlog [None req-cc16a2c8-ca76-48fd-b227-dca53c1d0b27 - - - - - -] 10.0.0.112 "GET /" status: 200 len: 136 microversion: 1.0
2026-09-07 11:58:59.448 7 INFO placement.requestlog [None req-b84dcef5-346c-4c9d-aefe-1f621caa5920 - - - - - -] 10.0.0.112 "GET /" status: 200 len: 136 microversion: 1.0
2026-09-07 11:58:59.448 8 INFO placement.requestlog [None req-d096df3d-01e0-4744-a476-a2c14953ee52 - - - - - -] 10.0.0.112 "GET /" status: 200 len: 136 microversion: 1.0
2026-09-07 11:59:06.632 7 INFO placement.requestlog [req-ef92cc5d-c46e-4d6e-80f9-fdf3a2d4e794 req-3a4005f2-3dc1-42b9-b16c-515bcb8bbbbe f3d4ed17631a42c792df0db92d594026 1e1a698e886045e6a322da295ec8cf5e - - bcfb8c38afd74a2780ad1908f13ebb8c bcfb8c38afd74a2780ad1908f13ebb8c] 162.253.55.20 "GET /resource_providers/aa7c4b29-bcc1-42c6-93b9-24bb4ad59120/allocations" status: 200 len: 54 microversion: 1.0 [pid: 7|app: 0|req: 320/638] 162.253.55.20 () {32 vars in 855 bytes} [Mon Sep 7 11:59:06 2026] GET /resource_providers/aa7c4b29-bcc1-42c6-93b9-24bb4ad59120/allocations => generated 54 bytes in 19 msecs (HTTP/1.1 200) 6 headers in 223 bytes (1 switches on core 0)
2026-09-07 11:59:06.666 8 INFO placement.requestlog [req-ef92cc5d-c46e-4d6e-80f9-fdf3a2d4e794 req-9f695d78-d79b-4d7d-9c74-25fe09d37b87 f3d4ed17631a42c792df0db92d594026 1e1a698e886045e6a322da295ec8cf5e - - bcfb8c38afd74a2780ad1908f13ebb8c bcfb8c38afd74a2780ad1908f13ebb8c] 162.253.55.20 "GET /resource_providers/aa7c4b29-bcc1-42c6-93b9-24bb4ad59120/allocations" status: 200 len: 54 microversion: 1.0 [pid: 8|app: 0|req: 319/639] 162.253.55.20 () {32 vars in 855 bytes} [Mon Sep 7 11:59:06 2026] GET /resource_providers/aa7c4b29-bcc1-42c6-93b9-24bb4ad59120/allocations => generated 54 bytes in 28 msecs (HTTP/1.1 200) 6 headers in 223 bytes (1 switches on core 0)
2026-09-07 11:59:09.448 8 INFO placement.requestlog [None req-f582364e-6a39-40ed-a4cc-dae981590266 - - - - - -] 10.0.0.112 "GET /" status: 200 len: 136 microversion: 1.0
2026-09-07 11:59:09.448 7 INFO placement.requestlog [None req-a7033d15-ff42-4f36-82b7-d98180eb1183 - - - - - -] 10.0.0.112 "GET /" status: 200 len: 136 microversion: 1.0
2026-09-07 11:59:19.447 8 INFO placement.requestlog [None req-35d059bc-b53b-44d3-8074-f96c22fea8a5 - - - - - -] 10.0.0.112 "GET /" status: 200 len: 136 microversion: 1.0
2026-09-07 11:59:19.447 7 INFO placement.requestlog [None req-b44699ba-55d0-4faa-9ba5-b978cd9dbda7 - - - - - -] 10.0.0.112 "GET /" status: 200 len: 136 microversion: 1.0
2026-09-07 11:59:29.448 8 INFO placement.requestlog [None req-5d40af50-43fa-4cd6-ab94-fb5802cf2c36 - - - - - -] 10.0.0.112 "GET /" status: 200 len: 136 microversion: 1.0
2026-09-07 11:59:29.448 7 INFO placement.requestlog [None req-ebf382f7-6248-493f-a422-f38f819a9357 - - - - - -] 10.0.0.112 "GET /" status: 200 len: 136 microversion: 1.0
2026-09-07 11:59:39.447 8 INFO placement.requestlog [None req-d354d1ca-b212-4f30-a44b-cb8a6a1414f7 - - - - - -] 10.0.0.112 "GET /" status: 200 len: 136 microversion: 1.0
2026-09-07 11:59:39.447 7 INFO placement.requestlog [None req-b7722e85-d81c-4fa7-b45f-6064f8da626b - - - - - -] 10.0.0.112 "GET /" status: 200 len: 136 microversion: 1.0
2026-09-07 11:59:49.447 7 INFO placement.requestlog [None req-8618ece5-249e-4984-8163-08da24c0f5f6 - - - - - -] 10.0.0.112 "GET /" status: 200 len: 136 microversion: 1.0
2026-09-07 11:59:49.447 8 INFO placement.requestlog [None req-24debd08-e42d-4d5e-ae05-0c3630507251 - - - - - -] 10.0.0.112 "GET /" status: 200 len: 136 microversion: 1.0
2026-09-07 11:59:59.448 7 INFO placement.requestlog [None req-673b999c-8f2f-47fd-b9dd-b9d248154c88 - - - - - -] 10.0.0.112 "GET /" status: 200 len: 136 microversion: 1.0
2026-09-07 11:59:59.448 8 INFO placement.requestlog [None req-a2aff325-6d74-4dd0-aa44-1d79e989f335 - - - - - -] 10.0.0.112 "GET /" status: 200 len: 136 microversion: 1.0
2026-09-07 12:00:08.783 7 INFO placement.requestlog [req-ce102c18-64ff-4d68-a188-d1280bf25994 req-aa9b578d-413d-4171-8fa3-6889e55b3862 f3d4ed17631a42c792df0db92d594026 1e1a698e886045e6a322da295ec8cf5e - - bcfb8c38afd74a2780ad1908f13ebb8c bcfb8c38afd74a2780ad1908f13ebb8c] 162.253.55.20 "GET /resource_providers/aa7c4b29-bcc1-42c6-93b9-24bb4ad59120/allocations" status: 200 len: 54 microversion: 1.0 [pid: 7|app: 0|req: 327/652] 162.253.55.20 () {32 vars in 855 bytes} [Mon Sep 7 12:00:08 2026] GET /resource_providers/aa7c4b29-bcc1-42c6-93b9-24bb4ad59120/allocations => generated 54 bytes in 16 msecs (HTTP/1.1 200) 6 headers in 223 bytes (1 switches on core 0)
2026-09-07 12:00:08.825 8 INFO placement.requestlog [req-ce102c18-64ff-4d68-a188-d1280bf25994 req-db1ac2ed-ac15-4002-ab27-fbca9aaf25b8 f3d4ed17631a42c792df0db92d594026 1e1a698e886045e6a322da295ec8cf5e - - bcfb8c38afd74a2780ad1908f13ebb8c bcfb8c38afd74a2780ad1908f13ebb8c] 162.253.55.20 "GET /resource_providers/aa7c4b29-bcc1-42c6-93b9-24bb4ad59120/allocations" status: 200 len: 54 microversion: 1.0 [pid: 8|app: 0|req: 326/653] 162.253.55.20 () {32 vars in 855 bytes} [Mon Sep 7 12:00:08 2026] GET /resource_providers/aa7c4b29-bcc1-42c6-93b9-24bb4ad59120/allocations => generated 54 bytes in 31 msecs (HTTP/1.1 200) 6 headers in 223 bytes (1 switches on core 0)
2026-09-07 12:00:09.447 7 INFO placement.requestlog [None req-edf1a75b-1db1-4cf7-9ab6-338f8ff927b7 - - - - - -] 10.0.0.112 "GET /" status: 200 len: 136 microversion: 1.0
2026-09-07 12:00:09.448 8 INFO placement.requestlog [None req-d8ec966c-3171-412e-b489-26690a1aa50f - - - - - -] 10.0.0.112 "GET /" status: 200 len: 136 microversion: 1.0
2026-09-07 12:00:19.447 8 INFO placement.requestlog [None req-a263c373-078b-4933-822c-c81e06c8ea1d - - - - - -] 10.0.0.112 "GET /" status: 200 len: 136 microversion: 1.0
2026-09-07 12:00:19.447 7 INFO placement.requestlog [None req-591a70a3-406c-4036-9a48-f9897e98f1fb - - - - - -] 10.0.0.112 "GET /" status: 200 len: 136 microversion: 1.0
2026-09-07 12:00:29.447 7 INFO placement.requestlog [None req-44ef57a2-0528-4400-825d-bc25940bb8e7 - - - - - -] 10.0.0.112 "GET /" status: 200 len: 136 microversion: 1.0
2026-09-07 12:00:29.448 8 INFO placement.requestlog [None req-0b21dbad-a8ae-43c9-8603-dc5c7dec5dc7 - - - - - -] 10.0.0.112 "GET /" status: 200 len: 136 microversion: 1.0
2026-09-07 12:00:39.447 7 INFO placement.requestlog [None req-43a4676a-238a-4efb-a52f-91efff3aee9f - - - - - -] 10.0.0.112 "GET /" status: 200 len: 136 microversion: 1.0
2026-09-07 12:00:39.448 8 INFO placement.requestlog [None req-71947de5-57ef-4c56-bf92-abbcc36c8631 - - - - - -] 10.0.0.112 "GET /" status: 200 len: 136 microversion: 1.0
2026-09-07 12:00:49.447 8 INFO placement.requestlog [None req-a82283ea-1559-4d5a-98b5-2c2443123982 - - - - - -] 10.0.0.112 "GET /" status: 200 len: 136 microversion: 1.0
2026-09-07 12:00:49.448 7 INFO placement.requestlog [None req-4ad3f01c-1513-4155-8272-29f0e0368c5c - - - - - -] 10.0.0.112 "GET /" status: 200 len: 136 microversion: 1.0
2026-09-07 12:00:59.447 8 INFO placement.requestlog [None req-dc8bff6d-6f4e-4736-9cf6-b6c7cd796aa2 - - - - - -] 10.0.0.112 "GET /" status: 200 len: 136 microversion: 1.0
2026-09-07 12:00:59.448 7 INFO placement.requestlog [None req-b088a69a-d0a7-4931-9f45-4d3f4bd1e6fa - - - - - -] 10.0.0.112 "GET /" status: 200 len: 136 microversion: 1.0
2026-09-07 12:01:09.048 8 INFO placement.requestlog [req-8baf16f0-5556-40af-9175-1b86cd2a2983 req-353db2e8-97a3-4279-a41a-8bce3b7106ef f3d4ed17631a42c792df0db92d594026 1e1a698e886045e6a322da295ec8cf5e - - bcfb8c38afd74a2780ad1908f13ebb8c bcfb8c38afd74a2780ad1908f13ebb8c] 162.253.55.20 "GET /resource_providers/aa7c4b29-bcc1-42c6-93b9-24bb4ad59120/allocations" status: 200 len: 54 microversion: 1.0 [pid: 8|app: 0|req: 333/666] 162.253.55.20 () {32 vars in 855 bytes} [Mon Sep 7 12:01:08 2026] GET /resource_providers/aa7c4b29-bcc1-42c6-93b9-24bb4ad59120/allocations => generated 54 bytes in 144 msecs (HTTP/1.1 200) 6 headers in 223 bytes (1 switches on core 0)
2026-09-07 12:01:09.084 7 INFO placement.requestlog [req-8baf16f0-5556-40af-9175-1b86cd2a2983 req-7bed9c5a-1669-4c1f-95f8-33b03c663ee4 f3d4ed17631a42c792df0db92d594026 1e1a698e886045e6a322da295ec8cf5e - - bcfb8c38afd74a2780ad1908f13ebb8c bcfb8c38afd74a2780ad1908f13ebb8c] 162.253.55.20 "GET /resource_providers?in_tree=aa7c4b29-bcc1-42c6-93b9-24bb4ad59120" status: 200 len: 797 microversion: 1.14 [pid: 7|app: 0|req: 334/667] 162.253.55.20 () {34 vars in 890 bytes} [Mon Sep 7 12:01:09 2026] GET /resource_providers?in_tree=aa7c4b29-bcc1-42c6-93b9-24bb4ad59120 => generated 797 bytes in 29 msecs (HTTP/1.1 200) 6 headers in 225 bytes (1 switches on core 0)
2026-09-07 12:01:09.115 8 INFO placement.requestlog [req-8baf16f0-5556-40af-9175-1b86cd2a2983 req-77aba8d8-d2b6-4e5b-a765-f50f36c776d7 f3d4ed17631a42c792df0db92d594026 1e1a698e886045e6a322da295ec8cf5e - - bcfb8c38afd74a2780ad1908f13ebb8c bcfb8c38afd74a2780ad1908f13ebb8c] 162.253.55.20 "GET /resource_providers/aa7c4b29-bcc1-42c6-93b9-24bb4ad59120/inventories" status: 200 len: 400 microversion: 1.0 [pid: 8|app: 0|req: 334/668] 162.253.55.20 () {32 vars in 855 bytes} [Mon Sep 7 12:01:09 2026] GET /resource_providers/aa7c4b29-bcc1-42c6-93b9-24bb4ad59120/inventories => generated 400 bytes in 22 msecs (HTTP/1.1 200) 6 headers in 224 bytes (1 switches on core 0)
2026-09-07 12:01:09.144 7 INFO placement.requestlog [req-8baf16f0-5556-40af-9175-1b86cd2a2983 req-b5644a43-e1a5-47e6-a8ec-f3d21ef83d32 f3d4ed17631a42c792df0db92d594026 1e1a698e886045e6a322da295ec8cf5e - - bcfb8c38afd74a2780ad1908f13ebb8c bcfb8c38afd74a2780ad1908f13ebb8c] 162.253.55.20 "GET /resource_providers/aa7c4b29-bcc1-42c6-93b9-24bb4ad59120/aggregates" status: 200 len: 53 microversion: 1.19 [pid: 7|app: 0|req: 335/669] 162.253.55.20 () {34 vars in 897 bytes} [Mon Sep 7 12:01:09 2026] GET /resource_providers/aa7c4b29-bcc1-42c6-93b9-24bb4ad59120/aggregates => generated 53 bytes in 14 msecs (HTTP/1.1 200) 8 headers in 295 bytes (1 switches on core 0)
2026-09-07 12:01:09.184 8 INFO placement.requestlog [req-8baf16f0-5556-40af-9175-1b86cd2a2983 req-dbb9202c-116b-4a3b-bf87-3b2f7818013f f3d4ed17631a42c792df0db92d594026 1e1a698e886045e6a322da295ec8cf5e - - bcfb8c38afd74a2780ad1908f13ebb8c bcfb8c38afd74a2780ad1908f13ebb8c] 162.253.55.20 "GET /resource_providers/aa7c4b29-bcc1-42c6-93b9-24bb4ad59120/traits" status: 200 len: 1682 microversion: 1.6 [pid: 8|app: 0|req: 335/670] 162.253.55.20 () {34 vars in 888 bytes} [Mon Sep 7 12:01:09 2026] GET /resource_providers/aa7c4b29-bcc1-42c6-93b9-24bb4ad59120/traits => generated 1682 bytes in 35 msecs (HTTP/1.1 200) 6 headers in 225 bytes (1 switches on core 0)
2026-09-07 12:01:09.211 7 INFO placement.requestlog [req-8baf16f0-5556-40af-9175-1b86cd2a2983 req-187d99e0-dfdb-4e28-8165-387934c6c1a3 f3d4ed17631a42c792df0db92d594026 1e1a698e886045e6a322da295ec8cf5e - - bcfb8c38afd74a2780ad1908f13ebb8c bcfb8c38afd74a2780ad1908f13ebb8c] 162.253.55.20 "GET /resource_providers/aa7c4b29-bcc1-42c6-93b9-24bb4ad59120/allocations" status: 200 len: 54 microversion: 1.0 [pid: 7|app: 0|req: 336/671] 162.253.55.20 () {32 vars in 855 bytes} [Mon Sep 7 12:01:09 2026] GET /resource_providers/aa7c4b29-bcc1-42c6-93b9-24bb4ad59120/allocations => generated 54 bytes in 15 msecs (HTTP/1.1 200) 6 headers in 223 bytes (1 switches on core 0)
2026-09-07 12:01:09.447 7 INFO placement.requestlog [None req-d809df2a-7ef9-4f87-b3d9-3ec747f80633 - - - - - -] 10.0.0.112 "GET /" status: 200 len: 136 microversion: 1.0
2026-09-07 12:01:09.447 8 INFO placement.requestlog [None req-0425e052-9146-4b66-a44d-24dd4cd6fad7 - - - - - -] 10.0.0.112 "GET /" status: 200 len: 136 microversion: 1.0
2026-09-07 12:01:19.448 8 INFO placement.requestlog [None req-0d8f893f-8d33-4df9-8a05-1febf7b90c4a - - - - - -] 10.0.0.112 "GET /" status: 200 len: 136 microversion: 1.0
2026-09-07 12:01:19.449 7 INFO placement.requestlog [None req-1f118c02-cc7a-4642-9097-fab48914bbfb - - - - - -] 10.0.0.112 "GET /" status: 200 len: 136 microversion: 1.0
2026-09-07 12:01:29.447 8 INFO placement.requestlog [None req-26ecb88c-e4dc-44ac-a65b-67e36c2a695e - - - - - -] 10.0.0.112 "GET /" status: 200 len: 136 microversion: 1.0
2026-09-07 12:01:29.447 7 INFO placement.requestlog [None req-7080d565-a0a3-4f82-9cc6-d6afa5835f08 - - - - - -] 10.0.0.112 "GET /" status: 200 len: 136 microversion: 1.0
2026-09-07 12:01:39.448 8 INFO placement.requestlog [None req-b4ebadfc-d382-4b72-a44e-efdd849222db - - - - - -] 10.0.0.112 "GET /" status: 200 len: 136 microversion: 1.0
2026-09-07 12:01:39.448 7 INFO placement.requestlog [None req-b47fbe80-01b0-4737-b772-54604b56b329 - - - - - -] 10.0.0.112 "GET /" status: 200 len: 136 microversion: 1.0
2026-09-07 12:01:49.448 7 INFO placement.requestlog [None req-7bccdedd-e986-4adf-a0e0-dde2725712ba - - - - - -] 10.0.0.112 "GET /" status: 200 len: 136 microversion: 1.0
2026-09-07 12:01:49.449 8 INFO placement.requestlog [None req-412f9f75-0fc1-4ebf-a04f-7e456d85a18b - - - - - -] 10.0.0.112 "GET /" status: 200 len: 136 microversion: 1.0
2026-09-07 12:01:54.787 7 INFO placement.requestlog [req-e4f2d7d9-b8dd-4f2f-bd03-e52c7b3bbe39 req-afc5ac55-d642-4ad5-8fbb-4a9aeeeef669 f3d4ed17631a42c792df0db92d594026 1e1a698e886045e6a322da295ec8cf5e - - bcfb8c38afd74a2780ad1908f13ebb8c bcfb8c38afd74a2780ad1908f13ebb8c] 10.0.0.51 "GET /allocation_candidates?limit=1000&resources=DISK_GB%3A1%2CMEMORY_MB%3A512%2CVCPU%3A1&root_required=%21COMPUTE_STATUS_DISABLED" status: 200 len: 2147 microversion: 1.36 [pid: 7|app: 0|req: 342/682] 10.0.0.51 () {34 vars in 1010 bytes} [Mon Sep 7 12:01:54 2026] GET /allocation_candidates?limit=1000&resources=DISK_GB%3A1%2CMEMORY_MB%3A512%2CVCPU%3A1&root_required=%21COMPUTE_STATUS_DISABLED => generated 2147 bytes in 196 msecs (HTTP/1.1 200) 8 headers in 297 bytes (1 switches on core 0)
2026-09-07 12:01:54.843 8 INFO placement.requestlog [req-e4f2d7d9-b8dd-4f2f-bd03-e52c7b3bbe39 req-93ea6891-5bb1-4f48-a283-300519ef9f61 f3d4ed17631a42c792df0db92d594026 1e1a698e886045e6a322da295ec8cf5e - - bcfb8c38afd74a2780ad1908f13ebb8c bcfb8c38afd74a2780ad1908f13ebb8c] 10.0.0.51 "GET /allocations/2433927b-73b3-472a-992a-c33f8d2e2259" status: 200 len: 19 microversion: 1.28 [pid: 8|app: 0|req: 341/683] 10.0.0.51 () {34 vars in 859 bytes} [Mon Sep 7 12:01:54 2026] GET /allocations/2433927b-73b3-472a-992a-c33f8d2e2259 => generated 19 bytes in 18 msecs (HTTP/1.1 200) 8 headers in 295 bytes (1 switches on core 0)
2026-09-07 12:01:54.954 7 INFO placement.requestlog [req-e4f2d7d9-b8dd-4f2f-bd03-e52c7b3bbe39 req-82e9dd02-44e9-4e28-8300-3288518fe284 f3d4ed17631a42c792df0db92d594026 1e1a698e886045e6a322da295ec8cf5e - - bcfb8c38afd74a2780ad1908f13ebb8c bcfb8c38afd74a2780ad1908f13ebb8c] 10.0.0.51 "PUT /allocations/2433927b-73b3-472a-992a-c33f8d2e2259" status: 204 len: 0 microversion: 1.36 [pid: 7|app: 0|req: 343/684] 10.0.0.51 () {38 vars in 912 bytes} [Mon Sep 7 12:01:54 2026] PUT /allocations/2433927b-73b3-472a-992a-c33f8d2e2259 => generated 0 bytes in 102 msecs (HTTP/1.1 204) 5 headers in 199 bytes (1 switches on core 0)
2026-09-07 12:01:55.282 8 INFO placement.requestlog [req-0e0f69f8-e16a-44eb-8ae6-33853fd1d8d4 req-989e4d08-3e2e-4a61-9977-a09d517b1aa8 f3d4ed17631a42c792df0db92d594026 1e1a698e886045e6a322da295ec8cf5e - - bcfb8c38afd74a2780ad1908f13ebb8c bcfb8c38afd74a2780ad1908f13ebb8c] 10.0.0.51 "GET /allocation_candidates?limit=1000&resources=DISK_GB%3A1%2CMEMORY_MB%3A512%2CVCPU%3A1&root_required=%21COMPUTE_STATUS_DISABLED" status: 200 len: 2149 microversion: 1.36 [pid: 8|app: 0|req: 342/685] 10.0.0.51 () {34 vars in 1010 bytes} [Mon Sep 7 12:01:55 2026] GET /allocation_candidates?limit=1000&resources=DISK_GB%3A1%2CMEMORY_MB%3A512%2CVCPU%3A1&root_required=%21COMPUTE_STATUS_DISABLED => generated 2149 bytes in 57 msecs (HTTP/1.1 200) 8 headers in 297 bytes (1 switches on core 0)
2026-09-07 12:01:55.360 7 INFO placement.requestlog [req-0e0f69f8-e16a-44eb-8ae6-33853fd1d8d4 req-bd2d6515-c1a0-4db4-a4e8-528aa5fa64ee f3d4ed17631a42c792df0db92d594026 1e1a698e886045e6a322da295ec8cf5e - - bcfb8c38afd74a2780ad1908f13ebb8c bcfb8c38afd74a2780ad1908f13ebb8c] 10.0.0.51 "GET /allocations/ce493f2f-2410-460a-9beb-24dcf399681c" status: 200 len: 19 microversion: 1.28 [pid: 7|app: 0|req: 344/686] 10.0.0.51 () {34 vars in 859 bytes} [Mon Sep 7 12:01:55 2026] GET /allocations/ce493f2f-2410-460a-9beb-24dcf399681c => generated 19 bytes in 35 msecs (HTTP/1.1 200) 8 headers in 295 bytes (1 switches on core 0)
2026-09-07 12:01:55.456 7 INFO placement.requestlog [req-e4f2d7d9-b8dd-4f2f-bd03-e52c7b3bbe39 req-89499480-14c7-485e-ae2d-e9cc89f921f7 f3d4ed17631a42c792df0db92d594026 1e1a698e886045e6a322da295ec8cf5e - - bcfb8c38afd74a2780ad1908f13ebb8c bcfb8c38afd74a2780ad1908f13ebb8c] 162.253.55.20 "GET /allocations/2433927b-73b3-472a-992a-c33f8d2e2259" status: 200 len: 257 microversion: 1.28 [pid: 7|app: 0|req: 345/687] 162.253.55.20 () {34 vars in 861 bytes} [Mon Sep 7 12:01:55 2026] GET /allocations/2433927b-73b3-472a-992a-c33f8d2e2259 => generated 257 bytes in 20 msecs (HTTP/1.1 200) 8 headers in 296 bytes (1 switches on core 0)
2026-09-07 12:01:55.474 8 INFO placement.requestlog [req-0e0f69f8-e16a-44eb-8ae6-33853fd1d8d4 req-6abf78cc-09f8-4132-b84e-9507018e4a33 f3d4ed17631a42c792df0db92d594026 1e1a698e886045e6a322da295ec8cf5e - - bcfb8c38afd74a2780ad1908f13ebb8c bcfb8c38afd74a2780ad1908f13ebb8c] 10.0.0.51 "PUT /allocations/ce493f2f-2410-460a-9beb-24dcf399681c" status: 204 len: 0 microversion: 1.36 [pid: 8|app: 0|req: 343/688] 10.0.0.51 () {38 vars in 912 bytes} [Mon Sep 7 12:01:55 2026] PUT /allocations/ce493f2f-2410-460a-9beb-24dcf399681c => generated 0 bytes in 106 msecs (HTTP/1.1 204) 5 headers in 199 bytes (1 switches on core 0)
2026-09-07 12:01:55.611 7 INFO placement.requestlog [req-e4f2d7d9-b8dd-4f2f-bd03-e52c7b3bbe39 req-e6cfcb29-ae81-4eae-b972-97b11d6f19a1 f3d4ed17631a42c792df0db92d594026 1e1a698e886045e6a322da295ec8cf5e - - bcfb8c38afd74a2780ad1908f13ebb8c bcfb8c38afd74a2780ad1908f13ebb8c] 162.253.55.20 "GET /resource_providers/aa7c4b29-bcc1-42c6-93b9-24bb4ad59120/allocations" status: 200 len: 252 microversion: 1.0 [pid: 7|app: 0|req: 346/689] 162.253.55.20 () {32 vars in 855 bytes} [Mon Sep 7 12:01:55 2026] GET /resource_providers/aa7c4b29-bcc1-42c6-93b9-24bb4ad59120/allocations => generated 252 bytes in 15 msecs (HTTP/1.1 200) 6 headers in 224 bytes (1 switches on core 0)
2026-09-07 12:01:55.637 8 INFO placement.requestlog [req-e4f2d7d9-b8dd-4f2f-bd03-e52c7b3bbe39 req-704b522e-4981-4434-955b-ebd233df1a4c f3d4ed17631a42c792df0db92d594026 1e1a698e886045e6a322da295ec8cf5e - - bcfb8c38afd74a2780ad1908f13ebb8c bcfb8c38afd74a2780ad1908f13ebb8c] 162.253.55.20 "GET /allocations/2433927b-73b3-472a-992a-c33f8d2e2259" status: 200 len: 257 microversion: 1.28 [pid: 8|app: 0|req: 344/690] 162.253.55.20 () {34 vars in 861 bytes} [Mon Sep 7 12:01:55 2026] GET /allocations/2433927b-73b3-472a-992a-c33f8d2e2259 => generated 257 bytes in 18 msecs (HTTP/1.1 200) 8 headers in 296 bytes (1 switches on core 0)
2026-09-07 12:01:55.668 7 INFO placement.requestlog [req-e4f2d7d9-b8dd-4f2f-bd03-e52c7b3bbe39 req-91112d35-0719-4f84-876a-b7b5bc664713 f3d4ed17631a42c792df0db92d594026 1e1a698e886045e6a322da295ec8cf5e - - bcfb8c38afd74a2780ad1908f13ebb8c bcfb8c38afd74a2780ad1908f13ebb8c] 162.253.55.20 "GET /allocations/ce493f2f-2410-460a-9beb-24dcf399681c" status: 200 len: 257 microversion: 1.28 [pid: 7|app: 0|req: 347/691] 162.253.55.20 () {34 vars in 861 bytes} [Mon Sep 7 12:01:55 2026] GET /allocations/ce493f2f-2410-460a-9beb-24dcf399681c => generated 257 bytes in 19 msecs (HTTP/1.1 200) 8 headers in 296 bytes (1 switches on core 0)
2026-09-07 12:01:55.930 8 INFO placement.requestlog [req-0e0f69f8-e16a-44eb-8ae6-33853fd1d8d4 req-94ce65ad-dbf3-438e-b012-6009a59d341a f3d4ed17631a42c792df0db92d594026 1e1a698e886045e6a322da295ec8cf5e - - bcfb8c38afd74a2780ad1908f13ebb8c bcfb8c38afd74a2780ad1908f13ebb8c] 162.253.55.20 "GET /allocations/ce493f2f-2410-460a-9beb-24dcf399681c" status: 200 len: 257 microversion: 1.28 [pid: 8|app: 0|req: 345/692] 162.253.55.20 () {34 vars in 861 bytes} [Mon Sep 7 12:01:55 2026] GET /allocations/ce493f2f-2410-460a-9beb-24dcf399681c => generated 257 bytes in 9 msecs (HTTP/1.1 200) 8 headers in 296 bytes (1 switches on core 0)
2026-09-07 12:01:56.042 7 INFO placement.requestlog [req-0e0f69f8-e16a-44eb-8ae6-33853fd1d8d4 req-98563483-1527-4fc7-aaa6-2c77eb730cbd f3d4ed17631a42c792df0db92d594026 1e1a698e886045e6a322da295ec8cf5e - - bcfb8c38afd74a2780ad1908f13ebb8c bcfb8c38afd74a2780ad1908f13ebb8c] 162.253.55.20 "GET /resource_providers/aa7c4b29-bcc1-42c6-93b9-24bb4ad59120/allocations" status: 200 len: 252 microversion: 1.0 [pid: 7|app: 0|req: 348/693] 162.253.55.20 () {32 vars in 855 bytes} [Mon Sep 7 12:01:56 2026] GET /resource_providers/aa7c4b29-bcc1-42c6-93b9-24bb4ad59120/allocations => generated 252 bytes in 33 msecs (HTTP/1.1 200) 6 headers in 224 bytes (1 switches on core 0)
2026-09-07 12:01:56.065 8 INFO placement.requestlog [req-0e0f69f8-e16a-44eb-8ae6-33853fd1d8d4 req-41a7b354-868e-43bf-801a-b2b8c13153c7 f3d4ed17631a42c792df0db92d594026 1e1a698e886045e6a322da295ec8cf5e - - bcfb8c38afd74a2780ad1908f13ebb8c bcfb8c38afd74a2780ad1908f13ebb8c] 162.253.55.20 "GET /allocations/2433927b-73b3-472a-992a-c33f8d2e2259" status: 200 len: 257 microversion: 1.28 [pid: 8|app: 0|req: 346/694] 162.253.55.20 () {34 vars in 861 bytes} [Mon Sep 7 12:01:56 2026] GET /allocations/2433927b-73b3-472a-992a-c33f8d2e2259 => generated 257 bytes in 18 msecs (HTTP/1.1 200) 8 headers in 296 bytes (1 switches on core 0)
2026-09-07 12:01:56.086 7 INFO placement.requestlog [req-0e0f69f8-e16a-44eb-8ae6-33853fd1d8d4 req-a83a352e-9b62-4aef-97b7-9a785c55b39f f3d4ed17631a42c792df0db92d594026 1e1a698e886045e6a322da295ec8cf5e - - bcfb8c38afd74a2780ad1908f13ebb8c bcfb8c38afd74a2780ad1908f13ebb8c] 162.253.55.20 "GET /allocations/ce493f2f-2410-460a-9beb-24dcf399681c" status: 200 len: 257 microversion: 1.28 [pid: 7|app: 0|req: 349/695] 162.253.55.20 () {34 vars in 861 bytes} [Mon Sep 7 12:01:56 2026] GET /allocations/ce493f2f-2410-460a-9beb-24dcf399681c => generated 257 bytes in 15 msecs (HTTP/1.1 200) 8 headers in 296 bytes (1 switches on core 0)
2026-09-07 12:01:59.125 7 INFO placement.requestlog [None req-ef4e5c85-d8b7-43c5-86e6-c84ed6d11477 b0c1ae1b31fc4c0e9b85f247683795eb 1e1a698e886045e6a322da295ec8cf5e - - bcfb8c38afd74a2780ad1908f13ebb8c bcfb8c38afd74a2780ad1908f13ebb8c] 10.0.0.227 "GET /resource_providers/8beaa54e-f22e-408f-b7a0-d12de9503eb1/aggregates" status: 404 len: 235 microversion: 1.1 [pid: 7|app: 0|req: 350/696] 10.0.0.227 () {32 vars in 815 bytes} [Mon Sep 7 12:01:59 2026] GET /resource_providers/8beaa54e-f22e-408f-b7a0-d12de9503eb1/aggregates => generated 235 bytes in 84 msecs (HTTP/1.1 404) 5 headers in 202 bytes (1 switches on core 0)
2026-09-07 12:01:59.127 8 INFO placement.requestlog [None req-30149f56-72d5-4fc9-9457-76c4249c3d36 b0c1ae1b31fc4c0e9b85f247683795eb 1e1a698e886045e6a322da295ec8cf5e - - bcfb8c38afd74a2780ad1908f13ebb8c bcfb8c38afd74a2780ad1908f13ebb8c] 10.0.0.227 "GET /resource_providers/8beaa54e-f22e-408f-b7a0-d12de9503eb1/aggregates" status: 404 len: 235 microversion: 1.1 [pid: 8|app: 0|req: 347/697] 10.0.0.227 () {32 vars in 815 bytes} [Mon Sep 7 12:01:59 2026] GET /resource_providers/8beaa54e-f22e-408f-b7a0-d12de9503eb1/aggregates => generated 235 bytes in 93 msecs (HTTP/1.1 404) 5 headers in 202 bytes (1 switches on core 0)
2026-09-07 12:01:59.151 7 INFO placement.requestlog [None req-14b788cf-6355-481e-8cb8-e9799db3f2ca b0c1ae1b31fc4c0e9b85f247683795eb 1e1a698e886045e6a322da295ec8cf5e - - bcfb8c38afd74a2780ad1908f13ebb8c bcfb8c38afd74a2780ad1908f13ebb8c] 10.0.0.227 "DELETE /resource_providers/8beaa54e-f22e-408f-b7a0-d12de9503eb1" status: 404 len: 246 microversion: 1.1 [pid: 7|app: 0|req: 351/698] 10.0.0.227 () {34 vars in 815 bytes} [Mon Sep 7 12:01:59 2026] DELETE /resource_providers/8beaa54e-f22e-408f-b7a0-d12de9503eb1 => generated 246 bytes in 16 msecs (HTTP/1.1 404) 6 headers in 231 bytes (1 switches on core 0)
2026-09-07 12:01:59.154 8 INFO placement.requestlog [None req-f8be6e3f-036e-4774-8ad9-f9454add21d5 b0c1ae1b31fc4c0e9b85f247683795eb 1e1a698e886045e6a322da295ec8cf5e - - bcfb8c38afd74a2780ad1908f13ebb8c bcfb8c38afd74a2780ad1908f13ebb8c] 10.0.0.227 "DELETE /resource_providers/8beaa54e-f22e-408f-b7a0-d12de9503eb1" status: 404 len: 246 microversion: 1.1 [pid: 8|app: 0|req: 348/699] 10.0.0.227 () {34 vars in 815 bytes} [Mon Sep 7 12:01:59 2026] DELETE /resource_providers/8beaa54e-f22e-408f-b7a0-d12de9503eb1 => generated 246 bytes in 18 msecs (HTTP/1.1 404) 6 headers in 231 bytes (1 switches on core 0)
2026-09-07 12:01:59.450 7 INFO placement.requestlog [None req-d8e125f8-aeb2-4356-a43a-4af7763bbf45 - - - - - -] 10.0.0.112 "GET /" status: 200 len: 136 microversion: 1.0
2026-09-07 12:01:59.452 8 INFO placement.requestlog [None req-05784ddd-72b3-4ab6-889e-550c7ab1292d - - - - - -] 10.0.0.112 "GET /" status: 200 len: 136 microversion: 1.0
2026-09-07 12:02:01.435 7 INFO placement.requestlog [None req-b54f938d-03f5-4181-ad36-b26a574e3c2d b0c1ae1b31fc4c0e9b85f247683795eb 1e1a698e886045e6a322da295ec8cf5e - - bcfb8c38afd74a2780ad1908f13ebb8c bcfb8c38afd74a2780ad1908f13ebb8c] 10.0.0.227 "GET /resource_providers/690fe574-34df-43bf-8d18-79f6f5891c04/aggregates" status: 404 len: 235 microversion: 1.1 [pid: 7|app: 0|req: 353/702] 10.0.0.227 () {32 vars in 815 bytes} [Mon Sep 7 12:02:01 2026] GET /resource_providers/690fe574-34df-43bf-8d18-79f6f5891c04/aggregates => generated 235 bytes in 16 msecs (HTTP/1.1 404) 5 headers in 202 bytes (1 switches on core 0)
2026-09-07 12:02:01.446 8 INFO placement.requestlog [None req-7ec51250-a845-4446-b413-e64d8ca556c3 b0c1ae1b31fc4c0e9b85f247683795eb 1e1a698e886045e6a322da295ec8cf5e - - bcfb8c38afd74a2780ad1908f13ebb8c bcfb8c38afd74a2780ad1908f13ebb8c] 10.0.0.227 "GET /resource_providers/690fe574-34df-43bf-8d18-79f6f5891c04/aggregates" status: 404 len: 235 microversion: 1.1 [pid: 8|app: 0|req: 350/703] 10.0.0.227 () {32 vars in 815 bytes} [Mon Sep 7 12:02:01 2026] GET /resource_providers/690fe574-34df-43bf-8d18-79f6f5891c04/aggregates => generated 235 bytes in 20 msecs (HTTP/1.1 404) 5 headers in 202 bytes (1 switches on core 0)
2026-09-07 12:02:01.476 8 INFO placement.requestlog [None req-26416621-6e40-4ffe-a5ca-ca9f92dcdba6 b0c1ae1b31fc4c0e9b85f247683795eb 1e1a698e886045e6a322da295ec8cf5e - - bcfb8c38afd74a2780ad1908f13ebb8c bcfb8c38afd74a2780ad1908f13ebb8c] 10.0.0.227 "DELETE /resource_providers/690fe574-34df-43bf-8d18-79f6f5891c04" status: 404 len: 246 microversion: 1.1 [pid: 8|app: 0|req: 351/704] 10.0.0.227 () {34 vars in 815 bytes} [Mon Sep 7 12:02:01 2026] DELETE /resource_providers/690fe574-34df-43bf-8d18-79f6f5891c04 => generated 246 bytes in 18 msecs (HTTP/1.1 404) 6 headers in 231 bytes (1 switches on core 0)
2026-09-07 12:02:01.484 7 INFO placement.requestlog [None req-4b182df5-f88f-47a9-92cb-0f41c704c792 b0c1ae1b31fc4c0e9b85f247683795eb 1e1a698e886045e6a322da295ec8cf5e - - bcfb8c38afd74a2780ad1908f13ebb8c bcfb8c38afd74a2780ad1908f13ebb8c] 10.0.0.227 "DELETE /resource_providers/690fe574-34df-43bf-8d18-79f6f5891c04" status: 404 len: 246 microversion: 1.1 [pid: 7|app: 0|req: 354/705] 10.0.0.227 () {34 vars in 815 bytes} [Mon Sep 7 12:02:01 2026] DELETE /resource_providers/690fe574-34df-43bf-8d18-79f6f5891c04 => generated 246 bytes in 26 msecs (HTTP/1.1 404) 6 headers in 231 bytes (1 switches on core 0)
2026-09-07 12:02:03.507 8 INFO placement.requestlog [None req-a53665a4-39fc-48e5-843a-c0aafa2da51a b0c1ae1b31fc4c0e9b85f247683795eb 1e1a698e886045e6a322da295ec8cf5e - - bcfb8c38afd74a2780ad1908f13ebb8c bcfb8c38afd74a2780ad1908f13ebb8c] 10.0.0.227 "GET /resource_providers/e737ff90-9f9c-464d-9250-8b22b4e193fe/aggregates" status: 404 len: 235 microversion: 1.1
2026-09-07 12:02:03.507 7 INFO placement.requestlog [None req-e88203ff-f86b-4c90-a727-f3219d841783 b0c1ae1b31fc4c0e9b85f247683795eb 1e1a698e886045e6a322da295ec8cf5e - - bcfb8c38afd74a2780ad1908f13ebb8c bcfb8c38afd74a2780ad1908f13ebb8c] 10.0.0.227 "GET /resource_providers/e737ff90-9f9c-464d-9250-8b22b4e193fe/aggregates" status: 404 len: 235 microversion: 1.1 [pid: 8|app: 0|req: 352/706] 10.0.0.227 () {32 vars in 815 bytes} [Mon Sep 7 12:02:03 2026] GET /resource_providers/e737ff90-9f9c-464d-9250-8b22b4e193fe/aggregates => generated 235 bytes in 21 msecs (HTTP/1.1 404) 5 headers in 202 bytes (1 switches on core 0) [pid: 7|app: 0|req: 355/707] 10.0.0.227 () {32 vars in 815 bytes} [Mon Sep 7 12:02:03 2026] GET /resource_providers/e737ff90-9f9c-464d-9250-8b22b4e193fe/aggregates => generated 235 bytes in 18 msecs (HTTP/1.1 404) 5 headers in 202 bytes (1 switches on core 0)
2026-09-07 12:02:03.554 8 INFO placement.requestlog [None req-89002cfa-5037-4d55-b095-c1542d4825cf b0c1ae1b31fc4c0e9b85f247683795eb 1e1a698e886045e6a322da295ec8cf5e - - bcfb8c38afd74a2780ad1908f13ebb8c bcfb8c38afd74a2780ad1908f13ebb8c] 10.0.0.227 "DELETE /resource_providers/e737ff90-9f9c-464d-9250-8b22b4e193fe" status: 404 len: 246 microversion: 1.1 [pid: 8|app: 0|req: 353/708] 10.0.0.227 () {34 vars in 815 bytes} [Mon Sep 7 12:02:03 2026] DELETE /resource_providers/e737ff90-9f9c-464d-9250-8b22b4e193fe => generated 246 bytes in 19 msecs (HTTP/1.1 404) 6 headers in 231 bytes (1 switches on core 0)
2026-09-07 12:02:03.559 7 INFO placement.requestlog [None req-97d379ea-5bcc-4b5c-a1b9-7a74f68cef5e b0c1ae1b31fc4c0e9b85f247683795eb 1e1a698e886045e6a322da295ec8cf5e - - bcfb8c38afd74a2780ad1908f13ebb8c bcfb8c38afd74a2780ad1908f13ebb8c] 10.0.0.227 "DELETE /resource_providers/e737ff90-9f9c-464d-9250-8b22b4e193fe" status: 404 len: 246 microversion: 1.1 [pid: 7|app: 0|req: 356/709] 10.0.0.227 () {34 vars in 815 bytes} [Mon Sep 7 12:02:03 2026] DELETE /resource_providers/e737ff90-9f9c-464d-9250-8b22b4e193fe => generated 246 bytes in 15 msecs (HTTP/1.1 404) 6 headers in 231 bytes (1 switches on core 0)
2026-09-07 12:02:03.592 8 INFO placement.requestlog [None req-8a37df64-3c86-48ef-b52f-61a4f2dcb8b5 b0c1ae1b31fc4c0e9b85f247683795eb 1e1a698e886045e6a322da295ec8cf5e - - bcfb8c38afd74a2780ad1908f13ebb8c bcfb8c38afd74a2780ad1908f13ebb8c] 10.0.0.227 "GET /resource_providers/d8175a41-7335-4ce4-a42e-a44e8fb29edc/aggregates" status: 404 len: 235 microversion: 1.1 [pid: 8|app: 0|req: 354/710] 10.0.0.227 () {32 vars in 815 bytes} [Mon Sep 7 12:02:03 2026] GET /resource_providers/d8175a41-7335-4ce4-a42e-a44e8fb29edc/aggregates => generated 235 bytes in 17 msecs (HTTP/1.1 404) 5 headers in 202 bytes (1 switches on core 0)
2026-09-07 12:02:03.593 7 INFO placement.requestlog [None req-cb42fda5-0470-4f40-a047-1b014509f791 b0c1ae1b31fc4c0e9b85f247683795eb 1e1a698e886045e6a322da295ec8cf5e - - bcfb8c38afd74a2780ad1908f13ebb8c bcfb8c38afd74a2780ad1908f13ebb8c] 10.0.0.227 "GET /resource_providers/d8175a41-7335-4ce4-a42e-a44e8fb29edc/aggregates" status: 404 len: 235 microversion: 1.1 [pid: 7|app: 0|req: 357/711] 10.0.0.227 () {32 vars in 815 bytes} [Mon Sep 7 12:02:03 2026] GET /resource_providers/d8175a41-7335-4ce4-a42e-a44e8fb29edc/aggregates => generated 235 bytes in 17 msecs (HTTP/1.1 404) 5 headers in 202 bytes (1 switches on core 0)
2026-09-07 12:02:03.613 7 INFO placement.requestlog [None req-0165852e-e934-43f2-aeea-3675e3af5a9b b0c1ae1b31fc4c0e9b85f247683795eb 1e1a698e886045e6a322da295ec8cf5e - - bcfb8c38afd74a2780ad1908f13ebb8c bcfb8c38afd74a2780ad1908f13ebb8c] 10.0.0.227 "DELETE /resource_providers/d8175a41-7335-4ce4-a42e-a44e8fb29edc" status: 404 len: 246 microversion: 1.1
2026-09-07 12:02:03.614 8 INFO placement.requestlog [None req-fc6ec685-882c-4842-897f-2387eeede715 b0c1ae1b31fc4c0e9b85f247683795eb 1e1a698e886045e6a322da295ec8cf5e - - bcfb8c38afd74a2780ad1908f13ebb8c bcfb8c38afd74a2780ad1908f13ebb8c] 10.0.0.227 "DELETE /resource_providers/d8175a41-7335-4ce4-a42e-a44e8fb29edc" status: 404 len: 246 microversion: 1.1 [pid: 7|app: 0|req: 358/712] 10.0.0.227 () {34 vars in 815 bytes} [Mon Sep 7 12:02:03 2026] DELETE /resource_providers/d8175a41-7335-4ce4-a42e-a44e8fb29edc => generated 246 bytes in 9 msecs (HTTP/1.1 404) 6 headers in 231 bytes (1 switches on core 0) [pid: 8|app: 0|req: 355/713] 10.0.0.227 () {34 vars in 815 bytes} [Mon Sep 7 12:02:03 2026] DELETE /resource_providers/d8175a41-7335-4ce4-a42e-a44e8fb29edc => generated 246 bytes in 10 msecs (HTTP/1.1 404) 6 headers in 231 bytes (1 switches on core 0)
2026-09-07 12:02:09.448 7 INFO placement.requestlog [None req-391859f3-59b0-4771-896d-4c6c03c228a4 - - - - - -] 10.0.0.112 "GET /" status: 200 len: 136 microversion: 1.0
2026-09-07 12:02:09.448 8 INFO placement.requestlog [None req-ab17eeb6-7d1c-4329-a630-5fced7f9ab04 - - - - - -] 10.0.0.112 "GET /" status: 200 len: 136 microversion: 1.0
2026-09-07 12:02:09.866 7 INFO placement.requestlog [req-a38c4108-4c36-4042-813c-dd76804b64e7 req-b9f0dd13-3ed7-4ae0-9cc8-163ab0720d72 f3d4ed17631a42c792df0db92d594026 1e1a698e886045e6a322da295ec8cf5e - - bcfb8c38afd74a2780ad1908f13ebb8c bcfb8c38afd74a2780ad1908f13ebb8c] 162.253.55.20 "GET /resource_providers/aa7c4b29-bcc1-42c6-93b9-24bb4ad59120/allocations" status: 200 len: 252 microversion: 1.0 [pid: 7|app: 0|req: 360/716] 162.253.55.20 () {32 vars in 855 bytes} [Mon Sep 7 12:02:09 2026] GET /resource_providers/aa7c4b29-bcc1-42c6-93b9-24bb4ad59120/allocations => generated 252 bytes in 42 msecs (HTTP/1.1 200) 6 headers in 224 bytes (1 switches on core 0)
2026-09-07 12:02:09.896 8 INFO placement.requestlog [req-a38c4108-4c36-4042-813c-dd76804b64e7 req-258c1ba0-b1de-4d98-b594-1cb3022ab563 f3d4ed17631a42c792df0db92d594026 1e1a698e886045e6a322da295ec8cf5e - - bcfb8c38afd74a2780ad1908f13ebb8c bcfb8c38afd74a2780ad1908f13ebb8c] 162.253.55.20 "GET /allocations/2433927b-73b3-472a-992a-c33f8d2e2259" status: 200 len: 257 microversion: 1.28 [pid: 8|app: 0|req: 357/717] 162.253.55.20 () {34 vars in 861 bytes} [Mon Sep 7 12:02:09 2026] GET /allocations/2433927b-73b3-472a-992a-c33f8d2e2259 => generated 257 bytes in 19 msecs (HTTP/1.1 200) 8 headers in 296 bytes (1 switches on core 0)
2026-09-07 12:02:09.930 7 INFO placement.requestlog [req-a38c4108-4c36-4042-813c-dd76804b64e7 req-4523711d-776b-4451-937f-1b3748384976 f3d4ed17631a42c792df0db92d594026 1e1a698e886045e6a322da295ec8cf5e - - bcfb8c38afd74a2780ad1908f13ebb8c bcfb8c38afd74a2780ad1908f13ebb8c] 162.253.55.20 "GET /allocations/ce493f2f-2410-460a-9beb-24dcf399681c" status: 200 len: 257 microversion: 1.28 [pid: 7|app: 0|req: 361/718] 162.253.55.20 () {34 vars in 861 bytes} [Mon Sep 7 12:02:09 2026] GET /allocations/ce493f2f-2410-460a-9beb-24dcf399681c => generated 257 bytes in 31 msecs (HTTP/1.1 200) 8 headers in 296 bytes (1 switches on core 0)
2026-09-07 12:02:10.063 8 INFO placement.requestlog [req-a38c4108-4c36-4042-813c-dd76804b64e7 req-84ba78a0-13eb-487a-a95e-b51c635d4bb4 f3d4ed17631a42c792df0db92d594026 1e1a698e886045e6a322da295ec8cf5e - - bcfb8c38afd74a2780ad1908f13ebb8c bcfb8c38afd74a2780ad1908f13ebb8c] 162.253.55.20 "DELETE /allocations/2433927b-73b3-472a-992a-c33f8d2e2259" status: 204 len: 0 microversion: 1.0 [pid: 8|app: 0|req: 358/719] 162.253.55.20 () {34 vars in 839 bytes} [Mon Sep 7 12:02:09 2026] DELETE /allocations/2433927b-73b3-472a-992a-c33f8d2e2259 => generated 0 bytes in 64 msecs (HTTP/1.1 204) 5 headers in 198 bytes (1 switches on core 0)
2026-09-07 12:02:10.519 7 INFO placement.requestlog [req-7fba1e7b-bf24-4499-9903-a031b90f9a60 req-b1c17c92-cfcd-4ecf-95d6-b6d9749a1f88 f3d4ed17631a42c792df0db92d594026 1e1a698e886045e6a322da295ec8cf5e - - bcfb8c38afd74a2780ad1908f13ebb8c bcfb8c38afd74a2780ad1908f13ebb8c] 162.253.55.20 "GET /resource_providers/aa7c4b29-bcc1-42c6-93b9-24bb4ad59120/allocations" status: 200 len: 152 microversion: 1.0 [pid: 7|app: 0|req: 362/720] 162.253.55.20 () {32 vars in 855 bytes} [Mon Sep 7 12:02:10 2026] GET /resource_providers/aa7c4b29-bcc1-42c6-93b9-24bb4ad59120/allocations => generated 152 bytes in 33 msecs (HTTP/1.1 200) 6 headers in 224 bytes (1 switches on core 0)
2026-09-07 12:02:10.548 8 INFO placement.requestlog [req-7fba1e7b-bf24-4499-9903-a031b90f9a60 req-dbeaaf82-81a6-4242-b4ad-805afbdb59b8 f3d4ed17631a42c792df0db92d594026 1e1a698e886045e6a322da295ec8cf5e - - bcfb8c38afd74a2780ad1908f13ebb8c bcfb8c38afd74a2780ad1908f13ebb8c] 162.253.55.20 "GET /resource_providers/aa7c4b29-bcc1-42c6-93b9-24bb4ad59120/allocations" status: 200 len: 152 microversion: 1.0 [pid: 8|app: 0|req: 359/721] 162.253.55.20 () {32 vars in 855 bytes} [Mon Sep 7 12:02:10 2026] GET /resource_providers/aa7c4b29-bcc1-42c6-93b9-24bb4ad59120/allocations => generated 152 bytes in 20 msecs (HTTP/1.1 200) 6 headers in 224 bytes (1 switches on core 0)
2026-09-07 12:02:10.570 7 INFO placement.requestlog [req-7fba1e7b-bf24-4499-9903-a031b90f9a60 req-93495e8c-1f5e-44be-99c0-0f89a66cdffd f3d4ed17631a42c792df0db92d594026 1e1a698e886045e6a322da295ec8cf5e - - bcfb8c38afd74a2780ad1908f13ebb8c bcfb8c38afd74a2780ad1908f13ebb8c] 162.253.55.20 "GET /allocations/ce493f2f-2410-460a-9beb-24dcf399681c" status: 200 len: 257 microversion: 1.28 [pid: 7|app: 0|req: 363/722] 162.253.55.20 () {34 vars in 861 bytes} [Mon Sep 7 12:02:10 2026] GET /allocations/ce493f2f-2410-460a-9beb-24dcf399681c => generated 257 bytes in 14 msecs (HTTP/1.1 200) 8 headers in 296 bytes (1 switches on core 0)
2026-09-07 12:02:12.957 8 INFO placement.requestlog [req-f418e0b5-e719-4306-9229-c76d04eb28c9 req-d7c8e643-72aa-40f9-8a82-f9b7bfd34e53 f3d4ed17631a42c792df0db92d594026 1e1a698e886045e6a322da295ec8cf5e - - bcfb8c38afd74a2780ad1908f13ebb8c bcfb8c38afd74a2780ad1908f13ebb8c] 10.0.0.51 "GET /allocation_candidates?limit=1000&resources=DISK_GB%3A1%2CMEMORY_MB%3A512%2CVCPU%3A1&root_required=%21COMPUTE_STATUS_DISABLED" status: 200 len: 2149 microversion: 1.36 [pid: 8|app: 0|req: 360/723] 10.0.0.51 () {34 vars in 1010 bytes} [Mon Sep 7 12:02:12 2026] GET /allocation_candidates?limit=1000&resources=DISK_GB%3A1%2CMEMORY_MB%3A512%2CVCPU%3A1&root_required=%21COMPUTE_STATUS_DISABLED => generated 2149 bytes in 75 msecs (HTTP/1.1 200) 8 headers in 297 bytes (1 switches on core 0)
