2026-06-15 21:12:33.829 10 INFO neutron.api.wsgi [req-742ee8f9-788b-46c8-a496-dcf4928d028a req-8e87c640-23c4-4f52-9a78-8690c2956c14 2db2ba250e43443b9382d47e8fdc30e7 006d385c654e47dc97e7ad6019f6d05f - - 32cb23adb77e47fabcce474615b61cec 32cb23adb77e47fabcce474615b61cec] 199.19.213.132 "GET /v2.0/floatingips?fixed_ip_address=10.100.0.6&port_id=895bbc58-0096-4566-a00d-66e6d25574da HTTP/1.1" status: 200 len: 1059 time: 0.0521562
2026-06-15 21:12:33.838 9 WARNING neutron.scheduler.dhcp_agent_scheduler [None req-625bba09-37dd-442b-92df-bc0533a147c5 eac86baa45c048a8911591d8ada59f42 463310295e234401807017a298efe068 - - default default] No more DHCP agents
2026-06-15 21:12:33.845 9 WARNING neutron.api.rpc.agentnotifiers.dhcp_rpc_agent_api [None req-625bba09-37dd-442b-92df-bc0533a147c5 eac86baa45c048a8911591d8ada59f42 463310295e234401807017a298efe068 - - default default] Unable to schedule network 88aaf100-64b0-4cab-939a-f9ee09172fbf: no agents available; will retry on subsequent port and subnet creation events.
2026-06-15 21:12:33.869 10 INFO neutron.api.wsgi [req-742ee8f9-788b-46c8-a496-dcf4928d028a req-e8b28ba5-482c-4e06-8d7f-dc82a9fc17cf 2db2ba250e43443b9382d47e8fdc30e7 006d385c654e47dc97e7ad6019f6d05f - - 32cb23adb77e47fabcce474615b61cec 32cb23adb77e47fabcce474615b61cec] 199.19.213.132 "GET /v2.0/subnets?id=1f3e045a-3159-4ca0-b212-914a0f6f9354 HTTP/1.1" status: 200 len: 901 time: 0.0297754
2026-06-15 21:12:33.899 10 INFO neutron.api.wsgi [req-742ee8f9-788b-46c8-a496-dcf4928d028a req-99fd26cf-8d1d-4662-90cd-e33668e54570 2db2ba250e43443b9382d47e8fdc30e7 006d385c654e47dc97e7ad6019f6d05f - - 32cb23adb77e47fabcce474615b61cec 32cb23adb77e47fabcce474615b61cec] 199.19.213.132 "GET /v2.0/ports?network_id=92a8fe0e-72c9-42c0-aee5-b4fec9f1563c&device_owner=network%3Adhcp HTTP/1.1" status: 200 len: 210 time: 0.0246422
2026-06-15 21:12:33.943 9 INFO neutron.db.ovn_revision_numbers_db [None req-625bba09-37dd-442b-92df-bc0533a147c5 eac86baa45c048a8911591d8ada59f42 463310295e234401807017a298efe068 - - default default] Successfully bumped revision number for resource 1bbf4019-d7d6-4df8-9e05-03e58547acea (type: ports) to 1
2026-06-15 21:12:33.949 10 INFO neutron.api.wsgi [req-742ee8f9-788b-46c8-a496-dcf4928d028a req-fd2e03d3-7ed1-40b3-9a20-5e3aa0a6a1b6 2db2ba250e43443b9382d47e8fdc30e7 006d385c654e47dc97e7ad6019f6d05f - - 32cb23adb77e47fabcce474615b61cec 32cb23adb77e47fabcce474615b61cec] 199.19.213.132 "GET /v2.0/networks/92a8fe0e-72c9-42c0-aee5-b4fec9f1563c?fields=segments HTTP/1.1" status: 200 len: 212 time: 0.0445251
2026-06-15 21:12:33.971 10 INFO neutron.plugins.ml2.drivers.ovn.mech_driver.mech_driver [None req-c581e3aa-93d6-4888-8ea8-5e3608882036 - - - - - -] OVN reports status down for port: 895bbc58-0096-4566-a00d-66e6d25574da
2026-06-15 21:12:33.973 9 INFO neutron.api.wsgi [None req-625bba09-37dd-442b-92df-bc0533a147c5 eac86baa45c048a8911591d8ada59f42 463310295e234401807017a298efe068 - - default default] 10.0.0.47 "POST /v2.0/networks HTTP/1.1" status: 201 len: 829 time: 0.5473073
2026-06-15 21:12:33.987 9 WARNING neutron_lib.context [None req-017ef18a-1119-49ee-9229-2ad4b1daf9fe eac86baa45c048a8911591d8ada59f42 463310295e234401807017a298efe068 - - default default] Method 'is_advsvc' is deprecated since 2023.2 release (neutron-lib 3.8.0) and will be removed once support for the old RBAC API policies will be removed from Neutron. Please use method 'is_service_role' instead.
2026-06-15 21:12:34.004 9 INFO neutron.db.ovn_revision_numbers_db [None req-39d67528-e63f-4e79-ae92-82a1b3db4965 a3ea93befd754a618602e16b9f998c5f c0e83b85323b40f4853ba0f176a59c3d - - default default] Successfully bumped revision number for resource cd51dfaa-5b05-4b51-b8ad-fae5780054d2 (type: security_groups) to 1
2026-06-15 21:12:34.012 10 INFO neutron.api.wsgi [req-742ee8f9-788b-46c8-a496-dcf4928d028a req-18f22641-7b6a-4c69-96d8-155e802f17ac 2db2ba250e43443b9382d47e8fdc30e7 006d385c654e47dc97e7ad6019f6d05f - - 32cb23adb77e47fabcce474615b61cec 32cb23adb77e47fabcce474615b61cec] 199.19.213.132 "GET /v2.0/networks/92a8fe0e-72c9-42c0-aee5-b4fec9f1563c?fields=provider%3Aphysical_network&fields=provider%3Anetwork_type HTTP/1.1" status: 200 len: 277 time: 0.0573361
2026-06-15 21:12:34.022 9 INFO neutron.db.ovn_revision_numbers_db [None req-39d67528-e63f-4e79-ae92-82a1b3db4965 a3ea93befd754a618602e16b9f998c5f c0e83b85323b40f4853ba0f176a59c3d - - default default] Successfully bumped revision number for resource 0f826914-b01a-4909-9c44-957e2248b4b0 (type: security_group_rules) to 0
2026-06-15 21:12:34.037 9 INFO neutron.db.ovn_revision_numbers_db [None req-39d67528-e63f-4e79-ae92-82a1b3db4965 a3ea93befd754a618602e16b9f998c5f c0e83b85323b40f4853ba0f176a59c3d - - default default] Successfully bumped revision number for resource 83428efa-3549-43d4-b10d-6c403bf2f42e (type: security_group_rules) to 0
2026-06-15 21:12:34.058 9 INFO neutron.db.ovn_revision_numbers_db [None req-39d67528-e63f-4e79-ae92-82a1b3db4965 a3ea93befd754a618602e16b9f998c5f c0e83b85323b40f4853ba0f176a59c3d - - default default] Successfully bumped revision number for resource 9e95454d-4b32-49ac-80b5-2bad28e2ad68 (type: security_group_rules) to 0
2026-06-15 21:12:34.078 9 INFO neutron.db.ovn_revision_numbers_db [None req-39d67528-e63f-4e79-ae92-82a1b3db4965 a3ea93befd754a618602e16b9f998c5f c0e83b85323b40f4853ba0f176a59c3d - - default default] Successfully bumped revision number for resource e9ec9e48-7b29-4781-aa89-096091f4b947 (type: security_group_rules) to 0
2026-06-15 21:12:34.134 9 INFO neutron.api.wsgi [None req-39d67528-e63f-4e79-ae92-82a1b3db4965 a3ea93befd754a618602e16b9f998c5f c0e83b85323b40f4853ba0f176a59c3d - - default default] 10.0.0.47 "GET /v2.0/security-groups?tenant_id=8c45183d1aae42f08cd1727d5d7f587b&name=default HTTP/1.1" status: 200 len: 3120 time: 0.4367898
2026-06-15 21:12:34.217 9 WARNING neutron.scheduler.dhcp_agent_scheduler [None req-017ef18a-1119-49ee-9229-2ad4b1daf9fe eac86baa45c048a8911591d8ada59f42 463310295e234401807017a298efe068 - - default default] No more DHCP agents
2026-06-15 21:12:34.219 9 WARNING neutron.api.rpc.agentnotifiers.dhcp_rpc_agent_api [None req-017ef18a-1119-49ee-9229-2ad4b1daf9fe eac86baa45c048a8911591d8ada59f42 463310295e234401807017a298efe068 - - default default] Unable to schedule network 17e9461f-c2b3-479b-a34e-1d7299355f39: no agents available; will retry on subsequent port and subnet creation events.
2026-06-15 21:12:34.234 10 INFO neutron.db.ovn_revision_numbers_db [None req-c581e3aa-93d6-4888-8ea8-5e3608882036 - - - - - -] Successfully bumped revision number for resource 895bbc58-0096-4566-a00d-66e6d25574da (type: ports) to 8
2026-06-15 21:12:34.374 10 INFO neutron.api.wsgi [None req-85048c82-be72-4fe5-8ca6-a14b3bae5253 a3ea93befd754a618602e16b9f998c5f c0e83b85323b40f4853ba0f176a59c3d - - default default] 10.0.0.47 "DELETE /v2.0/security-groups/cd51dfaa-5b05-4b51-b8ad-fae5780054d2 HTTP/1.1" status: 204 len: 168 time: 0.2323921
2026-06-15 21:12:34.437 9 INFO neutron.api.wsgi [req-05b0268a-17d9-4aff-af7d-f4114683f9cf req-5aa3d2fe-dc3f-4dcc-8451-d509b909c87e 75996aede94b48858285dc3bbce4f323 8c24e5fb3fac4c5cb9db8061163aa2f3 - - default default] 10.0.0.201 "GET /v2.0/ports?device_id=ef481b95-f4ab-438c-b125-372ae85b91d8 HTTP/1.1" status: 200 len: 1168 time: 0.0483220
2026-06-15 21:12:34.440 10 INFO neutron.notifiers.nova [-] Nova event matching ['req-0c8f8a1c-9580-417d-8944-656af91b8515'] response: {'server_uuid': 'e87911d6-3b12-43bf-8728-659180e031c8', 'name': 'network-vif-unplugged', 'status': 'completed', 'tag': '895bbc58-0096-4566-a00d-66e6d25574da', 'code': 200}
2026-06-15 21:12:34.440 10 INFO neutron.notifiers.nova [-] Nova event matching ['req-0c8f8a1c-9580-417d-8944-656af91b8515'] response: {'server_uuid': 'e87911d6-3b12-43bf-8728-659180e031c8', 'name': 'network-vif-unplugged', 'status': 'completed', 'tag': '895bbc58-0096-4566-a00d-66e6d25574da', 'code': 200}
2026-06-15 21:12:34.456 10 INFO neutron.plugins.ml2.drivers.ovn.mech_driver.mech_driver [None req-b7dc424b-84d2-4510-8000-dda7be08f8e7 - - - - - -] OVN reports status up for port: 3f810f1f-d5f1-41be-a4e7-70a751bfd152
2026-06-15 21:12:34.471 10 INFO neutron.plugins.ml2.plugin [None req-b7dc424b-84d2-4510-8000-dda7be08f8e7 - - - - - -] Attempt 1 to provision port 3f810f1f-d5f1-41be-a4e7-70a751bfd152
2026-06-15 21:12:34.540 9 INFO neutron.api.wsgi [req-05b0268a-17d9-4aff-af7d-f4114683f9cf req-7f7e2369-eb4a-47e0-bef5-5f86ebaf927f 75996aede94b48858285dc3bbce4f323 8c24e5fb3fac4c5cb9db8061163aa2f3 - - default default] 10.0.0.201 "GET /v2.0/security-groups?id=403e9ca5-59f0-49ef-94af-fb4b5cbeb922&fields=id&fields=name HTTP/1.1" status: 200 len: 286 time: 0.0942011
2026-06-15 21:12:34.634 9 INFO neutron.api.wsgi [req-8d0e1490-2ba5-4d83-ad12-7e66aa3d57ba req-00ee36d1-6b1c-4c9d-b2b8-a0c996c3f259 34b4af8c5d2a4177b71ca0e31823f8c5 65c5456ae2204f3780c01f4df4527958 - - default default] 10.0.0.201 "GET /v2.0/ports?device_id=e87911d6-3b12-43bf-8728-659180e031c8 HTTP/1.1" status: 200 len: 1168 time: 0.0523183
2026-06-15 21:12:34.710 9 INFO neutron.db.ovn_revision_numbers_db [None req-3259ca6f-0784-4145-84ba-311406e4e50e a3ea93befd754a618602e16b9f998c5f c0e83b85323b40f4853ba0f176a59c3d - - default default] Successfully bumped revision number for resource f2627e2a-fdc9-4b38-93fc-4009434b9539 (type: security_groups) to 1
2026-06-15 21:12:34.725 9 INFO neutron.api.wsgi [req-8d0e1490-2ba5-4d83-ad12-7e66aa3d57ba req-f0150955-7a66-426f-9c80-6b02d7619405 34b4af8c5d2a4177b71ca0e31823f8c5 65c5456ae2204f3780c01f4df4527958 - - default default] 10.0.0.201 "GET /v2.0/security-groups?id=b5c316ce-8862-44a4-813f-8872c425ef75&fields=id&fields=name HTTP/1.1" status: 200 len: 313 time: 0.0824673
2026-06-15 21:12:34.741 9 INFO neutron.db.ovn_revision_numbers_db [None req-3259ca6f-0784-4145-84ba-311406e4e50e a3ea93befd754a618602e16b9f998c5f c0e83b85323b40f4853ba0f176a59c3d - - default default] Successfully bumped revision number for resource 12e0c00b-8999-4868-9fd7-1056ff2bdec5 (type: security_group_rules) to 0
2026-06-15 21:12:34.756 9 INFO neutron.db.ovn_revision_numbers_db [None req-3259ca6f-0784-4145-84ba-311406e4e50e a3ea93befd754a618602e16b9f998c5f c0e83b85323b40f4853ba0f176a59c3d - - default default] Successfully bumped revision number for resource 91db3c96-cc51-4d23-9e7d-d08eae946482 (type: security_group_rules) to 0
2026-06-15 21:12:34.776 10 INFO neutron.db.ovn_revision_numbers_db [None req-b7dc424b-84d2-4510-8000-dda7be08f8e7 - - - - - -] Successfully bumped revision number for resource 3f810f1f-d5f1-41be-a4e7-70a751bfd152 (type: ports) to 5
2026-06-15 21:12:34.780 9 INFO neutron.db.ovn_revision_numbers_db [None req-3259ca6f-0784-4145-84ba-311406e4e50e a3ea93befd754a618602e16b9f998c5f c0e83b85323b40f4853ba0f176a59c3d - - default default] Successfully bumped revision number for resource 9db38ecf-2abd-46fc-909d-28901b7dd6b7 (type: security_group_rules) to 0
2026-06-15 21:12:34.812 9 INFO neutron.db.ovn_revision_numbers_db [None req-3259ca6f-0784-4145-84ba-311406e4e50e a3ea93befd754a618602e16b9f998c5f c0e83b85323b40f4853ba0f176a59c3d - - default default] Successfully bumped revision number for resource d1b62945-b68b-46ed-990d-2be3a445c099 (type: security_group_rules) to 0
2026-06-15 21:12:34.877 9 INFO neutron.api.wsgi [None req-3259ca6f-0784-4145-84ba-311406e4e50e a3ea93befd754a618602e16b9f998c5f c0e83b85323b40f4853ba0f176a59c3d - - default default] 10.0.0.47 "GET /v2.0/security-groups?tenant_id=60d8d8177aab48a4a9055d37746b610d&name=default HTTP/1.1" status: 200 len: 3120 time: 0.3869753 /var/lib/openstack/lib/python3.12/site-packages/pycadf/identifier.py:71: UserWarning: Invalid uuid: neutron. To ensure interoperability, identifiers should be a valid uuid. warnings.warn(('Invalid uuid: %s. To ensure interoperability, '
2026-06-15 21:12:34.890 9 INFO neutron.db.ovn_revision_numbers_db [None req-084a35a3-0fa9-49a0-9d98-db26781e2012 - - - - - -] Successfully bumped revision number for resource 78de4363-2e72-4a08-ad86-e4e91b422bdb (type: ports) to 2
2026-06-15 21:12:34.932 9 INFO neutron.db.ovn_revision_numbers_db [None req-084a35a3-0fa9-49a0-9d98-db26781e2012 - - - - - -] Successfully bumped revision number for resource f9ad5516-e6da-4607-bda5-0473d37c2e82 (type: subnets) to 0
2026-06-15 21:12:34.950 9 INFO neutron.api.wsgi [None req-017ef18a-1119-49ee-9229-2ad4b1daf9fe eac86baa45c048a8911591d8ada59f42 463310295e234401807017a298efe068 - - default default] 10.0.0.47 "POST /v2.0/subnets HTTP/1.1" status: 201 len: 825 time: 0.9690194
2026-06-15 21:12:34.962 9 WARNING neutron_lib.context [None req-631628a6-c633-47bf-87a6-f7ebad81a15c eac86baa45c048a8911591d8ada59f42 463310295e234401807017a298efe068 - - default default] Method 'is_advsvc' is deprecated since 2023.2 release (neutron-lib 3.8.0) and will be removed once support for the old RBAC API policies will be removed from Neutron. Please use method 'is_service_role' instead.
2026-06-15 21:12:35.117 10 INFO neutron.api.wsgi [None req-3dfddf71-a669-42a9-b7a4-b38cedf8625f a3ea93befd754a618602e16b9f998c5f c0e83b85323b40f4853ba0f176a59c3d - - default default] 10.0.0.47 "DELETE /v2.0/security-groups/f2627e2a-fdc9-4b38-93fc-4009434b9539 HTTP/1.1" status: 204 len: 168 time: 0.2316787
2026-06-15 21:12:35.161 9 WARNING neutron.scheduler.dhcp_agent_scheduler [None req-631628a6-c633-47bf-87a6-f7ebad81a15c eac86baa45c048a8911591d8ada59f42 463310295e234401807017a298efe068 - - default default] No more DHCP agents
2026-06-15 21:12:35.162 9 WARNING neutron.api.rpc.agentnotifiers.dhcp_rpc_agent_api [None req-631628a6-c633-47bf-87a6-f7ebad81a15c eac86baa45c048a8911591d8ada59f42 463310295e234401807017a298efe068 - - default default] Unable to schedule network 88aaf100-64b0-4cab-939a-f9ee09172fbf: no agents available; will retry on subsequent port and subnet creation events.
2026-06-15 21:12:35.207 10 INFO neutron.api.wsgi [req-8dcd5917-e1a6-41ee-beb3-44b85c4dfb73 req-08631347-6336-4e40-8a5e-b2232365e44d 34b4af8c5d2a4177b71ca0e31823f8c5 65c5456ae2204f3780c01f4df4527958 - - default default] 199.19.213.132 "GET /v2.0/ports?device_id=e87911d6-3b12-43bf-8728-659180e031c8 HTTP/1.1" status: 200 len: 1168 time: 0.0394313
2026-06-15 21:12:35.544 10 INFO neutron.db.l3_db [req-8dcd5917-e1a6-41ee-beb3-44b85c4dfb73 req-a562cb0c-04d7-4291-b649-b2fd7a743941 34b4af8c5d2a4177b71ca0e31823f8c5 65c5456ae2204f3780c01f4df4527958 - - default default] Floating IP 377d541a-fa7b-4132-b119-5e10893213dc disassociated. External IP: 10.96.250.207, port: 895bbc58-0096-4566-a00d-66e6d25574da.
2026-06-15 21:12:35.639 9 INFO neutron.db.ovn_revision_numbers_db [None req-2bfeac89-d6cf-4015-8686-4b10b654b9ef - - - - - -] Successfully bumped revision number for resource 1bbf4019-d7d6-4df8-9e05-03e58547acea (type: ports) to 2
2026-06-15 21:12:35.671 10 INFO neutron.api.wsgi [req-8dcd5917-e1a6-41ee-beb3-44b85c4dfb73 req-a562cb0c-04d7-4291-b649-b2fd7a743941 34b4af8c5d2a4177b71ca0e31823f8c5 65c5456ae2204f3780c01f4df4527958 - - default default] 199.19.213.132 "DELETE /v2.0/ports/895bbc58-0096-4566-a00d-66e6d25574da HTTP/1.1" status: 204 len: 173 time: 0.4579396
2026-06-15 21:12:35.677 9 INFO neutron.db.ovn_revision_numbers_db [None req-2bfeac89-d6cf-4015-8686-4b10b654b9ef - - - - - -] Successfully bumped revision number for resource 4c9cced4-f7c3-43b8-b889-aa489c12c7a3 (type: subnets) to 0
2026-06-15 21:12:35.692 9 INFO neutron.api.wsgi [req-a8fe5466-1708-4fc7-826d-5f34843d051f req-caff2651-3218-4e16-87aa-950b11f30cfc 75996aede94b48858285dc3bbce4f323 8c24e5fb3fac4c5cb9db8061163aa2f3 - - default default] 10.0.0.201 "GET /v2.0/ports?device_id=ef481b95-f4ab-438c-b125-372ae85b91d8 HTTP/1.1" status: 200 len: 1170 time: 0.0821009
2026-06-15 21:12:35.696 9 INFO neutron.api.wsgi [None req-631628a6-c633-47bf-87a6-f7ebad81a15c eac86baa45c048a8911591d8ada59f42 463310295e234401807017a298efe068 - - default default] 10.0.0.47 "POST /v2.0/subnets HTTP/1.1" status: 201 len: 825 time: 0.7398603 /var/lib/openstack/lib/python3.12/site-packages/pycadf/identifier.py:71: UserWarning: Invalid uuid: neutron. To ensure interoperability, identifiers should be a valid uuid. warnings.warn(('Invalid uuid: %s. To ensure interoperability, '
2026-06-15 21:12:35.709 10 WARNING neutron_lib.context [None req-5e96b969-cf5a-4d82-af48-18be298a4ff0 eac86baa45c048a8911591d8ada59f42 463310295e234401807017a298efe068 - - default default] Method 'is_advsvc' is deprecated since 2023.2 release (neutron-lib 3.8.0) and will be removed once support for the old RBAC API policies will be removed from Neutron. Please use method 'is_service_role' instead.
2026-06-15 21:12:35.730 9 INFO neutron.api.wsgi [req-a8fe5466-1708-4fc7-826d-5f34843d051f req-86e55262-7abb-4c3c-9aaf-fc3dbfd6cb0d 75996aede94b48858285dc3bbce4f323 8c24e5fb3fac4c5cb9db8061163aa2f3 - - default default] 10.0.0.201 "GET /v2.0/security-groups?id=403e9ca5-59f0-49ef-94af-fb4b5cbeb922&fields=id&fields=name HTTP/1.1" status: 200 len: 286 time: 0.0311530
2026-06-15 21:12:35.828 9 INFO neutron.api.wsgi [req-7952c389-c72f-444c-a671-acae6e9de914 req-e61092f3-8b19-4823-959c-aca434ff16cd 34b4af8c5d2a4177b71ca0e31823f8c5 65c5456ae2204f3780c01f4df4527958 - - default default] 10.0.0.201 "GET /v2.0/ports?device_id=e87911d6-3b12-43bf-8728-659180e031c8 HTTP/1.1" status: 200 len: 210 time: 0.0241876
2026-06-15 21:12:35.830 10 INFO neutron.db.ovn_revision_numbers_db [None req-5e96b969-cf5a-4d82-af48-18be298a4ff0 eac86baa45c048a8911591d8ada59f42 463310295e234401807017a298efe068 - - default default] Successfully bumped revision number for resource 3612c7d7-a6e2-4c9d-a663-0b42d221568a (type: routers) to 1
2026-06-15 21:12:35.854 10 INFO neutron.api.wsgi [None req-5e96b969-cf5a-4d82-af48-18be298a4ff0 eac86baa45c048a8911591d8ada59f42 463310295e234401807017a298efe068 - - default default] 10.0.0.47 "POST /v2.0/routers HTTP/1.1" status: 201 len: 802 time: 0.1517107
2026-06-15 21:12:36.338 10 WARNING neutron.scheduler.dhcp_agent_scheduler [None req-33037cc2-52ee-4c4c-ab46-acc8573f3b84 eac86baa45c048a8911591d8ada59f42 463310295e234401807017a298efe068 - - default default] No more DHCP agents
2026-06-15 21:12:36.340 10 WARNING neutron.api.rpc.agentnotifiers.dhcp_rpc_agent_api [None req-33037cc2-52ee-4c4c-ab46-acc8573f3b84 eac86baa45c048a8911591d8ada59f42 463310295e234401807017a298efe068 - - default default] Unable to schedule network 17e9461f-c2b3-479b-a34e-1d7299355f39: no agents available; will retry on subsequent port and subnet creation events.
2026-06-15 21:12:36.474 10 INFO neutron.db.ovn_revision_numbers_db [None req-33037cc2-52ee-4c4c-ab46-acc8573f3b84 eac86baa45c048a8911591d8ada59f42 463310295e234401807017a298efe068 - - default default] Successfully bumped revision number for resource 54c7c116-0903-4c20-ba6e-d04c75a855e1 (type: ports) to 1
2026-06-15 21:12:36.490 10 INFO neutron.notifiers.nova [-] Nova event matching ['req-e692f0e0-431e-4178-92e0-66afbd438a6e'] response: {'server_uuid': 'ef481b95-f4ab-438c-b125-372ae85b91d8', 'name': 'network-vif-plugged', 'status': 'completed', 'tag': '3f810f1f-d5f1-41be-a4e7-70a751bfd152', 'code': 200}
2026-06-15 21:12:36.490 10 INFO neutron.notifiers.nova [-] Nova event matching ['req-e692f0e0-431e-4178-92e0-66afbd438a6e'] response: {'server_uuid': 'ef481b95-f4ab-438c-b125-372ae85b91d8', 'name': 'network-vif-plugged', 'status': 'completed', 'tag': '3f810f1f-d5f1-41be-a4e7-70a751bfd152', 'code': 200}
2026-06-15 21:12:36.490 10 INFO neutron.notifiers.nova [-] Nova event matching ['req-e692f0e0-431e-4178-92e0-66afbd438a6e'] response: {'server_uuid': 'e87911d6-3b12-43bf-8728-659180e031c8', 'name': 'network-vif-deleted', 'tag': '895bbc58-0096-4566-a00d-66e6d25574da', 'status': 'completed', 'code': 200}
2026-06-15 21:12:36.835 9 INFO neutron.api.wsgi [req-31d3ef16-2770-4ac8-9a50-59be9bf242e0 req-c00d2db5-20e4-41fa-ba03-ce9b11230a61 75996aede94b48858285dc3bbce4f323 8c24e5fb3fac4c5cb9db8061163aa2f3 - - default default] 10.0.0.201 "GET /v2.0/ports?device_id=ef481b95-f4ab-438c-b125-372ae85b91d8 HTTP/1.1" status: 200 len: 1170 time: 0.0402389
2026-06-15 21:12:36.897 9 INFO neutron.api.wsgi [req-31d3ef16-2770-4ac8-9a50-59be9bf242e0 req-d51d57e2-6ecc-4c03-8bca-aa4b64fbfe31 75996aede94b48858285dc3bbce4f323 8c24e5fb3fac4c5cb9db8061163aa2f3 - - default default] 10.0.0.201 "GET /v2.0/security-groups?id=403e9ca5-59f0-49ef-94af-fb4b5cbeb922&fields=id&fields=name HTTP/1.1" status: 200 len: 286 time: 0.0545566
2026-06-15 21:12:36.934 9 INFO neutron.api.wsgi [req-8225dcbe-abcd-43ec-98d4-9a3f5dce675d req-492c1b3b-9048-4c4d-9dfa-48b4fc21f0a7 34b4af8c5d2a4177b71ca0e31823f8c5 65c5456ae2204f3780c01f4df4527958 - - default default] 10.0.0.201 "GET /v2.0/ports?device_id=e87911d6-3b12-43bf-8728-659180e031c8 HTTP/1.1" status: 200 len: 210 time: 0.0162113
2026-06-15 21:12:37.005 10 INFO neutron.plugins.ml2.drivers.ovn.mech_driver.mech_driver [None req-7580cbcc-1c11-4a24-b321-16f72bcc0f63 - - - - - -] OVN reports status up for port: 54c7c116-0903-4c20-ba6e-d04c75a855e1
2026-06-15 21:12:37.012 10 INFO neutron.plugins.ml2.plugin [None req-7580cbcc-1c11-4a24-b321-16f72bcc0f63 - - - - - -] Attempt 1 to provision port 54c7c116-0903-4c20-ba6e-d04c75a855e1
2026-06-15 21:12:37.032 10 INFO neutron.db.ovn_revision_numbers_db [None req-33037cc2-52ee-4c4c-ab46-acc8573f3b84 eac86baa45c048a8911591d8ada59f42 463310295e234401807017a298efe068 - - default default] Successfully bumped revision number for resource 54c7c116-0903-4c20-ba6e-d04c75a855e1 (type: ports) to 1
2026-06-15 21:12:37.128 10 WARNING neutron.scheduler.dhcp_agent_scheduler [None req-33037cc2-52ee-4c4c-ab46-acc8573f3b84 eac86baa45c048a8911591d8ada59f42 463310295e234401807017a298efe068 - - default default] No more DHCP agents
2026-06-15 21:12:37.130 10 WARNING neutron.api.rpc.agentnotifiers.dhcp_rpc_agent_api [None req-33037cc2-52ee-4c4c-ab46-acc8573f3b84 eac86baa45c048a8911591d8ada59f42 463310295e234401807017a298efe068 - - default default] Unable to schedule network 17e9461f-c2b3-479b-a34e-1d7299355f39: no agents available; will retry on subsequent port and subnet creation events.
2026-06-15 21:12:37.683 10 INFO neutron.db.ovn_revision_numbers_db [None req-33037cc2-52ee-4c4c-ab46-acc8573f3b84 eac86baa45c048a8911591d8ada59f42 463310295e234401807017a298efe068 - - default default] Successfully bumped revision number for resource 54c7c116-0903-4c20-ba6e-d04c75a855e1 (type: router_ports) to 1
2026-06-15 21:12:37.688 10 INFO neutron.api.wsgi [None req-33037cc2-52ee-4c4c-ab46-acc8573f3b84 eac86baa45c048a8911591d8ada59f42 463310295e234401807017a298efe068 - - default default] 10.0.0.47 "PUT /v2.0/routers/3612c7d7-a6e2-4c9d-a663-0b42d221568a/add_router_interface HTTP/1.1" status: 200 len: 503 time: 1.8274508
2026-06-15 21:12:37.737 9 INFO neutron.api.wsgi [None req-d61c6243-476e-4729-a780-650ecf42e476 eac86baa45c048a8911591d8ada59f42 463310295e234401807017a298efe068 - - default default] 10.0.0.47 "GET /v2.0/ports/54c7c116-0903-4c20-ba6e-d04c75a855e1 HTTP/1.1" status: 200 len: 1137 time: 0.0376031
2026-06-15 21:12:37.833 10 INFO neutron.db.ovn_revision_numbers_db [None req-7580cbcc-1c11-4a24-b321-16f72bcc0f63 - - - - - -] Successfully bumped revision number for resource 54c7c116-0903-4c20-ba6e-d04c75a855e1 (type: ports) to 2
2026-06-15 21:12:37.984 9 INFO neutron.api.wsgi [req-30e97007-ffb0-4574-8ccb-a31d89959bd0 req-bb7ab9ba-5c99-49d3-b238-fe09ea035aa2 75996aede94b48858285dc3bbce4f323 8c24e5fb3fac4c5cb9db8061163aa2f3 - - default default] 10.0.0.201 "GET /v2.0/ports?device_id=ef481b95-f4ab-438c-b125-372ae85b91d8 HTTP/1.1" status: 200 len: 1170 time: 0.0329740
2026-06-15 21:12:38.024 9 INFO neutron.api.wsgi [req-30e97007-ffb0-4574-8ccb-a31d89959bd0 req-4f17b1a7-9ad4-496c-99e2-b576863f7626 75996aede94b48858285dc3bbce4f323 8c24e5fb3fac4c5cb9db8061163aa2f3 - - default default] 10.0.0.201 "GET /v2.0/security-groups?id=403e9ca5-59f0-49ef-94af-fb4b5cbeb922&fields=id&fields=name HTTP/1.1" status: 200 len: 286 time: 0.0364218
2026-06-15 21:12:38.035 9 INFO neutron.api.wsgi [req-425b5cb3-c52e-4608-8bab-5bf11863c721 req-a625e563-d432-4ac4-ac29-2d23eb6fed9a 34b4af8c5d2a4177b71ca0e31823f8c5 65c5456ae2204f3780c01f4df4527958 - - default default] 10.0.0.201 "GET /v2.0/ports?device_id=e87911d6-3b12-43bf-8728-659180e031c8 HTTP/1.1" status: 200 len: 210 time: 0.0241225
2026-06-15 21:12:38.251 10 WARNING neutron.scheduler.dhcp_agent_scheduler [None req-5bacdbb8-59ad-496d-980d-13ed358ee877 eac86baa45c048a8911591d8ada59f42 463310295e234401807017a298efe068 - - default default] No more DHCP agents
2026-06-15 21:12:38.252 10 WARNING neutron.api.rpc.agentnotifiers.dhcp_rpc_agent_api [None req-5bacdbb8-59ad-496d-980d-13ed358ee877 eac86baa45c048a8911591d8ada59f42 463310295e234401807017a298efe068 - - default default] Unable to schedule network 88aaf100-64b0-4cab-939a-f9ee09172fbf: no agents available; will retry on subsequent port and subnet creation events.
2026-06-15 21:12:38.407 10 INFO neutron.db.ovn_revision_numbers_db [None req-5bacdbb8-59ad-496d-980d-13ed358ee877 eac86baa45c048a8911591d8ada59f42 463310295e234401807017a298efe068 - - default default] Successfully bumped revision number for resource 7cb549d6-51df-4c12-b610-26bf685c9e81 (type: ports) to 1
2026-06-15 21:12:38.413 9 INFO neutron.api.wsgi [req-80c7182a-3bd8-4881-8e1f-06bc6333c8f4 req-fdc53813-7229-4b3d-b3ed-d233c6585e04 75996aede94b48858285dc3bbce4f323 8c24e5fb3fac4c5cb9db8061163aa2f3 - - default default] 10.0.0.201 "GET /v2.0/ports?device_id=ef481b95-f4ab-438c-b125-372ae85b91d8 HTTP/1.1" status: 200 len: 1170 time: 0.0421257
2026-06-15 21:12:38.465 9 INFO neutron.api.wsgi [req-80c7182a-3bd8-4881-8e1f-06bc6333c8f4 req-387ee266-b6df-4af0-8ec9-351d30ad34ca 75996aede94b48858285dc3bbce4f323 8c24e5fb3fac4c5cb9db8061163aa2f3 - - default default] 10.0.0.201 "GET /v2.0/security-groups?id=403e9ca5-59f0-49ef-94af-fb4b5cbeb922&fields=id&fields=name HTTP/1.1" status: 200 len: 286 time: 0.0435028
2026-06-15 21:12:38.660 9 INFO neutron.api.wsgi [None req-271f69b8-4aba-489e-be7f-2fb5e72bc427 a3ea93befd754a618602e16b9f998c5f c0e83b85323b40f4853ba0f176a59c3d - - default default] 10.0.0.121 "GET /v2.0/networks HTTP/1.1" status: 200 len: 5363 time: 0.3013377
2026-06-15 21:12:38.714 9 INFO neutron.api.wsgi [None req-bdee6227-3663-4d9f-bcfa-374822ebe3fe a3ea93befd754a618602e16b9f998c5f c0e83b85323b40f4853ba0f176a59c3d - - default default] 10.0.0.121 "GET /v2.0/subnets HTTP/1.1" status: 200 len: 4123 time: 0.0501416
2026-06-15 21:12:38.826 9 INFO neutron.api.wsgi [None req-53d01450-0914-4fe7-8fe3-5a2dd9feb5b1 a3ea93befd754a618602e16b9f998c5f c0e83b85323b40f4853ba0f176a59c3d - - default default] 10.0.0.121 "GET /v2.0/ports HTTP/1.1" status: 200 len: 18200 time: 0.0936439
2026-06-15 21:12:38.948 9 INFO neutron.api.wsgi [None req-37f27e27-295b-49b6-8858-64c4b8bf6550 a3ea93befd754a618602e16b9f998c5f c0e83b85323b40f4853ba0f176a59c3d - - default default] 10.0.0.121 "GET /v2.0/routers HTTP/1.1" status: 200 len: 2739 time: 0.1088004
2026-06-15 21:12:38.967 9 INFO neutron.api.wsgi [None req-038dee6d-914a-4b56-b481-ac8a91c748c9 a3ea93befd754a618602e16b9f998c5f c0e83b85323b40f4853ba0f176a59c3d - - default default] 10.0.0.121 "GET /v2.0/agents?binary=ovn-controller HTTP/1.1" status: 200 len: 591 time: 0.0173347
2026-06-15 21:12:38.992 9 INFO neutron.api.wsgi [None req-636e53ea-734d-4cab-a8ed-4a1fa987d8f6 a3ea93befd754a618602e16b9f998c5f c0e83b85323b40f4853ba0f176a59c3d - - default default] 10.0.0.121 "GET /v2.0/floatingips HTTP/1.1" status: 200 len: 730 time: 0.0241120
2026-06-15 21:12:39.051 9 INFO neutron.api.wsgi [None req-b99d6136-d9f1-4e1f-8e98-98d3cd68bbcf a3ea93befd754a618602e16b9f998c5f c0e83b85323b40f4853ba0f176a59c3d - - default default] 10.0.0.121 "GET /v2.0/security-groups HTTP/1.1" status: 200 len: 29152 time: 0.0583551
2026-06-15 21:12:39.079 9 INFO neutron.api.wsgi [None req-694f1e50-1757-4659-bb32-9680e434b480 a3ea93befd754a618602e16b9f998c5f c0e83b85323b40f4853ba0f176a59c3d - - default default] 10.0.0.121 "GET /v2.0/network-ip-availabilities HTTP/1.1" status: 200 len: 3079 time: 0.0189936
2026-06-15 21:12:39.097 9 INFO neutron.plugins.ml2.drivers.ovn.mech_driver.mech_driver [None req-1f052985-60e5-4693-9c84-c6dfa5e0b207 - - - - - -] OVN reports status up for port: 7cb549d6-51df-4c12-b610-26bf685c9e81
2026-06-15 21:12:39.109 9 INFO neutron.plugins.ml2.plugin [None req-1f052985-60e5-4693-9c84-c6dfa5e0b207 - - - - - -] Attempt 1 to provision port 7cb549d6-51df-4c12-b610-26bf685c9e81
2026-06-15 21:12:39.133 9 INFO neutron.api.wsgi [None req-e1c7f2f9-3674-4769-a2c7-149480a9e35b a3ea93befd754a618602e16b9f998c5f c0e83b85323b40f4853ba0f176a59c3d - - default default] 10.0.0.121 "GET /v2.0/subnets HTTP/1.1" status: 200 len: 4123 time: 0.0528185
2026-06-15 21:12:39.134 10 INFO neutron.db.ovn_revision_numbers_db [None req-5bacdbb8-59ad-496d-980d-13ed358ee877 eac86baa45c048a8911591d8ada59f42 463310295e234401807017a298efe068 - - default default] Successfully bumped revision number for resource 7cb549d6-51df-4c12-b610-26bf685c9e81 (type: ports) to 1
2026-06-15 21:12:39.151 9 INFO neutron.api.wsgi [None req-07f503a9-2bdb-4dd3-bf94-39e20ad707dc a3ea93befd754a618602e16b9f998c5f c0e83b85323b40f4853ba0f176a59c3d - - default default] 10.0.0.121 "GET /v2.0/subnetpools HTTP/1.1" status: 200 len: 193 time: 0.0150862
2026-06-15 21:12:39.181 9 INFO neutron.api.wsgi [None req-ece5704b-ba2d-47f4-87df-dd9c4babee62 a3ea93befd754a618602e16b9f998c5f c0e83b85323b40f4853ba0f176a59c3d - - default default] 10.0.0.121 "GET /v2.0/agents HTTP/1.1" status: 200 len: 1390 time: 0.0284517
2026-06-15 21:12:39.247 10 WARNING neutron.scheduler.dhcp_agent_scheduler [None req-5bacdbb8-59ad-496d-980d-13ed358ee877 eac86baa45c048a8911591d8ada59f42 463310295e234401807017a298efe068 - - default default] No more DHCP agents
2026-06-15 21:12:39.251 10 WARNING neutron.api.rpc.agentnotifiers.dhcp_rpc_agent_api [None req-5bacdbb8-59ad-496d-980d-13ed358ee877 eac86baa45c048a8911591d8ada59f42 463310295e234401807017a298efe068 - - default default] Unable to schedule network 88aaf100-64b0-4cab-939a-f9ee09172fbf: no agents available; will retry on subsequent port and subnet creation events.
2026-06-15 21:12:39.383 10 INFO neutron.api.wsgi [None req-99bd5c21-11eb-472e-9e2e-1c4700b155e2 34b4af8c5d2a4177b71ca0e31823f8c5 65c5456ae2204f3780c01f4df4527958 - - default default] 10.0.0.47 "DELETE /v2.0/security-groups/b5c316ce-8862-44a4-813f-8872c425ef75 HTTP/1.1" status: 204 len: 168 time: 0.2365260
2026-06-15 21:12:39.400 10 INFO neutron.api.v2.resource [None req-e93b93fd-b200-4dbe-933e-978763d3e092 34b4af8c5d2a4177b71ca0e31823f8c5 65c5456ae2204f3780c01f4df4527958 - - default default] show failed (client error): The resource could not be found.
2026-06-15 21:12:39.401 10 INFO neutron.api.wsgi [None req-e93b93fd-b200-4dbe-933e-978763d3e092 34b4af8c5d2a4177b71ca0e31823f8c5 65c5456ae2204f3780c01f4df4527958 - - default default] 10.0.0.47 "GET /v2.0/security-groups/b5c316ce-8862-44a4-813f-8872c425ef75 HTTP/1.1" status: 404 len: 347 time: 0.0123684
2026-06-15 21:12:39.498 10 INFO neutron.db.ovn_revision_numbers_db [None req-5bacdbb8-59ad-496d-980d-13ed358ee877 eac86baa45c048a8911591d8ada59f42 463310295e234401807017a298efe068 - - default default] Successfully bumped revision number for resource 7cb549d6-51df-4c12-b610-26bf685c9e81 (type: router_ports) to 1
2026-06-15 21:12:39.505 10 INFO neutron.api.wsgi [None req-5bacdbb8-59ad-496d-980d-13ed358ee877 eac86baa45c048a8911591d8ada59f42 463310295e234401807017a298efe068 - - default default] 10.0.0.47 "PUT /v2.0/routers/3612c7d7-a6e2-4c9d-a663-0b42d221568a/add_router_interface HTTP/1.1" status: 200 len: 503 time: 1.7613530
2026-06-15 21:12:39.576 9 INFO neutron.api.wsgi [None req-ae37ee31-c7fb-47c0-a4a1-cf884e503299 eac86baa45c048a8911591d8ada59f42 463310295e234401807017a298efe068 - - default default] 10.0.0.47 "GET /v2.0/ports/7cb549d6-51df-4c12-b610-26bf685c9e81 HTTP/1.1" status: 200 len: 1137 time: 0.0563691
2026-06-15 21:12:39.602 9 INFO neutron.api.wsgi [req-cde7a745-c216-4571-a580-5d7a589843ca req-6ca12cb5-994c-4d8b-8aa4-85aad75c8bec 75996aede94b48858285dc3bbce4f323 8c24e5fb3fac4c5cb9db8061163aa2f3 - - default default] 10.0.0.201 "GET /v2.0/ports?device_id=ef481b95-f4ab-438c-b125-372ae85b91d8 HTTP/1.1" status: 200 len: 1170 time: 0.0653038
2026-06-15 21:12:39.632 9 INFO neutron.db.ovn_revision_numbers_db [None req-1f052985-60e5-4693-9c84-c6dfa5e0b207 - - - - - -] Successfully bumped revision number for resource 7cb549d6-51df-4c12-b610-26bf685c9e81 (type: ports) to 2
2026-06-15 21:12:39.672 9 INFO neutron.api.wsgi [req-cde7a745-c216-4571-a580-5d7a589843ca req-d8f891ed-1704-42ee-8ce4-982551812ec9 75996aede94b48858285dc3bbce4f323 8c24e5fb3fac4c5cb9db8061163aa2f3 - - default default] 10.0.0.201 "GET /v2.0/security-groups?id=403e9ca5-59f0-49ef-94af-fb4b5cbeb922&fields=id&fields=name HTTP/1.1" status: 200 len: 286 time: 0.0549428
2026-06-15 21:12:39.678 10 INFO neutron.api.wsgi [None req-166bc993-446f-41ef-9473-ab79efc554a9 eac86baa45c048a8911591d8ada59f42 463310295e234401807017a298efe068 - - default default] 10.0.0.47 "GET /v2.0/ports/7cb549d6-51df-4c12-b610-26bf685c9e81 HTTP/1.1" status: 200 len: 1137 time: 0.0954797
2026-06-15 21:12:39.738 10 INFO neutron.api.wsgi [None req-f6c0e08a-8268-4843-ad72-5d1230e1ffe2 34b4af8c5d2a4177b71ca0e31823f8c5 65c5456ae2204f3780c01f4df4527958 - - default default] 10.0.0.47 "DELETE /v2.0/floatingips/377d541a-fa7b-4132-b119-5e10893213dc HTTP/1.1" status: 204 len: 168 time: 0.3310606
2026-06-15 21:12:39.773 9 INFO neutron.api.wsgi [-] 10.0.0.254 "GET / HTTP/1.1" status: 200 len: 247 time: 0.0020783
2026-06-15 21:12:39.773 10 INFO neutron.api.wsgi [-] 10.0.0.254 "GET / HTTP/1.1" status: 200 len: 247 time: 0.0025375
2026-06-15 21:12:40.235 10 INFO neutron.api.wsgi [req-66827398-df9d-47d2-9cc9-6240e5e85db0 req-a8452c5e-64d0-442f-aff8-8a1a8bef682b 75996aede94b48858285dc3bbce4f323 8c24e5fb3fac4c5cb9db8061163aa2f3 - - default default] 199.19.213.132 "GET /v2.0/ports?device_id=ef481b95-f4ab-438c-b125-372ae85b91d8 HTTP/1.1" status: 200 len: 1170 time: 0.1221819
2026-06-15 21:12:40.424 9 INFO neutron.api.wsgi [None req-085f5d0e-e670-4122-9b54-7dad78844e55 eac86baa45c048a8911591d8ada59f42 463310295e234401807017a298efe068 - - default default] 10.0.0.47 "PUT /v2.0/routers/3612c7d7-a6e2-4c9d-a663-0b42d221568a/remove_router_interface HTTP/1.1" status: 200 len: 503 time: 0.7378821 /var/lib/openstack/lib/python3.12/site-packages/pycadf/identifier.py:71: UserWarning: Invalid uuid: neutron. To ensure interoperability, identifiers should be a valid uuid. warnings.warn(('Invalid uuid: %s. To ensure interoperability, '
2026-06-15 21:12:40.508 9 INFO neutron.api.wsgi [None req-748f52aa-4288-43aa-8c77-5ee08efacea5 eac86baa45c048a8911591d8ada59f42 463310295e234401807017a298efe068 - - default default] 10.0.0.47 "GET /v2.0/ports/54c7c116-0903-4c20-ba6e-d04c75a855e1 HTTP/1.1" status: 200 len: 1137 time: 0.0728154
2026-06-15 21:12:40.623 10 INFO neutron.api.wsgi [req-66827398-df9d-47d2-9cc9-6240e5e85db0 req-2e040a87-d685-4b9a-a74e-3bf18a57617f 75996aede94b48858285dc3bbce4f323 8c24e5fb3fac4c5cb9db8061163aa2f3 - - default default] 199.19.213.132 "DELETE /v2.0/ports/3f810f1f-d5f1-41be-a4e7-70a751bfd152 HTTP/1.1" status: 204 len: 173 time: 0.3818929
2026-06-15 21:12:40.668 10 INFO neutron.notifiers.nova [-] Nova event matching ['req-cd8993d5-ac6d-4922-ae8c-a2a8c8f9fe19'] response: {'server_uuid': 'ef481b95-f4ab-438c-b125-372ae85b91d8', 'name': 'network-vif-deleted', 'tag': '3f810f1f-d5f1-41be-a4e7-70a751bfd152', 'status': 'completed', 'code': 200}
2026-06-15 21:12:40.763 9 INFO neutron.api.wsgi [req-370a376b-2aae-40e4-932c-82b8b76b0e8d req-93e08f42-6063-437a-b364-22323bcbb837 75996aede94b48858285dc3bbce4f323 8c24e5fb3fac4c5cb9db8061163aa2f3 - - default default] 10.0.0.201 "GET /v2.0/ports?device_id=ef481b95-f4ab-438c-b125-372ae85b91d8 HTTP/1.1" status: 200 len: 210 time: 0.0189447
2026-06-15 21:12:41.106 10 INFO neutron.api.wsgi [None req-2e5630a7-b448-45d2-b46e-c1287d3c79de a3ea93befd754a618602e16b9f998c5f c0e83b85323b40f4853ba0f176a59c3d - - default default] 10.0.0.47 "PUT /v2.0/routers/00f607cf-34fe-4756-8926-c0f4530b7661/remove_router_interface HTTP/1.1" status: 200 len: 503 time: 1.2768877 /var/lib/openstack/lib/python3.12/site-packages/pycadf/identifier.py:71: UserWarning: Invalid uuid: neutron. To ensure interoperability, identifiers should be a valid uuid. warnings.warn(('Invalid uuid: %s. To ensure interoperability, '
2026-06-15 21:12:41.235 9 INFO neutron.api.wsgi [None req-85bff6fd-957e-444f-810f-6801205a5de8 eac86baa45c048a8911591d8ada59f42 463310295e234401807017a298efe068 - - default default] 10.0.0.47 "PUT /v2.0/routers/3612c7d7-a6e2-4c9d-a663-0b42d221568a/remove_router_interface HTTP/1.1" status: 200 len: 503 time: 0.7219718 /var/lib/openstack/lib/python3.12/site-packages/pycadf/identifier.py:71: UserWarning: Invalid uuid: neutron. To ensure interoperability, identifiers should be a valid uuid. warnings.warn(('Invalid uuid: %s. To ensure interoperability, '
2026-06-15 21:12:41.257 9 INFO neutron.api.wsgi [None req-85fde619-3970-4d4b-8d24-eea6c2c37eed eac86baa45c048a8911591d8ada59f42 463310295e234401807017a298efe068 - - default default] 10.0.0.47 "GET /v2.0/ports?device_id=3612c7d7-a6e2-4c9d-a663-0b42d221568a HTTP/1.1" status: 200 len: 205 time: 0.0173118
2026-06-15 21:12:41.449 9 INFO neutron.api.wsgi [None req-70a5430f-5aa4-4e23-98ae-3e70668605a9 eac86baa45c048a8911591d8ada59f42 463310295e234401807017a298efe068 - - default default] 10.0.0.47 "DELETE /v2.0/routers/3612c7d7-a6e2-4c9d-a663-0b42d221568a HTTP/1.1" status: 204 len: 168 time: 0.1850290
2026-06-15 21:12:41.774 9 INFO neutron.api.wsgi [None req-c92f486a-ec98-43d2-b189-226ec859c720 eac86baa45c048a8911591d8ada59f42 463310295e234401807017a298efe068 - - default default] 10.0.0.47 "DELETE /v2.0/subnets/4c9cced4-f7c3-43b8-b889-aa489c12c7a3 HTTP/1.1" status: 204 len: 168 time: 0.3204176
2026-06-15 21:12:41.886 9 INFO neutron.api.wsgi [req-b65753c2-058e-4d1e-83fb-e9266f779064 req-41da9302-641c-42fb-9c1f-f6f8afc8ddbb 75996aede94b48858285dc3bbce4f323 8c24e5fb3fac4c5cb9db8061163aa2f3 - - default default] 10.0.0.201 "GET /v2.0/ports?device_id=ef481b95-f4ab-438c-b125-372ae85b91d8 HTTP/1.1" status: 200 len: 210 time: 0.0368764
2026-06-15 21:12:41.966 10 INFO neutron.api.wsgi [None req-d971f1d0-31ae-47d8-935d-f78ee587dd45 a3ea93befd754a618602e16b9f998c5f c0e83b85323b40f4853ba0f176a59c3d - - default default] 10.0.0.47 "DELETE /v2.0/routers/00f607cf-34fe-4756-8926-c0f4530b7661 HTTP/1.1" status: 204 len: 168 time: 0.8549829
2026-06-15 21:12:42.004 10 INFO neutron.db.ovn_revision_numbers_db [None req-3e566b63-bf56-4b7f-ad7d-e53fa1d5ab22 a3ea93befd754a618602e16b9f998c5f c0e83b85323b40f4853ba0f176a59c3d - - default default] Successfully bumped revision number for resource bdf9a30f-ec09-45a5-bc75-3261c12ab805 (type: security_groups) to 1
2026-06-15 21:12:42.018 9 INFO neutron.api.wsgi [None req-88692bb5-132b-4312-a6ae-8bc35c53772b eac86baa45c048a8911591d8ada59f42 463310295e234401807017a298efe068 - - default default] 10.0.0.47 "DELETE /v2.0/subnets/f9ad5516-e6da-4607-bda5-0473d37c2e82 HTTP/1.1" status: 204 len: 168 time: 0.2368374
2026-06-15 21:12:42.020 10 INFO neutron.db.ovn_revision_numbers_db [None req-3e566b63-bf56-4b7f-ad7d-e53fa1d5ab22 a3ea93befd754a618602e16b9f998c5f c0e83b85323b40f4853ba0f176a59c3d - - default default] Successfully bumped revision number for resource 1be1dff5-2e29-4fb7-8fb2-19a2f6cf08c8 (type: security_group_rules) to 0
2026-06-15 21:12:42.035 10 INFO neutron.db.ovn_revision_numbers_db [None req-3e566b63-bf56-4b7f-ad7d-e53fa1d5ab22 a3ea93befd754a618602e16b9f998c5f c0e83b85323b40f4853ba0f176a59c3d - - default default] Successfully bumped revision number for resource 7e08c32f-a658-46d2-aea9-c6f9a8297d1b (type: security_group_rules) to 0
2026-06-15 21:12:42.054 10 INFO neutron.db.ovn_revision_numbers_db [None req-3e566b63-bf56-4b7f-ad7d-e53fa1d5ab22 a3ea93befd754a618602e16b9f998c5f c0e83b85323b40f4853ba0f176a59c3d - - default default] Successfully bumped revision number for resource 9c9db19d-50b9-4c07-8e95-1f47571bf750 (type: security_group_rules) to 0
2026-06-15 21:12:42.072 10 INFO neutron.db.ovn_revision_numbers_db [None req-3e566b63-bf56-4b7f-ad7d-e53fa1d5ab22 a3ea93befd754a618602e16b9f998c5f c0e83b85323b40f4853ba0f176a59c3d - - default default] Successfully bumped revision number for resource e1e7c8a1-1dad-4960-bbb6-efe327338fbb (type: security_group_rules) to 0
2026-06-15 21:12:42.110 10 INFO neutron.api.wsgi [None req-3e566b63-bf56-4b7f-ad7d-e53fa1d5ab22 a3ea93befd754a618602e16b9f998c5f c0e83b85323b40f4853ba0f176a59c3d - - default default] 10.0.0.47 "GET /v2.0/security-groups?tenant_id=67b8cd21131441d39bc61d7b618f112d&name=default HTTP/1.1" status: 200 len: 3120 time: 0.4695697
2026-06-15 21:12:42.182 9 INFO neutron.api.wsgi [None req-0f22b643-3ec9-43f1-af3f-309c39b76a23 a3ea93befd754a618602e16b9f998c5f c0e83b85323b40f4853ba0f176a59c3d - - default default] 10.0.0.47 "DELETE /v2.0/subnets/1f3e045a-3159-4ca0-b212-914a0f6f9354 HTTP/1.1" status: 204 len: 168 time: 0.2117715
2026-06-15 21:12:42.347 9 INFO neutron.services.segments.plugin [-] Segment 62526c2b-e354-4fb2-9e56-43b3608c93ae resource provider aggregate not found
2026-06-15 21:12:42.352 9 INFO neutron.services.segments.plugin [-] Segment 62526c2b-e354-4fb2-9e56-43b3608c93ae resource provider aggregate not found
2026-06-15 21:12:42.362 9 INFO neutron.services.segments.plugin [-] Segment 62526c2b-e354-4fb2-9e56-43b3608c93ae resource provider not found; error: Placement Client Error (4xx): {"errors": [{"status": 404, "title": "Not Found", "detail": "The resource could not be found.\n\n No resource provider with uuid 62526c2b-e354-4fb2-9e56-43b3608c93ae found for delete ", "request_id": "req-96f385e1-e4c7-4db5-919d-a4d2774ce70d"}]}
2026-06-15 21:12:42.375 9 INFO neutron.services.segments.plugin [-] Segment 62526c2b-e354-4fb2-9e56-43b3608c93ae resource provider not found; error: Placement Client Error (4xx): {"errors": [{"status": 404, "title": "Not Found", "detail": "The resource could not be found.\n\n No resource provider with uuid 62526c2b-e354-4fb2-9e56-43b3608c93ae found for delete ", "request_id": "req-8bb8103e-c5a5-47f0-ae1f-c949d03f5d25"}]}
2026-06-15 21:12:42.395 9 INFO neutron.api.wsgi [None req-3a8aca24-843c-4d3f-98d1-dd0d113475f8 eac86baa45c048a8911591d8ada59f42 463310295e234401807017a298efe068 - - default default] 10.0.0.47 "DELETE /v2.0/networks/88aaf100-64b0-4cab-939a-f9ee09172fbf HTTP/1.1" status: 204 len: 168 time: 0.3718309
2026-06-15 21:12:42.399 10 INFO neutron.api.wsgi [None req-5eef0a26-bc5d-4af7-8b1e-98aa56d44970 a3ea93befd754a618602e16b9f998c5f c0e83b85323b40f4853ba0f176a59c3d - - default default] 10.0.0.47 "DELETE /v2.0/security-groups/bdf9a30f-ec09-45a5-bc75-3261c12ab805 HTTP/1.1" status: 204 len: 168 time: 0.2827895
2026-06-15 21:12:42.594 10 INFO neutron.services.segments.plugin [-] Segment b6865e04-fc60-4e38-8a9e-ce67dc50542c resource provider aggregate not found
2026-06-15 21:12:42.598 10 INFO neutron.services.segments.plugin [-] Segment b6865e04-fc60-4e38-8a9e-ce67dc50542c resource provider aggregate not found
2026-06-15 21:12:42.626 10 INFO neutron.services.segments.plugin [-] Segment b6865e04-fc60-4e38-8a9e-ce67dc50542c resource provider not found; error: Placement Client Error (4xx): {"errors": [{"status": 404, "title": "Not Found", "detail": "The resource could not be found.\n\n No resource provider with uuid b6865e04-fc60-4e38-8a9e-ce67dc50542c found for delete ", "request_id": "req-eb39a4c4-2579-43b7-ab45-5e179463bab8"}]}
2026-06-15 21:12:42.626 10 INFO neutron.services.segments.plugin [-] Segment b6865e04-fc60-4e38-8a9e-ce67dc50542c resource provider not found; error: Placement Client Error (4xx): {"errors": [{"status": 404, "title": "Not Found", "detail": "The resource could not be found.\n\n No resource provider with uuid b6865e04-fc60-4e38-8a9e-ce67dc50542c found for delete ", "request_id": "req-37905279-a68c-44cf-b0d9-02d6c4d94328"}]}
2026-06-15 21:12:42.639 10 INFO neutron.api.wsgi [None req-4555466a-b098-4f01-a82c-4546655bb345 a3ea93befd754a618602e16b9f998c5f c0e83b85323b40f4853ba0f176a59c3d - - default default] 10.0.0.47 "DELETE /v2.0/networks/92a8fe0e-72c9-42c0-aee5-b4fec9f1563c HTTP/1.1" status: 204 len: 168 time: 0.4517024
2026-06-15 21:12:42.662 10 INFO neutron.db.ovn_revision_numbers_db [None req-9fd649a4-ab4b-4ffa-9cdd-a8c42fc887bb a3ea93befd754a618602e16b9f998c5f c0e83b85323b40f4853ba0f176a59c3d - - default default] Successfully bumped revision number for resource fd089ee7-7f4c-4bca-8b0a-4e920946b912 (type: security_groups) to 1
2026-06-15 21:12:42.673 10 INFO neutron.db.ovn_revision_numbers_db [None req-9fd649a4-ab4b-4ffa-9cdd-a8c42fc887bb a3ea93befd754a618602e16b9f998c5f c0e83b85323b40f4853ba0f176a59c3d - - default default] Successfully bumped revision number for resource 2fd233f7-9975-44ac-8f76-88a279e52cc8 (type: security_group_rules) to 0
2026-06-15 21:12:42.685 10 INFO neutron.db.ovn_revision_numbers_db [None req-9fd649a4-ab4b-4ffa-9cdd-a8c42fc887bb a3ea93befd754a618602e16b9f998c5f c0e83b85323b40f4853ba0f176a59c3d - - default default] Successfully bumped revision number for resource 7184f1de-9335-42bc-ac6b-aa5782ac6c71 (type: security_group_rules) to 0
2026-06-15 21:12:42.697 10 INFO neutron.db.ovn_revision_numbers_db [None req-9fd649a4-ab4b-4ffa-9cdd-a8c42fc887bb a3ea93befd754a618602e16b9f998c5f c0e83b85323b40f4853ba0f176a59c3d - - default default] Successfully bumped revision number for resource 94ee3d6c-7b1b-435e-bf36-53494a81aebf (type: security_group_rules) to 0
2026-06-15 21:12:42.711 10 INFO neutron.db.ovn_revision_numbers_db [None req-9fd649a4-ab4b-4ffa-9cdd-a8c42fc887bb a3ea93befd754a618602e16b9f998c5f c0e83b85323b40f4853ba0f176a59c3d - - default default] Successfully bumped revision number for resource f8234c3a-93b3-4889-bb4b-2c553c385b19 (type: security_group_rules) to 0
2026-06-15 21:12:42.738 9 INFO neutron.api.wsgi [None req-9982b72c-3751-42a0-9de7-f53f849db150 eac86baa45c048a8911591d8ada59f42 463310295e234401807017a298efe068 - - default default] 10.0.0.47 "DELETE /v2.0/networks/17e9461f-c2b3-479b-a34e-1d7299355f39 HTTP/1.1" status: 204 len: 168 time: 0.3346360
2026-06-15 21:12:42.752 9 WARNING neutron_lib.context [None req-42c20581-4a46-4081-989e-81de97722e87 eac86baa45c048a8911591d8ada59f42 463310295e234401807017a298efe068 - - default default] Method 'is_advsvc' is deprecated since 2023.2 release (neutron-lib 3.8.0) and will be removed once support for the old RBAC API policies will be removed from Neutron. Please use method 'is_service_role' instead.
2026-06-15 21:12:42.752 10 INFO neutron.api.wsgi [None req-9fd649a4-ab4b-4ffa-9cdd-a8c42fc887bb a3ea93befd754a618602e16b9f998c5f c0e83b85323b40f4853ba0f176a59c3d - - default default] 10.0.0.47 "GET /v2.0/security-groups?tenant_id=55c93b9d97254cdeb6593d6146ef5a6a&name=default HTTP/1.1" status: 200 len: 3120 time: 0.2611578
2026-06-15 21:12:42.839 9 INFO neutron.api.wsgi [None req-af37ff23-144a-4a9d-aa25-eb2d0e91b330 a3ea93befd754a618602e16b9f998c5f c0e83b85323b40f4853ba0f176a59c3d - - default default] 10.0.0.47 "GET /v2.0/security-groups?tenant_id=65c5456ae2204f3780c01f4df4527958&name=default HTTP/1.1" status: 200 len: 3120 time: 0.0345500
2026-06-15 21:12:42.863 9 INFO neutron.db.segments_db [None req-42c20581-4a46-4081-989e-81de97722e87 eac86baa45c048a8911591d8ada59f42 463310295e234401807017a298efe068 - - default default] Added segment 838c8947-6b21-47d9-8e30-dd68a94e6ac5 of type geneve for network 7d3b4715-eca6-4814-bc14-4c0b93e7093e
2026-06-15 21:12:42.926 10 WARNING neutron.plugins.ml2.drivers.ovn.mech_driver.ovsdb.ovn_client [None req-71b81fd7-cb12-491f-8842-cc086b0d2223 - - - - - -] No port found with ID 54c7c116-0903-4c20-ba6e-d04c75a855e1: RuntimeError: No port found with ID 54c7c116-0903-4c20-ba6e-d04c75a855e1
2026-06-15 21:12:42.940 10 INFO neutron.plugins.ml2.drivers.ovn.mech_driver.mech_driver [None req-71b81fd7-cb12-491f-8842-cc086b0d2223 - - - - - -] OVN reports status down for port: 3f810f1f-d5f1-41be-a4e7-70a751bfd152
2026-06-15 21:12:42.997 9 INFO neutron.api.wsgi [req-e2a409b3-e77b-4cf8-86ab-790af2d725a1 req-bd1d6403-b479-4d97-af99-a2466ba449d0 75996aede94b48858285dc3bbce4f323 8c24e5fb3fac4c5cb9db8061163aa2f3 - - default default] 10.0.0.201 "GET /v2.0/ports?device_id=ef481b95-f4ab-438c-b125-372ae85b91d8 HTTP/1.1" status: 200 len: 210 time: 0.0294602
2026-06-15 21:12:43.052 10 INFO neutron.api.wsgi [None req-9ce0d60a-5333-4f73-8f63-4a10861bd23b a3ea93befd754a618602e16b9f998c5f c0e83b85323b40f4853ba0f176a59c3d - - default default] 10.0.0.47 "DELETE /v2.0/security-groups/fd089ee7-7f4c-4bca-8b0a-4e920946b912 HTTP/1.1" status: 204 len: 168 time: 0.2944672
2026-06-15 21:12:43.054 9 INFO neutron.db.ovn_revision_numbers_db [None req-42c20581-4a46-4081-989e-81de97722e87 eac86baa45c048a8911591d8ada59f42 463310295e234401807017a298efe068 - - default default] Successfully bumped revision number for resource 7d3b4715-eca6-4814-bc14-4c0b93e7093e (type: networks) to 1
2026-06-15 21:12:43.195 9 INFO neutron.api.wsgi [None req-e373c953-7df4-4be3-b82f-490c5414f1db a3ea93befd754a618602e16b9f998c5f c0e83b85323b40f4853ba0f176a59c3d - - default default] 10.0.0.47 "DELETE /v2.0/security-groups/2555fa94-b12e-435e-bdd3-0059210cf687 HTTP/1.1" status: 204 len: 168 time: 0.3459935
2026-06-15 21:12:43.247 9 WARNING neutron.scheduler.dhcp_agent_scheduler [None req-42c20581-4a46-4081-989e-81de97722e87 eac86baa45c048a8911591d8ada59f42 463310295e234401807017a298efe068 - - default default] No more DHCP agents
2026-06-15 21:12:43.248 9 WARNING neutron.api.rpc.agentnotifiers.dhcp_rpc_agent_api [None req-42c20581-4a46-4081-989e-81de97722e87 eac86baa45c048a8911591d8ada59f42 463310295e234401807017a298efe068 - - default default] Unable to schedule network 7d3b4715-eca6-4814-bc14-4c0b93e7093e: no agents available; will retry on subsequent port and subnet creation events.
2026-06-15 21:12:43.310 9 INFO neutron.db.ovn_revision_numbers_db [None req-42c20581-4a46-4081-989e-81de97722e87 eac86baa45c048a8911591d8ada59f42 463310295e234401807017a298efe068 - - default default] Successfully bumped revision number for resource 70775cdc-2211-4c26-b8fc-00ea4ea78387 (type: ports) to 1
