2026-06-15 21:11:42.283 9 INFO neutron.plugins.ml2.plugin [None req-9ee9e79e-a5fa-4d35-9387-876ab0ea5693 - - - - - -] Attempt 1 to provision port dcb18825-3e43-4255-9e80-09b8091ef378
2026-06-15 21:11:42.402 10 INFO neutron.db.ovn_revision_numbers_db [None req-4b1935bd-851f-46f4-bd6b-9916fa6fc999 cf1b99041799468aa1c6eb6704d9fe9f 1ddd7a4c5c124d248c0f604fec8f213f - - default default] Successfully bumped revision number for resource 3be7f0c3-fe99-4065-9cc2-82033f9d204b (type: security_group_rules) to 0
2026-06-15 21:11:42.598 9 INFO neutron.api.wsgi [None req-38d308ba-5bcc-4ec7-94f2-5120867576b4 a3ea93befd754a618602e16b9f998c5f c0e83b85323b40f4853ba0f176a59c3d - - default default] 10.0.0.47 "PUT /v2.0/routers/3b04df5e-a3e2-49ed-a460-d05a6edd719a/remove_router_interface HTTP/1.1" status: 200 len: 503 time: 1.7126939
2026-06-15 21:11:42.599 10 INFO neutron.api.wsgi [None req-4b1935bd-851f-46f4-bd6b-9916fa6fc999 cf1b99041799468aa1c6eb6704d9fe9f 1ddd7a4c5c124d248c0f604fec8f213f - - default default] 10.0.0.47 "POST /v2.0/security-group-rules HTTP/1.1" status: 201 len: 801 time: 0.3700037
2026-06-15 21:11:42.609 10 WARNING neutron_lib.context [None req-ca285601-a7a5-41fb-907b-28d946b196b8 cf1b99041799468aa1c6eb6704d9fe9f 1ddd7a4c5c124d248c0f604fec8f213f - - default default] Method 'is_advsvc' is deprecated since 2023.2 release (neutron-lib 3.8.0) and will be removed once support for the old RBAC API policies will be removed from Neutron. Please use method 'is_service_role' instead. /var/lib/openstack/lib/python3.12/site-packages/pycadf/identifier.py:71: UserWarning: Invalid uuid: neutron. To ensure interoperability, identifiers should be a valid uuid. warnings.warn(('Invalid uuid: %s. To ensure interoperability, '
2026-06-15 21:11:42.777 10 INFO neutron.api.wsgi [None req-26aea100-970d-49e0-8a96-5a3ba9f749b0 a3ea93befd754a618602e16b9f998c5f c0e83b85323b40f4853ba0f176a59c3d - - default default] 10.0.0.47 "PUT /v2.0/routers/4d2ae89f-2347-4a76-a970-51dd7bb4d100/remove_router_interface HTTP/1.1" status: 200 len: 503 time: 1.7631257 /var/lib/openstack/lib/python3.12/site-packages/pycadf/identifier.py:71: UserWarning: Invalid uuid: neutron. To ensure interoperability, identifiers should be a valid uuid. warnings.warn(('Invalid uuid: %s. To ensure interoperability, '
2026-06-15 21:11:42.844 9 INFO neutron.db.ovn_revision_numbers_db [None req-9ee9e79e-a5fa-4d35-9387-876ab0ea5693 - - - - - -] Successfully bumped revision number for resource dcb18825-3e43-4255-9e80-09b8091ef378 (type: ports) to 2
2026-06-15 21:11:42.969 10 WARNING neutron.scheduler.dhcp_agent_scheduler [None req-ca285601-a7a5-41fb-907b-28d946b196b8 cf1b99041799468aa1c6eb6704d9fe9f 1ddd7a4c5c124d248c0f604fec8f213f - - default default] No more DHCP agents
2026-06-15 21:11:42.977 10 WARNING neutron.api.rpc.agentnotifiers.dhcp_rpc_agent_api [None req-ca285601-a7a5-41fb-907b-28d946b196b8 cf1b99041799468aa1c6eb6704d9fe9f 1ddd7a4c5c124d248c0f604fec8f213f - - default default] Unable to schedule network 03d1d46c-50db-4e75-a25c-e48940aeffd0: no agents available; will retry on subsequent port and subnet creation events.
2026-06-15 21:11:43.181 10 WARNING neutron.plugins.ml2.drivers.ovn.mech_driver.ovsdb.ovn_client [None req-a76f100e-342b-4023-9d21-010652c03722 - - - - - -] No port found with ID a15ef384-4fa2-4903-a656-fccae21ffda9: RuntimeError: No port found with ID a15ef384-4fa2-4903-a656-fccae21ffda9
2026-06-15 21:11:43.306 10 INFO neutron.api.wsgi [None req-ca285601-a7a5-41fb-907b-28d946b196b8 cf1b99041799468aa1c6eb6704d9fe9f 1ddd7a4c5c124d248c0f604fec8f213f - - default default] 10.0.0.47 "POST /v2.0/floatingips HTTP/1.1" status: 201 len: 751 time: 0.7011321
2026-06-15 21:11:43.368 9 INFO neutron.api.wsgi [None req-3d11f8b7-83b7-44ed-8e48-5a923e23be7b a3ea93befd754a618602e16b9f998c5f c0e83b85323b40f4853ba0f176a59c3d - - default default] 10.0.0.47 "DELETE /v2.0/routers/3b04df5e-a3e2-49ed-a460-d05a6edd719a HTTP/1.1" status: 204 len: 168 time: 0.7629764
2026-06-15 21:11:43.416 9 INFO neutron.api.wsgi [req-d6a42050-a3f7-4685-a699-80cbc9c85771 req-8e61f89b-a99f-40c5-b2ea-d01c21071420 9c8e5f17071b48c98efc43791441e9e7 e06cedf68fe447fda293bee4ee583ef1 - - default default] 10.0.0.201 "GET /v2.0/ports?device_id=220296cd-16df-4415-8a3a-924f5f7c20bb HTTP/1.1" status: 200 len: 210 time: 0.0228610
2026-06-15 21:11:43.585 10 INFO neutron.api.wsgi [None req-a15ba28c-c389-4d13-881b-429a447f6152 a3ea93befd754a618602e16b9f998c5f c0e83b85323b40f4853ba0f176a59c3d - - default default] 10.0.0.47 "DELETE /v2.0/routers/4d2ae89f-2347-4a76-a970-51dd7bb4d100 HTTP/1.1" status: 204 len: 168 time: 0.7980146
2026-06-15 21:11:43.651 9 INFO neutron.api.wsgi [None req-e1b8f144-b5d0-49d7-a3be-a2c52537778a a3ea93befd754a618602e16b9f998c5f c0e83b85323b40f4853ba0f176a59c3d - - default default] 10.0.0.47 "DELETE /v2.0/subnets/c62c2c55-598f-461a-9343-780164dcb67b HTTP/1.1" status: 204 len: 168 time: 0.2788348
2026-06-15 21:11:43.808 9 INFO neutron.api.wsgi [req-1b5d112c-ae19-4387-a310-a12e24e05707 req-0113d61f-435d-4f17-be09-4ae04102fbfb cf1b99041799468aa1c6eb6704d9fe9f 1ddd7a4c5c124d248c0f604fec8f213f - - default default] 10.0.0.201 "GET /v2.0/security-groups?name=tempest-securitygroup--251203867&fields=id&tenant_id=1ddd7a4c5c124d248c0f604fec8f213f HTTP/1.1" status: 200 len: 267 time: 0.0686250
2026-06-15 21:11:43.859 9 INFO neutron.api.wsgi [None req-30973134-2022-463f-82ca-00164fb7b9e7 a3ea93befd754a618602e16b9f998c5f c0e83b85323b40f4853ba0f176a59c3d - - default default] 10.0.0.47 "DELETE /v2.0/subnets/45974b98-f7f0-433f-9430-956a7df542bc HTTP/1.1" status: 204 len: 168 time: 0.2693307
2026-06-15 21:11:43.885 9 INFO neutron.api.wsgi [req-1b5d112c-ae19-4387-a310-a12e24e05707 req-40ca5251-8333-4994-a02c-fe7f578de871 cf1b99041799468aa1c6eb6704d9fe9f 1ddd7a4c5c124d248c0f604fec8f213f - - default default] 10.0.0.201 "GET /v2.0/networks?id=f2da56cf-0a97-4623-b90a-6a050074286e HTTP/1.1" status: 200 len: 869 time: 0.0686977
2026-06-15 21:11:43.912 9 INFO neutron.api.wsgi [req-1b5d112c-ae19-4387-a310-a12e24e05707 req-cce2fd50-3436-4d17-aa61-1172e3c27cc2 cf1b99041799468aa1c6eb6704d9fe9f 1ddd7a4c5c124d248c0f604fec8f213f - - default default] 10.0.0.201 "GET /v2.0/quotas/1ddd7a4c5c124d248c0f604fec8f213f HTTP/1.1" status: 200 len: 491 time: 0.0204628
2026-06-15 21:11:44.008 9 INFO neutron.api.wsgi [req-1b5d112c-ae19-4387-a310-a12e24e05707 req-1147fb47-871a-4e82-b36f-3f095195b4ae cf1b99041799468aa1c6eb6704d9fe9f 1ddd7a4c5c124d248c0f604fec8f213f - - default default] 10.0.0.201 "GET /v2.0/ports?tenant_id=1ddd7a4c5c124d248c0f604fec8f213f&fields=id HTTP/1.1" status: 200 len: 302 time: 0.0764797
2026-06-15 21:11:44.208 9 INFO neutron.api.wsgi [None req-ba611adb-67bc-4896-87b9-953ae135491d a3ea93befd754a618602e16b9f998c5f c0e83b85323b40f4853ba0f176a59c3d - - default default] 10.0.0.47 "DELETE /v2.0/networks/8e30d962-7c84-40fd-becc-498ddd2559c2 HTTP/1.1" status: 204 len: 168 time: 0.5453115
2026-06-15 21:11:44.318 10 INFO neutron.api.wsgi [None req-57be68a6-bfbe-4d8b-9c1f-2938cc153aed a3ea93befd754a618602e16b9f998c5f c0e83b85323b40f4853ba0f176a59c3d - - default default] 10.0.0.47 "DELETE /v2.0/networks/1f16e248-823c-45f8-a97b-6f49a0f8da03 HTTP/1.1" status: 204 len: 168 time: 0.4506209
2026-06-15 21:11:44.382 9 INFO neutron.api.wsgi [None req-f0699cef-b99a-4cc7-b937-678526baccc2 a3ea93befd754a618602e16b9f998c5f c0e83b85323b40f4853ba0f176a59c3d - - default default] 10.0.0.47 "GET /v2.0/security-groups?tenant_id=6930afb70c694b269e11da3abd17d2b1&name=default HTTP/1.1" status: 200 len: 3116 time: 0.0365527
2026-06-15 21:11:44.526 9 INFO neutron.api.wsgi [req-55ab054c-4344-4480-923b-e4596ddedf68 req-3a81c78b-d9f7-4112-be95-f90af1971fc9 9c8e5f17071b48c98efc43791441e9e7 e06cedf68fe447fda293bee4ee583ef1 - - default default] 10.0.0.201 "GET /v2.0/ports?device_id=220296cd-16df-4415-8a3a-924f5f7c20bb HTTP/1.1" status: 200 len: 210 time: 0.0265467
2026-06-15 21:11:44.566 10 INFO neutron.api.wsgi [None req-7d4be4e8-0c1f-4442-a4c5-195e342b2179 a3ea93befd754a618602e16b9f998c5f c0e83b85323b40f4853ba0f176a59c3d - - default default] 10.0.0.47 "GET /v2.0/security-groups?tenant_id=34d35a4bf42c4886bcd7913d90e204a8&name=default HTTP/1.1" status: 200 len: 3116 time: 0.0601838
2026-06-15 21:11:44.619 10 INFO neutron.api.wsgi [None req-a8a2e4c2-258d-4967-abd0-2acf71d45285 a3ea93befd754a618602e16b9f998c5f c0e83b85323b40f4853ba0f176a59c3d - - default default] 10.0.0.47 "DELETE /v2.0/security-groups/ea8b0354-a630-40a3-b7b2-c04006bac918 HTTP/1.1" status: 204 len: 168 time: 0.2318969
2026-06-15 21:11:44.685 9 INFO neutron.api.wsgi [req-1b5d112c-ae19-4387-a310-a12e24e05707 req-964b37b7-f9f6-4bcc-8dce-2514e0365a10 2db2ba250e43443b9382d47e8fdc30e7 006d385c654e47dc97e7ad6019f6d05f - - 32cb23adb77e47fabcce474615b61cec 32cb23adb77e47fabcce474615b61cec] 10.0.0.201 "GET /v2.0/extensions HTTP/1.1" status: 200 len: 19298 time: 0.2650576
2026-06-15 21:11:44.738 9 INFO neutron.api.wsgi [req-1b5d112c-ae19-4387-a310-a12e24e05707 req-0132ce3f-6b15-4443-a752-52e8a3875d02 2db2ba250e43443b9382d47e8fdc30e7 006d385c654e47dc97e7ad6019f6d05f - - 32cb23adb77e47fabcce474615b61cec 32cb23adb77e47fabcce474615b61cec] 10.0.0.201 "GET /v2.0/networks/f2da56cf-0a97-4623-b90a-6a050074286e?fields=segments HTTP/1.1" status: 200 len: 212 time: 0.0476184
2026-06-15 21:11:44.824 9 INFO neutron.api.wsgi [req-1b5d112c-ae19-4387-a310-a12e24e05707 req-39a85147-2ea2-4d6e-8c6c-54a8dca280a6 2db2ba250e43443b9382d47e8fdc30e7 006d385c654e47dc97e7ad6019f6d05f - - 32cb23adb77e47fabcce474615b61cec 32cb23adb77e47fabcce474615b61cec] 10.0.0.201 "GET /v2.0/networks/f2da56cf-0a97-4623-b90a-6a050074286e?fields=provider%3Aphysical_network&fields=provider%3Anetwork_type HTTP/1.1" status: 200 len: 277 time: 0.0787694
2026-06-15 21:11:44.832 9 INFO neutron.services.segments.plugin [-] Segment 77178213-e80a-4e8d-892a-b230072d083b resource provider aggregate not found
2026-06-15 21:11:44.840 9 INFO neutron.services.segments.plugin [-] Segment 77178213-e80a-4e8d-892a-b230072d083b resource provider aggregate not found
2026-06-15 21:11:44.854 9 INFO neutron.services.segments.plugin [-] Segment 77178213-e80a-4e8d-892a-b230072d083b resource provider not found; error: Placement Client Error (4xx): {"errors": [{"status": 404, "title": "Not Found", "detail": "The resource could not be found.\n\n No resource provider with uuid 77178213-e80a-4e8d-892a-b230072d083b found for delete ", "request_id": "req-b299175a-1158-42f9-8a2a-9b3b0793a5a7"}]}
2026-06-15 21:11:44.864 9 INFO neutron.services.segments.plugin [-] Segment 77178213-e80a-4e8d-892a-b230072d083b resource provider not found; error: Placement Client Error (4xx): {"errors": [{"status": 404, "title": "Not Found", "detail": "The resource could not be found.\n\n No resource provider with uuid 77178213-e80a-4e8d-892a-b230072d083b found for delete ", "request_id": "req-d2c42852-b852-4388-b7e7-e888f2ae0d82"}]}
2026-06-15 21:11:44.882 10 INFO neutron.services.segments.plugin [-] Segment 9d8b30b5-05bc-4773-ac3c-47ab11a03d3b resource provider aggregate not found
2026-06-15 21:11:44.883 9 INFO neutron.api.wsgi [None req-adc37c80-d944-4182-8beb-ff39141f06fb a3ea93befd754a618602e16b9f998c5f c0e83b85323b40f4853ba0f176a59c3d - - default default] 10.0.0.47 "DELETE /v2.0/security-groups/1e075940-78d3-48ef-81f7-c3036e34a784 HTTP/1.1" status: 204 len: 168 time: 0.3112602
2026-06-15 21:11:44.906 10 INFO neutron.services.segments.plugin [-] Segment 9d8b30b5-05bc-4773-ac3c-47ab11a03d3b resource provider not found; error: Placement Client Error (4xx): {"errors": [{"status": 404, "title": "Not Found", "detail": "The resource could not be found.\n\n No resource provider with uuid 9d8b30b5-05bc-4773-ac3c-47ab11a03d3b found for delete ", "request_id": "req-083b8575-453c-4eb6-891a-0a0068b4a05f"}]}
2026-06-15 21:11:45.034 10 INFO neutron.services.segments.plugin [-] Segment 9d8b30b5-05bc-4773-ac3c-47ab11a03d3b resource provider aggregate not found
2026-06-15 21:11:45.051 10 INFO neutron.services.segments.plugin [-] Segment 9d8b30b5-05bc-4773-ac3c-47ab11a03d3b resource provider not found; error: Placement Client Error (4xx): {"errors": [{"status": 404, "title": "Not Found", "detail": "The resource could not be found.\n\n No resource provider with uuid 9d8b30b5-05bc-4773-ac3c-47ab11a03d3b found for delete ", "request_id": "req-5ce8eefa-d848-46f0-948d-d207a09d040f"}]}
2026-06-15 21:11:45.054 9 INFO neutron.api.wsgi [req-534b53fd-93d9-4230-aa1b-1e83c2696196 req-6b4d3b78-bf1c-4715-bfd3-345b3f09ef8a cf1b99041799468aa1c6eb6704d9fe9f 1ddd7a4c5c124d248c0f604fec8f213f - - default default] 10.0.0.201 "GET /v2.0/ports?device_id=a06991b3-8109-4e02-99e0-b776abbd860f HTTP/1.1" status: 200 len: 210 time: 0.0236318
2026-06-15 21:11:45.723 9 INFO neutron.api.wsgi [req-d6409d31-8aa9-4ba0-8952-975456a1eb97 req-3f180c0d-c96c-48a0-9771-57cd6610e617 9c8e5f17071b48c98efc43791441e9e7 e06cedf68fe447fda293bee4ee583ef1 - - default default] 10.0.0.201 "GET /v2.0/ports?device_id=220296cd-16df-4415-8a3a-924f5f7c20bb HTTP/1.1" status: 200 len: 210 time: 0.0261161
2026-06-15 21:11:46.160 9 INFO neutron.api.wsgi [req-28cbbf9c-85fa-4015-a54c-6ad0c22cb953 req-2135621d-d07a-420e-8314-303c3034f939 cf1b99041799468aa1c6eb6704d9fe9f 1ddd7a4c5c124d248c0f604fec8f213f - - default default] 10.0.0.201 "GET /v2.0/ports?device_id=a06991b3-8109-4e02-99e0-b776abbd860f HTTP/1.1" status: 200 len: 210 time: 0.0309534
2026-06-15 21:11:46.822 9 INFO neutron.api.wsgi [req-6f5d6a46-72c5-4d7d-ad57-c848e6963892 req-0dd157ca-792f-4c46-b553-794b5ebd027a 9c8e5f17071b48c98efc43791441e9e7 e06cedf68fe447fda293bee4ee583ef1 - - default default] 10.0.0.201 "GET /v2.0/ports?device_id=220296cd-16df-4415-8a3a-924f5f7c20bb HTTP/1.1" status: 200 len: 210 time: 0.0298219
2026-06-15 21:11:46.974 9 INFO neutron.db.ovn_revision_numbers_db [None req-7a5f1f45-49db-4e77-b4fa-50ff169d3f2f a3ea93befd754a618602e16b9f998c5f c0e83b85323b40f4853ba0f176a59c3d - - default default] Successfully bumped revision number for resource 2555fa94-b12e-435e-bdd3-0059210cf687 (type: security_groups) to 1
2026-06-15 21:11:46.987 9 INFO neutron.db.ovn_revision_numbers_db [None req-7a5f1f45-49db-4e77-b4fa-50ff169d3f2f a3ea93befd754a618602e16b9f998c5f c0e83b85323b40f4853ba0f176a59c3d - - default default] Successfully bumped revision number for resource 00b96678-d118-47a6-a27f-b5715b8f2bb0 (type: security_group_rules) to 0
2026-06-15 21:11:47.002 9 INFO neutron.db.ovn_revision_numbers_db [None req-7a5f1f45-49db-4e77-b4fa-50ff169d3f2f a3ea93befd754a618602e16b9f998c5f c0e83b85323b40f4853ba0f176a59c3d - - default default] Successfully bumped revision number for resource 1e599b46-e69a-4e9a-9cbe-95dd733b7fbc (type: security_group_rules) to 0
2026-06-15 21:11:47.020 9 INFO neutron.db.ovn_revision_numbers_db [None req-7a5f1f45-49db-4e77-b4fa-50ff169d3f2f a3ea93befd754a618602e16b9f998c5f c0e83b85323b40f4853ba0f176a59c3d - - default default] Successfully bumped revision number for resource 54f71cfc-c0b2-4b68-9b45-2445dc835d5f (type: security_group_rules) to 0
2026-06-15 21:11:47.034 9 INFO neutron.db.ovn_revision_numbers_db [None req-7a5f1f45-49db-4e77-b4fa-50ff169d3f2f a3ea93befd754a618602e16b9f998c5f c0e83b85323b40f4853ba0f176a59c3d - - default default] Successfully bumped revision number for resource 84f8c8cc-4159-463e-a485-9d6e48cbf511 (type: security_group_rules) to 0
2026-06-15 21:11:47.109 9 INFO neutron.db.segments_db [None req-7a5f1f45-49db-4e77-b4fa-50ff169d3f2f a3ea93befd754a618602e16b9f998c5f c0e83b85323b40f4853ba0f176a59c3d - - default default] Added segment b6865e04-fc60-4e38-8a9e-ce67dc50542c of type geneve for network 92a8fe0e-72c9-42c0-aee5-b4fec9f1563c
2026-06-15 21:11:47.362 9 INFO neutron.api.wsgi [req-08bfa85f-1607-413b-9333-fcad32e1a44b req-57556468-94da-4f7e-83c2-00300f87be24 cf1b99041799468aa1c6eb6704d9fe9f 1ddd7a4c5c124d248c0f604fec8f213f - - default default] 10.0.0.201 "GET /v2.0/ports?device_id=a06991b3-8109-4e02-99e0-b776abbd860f HTTP/1.1" status: 200 len: 210 time: 0.0257182
2026-06-15 21:11:47.394 9 INFO neutron.api.wsgi [req-10352b5d-71cc-4580-81e1-ed9850ff06c3 req-a8831dfd-2bbf-4045-bafc-d121563d35fc 9c8e5f17071b48c98efc43791441e9e7 e06cedf68fe447fda293bee4ee583ef1 - - default default] 199.19.213.132 "GET /v2.0/networks?id=65a4de86-670c-44f1-ac30-abeaa4629375 HTTP/1.1" status: 200 len: 874 time: 0.3246515
2026-06-15 21:11:47.456 9 INFO neutron.db.ovn_revision_numbers_db [None req-7a5f1f45-49db-4e77-b4fa-50ff169d3f2f a3ea93befd754a618602e16b9f998c5f c0e83b85323b40f4853ba0f176a59c3d - - default default] Successfully bumped revision number for resource 92a8fe0e-72c9-42c0-aee5-b4fec9f1563c (type: networks) to 1
2026-06-15 21:11:47.464 9 INFO neutron.api.wsgi [req-10352b5d-71cc-4580-81e1-ed9850ff06c3 req-89a478ca-1ffe-4b42-baeb-fb4be1ca8978 9c8e5f17071b48c98efc43791441e9e7 e06cedf68fe447fda293bee4ee583ef1 - - default default] 199.19.213.132 "GET /v2.0/security-groups?fields=id&fields=name&tenant_id=e06cedf68fe447fda293bee4ee583ef1 HTTP/1.1" status: 200 len: 380 time: 0.0451791
2026-06-15 21:11:47.475 9 WARNING neutron_lib.context [req-10352b5d-71cc-4580-81e1-ed9850ff06c3 req-7e15008d-85e6-47ab-b15f-ea3983a2cac0 9c8e5f17071b48c98efc43791441e9e7 e06cedf68fe447fda293bee4ee583ef1 - - default default] Method 'is_advsvc' is deprecated since 2023.2 release (neutron-lib 3.8.0) and will be removed once support for the old RBAC API policies will be removed from Neutron. Please use method 'is_service_role' instead.
2026-06-15 21:11:47.503 9 WARNING neutron.plugins.ml2.drivers.ovn.mech_driver.ovsdb.ovn_client [None req-d1195aa2-ff34-4433-9675-087029b3735d - - - - - -] No hosting information found for port dcb18825-3e43-4255-9e80-09b8091ef378: RuntimeError: No hosting information found for port dcb18825-3e43-4255-9e80-09b8091ef378
2026-06-15 21:11:47.659 9 INFO neutron.db.ovn_revision_numbers_db [None req-d1195aa2-ff34-4433-9675-087029b3735d - - - - - -] Successfully bumped revision number for resource dcb18825-3e43-4255-9e80-09b8091ef378 (type: router_ports) to 2
2026-06-15 21:11:47.659 9 INFO neutron.plugins.ml2.drivers.ovn.mech_driver.mech_driver [None req-d1195aa2-ff34-4433-9675-087029b3735d - - - - - -] OVN reports status up for port: 4e0e52d6-520c-4dcc-b22a-d77fb51cc1c4
2026-06-15 21:11:47.686 9 INFO neutron.plugins.ml2.plugin [None req-d1195aa2-ff34-4433-9675-087029b3735d - - - - - -] Attempt 1 to provision port 4e0e52d6-520c-4dcc-b22a-d77fb51cc1c4
2026-06-15 21:11:47.755 9 WARNING neutron.scheduler.dhcp_agent_scheduler [None req-7a5f1f45-49db-4e77-b4fa-50ff169d3f2f a3ea93befd754a618602e16b9f998c5f c0e83b85323b40f4853ba0f176a59c3d - - default default] No more DHCP agents
2026-06-15 21:11:47.773 9 WARNING neutron.api.rpc.agentnotifiers.dhcp_rpc_agent_api [None req-7a5f1f45-49db-4e77-b4fa-50ff169d3f2f a3ea93befd754a618602e16b9f998c5f c0e83b85323b40f4853ba0f176a59c3d - - default default] Unable to schedule network 92a8fe0e-72c9-42c0-aee5-b4fec9f1563c: no agents available; will retry on subsequent port and subnet creation events.
2026-06-15 21:11:47.879 9 INFO neutron.plugins.ml2.drivers.ovn.mech_driver.mech_driver [None req-d1195aa2-ff34-4433-9675-087029b3735d - - - - - -] OVN reports status up for port: 1d163a56-356f-48b6-8cc2-4858e0e4652c
2026-06-15 21:11:47.900 9 INFO neutron.plugins.ml2.plugin [None req-d1195aa2-ff34-4433-9675-087029b3735d - - - - - -] Attempt 1 to provision port 1d163a56-356f-48b6-8cc2-4858e0e4652c
2026-06-15 21:11:47.927 9 INFO neutron.api.wsgi [req-aeee0cc2-e2be-4981-880a-235fba07e3f9 req-2f7b77e9-9a6d-4505-9c1a-540877b8bb84 9c8e5f17071b48c98efc43791441e9e7 e06cedf68fe447fda293bee4ee583ef1 - - default default] 10.0.0.201 "GET /v2.0/ports?device_id=220296cd-16df-4415-8a3a-924f5f7c20bb HTTP/1.1" status: 200 len: 210 time: 0.0342569
2026-06-15 21:11:47.935 9 INFO neutron.db.ovn_revision_numbers_db [None req-7a5f1f45-49db-4e77-b4fa-50ff169d3f2f a3ea93befd754a618602e16b9f998c5f c0e83b85323b40f4853ba0f176a59c3d - - default default] Successfully bumped revision number for resource c51eda1e-8426-4294-a947-41465d4c6f60 (type: ports) to 1
2026-06-15 21:11:47.969 9 INFO neutron.api.wsgi [None req-7a5f1f45-49db-4e77-b4fa-50ff169d3f2f a3ea93befd754a618602e16b9f998c5f c0e83b85323b40f4853ba0f176a59c3d - - default default] 10.0.0.47 "POST /v2.0/networks HTTP/1.1" status: 201 len: 953 time: 1.2702115 /var/lib/openstack/lib/python3.12/site-packages/pycadf/identifier.py:71: UserWarning: Invalid uuid: neutron. To ensure interoperability, identifiers should be a valid uuid. warnings.warn(('Invalid uuid: %s. To ensure interoperability, '
2026-06-15 21:11:48.011 9 WARNING neutron.scheduler.dhcp_agent_scheduler [req-10352b5d-71cc-4580-81e1-ed9850ff06c3 req-7e15008d-85e6-47ab-b15f-ea3983a2cac0 9c8e5f17071b48c98efc43791441e9e7 e06cedf68fe447fda293bee4ee583ef1 - - default default] No more DHCP agents
2026-06-15 21:11:48.014 9 WARNING neutron.api.rpc.agentnotifiers.dhcp_rpc_agent_api [req-10352b5d-71cc-4580-81e1-ed9850ff06c3 req-7e15008d-85e6-47ab-b15f-ea3983a2cac0 9c8e5f17071b48c98efc43791441e9e7 e06cedf68fe447fda293bee4ee583ef1 - - default default] Unable to schedule network 65a4de86-670c-44f1-ac30-abeaa4629375: no agents available; will retry on subsequent port and subnet creation events.
2026-06-15 21:11:48.227 9 WARNING neutron.scheduler.dhcp_agent_scheduler [None req-bbc85d06-b345-44a0-9cc9-9f0d01408325 a3ea93befd754a618602e16b9f998c5f c0e83b85323b40f4853ba0f176a59c3d - - default default] No more DHCP agents
2026-06-15 21:11:48.231 9 WARNING neutron.api.rpc.agentnotifiers.dhcp_rpc_agent_api [None req-bbc85d06-b345-44a0-9cc9-9f0d01408325 a3ea93befd754a618602e16b9f998c5f c0e83b85323b40f4853ba0f176a59c3d - - default default] Unable to schedule network 92a8fe0e-72c9-42c0-aee5-b4fec9f1563c: no agents available; will retry on subsequent port and subnet creation events.
2026-06-15 21:11:48.235 9 INFO neutron.db.ovn_revision_numbers_db [req-10352b5d-71cc-4580-81e1-ed9850ff06c3 req-7e15008d-85e6-47ab-b15f-ea3983a2cac0 9c8e5f17071b48c98efc43791441e9e7 e06cedf68fe447fda293bee4ee583ef1 - - default default] Successfully bumped revision number for resource 1c1bf25c-4c97-40b6-bfb4-aba72e601763 (type: ports) to 1
2026-06-15 21:11:48.271 9 INFO neutron.api.wsgi [req-10352b5d-71cc-4580-81e1-ed9850ff06c3 req-7e15008d-85e6-47ab-b15f-ea3983a2cac0 9c8e5f17071b48c98efc43791441e9e7 e06cedf68fe447fda293bee4ee583ef1 - - default default] 199.19.213.132 "POST /v2.0/ports HTTP/1.1" status: 201 len: 1158 time: 0.8010819
2026-06-15 21:11:48.283 9 INFO neutron.api.wsgi [req-10352b5d-71cc-4580-81e1-ed9850ff06c3 req-807db35d-5058-4d37-a71b-0bfad12cc3c4 9c8e5f17071b48c98efc43791441e9e7 e06cedf68fe447fda293bee4ee583ef1 - - default default] 199.19.213.132 "GET /v2.0/extensions HTTP/1.1" status: 200 len: 19298 time: 0.0075829
2026-06-15 21:11:48.454 9 INFO neutron.api.wsgi [req-0dbeb042-b8a9-45e6-9324-fe72bb190df5 req-56121357-4af7-4f07-bbe4-62752dc077a0 cf1b99041799468aa1c6eb6704d9fe9f 1ddd7a4c5c124d248c0f604fec8f213f - - default default] 10.0.0.201 "GET /v2.0/ports?device_id=a06991b3-8109-4e02-99e0-b776abbd860f HTTP/1.1" status: 200 len: 210 time: 0.0270660
2026-06-15 21:11:48.486 9 INFO neutron.db.ovn_revision_numbers_db [None req-d1195aa2-ff34-4433-9675-087029b3735d - - - - - -] Successfully bumped revision number for resource 1d163a56-356f-48b6-8cc2-4858e0e4652c (type: ports) to 2
2026-06-15 21:11:48.787 9 INFO neutron.db.ovn_revision_numbers_db [None req-7a57dc47-ed3f-45df-8960-59e7eac1180f - - - - - -] Successfully bumped revision number for resource c51eda1e-8426-4294-a947-41465d4c6f60 (type: ports) to 2
2026-06-15 21:11:48.846 9 INFO neutron.db.ovn_revision_numbers_db [None req-7a57dc47-ed3f-45df-8960-59e7eac1180f - - - - - -] Successfully bumped revision number for resource 1f3e045a-3159-4ca0-b212-914a0f6f9354 (type: subnets) to 0
2026-06-15 21:11:48.877 9 INFO neutron.api.wsgi [None req-bbc85d06-b345-44a0-9cc9-9f0d01408325 a3ea93befd754a618602e16b9f998c5f c0e83b85323b40f4853ba0f176a59c3d - - default default] 10.0.0.47 "POST /v2.0/subnets HTTP/1.1" status: 201 len: 898 time: 0.8980210
2026-06-15 21:11:49.140 9 INFO neutron.api.wsgi [req-25c4adbd-28dd-43d6-920f-66c5597c8dff req-ca60c888-4e29-459f-8f40-4b34f017abf5 9c8e5f17071b48c98efc43791441e9e7 e06cedf68fe447fda293bee4ee583ef1 - - default default] 10.0.0.201 "GET /v2.0/ports?device_id=220296cd-16df-4415-8a3a-924f5f7c20bb HTTP/1.1" status: 200 len: 1156 time: 0.1403494 /var/lib/openstack/lib/python3.12/site-packages/pycadf/identifier.py:71: UserWarning: Invalid uuid: neutron. To ensure interoperability, identifiers should be a valid uuid. warnings.warn(('Invalid uuid: %s. To ensure interoperability, '
2026-06-15 21:11:49.217 9 INFO neutron.api.wsgi [req-25c4adbd-28dd-43d6-920f-66c5597c8dff req-6d3087ab-041c-41ab-9197-de48068d0ff8 9c8e5f17071b48c98efc43791441e9e7 e06cedf68fe447fda293bee4ee583ef1 - - default default] 10.0.0.201 "GET /v2.0/security-groups?id=02be701a-9eeb-47a2-8df1-5fd639f283aa&fields=id&fields=name HTTP/1.1" status: 200 len: 313 time: 0.0689628
2026-06-15 21:11:49.346 9 INFO neutron.db.ovn_revision_numbers_db [req-10352b5d-71cc-4580-81e1-ed9850ff06c3 req-148eec00-e2df-4c78-923b-5e78c5472ed0 2db2ba250e43443b9382d47e8fdc30e7 006d385c654e47dc97e7ad6019f6d05f - - 32cb23adb77e47fabcce474615b61cec 32cb23adb77e47fabcce474615b61cec] Successfully bumped revision number for resource 1c1bf25c-4c97-40b6-bfb4-aba72e601763 (type: ports) to 2
2026-06-15 21:11:49.468 10 INFO neutron.api.wsgi [req-1b5d112c-ae19-4387-a310-a12e24e05707 req-599d5447-92bd-4ff5-b981-aa26a60a9039 cf1b99041799468aa1c6eb6704d9fe9f 1ddd7a4c5c124d248c0f604fec8f213f - - default default] 199.19.213.132 "GET /v2.0/networks?id=f2da56cf-0a97-4623-b90a-6a050074286e HTTP/1.1" status: 200 len: 869 time: 0.0826516
2026-06-15 21:11:49.477 9 WARNING neutron.scheduler.dhcp_agent_scheduler [None req-9dfba481-a7c7-400b-a460-6a4d8c68bbb1 a3ea93befd754a618602e16b9f998c5f c0e83b85323b40f4853ba0f176a59c3d - - default default] No more DHCP agents
2026-06-15 21:11:49.480 9 WARNING neutron.api.rpc.agentnotifiers.dhcp_rpc_agent_api [None req-9dfba481-a7c7-400b-a460-6a4d8c68bbb1 a3ea93befd754a618602e16b9f998c5f c0e83b85323b40f4853ba0f176a59c3d - - default default] Unable to schedule network 03d1d46c-50db-4e75-a25c-e48940aeffd0: no agents available; will retry on subsequent port and subnet creation events.
2026-06-15 21:11:49.517 10 INFO neutron.api.wsgi [req-1b5d112c-ae19-4387-a310-a12e24e05707 req-d55f48b7-bab8-4dee-ba47-68d0140e2e8e cf1b99041799468aa1c6eb6704d9fe9f 1ddd7a4c5c124d248c0f604fec8f213f - - default default] 199.19.213.132 "GET /v2.0/security-groups?fields=id&fields=name&tenant_id=1ddd7a4c5c124d248c0f604fec8f213f HTTP/1.1" status: 200 len: 379 time: 0.0441260
2026-06-15 21:11:49.525 10 WARNING neutron_lib.context [req-1b5d112c-ae19-4387-a310-a12e24e05707 req-c74f3b35-797e-420c-a855-616c6c5cae85 cf1b99041799468aa1c6eb6704d9fe9f 1ddd7a4c5c124d248c0f604fec8f213f - - default default] Method 'is_advsvc' is deprecated since 2023.2 release (neutron-lib 3.8.0) and will be removed once support for the old RBAC API policies will be removed from Neutron. Please use method 'is_service_role' instead.
2026-06-15 21:11:49.565 9 INFO neutron.api.wsgi [req-231410f4-df08-44a2-b3f9-8deff88357ef req-05dd0ea6-7df6-4755-9287-c5219c493026 cf1b99041799468aa1c6eb6704d9fe9f 1ddd7a4c5c124d248c0f604fec8f213f - - default default] 10.0.0.201 "GET /v2.0/ports?device_id=a06991b3-8109-4e02-99e0-b776abbd860f HTTP/1.1" status: 200 len: 210 time: 0.0184817
2026-06-15 21:11:49.666 9 INFO neutron.db.ovn_revision_numbers_db [None req-9dfba481-a7c7-400b-a460-6a4d8c68bbb1 a3ea93befd754a618602e16b9f998c5f c0e83b85323b40f4853ba0f176a59c3d - - default default] Successfully bumped revision number for resource 0e96d720-0af9-4cee-bf9c-f81bf43d0f42 (type: ports) to 1
2026-06-15 21:11:49.685 9 INFO neutron.db.ovn_revision_numbers_db [req-10352b5d-71cc-4580-81e1-ed9850ff06c3 req-148eec00-e2df-4c78-923b-5e78c5472ed0 2db2ba250e43443b9382d47e8fdc30e7 006d385c654e47dc97e7ad6019f6d05f - - 32cb23adb77e47fabcce474615b61cec 32cb23adb77e47fabcce474615b61cec] Successfully bumped revision number for resource 1c1bf25c-4c97-40b6-bfb4-aba72e601763 (type: ports) to 4
2026-06-15 21:11:49.710 9 INFO neutron.api.wsgi [req-10352b5d-71cc-4580-81e1-ed9850ff06c3 req-148eec00-e2df-4c78-923b-5e78c5472ed0 2db2ba250e43443b9382d47e8fdc30e7 006d385c654e47dc97e7ad6019f6d05f - - 32cb23adb77e47fabcce474615b61cec 32cb23adb77e47fabcce474615b61cec] 199.19.213.132 "PUT /v2.0/ports/1c1bf25c-4c97-40b6-bfb4-aba72e601763 HTTP/1.1" status: 200 len: 1404 time: 1.0364037
2026-06-15 21:11:49.925 10 WARNING neutron.scheduler.dhcp_agent_scheduler [req-1b5d112c-ae19-4387-a310-a12e24e05707 req-c74f3b35-797e-420c-a855-616c6c5cae85 cf1b99041799468aa1c6eb6704d9fe9f 1ddd7a4c5c124d248c0f604fec8f213f - - default default] No more DHCP agents
2026-06-15 21:11:49.928 10 WARNING neutron.api.rpc.agentnotifiers.dhcp_rpc_agent_api [req-1b5d112c-ae19-4387-a310-a12e24e05707 req-c74f3b35-797e-420c-a855-616c6c5cae85 cf1b99041799468aa1c6eb6704d9fe9f 1ddd7a4c5c124d248c0f604fec8f213f - - default default] Unable to schedule network f2da56cf-0a97-4623-b90a-6a050074286e: no agents available; will retry on subsequent port and subnet creation events. /var/lib/openstack/lib/python3.12/site-packages/pycadf/identifier.py:71: UserWarning: Invalid uuid: neutron. To ensure interoperability, identifiers should be a valid uuid. warnings.warn(('Invalid uuid: %s. To ensure interoperability, '
2026-06-15 21:11:50.132 10 INFO neutron.db.ovn_revision_numbers_db [req-1b5d112c-ae19-4387-a310-a12e24e05707 req-c74f3b35-797e-420c-a855-616c6c5cae85 cf1b99041799468aa1c6eb6704d9fe9f 1ddd7a4c5c124d248c0f604fec8f213f - - default default] Successfully bumped revision number for resource 7b7c053a-a3a9-439c-9040-de1ccfac2474 (type: ports) to 1
2026-06-15 21:11:50.163 10 INFO neutron.api.wsgi [req-1b5d112c-ae19-4387-a310-a12e24e05707 req-c74f3b35-797e-420c-a855-616c6c5cae85 cf1b99041799468aa1c6eb6704d9fe9f 1ddd7a4c5c124d248c0f604fec8f213f - - default default] 199.19.213.132 "POST /v2.0/ports HTTP/1.1" status: 201 len: 1162 time: 0.6431031
2026-06-15 21:11:50.200 10 INFO neutron.db.ovn_revision_numbers_db [None req-236c4626-c8cb-4687-97cd-dc09f594435d a3ea93befd754a618602e16b9f998c5f c0e83b85323b40f4853ba0f176a59c3d - - default default] Successfully bumped revision number for resource 5d852ade-b3cb-4a39-a50b-142919ddcfe8 (type: security_groups) to 1
2026-06-15 21:11:50.221 10 INFO neutron.db.ovn_revision_numbers_db [None req-236c4626-c8cb-4687-97cd-dc09f594435d a3ea93befd754a618602e16b9f998c5f c0e83b85323b40f4853ba0f176a59c3d - - default default] Successfully bumped revision number for resource 36724a7b-0d51-4ad2-9450-44e16352e035 (type: security_group_rules) to 0
2026-06-15 21:11:50.237 10 INFO neutron.db.ovn_revision_numbers_db [None req-236c4626-c8cb-4687-97cd-dc09f594435d a3ea93befd754a618602e16b9f998c5f c0e83b85323b40f4853ba0f176a59c3d - - default default] Successfully bumped revision number for resource 3f6fa320-f3ae-42db-91a8-6e5ed50fc556 (type: security_group_rules) to 0
2026-06-15 21:11:50.256 10 INFO neutron.db.ovn_revision_numbers_db [None req-236c4626-c8cb-4687-97cd-dc09f594435d a3ea93befd754a618602e16b9f998c5f c0e83b85323b40f4853ba0f176a59c3d - - default default] Successfully bumped revision number for resource a7e355dd-dcfc-42ed-9bb0-5e5254a07bc7 (type: security_group_rules) to 0
2026-06-15 21:11:50.275 10 INFO neutron.db.ovn_revision_numbers_db [None req-236c4626-c8cb-4687-97cd-dc09f594435d a3ea93befd754a618602e16b9f998c5f c0e83b85323b40f4853ba0f176a59c3d - - default default] Successfully bumped revision number for resource b0914b1a-5306-4158-b312-6369644c4b0d (type: security_group_rules) to 0 /var/lib/openstack/lib/python3.12/site-packages/pycadf/identifier.py:71: UserWarning: Invalid uuid: neutron. To ensure interoperability, identifiers should be a valid uuid. warnings.warn(('Invalid uuid: %s. To ensure interoperability, '
2026-06-15 21:11:50.312 9 INFO neutron.notifiers.nova [-] Nova event matching ['req-9fdcfcea-618f-4c75-8a8b-59bc90f6655d'] response: {'name': 'network-changed', 'server_uuid': '220296cd-16df-4415-8a3a-924f5f7c20bb', 'tag': '1c1bf25c-4c97-40b6-bfb4-aba72e601763', 'status': 'completed', 'code': 200}
2026-06-15 21:11:50.320 10 INFO neutron.api.wsgi [None req-236c4626-c8cb-4687-97cd-dc09f594435d a3ea93befd754a618602e16b9f998c5f c0e83b85323b40f4853ba0f176a59c3d - - default default] 10.0.0.47 "GET /v2.0/security-groups?tenant_id=5046ca3d72dc4f82ae5d37abeb7abad0&name=default HTTP/1.1" status: 200 len: 3120 time: 0.4205515
2026-06-15 21:11:50.347 9 INFO neutron.api.wsgi [req-c1942805-e4f9-4987-85b2-7e52939c9b1a req-12b41fa3-2a3e-44db-bc7a-16150c3694cb 9c8e5f17071b48c98efc43791441e9e7 e06cedf68fe447fda293bee4ee583ef1 - - default default] 10.0.0.201 "GET /v2.0/ports?device_id=220296cd-16df-4415-8a3a-924f5f7c20bb HTTP/1.1" status: 200 len: 1168 time: 0.0560625
2026-06-15 21:11:50.380 9 INFO neutron.plugins.ml2.drivers.ovn.mech_driver.ovsdb.commands [None req-12c7670d-2623-4adc-8ce4-0c7fefa7c036 - - - - - -] Schedule LRP lrp-0e96d720-0af9-4cee-bf9c-f81bf43d0f42 on gateway c43cc7a7-0197-4faf-ae10-b1c22aeb9f3c with priority 1
2026-06-15 21:11:50.399 10 INFO neutron.plugins.ml2.drivers.ovn.mech_driver.mech_driver [None req-a76f100e-342b-4023-9d21-010652c03722 - - - - - -] OVN reports status up for port: 0e96d720-0af9-4cee-bf9c-f81bf43d0f42
2026-06-15 21:11:50.410 9 INFO neutron.plugins.ml2.drivers.ovn.mech_driver.ovsdb.ovsdb_monitor [None req-a54db3ff-ac92-4174-9696-5ac35d7a3959 - - - - - -] Router 00f607cf-34fe-4756-8926-c0f4530b7661 is bound to host instance
2026-06-15 21:11:50.423 9 INFO neutron.api.wsgi [req-c1942805-e4f9-4987-85b2-7e52939c9b1a req-be01e5f6-0b13-4114-a50c-fea76988e7ac 9c8e5f17071b48c98efc43791441e9e7 e06cedf68fe447fda293bee4ee583ef1 - - default default] 10.0.0.201 "GET /v2.0/security-groups?id=02be701a-9eeb-47a2-8df1-5fd639f283aa&fields=id&fields=name HTTP/1.1" status: 200 len: 313 time: 0.0673070
2026-06-15 21:11:50.424 10 INFO neutron.plugins.ml2.plugin [None req-a76f100e-342b-4023-9d21-010652c03722 - - - - - -] Attempt 1 to provision port 0e96d720-0af9-4cee-bf9c-f81bf43d0f42
2026-06-15 21:11:50.447 9 INFO neutron.db.ovn_revision_numbers_db [None req-9dfba481-a7c7-400b-a460-6a4d8c68bbb1 a3ea93befd754a618602e16b9f998c5f c0e83b85323b40f4853ba0f176a59c3d - - default default] Successfully bumped revision number for resource 0e96d720-0af9-4cee-bf9c-f81bf43d0f42 (type: router_ports) to 1
2026-06-15 21:11:50.536 9 INFO neutron.db.ovn_revision_numbers_db [None req-9dfba481-a7c7-400b-a460-6a4d8c68bbb1 a3ea93befd754a618602e16b9f998c5f c0e83b85323b40f4853ba0f176a59c3d - - default default] Successfully bumped revision number for resource 00f607cf-34fe-4756-8926-c0f4530b7661 (type: routers) to 2
2026-06-15 21:11:50.558 9 INFO neutron.api.wsgi [None req-9dfba481-a7c7-400b-a460-6a4d8c68bbb1 a3ea93befd754a618602e16b9f998c5f c0e83b85323b40f4853ba0f176a59c3d - - default default] 10.0.0.47 "POST /v2.0/routers HTTP/1.1" status: 201 len: 1176 time: 1.6718717
2026-06-15 21:11:50.859 10 INFO neutron.api.wsgi [None req-ab610827-0f9e-467d-86ff-18e4ec610bc9 a3ea93befd754a618602e16b9f998c5f c0e83b85323b40f4853ba0f176a59c3d - - default default] 10.0.0.47 "DELETE /v2.0/security-groups/5d852ade-b3cb-4a39-a50b-142919ddcfe8 HTTP/1.1" status: 204 len: 168 time: 0.5331783
2026-06-15 21:11:50.868 10 INFO neutron.db.ovn_revision_numbers_db [req-1b5d112c-ae19-4387-a310-a12e24e05707 req-9e6ba6d6-7d95-4309-ae40-b78d6cecdca3 2db2ba250e43443b9382d47e8fdc30e7 006d385c654e47dc97e7ad6019f6d05f - - 32cb23adb77e47fabcce474615b61cec 32cb23adb77e47fabcce474615b61cec] Successfully bumped revision number for resource 7b7c053a-a3a9-439c-9040-de1ccfac2474 (type: ports) to 2
2026-06-15 21:11:50.869 9 INFO neutron.api.wsgi [req-10352b5d-71cc-4580-81e1-ed9850ff06c3 req-84cc5109-73df-4948-a90b-6cca17c9aacb 2db2ba250e43443b9382d47e8fdc30e7 006d385c654e47dc97e7ad6019f6d05f - - 32cb23adb77e47fabcce474615b61cec 32cb23adb77e47fabcce474615b61cec] 199.19.213.132 "GET /v2.0/ports?tenant_id=e06cedf68fe447fda293bee4ee583ef1&device_id=220296cd-16df-4415-8a3a-924f5f7c20bb HTTP/1.1" status: 200 len: 1407 time: 0.0913961
2026-06-15 21:11:50.915 9 INFO neutron.api.wsgi [req-10352b5d-71cc-4580-81e1-ed9850ff06c3 req-7f55d7c0-ccf3-433a-93f2-97bfd36932b8 2db2ba250e43443b9382d47e8fdc30e7 006d385c654e47dc97e7ad6019f6d05f - - 32cb23adb77e47fabcce474615b61cec 32cb23adb77e47fabcce474615b61cec] 199.19.213.132 "GET /v2.0/floatingips?fixed_ip_address=10.100.0.9&port_id=1c1bf25c-4c97-40b6-bfb4-aba72e601763 HTTP/1.1" status: 200 len: 217 time: 0.0408115
2026-06-15 21:11:50.970 9 INFO neutron.api.wsgi [req-43140c49-4442-4d43-babb-a9ed62a2772f req-0f920e06-e996-41a3-a11d-bff5bd195006 cf1b99041799468aa1c6eb6704d9fe9f 1ddd7a4c5c124d248c0f604fec8f213f - - default default] 10.0.0.201 "GET /v2.0/ports?device_id=a06991b3-8109-4e02-99e0-b776abbd860f HTTP/1.1" status: 200 len: 1172 time: 0.1993814
2026-06-15 21:11:50.979 9 INFO neutron.api.wsgi [req-10352b5d-71cc-4580-81e1-ed9850ff06c3 req-606ca591-1dd1-49e6-bbef-ee0b728fe59d 2db2ba250e43443b9382d47e8fdc30e7 006d385c654e47dc97e7ad6019f6d05f - - 32cb23adb77e47fabcce474615b61cec 32cb23adb77e47fabcce474615b61cec] 199.19.213.132 "GET /v2.0/subnets?id=fbeab95f-045f-46fb-88e1-a8f8dd6fcd87 HTTP/1.1" status: 200 len: 892 time: 0.0562439 /var/lib/openstack/lib/python3.12/site-packages/pycadf/identifier.py:71: UserWarning: Invalid uuid: neutron. To ensure interoperability, identifiers should be a valid uuid. warnings.warn(('Invalid uuid: %s. To ensure interoperability, '
2026-06-15 21:11:51.029 9 INFO neutron.api.wsgi [req-10352b5d-71cc-4580-81e1-ed9850ff06c3 req-90409f6a-b825-4aae-9830-68510f448c01 2db2ba250e43443b9382d47e8fdc30e7 006d385c654e47dc97e7ad6019f6d05f - - 32cb23adb77e47fabcce474615b61cec 32cb23adb77e47fabcce474615b61cec] 199.19.213.132 "GET /v2.0/ports?network_id=65a4de86-670c-44f1-ac30-abeaa4629375&device_owner=network%3Adhcp HTTP/1.1" status: 200 len: 210 time: 0.0421896
2026-06-15 21:11:51.081 9 INFO neutron.api.wsgi [req-43140c49-4442-4d43-babb-a9ed62a2772f req-e6dea766-a195-4940-ab25-cf7945e23053 cf1b99041799468aa1c6eb6704d9fe9f 1ddd7a4c5c124d248c0f604fec8f213f - - default default] 10.0.0.201 "GET /v2.0/security-groups?id=bca8a0e8-53bc-419d-a64e-d74d6802eb75&fields=id&fields=name HTTP/1.1" status: 200 len: 312 time: 0.1023612
2026-06-15 21:11:51.104 10 INFO neutron.db.ovn_revision_numbers_db [None req-6d9b3dfc-cf2b-4b10-b4a1-68b226595f5e a3ea93befd754a618602e16b9f998c5f c0e83b85323b40f4853ba0f176a59c3d - - default default] Successfully bumped revision number for resource 46b1d91a-cb37-4e04-85a2-a82457242e55 (type: security_groups) to 1
2026-06-15 21:11:51.110 10 INFO neutron.db.ovn_revision_numbers_db [req-1b5d112c-ae19-4387-a310-a12e24e05707 req-9e6ba6d6-7d95-4309-ae40-b78d6cecdca3 2db2ba250e43443b9382d47e8fdc30e7 006d385c654e47dc97e7ad6019f6d05f - - 32cb23adb77e47fabcce474615b61cec 32cb23adb77e47fabcce474615b61cec] Successfully bumped revision number for resource 7b7c053a-a3a9-439c-9040-de1ccfac2474 (type: ports) to 4
2026-06-15 21:11:51.116 9 INFO neutron.api.wsgi [req-10352b5d-71cc-4580-81e1-ed9850ff06c3 req-0f63bac1-8906-4e20-8bbb-070d944f1791 2db2ba250e43443b9382d47e8fdc30e7 006d385c654e47dc97e7ad6019f6d05f - - 32cb23adb77e47fabcce474615b61cec 32cb23adb77e47fabcce474615b61cec] 199.19.213.132 "GET /v2.0/networks/65a4de86-670c-44f1-ac30-abeaa4629375?fields=segments HTTP/1.1" status: 200 len: 212 time: 0.0789297
2026-06-15 21:11:51.120 10 INFO neutron.db.ovn_revision_numbers_db [None req-6d9b3dfc-cf2b-4b10-b4a1-68b226595f5e a3ea93befd754a618602e16b9f998c5f c0e83b85323b40f4853ba0f176a59c3d - - default default] Successfully bumped revision number for resource 4d905fba-dfcc-470b-9e1b-7ef15d3a87c1 (type: security_group_rules) to 0
2026-06-15 21:11:51.127 10 INFO neutron.api.wsgi [req-1b5d112c-ae19-4387-a310-a12e24e05707 req-9e6ba6d6-7d95-4309-ae40-b78d6cecdca3 2db2ba250e43443b9382d47e8fdc30e7 006d385c654e47dc97e7ad6019f6d05f - - 32cb23adb77e47fabcce474615b61cec 32cb23adb77e47fabcce474615b61cec] 199.19.213.132 "PUT /v2.0/ports/7b7c053a-a3a9-439c-9040-de1ccfac2474 HTTP/1.1" status: 200 len: 1408 time: 0.9558132
2026-06-15 21:11:51.148 10 INFO neutron.db.ovn_revision_numbers_db [None req-6d9b3dfc-cf2b-4b10-b4a1-68b226595f5e a3ea93befd754a618602e16b9f998c5f c0e83b85323b40f4853ba0f176a59c3d - - default default] Successfully bumped revision number for resource 4e6143f0-15f8-4094-8645-880d895274f9 (type: security_group_rules) to 0
2026-06-15 21:11:51.192 9 INFO neutron.api.wsgi [req-10352b5d-71cc-4580-81e1-ed9850ff06c3 req-19acbf37-e4d5-433d-bfba-6f5617411fa5 2db2ba250e43443b9382d47e8fdc30e7 006d385c654e47dc97e7ad6019f6d05f - - 32cb23adb77e47fabcce474615b61cec 32cb23adb77e47fabcce474615b61cec] 199.19.213.132 "GET /v2.0/networks/65a4de86-670c-44f1-ac30-abeaa4629375?fields=provider%3Aphysical_network&fields=provider%3Anetwork_type HTTP/1.1" status: 200 len: 277 time: 0.0699213
2026-06-15 21:11:51.193 10 INFO neutron.db.ovn_revision_numbers_db [None req-6d9b3dfc-cf2b-4b10-b4a1-68b226595f5e a3ea93befd754a618602e16b9f998c5f c0e83b85323b40f4853ba0f176a59c3d - - default default] Successfully bumped revision number for resource aa50ee0e-a51a-4f88-9d8f-71e262e87b3d (type: security_group_rules) to 0
2026-06-15 21:11:51.210 10 INFO neutron.db.ovn_revision_numbers_db [None req-6d9b3dfc-cf2b-4b10-b4a1-68b226595f5e a3ea93befd754a618602e16b9f998c5f c0e83b85323b40f4853ba0f176a59c3d - - default default] Successfully bumped revision number for resource fbda23a0-8fcf-4f17-b1a4-1028d20d8a58 (type: security_group_rules) to 0
2026-06-15 21:11:51.251 10 INFO neutron.api.wsgi [None req-6d9b3dfc-cf2b-4b10-b4a1-68b226595f5e a3ea93befd754a618602e16b9f998c5f c0e83b85323b40f4853ba0f176a59c3d - - default default] 10.0.0.47 "GET /v2.0/security-groups?tenant_id=c66a452648364761a24048778f877eaa&name=default HTTP/1.1" status: 200 len: 3120 time: 0.2687342 /var/lib/openstack/lib/python3.12/site-packages/pycadf/identifier.py:71: UserWarning: Invalid uuid: neutron. To ensure interoperability, identifiers should be a valid uuid. warnings.warn(('Invalid uuid: %s. To ensure interoperability, '
2026-06-15 21:11:51.336 9 INFO neutron.db.ovn_revision_numbers_db [None req-1458cf8e-1a4b-4780-9b5a-cc8f22543d5a - - - - - -] Successfully bumped revision number for resource 0e96d720-0af9-4cee-bf9c-f81bf43d0f42 (type: ports) to 1
2026-06-15 21:11:51.497 10 INFO neutron.api.wsgi [None req-46a70812-3d1a-4a04-9c81-8cef479c5c08 a3ea93befd754a618602e16b9f998c5f c0e83b85323b40f4853ba0f176a59c3d - - default default] 10.0.0.47 "DELETE /v2.0/security-groups/46b1d91a-cb37-4e04-85a2-a82457242e55 HTTP/1.1" status: 204 len: 168 time: 0.2406864
2026-06-15 21:11:51.545 9 INFO neutron.api.wsgi [req-3b6e3683-0878-43a3-b980-a16658241124 req-7980691b-88cb-4bc6-8ee2-72ec2d9168b2 9c8e5f17071b48c98efc43791441e9e7 e06cedf68fe447fda293bee4ee583ef1 - - default default] 10.0.0.201 "GET /v2.0/ports?device_id=220296cd-16df-4415-8a3a-924f5f7c20bb HTTP/1.1" status: 200 len: 1168 time: 0.0434339
2026-06-15 21:11:51.568 9 WARNING neutron.scheduler.dhcp_agent_scheduler [None req-e68153a2-4036-4385-bdda-605427afcab7 a3ea93befd754a618602e16b9f998c5f c0e83b85323b40f4853ba0f176a59c3d - - default default] No more DHCP agents
2026-06-15 21:11:51.571 9 WARNING neutron.api.rpc.agentnotifiers.dhcp_rpc_agent_api [None req-e68153a2-4036-4385-bdda-605427afcab7 a3ea93befd754a618602e16b9f998c5f c0e83b85323b40f4853ba0f176a59c3d - - default default] Unable to schedule network 92a8fe0e-72c9-42c0-aee5-b4fec9f1563c: no agents available; will retry on subsequent port and subnet creation events.
2026-06-15 21:11:51.599 9 INFO neutron.api.wsgi [req-3b6e3683-0878-43a3-b980-a16658241124 req-1972e571-46e4-40c6-8830-47d7648f148d 9c8e5f17071b48c98efc43791441e9e7 e06cedf68fe447fda293bee4ee583ef1 - - default default] 10.0.0.201 "GET /v2.0/security-groups?id=02be701a-9eeb-47a2-8df1-5fd639f283aa&fields=id&fields=name HTTP/1.1" status: 200 len: 313 time: 0.0477386
2026-06-15 21:11:51.628 10 INFO neutron.notifiers.nova [-] Nova event matching ['req-d97f3e96-4414-49c5-b2e0-3c3ec82265cb'] response: {'name': 'network-changed', 'server_uuid': 'a06991b3-8109-4e02-99e0-b776abbd860f', 'tag': '7b7c053a-a3a9-439c-9040-de1ccfac2474', 'status': 'completed', 'code': 200}
2026-06-15 21:11:51.739 9 INFO neutron.db.ovn_revision_numbers_db [None req-e68153a2-4036-4385-bdda-605427afcab7 a3ea93befd754a618602e16b9f998c5f c0e83b85323b40f4853ba0f176a59c3d - - default default] Successfully bumped revision number for resource 7d07cc5e-2ae3-4b10-9b8f-de12f2311795 (type: ports) to 1
2026-06-15 21:11:51.802 9 INFO neutron.db.ovn_revision_numbers_db [None req-1458cf8e-1a4b-4780-9b5a-cc8f22543d5a - - - - - -] Successfully bumped revision number for resource 0e96d720-0af9-4cee-bf9c-f81bf43d0f42 (type: ports) to 4
2026-06-15 21:11:52.235 9 INFO neutron.api.wsgi [req-e3253316-817d-48cb-a7b3-892b1c86a3eb req-47bb364e-c594-4b55-b5f4-22822dd65675 cf1b99041799468aa1c6eb6704d9fe9f 1ddd7a4c5c124d248c0f604fec8f213f - - default default] 10.0.0.201 "GET /v2.0/ports?device_id=a06991b3-8109-4e02-99e0-b776abbd860f HTTP/1.1" status: 200 len: 1172 time: 0.0755351
2026-06-15 21:11:52.266 10 INFO neutron.api.wsgi [req-1781c35c-5b5f-4847-853d-457aa9baf02f req-4d4590bc-51f2-419b-a797-6f1ff0d5f2f2 2db2ba250e43443b9382d47e8fdc30e7 006d385c654e47dc97e7ad6019f6d05f - - 32cb23adb77e47fabcce474615b61cec 32cb23adb77e47fabcce474615b61cec] 199.19.213.132 "GET /v2.0/ports?tenant_id=e06cedf68fe447fda293bee4ee583ef1&device_id=220296cd-16df-4415-8a3a-924f5f7c20bb HTTP/1.1" status: 200 len: 1407 time: 0.0585308
2026-06-15 21:11:52.283 9 INFO neutron.api.wsgi [req-7f61666e-09ba-4b96-960e-24014497f1a1 req-abbec601-ec62-429c-9247-1bd12090f0f3 2db2ba250e43443b9382d47e8fdc30e7 006d385c654e47dc97e7ad6019f6d05f - - 32cb23adb77e47fabcce474615b61cec 32cb23adb77e47fabcce474615b61cec] 199.19.213.132 "GET /v2.0/ports?tenant_id=1ddd7a4c5c124d248c0f604fec8f213f&device_id=a06991b3-8109-4e02-99e0-b776abbd860f HTTP/1.1" status: 200 len: 1411 time: 0.1008978
2026-06-15 21:11:52.330 9 INFO neutron.api.wsgi [req-e3253316-817d-48cb-a7b3-892b1c86a3eb req-5fda4495-e466-467b-8d2a-d3ab74aedb5d cf1b99041799468aa1c6eb6704d9fe9f 1ddd7a4c5c124d248c0f604fec8f213f - - default default] 10.0.0.201 "GET /v2.0/security-groups?id=bca8a0e8-53bc-419d-a64e-d74d6802eb75&fields=id&fields=name HTTP/1.1" status: 200 len: 312 time: 0.0836656
2026-06-15 21:11:52.377 10 INFO neutron.api.wsgi [req-1781c35c-5b5f-4847-853d-457aa9baf02f req-3cea9b43-1a3e-4302-a3a2-8bc3a16c7ae5 2db2ba250e43443b9382d47e8fdc30e7 006d385c654e47dc97e7ad6019f6d05f - - 32cb23adb77e47fabcce474615b61cec 32cb23adb77e47fabcce474615b61cec] 199.19.213.132 "GET /v2.0/networks?id=65a4de86-670c-44f1-ac30-abeaa4629375 HTTP/1.1" status: 200 len: 973 time: 0.0785508
2026-06-15 21:11:52.395 9 INFO neutron.api.wsgi [req-7f61666e-09ba-4b96-960e-24014497f1a1 req-d60b3dad-720c-4643-b090-971b0f168eaa 2db2ba250e43443b9382d47e8fdc30e7 006d385c654e47dc97e7ad6019f6d05f - - 32cb23adb77e47fabcce474615b61cec 32cb23adb77e47fabcce474615b61cec] 199.19.213.132 "GET /v2.0/networks?tenant_id=1ddd7a4c5c124d248c0f604fec8f213f&shared=False HTTP/1.1" status: 200 len: 968 time: 0.0904968
2026-06-15 21:11:52.404 9 INFO neutron.db.ovn_revision_numbers_db [None req-1458cf8e-1a4b-4780-9b5a-cc8f22543d5a - - - - - -] Successfully bumped revision number for resource 0e96d720-0af9-4cee-bf9c-f81bf43d0f42 (type: ports) to 5
2026-06-15 21:11:52.566 10 INFO neutron.api.wsgi [req-1781c35c-5b5f-4847-853d-457aa9baf02f req-efedd37b-a484-4926-809e-521fa1c6803c 2db2ba250e43443b9382d47e8fdc30e7 006d385c654e47dc97e7ad6019f6d05f - - 32cb23adb77e47fabcce474615b61cec 32cb23adb77e47fabcce474615b61cec] 199.19.213.132 "GET /v2.0/floatingips?fixed_ip_address=10.100.0.9&port_id=1c1bf25c-4c97-40b6-bfb4-aba72e601763 HTTP/1.1" status: 200 len: 217 time: 0.0436924
2026-06-15 21:11:52.586 9 INFO neutron.api.wsgi [req-7f61666e-09ba-4b96-960e-24014497f1a1 req-66924da6-18dd-4608-b45c-742e37de83fd 2db2ba250e43443b9382d47e8fdc30e7 006d385c654e47dc97e7ad6019f6d05f - - 32cb23adb77e47fabcce474615b61cec 32cb23adb77e47fabcce474615b61cec] 199.19.213.132 "GET /v2.0/networks?shared=True HTTP/1.1" status: 200 len: 952 time: 0.0634079
2026-06-15 21:11:52.613 10 INFO neutron.api.wsgi [req-1781c35c-5b5f-4847-853d-457aa9baf02f req-73530adc-a772-4553-88ac-417d37cc9c34 2db2ba250e43443b9382d47e8fdc30e7 006d385c654e47dc97e7ad6019f6d05f - - 32cb23adb77e47fabcce474615b61cec 32cb23adb77e47fabcce474615b61cec] 199.19.213.132 "GET /v2.0/subnets?id=fbeab95f-045f-46fb-88e1-a8f8dd6fcd87 HTTP/1.1" status: 200 len: 892 time: 0.0376966
2026-06-15 21:11:52.653 10 INFO neutron.api.wsgi [req-1781c35c-5b5f-4847-853d-457aa9baf02f req-e505d871-9a4b-461b-995a-24fd1a536298 2db2ba250e43443b9382d47e8fdc30e7 006d385c654e47dc97e7ad6019f6d05f - - 32cb23adb77e47fabcce474615b61cec 32cb23adb77e47fabcce474615b61cec] 199.19.213.132 "GET /v2.0/ports?network_id=65a4de86-670c-44f1-ac30-abeaa4629375&device_owner=network%3Adhcp HTTP/1.1" status: 200 len: 210 time: 0.0346482
2026-06-15 21:11:52.664 9 INFO neutron.db.ovn_revision_numbers_db [None req-e68153a2-4036-4385-bdda-605427afcab7 a3ea93befd754a618602e16b9f998c5f c0e83b85323b40f4853ba0f176a59c3d - - default default] Successfully bumped revision number for resource 7d07cc5e-2ae3-4b10-9b8f-de12f2311795 (type: ports) to 1
2026-06-15 21:11:52.702 10 INFO neutron.api.wsgi [req-1781c35c-5b5f-4847-853d-457aa9baf02f req-d232fb96-ac10-4867-831a-4292ab6ee56c 2db2ba250e43443b9382d47e8fdc30e7 006d385c654e47dc97e7ad6019f6d05f - - 32cb23adb77e47fabcce474615b61cec 32cb23adb77e47fabcce474615b61cec] 199.19.213.132 "GET /v2.0/networks/65a4de86-670c-44f1-ac30-abeaa4629375?fields=segments HTTP/1.1" status: 200 len: 212 time: 0.0427074
2026-06-15 21:11:52.715 9 INFO neutron.api.wsgi [req-234821f2-4aa8-41f0-9293-6e745aa2fa89 req-56568ab2-9be2-4ab0-85a4-19ed72568e95 9c8e5f17071b48c98efc43791441e9e7 e06cedf68fe447fda293bee4ee583ef1 - - default default] 10.0.0.201 "GET /v2.0/ports?device_id=220296cd-16df-4415-8a3a-924f5f7c20bb HTTP/1.1" status: 200 len: 1168 time: 0.0415878
