2026-06-15 21:16:31.881 9 INFO neutron.api.wsgi [None req-0a342436-7a5a-4c67-aec1-f0e4847f357c a196b115d18e4edb9666f495b38fd8b8 b26dbc4bb7e1423dab3499e92ddf4eb2 - - default default] 10.0.0.47 "DELETE /v2.0/vpn/ipsec-site-connections/006833a0-ff82-49c0-83f4-d03ef094f16b HTTP/1.1" status: 204 len: 168 time: 1.1222312
2026-06-15 21:16:31.904 9 INFO neutron.api.wsgi [None req-e6b82ed8-988b-4e2d-afbf-b40ef8771dfa a196b115d18e4edb9666f495b38fd8b8 b26dbc4bb7e1423dab3499e92ddf4eb2 - - default default] 10.0.0.47 "GET /v2.0/vpn/ipsec-site-connections HTTP/1.1" status: 200 len: 990 time: 0.0153508
2026-06-15 21:16:31.924 9 INFO neutron.api.v2.resource [None req-518632b5-f93e-4319-8f03-955ea7830566 a196b115d18e4edb9666f495b38fd8b8 b26dbc4bb7e1423dab3499e92ddf4eb2 - - default default] delete failed (client error): The resource could not be found.
2026-06-15 21:16:31.925 9 INFO neutron.api.wsgi [None req-518632b5-f93e-4319-8f03-955ea7830566 a196b115d18e4edb9666f495b38fd8b8 b26dbc4bb7e1423dab3499e92ddf4eb2 - - default default] 10.0.0.47 "DELETE /v2.0/vpn/ipsec-site-connections/006833a0-ff82-49c0-83f4-d03ef094f16b HTTP/1.1" status: 404 len: 355 time: 0.0135942
2026-06-15 21:16:31.939 9 WARNING neutron_lib.context [None req-b490d670-55e7-422a-abc4-8a9dea135dc0 a196b115d18e4edb9666f495b38fd8b8 b26dbc4bb7e1423dab3499e92ddf4eb2 - - default default] Method 'is_advsvc' is deprecated since 2023.2 release (neutron-lib 3.8.0) and will be removed once support for the old RBAC API policies will be removed from Neutron. Please use method 'is_service_role' instead.
2026-06-15 21:16:31.981 10 INFO neutron.api.wsgi [None req-b6ddc025-30e1-4216-a9fb-be99ce4ed658 a3ea93befd754a618602e16b9f998c5f c0e83b85323b40f4853ba0f176a59c3d - - default default] 10.0.0.47 "DELETE /v2.0/subnets/7fc31c15-d558-4c1c-ac55-fe1a1f055484 HTTP/1.1" status: 204 len: 168 time: 0.2459159
2026-06-15 21:16:31.984 9 INFO neutron.api.wsgi [None req-b490d670-55e7-422a-abc4-8a9dea135dc0 a196b115d18e4edb9666f495b38fd8b8 b26dbc4bb7e1423dab3499e92ddf4eb2 - - default default] 10.0.0.47 "POST /v2.0/vpn/endpoint-groups HTTP/1.1" status: 201 len: 488 time: 0.0491433
2026-06-15 21:16:32.012 9 INFO neutron.api.wsgi [None req-5fbb3c3c-fb1c-464b-b73a-fefa6e6df3d6 a196b115d18e4edb9666f495b38fd8b8 b26dbc4bb7e1423dab3499e92ddf4eb2 - - default default] 10.0.0.47 "PUT /v2.0/vpn/endpoint-groups/d293cb5e-bf14-4f7e-9855-25bc43cc6012 HTTP/1.1" status: 200 len: 483 time: 0.0237019
2026-06-15 21:16:32.033 9 INFO neutron.api.wsgi [None req-d06dd83d-41fb-48ff-8fff-3478314c37a3 a196b115d18e4edb9666f495b38fd8b8 b26dbc4bb7e1423dab3499e92ddf4eb2 - - default default] 10.0.0.47 "GET /v2.0/vpn/endpoint-groups/d293cb5e-bf14-4f7e-9855-25bc43cc6012 HTTP/1.1" status: 200 len: 483 time: 0.0136163
2026-06-15 21:16:32.070 10 INFO neutron.api.wsgi [None req-d3c909a4-6591-408e-97e1-059998528f1f a196b115d18e4edb9666f495b38fd8b8 b26dbc4bb7e1423dab3499e92ddf4eb2 - - default default] 10.0.0.47 "DELETE /v2.0/vpn/endpoint-groups/d293cb5e-bf14-4f7e-9855-25bc43cc6012 HTTP/1.1" status: 204 len: 168 time: 0.0313547
2026-06-15 21:16:32.091 9 INFO neutron.api.wsgi [None req-7025b887-661f-49c0-a9f7-191a98206d6a a196b115d18e4edb9666f495b38fd8b8 b26dbc4bb7e1423dab3499e92ddf4eb2 - - default default] 10.0.0.47 "GET /v2.0/vpn/endpoint-groups HTTP/1.1" status: 200 len: 827 time: 0.0146632
2026-06-15 21:16:32.111 9 INFO neutron.api.wsgi [None req-b32469a2-152e-42e3-9dd7-c8688ab27468 a196b115d18e4edb9666f495b38fd8b8 b26dbc4bb7e1423dab3499e92ddf4eb2 - - default default] 10.0.0.47 "GET /v2.0/vpn/endpoint-groups HTTP/1.1" status: 200 len: 827 time: 0.0125740
2026-06-15 21:16:32.124 10 WARNING neutron_lib.context [None req-e3524d41-8bff-4642-b7e7-7fc9111b5113 a196b115d18e4edb9666f495b38fd8b8 b26dbc4bb7e1423dab3499e92ddf4eb2 - - default default] Method 'is_advsvc' is deprecated since 2023.2 release (neutron-lib 3.8.0) and will be removed once support for the old RBAC API policies will be removed from Neutron. Please use method 'is_service_role' instead.
2026-06-15 21:16:32.184 10 INFO neutron.api.wsgi [None req-e3524d41-8bff-4642-b7e7-7fc9111b5113 a196b115d18e4edb9666f495b38fd8b8 b26dbc4bb7e1423dab3499e92ddf4eb2 - - default default] 10.0.0.47 "POST /v2.0/vpn/ikepolicies HTTP/1.1" status: 201 len: 602 time: 0.0649869
2026-06-15 21:16:32.226 9 INFO neutron.api.wsgi [None req-a274d3eb-3f04-485e-a072-c17bab2dffc7 a196b115d18e4edb9666f495b38fd8b8 b26dbc4bb7e1423dab3499e92ddf4eb2 - - default default] 10.0.0.47 "PUT /v2.0/vpn/ikepolicies/28702b0e-69e4-4442-bcd5-64ae056fb9af HTTP/1.1" status: 200 len: 613 time: 0.0367301
2026-06-15 21:16:32.249 9 INFO neutron.api.wsgi [None req-25e18afe-afca-49cc-85fc-95d16854597e a196b115d18e4edb9666f495b38fd8b8 b26dbc4bb7e1423dab3499e92ddf4eb2 - - default default] 10.0.0.47 "GET /v2.0/vpn/ikepolicies/28702b0e-69e4-4442-bcd5-64ae056fb9af HTTP/1.1" status: 200 len: 613 time: 0.0119524
2026-06-15 21:16:32.282 10 INFO neutron.api.wsgi [None req-09b9c26d-7346-40c3-b270-03db8f5d2713 a196b115d18e4edb9666f495b38fd8b8 b26dbc4bb7e1423dab3499e92ddf4eb2 - - default default] 10.0.0.47 "DELETE /v2.0/vpn/ikepolicies/28702b0e-69e4-4442-bcd5-64ae056fb9af HTTP/1.1" status: 204 len: 168 time: 0.0269639
2026-06-15 21:16:32.298 10 INFO neutron.api.wsgi [None req-eeb5e0b6-09bd-4e7a-9f89-67876ac90cda a196b115d18e4edb9666f495b38fd8b8 b26dbc4bb7e1423dab3499e92ddf4eb2 - - default default] 10.0.0.47 "GET /v2.0/vpn/ikepolicies HTTP/1.1" status: 200 len: 602 time: 0.0099952
2026-06-15 21:16:32.316 9 INFO neutron.api.wsgi [None req-d42b18f2-0e14-4e6d-b0a8-17945ad7f15f a196b115d18e4edb9666f495b38fd8b8 b26dbc4bb7e1423dab3499e92ddf4eb2 - - default default] 10.0.0.47 "GET /v2.0/vpn/ikepolicies HTTP/1.1" status: 200 len: 602 time: 0.0118275
2026-06-15 21:16:32.331 9 WARNING neutron_lib.context [None req-8a13aaf6-5dde-4de0-8805-64406dcfac3e a196b115d18e4edb9666f495b38fd8b8 b26dbc4bb7e1423dab3499e92ddf4eb2 - - default default] Method 'is_advsvc' is deprecated since 2023.2 release (neutron-lib 3.8.0) and will be removed once support for the old RBAC API policies will be removed from Neutron. Please use method 'is_service_role' instead.
2026-06-15 21:16:32.374 10 INFO neutron.services.segments.plugin [-] Segment d86dc24d-ca6c-4237-8a7c-c979b52b9674 resource provider aggregate not found
2026-06-15 21:16:32.376 9 INFO neutron.api.wsgi [None req-8a13aaf6-5dde-4de0-8805-64406dcfac3e a196b115d18e4edb9666f495b38fd8b8 b26dbc4bb7e1423dab3499e92ddf4eb2 - - default default] 10.0.0.47 "POST /v2.0/vpn/ipsecpolicies HTTP/1.1" status: 201 len: 610 time: 0.0506442
2026-06-15 21:16:32.382 10 INFO neutron.services.segments.plugin [-] Segment d86dc24d-ca6c-4237-8a7c-c979b52b9674 resource provider aggregate not found
2026-06-15 21:16:32.391 10 INFO neutron.services.segments.plugin [-] Segment d86dc24d-ca6c-4237-8a7c-c979b52b9674 resource provider not found; error: Placement Client Error (4xx): {"errors": [{"status": 404, "title": "Not Found", "detail": "The resource could not be found.\n\n No resource provider with uuid d86dc24d-ca6c-4237-8a7c-c979b52b9674 found for delete ", "request_id": "req-112e360a-19b1-4bef-85b9-efb96de34b18"}]}
2026-06-15 21:16:32.403 10 INFO neutron.services.segments.plugin [-] Segment d86dc24d-ca6c-4237-8a7c-c979b52b9674 resource provider not found; error: Placement Client Error (4xx): {"errors": [{"status": 404, "title": "Not Found", "detail": "The resource could not be found.\n\n No resource provider with uuid d86dc24d-ca6c-4237-8a7c-c979b52b9674 found for delete ", "request_id": "req-f940fe46-a9fc-4a0f-8544-47d3fd2ccb46"}]}
2026-06-15 21:16:32.414 9 INFO neutron.api.wsgi [None req-2479a5c3-c98f-49ff-b813-8877f2bc1bc1 a196b115d18e4edb9666f495b38fd8b8 b26dbc4bb7e1423dab3499e92ddf4eb2 - - default default] 10.0.0.47 "PUT /v2.0/vpn/ipsecpolicies/cbd43bdc-daea-46f8-a675-757296661367 HTTP/1.1" status: 200 len: 625 time: 0.0305746
2026-06-15 21:16:32.417 10 INFO neutron.api.wsgi [None req-35be1ebb-d08b-420d-bc78-4db5701f8b27 a3ea93befd754a618602e16b9f998c5f c0e83b85323b40f4853ba0f176a59c3d - - default default] 10.0.0.47 "DELETE /v2.0/networks/dccb4b25-02ae-4f5b-935d-d825667c08f6 HTTP/1.1" status: 204 len: 168 time: 0.4315739
2026-06-15 21:16:32.458 9 INFO neutron.api.wsgi [None req-5d69f489-cd92-4e75-aacb-7a39ce1f8e32 a196b115d18e4edb9666f495b38fd8b8 b26dbc4bb7e1423dab3499e92ddf4eb2 - - default default] 10.0.0.47 "DELETE /v2.0/vpn/ipsecpolicies/cbd43bdc-daea-46f8-a675-757296661367 HTTP/1.1" status: 204 len: 168 time: 0.0337539
2026-06-15 21:16:32.474 10 INFO neutron.api.v2.resource [None req-ff57baf5-5b3f-4e56-afa6-633f7267bc0b a196b115d18e4edb9666f495b38fd8b8 b26dbc4bb7e1423dab3499e92ddf4eb2 - - default default] delete failed (client error): The resource could not be found.
2026-06-15 21:16:32.475 10 INFO neutron.api.wsgi [None req-ff57baf5-5b3f-4e56-afa6-633f7267bc0b a196b115d18e4edb9666f495b38fd8b8 b26dbc4bb7e1423dab3499e92ddf4eb2 - - default default] 10.0.0.47 "DELETE /v2.0/vpn/ipsecpolicies/cbd43bdc-daea-46f8-a675-757296661367 HTTP/1.1" status: 404 len: 346 time: 0.0127888
2026-06-15 21:16:32.493 9 INFO neutron.api.v2.resource [None req-6fbd66e5-7b21-48c4-a229-0a230bf206ea a196b115d18e4edb9666f495b38fd8b8 b26dbc4bb7e1423dab3499e92ddf4eb2 - - default default] delete failed (client error): The resource could not be found.
2026-06-15 21:16:32.495 9 INFO neutron.api.wsgi [None req-6fbd66e5-7b21-48c4-a229-0a230bf206ea a196b115d18e4edb9666f495b38fd8b8 b26dbc4bb7e1423dab3499e92ddf4eb2 - - default default] 10.0.0.47 "DELETE /v2.0/vpn/ipsecpolicies/cbd43bdc-daea-46f8-a675-757296661367 HTTP/1.1" status: 404 len: 346 time: 0.0111771
2026-06-15 21:16:32.507 9 WARNING neutron_lib.context [None req-9f6fc650-3642-4868-8a38-c22bc8279816 a196b115d18e4edb9666f495b38fd8b8 b26dbc4bb7e1423dab3499e92ddf4eb2 - - default default] Method 'is_advsvc' is deprecated since 2023.2 release (neutron-lib 3.8.0) and will be removed once support for the old RBAC API policies will be removed from Neutron. Please use method 'is_service_role' instead.
2026-06-15 21:16:32.591 9 INFO neutron.db.segments_db [None req-9f6fc650-3642-4868-8a38-c22bc8279816 a196b115d18e4edb9666f495b38fd8b8 b26dbc4bb7e1423dab3499e92ddf4eb2 - - default default] Added segment 28beb5dc-5402-49f9-8302-7b6bee94fc38 of type geneve for network dc4b6ba8-696a-402e-b3ec-2e4fbfd26d4c
2026-06-15 21:16:32.725 9 INFO neutron.db.ovn_revision_numbers_db [None req-9f6fc650-3642-4868-8a38-c22bc8279816 a196b115d18e4edb9666f495b38fd8b8 b26dbc4bb7e1423dab3499e92ddf4eb2 - - default default] Successfully bumped revision number for resource dc4b6ba8-696a-402e-b3ec-2e4fbfd26d4c (type: networks) to 1
2026-06-15 21:16:32.951 9 WARNING neutron.scheduler.dhcp_agent_scheduler [None req-9f6fc650-3642-4868-8a38-c22bc8279816 a196b115d18e4edb9666f495b38fd8b8 b26dbc4bb7e1423dab3499e92ddf4eb2 - - default default] No more DHCP agents
2026-06-15 21:16:32.953 9 WARNING neutron.api.rpc.agentnotifiers.dhcp_rpc_agent_api [None req-9f6fc650-3642-4868-8a38-c22bc8279816 a196b115d18e4edb9666f495b38fd8b8 b26dbc4bb7e1423dab3499e92ddf4eb2 - - default default] Unable to schedule network dc4b6ba8-696a-402e-b3ec-2e4fbfd26d4c: no agents available; will retry on subsequent port and subnet creation events.
2026-06-15 21:16:33.022 9 INFO neutron.db.ovn_revision_numbers_db [None req-9f6fc650-3642-4868-8a38-c22bc8279816 a196b115d18e4edb9666f495b38fd8b8 b26dbc4bb7e1423dab3499e92ddf4eb2 - - default default] Successfully bumped revision number for resource e634d168-45de-4ffe-bff3-b4f3e880bca8 (type: ports) to 1
2026-06-15 21:16:33.043 9 INFO neutron.api.wsgi [None req-9f6fc650-3642-4868-8a38-c22bc8279816 a196b115d18e4edb9666f495b38fd8b8 b26dbc4bb7e1423dab3499e92ddf4eb2 - - default default] 10.0.0.47 "POST /v2.0/networks HTTP/1.1" status: 201 len: 829 time: 0.5425210
2026-06-15 21:16:33.054 9 WARNING neutron_lib.context [None req-7f158b0d-2088-4303-9b69-f7576dd5b125 a196b115d18e4edb9666f495b38fd8b8 b26dbc4bb7e1423dab3499e92ddf4eb2 - - default default] Method 'is_advsvc' is deprecated since 2023.2 release (neutron-lib 3.8.0) and will be removed once support for the old RBAC API policies will be removed from Neutron. Please use method 'is_service_role' instead.
2026-06-15 21:16:33.269 9 WARNING neutron.scheduler.dhcp_agent_scheduler [None req-7f158b0d-2088-4303-9b69-f7576dd5b125 a196b115d18e4edb9666f495b38fd8b8 b26dbc4bb7e1423dab3499e92ddf4eb2 - - default default] No more DHCP agents
2026-06-15 21:16:33.271 9 WARNING neutron.api.rpc.agentnotifiers.dhcp_rpc_agent_api [None req-7f158b0d-2088-4303-9b69-f7576dd5b125 a196b115d18e4edb9666f495b38fd8b8 b26dbc4bb7e1423dab3499e92ddf4eb2 - - default default] Unable to schedule network dc4b6ba8-696a-402e-b3ec-2e4fbfd26d4c: no agents available; will retry on subsequent port and subnet creation events.
2026-06-15 21:16:33.553 15 INFO neutron.db.ovn_revision_numbers_db [None req-61294f67-ca0b-4227-9ffe-ddf642d8b180 - - - - - -] Successfully bumped revision number for resource f23f76d6-1564-4b01-b9be-b6d3b922b67d (type: networks) to 3
2026-06-15 21:16:33.628 15 INFO neutron.db.ovn_revision_numbers_db [None req-61294f67-ca0b-4227-9ffe-ddf642d8b180 - - - - - -] Successfully bumped revision number for resource b724d3c5-2071-4a51-ae92-63eaa1d967ef (type: networks) to 3
2026-06-15 21:16:33.714 15 INFO neutron.db.ovn_revision_numbers_db [None req-61294f67-ca0b-4227-9ffe-ddf642d8b180 - - - - - -] Successfully bumped revision number for resource ef53670f-6085-47fe-af08-1e1ded295008 (type: networks) to 3
2026-06-15 21:16:33.759 9 INFO neutron.db.ovn_revision_numbers_db [None req-76c1f55d-7d55-47be-93fd-b13634117995 - - - - - -] Successfully bumped revision number for resource e634d168-45de-4ffe-bff3-b4f3e880bca8 (type: ports) to 2
2026-06-15 21:16:33.764 15 INFO neutron.db.ovn_revision_numbers_db [None req-61294f67-ca0b-4227-9ffe-ddf642d8b180 - - - - - -] Successfully bumped revision number for resource f1cbc552-cad3-4b1b-9b12-bbc0a83e1ce5 (type: security_groups) to 12
2026-06-15 21:16:33.803 9 INFO neutron.db.ovn_revision_numbers_db [None req-76c1f55d-7d55-47be-93fd-b13634117995 - - - - - -] Successfully bumped revision number for resource 1ac8a154-5a62-49ee-a3db-b846b29717ed (type: subnets) to 0
2026-06-15 21:16:33.828 9 INFO neutron.api.wsgi [None req-7f158b0d-2088-4303-9b69-f7576dd5b125 a196b115d18e4edb9666f495b38fd8b8 b26dbc4bb7e1423dab3499e92ddf4eb2 - - default default] 10.0.0.47 "POST /v2.0/subnets HTTP/1.1" status: 201 len: 828 time: 0.7781246
2026-06-15 21:16:33.841 9 WARNING neutron_lib.context [None req-e402a8fb-728b-4799-ad78-00c128f5da8c a196b115d18e4edb9666f495b38fd8b8 b26dbc4bb7e1423dab3499e92ddf4eb2 - - default default] Method 'is_advsvc' is deprecated since 2023.2 release (neutron-lib 3.8.0) and will be removed once support for the old RBAC API policies will be removed from Neutron. Please use method 'is_service_role' instead.
2026-06-15 21:16:34.049 9 INFO neutron.api.wsgi [req-e1741c97-c5c3-4aa9-83fc-e6bc82940179 req-58cc3290-ba54-44c1-a11a-1d9b002df904 a3ea93befd754a618602e16b9f998c5f c0e83b85323b40f4853ba0f176a59c3d - - default default] 10.0.0.201 "GET /v2.0/security-groups?id=fabb0d7a-7b69-429b-b14d-2b8d16da637c&fields=id HTTP/1.1" status: 200 len: 267 time: 0.0560317
2026-06-15 21:16:34.054 15 INFO neutron.db.ovn_revision_numbers_db [None req-61294f67-ca0b-4227-9ffe-ddf642d8b180 - - - - - -] Successfully bumped revision number for resource 18dff631-bbe2-4f26-af07-d2d09937e9fd (type: routers) to 5
2026-06-15 21:16:34.109 9 INFO neutron.api.wsgi [req-e1741c97-c5c3-4aa9-83fc-e6bc82940179 req-ed1f7c76-010b-421a-a6dd-f8aa696df022 a3ea93befd754a618602e16b9f998c5f c0e83b85323b40f4853ba0f176a59c3d - - default default] 10.0.0.201 "GET /v2.0/networks?id=c3d0d1a2-cd48-4663-be1c-cce3937bd81e HTTP/1.1" status: 200 len: 937 time: 0.0519662
2026-06-15 21:16:34.130 9 INFO neutron.api.wsgi [req-e1741c97-c5c3-4aa9-83fc-e6bc82940179 req-acbd7cf9-aa75-4261-bebf-544a1ca0e4e2 a3ea93befd754a618602e16b9f998c5f c0e83b85323b40f4853ba0f176a59c3d - - default default] 10.0.0.201 "GET /v2.0/quotas/c0e83b85323b40f4853ba0f176a59c3d HTTP/1.1" status: 200 len: 490 time: 0.0135446
2026-06-15 21:16:34.196 9 INFO neutron.api.wsgi [req-e1741c97-c5c3-4aa9-83fc-e6bc82940179 req-01389a7d-bf04-4566-9346-08e141e6ecd2 a3ea93befd754a618602e16b9f998c5f c0e83b85323b40f4853ba0f176a59c3d - - default default] 10.0.0.201 "GET /v2.0/ports?tenant_id=c0e83b85323b40f4853ba0f176a59c3d&fields=id HTTP/1.1" status: 200 len: 348 time: 0.0605931
2026-06-15 21:16:34.262 9 INFO neutron.api.wsgi [req-e1741c97-c5c3-4aa9-83fc-e6bc82940179 req-a3376b90-de8c-45db-bb05-3330875f555d 2db2ba250e43443b9382d47e8fdc30e7 006d385c654e47dc97e7ad6019f6d05f - - 32cb23adb77e47fabcce474615b61cec 32cb23adb77e47fabcce474615b61cec] 10.0.0.201 "GET /v2.0/networks/c3d0d1a2-cd48-4663-be1c-cce3937bd81e?fields=segments HTTP/1.1" status: 200 len: 212 time: 0.0555689
2026-06-15 21:16:34.273 15 INFO neutron.db.ovn_revision_numbers_db [None req-61294f67-ca0b-4227-9ffe-ddf642d8b180 - - - - - -] Successfully bumped revision number for resource 36ded61d-2db0-4785-b6cd-745e9b5f0eb1 (type: router_ports) to 5
2026-06-15 21:16:34.318 10 INFO neutron.api.wsgi [None req-86a3a337-2a50-47db-9da2-7c77b9bdeafe a3ea93befd754a618602e16b9f998c5f c0e83b85323b40f4853ba0f176a59c3d - - default default] 10.0.0.47 "PUT /v2.0/routers/d0f49285-b82b-4474-9ea3-a749d7bfd518/remove_router_interface HTTP/1.1" status: 200 len: 503 time: 1.8953121 /var/lib/openstack/lib/python3.12/site-packages/pycadf/identifier.py:71: UserWarning: Invalid uuid: neutron. To ensure interoperability, identifiers should be a valid uuid. warnings.warn(('Invalid uuid: %s. To ensure interoperability, '
2026-06-15 21:16:34.339 9 INFO neutron.api.wsgi [req-e1741c97-c5c3-4aa9-83fc-e6bc82940179 req-3438a302-446c-4856-8ae8-2db54f2d007e 2db2ba250e43443b9382d47e8fdc30e7 006d385c654e47dc97e7ad6019f6d05f - - 32cb23adb77e47fabcce474615b61cec 32cb23adb77e47fabcce474615b61cec] 10.0.0.201 "GET /v2.0/networks/c3d0d1a2-cd48-4663-be1c-cce3937bd81e?fields=provider%3Aphysical_network&fields=provider%3Anetwork_type HTTP/1.1" status: 200 len: 277 time: 0.0638669
2026-06-15 21:16:34.348 9 WARNING neutron.scheduler.dhcp_agent_scheduler [None req-e402a8fb-728b-4799-ad78-00c128f5da8c a196b115d18e4edb9666f495b38fd8b8 b26dbc4bb7e1423dab3499e92ddf4eb2 - - default default] No more DHCP agents
2026-06-15 21:16:34.349 9 WARNING neutron.api.rpc.agentnotifiers.dhcp_rpc_agent_api [None req-e402a8fb-728b-4799-ad78-00c128f5da8c a196b115d18e4edb9666f495b38fd8b8 b26dbc4bb7e1423dab3499e92ddf4eb2 - - default default] Unable to schedule network 03d1d46c-50db-4e75-a25c-e48940aeffd0: no agents available; will retry on subsequent port and subnet creation events.
2026-06-15 21:16:34.471 9 INFO neutron.db.ovn_revision_numbers_db [None req-e402a8fb-728b-4799-ad78-00c128f5da8c a196b115d18e4edb9666f495b38fd8b8 b26dbc4bb7e1423dab3499e92ddf4eb2 - - default default] Successfully bumped revision number for resource 70fd28e7-a102-4506-9b99-d73aea56ec3e (type: ports) to 1
2026-06-15 21:16:35.057 9 INFO neutron.api.wsgi [req-b960136c-8b3d-47f4-9087-3be73b1238cd req-b7a5aaf6-cf41-46b5-8ec8-348985b8ff0a a3ea93befd754a618602e16b9f998c5f c0e83b85323b40f4853ba0f176a59c3d - - default default] 10.0.0.201 "GET /v2.0/ports?device_id=2fee2cae-5984-490d-ac63-7e6b361a868c HTTP/1.1" status: 200 len: 210 time: 0.0199537
2026-06-15 21:16:35.110 10 INFO neutron.api.wsgi [None req-68b42da8-b5b3-41b4-ad33-767d3e468a29 a3ea93befd754a618602e16b9f998c5f c0e83b85323b40f4853ba0f176a59c3d - - default default] 10.0.0.47 "DELETE /v2.0/routers/d0f49285-b82b-4474-9ea3-a749d7bfd518 HTTP/1.1" status: 204 len: 168 time: 0.7833037
2026-06-15 21:16:35.132 9 INFO neutron.api.wsgi [req-f97eef95-270e-482b-8adf-886e043d1fe9 req-b66a6d1b-d035-4e78-97a0-722620982847 a3ea93befd754a618602e16b9f998c5f c0e83b85323b40f4853ba0f176a59c3d - - default default] 10.0.0.201 "GET /v2.0/ports?device_id=2fee2cae-5984-490d-ac63-7e6b361a868c HTTP/1.1" status: 200 len: 210 time: 0.0224385
2026-06-15 21:16:35.260 9 INFO neutron.plugins.ml2.drivers.ovn.mech_driver.ovsdb.commands [None req-12c7670d-2623-4adc-8ce4-0c7fefa7c036 - - - - - -] Schedule LRP lrp-70fd28e7-a102-4506-9b99-d73aea56ec3e on gateway c43cc7a7-0197-4faf-ae10-b1c22aeb9f3c with priority 1
2026-06-15 21:16:35.278 10 INFO neutron.plugins.ml2.drivers.ovn.mech_driver.mech_driver [None req-6c37ccdc-0109-43d5-853d-cb03eddc9830 - - - - - -] OVN reports status up for port: 70fd28e7-a102-4506-9b99-d73aea56ec3e
2026-06-15 21:16:35.285 10 INFO neutron.plugins.ml2.plugin [None req-6c37ccdc-0109-43d5-853d-cb03eddc9830 - - - - - -] Attempt 1 to provision port 70fd28e7-a102-4506-9b99-d73aea56ec3e
2026-06-15 21:16:35.306 9 INFO neutron.db.ovn_revision_numbers_db [None req-e402a8fb-728b-4799-ad78-00c128f5da8c a196b115d18e4edb9666f495b38fd8b8 b26dbc4bb7e1423dab3499e92ddf4eb2 - - default default] Successfully bumped revision number for resource 70fd28e7-a102-4506-9b99-d73aea56ec3e (type: router_ports) to 1
2026-06-15 21:16:35.330 10 INFO neutron.api.wsgi [None req-a3f4ba97-f4c5-415f-bec2-09ff37512332 a3ea93befd754a618602e16b9f998c5f c0e83b85323b40f4853ba0f176a59c3d - - default default] 10.0.0.47 "DELETE /v2.0/subnets/67889106-f95f-47f3-869e-29841b636bea HTTP/1.1" status: 204 len: 168 time: 0.2150874
2026-06-15 21:16:35.389 9 INFO neutron.db.ovn_revision_numbers_db [None req-e402a8fb-728b-4799-ad78-00c128f5da8c a196b115d18e4edb9666f495b38fd8b8 b26dbc4bb7e1423dab3499e92ddf4eb2 - - default default] Successfully bumped revision number for resource 2ed6991e-be27-4bcc-b626-4de5fe10d520 (type: routers) to 2
2026-06-15 21:16:35.412 9 INFO neutron.api.wsgi [None req-e402a8fb-728b-4799-ad78-00c128f5da8c a196b115d18e4edb9666f495b38fd8b8 b26dbc4bb7e1423dab3499e92ddf4eb2 - - default default] 10.0.0.47 "POST /v2.0/routers HTTP/1.1" status: 201 len: 1135 time: 1.5776803
2026-06-15 21:16:35.750 10 INFO neutron.services.segments.plugin [-] Segment 47c957ff-d0e9-419c-b7e0-a43c12af4f4e resource provider aggregate not found
2026-06-15 21:16:35.754 10 INFO neutron.services.segments.plugin [-] Segment 47c957ff-d0e9-419c-b7e0-a43c12af4f4e resource provider aggregate not found
2026-06-15 21:16:35.786 10 INFO neutron.services.segments.plugin [-] Segment 47c957ff-d0e9-419c-b7e0-a43c12af4f4e resource provider not found; error: Placement Client Error (4xx): {"errors": [{"status": 404, "title": "Not Found", "detail": "The resource could not be found.\n\n No resource provider with uuid 47c957ff-d0e9-419c-b7e0-a43c12af4f4e found for delete ", "request_id": "req-0104efe5-2ec2-4a8d-819a-e41fce4dd1f4"}]}
2026-06-15 21:16:35.803 10 INFO neutron.services.segments.plugin [-] Segment 47c957ff-d0e9-419c-b7e0-a43c12af4f4e resource provider not found; error: Placement Client Error (4xx): {"errors": [{"status": 404, "title": "Not Found", "detail": "The resource could not be found.\n\n No resource provider with uuid 47c957ff-d0e9-419c-b7e0-a43c12af4f4e found for delete ", "request_id": "req-499cd34c-67fe-4b79-a673-4c317289983b"}]}
2026-06-15 21:16:35.814 10 INFO neutron.api.wsgi [None req-d8995a15-25ff-4fa7-b5d2-2e8a07908a6c a3ea93befd754a618602e16b9f998c5f c0e83b85323b40f4853ba0f176a59c3d - - default default] 10.0.0.47 "DELETE /v2.0/networks/b0177d2e-1c71-47f6-a604-f2e906872a17 HTTP/1.1" status: 204 len: 168 time: 0.4764054
2026-06-15 21:16:36.081 10 WARNING neutron.scheduler.dhcp_agent_scheduler [None req-7199b126-4bce-4c22-841e-6c5b3c2129e3 a196b115d18e4edb9666f495b38fd8b8 b26dbc4bb7e1423dab3499e92ddf4eb2 - - default default] No more DHCP agents
2026-06-15 21:16:36.083 10 WARNING neutron.api.rpc.agentnotifiers.dhcp_rpc_agent_api [None req-7199b126-4bce-4c22-841e-6c5b3c2129e3 a196b115d18e4edb9666f495b38fd8b8 b26dbc4bb7e1423dab3499e92ddf4eb2 - - default default] Unable to schedule network dc4b6ba8-696a-402e-b3ec-2e4fbfd26d4c: no agents available; will retry on subsequent port and subnet creation events.
2026-06-15 21:16:36.186 9 INFO neutron.api.wsgi [None req-e2908c69-0086-4c84-ae7f-51c920767232 a3ea93befd754a618602e16b9f998c5f c0e83b85323b40f4853ba0f176a59c3d - - default default] 10.0.0.47 "GET /v2.0/security-groups?tenant_id=a981eae013f24974b69c22dca511f37f&name=default HTTP/1.1" status: 200 len: 3120 time: 0.0464671
2026-06-15 21:16:36.230 10 INFO neutron.db.ovn_revision_numbers_db [None req-7199b126-4bce-4c22-841e-6c5b3c2129e3 a196b115d18e4edb9666f495b38fd8b8 b26dbc4bb7e1423dab3499e92ddf4eb2 - - default default] Successfully bumped revision number for resource 933ca201-7f17-4602-ab54-8a996422993d (type: ports) to 1
2026-06-15 21:16:36.506 9 INFO neutron.api.wsgi [None req-c3d77434-2bdf-47cb-8fc3-ea2e3ae22837 a3ea93befd754a618602e16b9f998c5f c0e83b85323b40f4853ba0f176a59c3d - - default default] 10.0.0.47 "DELETE /v2.0/security-groups/3264587c-97cc-4423-a234-11fdce6c0f03 HTTP/1.1" status: 204 len: 168 time: 0.3061907
2026-06-15 21:16:36.595 15 INFO neutron.plugins.ml2.drivers.ovn.mech_driver.ovsdb.maintenance [None req-61294f67-ca0b-4227-9ffe-ddf642d8b180 - - - - - -] OVN maintenance task check_for_inconsistencies finished in 3.156 seconds
2026-06-15 21:16:36.732 10 INFO neutron.api.wsgi [None req-f087bce9-b0e5-49cf-a7c2-8c84bf379bb9 a3ea93befd754a618602e16b9f998c5f c0e83b85323b40f4853ba0f176a59c3d - - default default] 10.0.0.47 "GET /v2.0/security-groups?tenant_id=526e97031a4243e59e139a368ec179d7&name=default HTTP/1.1" status: 200 len: 3120 time: 0.0435364
2026-06-15 21:16:36.990 9 INFO neutron.api.wsgi [None req-5f01668c-51d2-493e-8359-ad80bd957d4b a3ea93befd754a618602e16b9f998c5f c0e83b85323b40f4853ba0f176a59c3d - - default default] 10.0.0.47 "DELETE /v2.0/security-groups/f88b5dd0-709a-464f-ac60-3edb55ccd5c5 HTTP/1.1" status: 204 len: 168 time: 0.2514572
2026-06-15 21:16:37.043 10 INFO neutron.db.ovn_revision_numbers_db [None req-7199b126-4bce-4c22-841e-6c5b3c2129e3 a196b115d18e4edb9666f495b38fd8b8 b26dbc4bb7e1423dab3499e92ddf4eb2 - - default default] Successfully bumped revision number for resource 933ca201-7f17-4602-ab54-8a996422993d (type: ports) to 1
2026-06-15 21:16:37.093 10 WARNING neutron.scheduler.dhcp_agent_scheduler [None req-7199b126-4bce-4c22-841e-6c5b3c2129e3 a196b115d18e4edb9666f495b38fd8b8 b26dbc4bb7e1423dab3499e92ddf4eb2 - - default default] No more DHCP agents
2026-06-15 21:16:37.095 10 WARNING neutron.api.rpc.agentnotifiers.dhcp_rpc_agent_api [None req-7199b126-4bce-4c22-841e-6c5b3c2129e3 a196b115d18e4edb9666f495b38fd8b8 b26dbc4bb7e1423dab3499e92ddf4eb2 - - default default] Unable to schedule network dc4b6ba8-696a-402e-b3ec-2e4fbfd26d4c: no agents available; will retry on subsequent port and subnet creation events.
2026-06-15 21:16:37.517 10 INFO neutron.db.ovn_revision_numbers_db [None req-7199b126-4bce-4c22-841e-6c5b3c2129e3 a196b115d18e4edb9666f495b38fd8b8 b26dbc4bb7e1423dab3499e92ddf4eb2 - - default default] Successfully bumped revision number for resource 933ca201-7f17-4602-ab54-8a996422993d (type: router_ports) to 1
2026-06-15 21:16:37.524 10 INFO neutron.api.wsgi [None req-7199b126-4bce-4c22-841e-6c5b3c2129e3 a196b115d18e4edb9666f495b38fd8b8 b26dbc4bb7e1423dab3499e92ddf4eb2 - - default default] 10.0.0.47 "PUT /v2.0/routers/2ed6991e-be27-4bcc-b626-4de5fe10d520/add_router_interface HTTP/1.1" status: 200 len: 503 time: 2.1068778
2026-06-15 21:16:37.537 10 WARNING neutron_lib.context [None req-0da28ec3-0d06-416f-9f8f-730ea51a33fc a196b115d18e4edb9666f495b38fd8b8 b26dbc4bb7e1423dab3499e92ddf4eb2 - - default default] Method 'is_advsvc' is deprecated since 2023.2 release (neutron-lib 3.8.0) and will be removed once support for the old RBAC API policies will be removed from Neutron. Please use method 'is_service_role' instead.
2026-06-15 21:16:38.112 10 WARNING neutron.scheduler.dhcp_agent_scheduler [None req-29ca65d4-6dd3-4fda-8312-b00e9121f47a - - - - - -] No more DHCP agents
2026-06-15 21:16:38.114 10 WARNING neutron.api.rpc.agentnotifiers.dhcp_rpc_agent_api [None req-29ca65d4-6dd3-4fda-8312-b00e9121f47a - - - - - -] Unable to schedule network 03d1d46c-50db-4e75-a25c-e48940aeffd0: no agents available; will retry on subsequent port and subnet creation events.
2026-06-15 21:16:38.229 9 INFO neutron.api.wsgi [req-73917426-f421-4221-a6e1-30c2fcdfd34e req-07c75b23-49a5-4932-8171-a4b08da2f8f3 a3ea93befd754a618602e16b9f998c5f c0e83b85323b40f4853ba0f176a59c3d - - default default] 10.0.0.201 "GET /v2.0/ports?device_id=2fee2cae-5984-490d-ac63-7e6b361a868c HTTP/1.1" status: 200 len: 210 time: 0.3033812
2026-06-15 21:16:38.255 10 INFO neutron.db.ovn_revision_numbers_db [None req-29ca65d4-6dd3-4fda-8312-b00e9121f47a - - - - - -] Successfully bumped revision number for resource 5eb78c2b-2fbc-4994-99bc-62d248c42feb (type: ports) to 1
2026-06-15 21:16:38.350 9 INFO neutron.api.wsgi [req-52f9d3bd-6d81-48ed-8270-a4f27f7646e8 req-0004fa38-3830-4ba7-b221-f42f62513ea6 a3ea93befd754a618602e16b9f998c5f c0e83b85323b40f4853ba0f176a59c3d - - default default] 10.0.0.201 "GET /v2.0/ports?device_id=2fee2cae-5984-490d-ac63-7e6b361a868c HTTP/1.1" status: 200 len: 210 time: 0.0474246
2026-06-15 21:16:38.363 9 INFO neutron.api.wsgi [None req-c08886e6-508b-4a70-964b-e2b4d9352ec3 a3ea93befd754a618602e16b9f998c5f c0e83b85323b40f4853ba0f176a59c3d - - default default] 10.0.0.121 "GET /v2.0/floatingips HTTP/1.1" status: 200 len: 1877 time: 0.0910857
2026-06-15 21:16:38.412 9 INFO neutron.api.wsgi [None req-0bc60e9a-a006-4c96-a21b-4ffd618db841 a3ea93befd754a618602e16b9f998c5f c0e83b85323b40f4853ba0f176a59c3d - - default default] 10.0.0.121 "GET /v2.0/security-groups HTTP/1.1" status: 200 len: 33335 time: 0.0458658
2026-06-15 21:16:38.437 9 INFO neutron.api.wsgi [None req-0614d25d-fa6a-4483-8eb8-5931fe8af4ff a3ea93befd754a618602e16b9f998c5f c0e83b85323b40f4853ba0f176a59c3d - - default default] 10.0.0.121 "GET /v2.0/agents HTTP/1.1" status: 200 len: 1390 time: 0.0167656
2026-06-15 21:16:38.478 9 INFO neutron.api.wsgi [None req-096c2774-f7c5-416a-a71d-e85ec018ada3 a3ea93befd754a618602e16b9f998c5f c0e83b85323b40f4853ba0f176a59c3d - - default default] 10.0.0.121 "GET /v2.0/subnets HTTP/1.1" status: 200 len: 8291 time: 0.0396731
2026-06-15 21:16:38.494 9 INFO neutron.api.wsgi [None req-386752bd-88d7-4521-8a97-3b163f254dcd a3ea93befd754a618602e16b9f998c5f c0e83b85323b40f4853ba0f176a59c3d - - default default] 10.0.0.121 "GET /v2.0/subnetpools HTTP/1.1" status: 200 len: 193 time: 0.0125141
2026-06-15 21:16:38.525 10 INFO neutron.db.ovn_revision_numbers_db [None req-29ca65d4-6dd3-4fda-8312-b00e9121f47a - - - - - -] Successfully bumped revision number for resource 5eb78c2b-2fbc-4994-99bc-62d248c42feb (type: ports) to 3
2026-06-15 21:16:38.601 10 INFO neutron.db.segments_db [None req-29ca65d4-6dd3-4fda-8312-b00e9121f47a - - - - - -] Added segment d46643c6-fd94-45d7-a86b-7eddc61e2ef3 of type geneve for network fcc9f719-c4a7-418a-a828-fed1a138c16d
2026-06-15 21:16:38.611 9 INFO neutron.api.wsgi [None req-b450124e-1c07-43fe-877c-7e9e51e4e1e5 a3ea93befd754a618602e16b9f998c5f c0e83b85323b40f4853ba0f176a59c3d - - default default] 10.0.0.121 "GET /v2.0/ports HTTP/1.1" status: 200 len: 33382 time: 0.1160517
2026-06-15 21:16:38.699 9 INFO neutron.api.wsgi [None req-c006cd78-7652-4002-9f15-9a426c87d5b8 a3ea93befd754a618602e16b9f998c5f c0e83b85323b40f4853ba0f176a59c3d - - default default] 10.0.0.121 "GET /v2.0/networks HTTP/1.1" status: 200 len: 7653 time: 0.0703573
2026-06-15 21:16:38.746 10 INFO neutron.db.ovn_revision_numbers_db [None req-4a5ee7f6-4df6-4daa-bbf6-cebf8f9bad47 - - - - - -] Successfully bumped revision number for resource fcc9f719-c4a7-418a-a828-fed1a138c16d (type: networks) to 1
2026-06-15 21:16:38.764 9 INFO neutron.api.wsgi [None req-3c8e0512-c075-482a-bd08-80cd317c0d97 a3ea93befd754a618602e16b9f998c5f c0e83b85323b40f4853ba0f176a59c3d - - default default] 10.0.0.121 "GET /v2.0/subnets HTTP/1.1" status: 200 len: 8291 time: 0.0567045
2026-06-15 21:16:38.786 9 INFO neutron.api.wsgi [None req-749680cc-7f35-4c86-96a7-4771fc0805c8 a3ea93befd754a618602e16b9f998c5f c0e83b85323b40f4853ba0f176a59c3d - - default default] 10.0.0.121 "GET /v2.0/network-ip-availabilities HTTP/1.1" status: 200 len: 5264 time: 0.0200818
2026-06-15 21:16:38.891 9 INFO neutron.api.wsgi [None req-a9440463-1b65-4c01-927a-86d4ba5d9615 a3ea93befd754a618602e16b9f998c5f c0e83b85323b40f4853ba0f176a59c3d - - default default] 10.0.0.121 "GET /v2.0/routers HTTP/1.1" status: 200 len: 4087 time: 0.1034858
2026-06-15 21:16:38.908 9 INFO neutron.api.wsgi [None req-0a411855-1e0c-4436-b483-a3b3547afc3f a3ea93befd754a618602e16b9f998c5f c0e83b85323b40f4853ba0f176a59c3d - - default default] 10.0.0.121 "GET /v2.0/agents?binary=ovn-controller HTTP/1.1" status: 200 len: 591 time: 0.0154548
2026-06-15 21:16:38.932 10 WARNING neutron.scheduler.dhcp_agent_scheduler [None req-4a5ee7f6-4df6-4daa-bbf6-cebf8f9bad47 - - - - - -] No more DHCP agents
2026-06-15 21:16:38.933 10 WARNING neutron.api.rpc.agentnotifiers.dhcp_rpc_agent_api [None req-4a5ee7f6-4df6-4daa-bbf6-cebf8f9bad47 - - - - - -] Unable to schedule network fcc9f719-c4a7-418a-a828-fed1a138c16d: no agents available; will retry on subsequent port and subnet creation events.
2026-06-15 21:16:39.009 10 INFO neutron.db.ovn_revision_numbers_db [None req-4a5ee7f6-4df6-4daa-bbf6-cebf8f9bad47 - - - - - -] Successfully bumped revision number for resource 54c19a3f-c7fd-48a9-bea1-2c2dc7aa3404 (type: ports) to 1
2026-06-15 21:16:39.028 9 INFO neutron.api.wsgi [req-e1741c97-c5c3-4aa9-83fc-e6bc82940179 req-59a4fc1b-aacf-43b0-9b2e-2f75bfb340a1 a3ea93befd754a618602e16b9f998c5f c0e83b85323b40f4853ba0f176a59c3d - - default default] 199.19.213.132 "GET /v2.0/networks?id=c3d0d1a2-cd48-4663-be1c-cce3937bd81e HTTP/1.1" status: 200 len: 937 time: 0.0582404
2026-06-15 21:16:39.081 9 INFO neutron.api.wsgi [req-e1741c97-c5c3-4aa9-83fc-e6bc82940179 req-758cd51d-80bd-4748-b068-8ece6759df6f a3ea93befd754a618602e16b9f998c5f c0e83b85323b40f4853ba0f176a59c3d - - default default] 199.19.213.132 "GET /v2.0/security-groups?fields=id&fields=name&tenant_id=c0e83b85323b40f4853ba0f176a59c3d HTTP/1.1" status: 200 len: 542 time: 0.0486658
2026-06-15 21:16:39.158 10 WARNING neutron.scheduler.dhcp_agent_scheduler [None req-4a5ee7f6-4df6-4daa-bbf6-cebf8f9bad47 - - - - - -] No more DHCP agents
2026-06-15 21:16:39.161 10 WARNING neutron.api.rpc.agentnotifiers.dhcp_rpc_agent_api [None req-4a5ee7f6-4df6-4daa-bbf6-cebf8f9bad47 - - - - - -] Unable to schedule network fcc9f719-c4a7-418a-a828-fed1a138c16d: no agents available; will retry on subsequent port and subnet creation events.
2026-06-15 21:16:39.187 10 INFO neutron.db.ovn_revision_numbers_db [None req-4a5ee7f6-4df6-4daa-bbf6-cebf8f9bad47 - - - - - -] Successfully bumped revision number for resource f1b63cdd-fb1a-41b9-89a6-67a2972869e9 (type: subnets) to 0
2026-06-15 21:16:39.339 9 WARNING neutron.scheduler.dhcp_agent_scheduler [req-e1741c97-c5c3-4aa9-83fc-e6bc82940179 req-9eeabc78-3869-4308-b443-db3b072f14fe a3ea93befd754a618602e16b9f998c5f c0e83b85323b40f4853ba0f176a59c3d - - default default] No more DHCP agents
2026-06-15 21:16:39.341 9 WARNING neutron.api.rpc.agentnotifiers.dhcp_rpc_agent_api [req-e1741c97-c5c3-4aa9-83fc-e6bc82940179 req-9eeabc78-3869-4308-b443-db3b072f14fe a3ea93befd754a618602e16b9f998c5f c0e83b85323b40f4853ba0f176a59c3d - - default default] Unable to schedule network c3d0d1a2-cd48-4663-be1c-cce3937bd81e: no agents available; will retry on subsequent port and subnet creation events.
2026-06-15 21:16:39.516 9 INFO neutron.db.ovn_revision_numbers_db [req-e1741c97-c5c3-4aa9-83fc-e6bc82940179 req-9eeabc78-3869-4308-b443-db3b072f14fe a3ea93befd754a618602e16b9f998c5f c0e83b85323b40f4853ba0f176a59c3d - - default default] Successfully bumped revision number for resource b42f77c2-6e9b-4000-a7df-04c5a74ab6bc (type: ports) to 1
2026-06-15 21:16:39.547 9 INFO neutron.api.wsgi [req-e1741c97-c5c3-4aa9-83fc-e6bc82940179 req-9eeabc78-3869-4308-b443-db3b072f14fe a3ea93befd754a618602e16b9f998c5f c0e83b85323b40f4853ba0f176a59c3d - - default default] 199.19.213.132 "POST /v2.0/ports HTTP/1.1" status: 201 len: 1287 time: 0.4629493 /var/lib/openstack/lib/python3.12/site-packages/pycadf/identifier.py:71: UserWarning: Invalid uuid: neutron. To ensure interoperability, identifiers should be a valid uuid. warnings.warn(('Invalid uuid: %s. To ensure interoperability, '
2026-06-15 21:16:39.627 10 WARNING neutron.scheduler.dhcp_agent_scheduler [None req-4a5ee7f6-4df6-4daa-bbf6-cebf8f9bad47 - - - - - -] No more DHCP agents
2026-06-15 21:16:39.628 10 WARNING neutron.api.rpc.agentnotifiers.dhcp_rpc_agent_api [None req-4a5ee7f6-4df6-4daa-bbf6-cebf8f9bad47 - - - - - -] Unable to schedule network fcc9f719-c4a7-418a-a828-fed1a138c16d: no agents available; will retry on subsequent port and subnet creation events.
2026-06-15 21:16:39.651 10 INFO neutron.api.wsgi [req-a457f762-022a-4be6-a1d1-2f93af963496 req-adc7c108-2a99-4e7f-b131-9c1a0118725f 2db2ba250e43443b9382d47e8fdc30e7 006d385c654e47dc97e7ad6019f6d05f - - 32cb23adb77e47fabcce474615b61cec 32cb23adb77e47fabcce474615b61cec] 199.19.213.132 "GET /v2.0/ports?device_id=224a50e6-600d-4e13-8d3c-7f1e40029135&fields=binding%3Ahost_id&fields=binding%3Avif_type HTTP/1.1" status: 200 len: 265 time: 0.0488312
2026-06-15 21:16:39.774 10 INFO neutron.api.wsgi [-] 10.0.0.254 "GET / HTTP/1.1" status: 200 len: 247 time: 0.0022264
2026-06-15 21:16:39.777 10 INFO neutron.api.wsgi [-] 10.0.0.254 "GET / HTTP/1.1" status: 200 len: 247 time: 0.0012996
2026-06-15 21:16:39.786 10 INFO neutron.db.ovn_revision_numbers_db [None req-4a5ee7f6-4df6-4daa-bbf6-cebf8f9bad47 - - - - - -] Successfully bumped revision number for resource c272f86c-6b57-4b64-9af8-6a8b96aa23ac (type: ports) to 1
2026-06-15 21:16:40.035 9 INFO neutron.db.ovn_revision_numbers_db [req-e1741c97-c5c3-4aa9-83fc-e6bc82940179 req-07561955-3863-4dd4-bbf1-98c26843f8e7 2db2ba250e43443b9382d47e8fdc30e7 006d385c654e47dc97e7ad6019f6d05f - - 32cb23adb77e47fabcce474615b61cec 32cb23adb77e47fabcce474615b61cec] Successfully bumped revision number for resource b42f77c2-6e9b-4000-a7df-04c5a74ab6bc (type: ports) to 2
2026-06-15 21:16:40.320 9 INFO neutron.db.ovn_revision_numbers_db [req-e1741c97-c5c3-4aa9-83fc-e6bc82940179 req-07561955-3863-4dd4-bbf1-98c26843f8e7 2db2ba250e43443b9382d47e8fdc30e7 006d385c654e47dc97e7ad6019f6d05f - - 32cb23adb77e47fabcce474615b61cec 32cb23adb77e47fabcce474615b61cec] Successfully bumped revision number for resource b42f77c2-6e9b-4000-a7df-04c5a74ab6bc (type: ports) to 4
2026-06-15 21:16:40.339 10 WARNING neutron.plugins.ml2.drivers.ovn.mech_driver.ovsdb.ovn_client [None req-6c37ccdc-0109-43d5-853d-cb03eddc9830 - - - - - -] No hosting information found for port 70fd28e7-a102-4506-9b99-d73aea56ec3e: RuntimeError: No hosting information found for port 70fd28e7-a102-4506-9b99-d73aea56ec3e
2026-06-15 21:16:40.339 10 INFO neutron.plugins.ml2.drivers.ovn.mech_driver.mech_driver [None req-6c37ccdc-0109-43d5-853d-cb03eddc9830 - - - - - -] OVN reports status up for port: 933ca201-7f17-4602-ab54-8a996422993d
2026-06-15 21:16:40.343 9 INFO neutron.api.wsgi [req-e1741c97-c5c3-4aa9-83fc-e6bc82940179 req-07561955-3863-4dd4-bbf1-98c26843f8e7 2db2ba250e43443b9382d47e8fdc30e7 006d385c654e47dc97e7ad6019f6d05f - - 32cb23adb77e47fabcce474615b61cec 32cb23adb77e47fabcce474615b61cec] 199.19.213.132 "PUT /v2.0/ports/b42f77c2-6e9b-4000-a7df-04c5a74ab6bc HTTP/1.1" status: 200 len: 1412 time: 0.7902164
2026-06-15 21:16:40.348 10 INFO neutron.plugins.ml2.plugin [None req-6c37ccdc-0109-43d5-853d-cb03eddc9830 - - - - - -] Attempt 1 to provision port 933ca201-7f17-4602-ab54-8a996422993d
2026-06-15 21:16:40.393 9 INFO neutron.notifiers.nova [-] Nova event matching ['req-6656aeae-d4a5-4d64-8a09-2d1df65067e4'] response: {'name': 'network-changed', 'server_uuid': '2fee2cae-5984-490d-ac63-7e6b361a868c', 'tag': 'b42f77c2-6e9b-4000-a7df-04c5a74ab6bc', 'status': 'completed', 'code': 200} /var/lib/openstack/lib/python3.12/site-packages/pycadf/identifier.py:71: UserWarning: Invalid uuid: neutron. To ensure interoperability, identifiers should be a valid uuid. warnings.warn(('Invalid uuid: %s. To ensure interoperability, '
2026-06-15 21:16:40.736 9 INFO neutron.api.wsgi [req-a457f762-022a-4be6-a1d1-2f93af963496 req-1330c2c8-6b66-4bcb-9f3b-9bb91dccbd25 2db2ba250e43443b9382d47e8fdc30e7 006d385c654e47dc97e7ad6019f6d05f - - 32cb23adb77e47fabcce474615b61cec 32cb23adb77e47fabcce474615b61cec] 199.19.213.132 "GET /v2.0/ports?tenant_id=d6995ded01b94352b34f5b1dc9971a0f&device_id=224a50e6-600d-4e13-8d3c-7f1e40029135 HTTP/1.1" status: 200 len: 1634 time: 0.0647030
2026-06-15 21:16:40.858 10 INFO neutron.db.ovn_revision_numbers_db [None req-4a5ee7f6-4df6-4daa-bbf6-cebf8f9bad47 - - - - - -] Successfully bumped revision number for resource c272f86c-6b57-4b64-9af8-6a8b96aa23ac (type: ports) to 1
2026-06-15 21:16:40.928 10 WARNING neutron.scheduler.dhcp_agent_scheduler [None req-4a5ee7f6-4df6-4daa-bbf6-cebf8f9bad47 - - - - - -] No more DHCP agents
2026-06-15 21:16:40.929 10 WARNING neutron.api.rpc.agentnotifiers.dhcp_rpc_agent_api [None req-4a5ee7f6-4df6-4daa-bbf6-cebf8f9bad47 - - - - - -] Unable to schedule network fcc9f719-c4a7-418a-a828-fed1a138c16d: no agents available; will retry on subsequent port and subnet creation events.
2026-06-15 21:16:40.946 9 INFO neutron.api.wsgi [req-62e7ed30-d275-4713-90e8-c4b26a8a2f5c req-864c445d-8950-417a-b43b-ff23d2e115bd 2db2ba250e43443b9382d47e8fdc30e7 006d385c654e47dc97e7ad6019f6d05f - - 32cb23adb77e47fabcce474615b61cec 32cb23adb77e47fabcce474615b61cec] 199.19.213.132 "GET /v2.0/ports?tenant_id=c0e83b85323b40f4853ba0f176a59c3d&device_id=2fee2cae-5984-490d-ac63-7e6b361a868c HTTP/1.1" status: 200 len: 1415 time: 0.0395353
2026-06-15 21:16:40.993 9 INFO neutron.api.wsgi [req-62e7ed30-d275-4713-90e8-c4b26a8a2f5c req-b46d1421-223a-411a-bb44-9378e7272a49 2db2ba250e43443b9382d47e8fdc30e7 006d385c654e47dc97e7ad6019f6d05f - - 32cb23adb77e47fabcce474615b61cec 32cb23adb77e47fabcce474615b61cec] 199.19.213.132 "GET /v2.0/networks?tenant_id=c0e83b85323b40f4853ba0f176a59c3d&shared=False HTTP/1.1" status: 200 len: 937 time: 0.0402391
2026-06-15 21:16:41.057 9 INFO neutron.api.wsgi [req-62e7ed30-d275-4713-90e8-c4b26a8a2f5c req-411c5c7a-0631-4a97-a1f6-4145a3599377 2db2ba250e43443b9382d47e8fdc30e7 006d385c654e47dc97e7ad6019f6d05f - - 32cb23adb77e47fabcce474615b61cec 32cb23adb77e47fabcce474615b61cec] 199.19.213.132 "GET /v2.0/networks?shared=True HTTP/1.1" status: 200 len: 952 time: 0.0604184
2026-06-15 21:16:41.158 10 INFO neutron.db.ovn_revision_numbers_db [None req-6c37ccdc-0109-43d5-853d-cb03eddc9830 - - - - - -] Successfully bumped revision number for resource 933ca201-7f17-4602-ab54-8a996422993d (type: ports) to 2
2026-06-15 21:16:41.312 9 INFO neutron.api.wsgi [req-a457f762-022a-4be6-a1d1-2f93af963496 req-9a6a16f2-e9f9-4472-a203-00388293c46c 2db2ba250e43443b9382d47e8fdc30e7 006d385c654e47dc97e7ad6019f6d05f - - 32cb23adb77e47fabcce474615b61cec 32cb23adb77e47fabcce474615b61cec] 199.19.213.132 "GET /v2.0/networks?id=b724d3c5-2071-4a51-ae92-63eaa1d967ef HTTP/1.1" status: 200 len: 1003 time: 0.0651586
2026-06-15 21:16:41.359 9 INFO neutron.api.wsgi [req-a457f762-022a-4be6-a1d1-2f93af963496 req-2b50e14f-cd6c-4a6b-878f-591f6cd75f7e 2db2ba250e43443b9382d47e8fdc30e7 006d385c654e47dc97e7ad6019f6d05f - - 32cb23adb77e47fabcce474615b61cec 32cb23adb77e47fabcce474615b61cec] 199.19.213.132 "GET /v2.0/floatingips?fixed_ip_address=10.2.1.78&port_id=b140c844-befa-4bdb-a7a2-2f5acbd8d880 HTTP/1.1" status: 200 len: 1058 time: 0.0364866
2026-06-15 21:16:41.387 9 INFO neutron.api.wsgi [req-a457f762-022a-4be6-a1d1-2f93af963496 req-86583f95-30ca-43c7-b09e-096c21d18eb3 2db2ba250e43443b9382d47e8fdc30e7 006d385c654e47dc97e7ad6019f6d05f - - 32cb23adb77e47fabcce474615b61cec 32cb23adb77e47fabcce474615b61cec] 199.19.213.132 "GET /v2.0/floatingips?fixed_ip_address=fd7b%3Af9f7%3Afff%3A4eca%3A%3A24d&port_id=b140c844-befa-4bdb-a7a2-2f5acbd8d880 HTTP/1.1" status: 200 len: 217 time: 0.0216930
2026-06-15 21:16:41.437 9 INFO neutron.api.wsgi [req-a457f762-022a-4be6-a1d1-2f93af963496 req-661bfc3b-aea7-48ef-bd48-44e55261fe7c 2db2ba250e43443b9382d47e8fdc30e7 006d385c654e47dc97e7ad6019f6d05f - - 32cb23adb77e47fabcce474615b61cec 32cb23adb77e47fabcce474615b61cec] 199.19.213.132 "GET /v2.0/subnets?id=9d5ca871-ba7f-49e9-b6e4-869dcecc665b&id=86cf6b1e-0e3f-40c5-9af5-539117708e87 HTTP/1.1" status: 200 len: 1611 time: 0.0430305
2026-06-15 21:16:41.467 9 INFO neutron.api.wsgi [req-a457f762-022a-4be6-a1d1-2f93af963496 req-50468acf-d9ce-4791-b740-a27af1bafa46 2db2ba250e43443b9382d47e8fdc30e7 006d385c654e47dc97e7ad6019f6d05f - - 32cb23adb77e47fabcce474615b61cec 32cb23adb77e47fabcce474615b61cec] 199.19.213.132 "GET /v2.0/ports?network_id=b724d3c5-2071-4a51-ae92-63eaa1d967ef&device_owner=network%3Adhcp HTTP/1.1" status: 200 len: 210 time: 0.0230873
2026-06-15 21:16:41.483 9 INFO neutron.api.wsgi [req-4bd749fa-7990-4e45-ba3d-f9c619b2130e req-419c67dd-23b2-42b0-9a5a-8d87e1b70538 a3ea93befd754a618602e16b9f998c5f c0e83b85323b40f4853ba0f176a59c3d - - default default] 10.0.0.201 "GET /v2.0/ports?device_id=2fee2cae-5984-490d-ac63-7e6b361a868c HTTP/1.1" status: 200 len: 1415 time: 0.0520563
2026-06-15 21:16:41.491 9 INFO neutron.api.wsgi [req-a457f762-022a-4be6-a1d1-2f93af963496 req-d0579325-f5ae-4144-ac6f-342bdc704df6 2db2ba250e43443b9382d47e8fdc30e7 006d385c654e47dc97e7ad6019f6d05f - - 32cb23adb77e47fabcce474615b61cec 32cb23adb77e47fabcce474615b61cec] 199.19.213.132 "GET /v2.0/ports?network_id=b724d3c5-2071-4a51-ae92-63eaa1d967ef&device_owner=network%3Adhcp HTTP/1.1" status: 200 len: 210 time: 0.0174570
2026-06-15 21:16:41.534 9 INFO neutron.api.wsgi [req-4bd749fa-7990-4e45-ba3d-f9c619b2130e req-b6f2ad4f-726d-428b-84be-8cb4500cfe24 a3ea93befd754a618602e16b9f998c5f c0e83b85323b40f4853ba0f176a59c3d - - default default] 10.0.0.201 "GET /v2.0/security-groups?id=fabb0d7a-7b69-429b-b14d-2b8d16da637c&fields=id&fields=name HTTP/1.1" status: 200 len: 294 time: 0.0440750
2026-06-15 21:16:41.550 9 INFO neutron.api.wsgi [req-a457f762-022a-4be6-a1d1-2f93af963496 req-9c302a56-708f-43e9-b580-49fbfb80d381 2db2ba250e43443b9382d47e8fdc30e7 006d385c654e47dc97e7ad6019f6d05f - - 32cb23adb77e47fabcce474615b61cec 32cb23adb77e47fabcce474615b61cec] 199.19.213.132 "GET /v2.0/networks/b724d3c5-2071-4a51-ae92-63eaa1d967ef?fields=segments HTTP/1.1" status: 200 len: 212 time: 0.0506716
2026-06-15 21:16:41.618 9 INFO neutron.api.wsgi [req-a457f762-022a-4be6-a1d1-2f93af963496 req-cee96fda-9253-4556-97bc-ee221084b845 2db2ba250e43443b9382d47e8fdc30e7 006d385c654e47dc97e7ad6019f6d05f - - 32cb23adb77e47fabcce474615b61cec 32cb23adb77e47fabcce474615b61cec] 199.19.213.132 "GET /v2.0/networks/b724d3c5-2071-4a51-ae92-63eaa1d967ef?fields=provider%3Aphysical_network&fields=provider%3Anetwork_type HTTP/1.1" status: 200 len: 277 time: 0.0629289
2026-06-15 21:16:41.637 9 INFO neutron.api.wsgi [req-88f11061-97c7-4379-9ccd-eb7672c9d5d7 req-f6bec7c7-a2d3-4b49-aa17-c7ef38f01d77 a3ea93befd754a618602e16b9f998c5f c0e83b85323b40f4853ba0f176a59c3d - - default default] 10.0.0.201 "GET /v2.0/ports?device_id=2fee2cae-5984-490d-ac63-7e6b361a868c HTTP/1.1" status: 200 len: 1415 time: 0.0453670
2026-06-15 21:16:41.735 9 INFO neutron.db.ovn_revision_numbers_db [None req-f8fd4508-17d7-4a17-8cd0-c74e50487fcc 4cbc847b8a0a451facfa7dfd32e87aa7 82c07724536a4924b1e5fe1aba3b3e06 - - default default] Successfully bumped revision number for resource 78fbdb1a-4d95-4869-8891-ac798e6d695f (type: security_groups) to 1
2026-06-15 21:16:41.748 9 INFO neutron.db.ovn_revision_numbers_db [None req-f8fd4508-17d7-4a17-8cd0-c74e50487fcc 4cbc847b8a0a451facfa7dfd32e87aa7 82c07724536a4924b1e5fe1aba3b3e06 - - default default] Successfully bumped revision number for resource 3087281d-b81a-4dae-8cb9-08b16d2c9af4 (type: security_group_rules) to 0
2026-06-15 21:16:41.764 9 INFO neutron.db.ovn_revision_numbers_db [None req-f8fd4508-17d7-4a17-8cd0-c74e50487fcc 4cbc847b8a0a451facfa7dfd32e87aa7 82c07724536a4924b1e5fe1aba3b3e06 - - default default] Successfully bumped revision number for resource 8cf823cc-300f-4858-9f94-24d458c73c7f (type: security_group_rules) to 0
2026-06-15 21:16:41.778 9 INFO neutron.db.ovn_revision_numbers_db [None req-f8fd4508-17d7-4a17-8cd0-c74e50487fcc 4cbc847b8a0a451facfa7dfd32e87aa7 82c07724536a4924b1e5fe1aba3b3e06 - - default default] Successfully bumped revision number for resource 8f0251d6-d06b-4d9b-9bb0-8236ab611042 (type: security_group_rules) to 0
2026-06-15 21:16:41.792 9 INFO neutron.db.ovn_revision_numbers_db [None req-f8fd4508-17d7-4a17-8cd0-c74e50487fcc 4cbc847b8a0a451facfa7dfd32e87aa7 82c07724536a4924b1e5fe1aba3b3e06 - - default default] Successfully bumped revision number for resource b9423e08-8e08-4ec9-8308-88626ef1f883 (type: security_group_rules) to 0
2026-06-15 21:16:41.877 9 INFO neutron.db.segments_db [None req-f8fd4508-17d7-4a17-8cd0-c74e50487fcc 4cbc847b8a0a451facfa7dfd32e87aa7 82c07724536a4924b1e5fe1aba3b3e06 - - default default] Added segment 09b70c3c-84d6-42e5-970b-900478cd77e3 of type geneve for network 6478d5e5-7a2a-403f-b4e4-e19a0e88e9b2
2026-06-15 21:16:41.883 10 INFO neutron.db.ovn_revision_numbers_db [None req-4a5ee7f6-4df6-4daa-bbf6-cebf8f9bad47 - - - - - -] Successfully bumped revision number for resource c272f86c-6b57-4b64-9af8-6a8b96aa23ac (type: router_ports) to 1
2026-06-15 21:16:42.028 9 INFO neutron.db.ovn_revision_numbers_db [None req-f8fd4508-17d7-4a17-8cd0-c74e50487fcc 4cbc847b8a0a451facfa7dfd32e87aa7 82c07724536a4924b1e5fe1aba3b3e06 - - default default] Successfully bumped revision number for resource 6478d5e5-7a2a-403f-b4e4-e19a0e88e9b2 (type: networks) to 1
2026-06-15 21:16:42.106 9 INFO neutron.api.wsgi [req-e1741c97-c5c3-4aa9-83fc-e6bc82940179 req-3fe9ab41-571a-4c91-ae43-4d3df688cfc4 2db2ba250e43443b9382d47e8fdc30e7 006d385c654e47dc97e7ad6019f6d05f - - 32cb23adb77e47fabcce474615b61cec 32cb23adb77e47fabcce474615b61cec] 199.19.213.132 "GET /v2.0/ports?tenant_id=c0e83b85323b40f4853ba0f176a59c3d&device_id=2fee2cae-5984-490d-ac63-7e6b361a868c HTTP/1.1" status: 200 len: 1415 time: 0.0343964
2026-06-15 21:16:42.120 10 WARNING neutron.scheduler.dhcp_agent_scheduler [None req-4a5ee7f6-4df6-4daa-bbf6-cebf8f9bad47 - - - - - -] No more DHCP agents
