2026-06-15 21:14:19.618 10 INFO neutron.api.wsgi [None req-7d1bcbfc-4e82-4257-97ec-0e20731744d4 41a469e7192b489f8addc3dc2ba58932 0f25accb9d2b4515a488c4bb28f30172 - - default default] 10.0.0.47 "PUT /v2.0/routers/a265232f-a570-441a-b449-bd3b33172c7c HTTP/1.1" status: 200 len: 775 time: 0.3201573
2026-06-15 21:14:19.643 10 INFO neutron.api.wsgi [None req-01b3c1ef-5567-4fd0-9f9b-33cf47ad3551 41a469e7192b489f8addc3dc2ba58932 0f25accb9d2b4515a488c4bb28f30172 - - default default] 10.0.0.47 "GET /v2.0/ports?device_id=a265232f-a570-441a-b449-bd3b33172c7c HTTP/1.1" status: 200 len: 205 time: 0.0189035
2026-06-15 21:14:19.692 9 INFO neutron.db.ovn_revision_numbers_db [None req-06facffa-a562-460f-812f-dc8348b72987 bbc5d9a3a5234f2a9b4cc434f9f72a8f dcd6e215e7134f23832a5bdcec6cfb5a - - default default] Successfully bumped revision number for resource 1078fe10-b9da-43be-8014-88de983c336d (type: security_group_rules) to 0
2026-06-15 21:14:19.738 9 INFO neutron.api.wsgi [None req-06facffa-a562-460f-812f-dc8348b72987 bbc5d9a3a5234f2a9b4cc434f9f72a8f dcd6e215e7134f23832a5bdcec6cfb5a - - default default] 10.0.0.47 "POST /v2.0/security-group-rules HTTP/1.1" status: 201 len: 800 time: 0.2006872
2026-06-15 21:14:19.749 9 WARNING neutron_lib.context [None req-0297fe01-df17-420b-b9da-71b11472eade bbc5d9a3a5234f2a9b4cc434f9f72a8f dcd6e215e7134f23832a5bdcec6cfb5a - - default default] Method 'is_advsvc' is deprecated since 2023.2 release (neutron-lib 3.8.0) and will be removed once support for the old RBAC API policies will be removed from Neutron. Please use method 'is_service_role' instead.
2026-06-15 21:14:19.791 9 INFO neutron.db.securitygroups_db [None req-0297fe01-df17-420b-b9da-71b11472eade bbc5d9a3a5234f2a9b4cc434f9f72a8f dcd6e215e7134f23832a5bdcec6cfb5a - - default default] Project dcd6e215e7134f23832a5bdcec6cfb5a added a security group rule with legacy IPv6 ICMP protocol name icmp, ipv6-icmp should be used instead. It was automatically converted.
2026-06-15 21:14:19.835 10 INFO neutron.api.wsgi [None req-b2653e11-cdc0-4fb7-801c-603f77720c0b 41a469e7192b489f8addc3dc2ba58932 0f25accb9d2b4515a488c4bb28f30172 - - default default] 10.0.0.47 "DELETE /v2.0/routers/a265232f-a570-441a-b449-bd3b33172c7c HTTP/1.1" status: 204 len: 168 time: 0.1860137
2026-06-15 21:14:19.888 10 INFO neutron.api.wsgi [None req-60b6ffd6-674f-4111-ad27-4cca42e24e88 41a469e7192b489f8addc3dc2ba58932 0f25accb9d2b4515a488c4bb28f30172 - - default default] 10.0.0.47 "GET /v2.0/routers/0642b1fb-bb6c-48c8-a7e6-a02a5a41496f HTTP/1.1" status: 200 len: 783 time: 0.0483494
2026-06-15 21:14:19.902 9 INFO neutron.db.ovn_revision_numbers_db [None req-0297fe01-df17-420b-b9da-71b11472eade bbc5d9a3a5234f2a9b4cc434f9f72a8f dcd6e215e7134f23832a5bdcec6cfb5a - - default default] Successfully bumped revision number for resource a20a5062-9f2d-4129-94ba-3440602526e0 (type: security_group_rules) to 0
2026-06-15 21:14:19.943 9 INFO neutron.api.wsgi [None req-0297fe01-df17-420b-b9da-71b11472eade bbc5d9a3a5234f2a9b4cc434f9f72a8f dcd6e215e7134f23832a5bdcec6cfb5a - - default default] 10.0.0.47 "POST /v2.0/security-group-rules HTTP/1.1" status: 201 len: 806 time: 0.1985385
2026-06-15 21:14:19.953 10 WARNING neutron_lib.context [None req-bb1cad17-deac-45d2-b9c3-9432df480a7f bbc5d9a3a5234f2a9b4cc434f9f72a8f dcd6e215e7134f23832a5bdcec6cfb5a - - default default] Method 'is_advsvc' is deprecated since 2023.2 release (neutron-lib 3.8.0) and will be removed once support for the old RBAC API policies will be removed from Neutron. Please use method 'is_service_role' instead.
2026-06-15 21:14:20.011 10 INFO neutron.db.securitygroups_db [None req-bb1cad17-deac-45d2-b9c3-9432df480a7f bbc5d9a3a5234f2a9b4cc434f9f72a8f dcd6e215e7134f23832a5bdcec6cfb5a - - default default] Project dcd6e215e7134f23832a5bdcec6cfb5a added a security group rule with legacy IPv6 ICMP protocol name icmp, ipv6-icmp should be used instead. It was automatically converted.
2026-06-15 21:14:20.543 10 INFO neutron.db.ovn_revision_numbers_db [None req-bb1cad17-deac-45d2-b9c3-9432df480a7f bbc5d9a3a5234f2a9b4cc434f9f72a8f dcd6e215e7134f23832a5bdcec6cfb5a - - default default] Successfully bumped revision number for resource 62e8c78a-27df-4b23-a8de-3937c90f0928 (type: security_group_rules) to 0
2026-06-15 21:14:20.594 10 INFO neutron.db.ovn_revision_numbers_db [None req-9029486f-e5ae-466e-ac5f-e03ff1ad74b1 41a469e7192b489f8addc3dc2ba58932 0f25accb9d2b4515a488c4bb28f30172 - - default default] Successfully bumped revision number for resource 0642b1fb-bb6c-48c8-a7e6-a02a5a41496f (type: routers) to 2
2026-06-15 21:14:20.602 10 INFO neutron.api.wsgi [None req-9029486f-e5ae-466e-ac5f-e03ff1ad74b1 41a469e7192b489f8addc3dc2ba58932 0f25accb9d2b4515a488c4bb28f30172 - - default default] 10.0.0.47 "PUT /v2.0/routers/0642b1fb-bb6c-48c8-a7e6-a02a5a41496f HTTP/1.1" status: 200 len: 783 time: 0.7082903
2026-06-15 21:14:20.612 10 INFO neutron.api.wsgi [None req-bb1cad17-deac-45d2-b9c3-9432df480a7f bbc5d9a3a5234f2a9b4cc434f9f72a8f dcd6e215e7134f23832a5bdcec6cfb5a - - default default] 10.0.0.47 "POST /v2.0/security-group-rules HTTP/1.1" status: 201 len: 805 time: 0.6631730
2026-06-15 21:14:20.632 10 INFO neutron.api.wsgi [None req-94abf21c-2565-4f46-953a-eadb5d0fcff4 41a469e7192b489f8addc3dc2ba58932 0f25accb9d2b4515a488c4bb28f30172 - - default default] 10.0.0.47 "GET /v2.0/ports?device_id=0642b1fb-bb6c-48c8-a7e6-a02a5a41496f HTTP/1.1" status: 200 len: 205 time: 0.0231829
2026-06-15 21:14:20.869 10 INFO neutron.api.wsgi [None req-b1505d83-4ed1-4a4a-a059-43297ac20de8 41a469e7192b489f8addc3dc2ba58932 0f25accb9d2b4515a488c4bb28f30172 - - default default] 10.0.0.47 "DELETE /v2.0/routers/0642b1fb-bb6c-48c8-a7e6-a02a5a41496f HTTP/1.1" status: 204 len: 168 time: 0.2299211
2026-06-15 21:14:20.908 10 INFO neutron.api.wsgi [None req-05e92ff4-ed63-4742-a3c9-721aff816085 41a469e7192b489f8addc3dc2ba58932 0f25accb9d2b4515a488c4bb28f30172 - - default default] 10.0.0.47 "GET /v2.0/routers/6692ea2a-082c-4a13-8bba-e13731724552 HTTP/1.1" status: 200 len: 792 time: 0.0338216
2026-06-15 21:14:20.980 10 INFO neutron.api.wsgi [None req-a918758f-14f0-41a7-9f52-0557b87df0fa 3d711b89e1de47e985060c7ec23b5bf0 cac35abe1eb943279dd059e2acbd5fd8 - - default default] 10.0.0.225 "GET /v2.0/extensions HTTP/1.1" status: 200 len: 19298 time: 0.1091268
2026-06-15 21:14:21.087 9 INFO neutron.api.wsgi [None req-8952f6c9-9f1c-46de-b7e4-84122087f46c bbc5d9a3a5234f2a9b4cc434f9f72a8f dcd6e215e7134f23832a5bdcec6cfb5a - - default default] 10.0.0.47 "GET /v2.0/networks HTTP/1.1" status: 200 len: 1493 time: 0.1087663
2026-06-15 21:14:21.120 9 INFO neutron.api.wsgi [None req-2d41c792-d9fd-48da-b538-e14d434468c5 3d711b89e1de47e985060c7ec23b5bf0 cac35abe1eb943279dd059e2acbd5fd8 - - default default] 10.0.0.225 "GET /v2.0/quotas/cac35abe1eb943279dd059e2acbd5fd8/details HTTP/1.1" status: 200 len: 1046 time: 0.1225638
2026-06-15 21:14:21.206 9 INFO neutron.api.wsgi [req-35513929-ef75-47a1-8fb3-f53f118b5871 req-aeb8941e-b562-4f38-b4dc-a6ab2f17d6fb bbc5d9a3a5234f2a9b4cc434f9f72a8f dcd6e215e7134f23832a5bdcec6cfb5a - - default default] 10.0.0.201 "GET /v2.0/security-groups?name=tempest-secgroup-smoke-2135825106&fields=id&tenant_id=dcd6e215e7134f23832a5bdcec6cfb5a HTTP/1.1" status: 200 len: 267 time: 0.0452013
2026-06-15 21:14:21.242 10 INFO neutron.db.ovn_revision_numbers_db [None req-aa90d7d3-911d-4881-a5d5-57cd665f5c1b 41a469e7192b489f8addc3dc2ba58932 0f25accb9d2b4515a488c4bb28f30172 - - default default] Successfully bumped revision number for resource 6692ea2a-082c-4a13-8bba-e13731724552 (type: routers) to 2
2026-06-15 21:14:21.248 10 INFO neutron.api.wsgi [None req-aa90d7d3-911d-4881-a5d5-57cd665f5c1b 41a469e7192b489f8addc3dc2ba58932 0f25accb9d2b4515a488c4bb28f30172 - - default default] 10.0.0.47 "PUT /v2.0/routers/6692ea2a-082c-4a13-8bba-e13731724552 HTTP/1.1" status: 200 len: 792 time: 0.3353662
2026-06-15 21:14:21.274 9 INFO neutron.api.wsgi [None req-a27d5275-6d63-4b33-9e66-38f4ac568ad1 41a469e7192b489f8addc3dc2ba58932 0f25accb9d2b4515a488c4bb28f30172 - - default default] 10.0.0.47 "GET /v2.0/ports?device_id=6692ea2a-082c-4a13-8bba-e13731724552 HTTP/1.1" status: 200 len: 205 time: 0.0193431
2026-06-15 21:14:21.302 9 INFO neutron.api.wsgi [req-35513929-ef75-47a1-8fb3-f53f118b5871 req-42860bbd-08ac-4d5b-a642-26c93c09a3c2 bbc5d9a3a5234f2a9b4cc434f9f72a8f dcd6e215e7134f23832a5bdcec6cfb5a - - default default] 10.0.0.201 "GET /v2.0/networks?id=8f546e12-00e9-4991-98b2-3912437bb143 HTTP/1.1" status: 200 len: 860 time: 0.0868490
2026-06-15 21:14:21.331 9 INFO neutron.api.wsgi [req-35513929-ef75-47a1-8fb3-f53f118b5871 req-2d20fe9f-9c6e-437d-8617-bdd7343a07cf bbc5d9a3a5234f2a9b4cc434f9f72a8f dcd6e215e7134f23832a5bdcec6cfb5a - - default default] 10.0.0.201 "GET /v2.0/quotas/dcd6e215e7134f23832a5bdcec6cfb5a HTTP/1.1" status: 200 len: 491 time: 0.0219030
2026-06-15 21:14:21.446 9 INFO neutron.api.wsgi [req-35513929-ef75-47a1-8fb3-f53f118b5871 req-66610acf-0210-46c3-a129-2756ccf26df8 bbc5d9a3a5234f2a9b4cc434f9f72a8f dcd6e215e7134f23832a5bdcec6cfb5a - - default default] 10.0.0.201 "GET /v2.0/ports?tenant_id=dcd6e215e7134f23832a5bdcec6cfb5a&fields=id HTTP/1.1" status: 200 len: 302 time: 0.1071458
2026-06-15 21:14:21.505 9 INFO neutron.api.wsgi [None req-f8f2d588-31e7-43cb-aa8c-19ef0a4742a5 41a469e7192b489f8addc3dc2ba58932 0f25accb9d2b4515a488c4bb28f30172 - - default default] 10.0.0.47 "DELETE /v2.0/routers/6692ea2a-082c-4a13-8bba-e13731724552 HTTP/1.1" status: 204 len: 168 time: 0.2245722
2026-06-15 21:14:21.526 9 INFO neutron.api.wsgi [req-35513929-ef75-47a1-8fb3-f53f118b5871 req-1455d2bf-890a-4e6f-939d-7bedb9cfb9d4 2db2ba250e43443b9382d47e8fdc30e7 006d385c654e47dc97e7ad6019f6d05f - - 32cb23adb77e47fabcce474615b61cec 32cb23adb77e47fabcce474615b61cec] 10.0.0.201 "GET /v2.0/networks/8f546e12-00e9-4991-98b2-3912437bb143?fields=segments HTTP/1.1" status: 200 len: 212 time: 0.0656295
2026-06-15 21:14:21.563 9 INFO neutron.api.wsgi [None req-09e48cb6-db4b-4e88-936f-b4907d9837d5 41a469e7192b489f8addc3dc2ba58932 0f25accb9d2b4515a488c4bb28f30172 - - default default] 10.0.0.47 "GET /v2.0/routers/f6067861-bba2-4a13-aad8-befefccf31f6 HTTP/1.1" status: 200 len: 777 time: 0.0488999
2026-06-15 21:14:21.609 9 INFO neutron.api.wsgi [req-35513929-ef75-47a1-8fb3-f53f118b5871 req-f8af0736-0716-4e7b-914d-b261f87b01a7 2db2ba250e43443b9382d47e8fdc30e7 006d385c654e47dc97e7ad6019f6d05f - - 32cb23adb77e47fabcce474615b61cec 32cb23adb77e47fabcce474615b61cec] 10.0.0.201 "GET /v2.0/networks/8f546e12-00e9-4991-98b2-3912437bb143?fields=provider%3Aphysical_network&fields=provider%3Anetwork_type HTTP/1.1" status: 200 len: 277 time: 0.0757248
2026-06-15 21:14:21.755 9 INFO neutron.api.wsgi [req-a96b6f87-21e1-49cf-b455-df4505fbd58b req-764d1e6b-a80f-411b-b3b8-7d20d3459470 bbc5d9a3a5234f2a9b4cc434f9f72a8f dcd6e215e7134f23832a5bdcec6cfb5a - - default default] 10.0.0.201 "GET /v2.0/ports?device_id=1489bed9-8b5f-4879-bd0c-c6200d6c541c HTTP/1.1" status: 200 len: 210 time: 0.0180697
2026-06-15 21:14:21.992 10 INFO neutron.db.ovn_revision_numbers_db [None req-bc9448c8-ec23-4e64-b68c-7d304658cb47 41a469e7192b489f8addc3dc2ba58932 0f25accb9d2b4515a488c4bb28f30172 - - default default] Successfully bumped revision number for resource f6067861-bba2-4a13-aad8-befefccf31f6 (type: routers) to 2
2026-06-15 21:14:21.998 10 INFO neutron.api.wsgi [None req-bc9448c8-ec23-4e64-b68c-7d304658cb47 41a469e7192b489f8addc3dc2ba58932 0f25accb9d2b4515a488c4bb28f30172 - - default default] 10.0.0.47 "PUT /v2.0/routers/f6067861-bba2-4a13-aad8-befefccf31f6 HTTP/1.1" status: 200 len: 777 time: 0.4275920
2026-06-15 21:14:22.027 10 INFO neutron.api.wsgi [None req-54046f59-71cf-43ef-9675-803e2d32e9be 41a469e7192b489f8addc3dc2ba58932 0f25accb9d2b4515a488c4bb28f30172 - - default default] 10.0.0.47 "GET /v2.0/ports?device_id=f6067861-bba2-4a13-aad8-befefccf31f6 HTTP/1.1" status: 200 len: 205 time: 0.0229638
2026-06-15 21:14:22.224 10 INFO neutron.api.wsgi [None req-77de95d3-f3f6-4d55-bd78-dd3ac9c449f9 41a469e7192b489f8addc3dc2ba58932 0f25accb9d2b4515a488c4bb28f30172 - - default default] 10.0.0.47 "DELETE /v2.0/routers/f6067861-bba2-4a13-aad8-befefccf31f6 HTTP/1.1" status: 204 len: 168 time: 0.1916018
2026-06-15 21:14:22.265 10 INFO neutron.api.wsgi [None req-87de33e7-9378-4a63-b9ea-f6d032ccd7e8 41a469e7192b489f8addc3dc2ba58932 0f25accb9d2b4515a488c4bb28f30172 - - default default] 10.0.0.47 "GET /v2.0/routers/7a66986a-7dcf-419a-b2f6-a3f1467980b5 HTTP/1.1" status: 200 len: 770 time: 0.0361099
2026-06-15 21:14:22.533 10 INFO neutron.api.wsgi [None req-780ce9be-8057-40d0-8e59-b47454f0c916 41a469e7192b489f8addc3dc2ba58932 0f25accb9d2b4515a488c4bb28f30172 - - default default] 10.0.0.47 "PUT /v2.0/routers/7a66986a-7dcf-419a-b2f6-a3f1467980b5 HTTP/1.1" status: 200 len: 770 time: 0.2627838
2026-06-15 21:14:22.556 10 INFO neutron.api.wsgi [None req-3dcaffb9-e63d-4872-ad6a-a71c9190b632 41a469e7192b489f8addc3dc2ba58932 0f25accb9d2b4515a488c4bb28f30172 - - default default] 10.0.0.47 "GET /v2.0/ports?device_id=7a66986a-7dcf-419a-b2f6-a3f1467980b5 HTTP/1.1" status: 200 len: 205 time: 0.0174003
2026-06-15 21:14:22.722 10 INFO neutron.api.wsgi [None req-e813f41a-3f28-49f7-85bf-cb66d5e70bf7 41a469e7192b489f8addc3dc2ba58932 0f25accb9d2b4515a488c4bb28f30172 - - default default] 10.0.0.47 "DELETE /v2.0/routers/7a66986a-7dcf-419a-b2f6-a3f1467980b5 HTTP/1.1" status: 204 len: 168 time: 0.1603725
2026-06-15 21:14:22.839 9 INFO neutron.api.wsgi [req-c90282e3-0aa3-4d14-953c-f72900b9f528 req-61b38105-1160-4c9e-b487-d6a18c4ca5fe bbc5d9a3a5234f2a9b4cc434f9f72a8f dcd6e215e7134f23832a5bdcec6cfb5a - - default default] 10.0.0.201 "GET /v2.0/ports?device_id=1489bed9-8b5f-4879-bd0c-c6200d6c541c HTTP/1.1" status: 200 len: 210 time: 0.0189543
2026-06-15 21:14:23.601 10 INFO neutron.api.wsgi [None req-8507fb63-4263-4e46-8a69-e6053ae67b1a 3d711b89e1de47e985060c7ec23b5bf0 cac35abe1eb943279dd059e2acbd5fd8 - - default default] 10.0.0.225 "GET /v2.0/extensions HTTP/1.1" status: 200 len: 19298 time: 0.0087619
2026-06-15 21:14:23.692 9 INFO neutron.api.wsgi [None req-1a8b0500-d7c8-45c1-b18a-074daef51b0f 3d711b89e1de47e985060c7ec23b5bf0 cac35abe1eb943279dd059e2acbd5fd8 - - default default] 10.0.0.225 "GET /v2.0/quotas/cac35abe1eb943279dd059e2acbd5fd8/details HTTP/1.1" status: 200 len: 1046 time: 0.0789564
2026-06-15 21:14:23.835 10 WARNING neutron.plugins.ml2.drivers.ovn.mech_driver.ovsdb.ovn_client [None req-9b6ae441-e9d0-4564-9401-0742a653d6ca - - - - - -] No hosting information found for port 1bc8532f-f695-4a4f-aa1c-4c11dbba6cab: RuntimeError: No hosting information found for port 1bc8532f-f695-4a4f-aa1c-4c11dbba6cab
2026-06-15 21:14:23.862 10 INFO neutron.db.ovn_revision_numbers_db [None req-c94613ff-89c7-472f-b099-5f4cdc52d164 a3ea93befd754a618602e16b9f998c5f c0e83b85323b40f4853ba0f176a59c3d - - default default] Successfully bumped revision number for resource 864d7645-bb5b-4dd9-999e-e6f4a6993889 (type: security_groups) to 1
2026-06-15 21:14:23.880 10 INFO neutron.db.ovn_revision_numbers_db [None req-c94613ff-89c7-472f-b099-5f4cdc52d164 a3ea93befd754a618602e16b9f998c5f c0e83b85323b40f4853ba0f176a59c3d - - default default] Successfully bumped revision number for resource 631e7119-6c86-4a7b-9b4b-44a12b606150 (type: security_group_rules) to 0
2026-06-15 21:14:23.912 10 INFO neutron.db.ovn_revision_numbers_db [None req-c94613ff-89c7-472f-b099-5f4cdc52d164 a3ea93befd754a618602e16b9f998c5f c0e83b85323b40f4853ba0f176a59c3d - - default default] Successfully bumped revision number for resource 8f11e93e-a1c5-4a5b-8a1a-7988f2a697c8 (type: security_group_rules) to 0
2026-06-15 21:14:23.926 9 INFO neutron.api.wsgi [req-b1964f18-52d2-4354-ab63-6f99717de091 req-18f4f22e-c9c4-43c1-bbf6-645ec54fcede bbc5d9a3a5234f2a9b4cc434f9f72a8f dcd6e215e7134f23832a5bdcec6cfb5a - - default default] 10.0.0.201 "GET /v2.0/ports?device_id=1489bed9-8b5f-4879-bd0c-c6200d6c541c HTTP/1.1" status: 200 len: 210 time: 0.0171263
2026-06-15 21:14:23.932 10 INFO neutron.db.ovn_revision_numbers_db [None req-c94613ff-89c7-472f-b099-5f4cdc52d164 a3ea93befd754a618602e16b9f998c5f c0e83b85323b40f4853ba0f176a59c3d - - default default] Successfully bumped revision number for resource da7ec5db-2145-49ce-a1ff-9056cc15a75e (type: security_group_rules) to 0
2026-06-15 21:14:23.949 10 INFO neutron.db.ovn_revision_numbers_db [None req-9b6ae441-e9d0-4564-9401-0742a653d6ca - - - - - -] Successfully bumped revision number for resource 1bc8532f-f695-4a4f-aa1c-4c11dbba6cab (type: router_ports) to 2
2026-06-15 21:14:23.951 10 INFO neutron.db.ovn_revision_numbers_db [None req-c94613ff-89c7-472f-b099-5f4cdc52d164 a3ea93befd754a618602e16b9f998c5f c0e83b85323b40f4853ba0f176a59c3d - - default default] Successfully bumped revision number for resource f4fe74cc-ea64-424a-9661-67ef83908cbd (type: security_group_rules) to 0
2026-06-15 21:14:23.988 10 INFO neutron.api.wsgi [None req-c94613ff-89c7-472f-b099-5f4cdc52d164 a3ea93befd754a618602e16b9f998c5f c0e83b85323b40f4853ba0f176a59c3d - - default default] 10.0.0.47 "GET /v2.0/security-groups?tenant_id=0f25accb9d2b4515a488c4bb28f30172&name=default HTTP/1.1" status: 200 len: 3120 time: 0.3799951
2026-06-15 21:14:24.196 10 INFO neutron.api.wsgi [None req-2488dd3c-a9d6-4060-a042-18740942e430 a3ea93befd754a618602e16b9f998c5f c0e83b85323b40f4853ba0f176a59c3d - - default default] 10.0.0.47 "DELETE /v2.0/security-groups/864d7645-bb5b-4dd9-999e-e6f4a6993889 HTTP/1.1" status: 204 len: 168 time: 0.2015402
2026-06-15 21:14:24.425 9 INFO neutron.db.ovn_revision_numbers_db [None req-0618a706-1766-4665-8d18-31109a691e27 a3ea93befd754a618602e16b9f998c5f c0e83b85323b40f4853ba0f176a59c3d - - default default] Successfully bumped revision number for resource f6aaf8e4-eaec-4f09-a884-a3124039cbe3 (type: security_groups) to 1
2026-06-15 21:14:24.438 9 INFO neutron.db.ovn_revision_numbers_db [None req-0618a706-1766-4665-8d18-31109a691e27 a3ea93befd754a618602e16b9f998c5f c0e83b85323b40f4853ba0f176a59c3d - - default default] Successfully bumped revision number for resource 4f87c188-77ed-4298-aec3-71b840489468 (type: security_group_rules) to 0
2026-06-15 21:14:24.452 9 INFO neutron.db.ovn_revision_numbers_db [None req-0618a706-1766-4665-8d18-31109a691e27 a3ea93befd754a618602e16b9f998c5f c0e83b85323b40f4853ba0f176a59c3d - - default default] Successfully bumped revision number for resource 75221c54-0dbe-47f3-a763-16f9c377381e (type: security_group_rules) to 0
2026-06-15 21:14:24.465 9 INFO neutron.db.ovn_revision_numbers_db [None req-0618a706-1766-4665-8d18-31109a691e27 a3ea93befd754a618602e16b9f998c5f c0e83b85323b40f4853ba0f176a59c3d - - default default] Successfully bumped revision number for resource 7ae33911-fb31-4053-8260-28ad228f84f9 (type: security_group_rules) to 0
2026-06-15 21:14:24.482 9 INFO neutron.db.ovn_revision_numbers_db [None req-0618a706-1766-4665-8d18-31109a691e27 a3ea93befd754a618602e16b9f998c5f c0e83b85323b40f4853ba0f176a59c3d - - default default] Successfully bumped revision number for resource a027889b-3ce7-48b6-aa63-f672db2128d7 (type: security_group_rules) to 0
2026-06-15 21:14:24.522 9 INFO neutron.api.wsgi [None req-0618a706-1766-4665-8d18-31109a691e27 a3ea93befd754a618602e16b9f998c5f c0e83b85323b40f4853ba0f176a59c3d - - default default] 10.0.0.47 "GET /v2.0/security-groups?tenant_id=231320f35fda4d4092b9ef53a0a16f10&name=default HTTP/1.1" status: 200 len: 3120 time: 0.2210186
2026-06-15 21:14:24.762 9 INFO neutron.api.wsgi [None req-a395f406-46ec-4930-bb86-78e5e12c786e a3ea93befd754a618602e16b9f998c5f c0e83b85323b40f4853ba0f176a59c3d - - default default] 10.0.0.47 "DELETE /v2.0/security-groups/f6aaf8e4-eaec-4f09-a884-a3124039cbe3 HTTP/1.1" status: 204 len: 168 time: 0.2316284
2026-06-15 21:14:24.774 9 INFO neutron.api.wsgi [-] 10.0.0.254 "GET / HTTP/1.1" status: 200 len: 247 time: 0.0026879
2026-06-15 21:14:24.774 10 INFO neutron.api.wsgi [-] 10.0.0.254 "GET / HTTP/1.1" status: 200 len: 247 time: 0.0029266
2026-06-15 21:14:25.015 9 INFO neutron.api.wsgi [req-8f79b2c2-77c5-40aa-a101-d5336059692e req-5793dc57-cd2c-4671-97cc-afacdb0e542d bbc5d9a3a5234f2a9b4cc434f9f72a8f dcd6e215e7134f23832a5bdcec6cfb5a - - default default] 10.0.0.201 "GET /v2.0/ports?device_id=1489bed9-8b5f-4879-bd0c-c6200d6c541c HTTP/1.1" status: 200 len: 210 time: 0.0234966
2026-06-15 21:14:25.053 9 INFO neutron.db.ovn_revision_numbers_db [None req-ced2712e-4a0f-46c9-81b4-64349e715608 a3ea93befd754a618602e16b9f998c5f c0e83b85323b40f4853ba0f176a59c3d - - default default] Successfully bumped revision number for resource ca02aabb-da61-427a-bc54-f661a59a85b4 (type: security_groups) to 1
2026-06-15 21:14:25.066 9 INFO neutron.db.ovn_revision_numbers_db [None req-ced2712e-4a0f-46c9-81b4-64349e715608 a3ea93befd754a618602e16b9f998c5f c0e83b85323b40f4853ba0f176a59c3d - - default default] Successfully bumped revision number for resource 1440478d-3c3a-449a-bcd1-bd0f5be1e4f3 (type: security_group_rules) to 0
2026-06-15 21:14:25.079 9 INFO neutron.db.ovn_revision_numbers_db [None req-ced2712e-4a0f-46c9-81b4-64349e715608 a3ea93befd754a618602e16b9f998c5f c0e83b85323b40f4853ba0f176a59c3d - - default default] Successfully bumped revision number for resource 57239320-d56f-4420-8806-af3ce1028a92 (type: security_group_rules) to 0
2026-06-15 21:14:25.091 9 INFO neutron.db.ovn_revision_numbers_db [None req-ced2712e-4a0f-46c9-81b4-64349e715608 a3ea93befd754a618602e16b9f998c5f c0e83b85323b40f4853ba0f176a59c3d - - default default] Successfully bumped revision number for resource a09edaa3-b098-48eb-931c-3855c3764b92 (type: security_group_rules) to 0
2026-06-15 21:14:25.105 9 INFO neutron.db.ovn_revision_numbers_db [None req-ced2712e-4a0f-46c9-81b4-64349e715608 a3ea93befd754a618602e16b9f998c5f c0e83b85323b40f4853ba0f176a59c3d - - default default] Successfully bumped revision number for resource c1858385-eca5-415b-8126-5666b2d98977 (type: security_group_rules) to 0
2026-06-15 21:14:25.142 9 INFO neutron.api.wsgi [None req-ced2712e-4a0f-46c9-81b4-64349e715608 a3ea93befd754a618602e16b9f998c5f c0e83b85323b40f4853ba0f176a59c3d - - default default] 10.0.0.47 "GET /v2.0/security-groups?tenant_id=e5c84ed3116e43ae98dffa1779b0c932&name=default HTTP/1.1" status: 200 len: 3120 time: 0.2046037
2026-06-15 21:14:25.369 9 INFO neutron.api.wsgi [None req-3ef9e118-dbf4-468c-874c-d957669f5ee9 a3ea93befd754a618602e16b9f998c5f c0e83b85323b40f4853ba0f176a59c3d - - default default] 10.0.0.47 "DELETE /v2.0/security-groups/ca02aabb-da61-427a-bc54-f661a59a85b4 HTTP/1.1" status: 204 len: 168 time: 0.2212789
2026-06-15 21:14:25.418 9 INFO neutron.api.wsgi [req-7ed2c4f1-377c-4c88-803e-5e42fba6760e req-af08b716-6a0c-4101-bcc6-180639509c7f 2db2ba250e43443b9382d47e8fdc30e7 006d385c654e47dc97e7ad6019f6d05f - - 32cb23adb77e47fabcce474615b61cec 32cb23adb77e47fabcce474615b61cec] 10.0.0.129 "GET /v2.0/ports?device_id=879dbda0-134a-4379-93fe-cf282f1e22d2 HTTP/1.1" status: 200 len: 1409 time: 0.0453994
2026-06-15 21:14:25.457 9 INFO neutron.api.wsgi [req-7ed2c4f1-377c-4c88-803e-5e42fba6760e req-b74295c4-48f0-4ae7-a669-517029cf6ebf 2db2ba250e43443b9382d47e8fdc30e7 006d385c654e47dc97e7ad6019f6d05f - - 32cb23adb77e47fabcce474615b61cec 32cb23adb77e47fabcce474615b61cec] 10.0.0.129 "GET /v2.0/security-groups?id=38946a7e-0233-4602-a91b-ada7c7796ffa&fields=id&fields=name HTTP/1.1" status: 200 len: 313 time: 0.0329041
2026-06-15 21:14:26.146 9 INFO neutron.api.wsgi [req-5f94147c-9980-4304-99c1-052ae49ca8d3 req-f12744fd-7dde-4c00-a6ac-fb86a002465f bbc5d9a3a5234f2a9b4cc434f9f72a8f dcd6e215e7134f23832a5bdcec6cfb5a - - default default] 10.0.0.201 "GET /v2.0/ports?device_id=1489bed9-8b5f-4879-bd0c-c6200d6c541c HTTP/1.1" status: 200 len: 210 time: 0.0285664
2026-06-15 21:14:26.152 9 INFO neutron.api.wsgi [req-35513929-ef75-47a1-8fb3-f53f118b5871 req-56c635e9-312c-4196-a89e-a12ae827656b bbc5d9a3a5234f2a9b4cc434f9f72a8f dcd6e215e7134f23832a5bdcec6cfb5a - - default default] 199.19.213.132 "GET /v2.0/networks?id=8f546e12-00e9-4991-98b2-3912437bb143 HTTP/1.1" status: 200 len: 860 time: 0.0955420
2026-06-15 21:14:26.214 9 INFO neutron.api.wsgi [req-35513929-ef75-47a1-8fb3-f53f118b5871 req-680876b7-2927-4543-8d02-893a19f1e135 bbc5d9a3a5234f2a9b4cc434f9f72a8f dcd6e215e7134f23832a5bdcec6cfb5a - - default default] 199.19.213.132 "GET /v2.0/security-groups?fields=id&fields=name&tenant_id=dcd6e215e7134f23832a5bdcec6cfb5a HTTP/1.1" status: 200 len: 380 time: 0.0525391
2026-06-15 21:14:26.223 9 WARNING neutron_lib.context [req-35513929-ef75-47a1-8fb3-f53f118b5871 req-a7329296-559c-4ffe-a05f-2b864abbd750 bbc5d9a3a5234f2a9b4cc434f9f72a8f dcd6e215e7134f23832a5bdcec6cfb5a - - default default] Method 'is_advsvc' is deprecated since 2023.2 release (neutron-lib 3.8.0) and will be removed once support for the old RBAC API policies will be removed from Neutron. Please use method 'is_service_role' instead.
2026-06-15 21:14:26.312 9 INFO neutron.db.ovn_revision_numbers_db [None req-c1962cac-0329-4b1f-80f4-6512d526049c a3ea93befd754a618602e16b9f998c5f c0e83b85323b40f4853ba0f176a59c3d - - default default] Successfully bumped revision number for resource 4e17d352-94ca-4887-8461-cd61302ea8cb (type: security_groups) to 1
2026-06-15 21:14:26.336 9 INFO neutron.db.ovn_revision_numbers_db [None req-c1962cac-0329-4b1f-80f4-6512d526049c a3ea93befd754a618602e16b9f998c5f c0e83b85323b40f4853ba0f176a59c3d - - default default] Successfully bumped revision number for resource 0c4fcaed-660e-42ef-818a-81b6708c7ede (type: security_group_rules) to 0
2026-06-15 21:14:26.361 9 INFO neutron.db.ovn_revision_numbers_db [None req-c1962cac-0329-4b1f-80f4-6512d526049c a3ea93befd754a618602e16b9f998c5f c0e83b85323b40f4853ba0f176a59c3d - - default default] Successfully bumped revision number for resource c52bda64-ee12-4de0-adbd-8f16134d783d (type: security_group_rules) to 0
2026-06-15 21:14:26.382 9 INFO neutron.db.ovn_revision_numbers_db [None req-c1962cac-0329-4b1f-80f4-6512d526049c a3ea93befd754a618602e16b9f998c5f c0e83b85323b40f4853ba0f176a59c3d - - default default] Successfully bumped revision number for resource dbe32246-422c-40bf-ae9b-730264ce7a85 (type: security_group_rules) to 0
2026-06-15 21:14:26.406 9 INFO neutron.db.ovn_revision_numbers_db [None req-c1962cac-0329-4b1f-80f4-6512d526049c a3ea93befd754a618602e16b9f998c5f c0e83b85323b40f4853ba0f176a59c3d - - default default] Successfully bumped revision number for resource f9802549-0d41-4b39-8132-7818095a1a56 (type: security_group_rules) to 0
2026-06-15 21:14:26.459 9 INFO neutron.api.wsgi [None req-c1962cac-0329-4b1f-80f4-6512d526049c a3ea93befd754a618602e16b9f998c5f c0e83b85323b40f4853ba0f176a59c3d - - default default] 10.0.0.47 "GET /v2.0/security-groups?tenant_id=cac35abe1eb943279dd059e2acbd5fd8&name=default HTTP/1.1" status: 200 len: 3120 time: 0.5271053
2026-06-15 21:14:26.579 9 WARNING neutron.scheduler.dhcp_agent_scheduler [req-35513929-ef75-47a1-8fb3-f53f118b5871 req-a7329296-559c-4ffe-a05f-2b864abbd750 bbc5d9a3a5234f2a9b4cc434f9f72a8f dcd6e215e7134f23832a5bdcec6cfb5a - - default default] No more DHCP agents
2026-06-15 21:14:26.581 9 WARNING neutron.api.rpc.agentnotifiers.dhcp_rpc_agent_api [req-35513929-ef75-47a1-8fb3-f53f118b5871 req-a7329296-559c-4ffe-a05f-2b864abbd750 bbc5d9a3a5234f2a9b4cc434f9f72a8f dcd6e215e7134f23832a5bdcec6cfb5a - - default default] Unable to schedule network 8f546e12-00e9-4991-98b2-3912437bb143: no agents available; will retry on subsequent port and subnet creation events.
2026-06-15 21:14:26.728 9 INFO neutron.db.ovn_revision_numbers_db [req-35513929-ef75-47a1-8fb3-f53f118b5871 req-a7329296-559c-4ffe-a05f-2b864abbd750 bbc5d9a3a5234f2a9b4cc434f9f72a8f dcd6e215e7134f23832a5bdcec6cfb5a - - default default] Successfully bumped revision number for resource e76887ea-bdfa-4f7b-ab7c-19999f6fa05f (type: ports) to 1
2026-06-15 21:14:26.738 10 INFO neutron.api.wsgi [None req-d9507f03-0782-46fd-98fc-fa00a68937c3 a3ea93befd754a618602e16b9f998c5f c0e83b85323b40f4853ba0f176a59c3d - - default default] 10.0.0.47 "DELETE /v2.0/security-groups/4e17d352-94ca-4887-8461-cd61302ea8cb HTTP/1.1" status: 204 len: 168 time: 0.2729673
2026-06-15 21:14:26.768 9 INFO neutron.api.wsgi [req-35513929-ef75-47a1-8fb3-f53f118b5871 req-a7329296-559c-4ffe-a05f-2b864abbd750 bbc5d9a3a5234f2a9b4cc434f9f72a8f dcd6e215e7134f23832a5bdcec6cfb5a - - default default] 199.19.213.132 "POST /v2.0/ports HTTP/1.1" status: 201 len: 1158 time: 0.5504289 /var/lib/openstack/lib/python3.12/site-packages/pycadf/identifier.py:71: UserWarning: Invalid uuid: neutron. To ensure interoperability, identifiers should be a valid uuid. warnings.warn(('Invalid uuid: %s. To ensure interoperability, ' /var/lib/openstack/lib/python3.12/site-packages/pycadf/identifier.py:71: UserWarning: Invalid uuid: neutron. To ensure interoperability, identifiers should be a valid uuid. warnings.warn(('Invalid uuid: %s. To ensure interoperability, '
2026-06-15 21:14:27.255 9 INFO neutron.db.ovn_revision_numbers_db [req-35513929-ef75-47a1-8fb3-f53f118b5871 req-13274b75-116a-41d1-ae1e-63fca5fc364f 2db2ba250e43443b9382d47e8fdc30e7 006d385c654e47dc97e7ad6019f6d05f - - 32cb23adb77e47fabcce474615b61cec 32cb23adb77e47fabcce474615b61cec] Successfully bumped revision number for resource e76887ea-bdfa-4f7b-ab7c-19999f6fa05f (type: ports) to 2
2026-06-15 21:14:27.294 9 INFO neutron.api.wsgi [req-6e65f150-acd4-481e-b468-3abee923a4b4 req-7fe6375b-a41e-4254-bda7-ea2fb59414fe bbc5d9a3a5234f2a9b4cc434f9f72a8f dcd6e215e7134f23832a5bdcec6cfb5a - - default default] 10.0.0.201 "GET /v2.0/ports?device_id=1489bed9-8b5f-4879-bd0c-c6200d6c541c HTTP/1.1" status: 200 len: 1168 time: 0.0826814
2026-06-15 21:14:27.348 9 INFO neutron.api.wsgi [req-6e65f150-acd4-481e-b468-3abee923a4b4 req-d4788b5d-1ee3-4445-8f7e-99471212b939 bbc5d9a3a5234f2a9b4cc434f9f72a8f dcd6e215e7134f23832a5bdcec6cfb5a - - default default] 10.0.0.201 "GET /v2.0/security-groups?id=24098277-03a2-4a20-8b6f-64c35c4e68b6&fields=id&fields=name HTTP/1.1" status: 200 len: 313 time: 0.0456719
2026-06-15 21:14:27.532 9 INFO neutron.db.ovn_revision_numbers_db [req-35513929-ef75-47a1-8fb3-f53f118b5871 req-13274b75-116a-41d1-ae1e-63fca5fc364f 2db2ba250e43443b9382d47e8fdc30e7 006d385c654e47dc97e7ad6019f6d05f - - 32cb23adb77e47fabcce474615b61cec 32cb23adb77e47fabcce474615b61cec] Successfully bumped revision number for resource e76887ea-bdfa-4f7b-ab7c-19999f6fa05f (type: ports) to 4
2026-06-15 21:14:27.548 9 INFO neutron.api.wsgi [req-35513929-ef75-47a1-8fb3-f53f118b5871 req-13274b75-116a-41d1-ae1e-63fca5fc364f 2db2ba250e43443b9382d47e8fdc30e7 006d385c654e47dc97e7ad6019f6d05f - - 32cb23adb77e47fabcce474615b61cec 32cb23adb77e47fabcce474615b61cec] 199.19.213.132 "PUT /v2.0/ports/e76887ea-bdfa-4f7b-ab7c-19999f6fa05f HTTP/1.1" status: 200 len: 1404 time: 0.7730932
2026-06-15 21:14:27.606 9 INFO neutron.notifiers.nova [-] Nova event matching ['req-4dafa50f-c4bd-4d3f-a564-8f9f4bb135cb'] response: {'name': 'network-changed', 'server_uuid': '1489bed9-8b5f-4879-bd0c-c6200d6c541c', 'tag': 'e76887ea-bdfa-4f7b-ab7c-19999f6fa05f', 'status': 'completed', 'code': 200} /var/lib/openstack/lib/python3.12/site-packages/pycadf/identifier.py:71: UserWarning: Invalid uuid: neutron. To ensure interoperability, identifiers should be a valid uuid. warnings.warn(('Invalid uuid: %s. To ensure interoperability, '
2026-06-15 21:14:28.176 9 INFO neutron.api.wsgi [req-915bf332-b761-4416-a621-0faa8cf616f8 req-7959aa77-c85e-4383-880f-ce0eaa538cba 2db2ba250e43443b9382d47e8fdc30e7 006d385c654e47dc97e7ad6019f6d05f - - 32cb23adb77e47fabcce474615b61cec 32cb23adb77e47fabcce474615b61cec] 199.19.213.132 "GET /v2.0/ports?tenant_id=dcd6e215e7134f23832a5bdcec6cfb5a&device_id=1489bed9-8b5f-4879-bd0c-c6200d6c541c HTTP/1.1" status: 200 len: 1407 time: 0.0570204
2026-06-15 21:14:28.233 9 INFO neutron.api.wsgi [req-915bf332-b761-4416-a621-0faa8cf616f8 req-604aefa4-6a04-4757-81d2-e94ea0bdb03e 2db2ba250e43443b9382d47e8fdc30e7 006d385c654e47dc97e7ad6019f6d05f - - 32cb23adb77e47fabcce474615b61cec 32cb23adb77e47fabcce474615b61cec] 199.19.213.132 "GET /v2.0/networks?tenant_id=dcd6e215e7134f23832a5bdcec6cfb5a&shared=False HTTP/1.1" status: 200 len: 959 time: 0.0415621
2026-06-15 21:14:28.294 9 INFO neutron.api.wsgi [req-915bf332-b761-4416-a621-0faa8cf616f8 req-8a9bb040-d6cc-417e-928a-ae86e82c86a2 2db2ba250e43443b9382d47e8fdc30e7 006d385c654e47dc97e7ad6019f6d05f - - 32cb23adb77e47fabcce474615b61cec 32cb23adb77e47fabcce474615b61cec] 199.19.213.132 "GET /v2.0/networks?shared=True HTTP/1.1" status: 200 len: 952 time: 0.0419624
2026-06-15 21:14:28.498 9 INFO neutron.api.wsgi [req-669347d6-f97b-4695-b9a6-20d16f5f4f8b req-851a900c-8578-4b9c-a9e0-b03f12bd217b bbc5d9a3a5234f2a9b4cc434f9f72a8f dcd6e215e7134f23832a5bdcec6cfb5a - - default default] 10.0.0.201 "GET /v2.0/ports?device_id=1489bed9-8b5f-4879-bd0c-c6200d6c541c HTTP/1.1" status: 200 len: 1168 time: 0.0797327
2026-06-15 21:14:28.556 9 INFO neutron.api.wsgi [req-669347d6-f97b-4695-b9a6-20d16f5f4f8b req-e2f5dbe5-33e5-41d6-9259-f8adcb878ed9 bbc5d9a3a5234f2a9b4cc434f9f72a8f dcd6e215e7134f23832a5bdcec6cfb5a - - default default] 10.0.0.201 "GET /v2.0/security-groups?id=24098277-03a2-4a20-8b6f-64c35c4e68b6&fields=id&fields=name HTTP/1.1" status: 200 len: 313 time: 0.0510211
2026-06-15 21:14:29.359 9 INFO neutron.api.wsgi [req-35513929-ef75-47a1-8fb3-f53f118b5871 req-ac42bb80-f40f-41a2-9365-f36f63363b35 2db2ba250e43443b9382d47e8fdc30e7 006d385c654e47dc97e7ad6019f6d05f - - 32cb23adb77e47fabcce474615b61cec 32cb23adb77e47fabcce474615b61cec] 199.19.213.132 "GET /v2.0/ports?tenant_id=dcd6e215e7134f23832a5bdcec6cfb5a&device_id=1489bed9-8b5f-4879-bd0c-c6200d6c541c HTTP/1.1" status: 200 len: 1407 time: 0.0461071
2026-06-15 21:14:29.387 9 INFO neutron.api.wsgi [req-35513929-ef75-47a1-8fb3-f53f118b5871 req-cf854075-8de7-4f1f-9c1f-43f216fd29c0 2db2ba250e43443b9382d47e8fdc30e7 006d385c654e47dc97e7ad6019f6d05f - - 32cb23adb77e47fabcce474615b61cec 32cb23adb77e47fabcce474615b61cec] 199.19.213.132 "GET /v2.0/floatingips?fixed_ip_address=10.100.0.6&port_id=e76887ea-bdfa-4f7b-ab7c-19999f6fa05f HTTP/1.1" status: 200 len: 217 time: 0.0197475
2026-06-15 21:14:29.422 9 INFO neutron.api.wsgi [req-35513929-ef75-47a1-8fb3-f53f118b5871 req-b188ac50-b0a6-4624-8398-820f96cd402e 2db2ba250e43443b9382d47e8fdc30e7 006d385c654e47dc97e7ad6019f6d05f - - 32cb23adb77e47fabcce474615b61cec 32cb23adb77e47fabcce474615b61cec] 199.19.213.132 "GET /v2.0/subnets?id=d9cd096d-8dbe-4921-b596-2b9a77cda081 HTTP/1.1" status: 200 len: 877 time: 0.0267203
2026-06-15 21:14:29.445 9 INFO neutron.api.wsgi [req-35513929-ef75-47a1-8fb3-f53f118b5871 req-e3fb74dc-5582-4b40-982f-63cf62b96b9e 2db2ba250e43443b9382d47e8fdc30e7 006d385c654e47dc97e7ad6019f6d05f - - 32cb23adb77e47fabcce474615b61cec 32cb23adb77e47fabcce474615b61cec] 199.19.213.132 "GET /v2.0/ports?network_id=8f546e12-00e9-4991-98b2-3912437bb143&device_owner=network%3Adhcp HTTP/1.1" status: 200 len: 210 time: 0.0168855
2026-06-15 21:14:29.549 9 INFO neutron.api.wsgi [req-35513929-ef75-47a1-8fb3-f53f118b5871 req-81068bae-3c19-4e5c-bf38-d2f9af4ff901 2db2ba250e43443b9382d47e8fdc30e7 006d385c654e47dc97e7ad6019f6d05f - - 32cb23adb77e47fabcce474615b61cec 32cb23adb77e47fabcce474615b61cec] 199.19.213.132 "GET /v2.0/networks/8f546e12-00e9-4991-98b2-3912437bb143?fields=segments HTTP/1.1" status: 200 len: 212 time: 0.0957901
2026-06-15 21:14:29.596 9 INFO neutron.api.wsgi [req-35513929-ef75-47a1-8fb3-f53f118b5871 req-2a4bc528-bab8-4675-8f7f-a68f70165afe 2db2ba250e43443b9382d47e8fdc30e7 006d385c654e47dc97e7ad6019f6d05f - - 32cb23adb77e47fabcce474615b61cec 32cb23adb77e47fabcce474615b61cec] 199.19.213.132 "GET /v2.0/networks/8f546e12-00e9-4991-98b2-3912437bb143?fields=provider%3Aphysical_network&fields=provider%3Anetwork_type HTTP/1.1" status: 200 len: 277 time: 0.0423260
2026-06-15 21:14:29.647 9 INFO neutron.api.wsgi [req-3eb9f492-c345-4063-aa8b-0682250e26f6 req-c84d6561-195e-41a9-b28c-269d59812ad8 bbc5d9a3a5234f2a9b4cc434f9f72a8f dcd6e215e7134f23832a5bdcec6cfb5a - - default default] 10.0.0.201 "GET /v2.0/ports?device_id=1489bed9-8b5f-4879-bd0c-c6200d6c541c HTTP/1.1" status: 200 len: 1168 time: 0.0322318
2026-06-15 21:14:29.690 9 INFO neutron.api.wsgi [req-3eb9f492-c345-4063-aa8b-0682250e26f6 req-581c1106-a94c-424f-a1b6-a09bf3ccc8e4 bbc5d9a3a5234f2a9b4cc434f9f72a8f dcd6e215e7134f23832a5bdcec6cfb5a - - default default] 10.0.0.201 "GET /v2.0/security-groups?id=24098277-03a2-4a20-8b6f-64c35c4e68b6&fields=id&fields=name HTTP/1.1" status: 200 len: 313 time: 0.0343208
2026-06-15 21:14:29.928 10 WARNING neutron_lib.context [None req-d1bf4beb-fc3a-44f4-87ba-c1982331282e afa57a283fac4f1abf7199af5cc7f85c 6ddbf1ee6bb24af0b12eb51dd0e94c85 - - default default] Method 'is_advsvc' is deprecated since 2023.2 release (neutron-lib 3.8.0) and will be removed once support for the old RBAC API policies will be removed from Neutron. Please use method 'is_service_role' instead.
2026-06-15 21:14:29.992 10 INFO neutron.api.wsgi [None req-d1bf4beb-fc3a-44f4-87ba-c1982331282e afa57a283fac4f1abf7199af5cc7f85c 6ddbf1ee6bb24af0b12eb51dd0e94c85 - - default default] 10.0.0.47 "POST /v2.0/subnetpools HTTP/1.1" status: 201 len: 715 time: 0.1775115
2026-06-15 21:14:30.002 10 WARNING neutron_lib.context [None req-bf6664c4-3c34-4ea2-8233-938cf5820bcb afa57a283fac4f1abf7199af5cc7f85c 6ddbf1ee6bb24af0b12eb51dd0e94c85 - - default default] Method 'is_advsvc' is deprecated since 2023.2 release (neutron-lib 3.8.0) and will be removed once support for the old RBAC API policies will be removed from Neutron. Please use method 'is_service_role' instead.
2026-06-15 21:14:30.056 10 INFO neutron.api.wsgi [None req-bf6664c4-3c34-4ea2-8233-938cf5820bcb afa57a283fac4f1abf7199af5cc7f85c 6ddbf1ee6bb24af0b12eb51dd0e94c85 - - default default] 10.0.0.47 "POST /v2.0/subnetpools HTTP/1.1" status: 201 len: 715 time: 0.0585463
2026-06-15 21:14:30.067 10 WARNING neutron_lib.context [None req-42db4cb3-1433-4047-9cb7-56aa0e4a1748 afa57a283fac4f1abf7199af5cc7f85c 6ddbf1ee6bb24af0b12eb51dd0e94c85 - - default default] Method 'is_advsvc' is deprecated since 2023.2 release (neutron-lib 3.8.0) and will be removed once support for the old RBAC API policies will be removed from Neutron. Please use method 'is_service_role' instead.
2026-06-15 21:14:30.109 9 WARNING neutron_lib.context [None req-e3a75e63-95a0-4f98-9451-5657ecc8072f b98eab981fe04048bd1188b1bb9c6540 3a4852937b5f4d59b8acd6cc6247cfae - - default default] Method 'is_advsvc' is deprecated since 2023.2 release (neutron-lib 3.8.0) and will be removed once support for the old RBAC API policies will be removed from Neutron. Please use method 'is_service_role' instead.
2026-06-15 21:14:30.114 10 INFO neutron.api.wsgi [None req-42db4cb3-1433-4047-9cb7-56aa0e4a1748 afa57a283fac4f1abf7199af5cc7f85c 6ddbf1ee6bb24af0b12eb51dd0e94c85 - - default default] 10.0.0.47 "POST /v2.0/subnetpools HTTP/1.1" status: 201 len: 715 time: 0.0514183
2026-06-15 21:14:30.125 10 WARNING neutron_lib.context [None req-9d88bc24-2947-46c3-9681-0c466085e75b afa57a283fac4f1abf7199af5cc7f85c 6ddbf1ee6bb24af0b12eb51dd0e94c85 - - default default] Method 'is_advsvc' is deprecated since 2023.2 release (neutron-lib 3.8.0) and will be removed once support for the old RBAC API policies will be removed from Neutron. Please use method 'is_service_role' instead.
2026-06-15 21:14:30.179 10 INFO neutron.api.wsgi [None req-9d88bc24-2947-46c3-9681-0c466085e75b afa57a283fac4f1abf7199af5cc7f85c 6ddbf1ee6bb24af0b12eb51dd0e94c85 - - default default] 10.0.0.47 "POST /v2.0/subnetpools HTTP/1.1" status: 201 len: 715 time: 0.0591905
2026-06-15 21:14:30.191 10 WARNING neutron_lib.context [None req-8d12f264-e215-4a0c-af33-8396f9d6c601 afa57a283fac4f1abf7199af5cc7f85c 6ddbf1ee6bb24af0b12eb51dd0e94c85 - - default default] Method 'is_advsvc' is deprecated since 2023.2 release (neutron-lib 3.8.0) and will be removed once support for the old RBAC API policies will be removed from Neutron. Please use method 'is_service_role' instead.
2026-06-15 21:14:30.243 9 INFO neutron.db.ovn_revision_numbers_db [None req-e3a75e63-95a0-4f98-9451-5657ecc8072f b98eab981fe04048bd1188b1bb9c6540 3a4852937b5f4d59b8acd6cc6247cfae - - default default] Successfully bumped revision number for resource f519f3f3-5c17-4c84-a9d9-84e47a7d0745 (type: security_groups) to 1
2026-06-15 21:14:30.244 10 INFO neutron.api.wsgi [None req-8d12f264-e215-4a0c-af33-8396f9d6c601 afa57a283fac4f1abf7199af5cc7f85c 6ddbf1ee6bb24af0b12eb51dd0e94c85 - - default default] 10.0.0.47 "POST /v2.0/subnetpools HTTP/1.1" status: 201 len: 715 time: 0.0581782
2026-06-15 21:14:30.260 9 INFO neutron.db.ovn_revision_numbers_db [None req-e3a75e63-95a0-4f98-9451-5657ecc8072f b98eab981fe04048bd1188b1bb9c6540 3a4852937b5f4d59b8acd6cc6247cfae - - default default] Successfully bumped revision number for resource 063a3aa5-cacb-4307-9e24-1b45695da8a7 (type: security_group_rules) to 0
2026-06-15 21:14:30.273 9 INFO neutron.db.ovn_revision_numbers_db [None req-e3a75e63-95a0-4f98-9451-5657ecc8072f b98eab981fe04048bd1188b1bb9c6540 3a4852937b5f4d59b8acd6cc6247cfae - - default default] Successfully bumped revision number for resource 3acc74cf-bd7b-4157-9c19-c40f155a5a2e (type: security_group_rules) to 0
2026-06-15 21:14:30.290 9 INFO neutron.db.ovn_revision_numbers_db [None req-e3a75e63-95a0-4f98-9451-5657ecc8072f b98eab981fe04048bd1188b1bb9c6540 3a4852937b5f4d59b8acd6cc6247cfae - - default default] Successfully bumped revision number for resource 9a61d21b-cefb-49d1-bc9f-a4f1f7c2982b (type: security_group_rules) to 0
2026-06-15 21:14:30.297 10 INFO neutron.api.wsgi [None req-3a189746-bc78-4eb3-8104-bc7646bc7b25 afa57a283fac4f1abf7199af5cc7f85c 6ddbf1ee6bb24af0b12eb51dd0e94c85 - - default default] 10.0.0.47 "PUT /v2.0/subnetpools/e7e7506c-b8d9-4cf8-98d6-2bab20c7b631/tags HTTP/1.1" status: 200 len: 210 time: 0.0479465
2026-06-15 21:14:30.306 9 INFO neutron.db.ovn_revision_numbers_db [None req-e3a75e63-95a0-4f98-9451-5657ecc8072f b98eab981fe04048bd1188b1bb9c6540 3a4852937b5f4d59b8acd6cc6247cfae - - default default] Successfully bumped revision number for resource eb51bbd4-50e0-4bf6-bbf4-63aa0ee0da25 (type: security_group_rules) to 0
2026-06-15 21:14:30.335 10 INFO neutron.api.wsgi [None req-8bf590aa-a245-43e0-b2af-36e956b8fff2 afa57a283fac4f1abf7199af5cc7f85c 6ddbf1ee6bb24af0b12eb51dd0e94c85 - - default default] 10.0.0.47 "PUT /v2.0/subnetpools/73330d5a-0129-487f-8edb-0777c24bb41e/tags HTTP/1.1" status: 200 len: 218 time: 0.0331995
2026-06-15 21:14:30.373 10 INFO neutron.api.wsgi [None req-0ae4c024-fa37-4f22-8910-e57830334450 afa57a283fac4f1abf7199af5cc7f85c 6ddbf1ee6bb24af0b12eb51dd0e94c85 - - default default] 10.0.0.47 "PUT /v2.0/subnetpools/a68bbd5f-5a2c-4106-8b18-092de89815f7/tags HTTP/1.1" status: 200 len: 227 time: 0.0330784
2026-06-15 21:14:30.406 9 INFO neutron.db.ovn_revision_numbers_db [None req-e3a75e63-95a0-4f98-9451-5657ecc8072f b98eab981fe04048bd1188b1bb9c6540 3a4852937b5f4d59b8acd6cc6247cfae - - default default] Successfully bumped revision number for resource d7792b8f-6a60-426f-a70b-0950547ab70f (type: security_groups) to 1
2026-06-15 21:14:30.414 10 INFO neutron.api.wsgi [None req-124d0392-21f3-4f18-9342-e11c11ecc10d afa57a283fac4f1abf7199af5cc7f85c 6ddbf1ee6bb24af0b12eb51dd0e94c85 - - default default] 10.0.0.47 "PUT /v2.0/subnetpools/a8281d53-ebdb-4ba2-a117-ae25c01e870e/tags HTTP/1.1" status: 200 len: 212 time: 0.0362470
2026-06-15 21:14:30.417 9 INFO neutron.db.ovn_revision_numbers_db [None req-e3a75e63-95a0-4f98-9451-5657ecc8072f b98eab981fe04048bd1188b1bb9c6540 3a4852937b5f4d59b8acd6cc6247cfae - - default default] Successfully bumped revision number for resource 06d2f007-7382-410d-8ba2-80da3b7ca6e9 (type: security_group_rules) to 0
2026-06-15 21:14:30.428 9 INFO neutron.db.ovn_revision_numbers_db [None req-e3a75e63-95a0-4f98-9451-5657ecc8072f b98eab981fe04048bd1188b1bb9c6540 3a4852937b5f4d59b8acd6cc6247cfae - - default default] Successfully bumped revision number for resource 4db90984-81aa-4f87-ad45-52a70ca7dd98 (type: security_group_rules) to 0
2026-06-15 21:14:30.443 10 INFO neutron.api.wsgi [None req-210436bc-d91c-48a3-8ce3-ebf4b158f719 afa57a283fac4f1abf7199af5cc7f85c 6ddbf1ee6bb24af0b12eb51dd0e94c85 - - default default] 10.0.0.47 "GET /v2.0/subnetpools?tags=red HTTP/1.1" status: 200 len: 1758 time: 0.0233147
2026-06-15 21:14:30.459 9 INFO neutron.api.wsgi [None req-e3a75e63-95a0-4f98-9451-5657ecc8072f b98eab981fe04048bd1188b1bb9c6540 3a4852937b5f4d59b8acd6cc6247cfae - - default default] 10.0.0.47 "POST /v2.0/security-groups HTTP/1.1" status: 201 len: 1801 time: 0.3923256
2026-06-15 21:14:30.471 10 INFO neutron.api.wsgi [None req-76267d39-0c6e-49f1-9b74-47a74ae41230 afa57a283fac4f1abf7199af5cc7f85c 6ddbf1ee6bb24af0b12eb51dd0e94c85 - - default default] 10.0.0.47 "GET /v2.0/subnetpools?tags=red%2Cblue HTTP/1.1" status: 200 len: 1251 time: 0.0234742
2026-06-15 21:14:30.498 9 INFO neutron.api.wsgi [None req-7d9be200-58a2-4d82-b687-66482ce4fd1e b98eab981fe04048bd1188b1bb9c6540 3a4852937b5f4d59b8acd6cc6247cfae - - default default] 10.0.0.47 "PUT /v2.0/security-groups/d7792b8f-6a60-426f-a70b-0950547ab70f/tags HTTP/1.1" status: 200 len: 218 time: 0.0314689
2026-06-15 21:14:30.498 10 INFO neutron.api.wsgi [None req-06d9f8bc-27c5-4dcd-93f3-514c7bd32f20 afa57a283fac4f1abf7199af5cc7f85c 6ddbf1ee6bb24af0b12eb51dd0e94c85 - - default default] 10.0.0.47 "GET /v2.0/subnetpools?tags-any=blue HTTP/1.1" status: 200 len: 1251 time: 0.0219707
2026-06-15 21:14:30.518 9 INFO neutron.api.wsgi [None req-02aa49dc-6335-4947-b7ba-e02e20055b4c b98eab981fe04048bd1188b1bb9c6540 3a4852937b5f4d59b8acd6cc6247cfae - - default default] 10.0.0.47 "GET /v2.0/security-groups/d7792b8f-6a60-426f-a70b-0950547ab70f/tags HTTP/1.1" status: 200 len: 218 time: 0.0164142
2026-06-15 21:14:30.524 10 INFO neutron.api.wsgi [None req-45063d39-c134-4c4f-98d9-f567e20c6f9f afa57a283fac4f1abf7199af5cc7f85c 6ddbf1ee6bb24af0b12eb51dd0e94c85 - - default default] 10.0.0.47 "GET /v2.0/subnetpools?tags-any=red%2Cblue HTTP/1.1" status: 200 len: 1758 time: 0.0211921
2026-06-15 21:14:30.552 10 INFO neutron.api.wsgi [None req-55fa1fa6-e169-491a-913d-bf2ce726390c afa57a283fac4f1abf7199af5cc7f85c 6ddbf1ee6bb24af0b12eb51dd0e94c85 - - default default] 10.0.0.47 "GET /v2.0/subnetpools?not-tags=red HTTP/1.1" status: 200 len: 1223 time: 0.0221992
2026-06-15 21:14:30.579 9 INFO neutron.api.wsgi [None req-099b784b-e1d2-4270-a6c4-abf0593ad137 b98eab981fe04048bd1188b1bb9c6540 3a4852937b5f4d59b8acd6cc6247cfae - - default default] 10.0.0.47 "PUT /v2.0/security-groups/d7792b8f-6a60-426f-a70b-0950547ab70f/tags/green HTTP/1.1" status: 201 len: 201 time: 0.0558078
2026-06-15 21:14:30.595 9 INFO neutron.api.wsgi [None req-59fa3b58-3faa-4dda-8cbf-856e5e96a253 afa57a283fac4f1abf7199af5cc7f85c 6ddbf1ee6bb24af0b12eb51dd0e94c85 - - default default] 10.0.0.47 "GET /v2.0/subnetpools?not-tags=red%2Cblue HTTP/1.1" status: 200 len: 1730 time: 0.0252769
2026-06-15 21:14:30.611 10 INFO neutron.api.wsgi [None req-873610e8-0f63-4822-b94a-8d9a0d80476a b98eab981fe04048bd1188b1bb9c6540 3a4852937b5f4d59b8acd6cc6247cfae - - default default] 10.0.0.47 "GET /v2.0/security-groups/d7792b8f-6a60-426f-a70b-0950547ab70f/tags HTTP/1.1" status: 200 len: 227 time: 0.0264268
2026-06-15 21:14:30.619 9 INFO neutron.api.wsgi [None req-8d37a508-21fb-493c-81ab-207a23c73fa1 afa57a283fac4f1abf7199af5cc7f85c 6ddbf1ee6bb24af0b12eb51dd0e94c85 - - default default] 10.0.0.47 "GET /v2.0/subnetpools?not-tags-any=blue HTTP/1.1" status: 200 len: 1730 time: 0.0171921
2026-06-15 21:14:30.635 10 INFO neutron.api.wsgi [None req-c26d9043-2e81-4626-97b1-f784370ffb8b b98eab981fe04048bd1188b1bb9c6540 3a4852937b5f4d59b8acd6cc6247cfae - - default default] 10.0.0.47 "PUT /v2.0/security-groups/d7792b8f-6a60-426f-a70b-0950547ab70f/tags/red HTTP/1.1" status: 201 len: 201 time: 0.0192099
2026-06-15 21:14:30.642 9 INFO neutron.api.wsgi [None req-ae5309cb-994c-4f99-a845-8fb4d2a29c4d afa57a283fac4f1abf7199af5cc7f85c 6ddbf1ee6bb24af0b12eb51dd0e94c85 - - default default] 10.0.0.47 "GET /v2.0/subnetpools?not-tags-any=red%2Cblue HTTP/1.1" status: 200 len: 1223 time: 0.0182376
2026-06-15 21:14:30.669 10 INFO neutron.api.wsgi [None req-037727d9-9c73-4e5a-bfee-30b9ed6ae4e8 b98eab981fe04048bd1188b1bb9c6540 3a4852937b5f4d59b8acd6cc6247cfae - - default default] 10.0.0.47 "GET /v2.0/security-groups/d7792b8f-6a60-426f-a70b-0950547ab70f/tags HTTP/1.1" status: 200 len: 227 time: 0.0272129
2026-06-15 21:14:30.700 10 INFO neutron.api.wsgi [None req-909eb030-7cf6-4b76-a26c-cf55f48fa7d3 afa57a283fac4f1abf7199af5cc7f85c 6ddbf1ee6bb24af0b12eb51dd0e94c85 - - default default] 10.0.0.47 "DELETE /v2.0/subnetpools/e7e7506c-b8d9-4cf8-98d6-2bab20c7b631 HTTP/1.1" status: 204 len: 168 time: 0.0512938
2026-06-15 21:14:30.710 9 INFO neutron.api.wsgi [None req-12a5e64d-ca05-4780-9492-f7fd001d80a8 b98eab981fe04048bd1188b1bb9c6540 3a4852937b5f4d59b8acd6cc6247cfae - - default default] 10.0.0.47 "PUT /v2.0/security-groups/d7792b8f-6a60-426f-a70b-0950547ab70f/tags/black.or.white HTTP/1.1" status: 201 len: 201 time: 0.0352154
2026-06-15 21:14:30.735 9 INFO neutron.api.wsgi [None req-a59b6ccc-b3b3-4385-a72a-fc7cff117782 b98eab981fe04048bd1188b1bb9c6540 3a4852937b5f4d59b8acd6cc6247cfae - - default default] 10.0.0.47 "GET /v2.0/security-groups/d7792b8f-6a60-426f-a70b-0950547ab70f/tags HTTP/1.1" status: 200 len: 245 time: 0.0191939
2026-06-15 21:14:30.755 10 INFO neutron.api.wsgi [None req-435705ca-3846-4e16-bbb2-c2794ce409a3 afa57a283fac4f1abf7199af5cc7f85c 6ddbf1ee6bb24af0b12eb51dd0e94c85 - - default default] 10.0.0.47 "DELETE /v2.0/subnetpools/73330d5a-0129-487f-8edb-0777c24bb41e HTTP/1.1" status: 204 len: 168 time: 0.0489948
2026-06-15 21:14:30.826 10 INFO neutron.api.wsgi [None req-240d7e2c-9bf0-4cce-98ed-a52cab7a5fab afa57a283fac4f1abf7199af5cc7f85c 6ddbf1ee6bb24af0b12eb51dd0e94c85 - - default default] 10.0.0.47 "DELETE /v2.0/subnetpools/a68bbd5f-5a2c-4106-8b18-092de89815f7 HTTP/1.1" status: 204 len: 168 time: 0.0636759
2026-06-15 21:14:30.877 10 INFO neutron.api.wsgi [None req-4b782a93-5e73-408f-86bc-7f6ddfbcc9f1 afa57a283fac4f1abf7199af5cc7f85c 6ddbf1ee6bb24af0b12eb51dd0e94c85 - - default default] 10.0.0.47 "DELETE /v2.0/subnetpools/a8281d53-ebdb-4ba2-a117-ae25c01e870e HTTP/1.1" status: 204 len: 168 time: 0.0425036
