2026-06-15 21:13:26.948 9 INFO neutron.db.ovn_revision_numbers_db [None req-5cc75465-7569-40d1-ac2b-53de49a27d47 e9a53b5496b74e8394b61737f1a3cfec 2bb3abccb6554dae904114e5d80c9f85 - - default default] Successfully bumped revision number for resource 866286f7-b080-4c50-a038-1ae22304e4e3 (type: security_group_rules) to 0
2026-06-15 21:13:26.975 9 INFO neutron.db.ovn_revision_numbers_db [None req-5cc75465-7569-40d1-ac2b-53de49a27d47 e9a53b5496b74e8394b61737f1a3cfec 2bb3abccb6554dae904114e5d80c9f85 - - default default] Successfully bumped revision number for resource adf47c9e-c030-40ef-a2fc-b358cdd0c946 (type: security_group_rules) to 0
2026-06-15 21:13:27.031 10 WARNING neutron.scheduler.dhcp_agent_scheduler [None req-a8eb3d0d-8f69-45e9-aa92-fe8593a7bbdc 36bef9f5853248c1809162cd95ca3c1a 6a22f11a755e486f9d4376f4bb9e34a2 - - default default] No more DHCP agents
2026-06-15 21:13:27.033 10 WARNING neutron.api.rpc.agentnotifiers.dhcp_rpc_agent_api [None req-a8eb3d0d-8f69-45e9-aa92-fe8593a7bbdc 36bef9f5853248c1809162cd95ca3c1a 6a22f11a755e486f9d4376f4bb9e34a2 - - default default] Unable to schedule network 78457ee8-5219-4ec3-aac4-ffa42cdd88bc: no agents available; will retry on subsequent port and subnet creation events.
2026-06-15 21:13:27.063 9 INFO neutron.api.wsgi [None req-5cc75465-7569-40d1-ac2b-53de49a27d47 e9a53b5496b74e8394b61737f1a3cfec 2bb3abccb6554dae904114e5d80c9f85 - - default default] 10.0.0.47 "POST /v2.0/security-groups HTTP/1.1" status: 201 len: 1825 time: 0.6762867
2026-06-15 21:13:27.120 10 INFO neutron.api.wsgi [None req-a2846ec9-afb0-49e1-bf5f-85ef762e2c6a e9a53b5496b74e8394b61737f1a3cfec 2bb3abccb6554dae904114e5d80c9f85 - - default default] 10.0.0.47 "GET /v2.0/security-groups HTTP/1.1" status: 200 len: 4725 time: 0.0533147
2026-06-15 21:13:27.121 10 INFO neutron.db.ovn_revision_numbers_db [None req-a8eb3d0d-8f69-45e9-aa92-fe8593a7bbdc 36bef9f5853248c1809162cd95ca3c1a 6a22f11a755e486f9d4376f4bb9e34a2 - - default default] Successfully bumped revision number for resource cb30f633-2955-4d3c-89d9-763607e2f425 (type: ports) to 1
2026-06-15 21:13:27.148 10 INFO neutron.api.wsgi [None req-a8eb3d0d-8f69-45e9-aa92-fe8593a7bbdc 36bef9f5853248c1809162cd95ca3c1a 6a22f11a755e486f9d4376f4bb9e34a2 - - default default] 10.0.0.47 "POST /v2.0/networks HTTP/1.1" status: 201 len: 833 time: 0.5207872
2026-06-15 21:13:27.158 10 WARNING neutron_lib.context [None req-efa08a87-71b3-4d38-92cc-22c28ac537b2 36bef9f5853248c1809162cd95ca3c1a 6a22f11a755e486f9d4376f4bb9e34a2 - - default default] Method 'is_advsvc' is deprecated since 2023.2 release (neutron-lib 3.8.0) and will be removed once support for the old RBAC API policies will be removed from Neutron. Please use method 'is_service_role' instead.
2026-06-15 21:13:27.175 9 INFO neutron.api.wsgi [None req-93df4f5d-9c60-477c-91e6-64c0d9bc27f8 a3ea93befd754a618602e16b9f998c5f c0e83b85323b40f4853ba0f176a59c3d - - default default] 10.0.0.47 "DELETE /v2.0/routers/12be32cb-bea8-446b-a6d8-39fef37b5aa6 HTTP/1.1" status: 204 len: 168 time: 0.7969210
2026-06-15 21:13:27.243 9 INFO neutron.db.ovn_revision_numbers_db [None req-606a78b0-e610-4e4e-bfe5-5f7afd3093d2 e9a53b5496b74e8394b61737f1a3cfec 2bb3abccb6554dae904114e5d80c9f85 - - default default] Successfully bumped revision number for resource 890fa8b4-1275-4cd7-9b6c-930a9ff6836b (type: security_groups) to 2
2026-06-15 21:13:27.266 9 INFO neutron.api.wsgi [None req-606a78b0-e610-4e4e-bfe5-5f7afd3093d2 e9a53b5496b74e8394b61737f1a3cfec 2bb3abccb6554dae904114e5d80c9f85 - - default default] 10.0.0.47 "PUT /v2.0/security-groups/890fa8b4-1275-4cd7-9b6c-930a9ff6836b HTTP/1.1" status: 200 len: 1858 time: 0.1392231
2026-06-15 21:13:27.292 9 INFO neutron.api.wsgi [None req-28ec8c18-e5dc-4198-8a93-b1eb8a9256d0 e9a53b5496b74e8394b61737f1a3cfec 2bb3abccb6554dae904114e5d80c9f85 - - default default] 10.0.0.47 "GET /v2.0/security-groups/890fa8b4-1275-4cd7-9b6c-930a9ff6836b HTTP/1.1" status: 200 len: 1858 time: 0.0192704
2026-06-15 21:13:27.363 10 INFO neutron.api.wsgi [None req-3e47af24-a8eb-4dcd-b2ae-3affa7633c04 a3ea93befd754a618602e16b9f998c5f c0e83b85323b40f4853ba0f176a59c3d - - default default] 10.0.0.47 "DELETE /v2.0/subnets/0055f26e-8816-49a7-9781-242a594059dc HTTP/1.1" status: 204 len: 168 time: 0.1806107
2026-06-15 21:13:27.390 10 WARNING neutron.scheduler.dhcp_agent_scheduler [None req-efa08a87-71b3-4d38-92cc-22c28ac537b2 36bef9f5853248c1809162cd95ca3c1a 6a22f11a755e486f9d4376f4bb9e34a2 - - default default] No more DHCP agents
2026-06-15 21:13:27.393 10 WARNING neutron.api.rpc.agentnotifiers.dhcp_rpc_agent_api [None req-efa08a87-71b3-4d38-92cc-22c28ac537b2 36bef9f5853248c1809162cd95ca3c1a 6a22f11a755e486f9d4376f4bb9e34a2 - - default default] Unable to schedule network 78457ee8-5219-4ec3-aac4-ffa42cdd88bc: no agents available; will retry on subsequent port and subnet creation events.
2026-06-15 21:13:27.423 9 INFO neutron.api.wsgi [None req-2960e651-1268-42fa-8c26-3e990b54ea84 e9a53b5496b74e8394b61737f1a3cfec 2bb3abccb6554dae904114e5d80c9f85 - - default default] 10.0.0.47 "DELETE /v2.0/security-groups/890fa8b4-1275-4cd7-9b6c-930a9ff6836b HTTP/1.1" status: 204 len: 168 time: 0.1270053
2026-06-15 21:13:27.431 10 INFO neutron.db.ovn_revision_numbers_db [None req-efa08a87-71b3-4d38-92cc-22c28ac537b2 36bef9f5853248c1809162cd95ca3c1a 6a22f11a755e486f9d4376f4bb9e34a2 - - default default] Successfully bumped revision number for resource 30d43836-dd39-4dbe-bb75-3fec52f10e14 (type: subnets) to 0
2026-06-15 21:13:27.454 10 INFO neutron.api.wsgi [None req-efa08a87-71b3-4d38-92cc-22c28ac537b2 36bef9f5853248c1809162cd95ca3c1a 6a22f11a755e486f9d4376f4bb9e34a2 - - default default] 10.0.0.47 "POST /v2.0/subnets HTTP/1.1" status: 201 len: 845 time: 0.3008759
2026-06-15 21:13:27.471 10 WARNING neutron_lib.context [None req-ef4f0cb1-276c-43fb-a41c-558ed1f8a9aa 36bef9f5853248c1809162cd95ca3c1a 6a22f11a755e486f9d4376f4bb9e34a2 - - default default] Method 'is_advsvc' is deprecated since 2023.2 release (neutron-lib 3.8.0) and will be removed once support for the old RBAC API policies will be removed from Neutron. Please use method 'is_service_role' instead.
2026-06-15 21:13:27.488 10 INFO neutron.api.wsgi [None req-27f1723a-531c-4e6b-aa59-4b51217971d7 e9a53b5496b74e8394b61737f1a3cfec 2bb3abccb6554dae904114e5d80c9f85 - - default default] 10.0.0.47 "GET /v2.0/security-groups HTTP/1.1" status: 200 len: 3120 time: 0.0581117
2026-06-15 21:13:27.513 10 INFO neutron.api.v2.resource [None req-92fb5366-5f08-424b-a1cb-7e0099920001 e9a53b5496b74e8394b61737f1a3cfec 2bb3abccb6554dae904114e5d80c9f85 - - default default] delete failed (client error): The resource could not be found.
2026-06-15 21:13:27.514 10 INFO neutron.api.wsgi [None req-92fb5366-5f08-424b-a1cb-7e0099920001 e9a53b5496b74e8394b61737f1a3cfec 2bb3abccb6554dae904114e5d80c9f85 - - default default] 10.0.0.47 "DELETE /v2.0/security-groups/890fa8b4-1275-4cd7-9b6c-930a9ff6836b HTTP/1.1" status: 404 len: 347 time: 0.0166101
2026-06-15 21:13:27.527 9 WARNING neutron_lib.context [None req-edf7490a-7c9e-49ef-b82d-ca2f3ad8e92c e9a53b5496b74e8394b61737f1a3cfec 2bb3abccb6554dae904114e5d80c9f85 - - default default] Method 'is_advsvc' is deprecated since 2023.2 release (neutron-lib 3.8.0) and will be removed once support for the old RBAC API policies will be removed from Neutron. Please use method 'is_service_role' instead.
2026-06-15 21:13:27.599 10 INFO neutron.db.ovn_revision_numbers_db [None req-ef4f0cb1-276c-43fb-a41c-558ed1f8a9aa 36bef9f5853248c1809162cd95ca3c1a 6a22f11a755e486f9d4376f4bb9e34a2 - - default default] Successfully bumped revision number for resource 7264f75e-13be-49ee-9679-02961848d68d (type: routers) to 1
2026-06-15 21:13:27.615 10 INFO neutron.api.wsgi [None req-ef4f0cb1-276c-43fb-a41c-558ed1f8a9aa 36bef9f5853248c1809162cd95ca3c1a 6a22f11a755e486f9d4376f4bb9e34a2 - - default default] 10.0.0.47 "POST /v2.0/routers HTTP/1.1" status: 201 len: 805 time: 0.1504917
2026-06-15 21:13:27.688 9 INFO neutron.db.ovn_revision_numbers_db [None req-edf7490a-7c9e-49ef-b82d-ca2f3ad8e92c e9a53b5496b74e8394b61737f1a3cfec 2bb3abccb6554dae904114e5d80c9f85 - - default default] Successfully bumped revision number for resource 47d70800-edef-48f7-a9e0-c37cff16af80 (type: security_groups) to 1
2026-06-15 21:13:27.710 9 INFO neutron.db.ovn_revision_numbers_db [None req-edf7490a-7c9e-49ef-b82d-ca2f3ad8e92c e9a53b5496b74e8394b61737f1a3cfec 2bb3abccb6554dae904114e5d80c9f85 - - default default] Successfully bumped revision number for resource 298099a1-474c-48d4-b464-dfb85e9799e8 (type: security_group_rules) to 0
2026-06-15 21:13:27.736 9 INFO neutron.services.segments.plugin [-] Segment a6888d5f-d388-47aa-9298-53c0f08cc746 resource provider aggregate not found
2026-06-15 21:13:27.740 9 INFO neutron.services.segments.plugin [-] Segment a6888d5f-d388-47aa-9298-53c0f08cc746 resource provider aggregate not found
2026-06-15 21:13:27.743 9 INFO neutron.db.ovn_revision_numbers_db [None req-edf7490a-7c9e-49ef-b82d-ca2f3ad8e92c e9a53b5496b74e8394b61737f1a3cfec 2bb3abccb6554dae904114e5d80c9f85 - - default default] Successfully bumped revision number for resource 364dc6f7-f0f7-4e50-8472-bab81a344cb6 (type: security_group_rules) to 0
2026-06-15 21:13:27.751 9 INFO neutron.services.segments.plugin [-] Segment a6888d5f-d388-47aa-9298-53c0f08cc746 resource provider not found; error: Placement Client Error (4xx): {"errors": [{"status": 404, "title": "Not Found", "detail": "The resource could not be found.\n\n No resource provider with uuid a6888d5f-d388-47aa-9298-53c0f08cc746 found for delete ", "request_id": "req-9a71ce3a-a13b-4637-9fd6-cd30f9eedd90"}]}
2026-06-15 21:13:27.754 9 INFO neutron.services.segments.plugin [-] Segment a6888d5f-d388-47aa-9298-53c0f08cc746 resource provider not found; error: Placement Client Error (4xx): {"errors": [{"status": 404, "title": "Not Found", "detail": "The resource could not be found.\n\n No resource provider with uuid a6888d5f-d388-47aa-9298-53c0f08cc746 found for delete ", "request_id": "req-51eabca5-8264-4470-9c3d-8d2bcdb77cf0"}]}
2026-06-15 21:13:27.796 9 INFO neutron.api.wsgi [None req-10fb5d80-6751-4c61-9983-65d882c667e6 a3ea93befd754a618602e16b9f998c5f c0e83b85323b40f4853ba0f176a59c3d - - default default] 10.0.0.47 "DELETE /v2.0/networks/e2a04332-dbe8-41ed-8d05-7035a6b2c9dd HTTP/1.1" status: 204 len: 168 time: 0.4250937
2026-06-15 21:13:27.803 9 INFO neutron.api.wsgi [None req-edf7490a-7c9e-49ef-b82d-ca2f3ad8e92c e9a53b5496b74e8394b61737f1a3cfec 2bb3abccb6554dae904114e5d80c9f85 - - default default] 10.0.0.47 "POST /v2.0/security-groups HTTP/1.1" status: 201 len: 1825 time: 0.2815976
2026-06-15 21:13:27.818 9 WARNING neutron_lib.context [None req-b5cd3fbb-aa5b-4859-8a58-368ecd323612 e9a53b5496b74e8394b61737f1a3cfec 2bb3abccb6554dae904114e5d80c9f85 - - default default] Method 'is_advsvc' is deprecated since 2023.2 release (neutron-lib 3.8.0) and will be removed once support for the old RBAC API policies will be removed from Neutron. Please use method 'is_service_role' instead.
2026-06-15 21:13:27.971 9 INFO neutron.db.ovn_revision_numbers_db [None req-b5cd3fbb-aa5b-4859-8a58-368ecd323612 e9a53b5496b74e8394b61737f1a3cfec 2bb3abccb6554dae904114e5d80c9f85 - - default default] Successfully bumped revision number for resource db866cb2-0222-403d-b4a2-8d78b869e09d (type: security_group_rules) to 0
2026-06-15 21:13:28.006 9 INFO neutron.api.wsgi [None req-b5cd3fbb-aa5b-4859-8a58-368ecd323612 e9a53b5496b74e8394b61737f1a3cfec 2bb3abccb6554dae904114e5d80c9f85 - - default default] 10.0.0.47 "POST /v2.0/security-group-rules HTTP/1.1" status: 201 len: 800 time: 0.1968629
2026-06-15 21:13:28.013 10 INFO neutron.api.wsgi [None req-eab0cc3d-bada-4088-952e-aa51d1e4e73d a3ea93befd754a618602e16b9f998c5f c0e83b85323b40f4853ba0f176a59c3d - - default default] 10.0.0.47 "GET /v2.0/security-groups?tenant_id=e4cf4b89a52b48fea65e2302201a3bf2&name=default HTTP/1.1" status: 200 len: 3120 time: 0.0329177
2026-06-15 21:13:28.014 10 WARNING neutron.scheduler.dhcp_agent_scheduler [None req-c011b5bd-9302-4c54-8dc5-c29ec7aa58fb 36bef9f5853248c1809162cd95ca3c1a 6a22f11a755e486f9d4376f4bb9e34a2 - - default default] No more DHCP agents
2026-06-15 21:13:28.015 10 WARNING neutron.api.rpc.agentnotifiers.dhcp_rpc_agent_api [None req-c011b5bd-9302-4c54-8dc5-c29ec7aa58fb 36bef9f5853248c1809162cd95ca3c1a 6a22f11a755e486f9d4376f4bb9e34a2 - - default default] Unable to schedule network 78457ee8-5219-4ec3-aac4-ffa42cdd88bc: no agents available; will retry on subsequent port and subnet creation events.
2026-06-15 21:13:28.027 9 INFO neutron.api.wsgi [None req-8b4c781f-9c2a-4fd5-b5e0-d6534e0a5bdb e9a53b5496b74e8394b61737f1a3cfec 2bb3abccb6554dae904114e5d80c9f85 - - default default] 10.0.0.47 "GET /v2.0/security-group-rules/db866cb2-0222-403d-b4a2-8d78b869e09d HTTP/1.1" status: 200 len: 795 time: 0.0151434
2026-06-15 21:13:28.133 9 INFO neutron.api.wsgi [None req-8c85f964-0efe-448b-b4ae-19c45d068ec9 e9a53b5496b74e8394b61737f1a3cfec 2bb3abccb6554dae904114e5d80c9f85 - - default default] 10.0.0.47 "GET /v2.0/security-group-rules HTTP/1.1" status: 200 len: 4333 time: 0.1018622
2026-06-15 21:13:28.151 10 INFO neutron.db.ovn_revision_numbers_db [None req-c011b5bd-9302-4c54-8dc5-c29ec7aa58fb 36bef9f5853248c1809162cd95ca3c1a 6a22f11a755e486f9d4376f4bb9e34a2 - - default default] Successfully bumped revision number for resource f5f8e3a2-3984-4bce-997a-d882667fc5d6 (type: ports) to 1
2026-06-15 21:13:28.338 10 INFO neutron.api.wsgi [None req-5f5285d7-5293-48a9-b7a1-3e0b2e2e4322 e9a53b5496b74e8394b61737f1a3cfec 2bb3abccb6554dae904114e5d80c9f85 - - default default] 10.0.0.47 "DELETE /v2.0/security-group-rules/db866cb2-0222-403d-b4a2-8d78b869e09d HTTP/1.1" status: 204 len: 168 time: 0.1991079
2026-06-15 21:13:28.344 10 INFO neutron.api.wsgi [None req-fdd0c511-dc7f-44d0-b894-5e37bbfb2543 a3ea93befd754a618602e16b9f998c5f c0e83b85323b40f4853ba0f176a59c3d - - default default] 10.0.0.47 "DELETE /v2.0/security-groups/2effd4ee-550f-4a82-bc84-be69ba92e473 HTTP/1.1" status: 204 len: 168 time: 0.3266110
2026-06-15 21:13:28.412 9 INFO neutron.api.wsgi [None req-b257ccf9-dacc-46cd-87d5-72807771e53c e9a53b5496b74e8394b61737f1a3cfec 2bb3abccb6554dae904114e5d80c9f85 - - default default] 10.0.0.47 "GET /v2.0/security-group-rules HTTP/1.1" status: 200 len: 3755 time: 0.0670826
2026-06-15 21:13:28.423 9 WARNING neutron_lib.context [None req-2cadce62-43c5-43df-b39f-9b2a29ab7c75 e9a53b5496b74e8394b61737f1a3cfec 2bb3abccb6554dae904114e5d80c9f85 - - default default] Method 'is_advsvc' is deprecated since 2023.2 release (neutron-lib 3.8.0) and will be removed once support for the old RBAC API policies will be removed from Neutron. Please use method 'is_service_role' instead.
2026-06-15 21:13:28.666 9 INFO neutron.db.ovn_revision_numbers_db [None req-2cadce62-43c5-43df-b39f-9b2a29ab7c75 e9a53b5496b74e8394b61737f1a3cfec 2bb3abccb6554dae904114e5d80c9f85 - - default default] Successfully bumped revision number for resource a4a3fcac-0686-4579-b37b-ff68100e1c07 (type: security_group_rules) to 0
2026-06-15 21:13:28.697 9 INFO neutron.api.wsgi [None req-2cadce62-43c5-43df-b39f-9b2a29ab7c75 e9a53b5496b74e8394b61737f1a3cfec 2bb3abccb6554dae904114e5d80c9f85 - - default default] 10.0.0.47 "POST /v2.0/security-group-rules HTTP/1.1" status: 201 len: 800 time: 0.2791948
2026-06-15 21:13:28.722 9 INFO neutron.api.wsgi [None req-3e42f204-233f-4b52-80ef-91e0fcd500c8 e9a53b5496b74e8394b61737f1a3cfec 2bb3abccb6554dae904114e5d80c9f85 - - default default] 10.0.0.47 "GET /v2.0/security-group-rules/a4a3fcac-0686-4579-b37b-ff68100e1c07 HTTP/1.1" status: 200 len: 795 time: 0.0198324
2026-06-15 21:13:28.795 9 INFO neutron.api.wsgi [req-765b2439-1708-4156-9c2b-a59dd5e13781 req-e9127d76-42e2-4cad-a3b9-ba79c1310ce9 11eeb22cc61b4b8f85d20abfe891ba3b b7e2fad76e2e4904bd378c33df6574bc - - default default] 10.0.0.201 "GET /v2.0/networks?id=ec646bbd-8f52-4f48-a28a-8134257a7877 HTTP/1.1" status: 200 len: 872 time: 0.0535803
2026-06-15 21:13:28.817 9 INFO neutron.api.wsgi [req-765b2439-1708-4156-9c2b-a59dd5e13781 req-7b7f885e-445f-4d22-acd1-36df89c5a4a0 11eeb22cc61b4b8f85d20abfe891ba3b b7e2fad76e2e4904bd378c33df6574bc - - default default] 10.0.0.201 "GET /v2.0/quotas/b7e2fad76e2e4904bd378c33df6574bc HTTP/1.1" status: 200 len: 491 time: 0.0115244
2026-06-15 21:13:28.846 10 INFO neutron.api.wsgi [None req-a3b5afd2-d77c-4aa5-a9b1-4e2917806d8a e9a53b5496b74e8394b61737f1a3cfec 2bb3abccb6554dae904114e5d80c9f85 - - default default] 10.0.0.47 "GET /v2.0/security-group-rules HTTP/1.1" status: 200 len: 4333 time: 0.1064415
2026-06-15 21:13:28.894 10 INFO neutron.db.ovn_revision_numbers_db [None req-c011b5bd-9302-4c54-8dc5-c29ec7aa58fb 36bef9f5853248c1809162cd95ca3c1a 6a22f11a755e486f9d4376f4bb9e34a2 - - default default] Successfully bumped revision number for resource f5f8e3a2-3984-4bce-997a-d882667fc5d6 (type: ports) to 1
2026-06-15 21:13:28.915 9 INFO neutron.api.wsgi [req-765b2439-1708-4156-9c2b-a59dd5e13781 req-0dc74f8b-8d2e-4aaa-9ec3-9cecd72b847f 11eeb22cc61b4b8f85d20abfe891ba3b b7e2fad76e2e4904bd378c33df6574bc - - default default] 10.0.0.201 "GET /v2.0/ports?tenant_id=b7e2fad76e2e4904bd378c33df6574bc&fields=id HTTP/1.1" status: 200 len: 302 time: 0.0904903
2026-06-15 21:13:28.949 10 WARNING neutron.scheduler.dhcp_agent_scheduler [None req-c011b5bd-9302-4c54-8dc5-c29ec7aa58fb 36bef9f5853248c1809162cd95ca3c1a 6a22f11a755e486f9d4376f4bb9e34a2 - - default default] No more DHCP agents
2026-06-15 21:13:28.950 10 WARNING neutron.api.rpc.agentnotifiers.dhcp_rpc_agent_api [None req-c011b5bd-9302-4c54-8dc5-c29ec7aa58fb 36bef9f5853248c1809162cd95ca3c1a 6a22f11a755e486f9d4376f4bb9e34a2 - - default default] Unable to schedule network 78457ee8-5219-4ec3-aac4-ffa42cdd88bc: no agents available; will retry on subsequent port and subnet creation events.
2026-06-15 21:13:28.962 9 INFO neutron.api.wsgi [req-765b2439-1708-4156-9c2b-a59dd5e13781 req-6dc7f17b-8d52-412b-92e5-e8693a28a809 2db2ba250e43443b9382d47e8fdc30e7 006d385c654e47dc97e7ad6019f6d05f - - 32cb23adb77e47fabcce474615b61cec 32cb23adb77e47fabcce474615b61cec] 10.0.0.201 "GET /v2.0/networks/ec646bbd-8f52-4f48-a28a-8134257a7877?fields=segments HTTP/1.1" status: 200 len: 212 time: 0.0386446
2026-06-15 21:13:28.992 10 INFO neutron.api.wsgi [None req-9c301020-03ce-4fb8-819f-47ca685a3339 e9a53b5496b74e8394b61737f1a3cfec 2bb3abccb6554dae904114e5d80c9f85 - - default default] 10.0.0.47 "DELETE /v2.0/security-group-rules/a4a3fcac-0686-4579-b37b-ff68100e1c07 HTTP/1.1" status: 204 len: 168 time: 0.1398516
2026-06-15 21:13:29.032 9 INFO neutron.api.wsgi [req-765b2439-1708-4156-9c2b-a59dd5e13781 req-89255a78-d128-46e9-af9b-07370dba7577 2db2ba250e43443b9382d47e8fdc30e7 006d385c654e47dc97e7ad6019f6d05f - - 32cb23adb77e47fabcce474615b61cec 32cb23adb77e47fabcce474615b61cec] 10.0.0.201 "GET /v2.0/networks/ec646bbd-8f52-4f48-a28a-8134257a7877?fields=provider%3Aphysical_network&fields=provider%3Anetwork_type HTTP/1.1" status: 200 len: 277 time: 0.0627623
2026-06-15 21:13:29.061 9 INFO neutron.api.wsgi [None req-489718bf-a8fe-476f-862f-865df62bdfb0 e9a53b5496b74e8394b61737f1a3cfec 2bb3abccb6554dae904114e5d80c9f85 - - default default] 10.0.0.47 "GET /v2.0/security-group-rules HTTP/1.1" status: 200 len: 3755 time: 0.0634716
2026-06-15 21:13:29.071 9 WARNING neutron_lib.context [None req-8b60f617-bbaf-432e-a060-b2bd70994177 e9a53b5496b74e8394b61737f1a3cfec 2bb3abccb6554dae904114e5d80c9f85 - - default default] Method 'is_advsvc' is deprecated since 2023.2 release (neutron-lib 3.8.0) and will be removed once support for the old RBAC API policies will be removed from Neutron. Please use method 'is_service_role' instead.
2026-06-15 21:13:29.112 9 INFO neutron.db.securitygroups_db [None req-8b60f617-bbaf-432e-a060-b2bd70994177 e9a53b5496b74e8394b61737f1a3cfec 2bb3abccb6554dae904114e5d80c9f85 - - default default] Project 2bb3abccb6554dae904114e5d80c9f85 added a security group rule with legacy IPv6 ICMP protocol name icmp, ipv6-icmp should be used instead. It was automatically converted.
2026-06-15 21:13:29.158 9 INFO neutron.api.wsgi [req-28f31794-5ae0-4787-8aa8-ddfd9aa9bcd2 req-614b5672-2729-4b20-bffc-f1499708be66 11eeb22cc61b4b8f85d20abfe891ba3b b7e2fad76e2e4904bd378c33df6574bc - - default default] 10.0.0.201 "GET /v2.0/ports?device_id=719d0ea2-ac29-41a2-adb1-e1dbdb588d02 HTTP/1.1" status: 200 len: 210 time: 0.0189998
2026-06-15 21:13:29.174 10 INFO neutron.db.ovn_revision_numbers_db [None req-c011b5bd-9302-4c54-8dc5-c29ec7aa58fb 36bef9f5853248c1809162cd95ca3c1a 6a22f11a755e486f9d4376f4bb9e34a2 - - default default] Successfully bumped revision number for resource f5f8e3a2-3984-4bce-997a-d882667fc5d6 (type: router_ports) to 1
2026-06-15 21:13:29.179 10 INFO neutron.api.wsgi [None req-c011b5bd-9302-4c54-8dc5-c29ec7aa58fb 36bef9f5853248c1809162cd95ca3c1a 6a22f11a755e486f9d4376f4bb9e34a2 - - default default] 10.0.0.47 "PUT /v2.0/routers/7264f75e-13be-49ee-9679-02961848d68d/add_router_interface HTTP/1.1" status: 200 len: 503 time: 1.5574198
2026-06-15 21:13:29.242 9 INFO neutron.db.ovn_revision_numbers_db [None req-8b60f617-bbaf-432e-a060-b2bd70994177 e9a53b5496b74e8394b61737f1a3cfec 2bb3abccb6554dae904114e5d80c9f85 - - default default] Successfully bumped revision number for resource bdfe8647-d978-4cfb-842f-bf6fa51a3b72 (type: security_group_rules) to 0
2026-06-15 21:13:29.272 9 INFO neutron.api.wsgi [None req-2fa4cd68-1d65-449b-8c53-eaaa17b6e05e 36bef9f5853248c1809162cd95ca3c1a 6a22f11a755e486f9d4376f4bb9e34a2 - - default default] 10.0.0.47 "GET /v2.0/ports/f5f8e3a2-3984-4bce-997a-d882667fc5d6 HTTP/1.1" status: 200 len: 1139 time: 0.0869648
2026-06-15 21:13:29.292 9 INFO neutron.api.wsgi [None req-8b60f617-bbaf-432e-a060-b2bd70994177 e9a53b5496b74e8394b61737f1a3cfec 2bb3abccb6554dae904114e5d80c9f85 - - default default] 10.0.0.47 "POST /v2.0/security-group-rules HTTP/1.1" status: 201 len: 806 time: 0.2253511
2026-06-15 21:13:29.316 10 INFO neutron.api.wsgi [None req-08be6df7-01c8-45e8-a63d-e0fa658804c8 36bef9f5853248c1809162cd95ca3c1a 6a22f11a755e486f9d4376f4bb9e34a2 - - default default] 10.0.0.47 "GET /v2.0/ports/f5f8e3a2-3984-4bce-997a-d882667fc5d6 HTTP/1.1" status: 200 len: 1139 time: 0.0390029
2026-06-15 21:13:29.327 10 INFO neutron.api.wsgi [None req-b33f578b-fbc6-4259-8cf8-fd1b35f40c2b e9a53b5496b74e8394b61737f1a3cfec 2bb3abccb6554dae904114e5d80c9f85 - - default default] 10.0.0.47 "GET /v2.0/security-group-rules/bdfe8647-d978-4cfb-842f-bf6fa51a3b72 HTTP/1.1" status: 200 len: 801 time: 0.0259750
2026-06-15 21:13:29.409 10 INFO neutron.api.wsgi [None req-4cae5351-c4b9-4f4e-9da6-e4bf79d8d287 e9a53b5496b74e8394b61737f1a3cfec 2bb3abccb6554dae904114e5d80c9f85 - - default default] 10.0.0.47 "GET /v2.0/security-group-rules HTTP/1.1" status: 200 len: 4339 time: 0.0735142
2026-06-15 21:13:29.544 9 INFO neutron.api.wsgi [None req-4e353e8b-c0ac-46b4-ad4e-a96363c4b540 e9a53b5496b74e8394b61737f1a3cfec 2bb3abccb6554dae904114e5d80c9f85 - - default default] 10.0.0.47 "DELETE /v2.0/security-group-rules/bdfe8647-d978-4cfb-842f-bf6fa51a3b72 HTTP/1.1" status: 204 len: 168 time: 0.1292760
2026-06-15 21:13:29.611 9 INFO neutron.api.wsgi [None req-62971401-facb-45d7-a86a-b843cdff865b e9a53b5496b74e8394b61737f1a3cfec 2bb3abccb6554dae904114e5d80c9f85 - - default default] 10.0.0.47 "GET /v2.0/security-group-rules HTTP/1.1" status: 200 len: 3755 time: 0.0609615
2026-06-15 21:13:29.729 9 INFO neutron.api.wsgi [None req-4fcabfe4-b484-4ec3-8e7c-b8018d7bb38b e9a53b5496b74e8394b61737f1a3cfec 2bb3abccb6554dae904114e5d80c9f85 - - default default] 10.0.0.47 "DELETE /v2.0/security-groups/47d70800-edef-48f7-a9e0-c37cff16af80 HTTP/1.1" status: 204 len: 168 time: 0.1118653
2026-06-15 21:13:29.792 9 INFO neutron.api.wsgi [None req-c53808ff-d58d-4d09-807b-5d69e15a2a28 e9a53b5496b74e8394b61737f1a3cfec 2bb3abccb6554dae904114e5d80c9f85 - - default default] 10.0.0.47 "GET /v2.0/security-groups HTTP/1.1" status: 200 len: 3120 time: 0.0533128
2026-06-15 21:13:29.847 10 WARNING neutron.plugins.ml2.drivers.ovn.mech_driver.ovsdb.ovn_client [None req-af24fd8f-de76-4675-baac-9f8f3b8818e2 - - - - - -] No port found with ID 2c825eae-50fa-4895-900c-b7422c0ecfcb: RuntimeError: No port found with ID 2c825eae-50fa-4895-900c-b7422c0ecfcb
2026-06-15 21:13:29.852 9 INFO neutron.api.wsgi [None req-2276ba3c-2848-4887-bbf4-68567e224ae1 e9a53b5496b74e8394b61737f1a3cfec 2bb3abccb6554dae904114e5d80c9f85 - - default default] 10.0.0.47 "GET /v2.0/security-groups HTTP/1.1" status: 200 len: 3120 time: 0.0505006
2026-06-15 21:13:29.854 10 INFO neutron.plugins.ml2.drivers.ovn.mech_driver.mech_driver [None req-af24fd8f-de76-4675-baac-9f8f3b8818e2 - - - - - -] OVN reports status up for port: 224ed790-50de-4dbc-935d-62bd36215194
2026-06-15 21:13:29.861 10 INFO neutron.plugins.ml2.plugin [None req-af24fd8f-de76-4675-baac-9f8f3b8818e2 - - - - - -] Attempt 1 to provision port 224ed790-50de-4dbc-935d-62bd36215194
2026-06-15 21:13:30.251 10 INFO neutron.db.ovn_revision_numbers_db [None req-af24fd8f-de76-4675-baac-9f8f3b8818e2 - - - - - -] Successfully bumped revision number for resource 224ed790-50de-4dbc-935d-62bd36215194 (type: ports) to 2
2026-06-15 21:13:30.362 9 INFO neutron.api.wsgi [None req-d3848934-1679-4312-9b4e-efe2933afca4 36bef9f5853248c1809162cd95ca3c1a 6a22f11a755e486f9d4376f4bb9e34a2 - - default default] 10.0.0.47 "GET /v2.0/ports/f5f8e3a2-3984-4bce-997a-d882667fc5d6 HTTP/1.1" status: 200 len: 1139 time: 0.0386710
2026-06-15 21:13:30.455 9 INFO neutron.api.wsgi [None req-91d75f0e-655f-4bce-a186-38a25d8f5ddb a3ea93befd754a618602e16b9f998c5f c0e83b85323b40f4853ba0f176a59c3d - - default default] 10.0.0.47 "GET /v2.0/security-groups?tenant_id=2bb3abccb6554dae904114e5d80c9f85&name=default HTTP/1.1" status: 200 len: 3120 time: 0.1558576
2026-06-15 21:13:30.570 9 INFO neutron.db.ovn_revision_numbers_db [None req-9f6bf282-4e65-43c5-9ffa-0f5b87a693d6 a3ea93befd754a618602e16b9f998c5f c0e83b85323b40f4853ba0f176a59c3d - - default default] Successfully bumped revision number for resource d24c063d-1e4b-4d54-9151-6ad4c6bbf144 (type: security_groups) to 1
2026-06-15 21:13:30.584 9 INFO neutron.db.ovn_revision_numbers_db [None req-9f6bf282-4e65-43c5-9ffa-0f5b87a693d6 a3ea93befd754a618602e16b9f998c5f c0e83b85323b40f4853ba0f176a59c3d - - default default] Successfully bumped revision number for resource 80b99b1f-dc90-4f88-bb16-0a8b99b28280 (type: security_group_rules) to 0
2026-06-15 21:13:30.598 9 INFO neutron.db.ovn_revision_numbers_db [None req-9f6bf282-4e65-43c5-9ffa-0f5b87a693d6 a3ea93befd754a618602e16b9f998c5f c0e83b85323b40f4853ba0f176a59c3d - - default default] Successfully bumped revision number for resource 9bf110e6-00db-460f-9249-0e6bfe7d0660 (type: security_group_rules) to 0
2026-06-15 21:13:30.612 9 INFO neutron.db.ovn_revision_numbers_db [None req-9f6bf282-4e65-43c5-9ffa-0f5b87a693d6 a3ea93befd754a618602e16b9f998c5f c0e83b85323b40f4853ba0f176a59c3d - - default default] Successfully bumped revision number for resource a8436ad1-c2cc-4f29-9e3a-757e6361712d (type: security_group_rules) to 0
2026-06-15 21:13:30.623 9 INFO neutron.db.ovn_revision_numbers_db [None req-9f6bf282-4e65-43c5-9ffa-0f5b87a693d6 a3ea93befd754a618602e16b9f998c5f c0e83b85323b40f4853ba0f176a59c3d - - default default] Successfully bumped revision number for resource d3957a5c-21e8-47e0-a827-9bc33c1e44a6 (type: security_group_rules) to 0
2026-06-15 21:13:30.658 10 INFO neutron.api.wsgi [None req-1a20c378-d1e9-4ce8-9445-5875bca91555 a3ea93befd754a618602e16b9f998c5f c0e83b85323b40f4853ba0f176a59c3d - - default default] 10.0.0.47 "DELETE /v2.0/security-groups/0afe8196-3ce4-4b5f-a7cd-407abfc48805 HTTP/1.1" status: 204 len: 168 time: 0.1959283
2026-06-15 21:13:30.704 9 INFO neutron.api.wsgi [req-20910bde-098d-47d9-939b-bc9493d1aae7 req-e61dc8bd-bb03-4613-b381-a4dc373a545e 11eeb22cc61b4b8f85d20abfe891ba3b b7e2fad76e2e4904bd378c33df6574bc - - default default] 10.0.0.201 "GET /v2.0/ports?device_id=719d0ea2-ac29-41a2-adb1-e1dbdb588d02 HTTP/1.1" status: 200 len: 210 time: 0.0209930
2026-06-15 21:13:30.707 9 INFO neutron.db.segments_db [None req-9f6bf282-4e65-43c5-9ffa-0f5b87a693d6 a3ea93befd754a618602e16b9f998c5f c0e83b85323b40f4853ba0f176a59c3d - - default default] Added segment 9f3b5e50-3b38-4aa2-959c-c9abed0ab0fe of type geneve for network 87a09de8-d7c2-4308-8440-bf892d3f5d88
2026-06-15 21:13:30.837 9 INFO neutron.db.ovn_revision_numbers_db [None req-9f6bf282-4e65-43c5-9ffa-0f5b87a693d6 a3ea93befd754a618602e16b9f998c5f c0e83b85323b40f4853ba0f176a59c3d - - default default] Successfully bumped revision number for resource 87a09de8-d7c2-4308-8440-bf892d3f5d88 (type: networks) to 1
2026-06-15 21:13:31.001 9 WARNING neutron.scheduler.dhcp_agent_scheduler [None req-9f6bf282-4e65-43c5-9ffa-0f5b87a693d6 a3ea93befd754a618602e16b9f998c5f c0e83b85323b40f4853ba0f176a59c3d - - default default] No more DHCP agents
2026-06-15 21:13:31.002 9 WARNING neutron.api.rpc.agentnotifiers.dhcp_rpc_agent_api [None req-9f6bf282-4e65-43c5-9ffa-0f5b87a693d6 a3ea93befd754a618602e16b9f998c5f c0e83b85323b40f4853ba0f176a59c3d - - default default] Unable to schedule network 87a09de8-d7c2-4308-8440-bf892d3f5d88: no agents available; will retry on subsequent port and subnet creation events.
2026-06-15 21:13:31.066 9 INFO neutron.db.ovn_revision_numbers_db [None req-9f6bf282-4e65-43c5-9ffa-0f5b87a693d6 a3ea93befd754a618602e16b9f998c5f c0e83b85323b40f4853ba0f176a59c3d - - default default] Successfully bumped revision number for resource 49f79adc-c0c7-4c32-8af8-257889bfd3be (type: ports) to 1
2026-06-15 21:13:31.088 9 INFO neutron.api.wsgi [None req-9f6bf282-4e65-43c5-9ffa-0f5b87a693d6 a3ea93befd754a618602e16b9f998c5f c0e83b85323b40f4853ba0f176a59c3d - - default default] 10.0.0.47 "POST /v2.0/networks HTTP/1.1" status: 201 len: 946 time: 0.8235340
2026-06-15 21:13:31.273 9 WARNING neutron.scheduler.dhcp_agent_scheduler [None req-0cd81ea2-e51a-4ae6-b5a1-c6980a5dcf00 a3ea93befd754a618602e16b9f998c5f c0e83b85323b40f4853ba0f176a59c3d - - default default] No more DHCP agents
2026-06-15 21:13:31.274 9 WARNING neutron.api.rpc.agentnotifiers.dhcp_rpc_agent_api [None req-0cd81ea2-e51a-4ae6-b5a1-c6980a5dcf00 a3ea93befd754a618602e16b9f998c5f c0e83b85323b40f4853ba0f176a59c3d - - default default] Unable to schedule network 87a09de8-d7c2-4308-8440-bf892d3f5d88: no agents available; will retry on subsequent port and subnet creation events.
2026-06-15 21:13:31.414 9 INFO neutron.api.wsgi [None req-e186b349-e095-46cc-b83e-b5d142f93f1f 36bef9f5853248c1809162cd95ca3c1a 6a22f11a755e486f9d4376f4bb9e34a2 - - default default] 10.0.0.47 "GET /v2.0/ports/f5f8e3a2-3984-4bce-997a-d882667fc5d6 HTTP/1.1" status: 200 len: 1139 time: 0.0456448
2026-06-15 21:13:31.834 9 INFO neutron.api.wsgi [req-19afd25f-f394-4f6d-a2e8-dd7db2e72e0d req-4df75024-9b67-46fc-92a9-e55f1b574e95 11eeb22cc61b4b8f85d20abfe891ba3b b7e2fad76e2e4904bd378c33df6574bc - - default default] 10.0.0.201 "GET /v2.0/ports?device_id=719d0ea2-ac29-41a2-adb1-e1dbdb588d02 HTTP/1.1" status: 200 len: 210 time: 0.0431902
2026-06-15 21:13:31.861 9 INFO neutron.db.ovn_revision_numbers_db [None req-e11dbbac-e850-4991-b9e0-e271c149cb13 - - - - - -] Successfully bumped revision number for resource 49f79adc-c0c7-4c32-8af8-257889bfd3be (type: ports) to 2
2026-06-15 21:13:31.916 9 INFO neutron.db.ovn_revision_numbers_db [None req-e11dbbac-e850-4991-b9e0-e271c149cb13 - - - - - -] Successfully bumped revision number for resource 51cbd59d-18e8-41b8-bf38-a3d79f8331ed (type: subnets) to 0
2026-06-15 21:13:31.939 9 INFO neutron.api.wsgi [None req-0cd81ea2-e51a-4ae6-b5a1-c6980a5dcf00 a3ea93befd754a618602e16b9f998c5f c0e83b85323b40f4853ba0f176a59c3d - - default default] 10.0.0.47 "POST /v2.0/subnets HTTP/1.1" status: 201 len: 890 time: 0.8450050
2026-06-15 21:13:32.362 9 WARNING neutron.scheduler.dhcp_agent_scheduler [None req-6484ae85-c497-4b10-bddd-a5c2a6e06400 a3ea93befd754a618602e16b9f998c5f c0e83b85323b40f4853ba0f176a59c3d - - default default] No more DHCP agents
2026-06-15 21:13:32.363 9 WARNING neutron.api.rpc.agentnotifiers.dhcp_rpc_agent_api [None req-6484ae85-c497-4b10-bddd-a5c2a6e06400 a3ea93befd754a618602e16b9f998c5f c0e83b85323b40f4853ba0f176a59c3d - - default default] Unable to schedule network 03d1d46c-50db-4e75-a25c-e48940aeffd0: no agents available; will retry on subsequent port and subnet creation events.
2026-06-15 21:13:32.459 9 INFO neutron.api.wsgi [None req-20fc9d33-18a1-4067-965f-af93c84ded4f 36bef9f5853248c1809162cd95ca3c1a 6a22f11a755e486f9d4376f4bb9e34a2 - - default default] 10.0.0.47 "GET /v2.0/ports/f5f8e3a2-3984-4bce-997a-d882667fc5d6 HTTP/1.1" status: 200 len: 1139 time: 0.0376737
2026-06-15 21:13:32.503 9 INFO neutron.db.ovn_revision_numbers_db [None req-6484ae85-c497-4b10-bddd-a5c2a6e06400 a3ea93befd754a618602e16b9f998c5f c0e83b85323b40f4853ba0f176a59c3d - - default default] Successfully bumped revision number for resource 6b35687d-b1d1-41e8-8da3-30bbd8bc9282 (type: ports) to 1
2026-06-15 21:13:32.927 9 INFO neutron.api.wsgi [req-b779939e-2b94-44d3-9c47-29545282c3f2 req-9671e343-7d0e-495d-a410-22d5e5e25835 11eeb22cc61b4b8f85d20abfe891ba3b b7e2fad76e2e4904bd378c33df6574bc - - default default] 10.0.0.201 "GET /v2.0/ports?device_id=719d0ea2-ac29-41a2-adb1-e1dbdb588d02 HTTP/1.1" status: 200 len: 210 time: 0.0167775
2026-06-15 21:13:33.360 9 INFO neutron.plugins.ml2.drivers.ovn.mech_driver.ovsdb.commands [None req-12c7670d-2623-4adc-8ce4-0c7fefa7c036 - - - - - -] Schedule LRP lrp-6b35687d-b1d1-41e8-8da3-30bbd8bc9282 on gateway c43cc7a7-0197-4faf-ae10-b1c22aeb9f3c with priority 1
2026-06-15 21:13:33.380 9 INFO neutron.plugins.ml2.drivers.ovn.mech_driver.mech_driver [None req-4bbe7da9-8b2f-4933-8f88-3bc321a89cfb - - - - - -] OVN reports status up for port: 6b35687d-b1d1-41e8-8da3-30bbd8bc9282
2026-06-15 21:13:33.386 10 INFO neutron.plugins.ml2.drivers.ovn.mech_driver.ovsdb.ovsdb_monitor [None req-1b53ae8c-e420-455a-98cf-e979c162668a - - - - - -] Router f2062984-0ce9-44af-9d6e-f237ed85a9b2 is bound to host instance
2026-06-15 21:13:33.400 9 INFO neutron.plugins.ml2.plugin [None req-4bbe7da9-8b2f-4933-8f88-3bc321a89cfb - - - - - -] Attempt 1 to provision port 6b35687d-b1d1-41e8-8da3-30bbd8bc9282
2026-06-15 21:13:33.426 9 INFO neutron.db.ovn_revision_numbers_db [None req-6484ae85-c497-4b10-bddd-a5c2a6e06400 a3ea93befd754a618602e16b9f998c5f c0e83b85323b40f4853ba0f176a59c3d - - default default] Successfully bumped revision number for resource 6b35687d-b1d1-41e8-8da3-30bbd8bc9282 (type: router_ports) to 1
2026-06-15 21:13:33.503 9 INFO neutron.api.wsgi [None req-7e7300ee-02e9-4ec3-b72d-234a13711b9f 36bef9f5853248c1809162cd95ca3c1a 6a22f11a755e486f9d4376f4bb9e34a2 - - default default] 10.0.0.47 "GET /v2.0/ports/f5f8e3a2-3984-4bce-997a-d882667fc5d6 HTTP/1.1" status: 200 len: 1139 time: 0.0369449
2026-06-15 21:13:33.508 10 INFO neutron.api.wsgi [req-765b2439-1708-4156-9c2b-a59dd5e13781 req-0c797977-054d-42d8-9ffa-df6e6478a22d 11eeb22cc61b4b8f85d20abfe891ba3b b7e2fad76e2e4904bd378c33df6574bc - - default default] 199.19.213.132 "GET /v2.0/networks?id=ec646bbd-8f52-4f48-a28a-8134257a7877 HTTP/1.1" status: 200 len: 872 time: 0.0512104
2026-06-15 21:13:33.515 9 INFO neutron.db.ovn_revision_numbers_db [None req-6484ae85-c497-4b10-bddd-a5c2a6e06400 a3ea93befd754a618602e16b9f998c5f c0e83b85323b40f4853ba0f176a59c3d - - default default] Successfully bumped revision number for resource f2062984-0ce9-44af-9d6e-f237ed85a9b2 (type: routers) to 2
2026-06-15 21:13:33.522 10 WARNING neutron_lib.context [req-765b2439-1708-4156-9c2b-a59dd5e13781 req-926f07f8-b79d-48ef-97a8-3e1999646b54 11eeb22cc61b4b8f85d20abfe891ba3b b7e2fad76e2e4904bd378c33df6574bc - - default default] Method 'is_advsvc' is deprecated since 2023.2 release (neutron-lib 3.8.0) and will be removed once support for the old RBAC API policies will be removed from Neutron. Please use method 'is_service_role' instead.
2026-06-15 21:13:33.533 9 INFO neutron.api.wsgi [None req-6484ae85-c497-4b10-bddd-a5c2a6e06400 a3ea93befd754a618602e16b9f998c5f c0e83b85323b40f4853ba0f176a59c3d - - default default] 10.0.0.47 "POST /v2.0/routers HTTP/1.1" status: 201 len: 1168 time: 1.5874350
2026-06-15 21:13:33.921 10 WARNING neutron.scheduler.dhcp_agent_scheduler [req-765b2439-1708-4156-9c2b-a59dd5e13781 req-926f07f8-b79d-48ef-97a8-3e1999646b54 11eeb22cc61b4b8f85d20abfe891ba3b b7e2fad76e2e4904bd378c33df6574bc - - default default] No more DHCP agents
2026-06-15 21:13:33.925 10 WARNING neutron.api.rpc.agentnotifiers.dhcp_rpc_agent_api [req-765b2439-1708-4156-9c2b-a59dd5e13781 req-926f07f8-b79d-48ef-97a8-3e1999646b54 11eeb22cc61b4b8f85d20abfe891ba3b b7e2fad76e2e4904bd378c33df6574bc - - default default] Unable to schedule network ec646bbd-8f52-4f48-a28a-8134257a7877: no agents available; will retry on subsequent port and subnet creation events.
2026-06-15 21:13:33.934 10 INFO neutron.db.ovn_revision_numbers_db [None req-068579e3-0c0c-4298-b32e-8258fb5e98f6 - - - - - -] Successfully bumped revision number for resource 6b35687d-b1d1-41e8-8da3-30bbd8bc9282 (type: ports) to 1
2026-06-15 21:13:34.008 9 WARNING neutron.scheduler.dhcp_agent_scheduler [None req-0772a457-31c4-43d4-b695-13c41278e58b a3ea93befd754a618602e16b9f998c5f c0e83b85323b40f4853ba0f176a59c3d - - default default] No more DHCP agents
2026-06-15 21:13:34.010 9 WARNING neutron.api.rpc.agentnotifiers.dhcp_rpc_agent_api [None req-0772a457-31c4-43d4-b695-13c41278e58b a3ea93befd754a618602e16b9f998c5f c0e83b85323b40f4853ba0f176a59c3d - - default default] Unable to schedule network 87a09de8-d7c2-4308-8440-bf892d3f5d88: no agents available; will retry on subsequent port and subnet creation events.
2026-06-15 21:13:34.080 9 INFO neutron.api.wsgi [req-0f44e1d0-9d63-4014-bd12-18d2b2235ab4 req-61abb9d6-848d-4be2-80af-3c5f8c876aee 11eeb22cc61b4b8f85d20abfe891ba3b b7e2fad76e2e4904bd378c33df6574bc - - default default] 10.0.0.201 "GET /v2.0/ports?device_id=719d0ea2-ac29-41a2-adb1-e1dbdb588d02 HTTP/1.1" status: 200 len: 1156 time: 0.0857301
2026-06-15 21:13:34.096 10 INFO neutron.db.ovn_revision_numbers_db [req-765b2439-1708-4156-9c2b-a59dd5e13781 req-926f07f8-b79d-48ef-97a8-3e1999646b54 11eeb22cc61b4b8f85d20abfe891ba3b b7e2fad76e2e4904bd378c33df6574bc - - default default] Successfully bumped revision number for resource ab196d0d-08e9-4065-9ae2-b1998eb12837 (type: ports) to 1
2026-06-15 21:13:34.124 10 INFO neutron.api.wsgi [req-765b2439-1708-4156-9c2b-a59dd5e13781 req-926f07f8-b79d-48ef-97a8-3e1999646b54 11eeb22cc61b4b8f85d20abfe891ba3b b7e2fad76e2e4904bd378c33df6574bc - - default default] 199.19.213.132 "POST /v2.0/ports HTTP/1.1" status: 201 len: 1158 time: 0.6081913
2026-06-15 21:13:34.134 9 INFO neutron.api.wsgi [req-0f44e1d0-9d63-4014-bd12-18d2b2235ab4 req-4a7496a5-99a0-4dbd-a882-c31fc9a3436a 11eeb22cc61b4b8f85d20abfe891ba3b b7e2fad76e2e4904bd378c33df6574bc - - default default] 10.0.0.201 "GET /v2.0/security-groups?id=57ebd06a-0388-41a8-bd30-ad23d0b72785&fields=id&fields=name HTTP/1.1" status: 200 len: 286 time: 0.0493641 /var/lib/openstack/lib/python3.12/site-packages/pycadf/identifier.py:71: UserWarning: Invalid uuid: neutron. To ensure interoperability, identifiers should be a valid uuid. warnings.warn(('Invalid uuid: %s. To ensure interoperability, '
2026-06-15 21:13:34.186 9 INFO neutron.db.ovn_revision_numbers_db [None req-0772a457-31c4-43d4-b695-13c41278e58b a3ea93befd754a618602e16b9f998c5f c0e83b85323b40f4853ba0f176a59c3d - - default default] Successfully bumped revision number for resource 1f7a8d73-982d-457a-b129-7f981e28ca96 (type: ports) to 1
2026-06-15 21:13:34.354 10 INFO neutron.db.ovn_revision_numbers_db [None req-068579e3-0c0c-4298-b32e-8258fb5e98f6 - - - - - -] Successfully bumped revision number for resource 6b35687d-b1d1-41e8-8da3-30bbd8bc9282 (type: ports) to 4
2026-06-15 21:13:34.533 10 INFO neutron.db.ovn_revision_numbers_db [req-765b2439-1708-4156-9c2b-a59dd5e13781 req-105df264-9d46-4c26-bfbc-0f3ef5c699bd 2db2ba250e43443b9382d47e8fdc30e7 006d385c654e47dc97e7ad6019f6d05f - - 32cb23adb77e47fabcce474615b61cec 32cb23adb77e47fabcce474615b61cec] Successfully bumped revision number for resource ab196d0d-08e9-4065-9ae2-b1998eb12837 (type: ports) to 2
2026-06-15 21:13:34.591 9 INFO neutron.api.wsgi [None req-513ff8c2-f58d-4c62-bed9-abedc8e7856a 36bef9f5853248c1809162cd95ca3c1a 6a22f11a755e486f9d4376f4bb9e34a2 - - default default] 10.0.0.47 "GET /v2.0/ports/f5f8e3a2-3984-4bce-997a-d882667fc5d6 HTTP/1.1" status: 200 len: 1139 time: 0.0780027
2026-06-15 21:13:34.667 10 INFO neutron.db.ovn_revision_numbers_db [None req-068579e3-0c0c-4298-b32e-8258fb5e98f6 - - - - - -] Successfully bumped revision number for resource 6b35687d-b1d1-41e8-8da3-30bbd8bc9282 (type: ports) to 5
2026-06-15 21:13:34.769 10 INFO neutron.db.ovn_revision_numbers_db [req-765b2439-1708-4156-9c2b-a59dd5e13781 req-105df264-9d46-4c26-bfbc-0f3ef5c699bd 2db2ba250e43443b9382d47e8fdc30e7 006d385c654e47dc97e7ad6019f6d05f - - 32cb23adb77e47fabcce474615b61cec 32cb23adb77e47fabcce474615b61cec] Successfully bumped revision number for resource ab196d0d-08e9-4065-9ae2-b1998eb12837 (type: ports) to 4
2026-06-15 21:13:34.781 9 INFO neutron.db.ovn_revision_numbers_db [None req-0772a457-31c4-43d4-b695-13c41278e58b a3ea93befd754a618602e16b9f998c5f c0e83b85323b40f4853ba0f176a59c3d - - default default] Successfully bumped revision number for resource 1f7a8d73-982d-457a-b129-7f981e28ca96 (type: ports) to 1
2026-06-15 21:13:34.789 10 INFO neutron.api.wsgi [req-765b2439-1708-4156-9c2b-a59dd5e13781 req-105df264-9d46-4c26-bfbc-0f3ef5c699bd 2db2ba250e43443b9382d47e8fdc30e7 006d385c654e47dc97e7ad6019f6d05f - - 32cb23adb77e47fabcce474615b61cec 32cb23adb77e47fabcce474615b61cec] 199.19.213.132 "PUT /v2.0/ports/ab196d0d-08e9-4065-9ae2-b1998eb12837 HTTP/1.1" status: 200 len: 1404 time: 0.6595218
2026-06-15 21:13:34.832 10 INFO neutron.notifiers.nova [-] Nova event matching ['req-6fbf02f5-a5a5-47c9-96dc-8e84ff6c46df'] response: {'name': 'network-changed', 'server_uuid': '719d0ea2-ac29-41a2-adb1-e1dbdb588d02', 'tag': 'ab196d0d-08e9-4065-9ae2-b1998eb12837', 'status': 'completed', 'code': 200}
2026-06-15 21:13:34.849 9 WARNING neutron.scheduler.dhcp_agent_scheduler [None req-0772a457-31c4-43d4-b695-13c41278e58b a3ea93befd754a618602e16b9f998c5f c0e83b85323b40f4853ba0f176a59c3d - - default default] No more DHCP agents
2026-06-15 21:13:34.851 9 WARNING neutron.api.rpc.agentnotifiers.dhcp_rpc_agent_api [None req-0772a457-31c4-43d4-b695-13c41278e58b a3ea93befd754a618602e16b9f998c5f c0e83b85323b40f4853ba0f176a59c3d - - default default] Unable to schedule network 87a09de8-d7c2-4308-8440-bf892d3f5d88: no agents available; will retry on subsequent port and subnet creation events. /var/lib/openstack/lib/python3.12/site-packages/pycadf/identifier.py:71: UserWarning: Invalid uuid: neutron. To ensure interoperability, identifiers should be a valid uuid. warnings.warn(('Invalid uuid: %s. To ensure interoperability, '
2026-06-15 21:13:35.018 10 WARNING neutron_lib.context [None req-f0d4440e-6203-419b-a707-d2f97deaf950 aeea2611d34e4f59a350fb569a66c359 81adfff2f2764846837daa0e78ff6f8d - - default default] Method 'is_advsvc' is deprecated since 2023.2 release (neutron-lib 3.8.0) and will be removed once support for the old RBAC API policies will be removed from Neutron. Please use method 'is_service_role' instead.
2026-06-15 21:13:35.235 10 WARNING neutron.plugins.ml2.drivers.ovn.mech_driver.ovsdb.ovn_client [None req-541260ed-0327-4274-b4ef-f1f35395f576 - - - - - -] No hosting information found for port 224ed790-50de-4dbc-935d-62bd36215194: RuntimeError: No hosting information found for port 224ed790-50de-4dbc-935d-62bd36215194
2026-06-15 21:13:35.244 9 INFO neutron.api.wsgi [req-7bc07997-6751-4b2c-b61d-60675074b1a8 req-ad7d3961-0b37-4078-a868-e756b79f935d 11eeb22cc61b4b8f85d20abfe891ba3b b7e2fad76e2e4904bd378c33df6574bc - - default default] 10.0.0.201 "GET /v2.0/ports?device_id=719d0ea2-ac29-41a2-adb1-e1dbdb588d02 HTTP/1.1" status: 200 len: 1168 time: 0.0440440
2026-06-15 21:13:35.245 10 WARNING neutron.scheduler.dhcp_agent_scheduler [None req-f0d4440e-6203-419b-a707-d2f97deaf950 aeea2611d34e4f59a350fb569a66c359 81adfff2f2764846837daa0e78ff6f8d - - default default] No more DHCP agents
2026-06-15 21:13:35.247 10 WARNING neutron.api.rpc.agentnotifiers.dhcp_rpc_agent_api [None req-f0d4440e-6203-419b-a707-d2f97deaf950 aeea2611d34e4f59a350fb569a66c359 81adfff2f2764846837daa0e78ff6f8d - - default default] Unable to schedule network 03d1d46c-50db-4e75-a25c-e48940aeffd0: no agents available; will retry on subsequent port and subnet creation events.
2026-06-15 21:13:35.295 9 INFO neutron.api.wsgi [req-7bc07997-6751-4b2c-b61d-60675074b1a8 req-3e0e4c8c-9b45-4278-809f-311cb647c755 11eeb22cc61b4b8f85d20abfe891ba3b b7e2fad76e2e4904bd378c33df6574bc - - default default] 10.0.0.201 "GET /v2.0/security-groups?id=57ebd06a-0388-41a8-bd30-ad23d0b72785&fields=id&fields=name HTTP/1.1" status: 200 len: 286 time: 0.0442073
2026-06-15 21:13:35.310 10 INFO neutron.db.ovn_revision_numbers_db [None req-541260ed-0327-4274-b4ef-f1f35395f576 - - - - - -] Successfully bumped revision number for resource 224ed790-50de-4dbc-935d-62bd36215194 (type: router_ports) to 2
2026-06-15 21:13:35.310 10 INFO neutron.plugins.ml2.drivers.ovn.mech_driver.mech_driver [None req-541260ed-0327-4274-b4ef-f1f35395f576 - - - - - -] OVN reports status up for port: f5f8e3a2-3984-4bce-997a-d882667fc5d6
2026-06-15 21:13:35.319 10 INFO neutron.plugins.ml2.plugin [None req-541260ed-0327-4274-b4ef-f1f35395f576 - - - - - -] Attempt 1 to provision port f5f8e3a2-3984-4bce-997a-d882667fc5d6
2026-06-15 21:13:35.387 10 INFO neutron.api.wsgi [req-64129050-9f30-4e34-b4f4-6ca6b91ed884 req-98c8564c-9435-4252-b81d-fb391302e93d 2db2ba250e43443b9382d47e8fdc30e7 006d385c654e47dc97e7ad6019f6d05f - - 32cb23adb77e47fabcce474615b61cec 32cb23adb77e47fabcce474615b61cec] 199.19.213.132 "GET /v2.0/ports?tenant_id=b7e2fad76e2e4904bd378c33df6574bc&device_id=719d0ea2-ac29-41a2-adb1-e1dbdb588d02 HTTP/1.1" status: 200 len: 1407 time: 0.0476291
2026-06-15 21:13:35.469 10 INFO neutron.api.wsgi [req-64129050-9f30-4e34-b4f4-6ca6b91ed884 req-2249533c-7939-4e4f-8969-4a7d12556de3 2db2ba250e43443b9382d47e8fdc30e7 006d385c654e47dc97e7ad6019f6d05f - - 32cb23adb77e47fabcce474615b61cec 32cb23adb77e47fabcce474615b61cec] 199.19.213.132 "GET /v2.0/networks?tenant_id=b7e2fad76e2e4904bd378c33df6574bc&shared=False HTTP/1.1" status: 200 len: 971 time: 0.0711660
2026-06-15 21:13:35.484 9 INFO neutron.db.ovn_revision_numbers_db [None req-0772a457-31c4-43d4-b695-13c41278e58b a3ea93befd754a618602e16b9f998c5f c0e83b85323b40f4853ba0f176a59c3d - - default default] Successfully bumped revision number for resource 1f7a8d73-982d-457a-b129-7f981e28ca96 (type: router_ports) to 1
2026-06-15 21:13:35.490 9 INFO neutron.api.wsgi [None req-0772a457-31c4-43d4-b695-13c41278e58b a3ea93befd754a618602e16b9f998c5f c0e83b85323b40f4853ba0f176a59c3d - - default default] 10.0.0.47 "PUT /v2.0/routers/f2062984-0ce9-44af-9d6e-f237ed85a9b2/add_router_interface HTTP/1.1" status: 200 len: 503 time: 1.9501047
2026-06-15 21:13:35.556 10 INFO neutron.api.wsgi [req-64129050-9f30-4e34-b4f4-6ca6b91ed884 req-b80438a2-b425-450b-a80c-09e31728766a 2db2ba250e43443b9382d47e8fdc30e7 006d385c654e47dc97e7ad6019f6d05f - - 32cb23adb77e47fabcce474615b61cec 32cb23adb77e47fabcce474615b61cec] 199.19.213.132 "GET /v2.0/networks?shared=True HTTP/1.1" status: 200 len: 952 time: 0.0823784
2026-06-15 21:13:35.638 9 INFO neutron.api.wsgi [None req-00e058c5-941a-44e7-88af-a3254a3d3990 36bef9f5853248c1809162cd95ca3c1a 6a22f11a755e486f9d4376f4bb9e34a2 - - default default] 10.0.0.47 "GET /v2.0/ports/f5f8e3a2-3984-4bce-997a-d882667fc5d6 HTTP/1.1" status: 200 len: 1141 time: 0.0404899
2026-06-15 21:13:35.694 10 INFO neutron.api.wsgi [None req-f0d4440e-6203-419b-a707-d2f97deaf950 aeea2611d34e4f59a350fb569a66c359 81adfff2f2764846837daa0e78ff6f8d - - default default] 10.0.0.47 "POST /v2.0/floatingips HTTP/1.1" status: 201 len: 751 time: 0.8543386
2026-06-15 21:13:35.704 10 WARNING neutron_lib.context [None req-57c3946f-42a6-447c-bbbc-8380c11ccc24 aeea2611d34e4f59a350fb569a66c359 81adfff2f2764846837daa0e78ff6f8d - - default default] Method 'is_advsvc' is deprecated since 2023.2 release (neutron-lib 3.8.0) and will be removed once support for the old RBAC API policies will be removed from Neutron. Please use method 'is_service_role' instead.
2026-06-15 21:13:35.797 10 INFO neutron.db.ovn_revision_numbers_db [None req-541260ed-0327-4274-b4ef-f1f35395f576 - - - - - -] Successfully bumped revision number for resource f5f8e3a2-3984-4bce-997a-d882667fc5d6 (type: ports) to 2
2026-06-15 21:13:35.974 10 WARNING neutron.scheduler.dhcp_agent_scheduler [None req-57c3946f-42a6-447c-bbbc-8380c11ccc24 aeea2611d34e4f59a350fb569a66c359 81adfff2f2764846837daa0e78ff6f8d - - default default] No more DHCP agents
2026-06-15 21:13:35.975 10 WARNING neutron.api.rpc.agentnotifiers.dhcp_rpc_agent_api [None req-57c3946f-42a6-447c-bbbc-8380c11ccc24 aeea2611d34e4f59a350fb569a66c359 81adfff2f2764846837daa0e78ff6f8d - - default default] Unable to schedule network 03d1d46c-50db-4e75-a25c-e48940aeffd0: no agents available; will retry on subsequent port and subnet creation events.
2026-06-15 21:13:36.108 9 WARNING neutron_lib.context [None req-c759f770-1fce-444c-b1c4-830d1cd7a852 8c31b66760d54a939f7ff35c5a6f32e9 8bbdd27eee6e4c2cb138a87e4f381605 - - default default] Method 'is_advsvc' is deprecated since 2023.2 release (neutron-lib 3.8.0) and will be removed once support for the old RBAC API policies will be removed from Neutron. Please use method 'is_service_role' instead.
2026-06-15 21:13:36.277 9 INFO neutron.db.ovn_revision_numbers_db [None req-c759f770-1fce-444c-b1c4-830d1cd7a852 8c31b66760d54a939f7ff35c5a6f32e9 8bbdd27eee6e4c2cb138a87e4f381605 - - default default] Successfully bumped revision number for resource 38946a7e-0233-4602-a91b-ada7c7796ffa (type: security_groups) to 1
