2026-06-15 21:17:39.038 9 INFO neutron.api.wsgi [None req-d011f6c7-e144-492a-888e-9837db412cbe a3ea93befd754a618602e16b9f998c5f c0e83b85323b40f4853ba0f176a59c3d - - default default] 10.0.0.121 "GET /v2.0/agents?binary=ovn-controller HTTP/1.1" status: 200 len: 591 time: 0.0109634
2026-06-15 21:17:39.039 9 INFO neutron.api.v2.resource [None req-ca9d92b5-cd79-4a62-9e3b-844f3beac1d8 a3ea93befd754a618602e16b9f998c5f c0e83b85323b40f4853ba0f176a59c3d - - default default] show failed (client error): The resource could not be found.
2026-06-15 21:17:39.040 9 INFO neutron.api.wsgi [None req-ca9d92b5-cd79-4a62-9e3b-844f3beac1d8 a3ea93befd754a618602e16b9f998c5f c0e83b85323b40f4853ba0f176a59c3d - - default default] 199.19.213.132 "GET /v2.0/security-groups/lb-8752b892-621b-43fb-ba86-a1c860e0118e HTTP/1.1" status: 404 len: 355 time: 0.0090208
2026-06-15 21:17:39.066 10 WARNING neutron.scheduler.dhcp_agent_scheduler [None req-a4d0e0dc-96d5-4abc-ba32-510e1119538a f06d012c474f4259b41963a87aea510b 2254448574c34f19a6a44e77a6fd2620 - - default default] No more DHCP agents
2026-06-15 21:17:39.067 10 WARNING neutron.api.rpc.agentnotifiers.dhcp_rpc_agent_api [None req-a4d0e0dc-96d5-4abc-ba32-510e1119538a f06d012c474f4259b41963a87aea510b 2254448574c34f19a6a44e77a6fd2620 - - default default] Unable to schedule network b65cd761-cdec-473b-9009-b69b7148fc52: no agents available; will retry on subsequent port and subnet creation events.
2026-06-15 21:17:39.068 9 INFO neutron.api.wsgi [None req-081c1bc3-7ecb-46c4-8956-7dc8c530a07e a3ea93befd754a618602e16b9f998c5f c0e83b85323b40f4853ba0f176a59c3d - - default default] 199.19.213.132 "GET /v2.0/security-groups?name=lb-8752b892-621b-43fb-ba86-a1c860e0118e HTTP/1.1" status: 200 len: 1839 time: 0.0244720
2026-06-15 21:17:39.134 10 INFO neutron.db.ovn_revision_numbers_db [None req-a4d0e0dc-96d5-4abc-ba32-510e1119538a f06d012c474f4259b41963a87aea510b 2254448574c34f19a6a44e77a6fd2620 - - default default] Successfully bumped revision number for resource a6155cc9-a6e3-4a93-b34b-4d42927df86f (type: ports) to 1
2026-06-15 21:17:39.156 10 INFO neutron.api.wsgi [None req-a4d0e0dc-96d5-4abc-ba32-510e1119538a f06d012c474f4259b41963a87aea510b 2254448574c34f19a6a44e77a6fd2620 - - default default] 10.0.0.47 "POST /v2.0/networks HTTP/1.1" status: 201 len: 831 time: 0.8624792
2026-06-15 21:17:39.168 10 WARNING neutron_lib.context [None req-d7ab2b65-6809-446b-8c56-4682f38ab762 f06d012c474f4259b41963a87aea510b 2254448574c34f19a6a44e77a6fd2620 - - default default] Method 'is_advsvc' is deprecated since 2023.2 release (neutron-lib 3.8.0) and will be removed once support for the old RBAC API policies will be removed from Neutron. Please use method 'is_service_role' instead.
2026-06-15 21:17:39.370 10 WARNING neutron.scheduler.dhcp_agent_scheduler [None req-d7ab2b65-6809-446b-8c56-4682f38ab762 f06d012c474f4259b41963a87aea510b 2254448574c34f19a6a44e77a6fd2620 - - default default] No more DHCP agents
2026-06-15 21:17:39.383 10 WARNING neutron.api.rpc.agentnotifiers.dhcp_rpc_agent_api [None req-d7ab2b65-6809-446b-8c56-4682f38ab762 f06d012c474f4259b41963a87aea510b 2254448574c34f19a6a44e77a6fd2620 - - default default] Unable to schedule network b65cd761-cdec-473b-9009-b69b7148fc52: no agents available; will retry on subsequent port and subnet creation events.
2026-06-15 21:17:39.403 9 INFO neutron.db.ovn_revision_numbers_db [None req-a8564e44-5b6b-4c8f-8ee7-719ac4ee69b3 a3ea93befd754a618602e16b9f998c5f c0e83b85323b40f4853ba0f176a59c3d - - default default] Successfully bumped revision number for resource 7b76c631-b69d-4947-9995-02aed9eb6dc3 (type: ports) to 7
2026-06-15 21:17:39.417 9 INFO neutron.api.wsgi [None req-a8564e44-5b6b-4c8f-8ee7-719ac4ee69b3 a3ea93befd754a618602e16b9f998c5f c0e83b85323b40f4853ba0f176a59c3d - - default default] 199.19.213.132 "PUT /v2.0/ports/7b76c631-b69d-4947-9995-02aed9eb6dc3 HTTP/1.1" status: 200 len: 1487 time: 0.3416953
2026-06-15 21:17:39.454 10 INFO neutron.db.ovn_revision_numbers_db [None req-d7ab2b65-6809-446b-8c56-4682f38ab762 f06d012c474f4259b41963a87aea510b 2254448574c34f19a6a44e77a6fd2620 - - default default] Successfully bumped revision number for resource 960911c3-5ab3-46a0-9596-064936c218cb (type: ports) to 1
2026-06-15 21:17:39.475 10 INFO neutron.api.wsgi [None req-d7ab2b65-6809-446b-8c56-4682f38ab762 f06d012c474f4259b41963a87aea510b 2254448574c34f19a6a44e77a6fd2620 - - default default] 10.0.0.47 "POST /v2.0/ports HTTP/1.1" status: 201 len: 942 time: 0.3138440 /var/lib/openstack/lib/python3.12/site-packages/pycadf/identifier.py:71: UserWarning: Invalid uuid: neutron. To ensure interoperability, identifiers should be a valid uuid. warnings.warn(('Invalid uuid: %s. To ensure interoperability, '
2026-06-15 21:17:39.485 10 WARNING neutron_lib.context [None req-becb9ac8-ce4b-4eba-95c6-2b3c22372927 f06d012c474f4259b41963a87aea510b 2254448574c34f19a6a44e77a6fd2620 - - default default] Method 'is_advsvc' is deprecated since 2023.2 release (neutron-lib 3.8.0) and will be removed once support for the old RBAC API policies will be removed from Neutron. Please use method 'is_service_role' instead. /var/lib/openstack/lib/python3.12/site-packages/pycadf/identifier.py:71: UserWarning: Invalid uuid: neutron. To ensure interoperability, identifiers should be a valid uuid. warnings.warn(('Invalid uuid: %s. To ensure interoperability, '
2026-06-15 21:17:39.645 9 INFO neutron.api.wsgi [None req-76ecbcf0-b188-40b1-b14e-e39ccb34dbc6 a3ea93befd754a618602e16b9f998c5f c0e83b85323b40f4853ba0f176a59c3d - - default default] 199.19.213.132 "GET /v2.0/extensions/security-group HTTP/1.1" status: 200 len: 369 time: 0.0074883
2026-06-15 21:17:39.656 9 INFO neutron.api.wsgi [None req-360838ad-59fb-42d7-953d-501916ffd2ce a3ea93befd754a618602e16b9f998c5f c0e83b85323b40f4853ba0f176a59c3d - - default default] 199.19.213.132 "GET /v2.0/extensions/dns-integration HTTP/1.1" status: 200 len: 371 time: 0.0067489
2026-06-15 21:17:39.664 9 INFO neutron.api.wsgi [None req-74661ad7-905d-4d44-bb8f-7c80f811100a a3ea93befd754a618602e16b9f998c5f c0e83b85323b40f4853ba0f176a59c3d - - default default] 199.19.213.132 "GET /v2.0/extensions/qos HTTP/1.1" status: 200 len: 365 time: 0.0043211
2026-06-15 21:17:39.673 9 INFO neutron.api.wsgi [None req-46e7a871-9685-4448-9cfc-49c8ee1942c3 a3ea93befd754a618602e16b9f998c5f c0e83b85323b40f4853ba0f176a59c3d - - default default] 199.19.213.132 "GET /v2.0/extensions/allowed-address-pairs HTTP/1.1" status: 200 len: 383 time: 0.0045195
2026-06-15 21:17:39.692 10 INFO neutron.api.wsgi [None req-becb9ac8-ce4b-4eba-95c6-2b3c22372927 f06d012c474f4259b41963a87aea510b 2254448574c34f19a6a44e77a6fd2620 - - default default] 10.0.0.47 "POST /v2.0/trunks HTTP/1.1" status: 201 len: 608 time: 0.2119629
2026-06-15 21:17:39.703 10 WARNING neutron_lib.context [None req-a96ffc30-f670-47ee-b824-5873a9d2e5f9 f06d012c474f4259b41963a87aea510b 2254448574c34f19a6a44e77a6fd2620 - - default default] Method 'is_advsvc' is deprecated since 2023.2 release (neutron-lib 3.8.0) and will be removed once support for the old RBAC API policies will be removed from Neutron. Please use method 'is_service_role' instead.
2026-06-15 21:17:39.705 9 INFO neutron.api.wsgi [None req-a0e409bd-1d22-432c-b1a9-78868635f260 a3ea93befd754a618602e16b9f998c5f c0e83b85323b40f4853ba0f176a59c3d - - default default] 199.19.213.132 "GET /v2.0/subnets/27a139a2-8003-4b03-8071-fb19ab8b498b HTTP/1.1" status: 200 len: 875 time: 0.0285172
2026-06-15 21:17:39.744 9 INFO neutron.api.wsgi [None req-adc54a7f-5a96-40a6-8fd8-188c6b82b078 a3ea93befd754a618602e16b9f998c5f c0e83b85323b40f4853ba0f176a59c3d - - default default] 199.19.213.132 "GET /v2.0/ports/6933ff8b-fe77-48da-afa0-b061e9d97315 HTTP/1.1" status: 200 len: 1332 time: 0.0321414
2026-06-15 21:17:39.774 9 INFO neutron.api.wsgi [-] 10.0.0.254 "GET / HTTP/1.1" status: 200 len: 247 time: 0.0029709
2026-06-15 21:17:39.775 10 INFO neutron.api.wsgi [-] 10.0.0.254 "GET / HTTP/1.1" status: 200 len: 247 time: 0.0037873
2026-06-15 21:17:39.791 9 INFO neutron.api.wsgi [None req-4fd28e1c-3690-43a9-9ac5-df123a077581 a3ea93befd754a618602e16b9f998c5f c0e83b85323b40f4853ba0f176a59c3d - - default default] 199.19.213.132 "GET /v2.0/ports/7b76c631-b69d-4947-9995-02aed9eb6dc3 HTTP/1.1" status: 200 len: 1515 time: 0.0399923
2026-06-15 21:17:39.803 10 INFO neutron.db.segments_db [None req-a96ffc30-f670-47ee-b824-5873a9d2e5f9 f06d012c474f4259b41963a87aea510b 2254448574c34f19a6a44e77a6fd2620 - - default default] Added segment 9546aeef-3116-4cf8-ad69-f3bc0c64c2fd of type geneve for network c9670864-339f-4121-a5b6-1d7615449035
2026-06-15 21:17:39.842 9 INFO neutron.api.wsgi [None req-3b58350b-b942-41fc-a7c9-aa3c5aaee041 a3ea93befd754a618602e16b9f998c5f c0e83b85323b40f4853ba0f176a59c3d - - default default] 199.19.213.132 "GET /v2.0/subnets/27a139a2-8003-4b03-8071-fb19ab8b498b HTTP/1.1" status: 200 len: 875 time: 0.0403550
2026-06-15 21:17:39.881 9 INFO neutron.notifiers.nova [-] Nova event matching ['req-2977bc4f-ae53-49ee-869e-ba28724f9fd1'] response: {'name': 'network-changed', 'server_uuid': '2fee2cae-5984-490d-ac63-7e6b361a868c', 'tag': '7b76c631-b69d-4947-9995-02aed9eb6dc3', 'status': 'completed', 'code': 200}
2026-06-15 21:17:39.881 9 INFO neutron.notifiers.nova [-] Nova event matching ['req-2977bc4f-ae53-49ee-869e-ba28724f9fd1'] response: {'name': 'network-changed', 'server_uuid': '2fee2cae-5984-490d-ac63-7e6b361a868c', 'tag': '7b76c631-b69d-4947-9995-02aed9eb6dc3', 'status': 'completed', 'code': 200}
2026-06-15 21:17:39.904 9 INFO neutron.api.wsgi [None req-d07d9850-4a2b-4310-883b-baef140ea0e0 a3ea93befd754a618602e16b9f998c5f c0e83b85323b40f4853ba0f176a59c3d - - default default] 199.19.213.132 "GET /v2.0/networks/f23f76d6-1564-4b01-b9be-b6d3b922b67d HTTP/1.1" status: 200 len: 1002 time: 0.0528085
2026-06-15 21:17:39.931 10 INFO neutron.db.ovn_revision_numbers_db [None req-a96ffc30-f670-47ee-b824-5873a9d2e5f9 f06d012c474f4259b41963a87aea510b 2254448574c34f19a6a44e77a6fd2620 - - default default] Successfully bumped revision number for resource c9670864-339f-4121-a5b6-1d7615449035 (type: networks) to 1
2026-06-15 21:17:39.940 9 INFO neutron.api.wsgi [None req-ea53dfa6-a722-4324-89fe-8baf6037885f a3ea93befd754a618602e16b9f998c5f c0e83b85323b40f4853ba0f176a59c3d - - default default] 199.19.213.132 "GET /v2.0/ports/6933ff8b-fe77-48da-afa0-b061e9d97315 HTTP/1.1" status: 200 len: 1332 time: 0.0312467
2026-06-15 21:17:39.972 9 INFO neutron.api.wsgi [None req-6fe0287f-a5de-4d3e-b08c-05581dba1d4b a3ea93befd754a618602e16b9f998c5f c0e83b85323b40f4853ba0f176a59c3d - - default default] 199.19.213.132 "GET /v2.0/subnets/27a139a2-8003-4b03-8071-fb19ab8b498b HTTP/1.1" status: 200 len: 875 time: 0.0268073
2026-06-15 21:17:40.116 10 WARNING neutron.scheduler.dhcp_agent_scheduler [None req-a96ffc30-f670-47ee-b824-5873a9d2e5f9 f06d012c474f4259b41963a87aea510b 2254448574c34f19a6a44e77a6fd2620 - - default default] No more DHCP agents
2026-06-15 21:17:40.118 10 WARNING neutron.api.rpc.agentnotifiers.dhcp_rpc_agent_api [None req-a96ffc30-f670-47ee-b824-5873a9d2e5f9 f06d012c474f4259b41963a87aea510b 2254448574c34f19a6a44e77a6fd2620 - - default default] Unable to schedule network c9670864-339f-4121-a5b6-1d7615449035: no agents available; will retry on subsequent port and subnet creation events.
2026-06-15 21:17:40.199 10 INFO neutron.db.ovn_revision_numbers_db [None req-a96ffc30-f670-47ee-b824-5873a9d2e5f9 f06d012c474f4259b41963a87aea510b 2254448574c34f19a6a44e77a6fd2620 - - default default] Successfully bumped revision number for resource a397e416-7379-442e-b9c3-2f24f19b7e65 (type: ports) to 1
2026-06-15 21:17:40.225 10 INFO neutron.api.wsgi [None req-a96ffc30-f670-47ee-b824-5873a9d2e5f9 f06d012c474f4259b41963a87aea510b 2254448574c34f19a6a44e77a6fd2620 - - default default] 10.0.0.47 "POST /v2.0/networks HTTP/1.1" status: 201 len: 830 time: 0.5265422
2026-06-15 21:17:40.235 10 WARNING neutron_lib.context [None req-a8ce68d6-011b-4109-819c-05df706e2691 f06d012c474f4259b41963a87aea510b 2254448574c34f19a6a44e77a6fd2620 - - default default] Method 'is_advsvc' is deprecated since 2023.2 release (neutron-lib 3.8.0) and will be removed once support for the old RBAC API policies will be removed from Neutron. Please use method 'is_service_role' instead.
2026-06-15 21:17:40.443 9 INFO neutron.api.wsgi [req-7428e26a-e095-44fc-a7f0-c5e328764729 req-59f154f7-13aa-4636-ab73-4aad0c884bcc 2db2ba250e43443b9382d47e8fdc30e7 006d385c654e47dc97e7ad6019f6d05f - - 32cb23adb77e47fabcce474615b61cec 32cb23adb77e47fabcce474615b61cec] 199.19.213.132 "GET /v2.0/ports?tenant_id=c0e83b85323b40f4853ba0f176a59c3d&device_id=2fee2cae-5984-490d-ac63-7e6b361a868c HTTP/1.1" status: 200 len: 2724 time: 0.0510631
2026-06-15 21:17:40.492 9 INFO neutron.api.wsgi [req-7428e26a-e095-44fc-a7f0-c5e328764729 req-65a66cf4-33f7-41b8-afc6-b7469fa7280e 2db2ba250e43443b9382d47e8fdc30e7 006d385c654e47dc97e7ad6019f6d05f - - 32cb23adb77e47fabcce474615b61cec 32cb23adb77e47fabcce474615b61cec] 199.19.213.132 "GET /v2.0/networks?id=f23f76d6-1564-4b01-b9be-b6d3b922b67d HTTP/1.1" status: 200 len: 1005 time: 0.0414393
2026-06-15 21:17:40.504 10 WARNING neutron.scheduler.dhcp_agent_scheduler [None req-a8ce68d6-011b-4109-819c-05df706e2691 f06d012c474f4259b41963a87aea510b 2254448574c34f19a6a44e77a6fd2620 - - default default] No more DHCP agents
2026-06-15 21:17:40.505 10 WARNING neutron.api.rpc.agentnotifiers.dhcp_rpc_agent_api [None req-a8ce68d6-011b-4109-819c-05df706e2691 f06d012c474f4259b41963a87aea510b 2254448574c34f19a6a44e77a6fd2620 - - default default] Unable to schedule network c9670864-339f-4121-a5b6-1d7615449035: no agents available; will retry on subsequent port and subnet creation events.
2026-06-15 21:17:40.516 9 INFO neutron.api.wsgi [req-7428e26a-e095-44fc-a7f0-c5e328764729 req-832ddc29-a216-4e72-9ead-906009e39756 2db2ba250e43443b9382d47e8fdc30e7 006d385c654e47dc97e7ad6019f6d05f - - 32cb23adb77e47fabcce474615b61cec 32cb23adb77e47fabcce474615b61cec] 199.19.213.132 "GET /v2.0/floatingips?fixed_ip_address=10.1.1.18&port_id=7b76c631-b69d-4947-9995-02aed9eb6dc3 HTTP/1.1" status: 200 len: 217 time: 0.0170643
2026-06-15 21:17:40.547 9 INFO neutron.api.wsgi [req-7428e26a-e095-44fc-a7f0-c5e328764729 req-1cc00252-8238-4c92-a19a-306b00ffede1 2db2ba250e43443b9382d47e8fdc30e7 006d385c654e47dc97e7ad6019f6d05f - - 32cb23adb77e47fabcce474615b61cec 32cb23adb77e47fabcce474615b61cec] 199.19.213.132 "GET /v2.0/subnets?id=27a139a2-8003-4b03-8071-fb19ab8b498b HTTP/1.1" status: 200 len: 878 time: 0.0247161
2026-06-15 21:17:40.567 9 INFO neutron.api.wsgi [req-7428e26a-e095-44fc-a7f0-c5e328764729 req-063eb949-fe25-4422-ac05-f892714b84d3 2db2ba250e43443b9382d47e8fdc30e7 006d385c654e47dc97e7ad6019f6d05f - - 32cb23adb77e47fabcce474615b61cec 32cb23adb77e47fabcce474615b61cec] 199.19.213.132 "GET /v2.0/ports?network_id=f23f76d6-1564-4b01-b9be-b6d3b922b67d&device_owner=network%3Adhcp HTTP/1.1" status: 200 len: 210 time: 0.0153277
2026-06-15 21:17:40.585 10 INFO neutron.db.ovn_revision_numbers_db [None req-a8ce68d6-011b-4109-819c-05df706e2691 f06d012c474f4259b41963a87aea510b 2254448574c34f19a6a44e77a6fd2620 - - default default] Successfully bumped revision number for resource e01876a7-4838-454d-96d6-90ea05b17df6 (type: ports) to 1 /var/lib/openstack/lib/python3.12/site-packages/pycadf/identifier.py:71: UserWarning: Invalid uuid: neutron. To ensure interoperability, identifiers should be a valid uuid. warnings.warn(('Invalid uuid: %s. To ensure interoperability, '
2026-06-15 21:17:40.623 9 INFO neutron.api.wsgi [req-7428e26a-e095-44fc-a7f0-c5e328764729 req-ce3258c4-d8c5-4573-b906-2bed158bf060 2db2ba250e43443b9382d47e8fdc30e7 006d385c654e47dc97e7ad6019f6d05f - - 32cb23adb77e47fabcce474615b61cec 32cb23adb77e47fabcce474615b61cec] 199.19.213.132 "GET /v2.0/networks/f23f76d6-1564-4b01-b9be-b6d3b922b67d?fields=segments HTTP/1.1" status: 200 len: 212 time: 0.0499098
2026-06-15 21:17:40.628 10 INFO neutron.api.wsgi [None req-a8ce68d6-011b-4109-819c-05df706e2691 f06d012c474f4259b41963a87aea510b 2254448574c34f19a6a44e77a6fd2620 - - default default] 10.0.0.47 "POST /v2.0/ports HTTP/1.1" status: 201 len: 942 time: 0.3975246
2026-06-15 21:17:40.648 9 WARNING neutron_lib.context [None req-084d9c6a-78a0-4888-9cf1-a0803df7c47b f06d012c474f4259b41963a87aea510b 2254448574c34f19a6a44e77a6fd2620 - - default default] Method 'is_advsvc' is deprecated since 2023.2 release (neutron-lib 3.8.0) and will be removed once support for the old RBAC API policies will be removed from Neutron. Please use method 'is_service_role' instead.
2026-06-15 21:17:40.675 10 INFO neutron.api.wsgi [req-259d57e0-cfdd-4e34-8876-838928cd3cbd req-6f01d983-ee0b-4212-b9cd-01672dc1eae4 2db2ba250e43443b9382d47e8fdc30e7 006d385c654e47dc97e7ad6019f6d05f - - 32cb23adb77e47fabcce474615b61cec 32cb23adb77e47fabcce474615b61cec] 199.19.213.132 "GET /v2.0/ports?device_id=0a596f03-47d9-46e8-96e7-19a680d22b00&fields=binding%3Ahost_id&fields=binding%3Avif_type HTTP/1.1" status: 200 len: 265 time: 0.0665443
2026-06-15 21:17:40.720 9 INFO neutron.api.wsgi [req-7428e26a-e095-44fc-a7f0-c5e328764729 req-50e13ea6-31f0-4386-baec-68197636d62f 2db2ba250e43443b9382d47e8fdc30e7 006d385c654e47dc97e7ad6019f6d05f - - 32cb23adb77e47fabcce474615b61cec 32cb23adb77e47fabcce474615b61cec] 199.19.213.132 "GET /v2.0/networks/f23f76d6-1564-4b01-b9be-b6d3b922b67d?fields=provider%3Aphysical_network&fields=provider%3Anetwork_type HTTP/1.1" status: 200 len: 277 time: 0.0892723
2026-06-15 21:17:40.941 9 INFO neutron.api.wsgi [None req-084d9c6a-78a0-4888-9cf1-a0803df7c47b f06d012c474f4259b41963a87aea510b 2254448574c34f19a6a44e77a6fd2620 - - default default] 10.0.0.47 "POST /v2.0/trunks HTTP/1.1" status: 201 len: 608 time: 0.3075831
2026-06-15 21:17:40.952 9 WARNING neutron_lib.context [None req-80d84dbf-98ee-47ed-8f8e-be5897c58f0f f06d012c474f4259b41963a87aea510b 2254448574c34f19a6a44e77a6fd2620 - - default default] Method 'is_advsvc' is deprecated since 2023.2 release (neutron-lib 3.8.0) and will be removed once support for the old RBAC API policies will be removed from Neutron. Please use method 'is_service_role' instead.
2026-06-15 21:17:41.047 9 INFO neutron.db.segments_db [None req-80d84dbf-98ee-47ed-8f8e-be5897c58f0f f06d012c474f4259b41963a87aea510b 2254448574c34f19a6a44e77a6fd2620 - - default default] Added segment 5d20538e-6892-4544-9c31-75bb564fc0be of type geneve for network f4cdef20-9d67-4f15-b441-b592b54dc7ae
2026-06-15 21:17:41.179 9 INFO neutron.db.ovn_revision_numbers_db [None req-80d84dbf-98ee-47ed-8f8e-be5897c58f0f f06d012c474f4259b41963a87aea510b 2254448574c34f19a6a44e77a6fd2620 - - default default] Successfully bumped revision number for resource f4cdef20-9d67-4f15-b441-b592b54dc7ae (type: networks) to 1
2026-06-15 21:17:41.238 9 INFO neutron.api.wsgi [req-259d57e0-cfdd-4e34-8876-838928cd3cbd req-7f602b6b-9ac6-4d75-a845-2e3fb48df1ea 2db2ba250e43443b9382d47e8fdc30e7 006d385c654e47dc97e7ad6019f6d05f - - 32cb23adb77e47fabcce474615b61cec 32cb23adb77e47fabcce474615b61cec] 199.19.213.132 "GET /v2.0/ports?tenant_id=d6995ded01b94352b34f5b1dc9971a0f&device_id=0a596f03-47d9-46e8-96e7-19a680d22b00 HTTP/1.1" status: 200 len: 1638 time: 0.0481005
2026-06-15 21:17:41.418 9 WARNING neutron.scheduler.dhcp_agent_scheduler [None req-80d84dbf-98ee-47ed-8f8e-be5897c58f0f f06d012c474f4259b41963a87aea510b 2254448574c34f19a6a44e77a6fd2620 - - default default] No more DHCP agents
2026-06-15 21:17:41.420 9 WARNING neutron.api.rpc.agentnotifiers.dhcp_rpc_agent_api [None req-80d84dbf-98ee-47ed-8f8e-be5897c58f0f f06d012c474f4259b41963a87aea510b 2254448574c34f19a6a44e77a6fd2620 - - default default] Unable to schedule network f4cdef20-9d67-4f15-b441-b592b54dc7ae: no agents available; will retry on subsequent port and subnet creation events.
2026-06-15 21:17:41.489 9 INFO neutron.db.ovn_revision_numbers_db [None req-80d84dbf-98ee-47ed-8f8e-be5897c58f0f f06d012c474f4259b41963a87aea510b 2254448574c34f19a6a44e77a6fd2620 - - default default] Successfully bumped revision number for resource 34f46c6c-4e9c-4b9a-b408-410753271f44 (type: ports) to 1
2026-06-15 21:17:41.519 9 INFO neutron.api.wsgi [None req-80d84dbf-98ee-47ed-8f8e-be5897c58f0f f06d012c474f4259b41963a87aea510b 2254448574c34f19a6a44e77a6fd2620 - - default default] 10.0.0.47 "POST /v2.0/networks HTTP/1.1" status: 201 len: 830 time: 0.5711730
2026-06-15 21:17:41.530 9 WARNING neutron_lib.context [None req-009964b5-fe3a-4ceb-96e7-f3e7ed60245e f06d012c474f4259b41963a87aea510b 2254448574c34f19a6a44e77a6fd2620 - - default default] Method 'is_advsvc' is deprecated since 2023.2 release (neutron-lib 3.8.0) and will be removed once support for the old RBAC API policies will be removed from Neutron. Please use method 'is_service_role' instead. /var/lib/openstack/lib/python3.12/site-packages/pycadf/identifier.py:71: UserWarning: Invalid uuid: neutron. To ensure interoperability, identifiers should be a valid uuid. warnings.warn(('Invalid uuid: %s. To ensure interoperability, '
2026-06-15 21:17:41.789 9 INFO neutron.api.wsgi [req-7428e26a-e095-44fc-a7f0-c5e328764729 req-408c30db-8e00-47c7-9ca1-f1442c0577d6 2db2ba250e43443b9382d47e8fdc30e7 006d385c654e47dc97e7ad6019f6d05f - - 32cb23adb77e47fabcce474615b61cec 32cb23adb77e47fabcce474615b61cec] 199.19.213.132 "GET /v2.0/ports?tenant_id=c0e83b85323b40f4853ba0f176a59c3d&device_id=2fee2cae-5984-490d-ac63-7e6b361a868c HTTP/1.1" status: 200 len: 2724 time: 0.0504749
2026-06-15 21:17:41.797 9 WARNING neutron.scheduler.dhcp_agent_scheduler [None req-009964b5-fe3a-4ceb-96e7-f3e7ed60245e f06d012c474f4259b41963a87aea510b 2254448574c34f19a6a44e77a6fd2620 - - default default] No more DHCP agents /var/lib/openstack/lib/python3.12/site-packages/pycadf/identifier.py:71: UserWarning: Invalid uuid: neutron. To ensure interoperability, identifiers should be a valid uuid. warnings.warn(('Invalid uuid: %s. To ensure interoperability, '
2026-06-15 21:17:41.806 10 INFO neutron.api.wsgi [req-259d57e0-cfdd-4e34-8876-838928cd3cbd req-620bbf67-a69d-4008-b0ea-fb8faf81d66d 2db2ba250e43443b9382d47e8fdc30e7 006d385c654e47dc97e7ad6019f6d05f - - 32cb23adb77e47fabcce474615b61cec 32cb23adb77e47fabcce474615b61cec] 199.19.213.132 "GET /v2.0/networks?id=ef53670f-6085-47fe-af08-1e1ded295008 HTTP/1.1" status: 200 len: 1002 time: 0.0568087
2026-06-15 21:17:41.806 9 WARNING neutron.api.rpc.agentnotifiers.dhcp_rpc_agent_api [None req-009964b5-fe3a-4ceb-96e7-f3e7ed60245e f06d012c474f4259b41963a87aea510b 2254448574c34f19a6a44e77a6fd2620 - - default default] Unable to schedule network f4cdef20-9d67-4f15-b441-b592b54dc7ae: no agents available; will retry on subsequent port and subnet creation events.
2026-06-15 21:17:41.861 9 INFO neutron.api.wsgi [req-7428e26a-e095-44fc-a7f0-c5e328764729 req-994eb35c-821e-455b-b8ee-a122a9531532 2db2ba250e43443b9382d47e8fdc30e7 006d385c654e47dc97e7ad6019f6d05f - - 32cb23adb77e47fabcce474615b61cec 32cb23adb77e47fabcce474615b61cec] 199.19.213.132 "GET /v2.0/networks?id=f23f76d6-1564-4b01-b9be-b6d3b922b67d HTTP/1.1" status: 200 len: 1005 time: 0.0651004
2026-06-15 21:17:41.877 10 INFO neutron.api.wsgi [req-259d57e0-cfdd-4e34-8876-838928cd3cbd req-b3e1e422-5c18-4cc6-88ce-7ef96ca9ee17 2db2ba250e43443b9382d47e8fdc30e7 006d385c654e47dc97e7ad6019f6d05f - - 32cb23adb77e47fabcce474615b61cec 32cb23adb77e47fabcce474615b61cec] 199.19.213.132 "GET /v2.0/floatingips?fixed_ip_address=10.2.2.36&port_id=ad128ec6-dfdf-4ee6-b4f1-9a266313b44d HTTP/1.1" status: 200 len: 1058 time: 0.0652385
2026-06-15 21:17:41.900 9 INFO neutron.api.wsgi [req-7428e26a-e095-44fc-a7f0-c5e328764729 req-f444e616-99ab-4104-9074-69f502a86ff1 2db2ba250e43443b9382d47e8fdc30e7 006d385c654e47dc97e7ad6019f6d05f - - 32cb23adb77e47fabcce474615b61cec 32cb23adb77e47fabcce474615b61cec] 199.19.213.132 "GET /v2.0/floatingips?fixed_ip_address=10.1.1.18&port_id=7b76c631-b69d-4947-9995-02aed9eb6dc3 HTTP/1.1" status: 200 len: 217 time: 0.0270700
2026-06-15 21:17:41.908 10 INFO neutron.api.wsgi [req-259d57e0-cfdd-4e34-8876-838928cd3cbd req-0f547cbf-a52a-4e38-b42d-f4ab37da51f1 2db2ba250e43443b9382d47e8fdc30e7 006d385c654e47dc97e7ad6019f6d05f - - 32cb23adb77e47fabcce474615b61cec 32cb23adb77e47fabcce474615b61cec] 199.19.213.132 "GET /v2.0/floatingips?fixed_ip_address=fd77%3A1457%3A4cf0%3A26a8%3A%3A14b&port_id=ad128ec6-dfdf-4ee6-b4f1-9a266313b44d HTTP/1.1" status: 200 len: 217 time: 0.0206053
2026-06-15 21:17:41.921 9 INFO neutron.db.ovn_revision_numbers_db [None req-009964b5-fe3a-4ceb-96e7-f3e7ed60245e f06d012c474f4259b41963a87aea510b 2254448574c34f19a6a44e77a6fd2620 - - default default] Successfully bumped revision number for resource ab929582-dc09-4980-8e6b-89dbb813c815 (type: ports) to 1
2026-06-15 21:17:41.939 9 INFO neutron.api.wsgi [req-7428e26a-e095-44fc-a7f0-c5e328764729 req-a7f4f175-6e4e-4432-a8f1-c0079ebd8414 2db2ba250e43443b9382d47e8fdc30e7 006d385c654e47dc97e7ad6019f6d05f - - 32cb23adb77e47fabcce474615b61cec 32cb23adb77e47fabcce474615b61cec] 199.19.213.132 "GET /v2.0/subnets?id=27a139a2-8003-4b03-8071-fb19ab8b498b HTTP/1.1" status: 200 len: 878 time: 0.0333233
2026-06-15 21:17:41.947 10 INFO neutron.api.wsgi [req-259d57e0-cfdd-4e34-8876-838928cd3cbd req-93f6bce9-8655-4242-a8ca-2e6c1dd6d39a 2db2ba250e43443b9382d47e8fdc30e7 006d385c654e47dc97e7ad6019f6d05f - - 32cb23adb77e47fabcce474615b61cec 32cb23adb77e47fabcce474615b61cec] 199.19.213.132 "GET /v2.0/subnets?id=964dfd53-fc52-4fd1-918f-49b06836cf1e&id=a283640a-7c05-47fc-9a28-8e089016ae0e HTTP/1.1" status: 200 len: 1614 time: 0.0355604
2026-06-15 21:17:41.955 9 INFO neutron.api.wsgi [None req-009964b5-fe3a-4ceb-96e7-f3e7ed60245e f06d012c474f4259b41963a87aea510b 2254448574c34f19a6a44e77a6fd2620 - - default default] 10.0.0.47 "POST /v2.0/ports HTTP/1.1" status: 201 len: 942 time: 0.4320905
2026-06-15 21:17:41.967 9 WARNING neutron_lib.context [None req-1e09b75b-d86e-4464-87ad-fea5fa0df4dd f06d012c474f4259b41963a87aea510b 2254448574c34f19a6a44e77a6fd2620 - - default default] Method 'is_advsvc' is deprecated since 2023.2 release (neutron-lib 3.8.0) and will be removed once support for the old RBAC API policies will be removed from Neutron. Please use method 'is_service_role' instead.
2026-06-15 21:17:41.971 9 INFO neutron.api.wsgi [req-7428e26a-e095-44fc-a7f0-c5e328764729 req-72b3bd89-f0be-49f7-aa4e-a0b586509288 2db2ba250e43443b9382d47e8fdc30e7 006d385c654e47dc97e7ad6019f6d05f - - 32cb23adb77e47fabcce474615b61cec 32cb23adb77e47fabcce474615b61cec] 199.19.213.132 "GET /v2.0/ports?network_id=f23f76d6-1564-4b01-b9be-b6d3b922b67d&device_owner=network%3Adhcp HTTP/1.1" status: 200 len: 210 time: 0.0264103
2026-06-15 21:17:42.039 9 INFO neutron.api.wsgi [req-7428e26a-e095-44fc-a7f0-c5e328764729 req-a3963e83-0f8e-47b5-b20e-caa6986e280c 2db2ba250e43443b9382d47e8fdc30e7 006d385c654e47dc97e7ad6019f6d05f - - 32cb23adb77e47fabcce474615b61cec 32cb23adb77e47fabcce474615b61cec] 199.19.213.132 "GET /v2.0/networks/f23f76d6-1564-4b01-b9be-b6d3b922b67d?fields=segments HTTP/1.1" status: 200 len: 212 time: 0.0611444
2026-06-15 21:17:42.101 9 INFO neutron.api.wsgi [req-7428e26a-e095-44fc-a7f0-c5e328764729 req-ccce30db-1232-4d6b-859c-27d24f4b228d 2db2ba250e43443b9382d47e8fdc30e7 006d385c654e47dc97e7ad6019f6d05f - - 32cb23adb77e47fabcce474615b61cec 32cb23adb77e47fabcce474615b61cec] 199.19.213.132 "GET /v2.0/networks/f23f76d6-1564-4b01-b9be-b6d3b922b67d?fields=provider%3Aphysical_network&fields=provider%3Anetwork_type HTTP/1.1" status: 200 len: 277 time: 0.0564165
2026-06-15 21:17:42.175 9 INFO neutron.api.wsgi [None req-1e09b75b-d86e-4464-87ad-fea5fa0df4dd f06d012c474f4259b41963a87aea510b 2254448574c34f19a6a44e77a6fd2620 - - default default] 10.0.0.47 "POST /v2.0/trunks HTTP/1.1" status: 201 len: 608 time: 0.2122273
2026-06-15 21:17:42.185 9 WARNING neutron_lib.context [None req-7c4a6f76-7e57-49e5-9782-3a215a517661 f06d012c474f4259b41963a87aea510b 2254448574c34f19a6a44e77a6fd2620 - - default default] Method 'is_advsvc' is deprecated since 2023.2 release (neutron-lib 3.8.0) and will be removed once support for the old RBAC API policies will be removed from Neutron. Please use method 'is_service_role' instead.
2026-06-15 21:17:42.274 9 INFO neutron.db.segments_db [None req-7c4a6f76-7e57-49e5-9782-3a215a517661 f06d012c474f4259b41963a87aea510b 2254448574c34f19a6a44e77a6fd2620 - - default default] Added segment f4b05f60-8a18-4860-b9bd-d58091e7b91b of type geneve for network 9b7aefd7-73c6-4a80-a1fb-4f44fa51ebde
2026-06-15 21:17:42.281 10 INFO neutron.api.wsgi [req-259d57e0-cfdd-4e34-8876-838928cd3cbd req-f33bbf97-d815-42d5-a05b-52e065c017a6 2db2ba250e43443b9382d47e8fdc30e7 006d385c654e47dc97e7ad6019f6d05f - - 32cb23adb77e47fabcce474615b61cec 32cb23adb77e47fabcce474615b61cec] 199.19.213.132 "GET /v2.0/ports?network_id=ef53670f-6085-47fe-af08-1e1ded295008&device_owner=network%3Adhcp HTTP/1.1" status: 200 len: 210 time: 0.3294704
2026-06-15 21:17:42.301 10 INFO neutron.api.wsgi [req-259d57e0-cfdd-4e34-8876-838928cd3cbd req-938b005a-4f98-4ec0-ae2d-649b50611579 2db2ba250e43443b9382d47e8fdc30e7 006d385c654e47dc97e7ad6019f6d05f - - 32cb23adb77e47fabcce474615b61cec 32cb23adb77e47fabcce474615b61cec] 199.19.213.132 "GET /v2.0/ports?network_id=ef53670f-6085-47fe-af08-1e1ded295008&device_owner=network%3Adhcp HTTP/1.1" status: 200 len: 210 time: 0.0155995
2026-06-15 21:17:42.351 10 INFO neutron.api.wsgi [req-259d57e0-cfdd-4e34-8876-838928cd3cbd req-feb31c3c-a0c7-40e7-a1b7-565146dcfbed 2db2ba250e43443b9382d47e8fdc30e7 006d385c654e47dc97e7ad6019f6d05f - - 32cb23adb77e47fabcce474615b61cec 32cb23adb77e47fabcce474615b61cec] 199.19.213.132 "GET /v2.0/networks/ef53670f-6085-47fe-af08-1e1ded295008?fields=segments HTTP/1.1" status: 200 len: 212 time: 0.0447037
2026-06-15 21:17:42.403 9 INFO neutron.db.ovn_revision_numbers_db [None req-7c4a6f76-7e57-49e5-9782-3a215a517661 f06d012c474f4259b41963a87aea510b 2254448574c34f19a6a44e77a6fd2620 - - default default] Successfully bumped revision number for resource 9b7aefd7-73c6-4a80-a1fb-4f44fa51ebde (type: networks) to 1
2026-06-15 21:17:42.416 10 INFO neutron.api.wsgi [req-259d57e0-cfdd-4e34-8876-838928cd3cbd req-4937ea4f-b22d-45cc-8ee0-f70039885a4e 2db2ba250e43443b9382d47e8fdc30e7 006d385c654e47dc97e7ad6019f6d05f - - 32cb23adb77e47fabcce474615b61cec 32cb23adb77e47fabcce474615b61cec] 199.19.213.132 "GET /v2.0/networks/ef53670f-6085-47fe-af08-1e1ded295008?fields=provider%3Aphysical_network&fields=provider%3Anetwork_type HTTP/1.1" status: 200 len: 277 time: 0.0586138
2026-06-15 21:17:42.578 9 WARNING neutron.scheduler.dhcp_agent_scheduler [None req-7c4a6f76-7e57-49e5-9782-3a215a517661 f06d012c474f4259b41963a87aea510b 2254448574c34f19a6a44e77a6fd2620 - - default default] No more DHCP agents
2026-06-15 21:17:42.580 9 WARNING neutron.api.rpc.agentnotifiers.dhcp_rpc_agent_api [None req-7c4a6f76-7e57-49e5-9782-3a215a517661 f06d012c474f4259b41963a87aea510b 2254448574c34f19a6a44e77a6fd2620 - - default default] Unable to schedule network 9b7aefd7-73c6-4a80-a1fb-4f44fa51ebde: no agents available; will retry on subsequent port and subnet creation events.
2026-06-15 21:17:42.647 9 INFO neutron.db.ovn_revision_numbers_db [None req-7c4a6f76-7e57-49e5-9782-3a215a517661 f06d012c474f4259b41963a87aea510b 2254448574c34f19a6a44e77a6fd2620 - - default default] Successfully bumped revision number for resource b95ad9dd-314f-4c64-adce-b617648b66c4 (type: ports) to 1
2026-06-15 21:17:42.668 9 INFO neutron.api.wsgi [None req-7c4a6f76-7e57-49e5-9782-3a215a517661 f06d012c474f4259b41963a87aea510b 2254448574c34f19a6a44e77a6fd2620 - - default default] 10.0.0.47 "POST /v2.0/networks HTTP/1.1" status: 201 len: 831 time: 0.4864845
2026-06-15 21:17:42.678 9 WARNING neutron_lib.context [None req-a2893920-4f60-448f-8e81-a6e5cf85e4c0 f06d012c474f4259b41963a87aea510b 2254448574c34f19a6a44e77a6fd2620 - - default default] Method 'is_advsvc' is deprecated since 2023.2 release (neutron-lib 3.8.0) and will be removed once support for the old RBAC API policies will be removed from Neutron. Please use method 'is_service_role' instead.
2026-06-15 21:17:42.978 9 WARNING neutron.scheduler.dhcp_agent_scheduler [None req-a2893920-4f60-448f-8e81-a6e5cf85e4c0 f06d012c474f4259b41963a87aea510b 2254448574c34f19a6a44e77a6fd2620 - - default default] No more DHCP agents
2026-06-15 21:17:42.979 9 WARNING neutron.api.rpc.agentnotifiers.dhcp_rpc_agent_api [None req-a2893920-4f60-448f-8e81-a6e5cf85e4c0 f06d012c474f4259b41963a87aea510b 2254448574c34f19a6a44e77a6fd2620 - - default default] Unable to schedule network 9b7aefd7-73c6-4a80-a1fb-4f44fa51ebde: no agents available; will retry on subsequent port and subnet creation events.
2026-06-15 21:17:43.426 9 INFO neutron.db.ovn_revision_numbers_db [None req-a2893920-4f60-448f-8e81-a6e5cf85e4c0 f06d012c474f4259b41963a87aea510b 2254448574c34f19a6a44e77a6fd2620 - - default default] Successfully bumped revision number for resource faa70d25-34d7-4308-a78f-9e00e15ec664 (type: ports) to 1
2026-06-15 21:17:43.449 9 INFO neutron.api.wsgi [None req-a2893920-4f60-448f-8e81-a6e5cf85e4c0 f06d012c474f4259b41963a87aea510b 2254448574c34f19a6a44e77a6fd2620 - - default default] 10.0.0.47 "POST /v2.0/ports HTTP/1.1" status: 201 len: 942 time: 0.7751043 /var/lib/openstack/lib/python3.12/site-packages/pycadf/identifier.py:71: UserWarning: Invalid uuid: neutron. To ensure interoperability, identifiers should be a valid uuid. warnings.warn(('Invalid uuid: %s. To ensure interoperability, '
2026-06-15 21:17:43.459 9 WARNING neutron_lib.context [None req-a9f0b6d6-1890-4a97-90e2-7d10bcdea4ac f06d012c474f4259b41963a87aea510b 2254448574c34f19a6a44e77a6fd2620 - - default default] Method 'is_advsvc' is deprecated since 2023.2 release (neutron-lib 3.8.0) and will be removed once support for the old RBAC API policies will be removed from Neutron. Please use method 'is_service_role' instead.
2026-06-15 21:17:43.640 9 INFO neutron.api.wsgi [None req-a9f0b6d6-1890-4a97-90e2-7d10bcdea4ac f06d012c474f4259b41963a87aea510b 2254448574c34f19a6a44e77a6fd2620 - - default default] 10.0.0.47 "POST /v2.0/trunks HTTP/1.1" status: 201 len: 608 time: 0.1859510
2026-06-15 21:17:43.653 9 WARNING neutron_lib.context [None req-19306859-ee22-4620-acd0-47e823bb6fcc f06d012c474f4259b41963a87aea510b 2254448574c34f19a6a44e77a6fd2620 - - default default] Method 'is_advsvc' is deprecated since 2023.2 release (neutron-lib 3.8.0) and will be removed once support for the old RBAC API policies will be removed from Neutron. Please use method 'is_service_role' instead.
2026-06-15 21:17:43.772 9 INFO neutron.db.segments_db [None req-19306859-ee22-4620-acd0-47e823bb6fcc f06d012c474f4259b41963a87aea510b 2254448574c34f19a6a44e77a6fd2620 - - default default] Added segment 81683f2e-d033-47d5-9efc-90c16febe465 of type geneve for network 007bccea-714c-42ac-9a65-c9a0a4a5a659
2026-06-15 21:17:43.936 9 INFO neutron.db.ovn_revision_numbers_db [None req-19306859-ee22-4620-acd0-47e823bb6fcc f06d012c474f4259b41963a87aea510b 2254448574c34f19a6a44e77a6fd2620 - - default default] Successfully bumped revision number for resource 007bccea-714c-42ac-9a65-c9a0a4a5a659 (type: networks) to 1
2026-06-15 21:17:44.119 9 WARNING neutron.scheduler.dhcp_agent_scheduler [None req-19306859-ee22-4620-acd0-47e823bb6fcc f06d012c474f4259b41963a87aea510b 2254448574c34f19a6a44e77a6fd2620 - - default default] No more DHCP agents
2026-06-15 21:17:44.121 9 WARNING neutron.api.rpc.agentnotifiers.dhcp_rpc_agent_api [None req-19306859-ee22-4620-acd0-47e823bb6fcc f06d012c474f4259b41963a87aea510b 2254448574c34f19a6a44e77a6fd2620 - - default default] Unable to schedule network 007bccea-714c-42ac-9a65-c9a0a4a5a659: no agents available; will retry on subsequent port and subnet creation events.
2026-06-15 21:17:44.197 9 INFO neutron.db.ovn_revision_numbers_db [None req-19306859-ee22-4620-acd0-47e823bb6fcc f06d012c474f4259b41963a87aea510b 2254448574c34f19a6a44e77a6fd2620 - - default default] Successfully bumped revision number for resource 70d05194-cb4c-4d56-9866-387d742fc8de (type: ports) to 1
2026-06-15 21:17:44.228 9 INFO neutron.api.wsgi [None req-19306859-ee22-4620-acd0-47e823bb6fcc f06d012c474f4259b41963a87aea510b 2254448574c34f19a6a44e77a6fd2620 - - default default] 10.0.0.47 "POST /v2.0/networks HTTP/1.1" status: 201 len: 830 time: 0.5822060
2026-06-15 21:17:44.238 9 WARNING neutron_lib.context [None req-5bf919f2-3938-4c60-9c7b-cef6ddd7aaca f06d012c474f4259b41963a87aea510b 2254448574c34f19a6a44e77a6fd2620 - - default default] Method 'is_advsvc' is deprecated since 2023.2 release (neutron-lib 3.8.0) and will be removed once support for the old RBAC API policies will be removed from Neutron. Please use method 'is_service_role' instead.
2026-06-15 21:17:44.482 9 WARNING neutron.scheduler.dhcp_agent_scheduler [None req-5bf919f2-3938-4c60-9c7b-cef6ddd7aaca f06d012c474f4259b41963a87aea510b 2254448574c34f19a6a44e77a6fd2620 - - default default] No more DHCP agents
2026-06-15 21:17:44.484 9 WARNING neutron.api.rpc.agentnotifiers.dhcp_rpc_agent_api [None req-5bf919f2-3938-4c60-9c7b-cef6ddd7aaca f06d012c474f4259b41963a87aea510b 2254448574c34f19a6a44e77a6fd2620 - - default default] Unable to schedule network 007bccea-714c-42ac-9a65-c9a0a4a5a659: no agents available; will retry on subsequent port and subnet creation events.
2026-06-15 21:17:44.550 9 INFO neutron.db.ovn_revision_numbers_db [None req-5bf919f2-3938-4c60-9c7b-cef6ddd7aaca f06d012c474f4259b41963a87aea510b 2254448574c34f19a6a44e77a6fd2620 - - default default] Successfully bumped revision number for resource 33712b8c-4f89-4881-9d56-08a5828d21b0 (type: ports) to 1
2026-06-15 21:17:44.573 9 INFO neutron.api.wsgi [None req-5bf919f2-3938-4c60-9c7b-cef6ddd7aaca f06d012c474f4259b41963a87aea510b 2254448574c34f19a6a44e77a6fd2620 - - default default] 10.0.0.47 "POST /v2.0/ports HTTP/1.1" status: 201 len: 942 time: 0.3394518 /var/lib/openstack/lib/python3.12/site-packages/pycadf/identifier.py:71: UserWarning: Invalid uuid: neutron. To ensure interoperability, identifiers should be a valid uuid. warnings.warn(('Invalid uuid: %s. To ensure interoperability, '
2026-06-15 21:17:44.585 9 WARNING neutron_lib.context [None req-7b06504d-cbf0-4243-aea4-d6bf2aa7d2f2 f06d012c474f4259b41963a87aea510b 2254448574c34f19a6a44e77a6fd2620 - - default default] Method 'is_advsvc' is deprecated since 2023.2 release (neutron-lib 3.8.0) and will be removed once support for the old RBAC API policies will be removed from Neutron. Please use method 'is_service_role' instead.
2026-06-15 21:17:44.773 9 INFO neutron.api.wsgi [None req-7b06504d-cbf0-4243-aea4-d6bf2aa7d2f2 f06d012c474f4259b41963a87aea510b 2254448574c34f19a6a44e77a6fd2620 - - default default] 10.0.0.47 "POST /v2.0/trunks HTTP/1.1" status: 201 len: 608 time: 0.1929576
2026-06-15 21:17:44.813 9 INFO neutron.api.wsgi [None req-9a8d5569-fca0-4473-b756-c215ab44c04a f06d012c474f4259b41963a87aea510b 2254448574c34f19a6a44e77a6fd2620 - - default default] 10.0.0.47 "PUT /v2.0/trunks/98422a7a-b3f9-450f-a124-9e0b46dbef79/tags HTTP/1.1" status: 200 len: 210 time: 0.0350463
2026-06-15 21:17:44.853 10 INFO neutron.api.wsgi [None req-33e9443a-6270-4a6c-9a45-3a57c63fe640 f06d012c474f4259b41963a87aea510b 2254448574c34f19a6a44e77a6fd2620 - - default default] 10.0.0.47 "PUT /v2.0/trunks/fe58c440-70c9-4036-9ed8-4c648affdfe5/tags HTTP/1.1" status: 200 len: 218 time: 0.0328748
2026-06-15 21:17:44.902 10 INFO neutron.api.wsgi [None req-9ad31534-30ab-4876-a889-911e38e05d1d f06d012c474f4259b41963a87aea510b 2254448574c34f19a6a44e77a6fd2620 - - default default] 10.0.0.47 "PUT /v2.0/trunks/b9762172-4b8a-4bcf-86b1-16730a1739e3/tags HTTP/1.1" status: 200 len: 227 time: 0.0404294
2026-06-15 21:17:44.940 10 INFO neutron.api.wsgi [None req-7040e280-e0c1-4ff3-a7b2-91f0d1b9c5f9 f06d012c474f4259b41963a87aea510b 2254448574c34f19a6a44e77a6fd2620 - - default default] 10.0.0.47 "PUT /v2.0/trunks/37d618fc-76e4-492f-990b-5a661798cc6f/tags HTTP/1.1" status: 200 len: 212 time: 0.0329030
2026-06-15 21:17:44.965 10 INFO neutron.api.wsgi [None req-0c76908a-1eac-49c4-a627-ae3831674a1c f06d012c474f4259b41963a87aea510b 2254448574c34f19a6a44e77a6fd2620 - - default default] 10.0.0.47 "GET /v2.0/trunks?tags=red HTTP/1.1" status: 200 len: 1447 time: 0.0192170
2026-06-15 21:17:44.997 10 INFO neutron.api.wsgi [None req-722ec72f-f692-4ee8-9745-210ca85db886 f06d012c474f4259b41963a87aea510b 2254448574c34f19a6a44e77a6fd2620 - - default default] 10.0.0.47 "GET /v2.0/trunks?tags=red%2Cblue HTTP/1.1" status: 200 len: 1041 time: 0.0276623
2026-06-15 21:17:45.022 9 INFO neutron.api.wsgi [None req-f66be03e-9cc8-4081-834c-7d70e6c6713b f06d012c474f4259b41963a87aea510b 2254448574c34f19a6a44e77a6fd2620 - - default default] 10.0.0.47 "GET /v2.0/trunks?tags-any=blue HTTP/1.1" status: 200 len: 1041 time: 0.0190840
2026-06-15 21:17:45.046 9 INFO neutron.api.wsgi [None req-a5a19389-1bb0-4b2d-b07c-bdd8a408871e f06d012c474f4259b41963a87aea510b 2254448574c34f19a6a44e77a6fd2620 - - default default] 10.0.0.47 "GET /v2.0/trunks?tags-any=red%2Cblue HTTP/1.1" status: 200 len: 1447 time: 0.0195310
2026-06-15 21:17:45.069 9 INFO neutron.api.wsgi [None req-ffdba0a7-5a79-4d5f-8a2c-4250d267b03b f06d012c474f4259b41963a87aea510b 2254448574c34f19a6a44e77a6fd2620 - - default default] 10.0.0.47 "GET /v2.0/trunks?not-tags=red HTTP/1.1" status: 200 len: 1013 time: 0.0173545
2026-06-15 21:17:45.091 9 INFO neutron.api.wsgi [None req-266bcc40-50da-467a-b8e5-5888b4bf6932 f06d012c474f4259b41963a87aea510b 2254448574c34f19a6a44e77a6fd2620 - - default default] 10.0.0.47 "GET /v2.0/trunks?not-tags=red%2Cblue HTTP/1.1" status: 200 len: 1419 time: 0.0178907
2026-06-15 21:17:45.122 9 INFO neutron.api.wsgi [None req-17b2c157-215a-4478-9147-a94977b91419 f06d012c474f4259b41963a87aea510b 2254448574c34f19a6a44e77a6fd2620 - - default default] 10.0.0.47 "GET /v2.0/trunks?not-tags-any=blue HTTP/1.1" status: 200 len: 1419 time: 0.0257623
2026-06-15 21:17:45.147 9 INFO neutron.api.wsgi [None req-7bfaa670-ebf9-484e-9470-3f98d382318f f06d012c474f4259b41963a87aea510b 2254448574c34f19a6a44e77a6fd2620 - - default default] 10.0.0.47 "GET /v2.0/trunks?not-tags-any=red%2Cblue HTTP/1.1" status: 200 len: 1013 time: 0.0191371
2026-06-15 21:17:45.171 9 INFO neutron.api.wsgi [None req-9db78ce3-a27d-492b-a763-c5ee66c93124 f06d012c474f4259b41963a87aea510b 2254448574c34f19a6a44e77a6fd2620 - - default default] 10.0.0.47 "GET /v2.0/trunks/98422a7a-b3f9-450f-a124-9e0b46dbef79 HTTP/1.1" status: 200 len: 608 time: 0.0169556
2026-06-15 21:17:45.295 9 INFO neutron.api.wsgi [None req-a9a85b5f-655d-4cf9-b5f5-779e1df72200 f06d012c474f4259b41963a87aea510b 2254448574c34f19a6a44e77a6fd2620 - - default default] 10.0.0.47 "GET /v2.0/ports/960911c3-5ab3-46a0-9596-064936c218cb HTTP/1.1" status: 200 len: 1020 time: 0.1168258
2026-06-15 21:17:45.400 10 INFO neutron.api.wsgi [None req-2a0b63d8-7e3c-4e7f-b6da-89eafe88749f f06d012c474f4259b41963a87aea510b 2254448574c34f19a6a44e77a6fd2620 - - default default] 10.0.0.47 "DELETE /v2.0/trunks/98422a7a-b3f9-450f-a124-9e0b46dbef79 HTTP/1.1" status: 204 len: 168 time: 0.1000569
2026-06-15 21:17:45.427 9 INFO neutron.api.wsgi [None req-e1f5fa55-4a20-435c-b370-c4fac9802acf f06d012c474f4259b41963a87aea510b 2254448574c34f19a6a44e77a6fd2620 - - default default] 10.0.0.47 "GET /v2.0/trunks/fe58c440-70c9-4036-9ed8-4c648affdfe5 HTTP/1.1" status: 200 len: 616 time: 0.0190420
2026-06-15 21:17:45.521 9 INFO neutron.api.wsgi [None req-05003fcc-de72-44cd-af39-67788646d936 f06d012c474f4259b41963a87aea510b 2254448574c34f19a6a44e77a6fd2620 - - default default] 10.0.0.47 "GET /v2.0/ports/e01876a7-4838-454d-96d6-90ea05b17df6 HTTP/1.1" status: 200 len: 1020 time: 0.0887239
2026-06-15 21:17:45.604 9 INFO neutron.api.wsgi [None req-dcf374a1-e487-41bf-8769-50816741d2c7 f06d012c474f4259b41963a87aea510b 2254448574c34f19a6a44e77a6fd2620 - - default default] 10.0.0.47 "DELETE /v2.0/trunks/fe58c440-70c9-4036-9ed8-4c648affdfe5 HTTP/1.1" status: 204 len: 168 time: 0.0784955
2026-06-15 21:17:45.627 9 INFO neutron.api.wsgi [None req-27451413-70a7-41c1-bca0-b31c56adb682 f06d012c474f4259b41963a87aea510b 2254448574c34f19a6a44e77a6fd2620 - - default default] 10.0.0.47 "GET /v2.0/trunks/b9762172-4b8a-4bcf-86b1-16730a1739e3 HTTP/1.1" status: 200 len: 625 time: 0.0162292
2026-06-15 21:17:45.708 10 INFO neutron.api.wsgi [None req-f2ed4baf-dba8-435d-8793-44856717ceef f06d012c474f4259b41963a87aea510b 2254448574c34f19a6a44e77a6fd2620 - - default default] 10.0.0.47 "GET /v2.0/ports/ab929582-dc09-4980-8e6b-89dbb813c815 HTTP/1.1" status: 200 len: 1020 time: 0.0741935
2026-06-15 21:17:45.803 10 INFO neutron.api.wsgi [None req-4da04d33-0b59-4e63-9c78-77b072d42e51 f06d012c474f4259b41963a87aea510b 2254448574c34f19a6a44e77a6fd2620 - - default default] 10.0.0.47 "DELETE /v2.0/trunks/b9762172-4b8a-4bcf-86b1-16730a1739e3 HTTP/1.1" status: 204 len: 168 time: 0.0896673
2026-06-15 21:17:45.832 10 INFO neutron.api.wsgi [None req-8af0ea0b-3008-4d5a-8358-82ce4d986127 f06d012c474f4259b41963a87aea510b 2254448574c34f19a6a44e77a6fd2620 - - default default] 10.0.0.47 "GET /v2.0/trunks/37d618fc-76e4-492f-990b-5a661798cc6f HTTP/1.1" status: 200 len: 610 time: 0.0198138
2026-06-15 21:17:45.926 10 INFO neutron.api.wsgi [None req-33f9de08-ca5f-40fa-8cca-716ae212632a f06d012c474f4259b41963a87aea510b 2254448574c34f19a6a44e77a6fd2620 - - default default] 10.0.0.47 "GET /v2.0/ports/faa70d25-34d7-4308-a78f-9e00e15ec664 HTTP/1.1" status: 200 len: 1020 time: 0.0885136
2026-06-15 21:17:46.014 10 INFO neutron.api.wsgi [None req-733a70db-2688-4a17-bd95-a22a2338ce64 f06d012c474f4259b41963a87aea510b 2254448574c34f19a6a44e77a6fd2620 - - default default] 10.0.0.47 "DELETE /v2.0/trunks/37d618fc-76e4-492f-990b-5a661798cc6f HTTP/1.1" status: 204 len: 168 time: 0.0818043
2026-06-15 21:17:46.035 10 INFO neutron.api.wsgi [None req-31387265-b6bf-4814-9ccc-7644197844fa f06d012c474f4259b41963a87aea510b 2254448574c34f19a6a44e77a6fd2620 - - default default] 10.0.0.47 "GET /v2.0/trunks/96e8d786-93e7-4754-9ba8-3e6c7f915ff2 HTTP/1.1" status: 200 len: 603 time: 0.0146792
2026-06-15 21:17:46.111 9 INFO neutron.api.wsgi [None req-f5414707-8402-4ce7-9eea-9cf7d7cd1e2a f06d012c474f4259b41963a87aea510b 2254448574c34f19a6a44e77a6fd2620 - - default default] 10.0.0.47 "GET /v2.0/ports/33712b8c-4f89-4881-9d56-08a5828d21b0 HTTP/1.1" status: 200 len: 1020 time: 0.0713627
2026-06-15 21:17:46.192 9 INFO neutron.api.wsgi [None req-73f7364e-0d41-4c01-b29a-7532c03d392d f06d012c474f4259b41963a87aea510b 2254448574c34f19a6a44e77a6fd2620 - - default default] 10.0.0.47 "DELETE /v2.0/trunks/96e8d786-93e7-4754-9ba8-3e6c7f915ff2 HTTP/1.1" status: 204 len: 168 time: 0.0737822
2026-06-15 21:17:46.436 9 INFO neutron.api.wsgi [None req-9685b761-ccdc-495f-9e3d-8d986f56dbe4 f06d012c474f4259b41963a87aea510b 2254448574c34f19a6a44e77a6fd2620 - - default default] 10.0.0.47 "DELETE /v2.0/ports/960911c3-5ab3-46a0-9596-064936c218cb HTTP/1.1" status: 204 len: 168 time: 0.2376709
2026-06-15 21:17:46.703 9 INFO neutron.api.wsgi [None req-58db7336-f4c9-4574-ad8a-f04fc483b68b f06d012c474f4259b41963a87aea510b 2254448574c34f19a6a44e77a6fd2620 - - default default] 10.0.0.47 "DELETE /v2.0/ports/e01876a7-4838-454d-96d6-90ea05b17df6 HTTP/1.1" status: 204 len: 168 time: 0.2612047
2026-06-15 21:17:47.025 9 INFO neutron.api.wsgi [None req-f67f0bb4-2e75-41fa-a997-c8625b0c795b f06d012c474f4259b41963a87aea510b 2254448574c34f19a6a44e77a6fd2620 - - default default] 10.0.0.47 "DELETE /v2.0/ports/ab929582-dc09-4980-8e6b-89dbb813c815 HTTP/1.1" status: 204 len: 168 time: 0.3159595
2026-06-15 21:17:47.282 9 INFO neutron.api.wsgi [None req-c53732e4-e84f-4dbb-bb38-b96f7fbc7b79 f06d012c474f4259b41963a87aea510b 2254448574c34f19a6a44e77a6fd2620 - - default default] 10.0.0.47 "DELETE /v2.0/ports/faa70d25-34d7-4308-a78f-9e00e15ec664 HTTP/1.1" status: 204 len: 168 time: 0.2511044
2026-06-15 21:17:47.488 9 INFO neutron.api.wsgi [None req-ae8007c1-1a02-4400-b31e-14c1d7778e31 f06d012c474f4259b41963a87aea510b 2254448574c34f19a6a44e77a6fd2620 - - default default] 10.0.0.47 "DELETE /v2.0/ports/33712b8c-4f89-4881-9d56-08a5828d21b0 HTTP/1.1" status: 204 len: 168 time: 0.2013125
2026-06-15 21:17:47.819 10 INFO neutron.services.segments.plugin [-] Segment 406594b5-fadb-4682-911c-4d03b2827674 resource provider aggregate not found
2026-06-15 21:17:47.825 10 INFO neutron.services.segments.plugin [-] Segment 406594b5-fadb-4682-911c-4d03b2827674 resource provider aggregate not found
2026-06-15 21:17:47.837 10 INFO neutron.services.segments.plugin [-] Segment 406594b5-fadb-4682-911c-4d03b2827674 resource provider not found; error: Placement Client Error (4xx): {"errors": [{"status": 404, "title": "Not Found", "detail": "The resource could not be found.\n\n No resource provider with uuid 406594b5-fadb-4682-911c-4d03b2827674 found for delete ", "request_id": "req-c2a3ce30-b376-441c-b694-9459d007eab8"}]}
2026-06-15 21:17:47.844 10 INFO neutron.services.segments.plugin [-] Segment 406594b5-fadb-4682-911c-4d03b2827674 resource provider not found; error: Placement Client Error (4xx): {"errors": [{"status": 404, "title": "Not Found", "detail": "The resource could not be found.\n\n No resource provider with uuid 406594b5-fadb-4682-911c-4d03b2827674 found for delete ", "request_id": "req-ebe9c634-54e2-4b0a-9c55-239110cd8a1b"}]}
2026-06-15 21:17:47.859 10 INFO neutron.api.wsgi [None req-8f2266fd-4ce0-491a-96ae-88b81e6bc082 f06d012c474f4259b41963a87aea510b 2254448574c34f19a6a44e77a6fd2620 - - default default] 10.0.0.47 "DELETE /v2.0/networks/b65cd761-cdec-473b-9009-b69b7148fc52 HTTP/1.1" status: 204 len: 168 time: 0.3636382
2026-06-15 21:17:48.416 10 INFO neutron.api.wsgi [None req-a62551f4-3533-49d1-9e2d-f3e1963fceed f06d012c474f4259b41963a87aea510b 2254448574c34f19a6a44e77a6fd2620 - - default default] 10.0.0.47 "DELETE /v2.0/networks/c9670864-339f-4121-a5b6-1d7615449035 HTTP/1.1" status: 204 len: 168 time: 0.5501921
2026-06-15 21:17:48.804 10 INFO neutron.api.wsgi [None req-9538bc9d-e8be-4f08-b476-a4ae922bcd2b f06d012c474f4259b41963a87aea510b 2254448574c34f19a6a44e77a6fd2620 - - default default] 10.0.0.47 "DELETE /v2.0/networks/f4cdef20-9d67-4f15-b441-b592b54dc7ae HTTP/1.1" status: 204 len: 168 time: 0.3829334
