2026-06-15 21:11:52.746 9 WARNING neutron.scheduler.dhcp_agent_scheduler [None req-e68153a2-4036-4385-bdda-605427afcab7 a3ea93befd754a618602e16b9f998c5f c0e83b85323b40f4853ba0f176a59c3d - - default default] No more DHCP agents
2026-06-15 21:11:52.749 9 WARNING neutron.api.rpc.agentnotifiers.dhcp_rpc_agent_api [None req-e68153a2-4036-4385-bdda-605427afcab7 a3ea93befd754a618602e16b9f998c5f c0e83b85323b40f4853ba0f176a59c3d - - default default] Unable to schedule network 92a8fe0e-72c9-42c0-aee5-b4fec9f1563c: no agents available; will retry on subsequent port and subnet creation events.
2026-06-15 21:11:52.750 10 INFO neutron.api.wsgi [req-1781c35c-5b5f-4847-853d-457aa9baf02f req-06270dfa-30fe-431d-9d46-3553f02f43fd 2db2ba250e43443b9382d47e8fdc30e7 006d385c654e47dc97e7ad6019f6d05f - - 32cb23adb77e47fabcce474615b61cec 32cb23adb77e47fabcce474615b61cec] 199.19.213.132 "GET /v2.0/networks/65a4de86-670c-44f1-ac30-abeaa4629375?fields=provider%3Aphysical_network&fields=provider%3Anetwork_type HTTP/1.1" status: 200 len: 277 time: 0.0418465
2026-06-15 21:11:52.777 9 INFO neutron.api.wsgi [req-234821f2-4aa8-41f0-9293-6e745aa2fa89 req-46ad996c-fc49-49f2-bbea-9a1a51aec38c 9c8e5f17071b48c98efc43791441e9e7 e06cedf68fe447fda293bee4ee583ef1 - - default default] 10.0.0.201 "GET /v2.0/security-groups?id=02be701a-9eeb-47a2-8df1-5fd639f283aa&fields=id&fields=name HTTP/1.1" status: 200 len: 313 time: 0.0557005
2026-06-15 21:11:52.778 10 INFO neutron.plugins.ml2.drivers.ovn.mech_driver.mech_driver [None req-a76f100e-342b-4023-9d21-010652c03722 - - - - - -] OVN reports status up for port: 7d07cc5e-2ae3-4b10-9b8f-de12f2311795
2026-06-15 21:11:52.787 10 INFO neutron.plugins.ml2.plugin [None req-a76f100e-342b-4023-9d21-010652c03722 - - - - - -] Attempt 1 to provision port 7d07cc5e-2ae3-4b10-9b8f-de12f2311795
2026-06-15 21:11:53.155 10 INFO neutron.db.ovn_revision_numbers_db [None req-a76f100e-342b-4023-9d21-010652c03722 - - - - - -] Successfully bumped revision number for resource 7d07cc5e-2ae3-4b10-9b8f-de12f2311795 (type: ports) to 2
2026-06-15 21:11:53.454 9 INFO neutron.api.wsgi [req-6d826a03-89c9-4e3c-ae21-52d156b24733 req-5c11fac7-99d4-4ee7-b050-acc0b4adea9e cf1b99041799468aa1c6eb6704d9fe9f 1ddd7a4c5c124d248c0f604fec8f213f - - default default] 10.0.0.201 "GET /v2.0/ports?device_id=a06991b3-8109-4e02-99e0-b776abbd860f HTTP/1.1" status: 200 len: 1172 time: 0.0437362
2026-06-15 21:11:53.512 9 INFO neutron.api.wsgi [req-6d826a03-89c9-4e3c-ae21-52d156b24733 req-fa3ab7f7-784f-44c4-9fb8-124096585a3e cf1b99041799468aa1c6eb6704d9fe9f 1ddd7a4c5c124d248c0f604fec8f213f - - default default] 10.0.0.201 "GET /v2.0/security-groups?id=bca8a0e8-53bc-419d-a64e-d74d6802eb75&fields=id&fields=name HTTP/1.1" status: 200 len: 312 time: 0.0527933
2026-06-15 21:11:53.635 10 INFO neutron.api.wsgi [req-1b5d112c-ae19-4387-a310-a12e24e05707 req-daadeea2-a15c-4259-baab-79379649f893 2db2ba250e43443b9382d47e8fdc30e7 006d385c654e47dc97e7ad6019f6d05f - - 32cb23adb77e47fabcce474615b61cec 32cb23adb77e47fabcce474615b61cec] 199.19.213.132 "GET /v2.0/ports?tenant_id=1ddd7a4c5c124d248c0f604fec8f213f&device_id=a06991b3-8109-4e02-99e0-b776abbd860f HTTP/1.1" status: 200 len: 1411 time: 0.0309319
2026-06-15 21:11:53.661 10 INFO neutron.api.wsgi [req-1b5d112c-ae19-4387-a310-a12e24e05707 req-db1b9bc8-b286-4dae-8473-679b2f3dbada 2db2ba250e43443b9382d47e8fdc30e7 006d385c654e47dc97e7ad6019f6d05f - - 32cb23adb77e47fabcce474615b61cec 32cb23adb77e47fabcce474615b61cec] 199.19.213.132 "GET /v2.0/floatingips?fixed_ip_address=10.100.0.11&port_id=7b7c053a-a3a9-439c-9040-de1ccfac2474 HTTP/1.1" status: 200 len: 217 time: 0.0178125
2026-06-15 21:11:53.700 10 INFO neutron.api.wsgi [req-1b5d112c-ae19-4387-a310-a12e24e05707 req-8af9df1b-1b5f-469c-a524-d0fd97408481 2db2ba250e43443b9382d47e8fdc30e7 006d385c654e47dc97e7ad6019f6d05f - - 32cb23adb77e47fabcce474615b61cec 32cb23adb77e47fabcce474615b61cec] 199.19.213.132 "GET /v2.0/subnets?id=8469a0e7-879c-4367-a8e4-0b5bc705a232 HTTP/1.1" status: 200 len: 887 time: 0.0326915
2026-06-15 21:11:53.725 10 INFO neutron.api.wsgi [req-1b5d112c-ae19-4387-a310-a12e24e05707 req-df5e0add-6d75-4c65-812f-07403aa710ba 2db2ba250e43443b9382d47e8fdc30e7 006d385c654e47dc97e7ad6019f6d05f - - 32cb23adb77e47fabcce474615b61cec 32cb23adb77e47fabcce474615b61cec] 199.19.213.132 "GET /v2.0/ports?network_id=f2da56cf-0a97-4623-b90a-6a050074286e&device_owner=network%3Adhcp HTTP/1.1" status: 200 len: 210 time: 0.0187471
2026-06-15 21:11:53.778 9 INFO neutron.db.ovn_revision_numbers_db [None req-e68153a2-4036-4385-bdda-605427afcab7 a3ea93befd754a618602e16b9f998c5f c0e83b85323b40f4853ba0f176a59c3d - - default default] Successfully bumped revision number for resource 7d07cc5e-2ae3-4b10-9b8f-de12f2311795 (type: router_ports) to 1
2026-06-15 21:11:53.785 9 INFO neutron.api.wsgi [None req-e68153a2-4036-4385-bdda-605427afcab7 a3ea93befd754a618602e16b9f998c5f c0e83b85323b40f4853ba0f176a59c3d - - default default] 10.0.0.47 "PUT /v2.0/routers/00f607cf-34fe-4756-8926-c0f4530b7661/add_router_interface HTTP/1.1" status: 200 len: 503 time: 3.2186248
2026-06-15 21:11:53.812 10 INFO neutron.api.wsgi [req-1b5d112c-ae19-4387-a310-a12e24e05707 req-2a051c2f-17dd-44cb-8850-5b0c9c0df1e0 2db2ba250e43443b9382d47e8fdc30e7 006d385c654e47dc97e7ad6019f6d05f - - 32cb23adb77e47fabcce474615b61cec 32cb23adb77e47fabcce474615b61cec] 199.19.213.132 "GET /v2.0/networks/f2da56cf-0a97-4623-b90a-6a050074286e?fields=segments HTTP/1.1" status: 200 len: 212 time: 0.0826511
2026-06-15 21:11:53.857 10 INFO neutron.api.wsgi [req-1b5d112c-ae19-4387-a310-a12e24e05707 req-fdad650d-2b6e-44a1-9d0b-469ec2c7d5c9 2db2ba250e43443b9382d47e8fdc30e7 006d385c654e47dc97e7ad6019f6d05f - - 32cb23adb77e47fabcce474615b61cec 32cb23adb77e47fabcce474615b61cec] 199.19.213.132 "GET /v2.0/networks/f2da56cf-0a97-4623-b90a-6a050074286e?fields=provider%3Aphysical_network&fields=provider%3Anetwork_type HTTP/1.1" status: 200 len: 277 time: 0.0405803
2026-06-15 21:11:53.902 9 INFO neutron.api.wsgi [req-f8eef5d6-7b1b-4bab-a626-2634dfc8ba8d req-f9255e50-b083-4e4d-8d16-2b847410e43c 9c8e5f17071b48c98efc43791441e9e7 e06cedf68fe447fda293bee4ee583ef1 - - default default] 10.0.0.201 "GET /v2.0/ports?device_id=220296cd-16df-4415-8a3a-924f5f7c20bb HTTP/1.1" status: 200 len: 1168 time: 0.0440638
2026-06-15 21:11:53.944 9 INFO neutron.api.wsgi [req-f8eef5d6-7b1b-4bab-a626-2634dfc8ba8d req-6db7d7b4-ad54-4972-aef3-fdac3620152f 9c8e5f17071b48c98efc43791441e9e7 e06cedf68fe447fda293bee4ee583ef1 - - default default] 10.0.0.201 "GET /v2.0/security-groups?id=02be701a-9eeb-47a2-8df1-5fd639f283aa&fields=id&fields=name HTTP/1.1" status: 200 len: 313 time: 0.0338900
2026-06-15 21:11:54.051 9 WARNING neutron.plugins.ml2.drivers.ovn.mech_driver.ovsdb.ovn_client [None req-12080b6c-fa65-4c49-a49d-d6b03a5f08c3 - - - - - -] No hosting information found for port 1d163a56-356f-48b6-8cc2-4858e0e4652c: RuntimeError: No hosting information found for port 1d163a56-356f-48b6-8cc2-4858e0e4652c
2026-06-15 21:11:54.109 9 INFO neutron.db.ovn_revision_numbers_db [None req-12080b6c-fa65-4c49-a49d-d6b03a5f08c3 - - - - - -] Successfully bumped revision number for resource 1d163a56-356f-48b6-8cc2-4858e0e4652c (type: router_ports) to 2
2026-06-15 21:11:54.432 9 WARNING neutron_lib.context [None req-678b6430-06a0-4e1d-adf3-907320911d7a 34b4af8c5d2a4177b71ca0e31823f8c5 65c5456ae2204f3780c01f4df4527958 - - default default] Method 'is_advsvc' is deprecated since 2023.2 release (neutron-lib 3.8.0) and will be removed once support for the old RBAC API policies will be removed from Neutron. Please use method 'is_service_role' instead.
2026-06-15 21:11:54.438 10 INFO neutron.db.ovn_revision_numbers_db [None req-b3b08ea9-fa5c-42d6-8521-0efb9ca11dd3 a3ea93befd754a618602e16b9f998c5f c0e83b85323b40f4853ba0f176a59c3d - - default default] Successfully bumped revision number for resource 4a08febf-7bd4-48dc-b343-a7cf569f2f22 (type: security_groups) to 1
2026-06-15 21:11:54.454 10 INFO neutron.db.ovn_revision_numbers_db [None req-b3b08ea9-fa5c-42d6-8521-0efb9ca11dd3 a3ea93befd754a618602e16b9f998c5f c0e83b85323b40f4853ba0f176a59c3d - - default default] Successfully bumped revision number for resource 15d6e121-78bf-4d59-b8ad-baac2bb8dc86 (type: security_group_rules) to 0
2026-06-15 21:11:54.468 10 INFO neutron.db.ovn_revision_numbers_db [None req-b3b08ea9-fa5c-42d6-8521-0efb9ca11dd3 a3ea93befd754a618602e16b9f998c5f c0e83b85323b40f4853ba0f176a59c3d - - default default] Successfully bumped revision number for resource 5a428501-c7d9-450e-9fbc-5a23d20f7dac (type: security_group_rules) to 0
2026-06-15 21:11:54.482 10 INFO neutron.db.ovn_revision_numbers_db [None req-b3b08ea9-fa5c-42d6-8521-0efb9ca11dd3 a3ea93befd754a618602e16b9f998c5f c0e83b85323b40f4853ba0f176a59c3d - - default default] Successfully bumped revision number for resource 93c98a46-9b6e-4661-8bbf-3b7b06751322 (type: security_group_rules) to 0
2026-06-15 21:11:54.498 10 INFO neutron.db.ovn_revision_numbers_db [None req-b3b08ea9-fa5c-42d6-8521-0efb9ca11dd3 a3ea93befd754a618602e16b9f998c5f c0e83b85323b40f4853ba0f176a59c3d - - default default] Successfully bumped revision number for resource a4c1ca90-8908-4061-a643-de55a6188533 (type: security_group_rules) to 0
2026-06-15 21:11:54.536 10 INFO neutron.api.wsgi [None req-b3b08ea9-fa5c-42d6-8521-0efb9ca11dd3 a3ea93befd754a618602e16b9f998c5f c0e83b85323b40f4853ba0f176a59c3d - - default default] 10.0.0.47 "GET /v2.0/security-groups?tenant_id=0282c63dbc634e35a18db372d737eb9a&name=default HTTP/1.1" status: 200 len: 3120 time: 0.3214726
2026-06-15 21:11:54.553 9 INFO neutron.db.ovn_revision_numbers_db [None req-678b6430-06a0-4e1d-adf3-907320911d7a 34b4af8c5d2a4177b71ca0e31823f8c5 65c5456ae2204f3780c01f4df4527958 - - default default] Successfully bumped revision number for resource b5c316ce-8862-44a4-813f-8872c425ef75 (type: security_groups) to 1
2026-06-15 21:11:54.620 9 INFO neutron.db.ovn_revision_numbers_db [None req-678b6430-06a0-4e1d-adf3-907320911d7a 34b4af8c5d2a4177b71ca0e31823f8c5 65c5456ae2204f3780c01f4df4527958 - - default default] Successfully bumped revision number for resource b0c8690e-5aa0-4223-bf48-a0675d54a4cf (type: security_group_rules) to 0
2026-06-15 21:11:54.647 9 INFO neutron.api.wsgi [req-d1477509-cb6b-4652-b74e-524f79d54c64 req-321fcfbb-fb4e-4e83-9b8a-0c1205d25b7f cf1b99041799468aa1c6eb6704d9fe9f 1ddd7a4c5c124d248c0f604fec8f213f - - default default] 10.0.0.201 "GET /v2.0/ports?device_id=a06991b3-8109-4e02-99e0-b776abbd860f HTTP/1.1" status: 200 len: 1172 time: 0.0396819
2026-06-15 21:11:54.648 9 INFO neutron.db.ovn_revision_numbers_db [None req-678b6430-06a0-4e1d-adf3-907320911d7a 34b4af8c5d2a4177b71ca0e31823f8c5 65c5456ae2204f3780c01f4df4527958 - - default default] Successfully bumped revision number for resource ea2b4fdc-bc33-4eec-8ece-5b879d5adb45 (type: security_group_rules) to 0
2026-06-15 21:11:54.698 9 INFO neutron.api.wsgi [None req-678b6430-06a0-4e1d-adf3-907320911d7a 34b4af8c5d2a4177b71ca0e31823f8c5 65c5456ae2204f3780c01f4df4527958 - - default default] 10.0.0.47 "POST /v2.0/security-groups HTTP/1.1" status: 201 len: 1861 time: 0.2715459
2026-06-15 21:11:54.703 9 INFO neutron.api.wsgi [req-d1477509-cb6b-4652-b74e-524f79d54c64 req-a0b864c5-cf7d-4bf6-b90d-40cdc53276c5 cf1b99041799468aa1c6eb6704d9fe9f 1ddd7a4c5c124d248c0f604fec8f213f - - default default] 10.0.0.201 "GET /v2.0/security-groups?id=bca8a0e8-53bc-419d-a64e-d74d6802eb75&fields=id&fields=name HTTP/1.1" status: 200 len: 312 time: 0.0485482
2026-06-15 21:11:54.707 9 WARNING neutron_lib.context [None req-9d8f7eb5-9acd-43a8-8fb5-7286b587638c 34b4af8c5d2a4177b71ca0e31823f8c5 65c5456ae2204f3780c01f4df4527958 - - default default] Method 'is_advsvc' is deprecated since 2023.2 release (neutron-lib 3.8.0) and will be removed once support for the old RBAC API policies will be removed from Neutron. Please use method 'is_service_role' instead.
2026-06-15 21:11:54.774 10 INFO neutron.api.wsgi [-] 10.0.0.254 "GET / HTTP/1.1" status: 200 len: 247 time: 0.0018880
2026-06-15 21:11:54.776 9 INFO neutron.api.wsgi [-] 10.0.0.254 "GET / HTTP/1.1" status: 200 len: 247 time: 0.0040667
2026-06-15 21:11:54.791 10 INFO neutron.api.wsgi [None req-a3d55fef-ddec-4082-af4b-e0c9cf64ab2d a3ea93befd754a618602e16b9f998c5f c0e83b85323b40f4853ba0f176a59c3d - - default default] 10.0.0.47 "DELETE /v2.0/security-groups/4a08febf-7bd4-48dc-b343-a7cf569f2f22 HTTP/1.1" status: 204 len: 168 time: 0.2474644
2026-06-15 21:11:54.875 9 INFO neutron.db.ovn_revision_numbers_db [None req-9d8f7eb5-9acd-43a8-8fb5-7286b587638c 34b4af8c5d2a4177b71ca0e31823f8c5 65c5456ae2204f3780c01f4df4527958 - - default default] Successfully bumped revision number for resource 79ee1338-e918-44ea-80a0-c4b6e88b776b (type: security_group_rules) to 0
2026-06-15 21:11:54.919 9 INFO neutron.api.wsgi [None req-9d8f7eb5-9acd-43a8-8fb5-7286b587638c 34b4af8c5d2a4177b71ca0e31823f8c5 65c5456ae2204f3780c01f4df4527958 - - default default] 10.0.0.47 "POST /v2.0/security-group-rules HTTP/1.1" status: 201 len: 796 time: 0.2149684
2026-06-15 21:11:54.928 9 WARNING neutron_lib.context [None req-2ea4fd1d-0af3-4d5a-aada-94d6f760569a 34b4af8c5d2a4177b71ca0e31823f8c5 65c5456ae2204f3780c01f4df4527958 - - default default] Method 'is_advsvc' is deprecated since 2023.2 release (neutron-lib 3.8.0) and will be removed once support for the old RBAC API policies will be removed from Neutron. Please use method 'is_service_role' instead.
2026-06-15 21:11:55.109 9 INFO neutron.db.ovn_revision_numbers_db [None req-2ea4fd1d-0af3-4d5a-aada-94d6f760569a 34b4af8c5d2a4177b71ca0e31823f8c5 65c5456ae2204f3780c01f4df4527958 - - default default] Successfully bumped revision number for resource de4654c3-b6c3-456c-9436-e36ba0437160 (type: security_group_rules) to 0
2026-06-15 21:11:55.125 9 INFO neutron.api.wsgi [req-5afc202e-f812-46cf-a160-bd3aa1f4a442 req-25dfcadb-a2bd-45a1-9e3c-ac064224bbbe 9c8e5f17071b48c98efc43791441e9e7 e06cedf68fe447fda293bee4ee583ef1 - - default default] 10.0.0.201 "GET /v2.0/ports?device_id=220296cd-16df-4415-8a3a-924f5f7c20bb HTTP/1.1" status: 200 len: 1168 time: 0.1176906
2026-06-15 21:11:55.146 9 INFO neutron.api.wsgi [None req-2ea4fd1d-0af3-4d5a-aada-94d6f760569a 34b4af8c5d2a4177b71ca0e31823f8c5 65c5456ae2204f3780c01f4df4527958 - - default default] 10.0.0.47 "POST /v2.0/security-group-rules HTTP/1.1" status: 201 len: 801 time: 0.2225449
2026-06-15 21:11:55.160 10 WARNING neutron_lib.context [None req-92474072-7040-4def-a308-044fbb045160 34b4af8c5d2a4177b71ca0e31823f8c5 65c5456ae2204f3780c01f4df4527958 - - default default] Method 'is_advsvc' is deprecated since 2023.2 release (neutron-lib 3.8.0) and will be removed once support for the old RBAC API policies will be removed from Neutron. Please use method 'is_service_role' instead.
2026-06-15 21:11:55.220 9 INFO neutron.api.wsgi [req-5afc202e-f812-46cf-a160-bd3aa1f4a442 req-afb68d75-862a-4f26-b9d3-9b568da7e612 9c8e5f17071b48c98efc43791441e9e7 e06cedf68fe447fda293bee4ee583ef1 - - default default] 10.0.0.201 "GET /v2.0/security-groups?id=02be701a-9eeb-47a2-8df1-5fd639f283aa&fields=id&fields=name HTTP/1.1" status: 200 len: 313 time: 0.0841568
2026-06-15 21:11:55.505 10 WARNING neutron.scheduler.dhcp_agent_scheduler [None req-92474072-7040-4def-a308-044fbb045160 34b4af8c5d2a4177b71ca0e31823f8c5 65c5456ae2204f3780c01f4df4527958 - - default default] No more DHCP agents
2026-06-15 21:11:55.506 10 WARNING neutron.api.rpc.agentnotifiers.dhcp_rpc_agent_api [None req-92474072-7040-4def-a308-044fbb045160 34b4af8c5d2a4177b71ca0e31823f8c5 65c5456ae2204f3780c01f4df4527958 - - default default] Unable to schedule network 03d1d46c-50db-4e75-a25c-e48940aeffd0: no agents available; will retry on subsequent port and subnet creation events.
2026-06-15 21:11:55.770 10 INFO neutron.api.wsgi [None req-92474072-7040-4def-a308-044fbb045160 34b4af8c5d2a4177b71ca0e31823f8c5 65c5456ae2204f3780c01f4df4527958 - - default default] 10.0.0.47 "POST /v2.0/floatingips HTTP/1.1" status: 201 len: 751 time: 0.6175425
2026-06-15 21:11:55.814 9 INFO neutron.api.wsgi [req-5ff9b110-2c33-4a0f-af1d-3bc1b11cb435 req-72a8171f-0c58-4f42-a311-c1416c571fef cf1b99041799468aa1c6eb6704d9fe9f 1ddd7a4c5c124d248c0f604fec8f213f - - default default] 10.0.0.201 "GET /v2.0/ports?device_id=a06991b3-8109-4e02-99e0-b776abbd860f HTTP/1.1" status: 200 len: 1172 time: 0.0493860
2026-06-15 21:11:55.858 9 INFO neutron.api.wsgi [req-5ff9b110-2c33-4a0f-af1d-3bc1b11cb435 req-5f3a1907-b5c3-4589-8e29-8e19463fccfa cf1b99041799468aa1c6eb6704d9fe9f 1ddd7a4c5c124d248c0f604fec8f213f - - default default] 10.0.0.201 "GET /v2.0/security-groups?id=bca8a0e8-53bc-419d-a64e-d74d6802eb75&fields=id&fields=name HTTP/1.1" status: 200 len: 312 time: 0.0364997
2026-06-15 21:11:56.192 9 INFO neutron.plugins.ml2.drivers.ovn.mech_driver.mech_driver [None req-12080b6c-fa65-4c49-a49d-d6b03a5f08c3 - - - - - -] OVN reports status up for port: 7b7c053a-a3a9-439c-9040-de1ccfac2474
2026-06-15 21:11:56.211 9 INFO neutron.plugins.ml2.plugin [None req-12080b6c-fa65-4c49-a49d-d6b03a5f08c3 - - - - - -] Attempt 1 to provision port 7b7c053a-a3a9-439c-9040-de1ccfac2474
2026-06-15 21:11:56.314 9 INFO neutron.api.wsgi [req-ffbd0784-26db-4035-acf2-0237fcee8a2f req-c3136461-cb98-44ac-849a-cbdc8f6dc6ef 34b4af8c5d2a4177b71ca0e31823f8c5 65c5456ae2204f3780c01f4df4527958 - - default default] 10.0.0.201 "GET /v2.0/security-groups?name=tempest-securitygroup--1060395995&fields=id&tenant_id=65c5456ae2204f3780c01f4df4527958 HTTP/1.1" status: 200 len: 267 time: 0.0443077
2026-06-15 21:11:56.389 9 INFO neutron.api.wsgi [req-205aa317-9fcf-42b8-a950-207369a9d7df req-b462e981-6412-4107-82cf-c764d33b427f 9c8e5f17071b48c98efc43791441e9e7 e06cedf68fe447fda293bee4ee583ef1 - - default default] 10.0.0.201 "GET /v2.0/ports?device_id=220296cd-16df-4415-8a3a-924f5f7c20bb HTTP/1.1" status: 200 len: 1168 time: 0.0484056
2026-06-15 21:11:56.412 9 INFO neutron.api.wsgi [req-ffbd0784-26db-4035-acf2-0237fcee8a2f req-c0eba4e7-a83a-4f7e-8154-b7ce660752b1 34b4af8c5d2a4177b71ca0e31823f8c5 65c5456ae2204f3780c01f4df4527958 - - default default] 10.0.0.201 "GET /v2.0/networks?id=92a8fe0e-72c9-42c0-aee5-b4fec9f1563c HTTP/1.1" status: 200 len: 883 time: 0.0902231
2026-06-15 21:11:56.430 9 INFO neutron.api.wsgi [req-ffbd0784-26db-4035-acf2-0237fcee8a2f req-b1f6f676-ddc5-4e49-8570-bc6eb4231a09 34b4af8c5d2a4177b71ca0e31823f8c5 65c5456ae2204f3780c01f4df4527958 - - default default] 10.0.0.201 "GET /v2.0/quotas/65c5456ae2204f3780c01f4df4527958 HTTP/1.1" status: 200 len: 491 time: 0.0133517
2026-06-15 21:11:56.433 9 INFO neutron.api.wsgi [req-205aa317-9fcf-42b8-a950-207369a9d7df req-c4abc2a1-38bc-4fdd-bce4-88dba6df212b 9c8e5f17071b48c98efc43791441e9e7 e06cedf68fe447fda293bee4ee583ef1 - - default default] 10.0.0.201 "GET /v2.0/security-groups?id=02be701a-9eeb-47a2-8df1-5fd639f283aa&fields=id&fields=name HTTP/1.1" status: 200 len: 313 time: 0.0369446
2026-06-15 21:11:56.473 9 INFO neutron.notifiers.nova [-] Nova event matching ['req-ec6f55b1-2bb9-47f9-b63f-84440b61dbdd'] response: {'server_uuid': 'a06991b3-8109-4e02-99e0-b776abbd860f', 'name': 'network-vif-plugged', 'status': 'completed', 'tag': '7b7c053a-a3a9-439c-9040-de1ccfac2474', 'code': 200}
2026-06-15 21:11:56.540 9 INFO neutron.db.ovn_revision_numbers_db [None req-12080b6c-fa65-4c49-a49d-d6b03a5f08c3 - - - - - -] Successfully bumped revision number for resource 7b7c053a-a3a9-439c-9040-de1ccfac2474 (type: ports) to 5
2026-06-15 21:11:56.544 9 INFO neutron.api.wsgi [req-ffbd0784-26db-4035-acf2-0237fcee8a2f req-9ff20664-fbf1-45f8-a464-f102aa5bfd36 34b4af8c5d2a4177b71ca0e31823f8c5 65c5456ae2204f3780c01f4df4527958 - - default default] 10.0.0.201 "GET /v2.0/ports?tenant_id=65c5456ae2204f3780c01f4df4527958&fields=id HTTP/1.1" status: 200 len: 302 time: 0.1076722
2026-06-15 21:11:56.643 9 INFO neutron.api.wsgi [req-ffbd0784-26db-4035-acf2-0237fcee8a2f req-caf60780-5a15-4590-b422-445df3be7770 2db2ba250e43443b9382d47e8fdc30e7 006d385c654e47dc97e7ad6019f6d05f - - 32cb23adb77e47fabcce474615b61cec 32cb23adb77e47fabcce474615b61cec] 10.0.0.201 "GET /v2.0/networks/92a8fe0e-72c9-42c0-aee5-b4fec9f1563c?fields=segments HTTP/1.1" status: 200 len: 212 time: 0.0761163
2026-06-15 21:11:56.651 9 INFO neutron.plugins.ml2.drivers.ovn.mech_driver.mech_driver [None req-5287012b-55da-47aa-a3fd-80b72958eaf9 - - - - - -] OVN reports status up for port: 1c1bf25c-4c97-40b6-bfb4-aba72e601763 /var/lib/openstack/lib/python3.12/site-packages/pycadf/identifier.py:71: UserWarning: Invalid uuid: neutron. To ensure interoperability, identifiers should be a valid uuid. warnings.warn(('Invalid uuid: %s. To ensure interoperability, '
2026-06-15 21:11:56.675 9 INFO neutron.plugins.ml2.plugin [None req-5287012b-55da-47aa-a3fd-80b72958eaf9 - - - - - -] Attempt 1 to provision port 1c1bf25c-4c97-40b6-bfb4-aba72e601763
2026-06-15 21:11:56.716 9 INFO neutron.api.wsgi [req-ffbd0784-26db-4035-acf2-0237fcee8a2f req-2caee25e-572f-41cf-9bfa-434e172739ab 2db2ba250e43443b9382d47e8fdc30e7 006d385c654e47dc97e7ad6019f6d05f - - 32cb23adb77e47fabcce474615b61cec 32cb23adb77e47fabcce474615b61cec] 10.0.0.201 "GET /v2.0/networks/92a8fe0e-72c9-42c0-aee5-b4fec9f1563c?fields=provider%3Aphysical_network&fields=provider%3Anetwork_type HTTP/1.1" status: 200 len: 277 time: 0.0668161
2026-06-15 21:11:56.898 9 INFO neutron.api.wsgi [req-2cd16047-0992-41c4-8206-e0d59315bd7c req-dc4087f7-8eb4-44f7-9be8-2c14ac0976a6 34b4af8c5d2a4177b71ca0e31823f8c5 65c5456ae2204f3780c01f4df4527958 - - default default] 10.0.0.201 "GET /v2.0/ports?device_id=e87911d6-3b12-43bf-8728-659180e031c8 HTTP/1.1" status: 200 len: 210 time: 0.0264103
2026-06-15 21:11:56.922 9 WARNING neutron_lib.context [None req-53796545-ad68-4b77-83b0-6c3ce9ee5e85 df85d1bc8e734c8b9c6b23d3f9b21c61 ee987268473641ed98ac3aef802c13c4 - - default default] Method 'is_advsvc' is deprecated since 2023.2 release (neutron-lib 3.8.0) and will be removed once support for the old RBAC API policies will be removed from Neutron. Please use method 'is_service_role' instead.
2026-06-15 21:11:57.005 9 INFO neutron.db.ovn_revision_numbers_db [None req-5287012b-55da-47aa-a3fd-80b72958eaf9 - - - - - -] Successfully bumped revision number for resource 1c1bf25c-4c97-40b6-bfb4-aba72e601763 (type: ports) to 5
2026-06-15 21:11:57.035 9 INFO neutron.api.wsgi [req-71725336-dfdf-4005-a439-4b11bedc6d87 req-59b8365e-f38d-4ff5-ab1e-20c490c2dafd cf1b99041799468aa1c6eb6704d9fe9f 1ddd7a4c5c124d248c0f604fec8f213f - - default default] 10.0.0.201 "GET /v2.0/ports?device_id=a06991b3-8109-4e02-99e0-b776abbd860f HTTP/1.1" status: 200 len: 1174 time: 0.1096075
2026-06-15 21:11:57.115 9 INFO neutron.api.wsgi [req-71725336-dfdf-4005-a439-4b11bedc6d87 req-acbec411-aef6-4365-a4ff-b6fd433b2643 cf1b99041799468aa1c6eb6704d9fe9f 1ddd7a4c5c124d248c0f604fec8f213f - - default default] 10.0.0.201 "GET /v2.0/security-groups?id=bca8a0e8-53bc-419d-a64e-d74d6802eb75&fields=id&fields=name HTTP/1.1" status: 200 len: 312 time: 0.0726204
2026-06-15 21:11:57.392 9 INFO neutron.db.ovn_revision_numbers_db [None req-53796545-ad68-4b77-83b0-6c3ce9ee5e85 df85d1bc8e734c8b9c6b23d3f9b21c61 ee987268473641ed98ac3aef802c13c4 - - default default] Successfully bumped revision number for resource d19bda99-5f81-43ae-86e3-9c89cde0348b (type: security_groups) to 1
2026-06-15 21:11:57.482 9 INFO neutron.db.ovn_revision_numbers_db [None req-53796545-ad68-4b77-83b0-6c3ce9ee5e85 df85d1bc8e734c8b9c6b23d3f9b21c61 ee987268473641ed98ac3aef802c13c4 - - default default] Successfully bumped revision number for resource 26f1d3af-1934-4ed9-a24c-3906e73b200b (type: security_group_rules) to 0 /var/lib/openstack/lib/python3.12/site-packages/pycadf/identifier.py:71: UserWarning: Invalid uuid: neutron. To ensure interoperability, identifiers should be a valid uuid. warnings.warn(('Invalid uuid: %s. To ensure interoperability, '
2026-06-15 21:11:57.555 9 INFO neutron.api.wsgi [req-a5690579-a21d-48b1-b025-07887aad83a2 req-89854530-c37d-467f-b211-8de138012ac5 9c8e5f17071b48c98efc43791441e9e7 e06cedf68fe447fda293bee4ee583ef1 - - default default] 10.0.0.201 "GET /v2.0/ports?device_id=220296cd-16df-4415-8a3a-924f5f7c20bb HTTP/1.1" status: 200 len: 1170 time: 0.0473056
2026-06-15 21:11:57.580 9 INFO neutron.db.ovn_revision_numbers_db [None req-53796545-ad68-4b77-83b0-6c3ce9ee5e85 df85d1bc8e734c8b9c6b23d3f9b21c61 ee987268473641ed98ac3aef802c13c4 - - default default] Successfully bumped revision number for resource 984a9cdd-afbf-4908-babd-d7e2faf9e3fc (type: security_group_rules) to 0
2026-06-15 21:11:57.609 9 INFO neutron.api.wsgi [req-a5690579-a21d-48b1-b025-07887aad83a2 req-29d21646-f29c-42e3-8704-79e4d713657c 9c8e5f17071b48c98efc43791441e9e7 e06cedf68fe447fda293bee4ee583ef1 - - default default] 10.0.0.201 "GET /v2.0/security-groups?id=02be701a-9eeb-47a2-8df1-5fd639f283aa&fields=id&fields=name HTTP/1.1" status: 200 len: 313 time: 0.0471101
2026-06-15 21:11:57.638 9 INFO neutron.db.ovn_revision_numbers_db [None req-53796545-ad68-4b77-83b0-6c3ce9ee5e85 df85d1bc8e734c8b9c6b23d3f9b21c61 ee987268473641ed98ac3aef802c13c4 - - default default] Successfully bumped revision number for resource ef466506-aee1-422d-9aed-ed91fa5703bf (type: security_group_rules) to 0
2026-06-15 21:11:57.656 9 INFO neutron.db.ovn_revision_numbers_db [None req-53796545-ad68-4b77-83b0-6c3ce9ee5e85 df85d1bc8e734c8b9c6b23d3f9b21c61 ee987268473641ed98ac3aef802c13c4 - - default default] Successfully bumped revision number for resource f68da744-e627-4a52-8dbf-890fd3d5cc2e (type: security_group_rules) to 0
2026-06-15 21:11:57.734 9 INFO neutron.db.segments_db [None req-53796545-ad68-4b77-83b0-6c3ce9ee5e85 df85d1bc8e734c8b9c6b23d3f9b21c61 ee987268473641ed98ac3aef802c13c4 - - default default] Added segment 09a6020c-c59d-44a6-98b5-48c209369493 of type geneve for network 716df11f-1c08-4772-bc18-cdf911f60af3
2026-06-15 21:11:57.994 9 INFO neutron.api.wsgi [req-e9f2f164-07aa-4384-996a-cd8ed3696bb8 req-d3de94db-9755-4670-8c90-381a4747ae8c 34b4af8c5d2a4177b71ca0e31823f8c5 65c5456ae2204f3780c01f4df4527958 - - default default] 10.0.0.201 "GET /v2.0/ports?device_id=e87911d6-3b12-43bf-8728-659180e031c8 HTTP/1.1" status: 200 len: 210 time: 0.0256979
2026-06-15 21:11:58.042 9 INFO neutron.db.ovn_revision_numbers_db [None req-53796545-ad68-4b77-83b0-6c3ce9ee5e85 df85d1bc8e734c8b9c6b23d3f9b21c61 ee987268473641ed98ac3aef802c13c4 - - default default] Successfully bumped revision number for resource 716df11f-1c08-4772-bc18-cdf911f60af3 (type: networks) to 1
2026-06-15 21:11:58.217 10 WARNING neutron.plugins.ml2.drivers.ovn.mech_driver.ovsdb.ovn_client [None req-403e8f5e-5a0f-42c1-aa89-b0da541a9676 - - - - - -] No hosting information found for port 7d07cc5e-2ae3-4b10-9b8f-de12f2311795: RuntimeError: No hosting information found for port 7d07cc5e-2ae3-4b10-9b8f-de12f2311795
2026-06-15 21:11:58.235 9 INFO neutron.api.wsgi [req-df34c704-4df2-4a30-bab6-b076d5c39bdb req-41c97dee-b877-4ee5-8040-bcffb02fb9e5 cf1b99041799468aa1c6eb6704d9fe9f 1ddd7a4c5c124d248c0f604fec8f213f - - default default] 10.0.0.201 "GET /v2.0/ports?device_id=a06991b3-8109-4e02-99e0-b776abbd860f HTTP/1.1" status: 200 len: 1174 time: 0.0351169
2026-06-15 21:11:58.281 9 INFO neutron.api.wsgi [req-df34c704-4df2-4a30-bab6-b076d5c39bdb req-a097d31f-85e5-47d0-b1ad-f95ba1198c3e cf1b99041799468aa1c6eb6704d9fe9f 1ddd7a4c5c124d248c0f604fec8f213f - - default default] 10.0.0.201 "GET /v2.0/security-groups?id=bca8a0e8-53bc-419d-a64e-d74d6802eb75&fields=id&fields=name HTTP/1.1" status: 200 len: 312 time: 0.0377600
2026-06-15 21:11:58.511 9 INFO neutron.notifiers.nova [-] Nova event matching ['req-b9522d45-f333-4d86-8231-df4f83f49e1f'] response: {'server_uuid': 'a06991b3-8109-4e02-99e0-b776abbd860f', 'name': 'network-vif-plugged', 'status': 'completed', 'tag': '7b7c053a-a3a9-439c-9040-de1ccfac2474', 'code': 200}
2026-06-15 21:11:58.511 9 INFO neutron.notifiers.nova [-] Nova event matching ['req-b9522d45-f333-4d86-8231-df4f83f49e1f'] response: {'server_uuid': '220296cd-16df-4415-8a3a-924f5f7c20bb', 'name': 'network-vif-plugged', 'status': 'completed', 'tag': '1c1bf25c-4c97-40b6-bfb4-aba72e601763', 'code': 200}
2026-06-15 21:11:58.512 9 INFO neutron.notifiers.nova [-] Nova event matching ['req-b9522d45-f333-4d86-8231-df4f83f49e1f'] response: {'server_uuid': '220296cd-16df-4415-8a3a-924f5f7c20bb', 'name': 'network-vif-plugged', 'status': 'completed', 'tag': '1c1bf25c-4c97-40b6-bfb4-aba72e601763', 'code': 200}
2026-06-15 21:11:58.563 10 INFO neutron.db.ovn_revision_numbers_db [None req-403e8f5e-5a0f-42c1-aa89-b0da541a9676 - - - - - -] Successfully bumped revision number for resource 7d07cc5e-2ae3-4b10-9b8f-de12f2311795 (type: router_ports) to 2
2026-06-15 21:11:58.613 9 WARNING neutron.scheduler.dhcp_agent_scheduler [None req-53796545-ad68-4b77-83b0-6c3ce9ee5e85 df85d1bc8e734c8b9c6b23d3f9b21c61 ee987268473641ed98ac3aef802c13c4 - - default default] No more DHCP agents
2026-06-15 21:11:58.614 9 WARNING neutron.api.rpc.agentnotifiers.dhcp_rpc_agent_api [None req-53796545-ad68-4b77-83b0-6c3ce9ee5e85 df85d1bc8e734c8b9c6b23d3f9b21c61 ee987268473641ed98ac3aef802c13c4 - - default default] Unable to schedule network 716df11f-1c08-4772-bc18-cdf911f60af3: no agents available; will retry on subsequent port and subnet creation events.
2026-06-15 21:11:58.761 9 INFO neutron.api.wsgi [req-9815705b-8985-4b49-9d1c-7ee200fcba27 req-ec00f60c-9f0d-4d4b-aa83-8aebf5af3ae7 9c8e5f17071b48c98efc43791441e9e7 e06cedf68fe447fda293bee4ee583ef1 - - default default] 10.0.0.201 "GET /v2.0/ports?device_id=220296cd-16df-4415-8a3a-924f5f7c20bb HTTP/1.1" status: 200 len: 1170 time: 0.0572519
2026-06-15 21:11:58.811 9 INFO neutron.api.wsgi [req-9815705b-8985-4b49-9d1c-7ee200fcba27 req-c14e13a3-4be7-4ae3-9fba-60b515641a9f 9c8e5f17071b48c98efc43791441e9e7 e06cedf68fe447fda293bee4ee583ef1 - - default default] 10.0.0.201 "GET /v2.0/security-groups?id=02be701a-9eeb-47a2-8df1-5fd639f283aa&fields=id&fields=name HTTP/1.1" status: 200 len: 313 time: 0.0429759
2026-06-15 21:11:58.830 9 INFO neutron.db.ovn_revision_numbers_db [None req-53796545-ad68-4b77-83b0-6c3ce9ee5e85 df85d1bc8e734c8b9c6b23d3f9b21c61 ee987268473641ed98ac3aef802c13c4 - - default default] Successfully bumped revision number for resource 29d60005-d217-4f6f-ac16-cfd88c304f83 (type: ports) to 1
2026-06-15 21:11:59.059 9 INFO neutron.api.wsgi [None req-53796545-ad68-4b77-83b0-6c3ce9ee5e85 df85d1bc8e734c8b9c6b23d3f9b21c61 ee987268473641ed98ac3aef802c13c4 - - default default] 10.0.0.47 "POST /v2.0/networks HTTP/1.1" status: 201 len: 849 time: 2.3310964
2026-06-15 21:11:59.076 10 WARNING neutron_lib.context [None req-da820af3-ec5f-4d50-b2e1-4c3f758d5194 df85d1bc8e734c8b9c6b23d3f9b21c61 ee987268473641ed98ac3aef802c13c4 - - default default] Method 'is_advsvc' is deprecated since 2023.2 release (neutron-lib 3.8.0) and will be removed once support for the old RBAC API policies will be removed from Neutron. Please use method 'is_service_role' instead.
2026-06-15 21:11:59.089 9 INFO neutron.api.wsgi [req-845b4475-ff21-4626-9267-f56de119c855 req-9b6f32c7-61d6-41d7-bdb0-b2a8873c33f1 34b4af8c5d2a4177b71ca0e31823f8c5 65c5456ae2204f3780c01f4df4527958 - - default default] 10.0.0.201 "GET /v2.0/ports?device_id=e87911d6-3b12-43bf-8728-659180e031c8 HTTP/1.1" status: 200 len: 210 time: 0.0213265
2026-06-15 21:11:59.409 9 INFO neutron.api.wsgi [req-a5b0b5c4-442f-4d73-be69-1bfd657d1de6 req-2c5dacbf-316c-4ac8-81b0-4942fabc5301 cf1b99041799468aa1c6eb6704d9fe9f 1ddd7a4c5c124d248c0f604fec8f213f - - default default] 10.0.0.201 "GET /v2.0/ports?device_id=a06991b3-8109-4e02-99e0-b776abbd860f HTTP/1.1" status: 200 len: 1174 time: 0.0425036
2026-06-15 21:11:59.457 9 INFO neutron.api.wsgi [req-a5b0b5c4-442f-4d73-be69-1bfd657d1de6 req-9a099528-9355-4e07-81ca-cd6be91ee9fc cf1b99041799468aa1c6eb6704d9fe9f 1ddd7a4c5c124d248c0f604fec8f213f - - default default] 10.0.0.201 "GET /v2.0/security-groups?id=bca8a0e8-53bc-419d-a64e-d74d6802eb75&fields=id&fields=name HTTP/1.1" status: 200 len: 312 time: 0.0409083
2026-06-15 21:11:59.549 10 WARNING neutron.scheduler.dhcp_agent_scheduler [None req-da820af3-ec5f-4d50-b2e1-4c3f758d5194 df85d1bc8e734c8b9c6b23d3f9b21c61 ee987268473641ed98ac3aef802c13c4 - - default default] No more DHCP agents
2026-06-15 21:11:59.551 10 WARNING neutron.api.rpc.agentnotifiers.dhcp_rpc_agent_api [None req-da820af3-ec5f-4d50-b2e1-4c3f758d5194 df85d1bc8e734c8b9c6b23d3f9b21c61 ee987268473641ed98ac3aef802c13c4 - - default default] Unable to schedule network 716df11f-1c08-4772-bc18-cdf911f60af3: no agents available; will retry on subsequent port and subnet creation events.
2026-06-15 21:11:59.591 9 INFO neutron.api.wsgi [req-3ab873eb-b087-4b4d-8151-874efd5eb017 req-52716c74-44da-42a0-a089-e95f1052d85a cf1b99041799468aa1c6eb6704d9fe9f 1ddd7a4c5c124d248c0f604fec8f213f - - default default] 10.0.0.201 "GET /v2.0/ports?device_id=a06991b3-8109-4e02-99e0-b776abbd860f HTTP/1.1" status: 200 len: 1174 time: 0.0414224
2026-06-15 21:11:59.603 10 INFO neutron.db.ovn_revision_numbers_db [None req-da820af3-ec5f-4d50-b2e1-4c3f758d5194 df85d1bc8e734c8b9c6b23d3f9b21c61 ee987268473641ed98ac3aef802c13c4 - - default default] Successfully bumped revision number for resource ac4c88af-54e9-4b54-b9f7-988d08230216 (type: subnets) to 0
2026-06-15 21:11:59.639 10 INFO neutron.api.wsgi [None req-da820af3-ec5f-4d50-b2e1-4c3f758d5194 df85d1bc8e734c8b9c6b23d3f9b21c61 ee987268473641ed98ac3aef802c13c4 - - default default] 10.0.0.47 "POST /v2.0/subnets HTTP/1.1" status: 201 len: 826 time: 0.5665739
2026-06-15 21:11:59.649 9 WARNING neutron_lib.context [None req-d4008985-3eb3-4b36-883d-b114ebb9215a df85d1bc8e734c8b9c6b23d3f9b21c61 ee987268473641ed98ac3aef802c13c4 - - default default] Method 'is_advsvc' is deprecated since 2023.2 release (neutron-lib 3.8.0) and will be removed once support for the old RBAC API policies will be removed from Neutron. Please use method 'is_service_role' instead.
2026-06-15 21:12:00.257 9 INFO neutron.api.wsgi [req-2b71ce7c-d79c-4a41-85d0-1a035b0d90ad req-e2252a5c-43af-4b6f-8cca-0a2abddbce6c 34b4af8c5d2a4177b71ca0e31823f8c5 65c5456ae2204f3780c01f4df4527958 - - default default] 10.0.0.201 "GET /v2.0/ports?device_id=e87911d6-3b12-43bf-8728-659180e031c8 HTTP/1.1" status: 200 len: 210 time: 0.0389807
2026-06-15 21:12:00.337 9 INFO neutron.api.wsgi [req-64777d25-a713-4069-9070-9a8413525823 req-cc52db55-1519-4c9c-aa07-4f80516a2506 9c8e5f17071b48c98efc43791441e9e7 e06cedf68fe447fda293bee4ee583ef1 - - default default] 10.0.0.201 "GET /v2.0/ports?device_id=220296cd-16df-4415-8a3a-924f5f7c20bb HTTP/1.1" status: 200 len: 1170 time: 0.4284034
2026-06-15 21:12:00.397 9 INFO neutron.api.wsgi [req-64777d25-a713-4069-9070-9a8413525823 req-741a8a3b-9a3f-408d-a494-7c4d21055793 9c8e5f17071b48c98efc43791441e9e7 e06cedf68fe447fda293bee4ee583ef1 - - default default] 10.0.0.201 "GET /v2.0/security-groups?id=02be701a-9eeb-47a2-8df1-5fd639f283aa&fields=id&fields=name HTTP/1.1" status: 200 len: 313 time: 0.0561194
2026-06-15 21:12:00.510 9 INFO neutron.api.wsgi [req-db193900-9f09-4402-bbfb-028ec167df89 req-591cf768-5b5b-402b-babc-01561b10f12b 9c8e5f17071b48c98efc43791441e9e7 e06cedf68fe447fda293bee4ee583ef1 - - default default] 10.0.0.201 "GET /v2.0/ports?device_id=220296cd-16df-4415-8a3a-924f5f7c20bb HTTP/1.1" status: 200 len: 1170 time: 0.0552254
2026-06-15 21:12:00.785 9 INFO neutron.db.ovn_revision_numbers_db [None req-8259f057-5581-4d39-b133-9b4b294f9fe8 cf1b99041799468aa1c6eb6704d9fe9f 1ddd7a4c5c124d248c0f604fec8f213f - - default default] Successfully bumped revision number for resource 61877d5f-53c3-4b5c-ad6b-9839b521704b (type: floatingips) to 1
2026-06-15 21:12:00.812 9 WARNING neutron.scheduler.dhcp_agent_scheduler [None req-d4008985-3eb3-4b36-883d-b114ebb9215a df85d1bc8e734c8b9c6b23d3f9b21c61 ee987268473641ed98ac3aef802c13c4 - - default default] No more DHCP agents
2026-06-15 21:12:00.817 9 WARNING neutron.api.rpc.agentnotifiers.dhcp_rpc_agent_api [None req-d4008985-3eb3-4b36-883d-b114ebb9215a df85d1bc8e734c8b9c6b23d3f9b21c61 ee987268473641ed98ac3aef802c13c4 - - default default] Unable to schedule network 03d1d46c-50db-4e75-a25c-e48940aeffd0: no agents available; will retry on subsequent port and subnet creation events.
2026-06-15 21:12:00.980 9 INFO neutron.db.ovn_revision_numbers_db [None req-8259f057-5581-4d39-b133-9b4b294f9fe8 cf1b99041799468aa1c6eb6704d9fe9f 1ddd7a4c5c124d248c0f604fec8f213f - - default default] Successfully bumped revision number for resource 61877d5f-53c3-4b5c-ad6b-9839b521704b (type: floatingips) to 2
2026-06-15 21:12:00.981 9 INFO neutron.db.l3_db [None req-8259f057-5581-4d39-b133-9b4b294f9fe8 cf1b99041799468aa1c6eb6704d9fe9f 1ddd7a4c5c124d248c0f604fec8f213f - - default default] Floating IP 61877d5f-53c3-4b5c-ad6b-9839b521704b associated. External IP: 10.96.250.206, port: 7b7c053a-a3a9-439c-9040-de1ccfac2474.
2026-06-15 21:12:01.011 9 INFO neutron.api.wsgi [None req-8259f057-5581-4d39-b133-9b4b294f9fe8 cf1b99041799468aa1c6eb6704d9fe9f 1ddd7a4c5c124d248c0f604fec8f213f - - default default] 10.0.0.47 "PUT /v2.0/floatingips/61877d5f-53c3-4b5c-ad6b-9839b521704b HTTP/1.1" status: 200 len: 1050 time: 1.4071290
2026-06-15 21:12:01.047 9 INFO neutron.db.ovn_revision_numbers_db [None req-d4008985-3eb3-4b36-883d-b114ebb9215a df85d1bc8e734c8b9c6b23d3f9b21c61 ee987268473641ed98ac3aef802c13c4 - - default default] Successfully bumped revision number for resource 9bbb5bc6-73ec-448a-80e8-d31bd5681572 (type: ports) to 1
2026-06-15 21:12:01.051 9 INFO neutron.notifiers.nova [-] Nova event matching ['req-7c4d32ea-85b4-490e-88b3-475261040b16'] response: {'name': 'network-changed', 'server_uuid': 'a06991b3-8109-4e02-99e0-b776abbd860f', 'tag': '7b7c053a-a3a9-439c-9040-de1ccfac2474', 'status': 'completed', 'code': 200}
2026-06-15 21:12:01.114 9 INFO neutron.api.wsgi [req-ef46e4b6-8521-480f-bf84-9b01fc0a2c0a req-e23cd550-1c16-479d-8051-c224b61de7f2 cf1b99041799468aa1c6eb6704d9fe9f 1ddd7a4c5c124d248c0f604fec8f213f - - default default] 10.0.0.201 "GET /v2.0/ports?device_id=a06991b3-8109-4e02-99e0-b776abbd860f HTTP/1.1" status: 200 len: 1174 time: 0.0481861
2026-06-15 21:12:01.183 9 INFO neutron.api.wsgi [req-ef46e4b6-8521-480f-bf84-9b01fc0a2c0a req-6aca1a56-a6a5-473c-b7b2-be1facbc4d37 cf1b99041799468aa1c6eb6704d9fe9f 1ddd7a4c5c124d248c0f604fec8f213f - - default default] 10.0.0.201 "GET /v2.0/security-groups?id=bca8a0e8-53bc-419d-a64e-d74d6802eb75&fields=id&fields=name HTTP/1.1" status: 200 len: 312 time: 0.0632672
2026-06-15 21:12:01.347 9 INFO neutron.api.wsgi [req-b84346f2-9d63-4f6a-9e0e-663856b06f37 req-60e88c06-32a3-43b0-9757-20bf02f2317b 34b4af8c5d2a4177b71ca0e31823f8c5 65c5456ae2204f3780c01f4df4527958 - - default default] 10.0.0.201 "GET /v2.0/ports?device_id=e87911d6-3b12-43bf-8728-659180e031c8 HTTP/1.1" status: 200 len: 210 time: 0.0249920 /var/lib/openstack/lib/python3.12/site-packages/pycadf/identifier.py:71: UserWarning: Invalid uuid: neutron. To ensure interoperability, identifiers should be a valid uuid. warnings.warn(('Invalid uuid: %s. To ensure interoperability, ' /var/lib/openstack/lib/python3.12/site-packages/pycadf/identifier.py:71: UserWarning: Invalid uuid: neutron. To ensure interoperability, identifiers should be a valid uuid. warnings.warn(('Invalid uuid: %s. To ensure interoperability, '
2026-06-15 21:12:01.586 10 INFO neutron.db.ovn_revision_numbers_db [None req-018e4bd3-0422-40f5-adce-e595139d723b 9c8e5f17071b48c98efc43791441e9e7 e06cedf68fe447fda293bee4ee583ef1 - - default default] Successfully bumped revision number for resource aabaa53d-df5c-4714-a883-bc8b687d2eb9 (type: floatingips) to 1
2026-06-15 21:12:01.588 9 INFO neutron.api.wsgi [req-3d992eb9-846e-4300-b6ed-bb497c30a115 req-0baf06f6-cf49-44d5-aa7a-2642858d01e1 cf1b99041799468aa1c6eb6704d9fe9f 1ddd7a4c5c124d248c0f604fec8f213f - - default default] 10.0.0.201 "GET /v2.0/ports?device_id=a06991b3-8109-4e02-99e0-b776abbd860f HTTP/1.1" status: 200 len: 1174 time: 0.0434403
2026-06-15 21:12:01.608 10 INFO neutron.api.wsgi [req-2fb771aa-bba2-4e71-9ed4-bd93043a90dd req-f87fc0bf-4705-4991-9900-01c61d77469d 2db2ba250e43443b9382d47e8fdc30e7 006d385c654e47dc97e7ad6019f6d05f - - 32cb23adb77e47fabcce474615b61cec 32cb23adb77e47fabcce474615b61cec] 199.19.213.132 "GET /v2.0/ports?tenant_id=1ddd7a4c5c124d248c0f604fec8f213f&device_id=a06991b3-8109-4e02-99e0-b776abbd860f HTTP/1.1" status: 200 len: 1413 time: 0.0469055
2026-06-15 21:12:01.640 9 INFO neutron.api.wsgi [req-3d992eb9-846e-4300-b6ed-bb497c30a115 req-228e204f-f5e9-46e1-aa31-f52feb04f320 cf1b99041799468aa1c6eb6704d9fe9f 1ddd7a4c5c124d248c0f604fec8f213f - - default default] 10.0.0.201 "GET /v2.0/security-groups?id=bca8a0e8-53bc-419d-a64e-d74d6802eb75&fields=id&fields=name HTTP/1.1" status: 200 len: 312 time: 0.0453601
2026-06-15 21:12:01.673 10 INFO neutron.api.wsgi [req-2fb771aa-bba2-4e71-9ed4-bd93043a90dd req-6a33fe78-e815-4b91-96a2-fc9d0f848efe 2db2ba250e43443b9382d47e8fdc30e7 006d385c654e47dc97e7ad6019f6d05f - - 32cb23adb77e47fabcce474615b61cec 32cb23adb77e47fabcce474615b61cec] 199.19.213.132 "GET /v2.0/networks?id=f2da56cf-0a97-4623-b90a-6a050074286e HTTP/1.1" status: 200 len: 968 time: 0.0556278
2026-06-15 21:12:01.731 10 INFO neutron.api.wsgi [req-2fb771aa-bba2-4e71-9ed4-bd93043a90dd req-111770c4-1c8b-435c-b3ae-111032f34e24 2db2ba250e43443b9382d47e8fdc30e7 006d385c654e47dc97e7ad6019f6d05f - - 32cb23adb77e47fabcce474615b61cec 32cb23adb77e47fabcce474615b61cec] 199.19.213.132 "GET /v2.0/floatingips?fixed_ip_address=10.100.0.11&port_id=7b7c053a-a3a9-439c-9040-de1ccfac2474 HTTP/1.1" status: 200 len: 1060 time: 0.0420167
2026-06-15 21:12:01.733 10 INFO neutron.db.ovn_revision_numbers_db [None req-018e4bd3-0422-40f5-adce-e595139d723b 9c8e5f17071b48c98efc43791441e9e7 e06cedf68fe447fda293bee4ee583ef1 - - default default] Successfully bumped revision number for resource aabaa53d-df5c-4714-a883-bc8b687d2eb9 (type: floatingips) to 2
2026-06-15 21:12:01.733 10 INFO neutron.db.l3_db [None req-018e4bd3-0422-40f5-adce-e595139d723b 9c8e5f17071b48c98efc43791441e9e7 e06cedf68fe447fda293bee4ee583ef1 - - default default] Floating IP aabaa53d-df5c-4714-a883-bc8b687d2eb9 associated. External IP: 10.96.250.217, port: 1c1bf25c-4c97-40b6-bfb4-aba72e601763.
2026-06-15 21:12:01.770 10 INFO neutron.api.wsgi [None req-018e4bd3-0422-40f5-adce-e595139d723b 9c8e5f17071b48c98efc43791441e9e7 e06cedf68fe447fda293bee4ee583ef1 - - default default] 10.0.0.47 "PUT /v2.0/floatingips/aabaa53d-df5c-4714-a883-bc8b687d2eb9 HTTP/1.1" status: 200 len: 1049 time: 1.2452090
2026-06-15 21:12:01.786 10 INFO neutron.api.wsgi [req-2fb771aa-bba2-4e71-9ed4-bd93043a90dd req-7e128f02-fd22-4ec6-8f33-3149d4b2c069 2db2ba250e43443b9382d47e8fdc30e7 006d385c654e47dc97e7ad6019f6d05f - - 32cb23adb77e47fabcce474615b61cec 32cb23adb77e47fabcce474615b61cec] 199.19.213.132 "GET /v2.0/subnets?id=8469a0e7-879c-4367-a8e4-0b5bc705a232 HTTP/1.1" status: 200 len: 887 time: 0.0474176
2026-06-15 21:12:01.807 10 INFO neutron.notifiers.nova [-] Nova event matching ['req-29a37bab-9198-475a-a62c-f76f0f0d96b8'] response: {'name': 'network-changed', 'server_uuid': '220296cd-16df-4415-8a3a-924f5f7c20bb', 'tag': '1c1bf25c-4c97-40b6-bfb4-aba72e601763', 'status': 'completed', 'code': 200}
2026-06-15 21:12:01.827 10 INFO neutron.api.wsgi [req-2fb771aa-bba2-4e71-9ed4-bd93043a90dd req-b4fbae0a-4e29-4305-a9a7-35f21b5690ac 2db2ba250e43443b9382d47e8fdc30e7 006d385c654e47dc97e7ad6019f6d05f - - 32cb23adb77e47fabcce474615b61cec 32cb23adb77e47fabcce474615b61cec] 199.19.213.132 "GET /v2.0/ports?network_id=f2da56cf-0a97-4623-b90a-6a050074286e&device_owner=network%3Adhcp HTTP/1.1" status: 200 len: 210 time: 0.0326729
2026-06-15 21:12:01.867 9 INFO neutron.api.wsgi [req-95df0559-8475-412f-b732-44b930078dd0 req-34a72e7f-b25f-40c3-8bd0-0a8479cf154d 9c8e5f17071b48c98efc43791441e9e7 e06cedf68fe447fda293bee4ee583ef1 - - default default] 10.0.0.201 "GET /v2.0/ports?device_id=220296cd-16df-4415-8a3a-924f5f7c20bb HTTP/1.1" status: 200 len: 1170 time: 0.0421906
2026-06-15 21:12:01.887 10 INFO neutron.api.wsgi [req-2fb771aa-bba2-4e71-9ed4-bd93043a90dd req-ce051745-83fa-4255-a074-b1269f28111e 2db2ba250e43443b9382d47e8fdc30e7 006d385c654e47dc97e7ad6019f6d05f - - 32cb23adb77e47fabcce474615b61cec 32cb23adb77e47fabcce474615b61cec] 199.19.213.132 "GET /v2.0/networks/f2da56cf-0a97-4623-b90a-6a050074286e?fields=segments HTTP/1.1" status: 200 len: 212 time: 0.0532820
2026-06-15 21:12:01.926 9 INFO neutron.api.wsgi [req-95df0559-8475-412f-b732-44b930078dd0 req-7a5bbe33-3b84-4b83-820a-669096d12a04 9c8e5f17071b48c98efc43791441e9e7 e06cedf68fe447fda293bee4ee583ef1 - - default default] 10.0.0.201 "GET /v2.0/security-groups?id=02be701a-9eeb-47a2-8df1-5fd639f283aa&fields=id&fields=name HTTP/1.1" status: 200 len: 313 time: 0.0406802
2026-06-15 21:12:01.931 9 INFO neutron.plugins.ml2.drivers.ovn.mech_driver.ovsdb.commands [None req-12c7670d-2623-4adc-8ce4-0c7fefa7c036 - - - - - -] Schedule LRP lrp-9bbb5bc6-73ec-448a-80e8-d31bd5681572 on gateway c43cc7a7-0197-4faf-ae10-b1c22aeb9f3c with priority 1
2026-06-15 21:12:01.939 10 INFO neutron.api.wsgi [req-2fb771aa-bba2-4e71-9ed4-bd93043a90dd req-1a193f27-40b6-4b9f-8b70-8bf53e8cac89 2db2ba250e43443b9382d47e8fdc30e7 006d385c654e47dc97e7ad6019f6d05f - - 32cb23adb77e47fabcce474615b61cec 32cb23adb77e47fabcce474615b61cec] 199.19.213.132 "GET /v2.0/networks/f2da56cf-0a97-4623-b90a-6a050074286e?fields=provider%3Aphysical_network&fields=provider%3Anetwork_type HTTP/1.1" status: 200 len: 277 time: 0.0477321
2026-06-15 21:12:01.941 10 INFO neutron.plugins.ml2.drivers.ovn.mech_driver.mech_driver [None req-403e8f5e-5a0f-42c1-aa89-b0da541a9676 - - - - - -] OVN reports status up for port: 9bbb5bc6-73ec-448a-80e8-d31bd5681572
2026-06-15 21:12:01.947 10 INFO neutron.plugins.ml2.plugin [None req-403e8f5e-5a0f-42c1-aa89-b0da541a9676 - - - - - -] Attempt 1 to provision port 9bbb5bc6-73ec-448a-80e8-d31bd5681572
2026-06-15 21:12:01.978 9 INFO neutron.db.ovn_revision_numbers_db [None req-d4008985-3eb3-4b36-883d-b114ebb9215a df85d1bc8e734c8b9c6b23d3f9b21c61 ee987268473641ed98ac3aef802c13c4 - - default default] Successfully bumped revision number for resource 9bbb5bc6-73ec-448a-80e8-d31bd5681572 (type: router_ports) to 1
2026-06-15 21:12:02.001 9 INFO neutron.api.wsgi [req-ffbd0784-26db-4035-acf2-0237fcee8a2f req-7675f1cf-ff18-4d18-a0bb-cdeb5685eded 34b4af8c5d2a4177b71ca0e31823f8c5 65c5456ae2204f3780c01f4df4527958 - - default default] 199.19.213.132 "GET /v2.0/networks?id=92a8fe0e-72c9-42c0-aee5-b4fec9f1563c HTTP/1.1" status: 200 len: 883 time: 0.0655553
2026-06-15 21:12:02.055 9 INFO neutron.plugins.ml2.drivers.ovn.mech_driver.mech_driver [None req-5ac26494-1e17-4448-98d0-47e1daf86772 - - - - - -] OVN reports status down for port: 7b7c053a-a3a9-439c-9040-de1ccfac2474
2026-06-15 21:12:02.060 9 INFO neutron.api.wsgi [req-ffbd0784-26db-4035-acf2-0237fcee8a2f req-5e87871a-4172-490b-8139-766f2d686053 34b4af8c5d2a4177b71ca0e31823f8c5 65c5456ae2204f3780c01f4df4527958 - - default default] 199.19.213.132 "GET /v2.0/security-groups?fields=id&fields=name&tenant_id=65c5456ae2204f3780c01f4df4527958 HTTP/1.1" status: 200 len: 380 time: 0.0525632
2026-06-15 21:12:02.080 9 WARNING neutron_lib.context [req-ffbd0784-26db-4035-acf2-0237fcee8a2f req-384fb9ff-1bfa-4f43-a071-daa34defbbf5 34b4af8c5d2a4177b71ca0e31823f8c5 65c5456ae2204f3780c01f4df4527958 - - default default] Method 'is_advsvc' is deprecated since 2023.2 release (neutron-lib 3.8.0) and will be removed once support for the old RBAC API policies will be removed from Neutron. Please use method 'is_service_role' instead.
2026-06-15 21:12:02.098 9 INFO neutron.db.ovn_revision_numbers_db [None req-d4008985-3eb3-4b36-883d-b114ebb9215a df85d1bc8e734c8b9c6b23d3f9b21c61 ee987268473641ed98ac3aef802c13c4 - - default default] Successfully bumped revision number for resource 6b872ce8-c1bf-46b1-9a58-63336704f369 (type: routers) to 2
2026-06-15 21:12:02.119 9 INFO neutron.api.wsgi [None req-d4008985-3eb3-4b36-883d-b114ebb9215a df85d1bc8e734c8b9c6b23d3f9b21c61 ee987268473641ed98ac3aef802c13c4 - - default default] 10.0.0.47 "POST /v2.0/routers HTTP/1.1" status: 201 len: 1154 time: 2.4736779
2026-06-15 21:12:02.361 10 INFO neutron.api.wsgi [req-11aa3a93-aefb-409e-a9ed-00a3a3c5dcc7 req-b1c1f40c-66ea-41f5-8060-852b0451a60f 2db2ba250e43443b9382d47e8fdc30e7 006d385c654e47dc97e7ad6019f6d05f - - 32cb23adb77e47fabcce474615b61cec 32cb23adb77e47fabcce474615b61cec] 199.19.213.132 "GET /v2.0/ports?tenant_id=e06cedf68fe447fda293bee4ee583ef1&device_id=220296cd-16df-4415-8a3a-924f5f7c20bb HTTP/1.1" status: 200 len: 1409 time: 0.0423572
2026-06-15 21:12:02.368 9 INFO neutron.api.wsgi [req-b6840c52-d859-4641-9c65-e77bbe61aa2b req-deabae23-20f8-44b6-abed-65d08b4c8b7c 9c8e5f17071b48c98efc43791441e9e7 e06cedf68fe447fda293bee4ee583ef1 - - default default] 10.0.0.201 "GET /v2.0/ports?device_id=220296cd-16df-4415-8a3a-924f5f7c20bb HTTP/1.1" status: 200 len: 1170 time: 0.0456674
2026-06-15 21:12:02.426 9 INFO neutron.db.ovn_revision_numbers_db [None req-5ac26494-1e17-4448-98d0-47e1daf86772 - - - - - -] Successfully bumped revision number for resource 7b7c053a-a3a9-439c-9040-de1ccfac2474 (type: ports) to 6
2026-06-15 21:12:02.440 9 INFO neutron.api.wsgi [req-b6840c52-d859-4641-9c65-e77bbe61aa2b req-2421e03f-91a5-4d87-99b2-a2369e0a3842 9c8e5f17071b48c98efc43791441e9e7 e06cedf68fe447fda293bee4ee583ef1 - - default default] 10.0.0.201 "GET /v2.0/security-groups?id=02be701a-9eeb-47a2-8df1-5fd639f283aa&fields=id&fields=name HTTP/1.1" status: 200 len: 313 time: 0.0626700
2026-06-15 21:12:02.443 9 INFO neutron.api.wsgi [req-b3dc0cb3-43d6-4d14-927c-0b66c2771aa1 req-ed747a6a-913f-47f9-8383-b41144db8190 34b4af8c5d2a4177b71ca0e31823f8c5 65c5456ae2204f3780c01f4df4527958 - - default default] 10.0.0.201 "GET /v2.0/ports?device_id=e87911d6-3b12-43bf-8728-659180e031c8 HTTP/1.1" status: 200 len: 210 time: 0.0269797
2026-06-15 21:12:02.443 10 INFO neutron.api.wsgi [req-11aa3a93-aefb-409e-a9ed-00a3a3c5dcc7 req-d9cb1c95-3812-4b4d-8b9b-b2be31f88785 2db2ba250e43443b9382d47e8fdc30e7 006d385c654e47dc97e7ad6019f6d05f - - 32cb23adb77e47fabcce474615b61cec 32cb23adb77e47fabcce474615b61cec] 199.19.213.132 "GET /v2.0/networks?id=65a4de86-670c-44f1-ac30-abeaa4629375 HTTP/1.1" status: 200 len: 973 time: 0.0772891
