2026-06-15 21:16:49.132 10 INFO neutron.api.wsgi [None req-3ed5f538-ef1a-4f83-8efd-5f5a33cc860f 4cbc847b8a0a451facfa7dfd32e87aa7 82c07724536a4924b1e5fe1aba3b3e06 - - default default] 10.0.0.47 "DELETE /v2.0/subnets/1ddb8c27-3353-4ab8-aeec-8cf5e11c66d7 HTTP/1.1" status: 404 len: 337 time: 0.0143411
2026-06-15 21:16:49.146 10 INFO neutron.pecan_wsgi.hooks.translation [None req-0afd981a-0f76-445f-b5f0-ae7253104404 4cbc847b8a0a451facfa7dfd32e87aa7 82c07724536a4924b1e5fe1aba3b3e06 - - default default] DELETE failed (client error): The resource could not be found.
2026-06-15 21:16:49.149 10 INFO neutron.api.wsgi [None req-0afd981a-0f76-445f-b5f0-ae7253104404 4cbc847b8a0a451facfa7dfd32e87aa7 82c07724536a4924b1e5fe1aba3b3e06 - - default default] 10.0.0.47 "DELETE /v2.0/subnets/a700abb0-5c1c-42b3-9634-7dcf32733b9c HTTP/1.1" status: 404 len: 337 time: 0.0113962
2026-06-15 21:16:49.184 9 INFO neutron.plugins.ml2.drivers.ovn.mech_driver.ovsdb.commands [None req-12c7670d-2623-4adc-8ce4-0c7fefa7c036 - - - - - -] Schedule LRP lrp-852c13d0-f43b-4af7-849a-fb7229bbfa9f on gateway c43cc7a7-0197-4faf-ae10-b1c22aeb9f3c with priority 1
2026-06-15 21:16:49.199 9 INFO neutron.plugins.ml2.drivers.ovn.mech_driver.mech_driver [None req-ca734ed5-0f74-4145-b656-b217e788a30f - - - - - -] OVN reports status up for port: 852c13d0-f43b-4af7-849a-fb7229bbfa9f
2026-06-15 21:16:49.223 9 INFO neutron.plugins.ml2.plugin [None req-ca734ed5-0f74-4145-b656-b217e788a30f - - - - - -] Attempt 1 to provision port 852c13d0-f43b-4af7-849a-fb7229bbfa9f
2026-06-15 21:16:49.241 9 INFO neutron.db.ovn_revision_numbers_db [None req-f235f2f4-e632-4e63-b86f-db3c38c1e219 a196b115d18e4edb9666f495b38fd8b8 b26dbc4bb7e1423dab3499e92ddf4eb2 - - default default] Successfully bumped revision number for resource 852c13d0-f43b-4af7-849a-fb7229bbfa9f (type: router_ports) to 1
2026-06-15 21:16:49.315 9 INFO neutron.db.ovn_revision_numbers_db [None req-f235f2f4-e632-4e63-b86f-db3c38c1e219 a196b115d18e4edb9666f495b38fd8b8 b26dbc4bb7e1423dab3499e92ddf4eb2 - - default default] Successfully bumped revision number for resource 0d69aefc-27f7-4dee-b7b7-1baf615a491c (type: routers) to 2
2026-06-15 21:16:49.331 9 INFO neutron.api.wsgi [None req-f235f2f4-e632-4e63-b86f-db3c38c1e219 a196b115d18e4edb9666f495b38fd8b8 b26dbc4bb7e1423dab3499e92ddf4eb2 - - default default] 10.0.0.47 "POST /v2.0/routers HTTP/1.1" status: 201 len: 1135 time: 1.4510281
2026-06-15 21:16:49.458 9 INFO neutron.api.v2.resource [None req-786f0f3e-fef7-4ac3-8e4f-58e9f7fb7010 99c58d5110ce446786419eee611701af 990afd1b107147cb90690fa23c988025 - - default default] create failed (client error): The server could not comply with the request since it is either malformed or otherwise incorrect.
2026-06-15 21:16:49.459 9 INFO neutron.api.wsgi [None req-786f0f3e-fef7-4ac3-8e4f-58e9f7fb7010 99c58d5110ce446786419eee611701af 990afd1b107147cb90690fa23c988025 - - default default] 10.0.0.47 "POST /v2.0/vpn/vpnservices HTTP/1.1" status: 400 len: 397 time: 0.1205082
2026-06-15 21:16:50.074 9 INFO neutron.api.wsgi [None req-4e09519e-7918-4f44-b33d-beb971702eae 99c58d5110ce446786419eee611701af 990afd1b107147cb90690fa23c988025 - - default default] 10.0.0.47 "DELETE /v2.0/networks/9c4ead6e-cebe-4778-869b-1769a1aca155 HTTP/1.1" status: 204 len: 168 time: 0.6063690
2026-06-15 21:16:50.256 9 INFO neutron.services.segments.plugin [-] Segment 834c9615-f40e-4ce9-a8a9-cbf7c2ff2dee resource provider aggregate not found
2026-06-15 21:16:50.272 9 INFO neutron.services.segments.plugin [-] Segment 834c9615-f40e-4ce9-a8a9-cbf7c2ff2dee resource provider not found; error: Placement Client Error (4xx): {"errors": [{"status": 404, "title": "Not Found", "detail": "The resource could not be found.\n\n No resource provider with uuid 834c9615-f40e-4ce9-a8a9-cbf7c2ff2dee found for delete ", "request_id": "req-46e2d52c-98e9-405e-8a5b-8b9e94630869"}]}
2026-06-15 21:16:50.282 9 INFO neutron.services.segments.plugin [-] Segment 834c9615-f40e-4ce9-a8a9-cbf7c2ff2dee resource provider aggregate not found
2026-06-15 21:16:50.302 9 INFO neutron.services.segments.plugin [-] Segment 834c9615-f40e-4ce9-a8a9-cbf7c2ff2dee resource provider not found; error: Placement Client Error (4xx): {"errors": [{"status": 404, "title": "Not Found", "detail": "The resource could not be found.\n\n No resource provider with uuid 834c9615-f40e-4ce9-a8a9-cbf7c2ff2dee found for delete ", "request_id": "req-157558fb-55eb-4954-accb-d044a778151f"}]}
2026-06-15 21:16:50.317 10 INFO neutron.db.ovn_revision_numbers_db [None req-afdb6660-829c-47b4-ac36-c84ae499e153 a3ea93befd754a618602e16b9f998c5f c0e83b85323b40f4853ba0f176a59c3d - - default default] Successfully bumped revision number for resource 254631c9-6e4a-4fba-8f1e-b7e6e9f36758 (type: security_groups) to 1
2026-06-15 21:16:50.339 10 INFO neutron.db.ovn_revision_numbers_db [None req-afdb6660-829c-47b4-ac36-c84ae499e153 a3ea93befd754a618602e16b9f998c5f c0e83b85323b40f4853ba0f176a59c3d - - default default] Successfully bumped revision number for resource 14ee5952-6430-48e4-bfd6-636d88473439 (type: security_group_rules) to 0
2026-06-15 21:16:50.355 10 INFO neutron.db.ovn_revision_numbers_db [None req-afdb6660-829c-47b4-ac36-c84ae499e153 a3ea93befd754a618602e16b9f998c5f c0e83b85323b40f4853ba0f176a59c3d - - default default] Successfully bumped revision number for resource 4ebcf686-6b83-4bf1-8eeb-cbc8810f4e83 (type: security_group_rules) to 0
2026-06-15 21:16:50.385 10 INFO neutron.db.ovn_revision_numbers_db [None req-afdb6660-829c-47b4-ac36-c84ae499e153 a3ea93befd754a618602e16b9f998c5f c0e83b85323b40f4853ba0f176a59c3d - - default default] Successfully bumped revision number for resource 920ef7fe-1824-4f38-95a8-70eaf21e60ff (type: security_group_rules) to 0
2026-06-15 21:16:50.414 10 INFO neutron.db.ovn_revision_numbers_db [None req-afdb6660-829c-47b4-ac36-c84ae499e153 a3ea93befd754a618602e16b9f998c5f c0e83b85323b40f4853ba0f176a59c3d - - default default] Successfully bumped revision number for resource b24dc746-0f71-4845-a1bb-35ee2e074f07 (type: security_group_rules) to 0
2026-06-15 21:16:50.450 10 INFO neutron.api.wsgi [None req-afdb6660-829c-47b4-ac36-c84ae499e153 a3ea93befd754a618602e16b9f998c5f c0e83b85323b40f4853ba0f176a59c3d - - default default] 10.0.0.47 "GET /v2.0/security-groups?tenant_id=ff2ff00ae74b45a193c1d6da0cee527b&name=default HTTP/1.1" status: 200 len: 3124 time: 0.3572652
2026-06-15 21:16:50.689 10 INFO neutron.api.wsgi [None req-207f58f0-fb5c-4c78-88ab-07c9ecc7dbfc a3ea93befd754a618602e16b9f998c5f c0e83b85323b40f4853ba0f176a59c3d - - default default] 10.0.0.47 "DELETE /v2.0/security-groups/254631c9-6e4a-4fba-8f1e-b7e6e9f36758 HTTP/1.1" status: 204 len: 168 time: 0.2337434
2026-06-15 21:16:50.909 9 INFO neutron.api.wsgi [None req-548c9f88-ab45-49cb-b298-85471e402553 99c58d5110ce446786419eee611701af 990afd1b107147cb90690fa23c988025 - - default default] 10.0.0.47 "DELETE /v2.0/routers/0d69aefc-27f7-4dee-b7b7-1baf615a491c HTTP/1.1" status: 204 len: 168 time: 0.8282628
2026-06-15 21:16:50.929 10 WARNING neutron.api.v2.base [None req-ff6a2d7f-0134-4ddc-a42a-4e2357e44727 a196b115d18e4edb9666f495b38fd8b8 b26dbc4bb7e1423dab3499e92ddf4eb2 - - default default] An exception happened while processing the request body. The exception message is [Invalid input for description. Reason: 'yyyyyyyyyyyyyyyyyyyyyyyyyyyyyyyyyyyyyyyyyyyyyyyyyyyyyyyyyyyyyyyyyyyyyyyyyyyyyyyyyyyyyyyyyyyyyyyyyyyyyyyyyyyyyyyyyyyyyyyyyyyyyyyyyyyyyyyyyyyyyyyyyyyyyyyyyyyyyyyyyyyyyyyyyyyyyyyyyyyyyyyyyyyyyyyyyyyyyyyyyyyyyyyyyyyyyyyyyyyyyyyyyyyyyyyyyyyyyyyyyyyyyyyyyyyyyyyy' exceeds maximum length of 255.].: webob.exc.HTTPBadRequest: Invalid input for description. Reason: 'yyyyyyyyyyyyyyyyyyyyyyyyyyyyyyyyyyyyyyyyyyyyyyyyyyyyyyyyyyyyyyyyyyyyyyyyyyyyyyyyyyyyyyyyyyyyyyyyyyyyyyyyyyyyyyyyyyyyyyyyyyyyyyyyyyyyyyyyyyyyyyyyyyyyyyyyyyyyyyyyyyyyyyyyyyyyyyyyyyyyyyyyyyyyyyyyyyyyyyyyyyyyyyyyyyyyyyyyyyyyyyyyyyyyyyyyyyyyyyyyyyyyyyyyyyyyyyyy' exceeds maximum length of 255.
2026-06-15 21:16:50.930 10 INFO neutron.api.v2.resource [None req-ff6a2d7f-0134-4ddc-a42a-4e2357e44727 a196b115d18e4edb9666f495b38fd8b8 b26dbc4bb7e1423dab3499e92ddf4eb2 - - default default] create failed (client error): Invalid input for description. Reason: 'yyyyyyyyyyyyyyyyyyyyyyyyyyyyyyyyyyyyyyyyyyyyyyyyyyyyyyyyyyyyyyyyyyyyyyyyyyyyyyyyyyyyyyyyyyyyyyyyyyyyyyyyyyyyyyyyyyyyyyyyyyyyyyyyyyyyyyyyyyyyyyyyyyyyyyyyyyyyyyyyyyyyyyyyyyyyyyyyyyyyyyyyyyyyyyyyyyyyyyyyyyyyyyyyyyyyyyyyyyyyyyyyyyyyyyyyyyyyyyyyyyyyyyyyyyyyyyyy' exceeds maximum length of 255.
2026-06-15 21:16:50.931 10 INFO neutron.api.wsgi [None req-ff6a2d7f-0134-4ddc-a42a-4e2357e44727 a196b115d18e4edb9666f495b38fd8b8 b26dbc4bb7e1423dab3499e92ddf4eb2 - - default default] 10.0.0.47 "POST /v2.0/vpn/vpnservices HTTP/1.1" status: 400 len: 604 time: 0.0094874
2026-06-15 21:16:50.943 9 WARNING neutron.api.v2.base [None req-b61391a9-1807-405f-bb15-b7b52962d820 a196b115d18e4edb9666f495b38fd8b8 b26dbc4bb7e1423dab3499e92ddf4eb2 - - default default] An exception happened while processing the request body. The exception message is [Invalid input for name. Reason: 'xxxxxxxxxxxxxxxxxxxxxxxxxxxxxxxxxxxxxxxxxxxxxxxxxxxxxxxxxxxxxxxxxxxxxxxxxxxxxxxxxxxxxxxxxxxxxxxxxxxxxxxxxxxxxxxxxxxxxxxxxxxxxxxxxxxxxxxxxxxxxxxxxxxxxxxxxxxxxxxxxxxxxxxxxxxxxxxxxxxxxxxxxxxxxxxxxxxxxxxxxxxxxxxxxxxxxxxxxxxxxxxxxxxxxxxxxxxxxxxxxxxxxxxxxxxxxxxx' exceeds maximum length of 255.].: webob.exc.HTTPBadRequest: Invalid input for name. Reason: 'xxxxxxxxxxxxxxxxxxxxxxxxxxxxxxxxxxxxxxxxxxxxxxxxxxxxxxxxxxxxxxxxxxxxxxxxxxxxxxxxxxxxxxxxxxxxxxxxxxxxxxxxxxxxxxxxxxxxxxxxxxxxxxxxxxxxxxxxxxxxxxxxxxxxxxxxxxxxxxxxxxxxxxxxxxxxxxxxxxxxxxxxxxxxxxxxxxxxxxxxxxxxxxxxxxxxxxxxxxxxxxxxxxxxxxxxxxxxxxxxxxxxxxxxxxxxxxxx' exceeds maximum length of 255.
2026-06-15 21:16:50.944 9 INFO neutron.api.v2.resource [None req-b61391a9-1807-405f-bb15-b7b52962d820 a196b115d18e4edb9666f495b38fd8b8 b26dbc4bb7e1423dab3499e92ddf4eb2 - - default default] create failed (client error): Invalid input for name. Reason: 'xxxxxxxxxxxxxxxxxxxxxxxxxxxxxxxxxxxxxxxxxxxxxxxxxxxxxxxxxxxxxxxxxxxxxxxxxxxxxxxxxxxxxxxxxxxxxxxxxxxxxxxxxxxxxxxxxxxxxxxxxxxxxxxxxxxxxxxxxxxxxxxxxxxxxxxxxxxxxxxxxxxxxxxxxxxxxxxxxxxxxxxxxxxxxxxxxxxxxxxxxxxxxxxxxxxxxxxxxxxxxxxxxxxxxxxxxxxxxxxxxxxxxxxxxxxxxxxx' exceeds maximum length of 255.
2026-06-15 21:16:50.945 9 INFO neutron.api.wsgi [None req-b61391a9-1807-405f-bb15-b7b52962d820 a196b115d18e4edb9666f495b38fd8b8 b26dbc4bb7e1423dab3499e92ddf4eb2 - - default default] 10.0.0.47 "POST /v2.0/vpn/vpnservices HTTP/1.1" status: 400 len: 597 time: 0.0077977
2026-06-15 21:16:50.958 9 WARNING neutron_lib.context [None req-2866aab3-d499-40a9-b0f1-5fbbe0e044e6 a196b115d18e4edb9666f495b38fd8b8 b26dbc4bb7e1423dab3499e92ddf4eb2 - - default default] Method 'is_advsvc' is deprecated since 2023.2 release (neutron-lib 3.8.0) and will be removed once support for the old RBAC API policies will be removed from Neutron. Please use method 'is_service_role' instead.
2026-06-15 21:16:50.985 10 INFO neutron.db.ovn_revision_numbers_db [None req-99a9233f-edcd-4bf7-a713-301271559583 a3ea93befd754a618602e16b9f998c5f c0e83b85323b40f4853ba0f176a59c3d - - default default] Successfully bumped revision number for resource 6f8b0300-27ed-430a-aa2a-a6d17bad3a0a (type: security_groups) to 1
2026-06-15 21:16:50.997 9 INFO neutron.api.v2.resource [None req-2866aab3-d499-40a9-b0f1-5fbbe0e044e6 a196b115d18e4edb9666f495b38fd8b8 b26dbc4bb7e1423dab3499e92ddf4eb2 - - default default] create failed (client error): The server could not comply with the request since it is either malformed or otherwise incorrect.
2026-06-15 21:16:50.999 9 INFO neutron.api.wsgi [None req-2866aab3-d499-40a9-b0f1-5fbbe0e044e6 a196b115d18e4edb9666f495b38fd8b8 b26dbc4bb7e1423dab3499e92ddf4eb2 - - default default] 10.0.0.47 "POST /v2.0/vpn/endpoint-groups HTTP/1.1" status: 400 len: 386 time: 0.0470071
2026-06-15 21:16:51.000 10 INFO neutron.db.ovn_revision_numbers_db [None req-99a9233f-edcd-4bf7-a713-301271559583 a3ea93befd754a618602e16b9f998c5f c0e83b85323b40f4853ba0f176a59c3d - - default default] Successfully bumped revision number for resource 54ee13bc-3f5e-46f2-8d9f-21a61c3012f1 (type: security_group_rules) to 0
2026-06-15 21:16:51.013 9 WARNING neutron_lib.context [None req-8052a80d-7d5c-4b06-bace-70fe4cd2fc31 a196b115d18e4edb9666f495b38fd8b8 b26dbc4bb7e1423dab3499e92ddf4eb2 - - default default] Method 'is_advsvc' is deprecated since 2023.2 release (neutron-lib 3.8.0) and will be removed once support for the old RBAC API policies will be removed from Neutron. Please use method 'is_service_role' instead.
2026-06-15 21:16:51.016 10 INFO neutron.db.ovn_revision_numbers_db [None req-99a9233f-edcd-4bf7-a713-301271559583 a3ea93befd754a618602e16b9f998c5f c0e83b85323b40f4853ba0f176a59c3d - - default default] Successfully bumped revision number for resource 7e99dae7-4643-49a1-a86e-8d9a6f949f5b (type: security_group_rules) to 0
2026-06-15 21:16:51.032 10 INFO neutron.db.ovn_revision_numbers_db [None req-99a9233f-edcd-4bf7-a713-301271559583 a3ea93befd754a618602e16b9f998c5f c0e83b85323b40f4853ba0f176a59c3d - - default default] Successfully bumped revision number for resource be58cd82-2493-43fb-a16b-8bfb6b1aec08 (type: security_group_rules) to 0
2026-06-15 21:16:51.042 9 INFO neutron.api.v2.resource [None req-8052a80d-7d5c-4b06-bace-70fe4cd2fc31 a196b115d18e4edb9666f495b38fd8b8 b26dbc4bb7e1423dab3499e92ddf4eb2 - - default default] create failed (client error): The server could not comply with the request since it is either malformed or otherwise incorrect.
2026-06-15 21:16:51.044 9 INFO neutron.api.wsgi [None req-8052a80d-7d5c-4b06-bace-70fe4cd2fc31 a196b115d18e4edb9666f495b38fd8b8 b26dbc4bb7e1423dab3499e92ddf4eb2 - - default default] 10.0.0.47 "POST /v2.0/vpn/endpoint-groups HTTP/1.1" status: 400 len: 363 time: 0.0358794
2026-06-15 21:16:51.049 10 INFO neutron.db.ovn_revision_numbers_db [None req-99a9233f-edcd-4bf7-a713-301271559583 a3ea93befd754a618602e16b9f998c5f c0e83b85323b40f4853ba0f176a59c3d - - default default] Successfully bumped revision number for resource c040b4ea-b749-4f99-8523-d863ae291390 (type: security_group_rules) to 0
2026-06-15 21:16:51.056 9 WARNING neutron_lib.context [None req-72fa4258-386e-40d3-9415-d8cbfd2059a7 a196b115d18e4edb9666f495b38fd8b8 b26dbc4bb7e1423dab3499e92ddf4eb2 - - default default] Method 'is_advsvc' is deprecated since 2023.2 release (neutron-lib 3.8.0) and will be removed once support for the old RBAC API policies will be removed from Neutron. Please use method 'is_service_role' instead.
2026-06-15 21:16:51.084 9 INFO neutron.api.v2.resource [None req-72fa4258-386e-40d3-9415-d8cbfd2059a7 a196b115d18e4edb9666f495b38fd8b8 b26dbc4bb7e1423dab3499e92ddf4eb2 - - default default] create failed (client error): The server could not comply with the request since it is either malformed or otherwise incorrect.
2026-06-15 21:16:51.086 9 INFO neutron.api.wsgi [None req-72fa4258-386e-40d3-9415-d8cbfd2059a7 a196b115d18e4edb9666f495b38fd8b8 b26dbc4bb7e1423dab3499e92ddf4eb2 - - default default] 10.0.0.47 "POST /v2.0/vpn/endpoint-groups HTTP/1.1" status: 400 len: 357 time: 0.0353682
2026-06-15 21:16:51.091 10 INFO neutron.api.wsgi [None req-99a9233f-edcd-4bf7-a713-301271559583 a3ea93befd754a618602e16b9f998c5f c0e83b85323b40f4853ba0f176a59c3d - - default default] 10.0.0.47 "GET /v2.0/security-groups?tenant_id=02ff8afcf2594f2f9e3e4531740059df&name=default HTTP/1.1" status: 200 len: 3124 time: 0.2931657
2026-06-15 21:16:51.103 9 INFO neutron.api.wsgi [None req-0b681971-e0d5-49a4-bcb6-69951bfdebdc a196b115d18e4edb9666f495b38fd8b8 b26dbc4bb7e1423dab3499e92ddf4eb2 - - default default] 10.0.0.47 "GET /v2.0/vpn/ikepolicies HTTP/1.1" status: 200 len: 602 time: 0.0106184
2026-06-15 21:16:51.122 9 INFO neutron.api.wsgi [None req-64508581-cf2b-4463-bc6d-570ecdc6abc6 a196b115d18e4edb9666f495b38fd8b8 b26dbc4bb7e1423dab3499e92ddf4eb2 - - default default] 10.0.0.47 "GET /v2.0/vpn/ipsecpolicies HTTP/1.1" status: 200 len: 611 time: 0.0132661
2026-06-15 21:16:51.159 9 INFO neutron.api.wsgi [None req-4300c320-3813-475c-9144-f9f942cdce66 a196b115d18e4edb9666f495b38fd8b8 b26dbc4bb7e1423dab3499e92ddf4eb2 - - default default] 10.0.0.47 "GET /v2.0/vpn/ipsec-site-connections HTTP/1.1" status: 200 len: 990 time: 0.0308139
2026-06-15 21:16:51.182 10 INFO neutron.api.wsgi [None req-e212bd99-edac-4617-8369-69018b942166 a196b115d18e4edb9666f495b38fd8b8 b26dbc4bb7e1423dab3499e92ddf4eb2 - - default default] 10.0.0.47 "GET /v2.0/vpn/vpnservices HTTP/1.1" status: 200 len: 1057 time: 0.0128136
2026-06-15 21:16:51.199 10 INFO neutron.api.wsgi [None req-656a3e09-abfe-42a0-a1e2-802a37674121 a196b115d18e4edb9666f495b38fd8b8 b26dbc4bb7e1423dab3499e92ddf4eb2 - - default default] 10.0.0.47 "GET /v2.0/vpn/endpoint-groups/5c114dbd-2ef2-4c46-a6fe-e86ceefe2ac7 HTTP/1.1" status: 200 len: 522 time: 0.0107586
2026-06-15 21:16:51.234 9 INFO neutron.api.wsgi [None req-be5bbf27-cf32-439c-9b06-5881002c8e94 a196b115d18e4edb9666f495b38fd8b8 b26dbc4bb7e1423dab3499e92ddf4eb2 - - default default] 10.0.0.47 "GET /v2.0/vpn/endpoint-groups/58e9dcce-18df-4bf6-ba44-c95bdb59dbb9 HTTP/1.1" status: 200 len: 514 time: 0.0271039
2026-06-15 21:16:51.255 9 INFO neutron.api.wsgi [None req-8b0567a3-1278-4f36-9da7-f7385a181b90 a196b115d18e4edb9666f495b38fd8b8 b26dbc4bb7e1423dab3499e92ddf4eb2 - - default default] 10.0.0.47 "GET /v2.0/vpn/ikepolicies/b08e5be3-04d6-4665-a624-1a4843dea517 HTTP/1.1" status: 200 len: 598 time: 0.0149567
2026-06-15 21:16:51.272 9 INFO neutron.api.wsgi [None req-642dd71b-9ef6-4033-a110-fa178e3c8f16 a196b115d18e4edb9666f495b38fd8b8 b26dbc4bb7e1423dab3499e92ddf4eb2 - - default default] 10.0.0.47 "GET /v2.0/vpn/ipsecpolicies/81265944-7cf6-4cae-824d-7f368a11360e HTTP/1.1" status: 200 len: 607 time: 0.0102808
2026-06-15 21:16:51.295 9 INFO neutron.api.wsgi [None req-e64ab8fd-d781-4acd-85c3-55d853795788 a196b115d18e4edb9666f495b38fd8b8 b26dbc4bb7e1423dab3499e92ddf4eb2 - - default default] 10.0.0.47 "GET /v2.0/vpn/vpnservices/953ff13a-3bae-40be-95c2-492b47dc20aa HTTP/1.1" status: 200 len: 644 time: 0.0152595
2026-06-15 21:16:51.350 10 INFO neutron.api.wsgi [None req-73d8f33f-21fb-4f0d-b580-03829689e75b a3ea93befd754a618602e16b9f998c5f c0e83b85323b40f4853ba0f176a59c3d - - default default] 10.0.0.47 "DELETE /v2.0/security-groups/6f8b0300-27ed-430a-aa2a-a6d17bad3a0a HTTP/1.1" status: 204 len: 168 time: 0.2529075
2026-06-15 21:16:51.524 10 INFO neutron.api.wsgi [None req-1878f1ad-a729-4fb4-97bf-3746970781cf a3ea93befd754a618602e16b9f998c5f c0e83b85323b40f4853ba0f176a59c3d - - default default] 10.0.0.47 "GET /v2.0/security-groups?tenant_id=82c07724536a4924b1e5fe1aba3b3e06&name=default HTTP/1.1" status: 200 len: 3124 time: 0.0361302
2026-06-15 21:16:51.740 10 INFO neutron.api.wsgi [None req-0baa9be3-dc5f-4411-bade-f5bcea8fbc9f a3ea93befd754a618602e16b9f998c5f c0e83b85323b40f4853ba0f176a59c3d - - default default] 10.0.0.47 "DELETE /v2.0/security-groups/78fbdb1a-4d95-4869-8891-ac798e6d695f HTTP/1.1" status: 204 len: 168 time: 0.2133620
2026-06-15 21:16:52.350 9 INFO neutron.db.ovn_revision_numbers_db [None req-fcad4f7d-f40d-47e2-bd3c-faac40f7ab06 a196b115d18e4edb9666f495b38fd8b8 b26dbc4bb7e1423dab3499e92ddf4eb2 - - default default] Successfully bumped revision number for resource b56ecf1c-aff2-4fa5-acad-58e97897a10e (type: routers) to 10
2026-06-15 21:16:52.385 9 INFO neutron.api.wsgi [None req-fcad4f7d-f40d-47e2-bd3c-faac40f7ab06 a196b115d18e4edb9666f495b38fd8b8 b26dbc4bb7e1423dab3499e92ddf4eb2 - - default default] 10.0.0.47 "DELETE /v2.0/vpn/ipsec-site-connections/89ac2703-1720-441f-9e7f-f3a870f558ab HTTP/1.1" status: 204 len: 168 time: 1.0809691
2026-06-15 21:16:52.423 9 INFO neutron.api.wsgi [None req-554b6661-3879-44ca-bca9-aff1fbe6bad7 a196b115d18e4edb9666f495b38fd8b8 b26dbc4bb7e1423dab3499e92ddf4eb2 - - default default] 10.0.0.47 "DELETE /v2.0/vpn/endpoint-groups/5c114dbd-2ef2-4c46-a6fe-e86ceefe2ac7 HTTP/1.1" status: 204 len: 168 time: 0.0287738
2026-06-15 21:16:52.453 9 INFO neutron.api.wsgi [None req-4d4e7071-32b3-4599-9028-20d6ba053a61 a196b115d18e4edb9666f495b38fd8b8 b26dbc4bb7e1423dab3499e92ddf4eb2 - - default default] 10.0.0.47 "DELETE /v2.0/vpn/endpoint-groups/58e9dcce-18df-4bf6-ba44-c95bdb59dbb9 HTTP/1.1" status: 204 len: 168 time: 0.0246563
2026-06-15 21:16:52.490 9 INFO neutron.api.wsgi [None req-b913df18-4a68-48f5-b0b3-4bf1b12011a2 a196b115d18e4edb9666f495b38fd8b8 b26dbc4bb7e1423dab3499e92ddf4eb2 - - default default] 10.0.0.47 "DELETE /v2.0/vpn/ipsecpolicies/81265944-7cf6-4cae-824d-7f368a11360e HTTP/1.1" status: 204 len: 168 time: 0.0306878
2026-06-15 21:16:52.526 9 INFO neutron.api.wsgi [None req-5bd7e2d9-350b-4a70-859a-2fc87bda7e1b a196b115d18e4edb9666f495b38fd8b8 b26dbc4bb7e1423dab3499e92ddf4eb2 - - default default] 10.0.0.47 "DELETE /v2.0/vpn/ikepolicies/b08e5be3-04d6-4665-a624-1a4843dea517 HTTP/1.1" status: 204 len: 168 time: 0.0282624
2026-06-15 21:16:52.585 9 INFO neutron.api.wsgi [None req-e20e4fcb-8e8f-4a37-980a-9e47bd3a7fb9 a196b115d18e4edb9666f495b38fd8b8 b26dbc4bb7e1423dab3499e92ddf4eb2 - - default default] 10.0.0.47 "DELETE /v2.0/vpn/vpnservices/953ff13a-3bae-40be-95c2-492b47dc20aa HTTP/1.1" status: 204 len: 168 time: 0.0536022
2026-06-15 21:16:54.405 9 WARNING neutron.plugins.ml2.drivers.ovn.mech_driver.ovsdb.ovn_client [None req-ca734ed5-0f74-4145-b656-b217e788a30f - - - - - -] No port found with ID 852c13d0-f43b-4af7-849a-fb7229bbfa9f: RuntimeError: No port found with ID 852c13d0-f43b-4af7-849a-fb7229bbfa9f
2026-06-15 21:16:54.775 10 INFO neutron.api.wsgi [-] 10.0.0.254 "GET / HTTP/1.1" status: 200 len: 247 time: 0.0028183
2026-06-15 21:16:54.778 10 INFO neutron.api.wsgi [-] 10.0.0.254 "GET / HTTP/1.1" status: 200 len: 247 time: 0.0019212
2026-06-15 21:16:55.481 9 INFO neutron.services.segments.plugin [-] Segment 7b2bcc0c-8803-4ff1-bc0a-47dc4e581352 resource provider aggregate not found
2026-06-15 21:16:55.487 9 INFO neutron.services.segments.plugin [-] Segment 7b2bcc0c-8803-4ff1-bc0a-47dc4e581352 resource provider aggregate not found
2026-06-15 21:16:55.497 9 INFO neutron.services.segments.plugin [-] Segment 7b2bcc0c-8803-4ff1-bc0a-47dc4e581352 resource provider not found; error: Placement Client Error (4xx): {"errors": [{"status": 404, "title": "Not Found", "detail": "The resource could not be found.\n\n No resource provider with uuid 7b2bcc0c-8803-4ff1-bc0a-47dc4e581352 found for delete ", "request_id": "req-239d6016-1252-45c5-b9bb-595a096aa35d"}]}
2026-06-15 21:16:55.511 9 INFO neutron.services.segments.plugin [-] Segment 7b2bcc0c-8803-4ff1-bc0a-47dc4e581352 resource provider not found; error: Placement Client Error (4xx): {"errors": [{"status": 404, "title": "Not Found", "detail": "The resource could not be found.\n\n No resource provider with uuid 7b2bcc0c-8803-4ff1-bc0a-47dc4e581352 found for delete ", "request_id": "req-1b2cb956-9412-4fa5-8d00-ae7747f94dc1"}]}
2026-06-15 21:16:55.549 9 INFO neutron.api.wsgi [None req-e17d074b-19bf-4948-b62f-2ee20959d146 a196b115d18e4edb9666f495b38fd8b8 b26dbc4bb7e1423dab3499e92ddf4eb2 - - default default] 10.0.0.47 "DELETE /v2.0/vpn/vpnservices/ef2a4488-e9c0-4004-8366-04fa0f426a1f HTTP/1.1" status: 204 len: 168 time: 2.9553757 /var/lib/openstack/lib/python3.12/site-packages/pycadf/identifier.py:71: UserWarning: Invalid uuid: neutron. To ensure interoperability, identifiers should be a valid uuid. warnings.warn(('Invalid uuid: %s. To ensure interoperability, '
2026-06-15 21:16:55.670 9 INFO neutron.api.wsgi [None req-98a027ed-c644-4558-b922-a48cc6d6ba20 a196b115d18e4edb9666f495b38fd8b8 b26dbc4bb7e1423dab3499e92ddf4eb2 - - default default] 10.0.0.47 "GET /v2.0/routers/b56ecf1c-aff2-4fa5-acad-58e97897a10e HTTP/1.1" status: 200 len: 1137 time: 0.1110384
2026-06-15 21:16:56.621 9 WARNING neutron_lib.context [None req-de92db63-8c50-418c-a622-03998c538d60 97b3f0dd9746485184b0705716cb266c 9baa654e94864b8d8c599ce3c515406f - - default default] Method 'is_advsvc' is deprecated since 2023.2 release (neutron-lib 3.8.0) and will be removed once support for the old RBAC API policies will be removed from Neutron. Please use method 'is_service_role' instead.
2026-06-15 21:16:56.836 9 INFO neutron.db.ovn_revision_numbers_db [None req-de92db63-8c50-418c-a622-03998c538d60 97b3f0dd9746485184b0705716cb266c 9baa654e94864b8d8c599ce3c515406f - - default default] Successfully bumped revision number for resource 133add98-ffb3-447e-9295-b5c0ba3d436e (type: security_groups) to 1
2026-06-15 21:16:56.851 10 INFO neutron.db.ovn_revision_numbers_db [None req-01dbf49c-4341-4580-826d-eaa4cb0b7534 a196b115d18e4edb9666f495b38fd8b8 b26dbc4bb7e1423dab3499e92ddf4eb2 - - default default] Successfully bumped revision number for resource b56ecf1c-aff2-4fa5-acad-58e97897a10e (type: routers) to 11
2026-06-15 21:16:56.852 9 INFO neutron.db.ovn_revision_numbers_db [None req-de92db63-8c50-418c-a622-03998c538d60 97b3f0dd9746485184b0705716cb266c 9baa654e94864b8d8c599ce3c515406f - - default default] Successfully bumped revision number for resource 20c41a2e-6fe1-4a32-8331-db7d9dfe6eb5 (type: security_group_rules) to 0
2026-06-15 21:16:56.864 10 INFO neutron.api.wsgi [None req-01dbf49c-4341-4580-826d-eaa4cb0b7534 a196b115d18e4edb9666f495b38fd8b8 b26dbc4bb7e1423dab3499e92ddf4eb2 - - default default] 10.0.0.47 "PUT /v2.0/routers/b56ecf1c-aff2-4fa5-acad-58e97897a10e HTTP/1.1" status: 200 len: 1137 time: 1.1866064
2026-06-15 21:16:56.868 9 INFO neutron.db.ovn_revision_numbers_db [None req-de92db63-8c50-418c-a622-03998c538d60 97b3f0dd9746485184b0705716cb266c 9baa654e94864b8d8c599ce3c515406f - - default default] Successfully bumped revision number for resource 4b696141-1c5f-48b0-be25-ff2733d2da76 (type: security_group_rules) to 0
2026-06-15 21:16:56.896 9 INFO neutron.db.ovn_revision_numbers_db [None req-de92db63-8c50-418c-a622-03998c538d60 97b3f0dd9746485184b0705716cb266c 9baa654e94864b8d8c599ce3c515406f - - default default] Successfully bumped revision number for resource 60d7a773-82e4-4913-a3b9-6c43e9716bbe (type: security_group_rules) to 0
2026-06-15 21:16:56.920 9 INFO neutron.db.ovn_revision_numbers_db [None req-de92db63-8c50-418c-a622-03998c538d60 97b3f0dd9746485184b0705716cb266c 9baa654e94864b8d8c599ce3c515406f - - default default] Successfully bumped revision number for resource ab615c55-f9a4-4ba7-8adb-483fecde68fd (type: security_group_rules) to 0
2026-06-15 21:16:56.975 9 INFO neutron.api.wsgi [None req-7f18d8a8-cfac-4887-9e21-217e2ce84fb1 a196b115d18e4edb9666f495b38fd8b8 b26dbc4bb7e1423dab3499e92ddf4eb2 - - default default] 10.0.0.47 "GET /v2.0/ports?device_id=b56ecf1c-aff2-4fa5-acad-58e97897a10e HTTP/1.1" status: 200 len: 1140 time: 0.1048522
2026-06-15 21:16:57.031 9 INFO neutron.db.segments_db [None req-de92db63-8c50-418c-a622-03998c538d60 97b3f0dd9746485184b0705716cb266c 9baa654e94864b8d8c599ce3c515406f - - default default] Added segment 5d14a894-87a4-4149-9c3a-9280aa7f882c of type geneve for network f678b277-c10b-4794-bdbf-d3eb832f0a2a
2026-06-15 21:16:57.181 9 INFO neutron.db.ovn_revision_numbers_db [None req-de92db63-8c50-418c-a622-03998c538d60 97b3f0dd9746485184b0705716cb266c 9baa654e94864b8d8c599ce3c515406f - - default default] Successfully bumped revision number for resource f678b277-c10b-4794-bdbf-d3eb832f0a2a (type: networks) to 1
2026-06-15 21:16:57.376 9 WARNING neutron.scheduler.dhcp_agent_scheduler [None req-de92db63-8c50-418c-a622-03998c538d60 97b3f0dd9746485184b0705716cb266c 9baa654e94864b8d8c599ce3c515406f - - default default] No more DHCP agents
2026-06-15 21:16:57.377 9 WARNING neutron.api.rpc.agentnotifiers.dhcp_rpc_agent_api [None req-de92db63-8c50-418c-a622-03998c538d60 97b3f0dd9746485184b0705716cb266c 9baa654e94864b8d8c599ce3c515406f - - default default] Unable to schedule network f678b277-c10b-4794-bdbf-d3eb832f0a2a: no agents available; will retry on subsequent port and subnet creation events.
2026-06-15 21:16:57.457 9 INFO neutron.db.ovn_revision_numbers_db [None req-de92db63-8c50-418c-a622-03998c538d60 97b3f0dd9746485184b0705716cb266c 9baa654e94864b8d8c599ce3c515406f - - default default] Successfully bumped revision number for resource a33c79bf-b4d9-46f5-a108-0e740cedea09 (type: ports) to 1
2026-06-15 21:16:57.481 9 INFO neutron.api.wsgi [None req-de92db63-8c50-418c-a622-03998c538d60 97b3f0dd9746485184b0705716cb266c 9baa654e94864b8d8c599ce3c515406f - - default default] 10.0.0.47 "POST /v2.0/networks HTTP/1.1" status: 201 len: 830 time: 1.0206327
2026-06-15 21:16:57.491 9 WARNING neutron_lib.context [None req-a489b5d1-048b-4093-bc2d-244e651cc27c 97b3f0dd9746485184b0705716cb266c 9baa654e94864b8d8c599ce3c515406f - - default default] Method 'is_advsvc' is deprecated since 2023.2 release (neutron-lib 3.8.0) and will be removed once support for the old RBAC API policies will be removed from Neutron. Please use method 'is_service_role' instead.
2026-06-15 21:16:57.578 9 INFO neutron.db.segments_db [None req-a489b5d1-048b-4093-bc2d-244e651cc27c 97b3f0dd9746485184b0705716cb266c 9baa654e94864b8d8c599ce3c515406f - - default default] Added segment 103e455c-48bf-49a0-8a92-d7a70d51e756 of type geneve for network ae1fe0bb-aa0b-40b3-9ff0-25b976d2c6e7
2026-06-15 21:16:57.719 9 INFO neutron.db.ovn_revision_numbers_db [None req-a489b5d1-048b-4093-bc2d-244e651cc27c 97b3f0dd9746485184b0705716cb266c 9baa654e94864b8d8c599ce3c515406f - - default default] Successfully bumped revision number for resource ae1fe0bb-aa0b-40b3-9ff0-25b976d2c6e7 (type: networks) to 1
2026-06-15 21:16:57.961 9 INFO neutron.api.wsgi [None req-23d0b378-59ee-47ed-952d-0cc535591871 a196b115d18e4edb9666f495b38fd8b8 b26dbc4bb7e1423dab3499e92ddf4eb2 - - default default] 10.0.0.47 "PUT /v2.0/routers/b56ecf1c-aff2-4fa5-acad-58e97897a10e/remove_router_interface HTTP/1.1" status: 200 len: 503 time: 0.9780779
2026-06-15 21:16:57.970 9 WARNING neutron.scheduler.dhcp_agent_scheduler [None req-a489b5d1-048b-4093-bc2d-244e651cc27c 97b3f0dd9746485184b0705716cb266c 9baa654e94864b8d8c599ce3c515406f - - default default] No more DHCP agents
2026-06-15 21:16:57.971 9 WARNING neutron.api.rpc.agentnotifiers.dhcp_rpc_agent_api [None req-a489b5d1-048b-4093-bc2d-244e651cc27c 97b3f0dd9746485184b0705716cb266c 9baa654e94864b8d8c599ce3c515406f - - default default] Unable to schedule network ae1fe0bb-aa0b-40b3-9ff0-25b976d2c6e7: no agents available; will retry on subsequent port and subnet creation events.
2026-06-15 21:16:58.053 9 INFO neutron.db.ovn_revision_numbers_db [None req-a489b5d1-048b-4093-bc2d-244e651cc27c 97b3f0dd9746485184b0705716cb266c 9baa654e94864b8d8c599ce3c515406f - - default default] Successfully bumped revision number for resource a320c829-69bc-4b9a-a4b4-c59a4d4f2731 (type: ports) to 1
2026-06-15 21:16:58.075 9 INFO neutron.api.wsgi [None req-a489b5d1-048b-4093-bc2d-244e651cc27c 97b3f0dd9746485184b0705716cb266c 9baa654e94864b8d8c599ce3c515406f - - default default] 10.0.0.47 "POST /v2.0/networks HTTP/1.1" status: 201 len: 831 time: 0.5890081 /var/lib/openstack/lib/python3.12/site-packages/pycadf/identifier.py:71: UserWarning: Invalid uuid: neutron. To ensure interoperability, identifiers should be a valid uuid. warnings.warn(('Invalid uuid: %s. To ensure interoperability, '
2026-06-15 21:16:58.102 9 WARNING neutron_lib.context [None req-9c4f5d72-9c92-4250-98cf-bbfb0ee1bdc6 97b3f0dd9746485184b0705716cb266c 9baa654e94864b8d8c599ce3c515406f - - default default] Method 'is_advsvc' is deprecated since 2023.2 release (neutron-lib 3.8.0) and will be removed once support for the old RBAC API policies will be removed from Neutron. Please use method 'is_service_role' instead.
2026-06-15 21:16:58.207 9 INFO neutron.db.segments_db [None req-9c4f5d72-9c92-4250-98cf-bbfb0ee1bdc6 97b3f0dd9746485184b0705716cb266c 9baa654e94864b8d8c599ce3c515406f - - default default] Added segment 94985dcf-67aa-4fb2-98a5-846b9e4decc0 of type geneve for network 4e3bf053-b7d5-4176-95fc-ffcaef0c7935
2026-06-15 21:16:58.373 9 INFO neutron.db.ovn_revision_numbers_db [None req-9c4f5d72-9c92-4250-98cf-bbfb0ee1bdc6 97b3f0dd9746485184b0705716cb266c 9baa654e94864b8d8c599ce3c515406f - - default default] Successfully bumped revision number for resource 4e3bf053-b7d5-4176-95fc-ffcaef0c7935 (type: networks) to 1
2026-06-15 21:16:58.558 9 WARNING neutron.scheduler.dhcp_agent_scheduler [None req-9c4f5d72-9c92-4250-98cf-bbfb0ee1bdc6 97b3f0dd9746485184b0705716cb266c 9baa654e94864b8d8c599ce3c515406f - - default default] No more DHCP agents
2026-06-15 21:16:58.560 9 WARNING neutron.api.rpc.agentnotifiers.dhcp_rpc_agent_api [None req-9c4f5d72-9c92-4250-98cf-bbfb0ee1bdc6 97b3f0dd9746485184b0705716cb266c 9baa654e94864b8d8c599ce3c515406f - - default default] Unable to schedule network 4e3bf053-b7d5-4176-95fc-ffcaef0c7935: no agents available; will retry on subsequent port and subnet creation events.
2026-06-15 21:16:58.634 9 INFO neutron.db.ovn_revision_numbers_db [None req-9c4f5d72-9c92-4250-98cf-bbfb0ee1bdc6 97b3f0dd9746485184b0705716cb266c 9baa654e94864b8d8c599ce3c515406f - - default default] Successfully bumped revision number for resource d629178b-76c3-45e0-8956-deaf683d7b25 (type: ports) to 1
2026-06-15 21:16:58.685 9 INFO neutron.api.wsgi [None req-9c4f5d72-9c92-4250-98cf-bbfb0ee1bdc6 97b3f0dd9746485184b0705716cb266c 9baa654e94864b8d8c599ce3c515406f - - default default] 10.0.0.47 "POST /v2.0/networks HTTP/1.1" status: 201 len: 830 time: 0.5944381
2026-06-15 21:16:58.696 9 WARNING neutron_lib.context [None req-bb6d8016-8a13-44a6-97e1-ca80d51f06f0 97b3f0dd9746485184b0705716cb266c 9baa654e94864b8d8c599ce3c515406f - - default default] Method 'is_advsvc' is deprecated since 2023.2 release (neutron-lib 3.8.0) and will be removed once support for the old RBAC API policies will be removed from Neutron. Please use method 'is_service_role' instead.
2026-06-15 21:16:58.789 9 INFO neutron.db.segments_db [None req-bb6d8016-8a13-44a6-97e1-ca80d51f06f0 97b3f0dd9746485184b0705716cb266c 9baa654e94864b8d8c599ce3c515406f - - default default] Added segment aa5bcdc0-e1c1-444f-968a-9655b4f34a6b of type geneve for network 8ae50f7c-503d-4e83-b76c-60f2ba29c790
2026-06-15 21:16:58.857 10 INFO neutron.api.wsgi [None req-d2da1cdd-c3df-4cf6-81b2-3103986f042f a196b115d18e4edb9666f495b38fd8b8 b26dbc4bb7e1423dab3499e92ddf4eb2 - - default default] 10.0.0.47 "DELETE /v2.0/routers/b56ecf1c-aff2-4fa5-acad-58e97897a10e HTTP/1.1" status: 204 len: 168 time: 0.8908782
2026-06-15 21:16:58.934 10 INFO neutron.api.wsgi [None req-87ab118f-0e43-4db4-9c5d-ec4b44833c2e a196b115d18e4edb9666f495b38fd8b8 b26dbc4bb7e1423dab3499e92ddf4eb2 - - default default] 10.0.0.47 "GET /v2.0/routers/7126a03f-cfe1-43ff-81c5-86b9779a330e HTTP/1.1" status: 200 len: 1137 time: 0.0704913
2026-06-15 21:16:58.973 9 INFO neutron.db.ovn_revision_numbers_db [None req-bb6d8016-8a13-44a6-97e1-ca80d51f06f0 97b3f0dd9746485184b0705716cb266c 9baa654e94864b8d8c599ce3c515406f - - default default] Successfully bumped revision number for resource 8ae50f7c-503d-4e83-b76c-60f2ba29c790 (type: networks) to 1
2026-06-15 21:16:59.176 9 WARNING neutron.scheduler.dhcp_agent_scheduler [None req-bb6d8016-8a13-44a6-97e1-ca80d51f06f0 97b3f0dd9746485184b0705716cb266c 9baa654e94864b8d8c599ce3c515406f - - default default] No more DHCP agents
2026-06-15 21:16:59.178 9 WARNING neutron.api.rpc.agentnotifiers.dhcp_rpc_agent_api [None req-bb6d8016-8a13-44a6-97e1-ca80d51f06f0 97b3f0dd9746485184b0705716cb266c 9baa654e94864b8d8c599ce3c515406f - - default default] Unable to schedule network 8ae50f7c-503d-4e83-b76c-60f2ba29c790: no agents available; will retry on subsequent port and subnet creation events.
2026-06-15 21:16:59.254 9 INFO neutron.db.ovn_revision_numbers_db [None req-bb6d8016-8a13-44a6-97e1-ca80d51f06f0 97b3f0dd9746485184b0705716cb266c 9baa654e94864b8d8c599ce3c515406f - - default default] Successfully bumped revision number for resource 1cd4f01c-26e0-4d62-91be-7fee6f8433ba (type: ports) to 1
2026-06-15 21:16:59.282 9 INFO neutron.api.wsgi [None req-bb6d8016-8a13-44a6-97e1-ca80d51f06f0 97b3f0dd9746485184b0705716cb266c 9baa654e94864b8d8c599ce3c515406f - - default default] 10.0.0.47 "POST /v2.0/networks HTTP/1.1" status: 201 len: 831 time: 0.5908992
2026-06-15 21:16:59.293 9 WARNING neutron_lib.context [None req-7f9a71fa-fc5a-424e-a7d7-d205ded3a967 97b3f0dd9746485184b0705716cb266c 9baa654e94864b8d8c599ce3c515406f - - default default] Method 'is_advsvc' is deprecated since 2023.2 release (neutron-lib 3.8.0) and will be removed once support for the old RBAC API policies will be removed from Neutron. Please use method 'is_service_role' instead.
2026-06-15 21:16:59.396 9 INFO neutron.db.segments_db [None req-7f9a71fa-fc5a-424e-a7d7-d205ded3a967 97b3f0dd9746485184b0705716cb266c 9baa654e94864b8d8c599ce3c515406f - - default default] Added segment 3bd19efc-2941-4468-a099-ebcb57323e92 of type geneve for network 621a0354-828d-459e-99d7-946b4a8a5ae1
2026-06-15 21:16:59.533 9 INFO neutron.db.ovn_revision_numbers_db [None req-7f9a71fa-fc5a-424e-a7d7-d205ded3a967 97b3f0dd9746485184b0705716cb266c 9baa654e94864b8d8c599ce3c515406f - - default default] Successfully bumped revision number for resource 621a0354-828d-459e-99d7-946b4a8a5ae1 (type: networks) to 1
2026-06-15 21:16:59.706 9 WARNING neutron.scheduler.dhcp_agent_scheduler [None req-7f9a71fa-fc5a-424e-a7d7-d205ded3a967 97b3f0dd9746485184b0705716cb266c 9baa654e94864b8d8c599ce3c515406f - - default default] No more DHCP agents
2026-06-15 21:16:59.708 9 WARNING neutron.api.rpc.agentnotifiers.dhcp_rpc_agent_api [None req-7f9a71fa-fc5a-424e-a7d7-d205ded3a967 97b3f0dd9746485184b0705716cb266c 9baa654e94864b8d8c599ce3c515406f - - default default] Unable to schedule network 621a0354-828d-459e-99d7-946b4a8a5ae1: no agents available; will retry on subsequent port and subnet creation events.
2026-06-15 21:16:59.798 9 INFO neutron.db.ovn_revision_numbers_db [None req-7f9a71fa-fc5a-424e-a7d7-d205ded3a967 97b3f0dd9746485184b0705716cb266c 9baa654e94864b8d8c599ce3c515406f - - default default] Successfully bumped revision number for resource b3f04b0b-6fa0-4b16-9c50-a5e5a11a6ad9 (type: ports) to 1
2026-06-15 21:16:59.825 9 INFO neutron.api.wsgi [None req-7f9a71fa-fc5a-424e-a7d7-d205ded3a967 97b3f0dd9746485184b0705716cb266c 9baa654e94864b8d8c599ce3c515406f - - default default] 10.0.0.47 "POST /v2.0/networks HTTP/1.1" status: 201 len: 830 time: 0.5369024
2026-06-15 21:16:59.877 9 INFO neutron.api.wsgi [None req-0a6aa7bb-422c-4c22-9dd7-1c829e12049f 97b3f0dd9746485184b0705716cb266c 9baa654e94864b8d8c599ce3c515406f - - default default] 10.0.0.47 "PUT /v2.0/networks/f678b277-c10b-4794-bdbf-d3eb832f0a2a/tags HTTP/1.1" status: 200 len: 210 time: 0.0437002
2026-06-15 21:16:59.919 10 INFO neutron.db.ovn_revision_numbers_db [None req-b8209022-ab0e-4a5a-9c7b-8f22fa21705e a196b115d18e4edb9666f495b38fd8b8 b26dbc4bb7e1423dab3499e92ddf4eb2 - - default default] Successfully bumped revision number for resource 7126a03f-cfe1-43ff-81c5-86b9779a330e (type: routers) to 5
2026-06-15 21:16:59.926 10 INFO neutron.api.wsgi [None req-b8209022-ab0e-4a5a-9c7b-8f22fa21705e a196b115d18e4edb9666f495b38fd8b8 b26dbc4bb7e1423dab3499e92ddf4eb2 - - default default] 10.0.0.47 "PUT /v2.0/routers/7126a03f-cfe1-43ff-81c5-86b9779a330e HTTP/1.1" status: 200 len: 1137 time: 0.9727452
2026-06-15 21:16:59.945 10 INFO neutron.api.wsgi [None req-a8d86109-449c-462d-8260-f864172332f8 97b3f0dd9746485184b0705716cb266c 9baa654e94864b8d8c599ce3c515406f - - default default] 10.0.0.47 "PUT /v2.0/networks/ae1fe0bb-aa0b-40b3-9ff0-25b976d2c6e7/tags HTTP/1.1" status: 200 len: 218 time: 0.0607104
2026-06-15 21:16:59.988 9 INFO neutron.api.wsgi [None req-ba8172b5-cc0a-49a4-9957-ee4440999f7f 97b3f0dd9746485184b0705716cb266c 9baa654e94864b8d8c599ce3c515406f - - default default] 10.0.0.47 "PUT /v2.0/networks/4e3bf053-b7d5-4176-95fc-ffcaef0c7935/tags HTTP/1.1" status: 200 len: 227 time: 0.0382583
2026-06-15 21:17:00.031 10 INFO neutron.api.wsgi [None req-7fda496d-3ace-4a36-8d38-1f56bf302100 a196b115d18e4edb9666f495b38fd8b8 b26dbc4bb7e1423dab3499e92ddf4eb2 - - default default] 10.0.0.47 "GET /v2.0/ports?device_id=7126a03f-cfe1-43ff-81c5-86b9779a330e HTTP/1.1" status: 200 len: 1144 time: 0.0953312
2026-06-15 21:17:00.045 10 INFO neutron.api.wsgi [None req-ac7f7693-1a21-4066-9a29-679a4642c869 97b3f0dd9746485184b0705716cb266c 9baa654e94864b8d8c599ce3c515406f - - default default] 10.0.0.47 "PUT /v2.0/networks/8ae50f7c-503d-4e83-b76c-60f2ba29c790/tags HTTP/1.1" status: 200 len: 212 time: 0.0504017
2026-06-15 21:17:00.102 9 INFO neutron.api.wsgi [None req-713912a4-57c0-4efa-837b-ccbdff4230da 97b3f0dd9746485184b0705716cb266c 9baa654e94864b8d8c599ce3c515406f - - default default] 10.0.0.47 "GET /v2.0/networks?tags=red HTTP/1.1" status: 200 len: 2068 time: 0.0512459
2026-06-15 21:17:00.157 9 INFO neutron.api.wsgi [None req-82c54f3c-ee02-4648-b213-6e9be33059a7 97b3f0dd9746485184b0705716cb266c 9baa654e94864b8d8c599ce3c515406f - - default default] 10.0.0.47 "GET /v2.0/networks?tags=red%2Cblue HTTP/1.1" status: 200 len: 1456 time: 0.0477777
2026-06-15 21:17:00.212 9 INFO neutron.api.wsgi [None req-cdf3e07d-d959-4ed4-8edc-9a946cdd2584 97b3f0dd9746485184b0705716cb266c 9baa654e94864b8d8c599ce3c515406f - - default default] 10.0.0.47 "GET /v2.0/networks?tags-any=blue HTTP/1.1" status: 200 len: 1456 time: 0.0476716
2026-06-15 21:17:00.264 9 INFO neutron.api.wsgi [None req-e0b962a8-41ee-4217-980a-613ff70142f0 97b3f0dd9746485184b0705716cb266c 9baa654e94864b8d8c599ce3c515406f - - default default] 10.0.0.47 "GET /v2.0/networks?tags-any=red%2Cblue HTTP/1.1" status: 200 len: 2068 time: 0.0459757
2026-06-15 21:17:00.331 9 INFO neutron.api.wsgi [None req-6ee48e37-d67e-4d34-8ae7-bf762d0307c8 97b3f0dd9746485184b0705716cb266c 9baa654e94864b8d8c599ce3c515406f - - default default] 10.0.0.47 "GET /v2.0/networks?not-tags=red HTTP/1.1" status: 200 len: 2068 time: 0.0592933
2026-06-15 21:17:00.420 10 INFO neutron.api.wsgi [None req-48de0386-549a-48ee-846d-71ab5709eb7a 97b3f0dd9746485184b0705716cb266c 9baa654e94864b8d8c599ce3c515406f - - default default] 10.0.0.47 "GET /v2.0/networks?not-tags=red%2Cblue HTTP/1.1" status: 200 len: 2680 time: 0.0843067
2026-06-15 21:17:00.500 9 INFO neutron.api.wsgi [None req-8389d9e7-b61d-4f18-83da-cc739fb8b015 97b3f0dd9746485184b0705716cb266c 9baa654e94864b8d8c599ce3c515406f - - default default] 10.0.0.47 "GET /v2.0/networks?not-tags-any=blue HTTP/1.1" status: 200 len: 2680 time: 0.0715785
2026-06-15 21:17:00.582 9 INFO neutron.api.wsgi [None req-cb1021d3-35a2-48a2-86b6-2a662dfbfdd5 97b3f0dd9746485184b0705716cb266c 9baa654e94864b8d8c599ce3c515406f - - default default] 10.0.0.47 "GET /v2.0/networks?not-tags-any=red%2Cblue HTTP/1.1" status: 200 len: 2068 time: 0.0751984
2026-06-15 21:17:00.967 9 INFO neutron.services.segments.plugin [-] Segment 5d14a894-87a4-4149-9c3a-9280aa7f882c resource provider aggregate not found
2026-06-15 21:17:00.973 9 INFO neutron.services.segments.plugin [-] Segment 5d14a894-87a4-4149-9c3a-9280aa7f882c resource provider aggregate not found
2026-06-15 21:17:00.987 9 INFO neutron.services.segments.plugin [-] Segment 5d14a894-87a4-4149-9c3a-9280aa7f882c resource provider not found; error: Placement Client Error (4xx): {"errors": [{"status": 404, "title": "Not Found", "detail": "The resource could not be found.\n\n No resource provider with uuid 5d14a894-87a4-4149-9c3a-9280aa7f882c found for delete ", "request_id": "req-7d53a974-d243-477a-8ed6-3aa5e0b1494d"}]}
2026-06-15 21:17:00.992 9 INFO neutron.services.segments.plugin [-] Segment 5d14a894-87a4-4149-9c3a-9280aa7f882c resource provider not found; error: Placement Client Error (4xx): {"errors": [{"status": 404, "title": "Not Found", "detail": "The resource could not be found.\n\n No resource provider with uuid 5d14a894-87a4-4149-9c3a-9280aa7f882c found for delete ", "request_id": "req-cdf42f9e-cd75-4a35-83f8-795412a0e173"}]}
2026-06-15 21:17:00.997 9 INFO neutron.api.wsgi [None req-d2fb8737-67be-4726-886c-acf935d3d62a 97b3f0dd9746485184b0705716cb266c 9baa654e94864b8d8c599ce3c515406f - - default default] 10.0.0.47 "DELETE /v2.0/networks/f678b277-c10b-4794-bdbf-d3eb832f0a2a HTTP/1.1" status: 204 len: 168 time: 0.4076860
2026-06-15 21:17:01.048 10 INFO neutron.api.wsgi [None req-878cdca5-47d2-4c8c-9c09-cb61dce29b28 a196b115d18e4edb9666f495b38fd8b8 b26dbc4bb7e1423dab3499e92ddf4eb2 - - default default] 10.0.0.47 "PUT /v2.0/routers/7126a03f-cfe1-43ff-81c5-86b9779a330e/remove_router_interface HTTP/1.1" status: 200 len: 503 time: 1.0110455
2026-06-15 21:17:01.479 9 INFO neutron.api.wsgi [None req-551ff097-e2a5-4ec3-b74b-a8cc0ff8975f 97b3f0dd9746485184b0705716cb266c 9baa654e94864b8d8c599ce3c515406f - - default default] 10.0.0.47 "DELETE /v2.0/networks/ae1fe0bb-aa0b-40b3-9ff0-25b976d2c6e7 HTTP/1.1" status: 204 len: 168 time: 0.4754784 /var/lib/openstack/lib/python3.12/site-packages/pycadf/identifier.py:71: UserWarning: Invalid uuid: neutron. To ensure interoperability, identifiers should be a valid uuid. warnings.warn(('Invalid uuid: %s. To ensure interoperability, '
2026-06-15 21:17:01.891 10 INFO neutron.services.segments.plugin [-] Segment 94985dcf-67aa-4fb2-98a5-846b9e4decc0 resource provider aggregate not found
2026-06-15 21:17:01.895 9 INFO neutron.api.wsgi [None req-ba2d089d-077a-49ee-a464-eaa297e45a02 a196b115d18e4edb9666f495b38fd8b8 b26dbc4bb7e1423dab3499e92ddf4eb2 - - default default] 10.0.0.47 "DELETE /v2.0/routers/7126a03f-cfe1-43ff-81c5-86b9779a330e HTTP/1.1" status: 204 len: 168 time: 0.8410506
2026-06-15 21:17:01.899 10 INFO neutron.services.segments.plugin [-] Segment 94985dcf-67aa-4fb2-98a5-846b9e4decc0 resource provider aggregate not found
2026-06-15 21:17:01.924 10 INFO neutron.services.segments.plugin [-] Segment 94985dcf-67aa-4fb2-98a5-846b9e4decc0 resource provider not found; error: Placement Client Error (4xx): {"errors": [{"status": 404, "title": "Not Found", "detail": "The resource could not be found.\n\n No resource provider with uuid 94985dcf-67aa-4fb2-98a5-846b9e4decc0 found for delete ", "request_id": "req-6fa0f703-49b3-4e0c-9d6d-2eab5c821ef3"}]}
2026-06-15 21:17:01.926 10 INFO neutron.services.segments.plugin [-] Segment 94985dcf-67aa-4fb2-98a5-846b9e4decc0 resource provider not found; error: Placement Client Error (4xx): {"errors": [{"status": 404, "title": "Not Found", "detail": "The resource could not be found.\n\n No resource provider with uuid 94985dcf-67aa-4fb2-98a5-846b9e4decc0 found for delete ", "request_id": "req-e040743a-b4ae-428f-81b9-17352be3ea71"}]}
2026-06-15 21:17:01.947 10 INFO neutron.api.wsgi [None req-39b3f8b3-f026-4d43-b09b-f83198456882 97b3f0dd9746485184b0705716cb266c 9baa654e94864b8d8c599ce3c515406f - - default default] 10.0.0.47 "DELETE /v2.0/networks/4e3bf053-b7d5-4176-95fc-ffcaef0c7935 HTTP/1.1" status: 204 len: 168 time: 0.4549744
2026-06-15 21:17:01.997 9 INFO neutron.api.wsgi [None req-2a9425c5-a7f4-4571-ac4c-5e0eae52fb2e a196b115d18e4edb9666f495b38fd8b8 b26dbc4bb7e1423dab3499e92ddf4eb2 - - default default] 10.0.0.47 "GET /v2.0/routers/2ed6991e-be27-4bcc-b626-4de5fe10d520 HTTP/1.1" status: 200 len: 1136 time: 0.0943990
2026-06-15 21:17:02.314 10 INFO neutron.api.wsgi [None req-14802a05-d5cd-4740-bbef-17b36b8e7fc8 97b3f0dd9746485184b0705716cb266c 9baa654e94864b8d8c599ce3c515406f - - default default] 10.0.0.47 "DELETE /v2.0/networks/8ae50f7c-503d-4e83-b76c-60f2ba29c790 HTTP/1.1" status: 204 len: 168 time: 0.3597677
2026-06-15 21:17:02.772 9 INFO neutron.api.wsgi [None req-ce32eed9-7c08-41b3-b1b1-808aa0ecca8c 97b3f0dd9746485184b0705716cb266c 9baa654e94864b8d8c599ce3c515406f - - default default] 10.0.0.47 "DELETE /v2.0/networks/621a0354-828d-459e-99d7-946b4a8a5ae1 HTTP/1.1" status: 204 len: 168 time: 0.4512000
2026-06-15 21:17:02.806 9 INFO neutron.db.ovn_revision_numbers_db [None req-b587b148-4bfa-466e-9f5c-a2a72232f2fd a196b115d18e4edb9666f495b38fd8b8 b26dbc4bb7e1423dab3499e92ddf4eb2 - - default default] Successfully bumped revision number for resource 2ed6991e-be27-4bcc-b626-4de5fe10d520 (type: routers) to 5
2026-06-15 21:17:02.813 9 INFO neutron.api.wsgi [None req-b587b148-4bfa-466e-9f5c-a2a72232f2fd a196b115d18e4edb9666f495b38fd8b8 b26dbc4bb7e1423dab3499e92ddf4eb2 - - default default] 10.0.0.47 "PUT /v2.0/routers/2ed6991e-be27-4bcc-b626-4de5fe10d520 HTTP/1.1" status: 200 len: 1136 time: 0.8093140
2026-06-15 21:17:02.898 9 INFO neutron.api.wsgi [None req-2305c11f-1f50-4529-a69c-b95834f2d27a a196b115d18e4edb9666f495b38fd8b8 b26dbc4bb7e1423dab3499e92ddf4eb2 - - default default] 10.0.0.47 "GET /v2.0/ports?device_id=2ed6991e-be27-4bcc-b626-4de5fe10d520 HTTP/1.1" status: 200 len: 1144 time: 0.0796614
2026-06-15 21:17:03.007 9 INFO neutron.services.segments.plugin [-] Segment 103e455c-48bf-49a0-8a92-d7a70d51e756 resource provider aggregate not found
2026-06-15 21:17:03.023 9 INFO neutron.services.segments.plugin [-] Segment 103e455c-48bf-49a0-8a92-d7a70d51e756 resource provider not found; error: Placement Client Error (4xx): {"errors": [{"status": 404, "title": "Not Found", "detail": "The resource could not be found.\n\n No resource provider with uuid 103e455c-48bf-49a0-8a92-d7a70d51e756 found for delete ", "request_id": "req-3fcbe23b-d71d-4c63-b9e5-2484a8486026"}]}
2026-06-15 21:17:03.027 9 INFO neutron.services.segments.plugin [-] Segment 103e455c-48bf-49a0-8a92-d7a70d51e756 resource provider aggregate not found
2026-06-15 21:17:03.039 9 INFO neutron.services.segments.plugin [-] Segment 3bd19efc-2941-4468-a099-ebcb57323e92 resource provider aggregate not found
2026-06-15 21:17:03.045 9 INFO neutron.services.segments.plugin [-] Segment 103e455c-48bf-49a0-8a92-d7a70d51e756 resource provider not found; error: Placement Client Error (4xx): {"errors": [{"status": 404, "title": "Not Found", "detail": "The resource could not be found.\n\n No resource provider with uuid 103e455c-48bf-49a0-8a92-d7a70d51e756 found for delete ", "request_id": "req-7dea27e9-cca0-4d1f-be7b-e6075c7ee8d5"}]}
