2026-06-15 21:11:35.701 9 INFO neutron.db.ovn_revision_numbers_db [None req-099a1145-1561-4f0d-8a4a-455f05518c46 - - - - - -] Successfully bumped revision number for resource b4a56915-4daf-410d-aedf-19e9442b0c45 (type: ports) to 1
2026-06-15 21:11:35.955 10 INFO neutron.db.ovn_revision_numbers_db [None req-d0773ce6-5d13-4681-8bd2-4c09382aeda4 a3ea93befd754a618602e16b9f998c5f c0e83b85323b40f4853ba0f176a59c3d - - default default] Successfully bumped revision number for resource dcb18825-3e43-4255-9e80-09b8091ef378 (type: ports) to 1
2026-06-15 21:11:35.979 10 INFO neutron.db.ovn_revision_numbers_db [None req-1b53ae8c-e420-455a-98cf-e979c162668a - - - - - -] Successfully bumped revision number for resource 4fa06303-5e5f-457d-8a04-b3315f37b1a3 (type: ports) to 5
2026-06-15 21:11:36.022 10 INFO neutron.db.ovn_revision_numbers_db [None req-fa493b1a-f9fb-4a36-bc84-8be5df802d63 - - - - - -] Successfully bumped revision number for resource de293a3b-ee82-4092-8b5a-8dfb008d92de (type: ports) to 2
2026-06-15 21:11:36.077 10 WARNING neutron.scheduler.dhcp_agent_scheduler [None req-d0773ce6-5d13-4681-8bd2-4c09382aeda4 a3ea93befd754a618602e16b9f998c5f c0e83b85323b40f4853ba0f176a59c3d - - default default] No more DHCP agents
2026-06-15 21:11:36.080 9 INFO neutron.plugins.ml2.drivers.ovn.mech_driver.mech_driver [None req-c96c4ce6-cb96-436f-afd6-7749097a1ed5 - - - - - -] OVN reports status up for port: 0bfa9e72-9648-4976-861f-2b2b95fe2487
2026-06-15 21:11:36.083 10 WARNING neutron.api.rpc.agentnotifiers.dhcp_rpc_agent_api [None req-d0773ce6-5d13-4681-8bd2-4c09382aeda4 a3ea93befd754a618602e16b9f998c5f c0e83b85323b40f4853ba0f176a59c3d - - default default] Unable to schedule network 65a4de86-670c-44f1-ac30-abeaa4629375: no agents available; will retry on subsequent port and subnet creation events.
2026-06-15 21:11:36.091 10 INFO neutron.db.ovn_revision_numbers_db [None req-fa493b1a-f9fb-4a36-bc84-8be5df802d63 - - - - - -] Successfully bumped revision number for resource 8469a0e7-879c-4367-a8e4-0b5bc705a232 (type: subnets) to 0
2026-06-15 21:11:36.096 9 INFO neutron.plugins.ml2.plugin [None req-c96c4ce6-cb96-436f-afd6-7749097a1ed5 - - - - - -] Attempt 1 to provision port 0bfa9e72-9648-4976-861f-2b2b95fe2487
2026-06-15 21:11:36.142 10 INFO neutron.api.wsgi [None req-8e171499-f0a4-4f17-8577-b46f6d38c706 a3ea93befd754a618602e16b9f998c5f c0e83b85323b40f4853ba0f176a59c3d - - default default] 10.0.0.47 "POST /v2.0/subnets HTTP/1.1" status: 201 len: 884 time: 1.6679170
2026-06-15 21:11:36.171 9 INFO neutron.db.ovn_revision_numbers_db [None req-099a1145-1561-4f0d-8a4a-455f05518c46 - - - - - -] Successfully bumped revision number for resource b4a56915-4daf-410d-aedf-19e9442b0c45 (type: ports) to 4
2026-06-15 21:11:36.220 10 INFO neutron.plugins.ml2.drivers.ovn.mech_driver.mech_driver [None req-7d44d49d-9f24-402d-b560-0f63ddab1db8 - - - - - -] OVN reports status up for port: 4fa06303-5e5f-457d-8a04-b3315f37b1a3
2026-06-15 21:11:36.254 10 INFO neutron.plugins.ml2.plugin [None req-7d44d49d-9f24-402d-b560-0f63ddab1db8 - - - - - -] Attempt 1 to provision port 4fa06303-5e5f-457d-8a04-b3315f37b1a3
2026-06-15 21:11:36.463 9 INFO neutron.db.ovn_revision_numbers_db [None req-23122dd9-8db5-4034-8b7c-3abd5a61d8c0 a3ea93befd754a618602e16b9f998c5f c0e83b85323b40f4853ba0f176a59c3d - - default default] Successfully bumped revision number for resource a15ef384-4fa2-4903-a656-fccae21ffda9 (type: router_ports) to 1
2026-06-15 21:11:36.468 9 INFO neutron.api.wsgi [None req-23122dd9-8db5-4034-8b7c-3abd5a61d8c0 a3ea93befd754a618602e16b9f998c5f c0e83b85323b40f4853ba0f176a59c3d - - default default] 10.0.0.47 "PUT /v2.0/routers/3b04df5e-a3e2-49ed-a460-d05a6edd719a/add_router_interface HTTP/1.1" status: 200 len: 503 time: 2.8090985
2026-06-15 21:11:36.519 10 INFO neutron.plugins.ml2.drivers.ovn.mech_driver.mech_driver [None req-7d44d49d-9f24-402d-b560-0f63ddab1db8 - - - - - -] OVN reports status up for port: a15ef384-4fa2-4903-a656-fccae21ffda9
2026-06-15 21:11:36.541 10 INFO neutron.plugins.ml2.plugin [None req-7d44d49d-9f24-402d-b560-0f63ddab1db8 - - - - - -] Attempt 1 to provision port a15ef384-4fa2-4903-a656-fccae21ffda9
2026-06-15 21:11:36.748 9 INFO neutron.db.ovn_revision_numbers_db [None req-099a1145-1561-4f0d-8a4a-455f05518c46 - - - - - -] Successfully bumped revision number for resource b4a56915-4daf-410d-aedf-19e9442b0c45 (type: ports) to 5
2026-06-15 21:11:36.785 9 INFO neutron.db.ovn_revision_numbers_db [None req-c96c4ce6-cb96-436f-afd6-7749097a1ed5 - - - - - -] Successfully bumped revision number for resource 0bfa9e72-9648-4976-861f-2b2b95fe2487 (type: ports) to 2
2026-06-15 21:11:37.279 10 WARNING neutron.scheduler.dhcp_agent_scheduler [None req-0be1aa45-31bd-4c2b-abf4-02efd55c7d6f a3ea93befd754a618602e16b9f998c5f c0e83b85323b40f4853ba0f176a59c3d - - default default] No more DHCP agents
2026-06-15 21:11:37.282 10 WARNING neutron.api.rpc.agentnotifiers.dhcp_rpc_agent_api [None req-0be1aa45-31bd-4c2b-abf4-02efd55c7d6f a3ea93befd754a618602e16b9f998c5f c0e83b85323b40f4853ba0f176a59c3d - - default default] Unable to schedule network 03d1d46c-50db-4e75-a25c-e48940aeffd0: no agents available; will retry on subsequent port and subnet creation events.
2026-06-15 21:11:37.327 10 INFO neutron.db.ovn_revision_numbers_db [None req-74061726-afcd-42ef-b0a0-4474d8ce60a0 a3ea93befd754a618602e16b9f998c5f c0e83b85323b40f4853ba0f176a59c3d - - default default] Successfully bumped revision number for resource 0bfa9e72-9648-4976-861f-2b2b95fe2487 (type: router_ports) to 1
2026-06-15 21:11:37.340 10 INFO neutron.api.wsgi [None req-74061726-afcd-42ef-b0a0-4474d8ce60a0 a3ea93befd754a618602e16b9f998c5f c0e83b85323b40f4853ba0f176a59c3d - - default default] 10.0.0.47 "PUT /v2.0/routers/4d2ae89f-2347-4a76-a970-51dd7bb4d100/add_router_interface HTTP/1.1" status: 200 len: 503 time: 4.2054396
2026-06-15 21:11:37.448 9 WARNING neutron_lib.context [req-e22c8a53-d3cb-4109-826b-4cd55972d2f9 req-214dacaf-16d5-4584-8646-0f97e9be245c efbb6497cc6343819efe2a5bb4518e9e 6930afb70c694b269e11da3abd17d2b1 - - default default] Method 'is_advsvc' is deprecated since 2023.2 release (neutron-lib 3.8.0) and will be removed once support for the old RBAC API policies will be removed from Neutron. Please use method 'is_service_role' instead.
2026-06-15 21:11:37.521 10 INFO neutron.db.ovn_revision_numbers_db [None req-7d44d49d-9f24-402d-b560-0f63ddab1db8 - - - - - -] Successfully bumped revision number for resource a15ef384-4fa2-4903-a656-fccae21ffda9 (type: ports) to 2
2026-06-15 21:11:37.592 10 INFO neutron.db.ovn_revision_numbers_db [None req-0be1aa45-31bd-4c2b-abf4-02efd55c7d6f a3ea93befd754a618602e16b9f998c5f c0e83b85323b40f4853ba0f176a59c3d - - default default] Successfully bumped revision number for resource 4e0e52d6-520c-4dcc-b22a-d77fb51cc1c4 (type: ports) to 1
2026-06-15 21:11:37.593 9 INFO neutron.db.ovn_revision_numbers_db [req-e22c8a53-d3cb-4109-826b-4cd55972d2f9 req-214dacaf-16d5-4584-8646-0f97e9be245c efbb6497cc6343819efe2a5bb4518e9e 6930afb70c694b269e11da3abd17d2b1 - - default default] Successfully bumped revision number for resource 360fcdae-437f-49c7-b708-bb12d48937e1 (type: security_groups) to 1
2026-06-15 21:11:37.610 9 INFO neutron.db.ovn_revision_numbers_db [req-e22c8a53-d3cb-4109-826b-4cd55972d2f9 req-214dacaf-16d5-4584-8646-0f97e9be245c efbb6497cc6343819efe2a5bb4518e9e 6930afb70c694b269e11da3abd17d2b1 - - default default] Successfully bumped revision number for resource adec95fe-6139-436b-b5cc-2e2e952a53c5 (type: security_group_rules) to 0
2026-06-15 21:11:37.646 9 INFO neutron.db.ovn_revision_numbers_db [req-e22c8a53-d3cb-4109-826b-4cd55972d2f9 req-214dacaf-16d5-4584-8646-0f97e9be245c efbb6497cc6343819efe2a5bb4518e9e 6930afb70c694b269e11da3abd17d2b1 - - default default] Successfully bumped revision number for resource cb1bdb35-4fe7-46fb-aeb8-9acb992a757d (type: security_group_rules) to 0
2026-06-15 21:11:37.693 9 INFO neutron.api.wsgi [req-e22c8a53-d3cb-4109-826b-4cd55972d2f9 req-214dacaf-16d5-4584-8646-0f97e9be245c efbb6497cc6343819efe2a5bb4518e9e 6930afb70c694b269e11da3abd17d2b1 - - default default] 10.0.0.201 "POST /v2.0/security-groups HTTP/1.1" status: 201 len: 1885 time: 0.2782953
2026-06-15 21:11:37.701 10 INFO neutron.db.ovn_revision_numbers_db [None req-d0773ce6-5d13-4681-8bd2-4c09382aeda4 a3ea93befd754a618602e16b9f998c5f c0e83b85323b40f4853ba0f176a59c3d - - default default] Successfully bumped revision number for resource dcb18825-3e43-4255-9e80-09b8091ef378 (type: router_ports) to 1
2026-06-15 21:11:37.707 10 INFO neutron.api.wsgi [None req-d0773ce6-5d13-4681-8bd2-4c09382aeda4 a3ea93befd754a618602e16b9f998c5f c0e83b85323b40f4853ba0f176a59c3d - - default default] 10.0.0.47 "PUT /v2.0/routers/faf8f495-a014-4d91-9211-001c4dbe0b64/add_router_interface HTTP/1.1" status: 200 len: 503 time: 4.3992560
2026-06-15 21:11:37.833 9 WARNING neutron_lib.context [req-13f1925d-7bfc-493e-9815-65fbd5ad0471 req-256316d4-9e09-43d1-ad94-705397fb1242 1e5f8c8ca9e6477c824d8642d37087d4 34d35a4bf42c4886bcd7913d90e204a8 - - default default] Method 'is_advsvc' is deprecated since 2023.2 release (neutron-lib 3.8.0) and will be removed once support for the old RBAC API policies will be removed from Neutron. Please use method 'is_service_role' instead.
2026-06-15 21:11:37.991 9 INFO neutron.db.ovn_revision_numbers_db [req-13f1925d-7bfc-493e-9815-65fbd5ad0471 req-256316d4-9e09-43d1-ad94-705397fb1242 1e5f8c8ca9e6477c824d8642d37087d4 34d35a4bf42c4886bcd7913d90e204a8 - - default default] Successfully bumped revision number for resource 9db8d415-38fe-4993-ac6e-1ec85b1ea23b (type: security_groups) to 1
2026-06-15 21:11:38.005 9 INFO neutron.db.ovn_revision_numbers_db [req-13f1925d-7bfc-493e-9815-65fbd5ad0471 req-256316d4-9e09-43d1-ad94-705397fb1242 1e5f8c8ca9e6477c824d8642d37087d4 34d35a4bf42c4886bcd7913d90e204a8 - - default default] Successfully bumped revision number for resource 06629d15-476e-409a-a9f0-981cf9616859 (type: security_group_rules) to 0
2026-06-15 21:11:38.034 9 INFO neutron.db.ovn_revision_numbers_db [req-13f1925d-7bfc-493e-9815-65fbd5ad0471 req-256316d4-9e09-43d1-ad94-705397fb1242 1e5f8c8ca9e6477c824d8642d37087d4 34d35a4bf42c4886bcd7913d90e204a8 - - default default] Successfully bumped revision number for resource b415910d-9b47-4ab6-b7ce-bbc1e5f59758 (type: security_group_rules) to 0
2026-06-15 21:11:38.079 9 INFO neutron.api.wsgi [req-13f1925d-7bfc-493e-9815-65fbd5ad0471 req-256316d4-9e09-43d1-ad94-705397fb1242 1e5f8c8ca9e6477c824d8642d37087d4 34d35a4bf42c4886bcd7913d90e204a8 - - default default] 10.0.0.201 "POST /v2.0/security-groups HTTP/1.1" status: 201 len: 1891 time: 0.2565167
2026-06-15 21:11:38.099 9 WARNING neutron_lib.context [req-215a1a8d-57a9-4452-bb57-4da8c5faf426 req-1e44902b-80d8-48da-9576-a595e15024db efbb6497cc6343819efe2a5bb4518e9e 6930afb70c694b269e11da3abd17d2b1 - - default default] Method 'is_advsvc' is deprecated since 2023.2 release (neutron-lib 3.8.0) and will be removed once support for the old RBAC API policies will be removed from Neutron. Please use method 'is_service_role' instead.
2026-06-15 21:11:38.141 9 INFO neutron.api.wsgi [req-527ee72b-d02d-40d8-9672-dddae3e52f75 req-bb1d313a-c537-426c-bf14-472b5e45a724 1e5f8c8ca9e6477c824d8642d37087d4 34d35a4bf42c4886bcd7913d90e204a8 - - default default] 10.0.0.201 "GET /v2.0/security-groups/9db8d415-38fe-4993-ac6e-1ec85b1ea23b HTTP/1.1" status: 200 len: 1886 time: 0.0267768
2026-06-15 21:11:38.154 9 WARNING neutron_lib.context [req-527ee72b-d02d-40d8-9672-dddae3e52f75 req-1da7892a-70f8-49d6-bef3-5068f0d8f901 1e5f8c8ca9e6477c824d8642d37087d4 34d35a4bf42c4886bcd7913d90e204a8 - - default default] Method 'is_advsvc' is deprecated since 2023.2 release (neutron-lib 3.8.0) and will be removed once support for the old RBAC API policies will be removed from Neutron. Please use method 'is_service_role' instead.
2026-06-15 21:11:38.249 9 INFO neutron.db.ovn_revision_numbers_db [req-215a1a8d-57a9-4452-bb57-4da8c5faf426 req-1e44902b-80d8-48da-9576-a595e15024db efbb6497cc6343819efe2a5bb4518e9e 6930afb70c694b269e11da3abd17d2b1 - - default default] Successfully bumped revision number for resource 00df39ba-38b7-4687-b288-0f0ebf557f00 (type: security_groups) to 1
2026-06-15 21:11:38.255 10 INFO neutron.plugins.ml2.drivers.ovn.mech_driver.ovsdb.commands [None req-d9823055-66fb-446c-b202-129f7213a929 - - - - - -] Schedule LRP lrp-4e0e52d6-520c-4dcc-b22a-d77fb51cc1c4 on gateway c43cc7a7-0197-4faf-ae10-b1c22aeb9f3c with priority 1
2026-06-15 21:11:38.280 9 INFO neutron.plugins.ml2.drivers.ovn.mech_driver.ovsdb.ovsdb_monitor [None req-099a1145-1561-4f0d-8a4a-455f05518c46 - - - - - -] Router 39cb5129-35df-40fd-9256-e2177eaef698 is bound to host instance
2026-06-15 21:11:38.292 9 INFO neutron.db.ovn_revision_numbers_db [req-215a1a8d-57a9-4452-bb57-4da8c5faf426 req-1e44902b-80d8-48da-9576-a595e15024db efbb6497cc6343819efe2a5bb4518e9e 6930afb70c694b269e11da3abd17d2b1 - - default default] Successfully bumped revision number for resource 3c232412-e14c-4aaa-bd34-1cb01fa8afc3 (type: security_group_rules) to 0
2026-06-15 21:11:38.296 10 INFO neutron.db.ovn_revision_numbers_db [None req-0be1aa45-31bd-4c2b-abf4-02efd55c7d6f a3ea93befd754a618602e16b9f998c5f c0e83b85323b40f4853ba0f176a59c3d - - default default] Successfully bumped revision number for resource 4e0e52d6-520c-4dcc-b22a-d77fb51cc1c4 (type: router_ports) to 1
2026-06-15 21:11:38.329 9 INFO neutron.db.ovn_revision_numbers_db [req-215a1a8d-57a9-4452-bb57-4da8c5faf426 req-1e44902b-80d8-48da-9576-a595e15024db efbb6497cc6343819efe2a5bb4518e9e 6930afb70c694b269e11da3abd17d2b1 - - default default] Successfully bumped revision number for resource 9093c211-280e-4e22-8e6a-c40d3900fd0c (type: security_group_rules) to 0
2026-06-15 21:11:38.367 10 INFO neutron.db.ovn_revision_numbers_db [None req-0be1aa45-31bd-4c2b-abf4-02efd55c7d6f a3ea93befd754a618602e16b9f998c5f c0e83b85323b40f4853ba0f176a59c3d - - default default] Successfully bumped revision number for resource 39cb5129-35df-40fd-9256-e2177eaef698 (type: routers) to 2
2026-06-15 21:11:38.371 9 INFO neutron.db.ovn_revision_numbers_db [req-527ee72b-d02d-40d8-9672-dddae3e52f75 req-1da7892a-70f8-49d6-bef3-5068f0d8f901 1e5f8c8ca9e6477c824d8642d37087d4 34d35a4bf42c4886bcd7913d90e204a8 - - default default] Successfully bumped revision number for resource 47378f4f-88f8-45f9-b282-49a4500d4a94 (type: security_group_rules) to 0
2026-06-15 21:11:38.384 10 INFO neutron.api.wsgi [None req-0be1aa45-31bd-4c2b-abf4-02efd55c7d6f a3ea93befd754a618602e16b9f998c5f c0e83b85323b40f4853ba0f176a59c3d - - default default] 10.0.0.47 "POST /v2.0/routers HTTP/1.1" status: 201 len: 1162 time: 2.2344215
2026-06-15 21:11:38.406 9 INFO neutron.api.wsgi [req-215a1a8d-57a9-4452-bb57-4da8c5faf426 req-1e44902b-80d8-48da-9576-a595e15024db efbb6497cc6343819efe2a5bb4518e9e 6930afb70c694b269e11da3abd17d2b1 - - default default] 10.0.0.201 "POST /v2.0/security-groups HTTP/1.1" status: 201 len: 1886 time: 0.3493729
2026-06-15 21:11:38.429 9 INFO neutron.api.wsgi [None req-d0075600-fe2e-4af2-9031-7e700d6a285c a3ea93befd754a618602e16b9f998c5f c0e83b85323b40f4853ba0f176a59c3d - - default default] 10.0.0.121 "GET /v2.0/routers HTTP/1.1" status: 200 len: 4045 time: 0.1761174
2026-06-15 21:11:38.445 9 INFO neutron.api.wsgi [req-527ee72b-d02d-40d8-9672-dddae3e52f75 req-1da7892a-70f8-49d6-bef3-5068f0d8f901 1e5f8c8ca9e6477c824d8642d37087d4 34d35a4bf42c4886bcd7913d90e204a8 - - default default] 10.0.0.201 "POST /v2.0/security-group-rules HTTP/1.1" status: 201 len: 818 time: 0.2963912
2026-06-15 21:11:38.460 9 INFO neutron.api.wsgi [None req-bc74bc9e-e651-49b4-afec-2660a1af6178 a3ea93befd754a618602e16b9f998c5f c0e83b85323b40f4853ba0f176a59c3d - - default default] 10.0.0.121 "GET /v2.0/agents?binary=ovn-controller HTTP/1.1" status: 200 len: 591 time: 0.0199008
2026-06-15 21:11:38.483 9 WARNING neutron_lib.context [req-c5b25227-4cb3-4771-810f-67a0d8f2d742 req-a5e0a03d-31d1-44da-a9e3-d9c5c68e3f93 efbb6497cc6343819efe2a5bb4518e9e 6930afb70c694b269e11da3abd17d2b1 - - default default] Method 'is_advsvc' is deprecated since 2023.2 release (neutron-lib 3.8.0) and will be removed once support for the old RBAC API policies will be removed from Neutron. Please use method 'is_service_role' instead.
2026-06-15 21:11:38.548 10 WARNING neutron_lib.context [None req-03384a7d-001f-47a2-afc3-920fb63748dc 9c8e5f17071b48c98efc43791441e9e7 e06cedf68fe447fda293bee4ee583ef1 - - default default] Method 'is_advsvc' is deprecated since 2023.2 release (neutron-lib 3.8.0) and will be removed once support for the old RBAC API policies will be removed from Neutron. Please use method 'is_service_role' instead.
2026-06-15 21:11:38.586 9 INFO neutron.api.wsgi [None req-df0629ff-608f-4e28-b795-c9332d82fa80 a3ea93befd754a618602e16b9f998c5f c0e83b85323b40f4853ba0f176a59c3d - - default default] 10.0.0.121 "GET /v2.0/ports HTTP/1.1" status: 200 len: 17071 time: 0.1232612
2026-06-15 21:11:38.592 9 WARNING neutron_lib.context [req-b897db76-0f94-4280-a156-615bb7d092a2 req-cd2bb711-07ad-4174-970a-9d216bb2201a 1e5f8c8ca9e6477c824d8642d37087d4 34d35a4bf42c4886bcd7913d90e204a8 - - default default] Method 'is_advsvc' is deprecated since 2023.2 release (neutron-lib 3.8.0) and will be removed once support for the old RBAC API policies will be removed from Neutron. Please use method 'is_service_role' instead.
2026-06-15 21:11:38.674 9 INFO neutron.api.wsgi [None req-4e56f9c8-5540-4e5b-84f5-ba6f9ea9e4d1 a3ea93befd754a618602e16b9f998c5f c0e83b85323b40f4853ba0f176a59c3d - - default default] 10.0.0.121 "GET /v2.0/subnets HTTP/1.1" status: 200 len: 4204 time: 0.0704632
2026-06-15 21:11:38.696 9 INFO neutron.api.wsgi [None req-3eb2ab2f-ff95-4511-b8da-4245f1940ba0 a3ea93befd754a618602e16b9f998c5f c0e83b85323b40f4853ba0f176a59c3d - - default default] 10.0.0.121 "GET /v2.0/subnetpools HTTP/1.1" status: 200 len: 193 time: 0.0145805
2026-06-15 21:11:38.719 9 INFO neutron.api.wsgi [None req-4b126521-2b8a-49ec-8c5b-7a81719dde3a a3ea93befd754a618602e16b9f998c5f c0e83b85323b40f4853ba0f176a59c3d - - default default] 10.0.0.121 "GET /v2.0/agents HTTP/1.1" status: 200 len: 1390 time: 0.0216577
2026-06-15 21:11:38.761 9 INFO neutron.api.wsgi [None req-95f772c6-3397-47f2-b5f7-ecdb7f7bc567 a3ea93befd754a618602e16b9f998c5f c0e83b85323b40f4853ba0f176a59c3d - - default default] 10.0.0.121 "GET /v2.0/floatingips HTTP/1.1" status: 200 len: 193 time: 0.0386274
2026-06-15 21:11:38.855 10 INFO neutron.db.ovn_revision_numbers_db [None req-03384a7d-001f-47a2-afc3-920fb63748dc 9c8e5f17071b48c98efc43791441e9e7 e06cedf68fe447fda293bee4ee583ef1 - - default default] Successfully bumped revision number for resource 02be701a-9eeb-47a2-8df1-5fd639f283aa (type: security_groups) to 1
2026-06-15 21:11:38.861 9 INFO neutron.api.wsgi [None req-0ff0ae27-5add-4507-8ca8-28c3587c5436 a3ea93befd754a618602e16b9f998c5f c0e83b85323b40f4853ba0f176a59c3d - - default default] 10.0.0.121 "GET /v2.0/networks HTTP/1.1" status: 200 len: 5390 time: 0.0973272
2026-06-15 21:11:38.883 9 INFO neutron.api.wsgi [None req-e9b522f2-9074-44fb-99fd-2f6433d78ad4 a3ea93befd754a618602e16b9f998c5f c0e83b85323b40f4853ba0f176a59c3d - - default default] 10.0.0.121 "GET /v2.0/network-ip-availabilities HTTP/1.1" status: 200 len: 3184 time: 0.0150619
2026-06-15 21:11:38.940 9 INFO neutron.api.wsgi [None req-4f403dda-d7f2-4ad1-a616-de2c86832702 a3ea93befd754a618602e16b9f998c5f c0e83b85323b40f4853ba0f176a59c3d - - default default] 10.0.0.121 "GET /v2.0/security-groups HTTP/1.1" status: 200 len: 36426 time: 0.0553153
2026-06-15 21:11:38.987 9 INFO neutron.api.wsgi [None req-ff3a5f2a-ae58-40cf-935d-4d7791602a38 a3ea93befd754a618602e16b9f998c5f c0e83b85323b40f4853ba0f176a59c3d - - default default] 10.0.0.121 "GET /v2.0/subnets HTTP/1.1" status: 200 len: 4204 time: 0.0371878
2026-06-15 21:11:39.110 10 INFO neutron.db.ovn_revision_numbers_db [None req-03384a7d-001f-47a2-afc3-920fb63748dc 9c8e5f17071b48c98efc43791441e9e7 e06cedf68fe447fda293bee4ee583ef1 - - default default] Successfully bumped revision number for resource 0f4b98af-f9a3-46bc-aef1-8f203a7d4e33 (type: security_group_rules) to 0
2026-06-15 21:11:39.166 10 WARNING neutron.scheduler.dhcp_agent_scheduler [None req-88717c36-4bf0-4ac2-8c82-f6ab174493d3 a3ea93befd754a618602e16b9f998c5f c0e83b85323b40f4853ba0f176a59c3d - - default default] No more DHCP agents
2026-06-15 21:11:39.168 10 WARNING neutron.api.rpc.agentnotifiers.dhcp_rpc_agent_api [None req-88717c36-4bf0-4ac2-8c82-f6ab174493d3 a3ea93befd754a618602e16b9f998c5f c0e83b85323b40f4853ba0f176a59c3d - - default default] Unable to schedule network f2da56cf-0a97-4623-b90a-6a050074286e: no agents available; will retry on subsequent port and subnet creation events.
2026-06-15 21:11:39.198 9 INFO neutron.db.ovn_revision_numbers_db [req-c5b25227-4cb3-4771-810f-67a0d8f2d742 req-a5e0a03d-31d1-44da-a9e3-d9c5c68e3f93 efbb6497cc6343819efe2a5bb4518e9e 6930afb70c694b269e11da3abd17d2b1 - - default default] Successfully bumped revision number for resource 24c8ed1c-968f-4e48-bb24-65b91ca6b890 (type: security_groups) to 1
2026-06-15 21:11:39.200 9 INFO neutron.db.ovn_revision_numbers_db [req-b897db76-0f94-4280-a156-615bb7d092a2 req-cd2bb711-07ad-4174-970a-9d216bb2201a 1e5f8c8ca9e6477c824d8642d37087d4 34d35a4bf42c4886bcd7913d90e204a8 - - default default] Successfully bumped revision number for resource c13e7d91-0efe-4837-a5ba-5ef5f55fc499 (type: security_groups) to 1
2026-06-15 21:11:39.201 10 INFO neutron.db.ovn_revision_numbers_db [None req-03384a7d-001f-47a2-afc3-920fb63748dc 9c8e5f17071b48c98efc43791441e9e7 e06cedf68fe447fda293bee4ee583ef1 - - default default] Successfully bumped revision number for resource bb9fb665-7ee4-4aa5-83fc-44bf288d5786 (type: security_group_rules) to 0
2026-06-15 21:11:39.256 9 INFO neutron.db.ovn_revision_numbers_db [None req-a54db3ff-ac92-4174-9696-5ac35d7a3959 - - - - - -] Successfully bumped revision number for resource 4e0e52d6-520c-4dcc-b22a-d77fb51cc1c4 (type: ports) to 1
2026-06-15 21:11:39.257 9 INFO neutron.db.ovn_revision_numbers_db [req-c5b25227-4cb3-4771-810f-67a0d8f2d742 req-a5e0a03d-31d1-44da-a9e3-d9c5c68e3f93 efbb6497cc6343819efe2a5bb4518e9e 6930afb70c694b269e11da3abd17d2b1 - - default default] Successfully bumped revision number for resource 47d1e200-437d-4965-a9dc-09396925c4f3 (type: security_group_rules) to 0
2026-06-15 21:11:39.296 9 INFO neutron.db.ovn_revision_numbers_db [req-b897db76-0f94-4280-a156-615bb7d092a2 req-cd2bb711-07ad-4174-970a-9d216bb2201a 1e5f8c8ca9e6477c824d8642d37087d4 34d35a4bf42c4886bcd7913d90e204a8 - - default default] Successfully bumped revision number for resource 675ab585-f390-4e92-bf78-f62d48c1aaff (type: security_group_rules) to 0
2026-06-15 21:11:39.297 9 INFO neutron.db.ovn_revision_numbers_db [req-c5b25227-4cb3-4771-810f-67a0d8f2d742 req-a5e0a03d-31d1-44da-a9e3-d9c5c68e3f93 efbb6497cc6343819efe2a5bb4518e9e 6930afb70c694b269e11da3abd17d2b1 - - default default] Successfully bumped revision number for resource 64dd16c7-bed8-4ec0-b2ed-91d0c0e88e0a (type: security_group_rules) to 0
2026-06-15 21:11:39.300 10 INFO neutron.api.wsgi [None req-03384a7d-001f-47a2-afc3-920fb63748dc 9c8e5f17071b48c98efc43791441e9e7 e06cedf68fe447fda293bee4ee583ef1 - - default default] 10.0.0.47 "POST /v2.0/security-groups HTTP/1.1" status: 201 len: 1861 time: 0.7602105
2026-06-15 21:11:39.312 10 WARNING neutron_lib.context [None req-8d405556-4b58-4178-945b-8e172b979044 9c8e5f17071b48c98efc43791441e9e7 e06cedf68fe447fda293bee4ee583ef1 - - default default] Method 'is_advsvc' is deprecated since 2023.2 release (neutron-lib 3.8.0) and will be removed once support for the old RBAC API policies will be removed from Neutron. Please use method 'is_service_role' instead.
2026-06-15 21:11:39.317 9 INFO neutron.db.ovn_revision_numbers_db [req-b897db76-0f94-4280-a156-615bb7d092a2 req-cd2bb711-07ad-4174-970a-9d216bb2201a 1e5f8c8ca9e6477c824d8642d37087d4 34d35a4bf42c4886bcd7913d90e204a8 - - default default] Successfully bumped revision number for resource 8b8e8e3a-cfe5-474e-96fb-a5f30f7cd5e7 (type: security_group_rules) to 0
2026-06-15 21:11:39.327 10 INFO neutron.db.ovn_revision_numbers_db [None req-88717c36-4bf0-4ac2-8c82-f6ab174493d3 a3ea93befd754a618602e16b9f998c5f c0e83b85323b40f4853ba0f176a59c3d - - default default] Successfully bumped revision number for resource 1d163a56-356f-48b6-8cc2-4858e0e4652c (type: ports) to 1
2026-06-15 21:11:39.350 9 INFO neutron.api.wsgi [req-c5b25227-4cb3-4771-810f-67a0d8f2d742 req-a5e0a03d-31d1-44da-a9e3-d9c5c68e3f93 efbb6497cc6343819efe2a5bb4518e9e 6930afb70c694b269e11da3abd17d2b1 - - default default] 10.0.0.201 "POST /v2.0/security-groups HTTP/1.1" status: 201 len: 1886 time: 0.8866620
2026-06-15 21:11:39.361 9 INFO neutron.api.wsgi [req-b897db76-0f94-4280-a156-615bb7d092a2 req-cd2bb711-07ad-4174-970a-9d216bb2201a 1e5f8c8ca9e6477c824d8642d37087d4 34d35a4bf42c4886bcd7913d90e204a8 - - default default] 10.0.0.201 "POST /v2.0/security-groups HTTP/1.1" status: 201 len: 1889 time: 0.8198624
2026-06-15 21:11:39.434 9 INFO neutron.api.wsgi [req-7856fc2a-e0ae-4f18-b16a-4de60b1d0e75 req-99f030fb-0e59-4fae-a237-26f86bc72add 1e5f8c8ca9e6477c824d8642d37087d4 34d35a4bf42c4886bcd7913d90e204a8 - - default default] 10.0.0.201 "GET /v2.0/security-groups/c13e7d91-0efe-4837-a5ba-5ef5f55fc499 HTTP/1.1" status: 200 len: 1884 time: 0.0328207
2026-06-15 21:11:39.440 9 INFO neutron.api.wsgi [req-64171bfd-0536-42fe-aa1b-1937cd446e00 req-8c2ad40c-a55f-47fa-93c2-8d94f410df61 efbb6497cc6343819efe2a5bb4518e9e 6930afb70c694b269e11da3abd17d2b1 - - default default] 10.0.0.201 "GET /v2.0/security-groups?tenant_id=6930afb70c694b269e11da3abd17d2b1 HTTP/1.1" status: 200 len: 8103 time: 0.0553553
2026-06-15 21:11:39.445 9 WARNING neutron_lib.context [req-7856fc2a-e0ae-4f18-b16a-4de60b1d0e75 req-74da8ce7-9236-4bb8-86dd-72bec7d30abd 1e5f8c8ca9e6477c824d8642d37087d4 34d35a4bf42c4886bcd7913d90e204a8 - - default default] Method 'is_advsvc' is deprecated since 2023.2 release (neutron-lib 3.8.0) and will be removed once support for the old RBAC API policies will be removed from Neutron. Please use method 'is_service_role' instead.
2026-06-15 21:11:39.477 9 INFO neutron.api.wsgi [req-64171bfd-0536-42fe-aa1b-1937cd446e00 req-0e88386d-9892-4da5-95ef-10adcfc457df efbb6497cc6343819efe2a5bb4518e9e 6930afb70c694b269e11da3abd17d2b1 - - default default] 10.0.0.201 "GET /v2.0/security-groups/ea8b0354-a630-40a3-b7b2-c04006bac918 HTTP/1.1" status: 200 len: 3118 time: 0.0311844
2026-06-15 21:11:39.506 10 INFO neutron.db.ovn_revision_numbers_db [None req-8d405556-4b58-4178-945b-8e172b979044 9c8e5f17071b48c98efc43791441e9e7 e06cedf68fe447fda293bee4ee583ef1 - - default default] Successfully bumped revision number for resource 15ad4aa0-9955-489b-a895-58cdfa1cf49a (type: security_group_rules) to 0
2026-06-15 21:11:39.514 9 INFO neutron.api.wsgi [req-64171bfd-0536-42fe-aa1b-1937cd446e00 req-257be5c5-313e-4836-a93b-1b0c7d82e09a efbb6497cc6343819efe2a5bb4518e9e 6930afb70c694b269e11da3abd17d2b1 - - default default] 10.0.0.201 "GET /v2.0/security-groups/ea8b0354-a630-40a3-b7b2-c04006bac918 HTTP/1.1" status: 200 len: 3118 time: 0.0309949
2026-06-15 21:11:39.554 10 INFO neutron.api.wsgi [None req-8d405556-4b58-4178-945b-8e172b979044 9c8e5f17071b48c98efc43791441e9e7 e06cedf68fe447fda293bee4ee583ef1 - - default default] 10.0.0.47 "POST /v2.0/security-group-rules HTTP/1.1" status: 201 len: 796 time: 0.2479911
2026-06-15 21:11:39.571 9 WARNING neutron_lib.context [None req-fe6e21a7-85e2-49e7-a2f2-6e16a0501f9c 9c8e5f17071b48c98efc43791441e9e7 e06cedf68fe447fda293bee4ee583ef1 - - default default] Method 'is_advsvc' is deprecated since 2023.2 release (neutron-lib 3.8.0) and will be removed once support for the old RBAC API policies will be removed from Neutron. Please use method 'is_service_role' instead.
2026-06-15 21:11:39.588 9 INFO neutron.api.wsgi [req-43965ef8-fc97-4a75-8d2e-8f4d2998b33c req-4db7607a-d0f5-4959-b4a1-d9dfb05fca5d efbb6497cc6343819efe2a5bb4518e9e 6930afb70c694b269e11da3abd17d2b1 - - default default] 10.0.0.201 "GET /v2.0/security-groups/360fcdae-437f-49c7-b708-bb12d48937e1 HTTP/1.1" status: 200 len: 1880 time: 0.0470366
2026-06-15 21:11:39.666 9 INFO neutron.db.ovn_revision_numbers_db [req-7856fc2a-e0ae-4f18-b16a-4de60b1d0e75 req-74da8ce7-9236-4bb8-86dd-72bec7d30abd 1e5f8c8ca9e6477c824d8642d37087d4 34d35a4bf42c4886bcd7913d90e204a8 - - default default] Successfully bumped revision number for resource f5d7be73-b3f3-46c7-8c97-8b584de6017b (type: security_group_rules) to 0
2026-06-15 21:11:39.696 9 INFO neutron.db.ovn_revision_numbers_db [None req-a54db3ff-ac92-4174-9696-5ac35d7a3959 - - - - - -] Successfully bumped revision number for resource 4e0e52d6-520c-4dcc-b22a-d77fb51cc1c4 (type: ports) to 4
2026-06-15 21:11:39.714 9 INFO neutron.api.wsgi [req-7856fc2a-e0ae-4f18-b16a-4de60b1d0e75 req-74da8ce7-9236-4bb8-86dd-72bec7d30abd 1e5f8c8ca9e6477c824d8642d37087d4 34d35a4bf42c4886bcd7913d90e204a8 - - default default] 10.0.0.201 "POST /v2.0/security-group-rules HTTP/1.1" status: 201 len: 818 time: 0.2721002
2026-06-15 21:11:39.774 10 INFO neutron.api.wsgi [-] 10.0.0.254 "GET / HTTP/1.1" status: 200 len: 247 time: 0.0020387
2026-06-15 21:11:39.777 10 INFO neutron.api.wsgi [-] 10.0.0.254 "GET / HTTP/1.1" status: 200 len: 247 time: 0.0018649
2026-06-15 21:11:39.789 9 INFO neutron.api.wsgi [req-bab62cad-6324-43c8-ad6f-3578ed28910d req-43370cdf-173a-4960-be2f-fb7de264102c 1e5f8c8ca9e6477c824d8642d37087d4 34d35a4bf42c4886bcd7913d90e204a8 - - default default] 10.0.0.201 "GET /v2.0/security-groups/c13e7d91-0efe-4837-a5ba-5ef5f55fc499 HTTP/1.1" status: 200 len: 2509 time: 0.0438609
2026-06-15 21:11:39.801 9 WARNING neutron_lib.context [req-bab62cad-6324-43c8-ad6f-3578ed28910d req-8cbc709e-6115-4545-8e0a-7e24cd561b65 1e5f8c8ca9e6477c824d8642d37087d4 34d35a4bf42c4886bcd7913d90e204a8 - - default default] Method 'is_advsvc' is deprecated since 2023.2 release (neutron-lib 3.8.0) and will be removed once support for the old RBAC API policies will be removed from Neutron. Please use method 'is_service_role' instead.
2026-06-15 21:11:39.817 9 INFO neutron.api.wsgi [req-43965ef8-fc97-4a75-8d2e-8f4d2998b33c req-86243a57-46b4-451b-9e08-137cd2ff52a9 efbb6497cc6343819efe2a5bb4518e9e 6930afb70c694b269e11da3abd17d2b1 - - default default] 10.0.0.201 "DELETE /v2.0/security-groups/360fcdae-437f-49c7-b708-bb12d48937e1 HTTP/1.1" status: 204 len: 173 time: 0.2208259
2026-06-15 21:11:39.838 9 INFO neutron.db.ovn_revision_numbers_db [None req-fe6e21a7-85e2-49e7-a2f2-6e16a0501f9c 9c8e5f17071b48c98efc43791441e9e7 e06cedf68fe447fda293bee4ee583ef1 - - default default] Successfully bumped revision number for resource 08dea915-0605-40a7-b36d-52f89c959229 (type: security_group_rules) to 0
2026-06-15 21:11:39.870 9 INFO neutron.api.v2.resource [req-25d0470c-eee8-40b9-af75-8c0334f00d68 req-6e636f7f-dafd-4402-9676-5ce18b88c748 efbb6497cc6343819efe2a5bb4518e9e 6930afb70c694b269e11da3abd17d2b1 - - default default] show failed (client error): The resource could not be found.
2026-06-15 21:11:39.871 9 INFO neutron.api.wsgi [req-25d0470c-eee8-40b9-af75-8c0334f00d68 req-6e636f7f-dafd-4402-9676-5ce18b88c748 efbb6497cc6343819efe2a5bb4518e9e 6930afb70c694b269e11da3abd17d2b1 - - default default] 10.0.0.201 "GET /v2.0/security-groups/360fcdae-437f-49c7-b708-bb12d48937e1 HTTP/1.1" status: 404 len: 352 time: 0.0289342
2026-06-15 21:11:39.900 9 INFO neutron.api.wsgi [None req-fe6e21a7-85e2-49e7-a2f2-6e16a0501f9c 9c8e5f17071b48c98efc43791441e9e7 e06cedf68fe447fda293bee4ee583ef1 - - default default] 10.0.0.47 "POST /v2.0/security-group-rules HTTP/1.1" status: 201 len: 801 time: 0.3403294
2026-06-15 21:11:39.925 10 WARNING neutron_lib.context [None req-a2657a20-a417-416b-a4d5-2e06884c7f4b 9c8e5f17071b48c98efc43791441e9e7 e06cedf68fe447fda293bee4ee583ef1 - - default default] Method 'is_advsvc' is deprecated since 2023.2 release (neutron-lib 3.8.0) and will be removed once support for the old RBAC API policies will be removed from Neutron. Please use method 'is_service_role' instead.
2026-06-15 21:11:39.930 9 INFO neutron.api.wsgi [req-0f60cdd3-7c88-4e12-b06d-79c19bceb6a9 req-ec9779b7-a9dc-45bf-a8ee-bd208bc85e4e efbb6497cc6343819efe2a5bb4518e9e 6930afb70c694b269e11da3abd17d2b1 - - default default] 10.0.0.201 "GET /v2.0/security-groups/00df39ba-38b7-4687-b288-0f0ebf557f00 HTTP/1.1" status: 200 len: 1881 time: 0.0354419
2026-06-15 21:11:40.009 9 INFO neutron.db.ovn_revision_numbers_db [req-bab62cad-6324-43c8-ad6f-3578ed28910d req-8cbc709e-6115-4545-8e0a-7e24cd561b65 1e5f8c8ca9e6477c824d8642d37087d4 34d35a4bf42c4886bcd7913d90e204a8 - - default default] Successfully bumped revision number for resource d9e8e6a0-19dd-4a34-8d2c-fdc8b0838e0d (type: security_group_rules) to 0
2026-06-15 21:11:40.016 10 INFO neutron.db.ovn_revision_numbers_db [None req-88717c36-4bf0-4ac2-8c82-f6ab174493d3 a3ea93befd754a618602e16b9f998c5f c0e83b85323b40f4853ba0f176a59c3d - - default default] Successfully bumped revision number for resource 1d163a56-356f-48b6-8cc2-4858e0e4652c (type: ports) to 1
2026-06-15 21:11:40.049 9 INFO neutron.api.wsgi [req-bab62cad-6324-43c8-ad6f-3578ed28910d req-8cbc709e-6115-4545-8e0a-7e24cd561b65 1e5f8c8ca9e6477c824d8642d37087d4 34d35a4bf42c4886bcd7913d90e204a8 - - default default] 10.0.0.201 "POST /v2.0/security-group-rules HTTP/1.1" status: 201 len: 823 time: 0.2536800
2026-06-15 21:11:40.085 10 WARNING neutron.scheduler.dhcp_agent_scheduler [None req-88717c36-4bf0-4ac2-8c82-f6ab174493d3 a3ea93befd754a618602e16b9f998c5f c0e83b85323b40f4853ba0f176a59c3d - - default default] No more DHCP agents
2026-06-15 21:11:40.087 10 WARNING neutron.api.rpc.agentnotifiers.dhcp_rpc_agent_api [None req-88717c36-4bf0-4ac2-8c82-f6ab174493d3 a3ea93befd754a618602e16b9f998c5f c0e83b85323b40f4853ba0f176a59c3d - - default default] Unable to schedule network f2da56cf-0a97-4623-b90a-6a050074286e: no agents available; will retry on subsequent port and subnet creation events.
2026-06-15 21:11:40.090 9 INFO neutron.api.wsgi [req-0f60cdd3-7c88-4e12-b06d-79c19bceb6a9 req-987357b8-695d-414c-9587-03b6eb75eec0 efbb6497cc6343819efe2a5bb4518e9e 6930afb70c694b269e11da3abd17d2b1 - - default default] 10.0.0.201 "DELETE /v2.0/security-groups/00df39ba-38b7-4687-b288-0f0ebf557f00 HTTP/1.1" status: 204 len: 173 time: 0.1516504
2026-06-15 21:11:40.111 9 INFO neutron.api.wsgi [req-921e4608-0418-4bec-8e89-67cc4d243121 req-60f49ffd-47c9-47bb-bc8f-bce00f614db6 1e5f8c8ca9e6477c824d8642d37087d4 34d35a4bf42c4886bcd7913d90e204a8 - - default default] 10.0.0.201 "GET /v2.0/security-groups/c13e7d91-0efe-4837-a5ba-5ef5f55fc499 HTTP/1.1" status: 200 len: 3139 time: 0.0363111
2026-06-15 21:11:40.121 9 INFO neutron.api.v2.resource [req-bbc6cb9e-c21b-432b-aa43-952b9a5ff914 req-ead17bd2-5265-42b0-a6d7-ba9439a0f9f3 efbb6497cc6343819efe2a5bb4518e9e 6930afb70c694b269e11da3abd17d2b1 - - default default] show failed (client error): The resource could not be found.
2026-06-15 21:11:40.122 9 INFO neutron.api.wsgi [req-bbc6cb9e-c21b-432b-aa43-952b9a5ff914 req-ead17bd2-5265-42b0-a6d7-ba9439a0f9f3 efbb6497cc6343819efe2a5bb4518e9e 6930afb70c694b269e11da3abd17d2b1 - - default default] 10.0.0.201 "GET /v2.0/security-groups/00df39ba-38b7-4687-b288-0f0ebf557f00 HTTP/1.1" status: 404 len: 352 time: 0.0106163
2026-06-15 21:11:40.171 9 INFO neutron.api.wsgi [req-af49acb9-4afa-418f-a7c0-c408dfa4fafc req-e7e74213-ad37-44cc-ac71-3dd003ce84a1 1e5f8c8ca9e6477c824d8642d37087d4 34d35a4bf42c4886bcd7913d90e204a8 - - default default] 10.0.0.201 "GET /v2.0/security-group-rules/d9e8e6a0-19dd-4a34-8d2c-fdc8b0838e0d HTTP/1.1" status: 200 len: 815 time: 0.0372715
2026-06-15 21:11:40.203 10 WARNING neutron.scheduler.dhcp_agent_scheduler [None req-a2657a20-a417-416b-a4d5-2e06884c7f4b 9c8e5f17071b48c98efc43791441e9e7 e06cedf68fe447fda293bee4ee583ef1 - - default default] No more DHCP agents
2026-06-15 21:11:40.205 10 WARNING neutron.api.rpc.agentnotifiers.dhcp_rpc_agent_api [None req-a2657a20-a417-416b-a4d5-2e06884c7f4b 9c8e5f17071b48c98efc43791441e9e7 e06cedf68fe447fda293bee4ee583ef1 - - default default] Unable to schedule network 03d1d46c-50db-4e75-a25c-e48940aeffd0: no agents available; will retry on subsequent port and subnet creation events.
2026-06-15 21:11:40.207 9 INFO neutron.api.wsgi [req-997cac28-fbdc-4a24-9239-4b7007d1c20a req-95862a80-4185-4e58-a981-2a3d67f250cb efbb6497cc6343819efe2a5bb4518e9e 6930afb70c694b269e11da3abd17d2b1 - - default default] 10.0.0.201 "GET /v2.0/security-groups/24c8ed1c-968f-4e48-bb24-65b91ca6b890 HTTP/1.1" status: 200 len: 1881 time: 0.0606115
2026-06-15 21:11:40.212 9 INFO neutron.db.ovn_revision_numbers_db [None req-a54db3ff-ac92-4174-9696-5ac35d7a3959 - - - - - -] Successfully bumped revision number for resource 4e0e52d6-520c-4dcc-b22a-d77fb51cc1c4 (type: ports) to 5
2026-06-15 21:11:40.233 9 INFO neutron.api.wsgi [req-af49acb9-4afa-418f-a7c0-c408dfa4fafc req-d1980b4b-d48e-4bc8-baa9-699e2ccc138f 1e5f8c8ca9e6477c824d8642d37087d4 34d35a4bf42c4886bcd7913d90e204a8 - - default default] 10.0.0.201 "GET /v2.0/security-groups/c13e7d91-0efe-4837-a5ba-5ef5f55fc499 HTTP/1.1" status: 200 len: 3139 time: 0.0536473
2026-06-15 21:11:40.553 9 INFO neutron.api.wsgi [req-997cac28-fbdc-4a24-9239-4b7007d1c20a req-00a2c33a-2bfc-4132-a829-f34713969ab4 efbb6497cc6343819efe2a5bb4518e9e 6930afb70c694b269e11da3abd17d2b1 - - default default] 10.0.0.201 "DELETE /v2.0/security-groups/24c8ed1c-968f-4e48-bb24-65b91ca6b890 HTTP/1.1" status: 204 len: 173 time: 0.3382032
2026-06-15 21:11:40.578 9 INFO neutron.api.wsgi [req-af49acb9-4afa-418f-a7c0-c408dfa4fafc req-2dbfe3ba-61a3-4ac5-9754-66d1e0ce4cd1 1e5f8c8ca9e6477c824d8642d37087d4 34d35a4bf42c4886bcd7913d90e204a8 - - default default] 10.0.0.201 "DELETE /v2.0/security-group-rules/d9e8e6a0-19dd-4a34-8d2c-fdc8b0838e0d HTTP/1.1" status: 204 len: 173 time: 0.3348429
2026-06-15 21:11:40.587 9 INFO neutron.api.v2.resource [req-d3052cf0-31a3-4063-a0c2-7975771e1d53 req-8299508b-18f4-4eec-b162-8fd289136d5e efbb6497cc6343819efe2a5bb4518e9e 6930afb70c694b269e11da3abd17d2b1 - - default default] show failed (client error): The resource could not be found.
2026-06-15 21:11:40.587 9 INFO neutron.api.wsgi [req-d3052cf0-31a3-4063-a0c2-7975771e1d53 req-8299508b-18f4-4eec-b162-8fd289136d5e efbb6497cc6343819efe2a5bb4518e9e 6930afb70c694b269e11da3abd17d2b1 - - default default] 10.0.0.201 "GET /v2.0/security-groups/24c8ed1c-968f-4e48-bb24-65b91ca6b890 HTTP/1.1" status: 404 len: 352 time: 0.0131617
2026-06-15 21:11:40.631 9 INFO neutron.api.wsgi [req-49e26043-ee78-4ab2-82c6-c43ead7d3e0f req-8e18a3ae-ac6c-43d3-bf45-97fd1bef0190 1e5f8c8ca9e6477c824d8642d37087d4 34d35a4bf42c4886bcd7913d90e204a8 - - default default] 10.0.0.201 "GET /v2.0/security-groups/c13e7d91-0efe-4837-a5ba-5ef5f55fc499 HTTP/1.1" status: 200 len: 2509 time: 0.0342684
2026-06-15 21:11:40.647 9 INFO neutron.api.wsgi [req-8c73200c-4ff4-46e7-8f8b-0428e3877942 req-ad6bf37d-e1c6-4b2d-9110-49192bc51d60 efbb6497cc6343819efe2a5bb4518e9e 6930afb70c694b269e11da3abd17d2b1 - - default default] 10.0.0.201 "GET /v2.0/security-groups?tenant_id=6930afb70c694b269e11da3abd17d2b1 HTTP/1.1" status: 200 len: 3121 time: 0.0392361
2026-06-15 21:11:40.689 9 INFO neutron.api.wsgi [req-8c73200c-4ff4-46e7-8f8b-0428e3877942 req-4ca591d6-b965-4e53-9d02-03c55f0fd0b3 efbb6497cc6343819efe2a5bb4518e9e 6930afb70c694b269e11da3abd17d2b1 - - default default] 10.0.0.201 "GET /v2.0/security-groups/ea8b0354-a630-40a3-b7b2-c04006bac918 HTTP/1.1" status: 200 len: 3118 time: 0.0337787
2026-06-15 21:11:40.705 10 INFO neutron.api.wsgi [None req-a2657a20-a417-416b-a4d5-2e06884c7f4b 9c8e5f17071b48c98efc43791441e9e7 e06cedf68fe447fda293bee4ee583ef1 - - default default] 10.0.0.47 "POST /v2.0/floatingips HTTP/1.1" status: 201 len: 751 time: 0.7928987
2026-06-15 21:11:40.731 9 INFO neutron.api.wsgi [req-8c73200c-4ff4-46e7-8f8b-0428e3877942 req-bd368116-256f-4bcc-ac4b-6eaa2baddf00 efbb6497cc6343819efe2a5bb4518e9e 6930afb70c694b269e11da3abd17d2b1 - - default default] 10.0.0.201 "GET /v2.0/security-groups/ea8b0354-a630-40a3-b7b2-c04006bac918 HTTP/1.1" status: 200 len: 3118 time: 0.0352750
2026-06-15 21:11:40.777 9 INFO neutron.api.v2.resource [req-c061b990-ef2a-4bb0-a79f-2a3e1908f9d2 req-dcc93f01-4ec6-45bd-804c-cdb15225d5ba efbb6497cc6343819efe2a5bb4518e9e 6930afb70c694b269e11da3abd17d2b1 - - default default] show failed (client error): The resource could not be found.
2026-06-15 21:11:40.778 9 INFO neutron.api.wsgi [req-c061b990-ef2a-4bb0-a79f-2a3e1908f9d2 req-dcc93f01-4ec6-45bd-804c-cdb15225d5ba efbb6497cc6343819efe2a5bb4518e9e 6930afb70c694b269e11da3abd17d2b1 - - default default] 10.0.0.201 "GET /v2.0/security-groups/24c8ed1c-968f-4e48-bb24-65b91ca6b890 HTTP/1.1" status: 404 len: 352 time: 0.0154762
2026-06-15 21:11:40.785 9 INFO neutron.api.wsgi [req-49e26043-ee78-4ab2-82c6-c43ead7d3e0f req-a916bf1a-2856-4ef4-b09b-f322141c59c0 1e5f8c8ca9e6477c824d8642d37087d4 34d35a4bf42c4886bcd7913d90e204a8 - - default default] 10.0.0.201 "DELETE /v2.0/security-groups/c13e7d91-0efe-4837-a5ba-5ef5f55fc499 HTTP/1.1" status: 204 len: 173 time: 0.1470311
2026-06-15 21:11:40.818 9 INFO neutron.api.v2.resource [req-7d91e16b-fe90-4cdf-801d-471b996ee11e req-fddab3b9-3b4d-4b35-972a-929bed0794cf efbb6497cc6343819efe2a5bb4518e9e 6930afb70c694b269e11da3abd17d2b1 - - default default] show failed (client error): The resource could not be found.
2026-06-15 21:11:40.819 9 INFO neutron.api.wsgi [req-7d91e16b-fe90-4cdf-801d-471b996ee11e req-fddab3b9-3b4d-4b35-972a-929bed0794cf efbb6497cc6343819efe2a5bb4518e9e 6930afb70c694b269e11da3abd17d2b1 - - default default] 10.0.0.201 "GET /v2.0/security-groups/00df39ba-38b7-4687-b288-0f0ebf557f00 HTTP/1.1" status: 404 len: 352 time: 0.0179746
2026-06-15 21:11:40.837 9 INFO neutron.api.wsgi [req-5491b92d-4b7d-4637-bfb7-9811d6d1a203 req-0bdf0c06-06f8-4ab8-8ac8-6cc8d96a87ff 1e5f8c8ca9e6477c824d8642d37087d4 34d35a4bf42c4886bcd7913d90e204a8 - - default default] 10.0.0.201 "GET /v2.0/security-groups/9db8d415-38fe-4993-ac6e-1ec85b1ea23b HTTP/1.1" status: 200 len: 2511 time: 0.0338190
2026-06-15 21:11:40.871 9 INFO neutron.api.v2.resource [req-de56fdae-0e4c-4b9e-a938-decd73f17557 req-672d32f9-ca15-4614-bdd8-fd6fa3fa5bb7 efbb6497cc6343819efe2a5bb4518e9e 6930afb70c694b269e11da3abd17d2b1 - - default default] show failed (client error): The resource could not be found.
2026-06-15 21:11:40.872 9 INFO neutron.api.wsgi [req-de56fdae-0e4c-4b9e-a938-decd73f17557 req-672d32f9-ca15-4614-bdd8-fd6fa3fa5bb7 efbb6497cc6343819efe2a5bb4518e9e 6930afb70c694b269e11da3abd17d2b1 - - default default] 10.0.0.201 "GET /v2.0/security-groups/360fcdae-437f-49c7-b708-bb12d48937e1 HTTP/1.1" status: 404 len: 352 time: 0.0275624
2026-06-15 21:11:41.005 9 INFO neutron.api.wsgi [req-5491b92d-4b7d-4637-bfb7-9811d6d1a203 req-ff4eebb7-5f9c-4274-acf3-81eaa91d398b 1e5f8c8ca9e6477c824d8642d37087d4 34d35a4bf42c4886bcd7913d90e204a8 - - default default] 10.0.0.201 "DELETE /v2.0/security-groups/9db8d415-38fe-4993-ac6e-1ec85b1ea23b HTTP/1.1" status: 204 len: 173 time: 0.1612461
2026-06-15 21:11:41.168 10 INFO neutron.db.ovn_revision_numbers_db [None req-88717c36-4bf0-4ac2-8c82-f6ab174493d3 a3ea93befd754a618602e16b9f998c5f c0e83b85323b40f4853ba0f176a59c3d - - default default] Successfully bumped revision number for resource 1d163a56-356f-48b6-8cc2-4858e0e4652c (type: router_ports) to 1
2026-06-15 21:11:41.173 10 INFO neutron.api.wsgi [None req-88717c36-4bf0-4ac2-8c82-f6ab174493d3 a3ea93befd754a618602e16b9f998c5f c0e83b85323b40f4853ba0f176a59c3d - - default default] 10.0.0.47 "PUT /v2.0/routers/39cb5129-35df-40fd-9256-e2177eaef698/add_router_interface HTTP/1.1" status: 200 len: 503 time: 2.7825985
2026-06-15 21:11:41.221 9 INFO neutron.api.wsgi [req-10352b5d-71cc-4580-81e1-ed9850ff06c3 req-b4d58e23-f63a-4f13-a5b5-5f712657c41a 9c8e5f17071b48c98efc43791441e9e7 e06cedf68fe447fda293bee4ee583ef1 - - default default] 10.0.0.201 "GET /v2.0/security-groups?name=tempest-securitygroup--1349593165&fields=id&tenant_id=e06cedf68fe447fda293bee4ee583ef1 HTTP/1.1" status: 200 len: 267 time: 0.0485847
2026-06-15 21:11:41.297 9 INFO neutron.api.wsgi [req-10352b5d-71cc-4580-81e1-ed9850ff06c3 req-f417fe82-0de0-4bd6-b7ca-02f305105852 9c8e5f17071b48c98efc43791441e9e7 e06cedf68fe447fda293bee4ee583ef1 - - default default] 10.0.0.201 "GET /v2.0/networks?id=65a4de86-670c-44f1-ac30-abeaa4629375 HTTP/1.1" status: 200 len: 874 time: 0.0677404
2026-06-15 21:11:41.328 9 INFO neutron.api.wsgi [req-10352b5d-71cc-4580-81e1-ed9850ff06c3 req-a10f1e96-3484-487a-8f5b-cc6ffcfe7df1 9c8e5f17071b48c98efc43791441e9e7 e06cedf68fe447fda293bee4ee583ef1 - - default default] 10.0.0.201 "GET /v2.0/quotas/e06cedf68fe447fda293bee4ee583ef1 HTTP/1.1" status: 200 len: 491 time: 0.0241690
2026-06-15 21:11:41.443 9 INFO neutron.api.wsgi [req-10352b5d-71cc-4580-81e1-ed9850ff06c3 req-679e7863-a36c-46ef-855a-f189bc560aa6 9c8e5f17071b48c98efc43791441e9e7 e06cedf68fe447fda293bee4ee583ef1 - - default default] 10.0.0.201 "GET /v2.0/ports?tenant_id=e06cedf68fe447fda293bee4ee583ef1&fields=id HTTP/1.1" status: 200 len: 302 time: 0.1064017
2026-06-15 21:11:41.687 10 WARNING neutron_lib.context [None req-8b0b9c9d-33d8-402e-8958-34e2e5f30744 cf1b99041799468aa1c6eb6704d9fe9f 1ddd7a4c5c124d248c0f604fec8f213f - - default default] Method 'is_advsvc' is deprecated since 2023.2 release (neutron-lib 3.8.0) and will be removed once support for the old RBAC API policies will be removed from Neutron. Please use method 'is_service_role' instead.
2026-06-15 21:11:41.867 10 INFO neutron.db.ovn_revision_numbers_db [None req-8b0b9c9d-33d8-402e-8958-34e2e5f30744 cf1b99041799468aa1c6eb6704d9fe9f 1ddd7a4c5c124d248c0f604fec8f213f - - default default] Successfully bumped revision number for resource bca8a0e8-53bc-419d-a64e-d74d6802eb75 (type: security_groups) to 1
2026-06-15 21:11:41.885 9 INFO neutron.api.wsgi [req-10352b5d-71cc-4580-81e1-ed9850ff06c3 req-f63098b9-efc9-44b4-8b74-08a31b197caa 2db2ba250e43443b9382d47e8fdc30e7 006d385c654e47dc97e7ad6019f6d05f - - 32cb23adb77e47fabcce474615b61cec 32cb23adb77e47fabcce474615b61cec] 10.0.0.201 "GET /v2.0/extensions HTTP/1.1" status: 200 len: 19298 time: 0.0627961
2026-06-15 21:11:41.887 10 INFO neutron.db.ovn_revision_numbers_db [None req-8b0b9c9d-33d8-402e-8958-34e2e5f30744 cf1b99041799468aa1c6eb6704d9fe9f 1ddd7a4c5c124d248c0f604fec8f213f - - default default] Successfully bumped revision number for resource 3aaec735-a41d-4bca-83db-4157a914b397 (type: security_group_rules) to 0
2026-06-15 21:11:41.912 10 INFO neutron.db.ovn_revision_numbers_db [None req-8b0b9c9d-33d8-402e-8958-34e2e5f30744 cf1b99041799468aa1c6eb6704d9fe9f 1ddd7a4c5c124d248c0f604fec8f213f - - default default] Successfully bumped revision number for resource 89d2fa03-ef5a-4bf6-ab84-85d9456ffb8d (type: security_group_rules) to 0
2026-06-15 21:11:41.959 10 INFO neutron.api.wsgi [None req-8b0b9c9d-33d8-402e-8958-34e2e5f30744 cf1b99041799468aa1c6eb6704d9fe9f 1ddd7a4c5c124d248c0f604fec8f213f - - default default] 10.0.0.47 "POST /v2.0/security-groups HTTP/1.1" status: 201 len: 1860 time: 0.2759049
2026-06-15 21:11:41.968 9 INFO neutron.api.wsgi [req-10352b5d-71cc-4580-81e1-ed9850ff06c3 req-98abdf3a-3a63-4cac-84fb-687b1918a064 2db2ba250e43443b9382d47e8fdc30e7 006d385c654e47dc97e7ad6019f6d05f - - 32cb23adb77e47fabcce474615b61cec 32cb23adb77e47fabcce474615b61cec] 10.0.0.201 "GET /v2.0/networks/65a4de86-670c-44f1-ac30-abeaa4629375?fields=segments HTTP/1.1" status: 200 len: 212 time: 0.0738559
2026-06-15 21:11:41.970 10 WARNING neutron_lib.context [None req-9ca62ef8-ffc6-43cc-a2fb-b19788cf9548 cf1b99041799468aa1c6eb6704d9fe9f 1ddd7a4c5c124d248c0f604fec8f213f - - default default] Method 'is_advsvc' is deprecated since 2023.2 release (neutron-lib 3.8.0) and will be removed once support for the old RBAC API policies will be removed from Neutron. Please use method 'is_service_role' instead.
2026-06-15 21:11:42.024 9 INFO neutron.api.wsgi [req-10352b5d-71cc-4580-81e1-ed9850ff06c3 req-8ab1d4c6-d0ea-435c-bbb7-2c82b8942f23 2db2ba250e43443b9382d47e8fdc30e7 006d385c654e47dc97e7ad6019f6d05f - - 32cb23adb77e47fabcce474615b61cec 32cb23adb77e47fabcce474615b61cec] 10.0.0.201 "GET /v2.0/networks/65a4de86-670c-44f1-ac30-abeaa4629375?fields=provider%3Aphysical_network&fields=provider%3Anetwork_type HTTP/1.1" status: 200 len: 277 time: 0.0503209
2026-06-15 21:11:42.171 10 INFO neutron.db.ovn_revision_numbers_db [None req-9ca62ef8-ffc6-43cc-a2fb-b19788cf9548 cf1b99041799468aa1c6eb6704d9fe9f 1ddd7a4c5c124d248c0f604fec8f213f - - default default] Successfully bumped revision number for resource b0a520df-bb91-4580-8be8-c2338af3417e (type: security_group_rules) to 0
2026-06-15 21:11:42.210 10 INFO neutron.api.wsgi [None req-9ca62ef8-ffc6-43cc-a2fb-b19788cf9548 cf1b99041799468aa1c6eb6704d9fe9f 1ddd7a4c5c124d248c0f604fec8f213f - - default default] 10.0.0.47 "POST /v2.0/security-group-rules HTTP/1.1" status: 201 len: 796 time: 0.2449849
2026-06-15 21:11:42.234 10 WARNING neutron_lib.context [None req-4b1935bd-851f-46f4-bd6b-9916fa6fc999 cf1b99041799468aa1c6eb6704d9fe9f 1ddd7a4c5c124d248c0f604fec8f213f - - default default] Method 'is_advsvc' is deprecated since 2023.2 release (neutron-lib 3.8.0) and will be removed once support for the old RBAC API policies will be removed from Neutron. Please use method 'is_service_role' instead.
2026-06-15 21:11:42.262 9 WARNING neutron.plugins.ml2.drivers.ovn.mech_driver.ovsdb.ovn_client [None req-9ee9e79e-a5fa-4d35-9387-876ab0ea5693 - - - - - -] No port found with ID 0bfa9e72-9648-4976-861f-2b2b95fe2487: RuntimeError: No port found with ID 0bfa9e72-9648-4976-861f-2b2b95fe2487
2026-06-15 21:11:42.262 9 INFO neutron.plugins.ml2.drivers.ovn.mech_driver.mech_driver [None req-9ee9e79e-a5fa-4d35-9387-876ab0ea5693 - - - - - -] OVN reports status up for port: dcb18825-3e43-4255-9e80-09b8091ef378
2026-06-15 21:11:42.276 9 INFO neutron.api.wsgi [req-f83337d7-ac8b-4d3f-9631-e3c5fd9e0855 req-34c58355-69ef-4524-a3a0-3ed8bc0be905 9c8e5f17071b48c98efc43791441e9e7 e06cedf68fe447fda293bee4ee583ef1 - - default default] 10.0.0.201 "GET /v2.0/ports?device_id=220296cd-16df-4415-8a3a-924f5f7c20bb HTTP/1.1" status: 200 len: 210 time: 0.0409570
