2026-06-15 21:13:36.291 9 INFO neutron.db.ovn_revision_numbers_db [None req-c759f770-1fce-444c-b1c4-830d1cd7a852 8c31b66760d54a939f7ff35c5a6f32e9 8bbdd27eee6e4c2cb138a87e4f381605 - - default default] Successfully bumped revision number for resource 220cd9b9-5c7c-4012-8d21-9cc9bc2db505 (type: security_group_rules) to 0
2026-06-15 21:13:36.308 10 INFO neutron.api.wsgi [None req-57c3946f-42a6-447c-bbbc-8380c11ccc24 aeea2611d34e4f59a350fb569a66c359 81adfff2f2764846837daa0e78ff6f8d - - default default] 10.0.0.47 "POST /v2.0/floatingips HTTP/1.1" status: 201 len: 751 time: 0.6085312
2026-06-15 21:13:36.318 10 WARNING neutron_lib.context [None req-598b74ae-8741-4b42-8853-b990b316abf1 aeea2611d34e4f59a350fb569a66c359 81adfff2f2764846837daa0e78ff6f8d - - default default] Method 'is_advsvc' is deprecated since 2023.2 release (neutron-lib 3.8.0) and will be removed once support for the old RBAC API policies will be removed from Neutron. Please use method 'is_service_role' instead.
2026-06-15 21:13:36.355 9 INFO neutron.api.wsgi [None req-83dd1b0b-3458-404a-bb28-23fd564d9d80 36bef9f5853248c1809162cd95ca3c1a 6a22f11a755e486f9d4376f4bb9e34a2 - - default default] 10.0.0.47 "PUT /v2.0/routers/7264f75e-13be-49ee-9679-02961848d68d/remove_router_interface HTTP/1.1" status: 200 len: 503 time: 0.7090602
2026-06-15 21:13:36.358 9 INFO neutron.db.ovn_revision_numbers_db [None req-c759f770-1fce-444c-b1c4-830d1cd7a852 8c31b66760d54a939f7ff35c5a6f32e9 8bbdd27eee6e4c2cb138a87e4f381605 - - default default] Successfully bumped revision number for resource d7903ba7-c97a-48ee-88b1-676748e7e7eb (type: security_group_rules) to 0 /var/lib/openstack/lib/python3.12/site-packages/pycadf/identifier.py:71: UserWarning: Invalid uuid: neutron. To ensure interoperability, identifiers should be a valid uuid. warnings.warn(('Invalid uuid: %s. To ensure interoperability, '
2026-06-15 21:13:36.380 10 INFO neutron.api.wsgi [None req-010531db-f19a-47b8-82bd-90b56259a661 36bef9f5853248c1809162cd95ca3c1a 6a22f11a755e486f9d4376f4bb9e34a2 - - default default] 10.0.0.47 "GET /v2.0/ports?device_id=7264f75e-13be-49ee-9679-02961848d68d HTTP/1.1" status: 200 len: 205 time: 0.0170515
2026-06-15 21:13:36.403 9 INFO neutron.plugins.ml2.drivers.ovn.mech_driver.mech_driver [None req-4bbe7da9-8b2f-4933-8f88-3bc321a89cfb - - - - - -] OVN reports status up for port: 1f7a8d73-982d-457a-b129-7f981e28ca96
2026-06-15 21:13:36.433 9 INFO neutron.api.wsgi [req-bba829be-7130-4120-afc6-53f55b72c4ad req-31fb93f3-a05b-481a-93eb-36bb75101bc8 11eeb22cc61b4b8f85d20abfe891ba3b b7e2fad76e2e4904bd378c33df6574bc - - default default] 10.0.0.201 "GET /v2.0/ports?device_id=719d0ea2-ac29-41a2-adb1-e1dbdb588d02 HTTP/1.1" status: 200 len: 1168 time: 0.0758696
2026-06-15 21:13:36.441 9 INFO neutron.plugins.ml2.plugin [None req-4bbe7da9-8b2f-4933-8f88-3bc321a89cfb - - - - - -] Attempt 1 to provision port 1f7a8d73-982d-457a-b129-7f981e28ca96
2026-06-15 21:13:36.483 9 INFO neutron.api.wsgi [None req-c759f770-1fce-444c-b1c4-830d1cd7a852 8c31b66760d54a939f7ff35c5a6f32e9 8bbdd27eee6e4c2cb138a87e4f381605 - - default default] 10.0.0.47 "POST /v2.0/security-groups HTTP/1.1" status: 201 len: 1861 time: 0.3827472
2026-06-15 21:13:36.495 10 WARNING neutron_lib.context [None req-f98e05e7-0e53-4080-88fb-511df567c2e7 8c31b66760d54a939f7ff35c5a6f32e9 8bbdd27eee6e4c2cb138a87e4f381605 - - default default] Method 'is_advsvc' is deprecated since 2023.2 release (neutron-lib 3.8.0) and will be removed once support for the old RBAC API policies will be removed from Neutron. Please use method 'is_service_role' instead.
2026-06-15 21:13:36.537 9 INFO neutron.api.wsgi [req-bba829be-7130-4120-afc6-53f55b72c4ad req-ea902f5c-22cb-40ca-b37b-049521dd3678 11eeb22cc61b4b8f85d20abfe891ba3b b7e2fad76e2e4904bd378c33df6574bc - - default default] 10.0.0.201 "GET /v2.0/security-groups?id=57ebd06a-0388-41a8-bd30-ad23d0b72785&fields=id&fields=name HTTP/1.1" status: 200 len: 286 time: 0.0923278
2026-06-15 21:13:36.549 10 WARNING neutron.scheduler.dhcp_agent_scheduler [None req-598b74ae-8741-4b42-8853-b990b316abf1 aeea2611d34e4f59a350fb569a66c359 81adfff2f2764846837daa0e78ff6f8d - - default default] No more DHCP agents
2026-06-15 21:13:36.551 10 WARNING neutron.api.rpc.agentnotifiers.dhcp_rpc_agent_api [None req-598b74ae-8741-4b42-8853-b990b316abf1 aeea2611d34e4f59a350fb569a66c359 81adfff2f2764846837daa0e78ff6f8d - - default default] Unable to schedule network 03d1d46c-50db-4e75-a25c-e48940aeffd0: no agents available; will retry on subsequent port and subnet creation events.
2026-06-15 21:13:36.619 10 INFO neutron.api.wsgi [req-765b2439-1708-4156-9c2b-a59dd5e13781 req-e8a8fbea-fcc3-4a2f-8ba7-6021141f7cdc 2db2ba250e43443b9382d47e8fdc30e7 006d385c654e47dc97e7ad6019f6d05f - - 32cb23adb77e47fabcce474615b61cec 32cb23adb77e47fabcce474615b61cec] 199.19.213.132 "GET /v2.0/ports?tenant_id=b7e2fad76e2e4904bd378c33df6574bc&device_id=719d0ea2-ac29-41a2-adb1-e1dbdb588d02 HTTP/1.1" status: 200 len: 1407 time: 0.0408664
2026-06-15 21:13:36.629 9 INFO neutron.api.wsgi [None req-b39a8ebb-e3a8-468d-8fe1-49b08c179770 36bef9f5853248c1809162cd95ca3c1a 6a22f11a755e486f9d4376f4bb9e34a2 - - default default] 10.0.0.47 "DELETE /v2.0/routers/7264f75e-13be-49ee-9679-02961848d68d HTTP/1.1" status: 204 len: 168 time: 0.2393279
2026-06-15 21:13:36.658 10 INFO neutron.api.wsgi [req-765b2439-1708-4156-9c2b-a59dd5e13781 req-9f27f88a-0449-4939-bd33-48937c27276e 2db2ba250e43443b9382d47e8fdc30e7 006d385c654e47dc97e7ad6019f6d05f - - 32cb23adb77e47fabcce474615b61cec 32cb23adb77e47fabcce474615b61cec] 199.19.213.132 "GET /v2.0/floatingips?fixed_ip_address=10.100.0.7&port_id=ab196d0d-08e9-4065-9ae2-b1998eb12837 HTTP/1.1" status: 200 len: 217 time: 0.0314505
2026-06-15 21:13:36.693 10 INFO neutron.db.ovn_revision_numbers_db [None req-f98e05e7-0e53-4080-88fb-511df567c2e7 8c31b66760d54a939f7ff35c5a6f32e9 8bbdd27eee6e4c2cb138a87e4f381605 - - default default] Successfully bumped revision number for resource 14288ab6-9a3f-4dcf-8da5-dbf9ab8798f0 (type: security_group_rules) to 0
2026-06-15 21:13:36.709 10 INFO neutron.api.wsgi [req-765b2439-1708-4156-9c2b-a59dd5e13781 req-290cf367-b970-4475-9452-593aeb33d7f4 2db2ba250e43443b9382d47e8fdc30e7 006d385c654e47dc97e7ad6019f6d05f - - 32cb23adb77e47fabcce474615b61cec 32cb23adb77e47fabcce474615b61cec] 199.19.213.132 "GET /v2.0/subnets?id=f5f6186f-fb3c-4de1-bed0-54a4bee3ec87 HTTP/1.1" status: 200 len: 890 time: 0.0453594
2026-06-15 21:13:36.739 10 INFO neutron.api.wsgi [req-765b2439-1708-4156-9c2b-a59dd5e13781 req-95bc8369-67b1-47dc-8eb7-41803e00db93 2db2ba250e43443b9382d47e8fdc30e7 006d385c654e47dc97e7ad6019f6d05f - - 32cb23adb77e47fabcce474615b61cec 32cb23adb77e47fabcce474615b61cec] 199.19.213.132 "GET /v2.0/ports?network_id=ec646bbd-8f52-4f48-a28a-8134257a7877&device_owner=network%3Adhcp HTTP/1.1" status: 200 len: 210 time: 0.0215557
2026-06-15 21:13:36.755 10 INFO neutron.api.wsgi [None req-f98e05e7-0e53-4080-88fb-511df567c2e7 8c31b66760d54a939f7ff35c5a6f32e9 8bbdd27eee6e4c2cb138a87e4f381605 - - default default] 10.0.0.47 "POST /v2.0/security-group-rules HTTP/1.1" status: 201 len: 796 time: 0.2643535
2026-06-15 21:13:36.766 9 WARNING neutron_lib.context [None req-2c935bfe-e049-491a-9bf9-9666f071e18f 8c31b66760d54a939f7ff35c5a6f32e9 8bbdd27eee6e4c2cb138a87e4f381605 - - default default] Method 'is_advsvc' is deprecated since 2023.2 release (neutron-lib 3.8.0) and will be removed once support for the old RBAC API policies will be removed from Neutron. Please use method 'is_service_role' instead.
2026-06-15 21:13:36.994 9 INFO neutron.db.ovn_revision_numbers_db [None req-2c935bfe-e049-491a-9bf9-9666f071e18f 8c31b66760d54a939f7ff35c5a6f32e9 8bbdd27eee6e4c2cb138a87e4f381605 - - default default] Successfully bumped revision number for resource 913d4a8c-c505-466e-9bbb-271f22a3c539 (type: security_group_rules) to 0
2026-06-15 21:13:37.012 9 INFO neutron.db.ovn_revision_numbers_db [None req-4bbe7da9-8b2f-4933-8f88-3bc321a89cfb - - - - - -] Successfully bumped revision number for resource 1f7a8d73-982d-457a-b129-7f981e28ca96 (type: ports) to 2
2026-06-15 21:13:37.041 9 INFO neutron.api.wsgi [None req-2c935bfe-e049-491a-9bf9-9666f071e18f 8c31b66760d54a939f7ff35c5a6f32e9 8bbdd27eee6e4c2cb138a87e4f381605 - - default default] 10.0.0.47 "POST /v2.0/security-group-rules HTTP/1.1" status: 201 len: 801 time: 0.2797248
2026-06-15 21:13:37.052 9 WARNING neutron_lib.context [None req-75552406-361b-4a39-a6ec-6952e38e895f 8c31b66760d54a939f7ff35c5a6f32e9 8bbdd27eee6e4c2cb138a87e4f381605 - - default default] Method 'is_advsvc' is deprecated since 2023.2 release (neutron-lib 3.8.0) and will be removed once support for the old RBAC API policies will be removed from Neutron. Please use method 'is_service_role' instead.
2026-06-15 21:13:37.156 10 INFO neutron.api.wsgi [req-765b2439-1708-4156-9c2b-a59dd5e13781 req-30b80565-e167-4638-a3a3-e9a5a5c416c0 2db2ba250e43443b9382d47e8fdc30e7 006d385c654e47dc97e7ad6019f6d05f - - 32cb23adb77e47fabcce474615b61cec 32cb23adb77e47fabcce474615b61cec] 199.19.213.132 "GET /v2.0/networks/ec646bbd-8f52-4f48-a28a-8134257a7877?fields=segments HTTP/1.1" status: 200 len: 212 time: 0.4101894
2026-06-15 21:13:37.215 10 INFO neutron.api.wsgi [None req-a217f2af-be41-428c-9bd3-aee1c39a7b2d 36bef9f5853248c1809162cd95ca3c1a 6a22f11a755e486f9d4376f4bb9e34a2 - - default default] 10.0.0.47 "DELETE /v2.0/subnets/30d43836-dd39-4dbe-bb75-3fec52f10e14 HTTP/1.1" status: 204 len: 168 time: 0.5767803
2026-06-15 21:13:37.231 10 INFO neutron.api.wsgi [req-765b2439-1708-4156-9c2b-a59dd5e13781 req-a53b9019-fbb9-4d72-87ac-e491870f9fcf 2db2ba250e43443b9382d47e8fdc30e7 006d385c654e47dc97e7ad6019f6d05f - - 32cb23adb77e47fabcce474615b61cec 32cb23adb77e47fabcce474615b61cec] 199.19.213.132 "GET /v2.0/networks/ec646bbd-8f52-4f48-a28a-8134257a7877?fields=provider%3Aphysical_network&fields=provider%3Anetwork_type HTTP/1.1" status: 200 len: 277 time: 0.0650413
2026-06-15 21:13:37.307 9 WARNING neutron.scheduler.dhcp_agent_scheduler [None req-75552406-361b-4a39-a6ec-6952e38e895f 8c31b66760d54a939f7ff35c5a6f32e9 8bbdd27eee6e4c2cb138a87e4f381605 - - default default] No more DHCP agents
2026-06-15 21:13:37.311 9 WARNING neutron.api.rpc.agentnotifiers.dhcp_rpc_agent_api [None req-75552406-361b-4a39-a6ec-6952e38e895f 8c31b66760d54a939f7ff35c5a6f32e9 8bbdd27eee6e4c2cb138a87e4f381605 - - default default] Unable to schedule network 03d1d46c-50db-4e75-a25c-e48940aeffd0: no agents available; will retry on subsequent port and subnet creation events.
2026-06-15 21:13:37.312 10 INFO neutron.api.wsgi [None req-598b74ae-8741-4b42-8853-b990b316abf1 aeea2611d34e4f59a350fb569a66c359 81adfff2f2764846837daa0e78ff6f8d - - default default] 10.0.0.47 "POST /v2.0/floatingips HTTP/1.1" status: 201 len: 751 time: 0.9989610
2026-06-15 21:13:37.322 10 WARNING neutron_lib.context [None req-28179176-280b-41e5-9db1-b4f3ac6debe2 aeea2611d34e4f59a350fb569a66c359 81adfff2f2764846837daa0e78ff6f8d - - default default] Method 'is_advsvc' is deprecated since 2023.2 release (neutron-lib 3.8.0) and will be removed once support for the old RBAC API policies will be removed from Neutron. Please use method 'is_service_role' instead.
2026-06-15 21:13:37.537 10 WARNING neutron.scheduler.dhcp_agent_scheduler [None req-28179176-280b-41e5-9db1-b4f3ac6debe2 aeea2611d34e4f59a350fb569a66c359 81adfff2f2764846837daa0e78ff6f8d - - default default] No more DHCP agents
2026-06-15 21:13:37.539 10 WARNING neutron.api.rpc.agentnotifiers.dhcp_rpc_agent_api [None req-28179176-280b-41e5-9db1-b4f3ac6debe2 aeea2611d34e4f59a350fb569a66c359 81adfff2f2764846837daa0e78ff6f8d - - default default] Unable to schedule network 03d1d46c-50db-4e75-a25c-e48940aeffd0: no agents available; will retry on subsequent port and subnet creation events.
2026-06-15 21:13:37.559 9 INFO neutron.services.segments.plugin [-] Segment b320a5d2-2ad3-412c-b827-e42e5d9ea2e3 resource provider aggregate not found
2026-06-15 21:13:37.562 9 INFO neutron.services.segments.plugin [-] Segment b320a5d2-2ad3-412c-b827-e42e5d9ea2e3 resource provider aggregate not found
2026-06-15 21:13:37.578 9 INFO neutron.services.segments.plugin [-] Segment b320a5d2-2ad3-412c-b827-e42e5d9ea2e3 resource provider not found; error: Placement Client Error (4xx): {"errors": [{"status": 404, "title": "Not Found", "detail": "The resource could not be found.\n\n No resource provider with uuid b320a5d2-2ad3-412c-b827-e42e5d9ea2e3 found for delete ", "request_id": "req-abaaa230-0614-4d04-9004-7208d53e4307"}]}
2026-06-15 21:13:37.578 9 INFO neutron.services.segments.plugin [-] Segment b320a5d2-2ad3-412c-b827-e42e5d9ea2e3 resource provider not found; error: Placement Client Error (4xx): {"errors": [{"status": 404, "title": "Not Found", "detail": "The resource could not be found.\n\n No resource provider with uuid b320a5d2-2ad3-412c-b827-e42e5d9ea2e3 found for delete ", "request_id": "req-2d02d9da-f167-4909-b3ec-aefbc12c832f"}]}
2026-06-15 21:13:37.594 9 INFO neutron.api.wsgi [None req-40b0fde6-7a84-4740-96b7-83260b9557d6 36bef9f5853248c1809162cd95ca3c1a 6a22f11a755e486f9d4376f4bb9e34a2 - - default default] 10.0.0.47 "DELETE /v2.0/networks/78457ee8-5219-4ec3-aac4-ffa42cdd88bc HTTP/1.1" status: 204 len: 168 time: 0.3731923
2026-06-15 21:13:37.613 9 WARNING neutron_lib.context [None req-e2ea22a0-0842-49fd-a915-c0f136cf26f0 36bef9f5853248c1809162cd95ca3c1a 6a22f11a755e486f9d4376f4bb9e34a2 - - default default] Method 'is_advsvc' is deprecated since 2023.2 release (neutron-lib 3.8.0) and will be removed once support for the old RBAC API policies will be removed from Neutron. Please use method 'is_service_role' instead.
2026-06-15 21:13:37.655 9 INFO neutron.api.wsgi [req-acc8f550-2c50-4eba-aad4-5a999e75ffe0 req-8db8504b-0e23-4e55-a80c-f9b69ef417cc 11eeb22cc61b4b8f85d20abfe891ba3b b7e2fad76e2e4904bd378c33df6574bc - - default default] 10.0.0.201 "GET /v2.0/ports?device_id=719d0ea2-ac29-41a2-adb1-e1dbdb588d02 HTTP/1.1" status: 200 len: 1168 time: 0.0500360
2026-06-15 21:13:37.662 9 INFO neutron.api.wsgi [None req-75552406-361b-4a39-a6ec-6952e38e895f 8c31b66760d54a939f7ff35c5a6f32e9 8bbdd27eee6e4c2cb138a87e4f381605 - - default default] 10.0.0.47 "POST /v2.0/floatingips HTTP/1.1" status: 201 len: 751 time: 0.6149724
2026-06-15 21:13:37.713 9 INFO neutron.api.wsgi [req-acc8f550-2c50-4eba-aad4-5a999e75ffe0 req-ed58ae46-3e74-48e1-9519-c5485e8a684d 11eeb22cc61b4b8f85d20abfe891ba3b b7e2fad76e2e4904bd378c33df6574bc - - default default] 10.0.0.201 "GET /v2.0/security-groups?id=57ebd06a-0388-41a8-bd30-ad23d0b72785&fields=id&fields=name HTTP/1.1" status: 200 len: 286 time: 0.0502908
2026-06-15 21:13:37.855 10 INFO neutron.api.wsgi [None req-28179176-280b-41e5-9db1-b4f3ac6debe2 aeea2611d34e4f59a350fb569a66c359 81adfff2f2764846837daa0e78ff6f8d - - default default] 10.0.0.47 "POST /v2.0/floatingips HTTP/1.1" status: 201 len: 751 time: 0.5370760
2026-06-15 21:13:37.872 10 WARNING neutron_lib.context [None req-a8ac4759-ddec-4d99-9ffd-b24037215aed aeea2611d34e4f59a350fb569a66c359 81adfff2f2764846837daa0e78ff6f8d - - default default] Method 'is_advsvc' is deprecated since 2023.2 release (neutron-lib 3.8.0) and will be removed once support for the old RBAC API policies will be removed from Neutron. Please use method 'is_service_role' instead.
2026-06-15 21:13:38.038 9 WARNING neutron.scheduler.dhcp_agent_scheduler [None req-e2ea22a0-0842-49fd-a915-c0f136cf26f0 36bef9f5853248c1809162cd95ca3c1a 6a22f11a755e486f9d4376f4bb9e34a2 - - default default] No more DHCP agents
2026-06-15 21:13:38.040 9 WARNING neutron.api.rpc.agentnotifiers.dhcp_rpc_agent_api [None req-e2ea22a0-0842-49fd-a915-c0f136cf26f0 36bef9f5853248c1809162cd95ca3c1a 6a22f11a755e486f9d4376f4bb9e34a2 - - default default] Unable to schedule network 03d1d46c-50db-4e75-a25c-e48940aeffd0: no agents available; will retry on subsequent port and subnet creation events.
2026-06-15 21:13:38.090 9 INFO neutron.api.wsgi [req-ab973f07-90e1-45cd-8db2-31b11709b115 req-7efa66e1-8870-4a6e-a24c-f482d8620d7d 8c31b66760d54a939f7ff35c5a6f32e9 8bbdd27eee6e4c2cb138a87e4f381605 - - default default] 10.0.0.201 "GET /v2.0/security-groups?name=tempest-securitygroup--1362124481&fields=id&tenant_id=8bbdd27eee6e4c2cb138a87e4f381605 HTTP/1.1" status: 200 len: 267 time: 0.0405867
2026-06-15 21:13:38.148 9 INFO neutron.api.wsgi [req-ab973f07-90e1-45cd-8db2-31b11709b115 req-0f980a75-0796-4b41-9fe0-97cf0f9934df 8c31b66760d54a939f7ff35c5a6f32e9 8bbdd27eee6e4c2cb138a87e4f381605 - - default default] 10.0.0.201 "GET /v2.0/networks?id=87a09de8-d7c2-4308-8440-bf892d3f5d88 HTTP/1.1" status: 200 len: 875 time: 0.0507958
2026-06-15 21:13:38.174 9 INFO neutron.api.wsgi [req-ab973f07-90e1-45cd-8db2-31b11709b115 req-f660fcdc-b62f-40bc-83bd-930d4844164b 8c31b66760d54a939f7ff35c5a6f32e9 8bbdd27eee6e4c2cb138a87e4f381605 - - default default] 10.0.0.201 "GET /v2.0/quotas/8bbdd27eee6e4c2cb138a87e4f381605 HTTP/1.1" status: 200 len: 491 time: 0.0134330
2026-06-15 21:13:38.195 9 INFO neutron.db.ovn_revision_numbers_db [None req-e2ea22a0-0842-49fd-a915-c0f136cf26f0 36bef9f5853248c1809162cd95ca3c1a 6a22f11a755e486f9d4376f4bb9e34a2 - - default default] Successfully bumped revision number for resource 746f45c3-bb4f-496c-a369-0680cfa38af5 (type: ports) to 1
2026-06-15 21:13:38.263 9 INFO neutron.api.wsgi [req-ab973f07-90e1-45cd-8db2-31b11709b115 req-822ab302-4664-479c-89a5-47fe31e09aac 8c31b66760d54a939f7ff35c5a6f32e9 8bbdd27eee6e4c2cb138a87e4f381605 - - default default] 10.0.0.201 "GET /v2.0/ports?tenant_id=8bbdd27eee6e4c2cb138a87e4f381605&fields=id HTTP/1.1" status: 200 len: 302 time: 0.0816960
2026-06-15 21:13:38.335 9 INFO neutron.api.wsgi [req-ab973f07-90e1-45cd-8db2-31b11709b115 req-3b58da78-2f66-4f1d-9ad3-33825765c65a 2db2ba250e43443b9382d47e8fdc30e7 006d385c654e47dc97e7ad6019f6d05f - - 32cb23adb77e47fabcce474615b61cec 32cb23adb77e47fabcce474615b61cec] 10.0.0.201 "GET /v2.0/networks/87a09de8-d7c2-4308-8440-bf892d3f5d88?fields=segments HTTP/1.1" status: 200 len: 212 time: 0.0608971
2026-06-15 21:13:38.370 9 INFO neutron.api.wsgi [None req-2463de83-c0c8-4703-a93e-d23386fca17f a3ea93befd754a618602e16b9f998c5f c0e83b85323b40f4853ba0f176a59c3d - - default default] 10.0.0.121 "GET /v2.0/floatingips HTTP/1.1" status: 200 len: 2883 time: 0.0771091
2026-06-15 21:13:38.432 9 INFO neutron.api.wsgi [req-ab973f07-90e1-45cd-8db2-31b11709b115 req-1f08fe80-c7b7-487d-b172-5d7a78168558 2db2ba250e43443b9382d47e8fdc30e7 006d385c654e47dc97e7ad6019f6d05f - - 32cb23adb77e47fabcce474615b61cec 32cb23adb77e47fabcce474615b61cec] 10.0.0.201 "GET /v2.0/networks/87a09de8-d7c2-4308-8440-bf892d3f5d88?fields=provider%3Aphysical_network&fields=provider%3Anetwork_type HTTP/1.1" status: 200 len: 277 time: 0.0826695
2026-06-15 21:13:38.439 9 INFO neutron.api.wsgi [None req-b03178dd-b3ae-47f2-ae01-8b84d7d209ed a3ea93befd754a618602e16b9f998c5f c0e83b85323b40f4853ba0f176a59c3d - - default default] 10.0.0.121 "GET /v2.0/security-groups HTTP/1.1" status: 200 len: 29152 time: 0.0654585
2026-06-15 21:13:38.467 9 INFO neutron.api.wsgi [None req-14aa4a32-e4a6-4665-a767-a06c1867e6d0 a3ea93befd754a618602e16b9f998c5f c0e83b85323b40f4853ba0f176a59c3d - - default default] 10.0.0.121 "GET /v2.0/agents HTTP/1.1" status: 200 len: 1390 time: 0.0132601
2026-06-15 21:13:38.510 9 INFO neutron.api.wsgi [None req-0ee950c5-4b62-4d6a-8e4a-78832598189a a3ea93befd754a618602e16b9f998c5f c0e83b85323b40f4853ba0f176a59c3d - - default default] 10.0.0.121 "GET /v2.0/subnets HTTP/1.1" status: 200 len: 2843 time: 0.0410171
2026-06-15 21:13:38.526 9 INFO neutron.api.wsgi [None req-08c2de39-393a-4cfd-8400-e3ad28061eb5 a3ea93befd754a618602e16b9f998c5f c0e83b85323b40f4853ba0f176a59c3d - - default default] 10.0.0.121 "GET /v2.0/subnetpools HTTP/1.1" status: 200 len: 193 time: 0.0143185
2026-06-15 21:13:38.577 9 INFO neutron.api.wsgi [req-9663c8a6-2062-41d6-ba11-32b7653df4c6 req-39d5e836-7f7e-452b-ac1f-3baf75ea05c8 8c31b66760d54a939f7ff35c5a6f32e9 8bbdd27eee6e4c2cb138a87e4f381605 - - default default] 10.0.0.201 "GET /v2.0/ports?device_id=879dbda0-134a-4379-93fe-cf282f1e22d2 HTTP/1.1" status: 200 len: 210 time: 0.0296474
2026-06-15 21:13:38.619 9 INFO neutron.api.wsgi [None req-f346fe30-7c11-427e-b1b2-ba15b59aefd0 a3ea93befd754a618602e16b9f998c5f c0e83b85323b40f4853ba0f176a59c3d - - default default] 10.0.0.121 "GET /v2.0/routers HTTP/1.1" status: 200 len: 3069 time: 0.0914812
2026-06-15 21:13:38.630 9 INFO neutron.api.wsgi [None req-9e030815-9f46-4abc-8d95-201422e5668d a3ea93befd754a618602e16b9f998c5f c0e83b85323b40f4853ba0f176a59c3d - - default default] 10.0.0.121 "GET /v2.0/agents?binary=ovn-controller HTTP/1.1" status: 200 len: 591 time: 0.0092611
2026-06-15 21:13:38.647 9 INFO neutron.api.wsgi [None req-4d83e787-e1b0-424b-a47e-5978c3152645 a3ea93befd754a618602e16b9f998c5f c0e83b85323b40f4853ba0f176a59c3d - - default default] 10.0.0.121 "GET /v2.0/network-ip-availabilities HTTP/1.1" status: 200 len: 2232 time: 0.0121086
2026-06-15 21:13:38.665 10 WARNING neutron.scheduler.dhcp_agent_scheduler [None req-a8ac4759-ddec-4d99-9ffd-b24037215aed aeea2611d34e4f59a350fb569a66c359 81adfff2f2764846837daa0e78ff6f8d - - default default] No more DHCP agents
2026-06-15 21:13:38.666 10 WARNING neutron.api.rpc.agentnotifiers.dhcp_rpc_agent_api [None req-a8ac4759-ddec-4d99-9ffd-b24037215aed aeea2611d34e4f59a350fb569a66c359 81adfff2f2764846837daa0e78ff6f8d - - default default] Unable to schedule network 03d1d46c-50db-4e75-a25c-e48940aeffd0: no agents available; will retry on subsequent port and subnet creation events.
2026-06-15 21:13:38.720 9 INFO neutron.api.wsgi [None req-ec523462-4af9-4737-88c5-5e900832c58c a3ea93befd754a618602e16b9f998c5f c0e83b85323b40f4853ba0f176a59c3d - - default default] 10.0.0.121 "GET /v2.0/networks HTTP/1.1" status: 200 len: 3869 time: 0.0713818
2026-06-15 21:13:38.751 9 INFO neutron.api.wsgi [None req-e92ffd1e-5674-4fa0-bd89-1fef0571f562 a3ea93befd754a618602e16b9f998c5f c0e83b85323b40f4853ba0f176a59c3d - - default default] 10.0.0.121 "GET /v2.0/subnets HTTP/1.1" status: 200 len: 2843 time: 0.0278549
2026-06-15 21:13:38.833 9 INFO neutron.api.wsgi [None req-2ffc2e06-4281-4893-a71f-db0d782bb178 a3ea93befd754a618602e16b9f998c5f c0e83b85323b40f4853ba0f176a59c3d - - default default] 10.0.0.121 "GET /v2.0/ports HTTP/1.1" status: 200 len: 19928 time: 0.0803866
2026-06-15 21:13:38.862 9 INFO neutron.api.wsgi [req-4a336af3-5244-4905-ad0a-7703dd31d373 req-2650242c-ca8e-445c-839e-f3096cb8e6c7 11eeb22cc61b4b8f85d20abfe891ba3b b7e2fad76e2e4904bd378c33df6574bc - - default default] 10.0.0.201 "GET /v2.0/ports?device_id=719d0ea2-ac29-41a2-adb1-e1dbdb588d02 HTTP/1.1" status: 200 len: 1168 time: 0.0797942
2026-06-15 21:13:38.913 9 INFO neutron.api.wsgi [req-4a336af3-5244-4905-ad0a-7703dd31d373 req-da21826f-3461-4239-a2e6-84c98d18c54e 11eeb22cc61b4b8f85d20abfe891ba3b b7e2fad76e2e4904bd378c33df6574bc - - default default] 10.0.0.201 "GET /v2.0/security-groups?id=57ebd06a-0388-41a8-bd30-ad23d0b72785&fields=id&fields=name HTTP/1.1" status: 200 len: 286 time: 0.0422244
2026-06-15 21:13:39.016 10 INFO neutron.api.wsgi [None req-a8ac4759-ddec-4d99-9ffd-b24037215aed aeea2611d34e4f59a350fb569a66c359 81adfff2f2764846837daa0e78ff6f8d - - default default] 10.0.0.47 "POST /v2.0/floatingips HTTP/1.1" status: 201 len: 751 time: 1.1496174
2026-06-15 21:13:39.080 9 INFO neutron.plugins.ml2.drivers.ovn.mech_driver.ovsdb.commands [None req-12c7670d-2623-4adc-8ce4-0c7fefa7c036 - - - - - -] Schedule LRP lrp-746f45c3-bb4f-496c-a369-0680cfa38af5 on gateway c43cc7a7-0197-4faf-ae10-b1c22aeb9f3c with priority 1
2026-06-15 21:13:39.088 9 INFO neutron.api.wsgi [None req-5322524f-3739-4aec-b5a8-a43576985046 aeea2611d34e4f59a350fb569a66c359 81adfff2f2764846837daa0e78ff6f8d - - default default] 10.0.0.47 "PUT /v2.0/floatingips/db8df060-b149-43eb-9ca1-a9bb102465e5/tags HTTP/1.1" status: 200 len: 210 time: 0.0669067
2026-06-15 21:13:39.126 9 INFO neutron.db.ovn_revision_numbers_db [None req-e2ea22a0-0842-49fd-a915-c0f136cf26f0 36bef9f5853248c1809162cd95ca3c1a 6a22f11a755e486f9d4376f4bb9e34a2 - - default default] Successfully bumped revision number for resource 746f45c3-bb4f-496c-a369-0680cfa38af5 (type: router_ports) to 1
2026-06-15 21:13:39.153 10 INFO neutron.api.wsgi [None req-76a28b87-38fd-4d3a-b387-06ad5d494b35 aeea2611d34e4f59a350fb569a66c359 81adfff2f2764846837daa0e78ff6f8d - - default default] 10.0.0.47 "PUT /v2.0/floatingips/29b5631f-7c3f-46ea-8295-d632ba18799d/tags HTTP/1.1" status: 200 len: 218 time: 0.0548811
2026-06-15 21:13:39.197 9 INFO neutron.db.ovn_revision_numbers_db [None req-e2ea22a0-0842-49fd-a915-c0f136cf26f0 36bef9f5853248c1809162cd95ca3c1a 6a22f11a755e486f9d4376f4bb9e34a2 - - default default] Successfully bumped revision number for resource e911d3c2-96f9-4aa4-894b-39ea9186b61f (type: routers) to 2
2026-06-15 21:13:39.235 10 INFO neutron.api.wsgi [None req-934fb8e5-61cb-4d2d-b5d3-1b77547e4c8b aeea2611d34e4f59a350fb569a66c359 81adfff2f2764846837daa0e78ff6f8d - - default default] 10.0.0.47 "PUT /v2.0/floatingips/a4fb5866-79e5-49fd-bfc5-0436ef7dd169/tags HTTP/1.1" status: 200 len: 227 time: 0.0781653
2026-06-15 21:13:39.249 9 INFO neutron.api.wsgi [None req-e2ea22a0-0842-49fd-a915-c0f136cf26f0 36bef9f5853248c1809162cd95ca3c1a 6a22f11a755e486f9d4376f4bb9e34a2 - - default default] 10.0.0.47 "POST /v2.0/routers HTTP/1.1" status: 201 len: 1150 time: 1.6457174
2026-06-15 21:13:39.278 9 INFO neutron.api.wsgi [None req-7e3544f3-7e53-4240-83c4-71679baaf93b aeea2611d34e4f59a350fb569a66c359 81adfff2f2764846837daa0e78ff6f8d - - default default] 10.0.0.47 "PUT /v2.0/floatingips/1d2b73de-d737-4653-af2f-989e21b512ad/tags HTTP/1.1" status: 200 len: 212 time: 0.0377061
2026-06-15 21:13:39.319 9 INFO neutron.api.wsgi [None req-c07d11fe-88e4-4e3b-8625-d1fbcde5dfd2 aeea2611d34e4f59a350fb569a66c359 81adfff2f2764846837daa0e78ff6f8d - - default default] 10.0.0.47 "GET /v2.0/floatingips?tags=red HTTP/1.1" status: 200 len: 1866 time: 0.0359986
2026-06-15 21:13:39.325 10 INFO neutron.api.wsgi [None req-fb82b0fb-0c34-4f95-8f81-5766b54263a1 36bef9f5853248c1809162cd95ca3c1a 6a22f11a755e486f9d4376f4bb9e34a2 - - default default] 10.0.0.47 "GET /v2.0/routers/e911d3c2-96f9-4aa4-894b-39ea9186b61f HTTP/1.1" status: 200 len: 1151 time: 0.0670784
2026-06-15 21:13:39.385 9 INFO neutron.api.wsgi [None req-3d848559-5105-414b-8a36-012dc54e5b0a aeea2611d34e4f59a350fb569a66c359 81adfff2f2764846837daa0e78ff6f8d - - default default] 10.0.0.47 "GET /v2.0/floatingips?tags=red%2Cblue HTTP/1.1" status: 200 len: 1323 time: 0.0611928
2026-06-15 21:13:39.438 10 INFO neutron.api.wsgi [None req-6cf4eae3-cdb5-4584-b35b-a2ad82e19cd5 aeea2611d34e4f59a350fb569a66c359 81adfff2f2764846837daa0e78ff6f8d - - default default] 10.0.0.47 "GET /v2.0/floatingips?tags-any=blue HTTP/1.1" status: 200 len: 1323 time: 0.0465121
2026-06-15 21:13:39.450 10 INFO neutron.api.wsgi [None req-25b1ba8e-324b-4caa-8a06-ca921bc7cd23 36bef9f5853248c1809162cd95ca3c1a 6a22f11a755e486f9d4376f4bb9e34a2 - - default default] 10.0.0.47 "GET /v2.0/routers HTTP/1.1" status: 200 len: 1154 time: 0.1208186
2026-06-15 21:13:39.511 9 INFO neutron.api.wsgi [None req-6e6c4d58-a600-4fd1-adf5-a2704216f8d6 aeea2611d34e4f59a350fb569a66c359 81adfff2f2764846837daa0e78ff6f8d - - default default] 10.0.0.47 "GET /v2.0/floatingips?tags-any=red%2Cblue HTTP/1.1" status: 200 len: 1866 time: 0.0661759
2026-06-15 21:13:39.555 9 INFO neutron.api.wsgi [None req-b065546a-ef3a-4ce7-b4e6-32134502423c aeea2611d34e4f59a350fb569a66c359 81adfff2f2764846837daa0e78ff6f8d - - default default] 10.0.0.47 "GET /v2.0/floatingips?not-tags=red HTTP/1.1" status: 200 len: 1295 time: 0.0386705
2026-06-15 21:13:39.780 10 INFO neutron.api.wsgi [-] 10.0.0.254 "GET / HTTP/1.1" status: 200 len: 247 time: 0.0030932
2026-06-15 21:13:39.784 10 INFO neutron.api.wsgi [-] 10.0.0.254 "GET / HTTP/1.1" status: 200 len: 247 time: 0.0017292
2026-06-15 21:13:39.948 9 INFO neutron.api.wsgi [req-8e30543e-ba52-4f6a-b2c8-dd5c35a5e07a req-035481c6-d48a-4088-baf2-2df775021e31 8c31b66760d54a939f7ff35c5a6f32e9 8bbdd27eee6e4c2cb138a87e4f381605 - - default default] 10.0.0.201 "GET /v2.0/ports?device_id=879dbda0-134a-4379-93fe-cf282f1e22d2 HTTP/1.1" status: 200 len: 210 time: 0.0252309
2026-06-15 21:13:39.965 9 INFO neutron.api.wsgi [None req-840edd5d-5b44-485d-bdf4-93967d7a405c aeea2611d34e4f59a350fb569a66c359 81adfff2f2764846837daa0e78ff6f8d - - default default] 10.0.0.47 "GET /v2.0/floatingips?not-tags=red%2Cblue HTTP/1.1" status: 200 len: 1838 time: 0.4058506
2026-06-15 21:13:39.966 10 INFO neutron.db.ovn_revision_numbers_db [None req-ed0020ab-4c15-4069-a471-a54a934088e2 36bef9f5853248c1809162cd95ca3c1a 6a22f11a755e486f9d4376f4bb9e34a2 - - default default] Successfully bumped revision number for resource e911d3c2-96f9-4aa4-894b-39ea9186b61f (type: routers) to 3
2026-06-15 21:13:39.973 10 INFO neutron.api.wsgi [None req-ed0020ab-4c15-4069-a471-a54a934088e2 36bef9f5853248c1809162cd95ca3c1a 6a22f11a755e486f9d4376f4bb9e34a2 - - default default] 10.0.0.47 "PUT /v2.0/routers/e911d3c2-96f9-4aa4-894b-39ea9186b61f HTTP/1.1" status: 200 len: 1158 time: 0.5186210
2026-06-15 21:13:40.043 9 INFO neutron.api.wsgi [None req-760aac63-47ec-4061-b1e5-4a32bf8bee39 aeea2611d34e4f59a350fb569a66c359 81adfff2f2764846837daa0e78ff6f8d - - default default] 10.0.0.47 "GET /v2.0/floatingips?not-tags-any=blue HTTP/1.1" status: 200 len: 1838 time: 0.0727582
2026-06-15 21:13:40.080 9 INFO neutron.api.wsgi [None req-f6d4a905-ddc8-4e4d-93f9-e224f4083187 36bef9f5853248c1809162cd95ca3c1a 6a22f11a755e486f9d4376f4bb9e34a2 - - default default] 10.0.0.47 "GET /v2.0/routers/e911d3c2-96f9-4aa4-894b-39ea9186b61f HTTP/1.1" status: 200 len: 1158 time: 0.1020675
2026-06-15 21:13:40.093 10 INFO neutron.api.wsgi [None req-2a595e8d-8fde-4885-9726-d77a426951c2 aeea2611d34e4f59a350fb569a66c359 81adfff2f2764846837daa0e78ff6f8d - - default default] 10.0.0.47 "GET /v2.0/floatingips?not-tags-any=red%2Cblue HTTP/1.1" status: 200 len: 1295 time: 0.0426893
2026-06-15 21:13:40.116 9 INFO neutron.api.wsgi [None req-36ca95ad-6fe2-4e50-b251-b57e99ef18f1 36bef9f5853248c1809162cd95ca3c1a 6a22f11a755e486f9d4376f4bb9e34a2 - - default default] 10.0.0.47 "GET /v2.0/ports?device_id=e911d3c2-96f9-4aa4-894b-39ea9186b61f HTTP/1.1" status: 200 len: 205 time: 0.0285518
2026-06-15 21:13:40.121 10 WARNING neutron.plugins.ml2.drivers.ovn.mech_driver.ovsdb.ovn_client [None req-84344d0c-e467-41c1-bee0-fc3367a55d2d - - - - - -] No port found with ID f5f8e3a2-3984-4bce-997a-d882667fc5d6: RuntimeError: No port found with ID f5f8e3a2-3984-4bce-997a-d882667fc5d6
2026-06-15 21:13:40.123 9 INFO neutron.api.wsgi [req-69789e07-f654-4ef9-81fe-9369efa480a7 req-ed70350b-ff4e-4fda-87c4-c52252742e61 11eeb22cc61b4b8f85d20abfe891ba3b b7e2fad76e2e4904bd378c33df6574bc - - default default] 10.0.0.201 "GET /v2.0/ports?device_id=719d0ea2-ac29-41a2-adb1-e1dbdb588d02 HTTP/1.1" status: 200 len: 1168 time: 0.1147943
2026-06-15 21:13:40.178 9 INFO neutron.api.wsgi [req-69789e07-f654-4ef9-81fe-9369efa480a7 req-349293a1-85ba-47ae-b97f-7ff9c891fffc 11eeb22cc61b4b8f85d20abfe891ba3b b7e2fad76e2e4904bd378c33df6574bc - - default default] 10.0.0.201 "GET /v2.0/security-groups?id=57ebd06a-0388-41a8-bd30-ad23d0b72785&fields=id&fields=name HTTP/1.1" status: 200 len: 286 time: 0.0434520
2026-06-15 21:13:40.194 10 INFO neutron.plugins.ml2.drivers.ovn.mech_driver.mech_driver [None req-84344d0c-e467-41c1-bee0-fc3367a55d2d - - - - - -] OVN reports status up for port: ab196d0d-08e9-4065-9ae2-b1998eb12837
2026-06-15 21:13:40.208 10 INFO neutron.plugins.ml2.plugin [None req-84344d0c-e467-41c1-bee0-fc3367a55d2d - - - - - -] Attempt 1 to provision port ab196d0d-08e9-4065-9ae2-b1998eb12837
2026-06-15 21:13:40.358 10 INFO neutron.notifiers.nova [-] Nova event matching ['req-b8761e85-059d-4eab-a43c-802f05e5f276'] response: {'server_uuid': '719d0ea2-ac29-41a2-adb1-e1dbdb588d02', 'name': 'network-vif-plugged', 'status': 'completed', 'tag': 'ab196d0d-08e9-4065-9ae2-b1998eb12837', 'code': 200}
2026-06-15 21:13:40.409 9 INFO neutron.api.wsgi [None req-6a0fa13c-c6a2-4242-9e78-f674c05c1e4e aeea2611d34e4f59a350fb569a66c359 81adfff2f2764846837daa0e78ff6f8d - - default default] 10.0.0.47 "DELETE /v2.0/floatingips/db8df060-b149-43eb-9ca1-a9bb102465e5 HTTP/1.1" status: 204 len: 168 time: 0.3098998
2026-06-15 21:13:40.490 10 INFO neutron.db.ovn_revision_numbers_db [None req-84344d0c-e467-41c1-bee0-fc3367a55d2d - - - - - -] Successfully bumped revision number for resource ab196d0d-08e9-4065-9ae2-b1998eb12837 (type: ports) to 5
2026-06-15 21:13:40.719 9 INFO neutron.api.wsgi [None req-aedcf9d5-f13b-4988-b7ca-8e38586c532f aeea2611d34e4f59a350fb569a66c359 81adfff2f2764846837daa0e78ff6f8d - - default default] 10.0.0.47 "DELETE /v2.0/floatingips/29b5631f-7c3f-46ea-8295-d632ba18799d HTTP/1.1" status: 204 len: 168 time: 0.3044825
2026-06-15 21:13:40.853 10 INFO neutron.api.wsgi [None req-16d77fb3-14aa-4b57-87fd-12b726e71ce7 36bef9f5853248c1809162cd95ca3c1a 6a22f11a755e486f9d4376f4bb9e34a2 - - default default] 10.0.0.47 "DELETE /v2.0/routers/e911d3c2-96f9-4aa4-894b-39ea9186b61f HTTP/1.1" status: 204 len: 168 time: 0.7304184 /var/lib/openstack/lib/python3.12/site-packages/pycadf/identifier.py:71: UserWarning: Invalid uuid: neutron. To ensure interoperability, identifiers should be a valid uuid. warnings.warn(('Invalid uuid: %s. To ensure interoperability, '
2026-06-15 21:13:40.900 10 INFO neutron.api.wsgi [None req-2273fc24-4773-43be-bd6e-05f0160bf7e5 36bef9f5853248c1809162cd95ca3c1a 6a22f11a755e486f9d4376f4bb9e34a2 - - default default] 10.0.0.47 "GET /v2.0/ports?device_id=e911d3c2-96f9-4aa4-894b-39ea9186b61f HTTP/1.1" status: 200 len: 205 time: 0.0365536
2026-06-15 21:13:40.932 10 INFO neutron.api.v2.resource [None req-31421bef-2b86-4fbc-9bc5-8e3675a18f3e 36bef9f5853248c1809162cd95ca3c1a 6a22f11a755e486f9d4376f4bb9e34a2 - - default default] delete failed (client error): The resource could not be found.
2026-06-15 21:13:40.933 10 INFO neutron.api.wsgi [None req-31421bef-2b86-4fbc-9bc5-8e3675a18f3e 36bef9f5853248c1809162cd95ca3c1a 6a22f11a755e486f9d4376f4bb9e34a2 - - default default] 10.0.0.47 "DELETE /v2.0/routers/e911d3c2-96f9-4aa4-894b-39ea9186b61f HTTP/1.1" status: 404 len: 336 time: 0.0271399
2026-06-15 21:13:40.957 10 INFO neutron.api.wsgi [None req-a748d398-e540-4770-a0c3-3201399ff8cc 36bef9f5853248c1809162cd95ca3c1a 6a22f11a755e486f9d4376f4bb9e34a2 - - default default] 10.0.0.47 "GET /v2.0/ports?device_id=7264f75e-13be-49ee-9679-02961848d68d HTTP/1.1" status: 200 len: 205 time: 0.0182045
2026-06-15 21:13:40.988 9 INFO neutron.api.v2.resource [None req-2f2f371a-4733-4618-b189-66370d8611ec 36bef9f5853248c1809162cd95ca3c1a 6a22f11a755e486f9d4376f4bb9e34a2 - - default default] delete failed (client error): The resource could not be found.
2026-06-15 21:13:40.989 9 INFO neutron.api.wsgi [None req-2f2f371a-4733-4618-b189-66370d8611ec 36bef9f5853248c1809162cd95ca3c1a 6a22f11a755e486f9d4376f4bb9e34a2 - - default default] 10.0.0.47 "DELETE /v2.0/routers/7264f75e-13be-49ee-9679-02961848d68d HTTP/1.1" status: 404 len: 336 time: 0.0271742
2026-06-15 21:13:41.011 9 INFO neutron.pecan_wsgi.hooks.translation [None req-7eca6a7f-c6f6-42ea-83b0-cec9f482d724 36bef9f5853248c1809162cd95ca3c1a 6a22f11a755e486f9d4376f4bb9e34a2 - - default default] DELETE failed (client error): The resource could not be found.
2026-06-15 21:13:41.013 9 INFO neutron.api.wsgi [None req-7eca6a7f-c6f6-42ea-83b0-cec9f482d724 36bef9f5853248c1809162cd95ca3c1a 6a22f11a755e486f9d4376f4bb9e34a2 - - default default] 10.0.0.47 "DELETE /v2.0/subnets/30d43836-dd39-4dbe-bb75-3fec52f10e14 HTTP/1.1" status: 404 len: 337 time: 0.0187151
2026-06-15 21:13:41.040 10 INFO neutron.api.wsgi [None req-8e9418d5-4321-414e-9cc6-97be44d4e5b7 36bef9f5853248c1809162cd95ca3c1a 6a22f11a755e486f9d4376f4bb9e34a2 - - default default] 10.0.0.47 "GET /v2.0/ports?device_id=e4789bab-cba0-40c7-93b8-ef85bf6ba68b HTTP/1.1" status: 200 len: 205 time: 0.0203450
2026-06-15 21:13:41.065 10 INFO neutron.api.v2.resource [None req-1e5922e4-da01-4a4f-8a41-5da9590e4d09 36bef9f5853248c1809162cd95ca3c1a 6a22f11a755e486f9d4376f4bb9e34a2 - - default default] delete failed (client error): The resource could not be found.
2026-06-15 21:13:41.066 10 INFO neutron.api.wsgi [None req-1e5922e4-da01-4a4f-8a41-5da9590e4d09 36bef9f5853248c1809162cd95ca3c1a 6a22f11a755e486f9d4376f4bb9e34a2 - - default default] 10.0.0.47 "DELETE /v2.0/routers/e4789bab-cba0-40c7-93b8-ef85bf6ba68b HTTP/1.1" status: 404 len: 336 time: 0.0185912
2026-06-15 21:13:41.085 10 INFO neutron.pecan_wsgi.hooks.translation [None req-43813bad-cd4c-4648-86d7-5a1d96a4dcbd 36bef9f5853248c1809162cd95ca3c1a 6a22f11a755e486f9d4376f4bb9e34a2 - - default default] DELETE failed (client error): The resource could not be found.
2026-06-15 21:13:41.087 10 INFO neutron.api.wsgi [None req-43813bad-cd4c-4648-86d7-5a1d96a4dcbd 36bef9f5853248c1809162cd95ca3c1a 6a22f11a755e486f9d4376f4bb9e34a2 - - default default] 10.0.0.47 "DELETE /v2.0/subnets/d2fd7126-35c9-4b57-bd94-a857e20063f5 HTTP/1.1" status: 404 len: 337 time: 0.0158367
2026-06-15 21:13:41.107 10 INFO neutron.api.wsgi [None req-18f44abc-dfc4-41a2-aa14-7d4332a1fcac 36bef9f5853248c1809162cd95ca3c1a 6a22f11a755e486f9d4376f4bb9e34a2 - - default default] 10.0.0.47 "GET /v2.0/ports?device_id=e8e60b0a-4f50-4e2d-ba54-9184edfa0ded HTTP/1.1" status: 200 len: 205 time: 0.0152049
2026-06-15 21:13:41.114 9 INFO neutron.api.wsgi [None req-47832c69-3d81-4646-a40b-cd3bdc2a1346 aeea2611d34e4f59a350fb569a66c359 81adfff2f2764846837daa0e78ff6f8d - - default default] 10.0.0.47 "DELETE /v2.0/floatingips/a4fb5866-79e5-49fd-bfc5-0436ef7dd169 HTTP/1.1" status: 204 len: 168 time: 0.3898740
2026-06-15 21:13:41.129 10 INFO neutron.api.v2.resource [None req-dc4e8cf7-dd22-438a-9caf-314641dc0158 36bef9f5853248c1809162cd95ca3c1a 6a22f11a755e486f9d4376f4bb9e34a2 - - default default] delete failed (client error): The resource could not be found.
2026-06-15 21:13:41.131 10 INFO neutron.api.wsgi [None req-dc4e8cf7-dd22-438a-9caf-314641dc0158 36bef9f5853248c1809162cd95ca3c1a 6a22f11a755e486f9d4376f4bb9e34a2 - - default default] 10.0.0.47 "DELETE /v2.0/routers/e8e60b0a-4f50-4e2d-ba54-9184edfa0ded HTTP/1.1" status: 404 len: 336 time: 0.0191689
2026-06-15 21:13:41.150 10 INFO neutron.pecan_wsgi.hooks.translation [None req-aac58e70-094a-4b47-a4c5-c3f690626149 36bef9f5853248c1809162cd95ca3c1a 6a22f11a755e486f9d4376f4bb9e34a2 - - default default] DELETE failed (client error): The resource could not be found.
2026-06-15 21:13:41.152 10 INFO neutron.api.wsgi [None req-aac58e70-094a-4b47-a4c5-c3f690626149 36bef9f5853248c1809162cd95ca3c1a 6a22f11a755e486f9d4376f4bb9e34a2 - - default default] 10.0.0.47 "DELETE /v2.0/subnets/48da0ed7-378e-42b5-ab1c-b342d39b9e75 HTTP/1.1" status: 404 len: 337 time: 0.0127137
2026-06-15 21:13:41.175 9 INFO neutron.pecan_wsgi.hooks.translation [None req-7761f121-cce9-40a6-8163-16011c8c23f0 36bef9f5853248c1809162cd95ca3c1a 6a22f11a755e486f9d4376f4bb9e34a2 - - default default] DELETE failed (client error): The resource could not be found.
2026-06-15 21:13:41.178 9 INFO neutron.api.wsgi [None req-7761f121-cce9-40a6-8163-16011c8c23f0 36bef9f5853248c1809162cd95ca3c1a 6a22f11a755e486f9d4376f4bb9e34a2 - - default default] 10.0.0.47 "DELETE /v2.0/subnets/11e2ae51-0b8e-463c-90d5-6fefb80cd92a HTTP/1.1" status: 404 len: 337 time: 0.0184896
2026-06-15 21:13:41.297 9 INFO neutron.api.wsgi [req-ef880cc2-9adb-4d02-bbdb-c16366e58a17 req-b66f4347-2ed9-4c35-9ab3-7cebf3f9f593 11eeb22cc61b4b8f85d20abfe891ba3b b7e2fad76e2e4904bd378c33df6574bc - - default default] 10.0.0.201 "GET /v2.0/ports?device_id=719d0ea2-ac29-41a2-adb1-e1dbdb588d02 HTTP/1.1" status: 200 len: 1170 time: 0.0549889
2026-06-15 21:13:41.328 9 INFO neutron.api.wsgi [req-43bd281e-bf64-41f2-aaa5-1133a6134b6f req-62f57554-ac53-4e10-a3dc-959885c2f22e 8c31b66760d54a939f7ff35c5a6f32e9 8bbdd27eee6e4c2cb138a87e4f381605 - - default default] 10.0.0.201 "GET /v2.0/ports?device_id=879dbda0-134a-4379-93fe-cf282f1e22d2 HTTP/1.1" status: 200 len: 210 time: 0.0287306
2026-06-15 21:13:41.356 9 INFO neutron.api.wsgi [req-ef880cc2-9adb-4d02-bbdb-c16366e58a17 req-f4a436f1-0172-47a5-8a09-12ab7da01b64 11eeb22cc61b4b8f85d20abfe891ba3b b7e2fad76e2e4904bd378c33df6574bc - - default default] 10.0.0.201 "GET /v2.0/security-groups?id=57ebd06a-0388-41a8-bd30-ad23d0b72785&fields=id&fields=name HTTP/1.1" status: 200 len: 286 time: 0.0423899
2026-06-15 21:13:41.459 10 INFO neutron.api.wsgi [None req-2bba5f6e-7f6e-41a7-a226-e9293f45958a aeea2611d34e4f59a350fb569a66c359 81adfff2f2764846837daa0e78ff6f8d - - default default] 10.0.0.47 "DELETE /v2.0/floatingips/1d2b73de-d737-4653-af2f-989e21b512ad HTTP/1.1" status: 204 len: 168 time: 0.3405967
2026-06-15 21:13:41.762 10 INFO neutron.api.wsgi [None req-956475dd-0b70-49dd-a099-6c8c78f7beb5 aeea2611d34e4f59a350fb569a66c359 81adfff2f2764846837daa0e78ff6f8d - - default default] 10.0.0.47 "DELETE /v2.0/floatingips/90857bdc-a7f4-46ad-b0a9-927cb493fc1e HTTP/1.1" status: 204 len: 168 time: 0.2963467
2026-06-15 21:13:41.846 10 INFO neutron.api.wsgi [None req-e733be1f-a380-4a9a-bf9b-c033ae0d3cf9 a3ea93befd754a618602e16b9f998c5f c0e83b85323b40f4853ba0f176a59c3d - - default default] 10.0.0.47 "GET /v2.0/security-groups?tenant_id=6a22f11a755e486f9d4376f4bb9e34a2&name=default HTTP/1.1" status: 200 len: 3120 time: 0.1482401
2026-06-15 21:13:42.122 10 INFO neutron.api.wsgi [None req-4cd42d2d-d47a-4705-a111-aa3f463f6b54 a3ea93befd754a618602e16b9f998c5f c0e83b85323b40f4853ba0f176a59c3d - - default default] 10.0.0.47 "DELETE /v2.0/security-groups/4ac35722-e143-4f0e-88d7-e8327b081c41 HTTP/1.1" status: 204 len: 168 time: 0.2695594
2026-06-15 21:13:42.152 9 WARNING neutron.plugins.ml2.drivers.ovn.mech_driver.ovsdb.ovn_client [None req-41383479-fcea-43b9-9755-d40d422e08f0 - - - - - -] No hosting information found for port 1f7a8d73-982d-457a-b129-7f981e28ca96: RuntimeError: No hosting information found for port 1f7a8d73-982d-457a-b129-7f981e28ca96
2026-06-15 21:13:42.217 9 INFO neutron.db.ovn_revision_numbers_db [None req-41383479-fcea-43b9-9755-d40d422e08f0 - - - - - -] Successfully bumped revision number for resource 1f7a8d73-982d-457a-b129-7f981e28ca96 (type: router_ports) to 2
2026-06-15 21:13:42.247 9 INFO neutron.plugins.ml2.drivers.ovn.mech_driver.mech_driver [None req-41383479-fcea-43b9-9755-d40d422e08f0 - - - - - -] OVN reports status up for port: 746f45c3-bb4f-496c-a369-0680cfa38af5
2026-06-15 21:13:42.403 10 INFO neutron.notifiers.nova [-] Nova event matching ['req-3e18aa4e-ab18-4a3e-b0fe-3e354ce35b17'] response: {'server_uuid': '719d0ea2-ac29-41a2-adb1-e1dbdb588d02', 'name': 'network-vif-plugged', 'status': 'completed', 'tag': 'ab196d0d-08e9-4065-9ae2-b1998eb12837', 'code': 200}
2026-06-15 21:13:42.423 9 INFO neutron.api.wsgi [req-1375cf20-7697-479b-9b13-1283f999cc32 req-be92ff9e-99dd-482f-90b0-2a9f7cdd76bb 8c31b66760d54a939f7ff35c5a6f32e9 8bbdd27eee6e4c2cb138a87e4f381605 - - default default] 10.0.0.201 "GET /v2.0/ports?device_id=879dbda0-134a-4379-93fe-cf282f1e22d2 HTTP/1.1" status: 200 len: 210 time: 0.0192142
2026-06-15 21:13:42.465 9 INFO neutron.api.wsgi [req-8deedfde-470c-4d24-9bc2-436a9affc3eb req-10bd872f-1506-4e1b-bf30-9cf1c7b28bc3 11eeb22cc61b4b8f85d20abfe891ba3b b7e2fad76e2e4904bd378c33df6574bc - - default default] 10.0.0.201 "GET /v2.0/ports?device_id=719d0ea2-ac29-41a2-adb1-e1dbdb588d02 HTTP/1.1" status: 200 len: 1170 time: 0.0322318
2026-06-15 21:13:42.504 9 INFO neutron.api.wsgi [req-8deedfde-470c-4d24-9bc2-436a9affc3eb req-ecb0ae4a-75e4-4247-8fff-bf17a58d7095 11eeb22cc61b4b8f85d20abfe891ba3b b7e2fad76e2e4904bd378c33df6574bc - - default default] 10.0.0.201 "GET /v2.0/security-groups?id=57ebd06a-0388-41a8-bd30-ad23d0b72785&fields=id&fields=name HTTP/1.1" status: 200 len: 286 time: 0.0339997
2026-06-15 21:13:42.933 9 INFO neutron.db.ovn_revision_numbers_db [None req-df869a25-0e2e-4eaf-b02d-f6ad0fe534b7 a3ea93befd754a618602e16b9f998c5f c0e83b85323b40f4853ba0f176a59c3d - - default default] Successfully bumped revision number for resource 9961ee95-110a-4740-b2d8-9eb829e41f5d (type: security_groups) to 1
2026-06-15 21:13:42.935 10 INFO neutron.api.wsgi [req-ab973f07-90e1-45cd-8db2-31b11709b115 req-1d2a97ea-dba8-465f-babd-1905d7c5bfff 8c31b66760d54a939f7ff35c5a6f32e9 8bbdd27eee6e4c2cb138a87e4f381605 - - default default] 199.19.213.132 "GET /v2.0/networks?id=87a09de8-d7c2-4308-8440-bf892d3f5d88 HTTP/1.1" status: 200 len: 875 time: 0.0691729
2026-06-15 21:13:42.946 9 INFO neutron.db.ovn_revision_numbers_db [None req-df869a25-0e2e-4eaf-b02d-f6ad0fe534b7 a3ea93befd754a618602e16b9f998c5f c0e83b85323b40f4853ba0f176a59c3d - - default default] Successfully bumped revision number for resource 0501e5e1-fee3-4cdd-97fe-9f8da2bc37cd (type: security_group_rules) to 0
2026-06-15 21:13:42.961 9 INFO neutron.db.ovn_revision_numbers_db [None req-df869a25-0e2e-4eaf-b02d-f6ad0fe534b7 a3ea93befd754a618602e16b9f998c5f c0e83b85323b40f4853ba0f176a59c3d - - default default] Successfully bumped revision number for resource ae1088be-a90d-4eec-b96f-c31edcba04cf (type: security_group_rules) to 0
2026-06-15 21:13:42.972 10 INFO neutron.api.wsgi [req-ab973f07-90e1-45cd-8db2-31b11709b115 req-bb108a4f-5452-4730-af8b-d6f1dd94e768 8c31b66760d54a939f7ff35c5a6f32e9 8bbdd27eee6e4c2cb138a87e4f381605 - - default default] 199.19.213.132 "GET /v2.0/security-groups?fields=id&fields=name&tenant_id=8bbdd27eee6e4c2cb138a87e4f381605 HTTP/1.1" status: 200 len: 380 time: 0.0325050
2026-06-15 21:13:42.974 9 INFO neutron.db.ovn_revision_numbers_db [None req-df869a25-0e2e-4eaf-b02d-f6ad0fe534b7 a3ea93befd754a618602e16b9f998c5f c0e83b85323b40f4853ba0f176a59c3d - - default default] Successfully bumped revision number for resource b1d485a7-d3f0-476f-9bde-3215e3a84a92 (type: security_group_rules) to 0
2026-06-15 21:13:42.981 10 WARNING neutron_lib.context [req-ab973f07-90e1-45cd-8db2-31b11709b115 req-14fe4740-2c87-42d1-b541-0201841dfcfb 8c31b66760d54a939f7ff35c5a6f32e9 8bbdd27eee6e4c2cb138a87e4f381605 - - default default] Method 'is_advsvc' is deprecated since 2023.2 release (neutron-lib 3.8.0) and will be removed once support for the old RBAC API policies will be removed from Neutron. Please use method 'is_service_role' instead.
2026-06-15 21:13:42.991 9 INFO neutron.db.ovn_revision_numbers_db [None req-df869a25-0e2e-4eaf-b02d-f6ad0fe534b7 a3ea93befd754a618602e16b9f998c5f c0e83b85323b40f4853ba0f176a59c3d - - default default] Successfully bumped revision number for resource f8011995-0e47-4403-a646-05a252a84520 (type: security_group_rules) to 0
2026-06-15 21:13:43.034 9 INFO neutron.api.wsgi [None req-df869a25-0e2e-4eaf-b02d-f6ad0fe534b7 a3ea93befd754a618602e16b9f998c5f c0e83b85323b40f4853ba0f176a59c3d - - default default] 10.0.0.47 "GET /v2.0/security-groups?tenant_id=7ebb45c751724bb097f9c6cd2fc27aef&name=default HTTP/1.1" status: 200 len: 3120 time: 0.3390226
2026-06-15 21:13:43.287 9 INFO neutron.api.wsgi [None req-f6adc082-829b-4c46-9603-71822f812d27 a3ea93befd754a618602e16b9f998c5f c0e83b85323b40f4853ba0f176a59c3d - - default default] 10.0.0.47 "DELETE /v2.0/security-groups/9961ee95-110a-4740-b2d8-9eb829e41f5d HTTP/1.1" status: 204 len: 168 time: 0.2477684
2026-06-15 21:13:43.308 10 WARNING neutron.scheduler.dhcp_agent_scheduler [req-ab973f07-90e1-45cd-8db2-31b11709b115 req-14fe4740-2c87-42d1-b541-0201841dfcfb 8c31b66760d54a939f7ff35c5a6f32e9 8bbdd27eee6e4c2cb138a87e4f381605 - - default default] No more DHCP agents
2026-06-15 21:13:43.310 10 WARNING neutron.api.rpc.agentnotifiers.dhcp_rpc_agent_api [req-ab973f07-90e1-45cd-8db2-31b11709b115 req-14fe4740-2c87-42d1-b541-0201841dfcfb 8c31b66760d54a939f7ff35c5a6f32e9 8bbdd27eee6e4c2cb138a87e4f381605 - - default default] Unable to schedule network 87a09de8-d7c2-4308-8440-bf892d3f5d88: no agents available; will retry on subsequent port and subnet creation events.
2026-06-15 21:13:43.460 10 INFO neutron.db.ovn_revision_numbers_db [req-ab973f07-90e1-45cd-8db2-31b11709b115 req-14fe4740-2c87-42d1-b541-0201841dfcfb 8c31b66760d54a939f7ff35c5a6f32e9 8bbdd27eee6e4c2cb138a87e4f381605 - - default default] Successfully bumped revision number for resource 9047a88f-0475-4f14-8715-fae8ca4d4f20 (type: ports) to 1
2026-06-15 21:13:43.496 10 INFO neutron.api.wsgi [req-ab973f07-90e1-45cd-8db2-31b11709b115 req-14fe4740-2c87-42d1-b541-0201841dfcfb 8c31b66760d54a939f7ff35c5a6f32e9 8bbdd27eee6e4c2cb138a87e4f381605 - - default default] 199.19.213.132 "POST /v2.0/ports HTTP/1.1" status: 201 len: 1158 time: 0.5197802 /var/lib/openstack/lib/python3.12/site-packages/pycadf/identifier.py:71: UserWarning: Invalid uuid: neutron. To ensure interoperability, identifiers should be a valid uuid. warnings.warn(('Invalid uuid: %s. To ensure interoperability, '
2026-06-15 21:13:43.610 9 INFO neutron.db.ovn_revision_numbers_db [None req-70b732f7-9f05-4094-9cb0-09604946dab9 a3ea93befd754a618602e16b9f998c5f c0e83b85323b40f4853ba0f176a59c3d - - default default] Successfully bumped revision number for resource 8677358a-2c08-480b-97f9-82554dc2691a (type: security_groups) to 1
2026-06-15 21:13:43.632 9 INFO neutron.api.wsgi [req-6c15df35-27ae-4718-8155-c08a1abbd9a2 req-86bf5d5c-c97f-48b0-a710-d1d222013d81 8c31b66760d54a939f7ff35c5a6f32e9 8bbdd27eee6e4c2cb138a87e4f381605 - - default default] 10.0.0.201 "GET /v2.0/ports?device_id=879dbda0-134a-4379-93fe-cf282f1e22d2 HTTP/1.1" status: 200 len: 1156 time: 0.1306894
2026-06-15 21:13:43.633 9 INFO neutron.db.ovn_revision_numbers_db [None req-70b732f7-9f05-4094-9cb0-09604946dab9 a3ea93befd754a618602e16b9f998c5f c0e83b85323b40f4853ba0f176a59c3d - - default default] Successfully bumped revision number for resource 18d579cd-508d-4817-b2ea-9e344642b7c7 (type: security_group_rules) to 0
2026-06-15 21:13:43.678 9 INFO neutron.db.ovn_revision_numbers_db [None req-70b732f7-9f05-4094-9cb0-09604946dab9 a3ea93befd754a618602e16b9f998c5f c0e83b85323b40f4853ba0f176a59c3d - - default default] Successfully bumped revision number for resource 5157d32f-07cc-4251-9bc4-2ffa93456965 (type: security_group_rules) to 0
