2026-06-15 21:16:42.122 10 WARNING neutron.api.rpc.agentnotifiers.dhcp_rpc_agent_api [None req-4a5ee7f6-4df6-4daa-bbf6-cebf8f9bad47 - - - - - -] Unable to schedule network fcc9f719-c4a7-418a-a828-fed1a138c16d: no agents available; will retry on subsequent port and subnet creation events.
2026-06-15 21:16:42.132 9 INFO neutron.api.wsgi [req-e1741c97-c5c3-4aa9-83fc-e6bc82940179 req-299fde1f-f41b-46f2-920b-304437a84215 2db2ba250e43443b9382d47e8fdc30e7 006d385c654e47dc97e7ad6019f6d05f - - 32cb23adb77e47fabcce474615b61cec 32cb23adb77e47fabcce474615b61cec] 199.19.213.132 "GET /v2.0/floatingips?fixed_ip_address=172.24.2.230&port_id=b42f77c2-6e9b-4000-a7df-04c5a74ab6bc HTTP/1.1" status: 200 len: 217 time: 0.0185595
2026-06-15 21:16:42.171 9 INFO neutron.api.wsgi [req-e1741c97-c5c3-4aa9-83fc-e6bc82940179 req-9f1d3f6a-0f0c-48a5-bb6c-597e4f2fa3dd 2db2ba250e43443b9382d47e8fdc30e7 006d385c654e47dc97e7ad6019f6d05f - - 32cb23adb77e47fabcce474615b61cec 32cb23adb77e47fabcce474615b61cec] 199.19.213.132 "GET /v2.0/subnets?id=ac333b4f-67a4-4637-b5e1-574587eb87e9 HTTP/1.1" status: 200 len: 853 time: 0.0340874
2026-06-15 21:16:42.196 9 INFO neutron.api.wsgi [req-e1741c97-c5c3-4aa9-83fc-e6bc82940179 req-bd4d3568-43e2-4e09-a311-63461689403d 2db2ba250e43443b9382d47e8fdc30e7 006d385c654e47dc97e7ad6019f6d05f - - 32cb23adb77e47fabcce474615b61cec 32cb23adb77e47fabcce474615b61cec] 199.19.213.132 "GET /v2.0/ports?network_id=c3d0d1a2-cd48-4663-be1c-cce3937bd81e&device_owner=network%3Adhcp HTTP/1.1" status: 200 len: 210 time: 0.0171425
2026-06-15 21:16:42.245 9 WARNING neutron.scheduler.dhcp_agent_scheduler [None req-f8fd4508-17d7-4a17-8cd0-c74e50487fcc 4cbc847b8a0a451facfa7dfd32e87aa7 82c07724536a4924b1e5fe1aba3b3e06 - - default default] No more DHCP agents
2026-06-15 21:16:42.246 10 INFO neutron.db.ovn_revision_numbers_db [None req-4a5ee7f6-4df6-4daa-bbf6-cebf8f9bad47 - - - - - -] Successfully bumped revision number for resource f8edbe2d-ea39-4df0-ab03-4c14733b8d2a (type: ports) to 1
2026-06-15 21:16:42.247 9 WARNING neutron.api.rpc.agentnotifiers.dhcp_rpc_agent_api [None req-f8fd4508-17d7-4a17-8cd0-c74e50487fcc 4cbc847b8a0a451facfa7dfd32e87aa7 82c07724536a4924b1e5fe1aba3b3e06 - - default default] Unable to schedule network 6478d5e5-7a2a-403f-b4e4-e19a0e88e9b2: no agents available; will retry on subsequent port and subnet creation events.
2026-06-15 21:16:42.260 9 INFO neutron.api.wsgi [req-e1741c97-c5c3-4aa9-83fc-e6bc82940179 req-01be8a79-7372-4ac9-b19d-4289efc70f4e 2db2ba250e43443b9382d47e8fdc30e7 006d385c654e47dc97e7ad6019f6d05f - - 32cb23adb77e47fabcce474615b61cec 32cb23adb77e47fabcce474615b61cec] 199.19.213.132 "GET /v2.0/networks/c3d0d1a2-cd48-4663-be1c-cce3937bd81e?fields=segments HTTP/1.1" status: 200 len: 212 time: 0.0563154
2026-06-15 21:16:42.325 9 INFO neutron.api.wsgi [req-e1741c97-c5c3-4aa9-83fc-e6bc82940179 req-5ce28e6a-8fd4-49f2-b8b2-81d9c9a50ba2 2db2ba250e43443b9382d47e8fdc30e7 006d385c654e47dc97e7ad6019f6d05f - - 32cb23adb77e47fabcce474615b61cec 32cb23adb77e47fabcce474615b61cec] 199.19.213.132 "GET /v2.0/networks/c3d0d1a2-cd48-4663-be1c-cce3937bd81e?fields=provider%3Aphysical_network&fields=provider%3Anetwork_type HTTP/1.1" status: 200 len: 277 time: 0.0542572
2026-06-15 21:16:42.334 9 INFO neutron.db.ovn_revision_numbers_db [None req-f8fd4508-17d7-4a17-8cd0-c74e50487fcc 4cbc847b8a0a451facfa7dfd32e87aa7 82c07724536a4924b1e5fe1aba3b3e06 - - default default] Successfully bumped revision number for resource c4d32f25-2ea3-473f-882f-24716c4fed9e (type: ports) to 1
2026-06-15 21:16:42.370 9 INFO neutron.api.wsgi [None req-f8fd4508-17d7-4a17-8cd0-c74e50487fcc 4cbc847b8a0a451facfa7dfd32e87aa7 82c07724536a4924b1e5fe1aba3b3e06 - - default default] 10.0.0.47 "POST /v2.0/networks HTTP/1.1" status: 201 len: 928 time: 0.9750597
2026-06-15 21:16:42.502 10 INFO neutron.db.ovn_revision_numbers_db [None req-4a5ee7f6-4df6-4daa-bbf6-cebf8f9bad47 - - - - - -] Successfully bumped revision number for resource f8edbe2d-ea39-4df0-ab03-4c14733b8d2a (type: ports) to 3
2026-06-15 21:16:42.514 9 WARNING neutron.scheduler.dhcp_agent_scheduler [None req-04bc1714-f225-4849-b3d4-56a19e59c26a 4cbc847b8a0a451facfa7dfd32e87aa7 82c07724536a4924b1e5fe1aba3b3e06 - - default default] No more DHCP agents
2026-06-15 21:16:42.515 9 WARNING neutron.api.rpc.agentnotifiers.dhcp_rpc_agent_api [None req-04bc1714-f225-4849-b3d4-56a19e59c26a 4cbc847b8a0a451facfa7dfd32e87aa7 82c07724536a4924b1e5fe1aba3b3e06 - - default default] Unable to schedule network 6478d5e5-7a2a-403f-b4e4-e19a0e88e9b2: no agents available; will retry on subsequent port and subnet creation events.
2026-06-15 21:16:42.595 13 ERROR oslo_messaging.rpc.server [None req-66f50001-6844-4bc9-8e16-48157b5cab24 a196b115d18e4edb9666f495b38fd8b8 b26dbc4bb7e1423dab3499e92ddf4eb2 - - default default] Exception during message handling: sqlalchemy.exc.PendingRollbackError: This Session's transaction has been rolled back due to a previous exception during flush. To begin a new transaction with this Session, first issue Session.rollback(). Original exception was: (pymysql.err.IntegrityError) (1062, "Duplicate entry '2ed6991e-be27-4bcc-b626-4de5fe10d520-c702cf18-97b7-5665-8be0-a10' for key 'routervpnagentbindings.PRIMARY'") [SQL: INSERT INTO routervpnagentbindings (router_id, vpn_agent_id) VALUES (%(router_id)s, %(vpn_agent_id)s)] [parameters: {'router_id': '2ed6991e-be27-4bcc-b626-4de5fe10d520', 'vpn_agent_id': 'c702cf18-97b7-5665-8be0-a10b9406de73'}] (Background on this error at: https://sqlalche.me/e/20/gkpj) (Background on this error at: https://sqlalche.me/e/20/7s2a)
2026-06-15 21:16:42.595 13 ERROR oslo_messaging.rpc.server
Traceback (most recent call last):
2026-06-15 21:16:42.595 13 ERROR oslo_messaging.rpc.server
File "/var/lib/openstack/lib/python3.12/site-packages/oslo_messaging/rpc/server.py", line 172, in _process_incoming
2026-06-15 21:16:42.595 13 ERROR oslo_messaging.rpc.server res = self.dispatcher.dispatch(message)
2026-06-15 21:16:42.595 13 ERROR oslo_messaging.rpc.server ^^^^^^^^^^^^^^^^^^^^^^^^^^^^^^^^^
2026-06-15 21:16:42.595 13 ERROR oslo_messaging.rpc.server
File "/var/lib/openstack/lib/python3.12/site-packages/oslo_messaging/rpc/dispatcher.py", line 309, in dispatch
2026-06-15 21:16:42.595 13 ERROR oslo_messaging.rpc.server return self._do_dispatch(endpoint, method, ctxt, args)
2026-06-15 21:16:42.595 13 ERROR oslo_messaging.rpc.server ^^^^^^^^^^^^^^^^^^^^^^^^^^^^^^^^^^^^^^^^^^^^^^^
2026-06-15 21:16:42.595 13 ERROR oslo_messaging.rpc.server
File "/var/lib/openstack/lib/python3.12/site-packages/oslo_messaging/rpc/dispatcher.py", line 229, in _do_dispatch
2026-06-15 21:16:42.595 13 ERROR oslo_messaging.rpc.server result = func(ctxt, **new_args)
2026-06-15 21:16:42.595 13 ERROR oslo_messaging.rpc.server ^^^^^^^^^^^^^^^^^^^^^^
2026-06-15 21:16:42.595 13 ERROR oslo_messaging.rpc.server
File "/var/lib/openstack/lib/python3.12/site-packages/oslo_db/sqlalchemy/enginefacade.py", line 998, in wrapper
2026-06-15 21:16:42.595 13 ERROR oslo_messaging.rpc.server return fn(*args, **kwargs)
2026-06-15 21:16:42.595 13 ERROR oslo_messaging.rpc.server ^^^^^^^^^^^^^^^^^^^
2026-06-15 21:16:42.595 13 ERROR oslo_messaging.rpc.server
File "/var/lib/openstack/lib/python3.12/site-packages/neutron_vpnaas/services/vpn/service_drivers/base_ipsec.py", line 80, in get_vpn_services_on_host
2026-06-15 21:16:42.595 13 ERROR oslo_messaging.rpc.server local_cidr_map = plugin._build_local_subnet_cidr_map(context)
2026-06-15 21:16:42.595 13 ERROR oslo_messaging.rpc.server ^^^^^^^^^^^^^^^^^^^^^^^^^^^^^^^^^^^^^^^^^^^^
2026-06-15 21:16:42.595 13 ERROR oslo_messaging.rpc.server
File "/var/lib/openstack/lib/python3.12/site-packages/neutron_vpnaas/db/vpn/vpn_db.py", line 731, in _build_local_subnet_cidr_map
2026-06-15 21:16:42.595 13 ERROR oslo_messaging.rpc.server return {sn.id: sn.cidr for sn in query.all()}
2026-06-15 21:16:42.595 13 ERROR oslo_messaging.rpc.server ^^^^^^^^^^^
2026-06-15 21:16:42.595 13 ERROR oslo_messaging.rpc.server
File "/var/lib/openstack/lib/python3.12/site-packages/sqlalchemy/orm/query.py", line 2673, in all
2026-06-15 21:16:42.595 13 ERROR oslo_messaging.rpc.server return self._iter().all() # type: ignore
2026-06-15 21:16:42.595 13 ERROR oslo_messaging.rpc.server ^^^^^^^^^^^^
2026-06-15 21:16:42.595 13 ERROR oslo_messaging.rpc.server
File "/var/lib/openstack/lib/python3.12/site-packages/sqlalchemy/orm/query.py", line 2827, in _iter
2026-06-15 21:16:42.595 13 ERROR oslo_messaging.rpc.server result: Union[ScalarResult[_T], Result[_T]] = self.session.execute(
2026-06-15 21:16:42.595 13 ERROR oslo_messaging.rpc.server ^^^^^^^^^^^^^^^^^^^^^
2026-06-15 21:16:42.595 13 ERROR oslo_messaging.rpc.server
File "/var/lib/openstack/lib/python3.12/site-packages/sqlalchemy/orm/session.py", line 2362, in execute
2026-06-15 21:16:42.595 13 ERROR oslo_messaging.rpc.server return self._execute_internal(
2026-06-15 21:16:42.595 13 ERROR oslo_messaging.rpc.server ^^^^^^^^^^^^^^^^^^^^^^^
2026-06-15 21:16:42.595 13 ERROR oslo_messaging.rpc.server
File "/var/lib/openstack/lib/python3.12/site-packages/sqlalchemy/orm/session.py", line 2237, in _execute_internal
2026-06-15 21:16:42.595 13 ERROR oslo_messaging.rpc.server conn = self._connection_for_bind(bind)
2026-06-15 21:16:42.595 13 ERROR oslo_messaging.rpc.server ^^^^^^^^^^^^^^^^^^^^^^^^^^^^^^^
2026-06-15 21:16:42.595 13 ERROR oslo_messaging.rpc.server
File "/var/lib/openstack/lib/python3.12/site-packages/sqlalchemy/orm/session.py", line 2106, in _connection_for_bind
2026-06-15 21:16:42.595 13 ERROR oslo_messaging.rpc.server return trans._connection_for_bind(engine, execution_options)
2026-06-15 21:16:42.595 13 ERROR oslo_messaging.rpc.server ^^^^^^^^^^^^^^^^^^^^^^^^^^^^^^^^^^^^^^^^^^^^^^^^^^^^^
2026-06-15 21:16:42.595 13 ERROR oslo_messaging.rpc.server File "", line 2, in _connection_for_bind
2026-06-15 21:16:42.595 13 ERROR oslo_messaging.rpc.server
File "/var/lib/openstack/lib/python3.12/site-packages/sqlalchemy/orm/state_changes.py", line 103, in _go
2026-06-15 21:16:42.595 13 ERROR oslo_messaging.rpc.server self._raise_for_prerequisite_state(fn.__name__, current_state)
2026-06-15 21:16:42.595 13 ERROR oslo_messaging.rpc.server
File "/var/lib/openstack/lib/python3.12/site-packages/sqlalchemy/orm/session.py", line 973, in _raise_for_prerequisite_state
2026-06-15 21:16:42.595 13 ERROR oslo_messaging.rpc.server raise sa_exc.PendingRollbackError(
2026-06-15 21:16:42.595 13 ERROR oslo_messaging.rpc.server sqlalchemy.exc.PendingRollbackError: This Session's transaction has been rolled back due to a previous exception during flush. To begin a new transaction with this Session, first issue Session.rollback(). Original exception was: (pymysql.err.IntegrityError) (1062, "Duplicate entry '2ed6991e-be27-4bcc-b626-4de5fe10d520-c702cf18-97b7-5665-8be0-a10' for key 'routervpnagentbindings.PRIMARY'")
2026-06-15 21:16:42.595 13 ERROR oslo_messaging.rpc.server [SQL: INSERT INTO routervpnagentbindings (router_id, vpn_agent_id) VALUES (%(router_id)s, %(vpn_agent_id)s)]
2026-06-15 21:16:42.595 13 ERROR oslo_messaging.rpc.server [parameters: {'router_id': '2ed6991e-be27-4bcc-b626-4de5fe10d520', 'vpn_agent_id': 'c702cf18-97b7-5665-8be0-a10b9406de73'}]
2026-06-15 21:16:42.595 13 ERROR oslo_messaging.rpc.server (Background on this error at: https://sqlalche.me/e/20/gkpj) (Background on this error at: https://sqlalche.me/e/20/7s2a)
2026-06-15 21:16:42.595 13 ERROR oslo_messaging.rpc.server
2026-06-15 21:16:42.727 10 INFO neutron.api.wsgi [None req-0da28ec3-0d06-416f-9f8f-730ea51a33fc a196b115d18e4edb9666f495b38fd8b8 b26dbc4bb7e1423dab3499e92ddf4eb2 - - default default] 10.0.0.47 "POST /v2.0/vpn/vpnservices HTTP/1.1" status: 201 len: 658 time: 5.1961648
2026-06-15 21:16:42.750 10 INFO neutron.api.wsgi [None req-f33f3caa-7b44-4633-9329-a95021b15c23 a196b115d18e4edb9666f495b38fd8b8 b26dbc4bb7e1423dab3499e92ddf4eb2 - - default default] 10.0.0.47 "GET /v2.0/vpn/vpnservices HTTP/1.1" status: 200 len: 1503 time: 0.0147178
2026-06-15 21:16:43.054 9 INFO neutron.db.ovn_revision_numbers_db [None req-4b23adc8-9ca2-4f49-9317-f0f176e79fa5 - - - - - -] Successfully bumped revision number for resource c4d32f25-2ea3-473f-882f-24716c4fed9e (type: ports) to 2
2026-06-15 21:16:43.090 9 INFO neutron.db.ovn_revision_numbers_db [None req-4b23adc8-9ca2-4f49-9317-f0f176e79fa5 - - - - - -] Successfully bumped revision number for resource 24c5fd2a-9d9d-4929-b7d6-0f61a43ceff3 (type: subnets) to 0
2026-06-15 21:16:43.105 9 INFO neutron.api.wsgi [None req-04bc1714-f225-4849-b3d4-56a19e59c26a 4cbc847b8a0a451facfa7dfd32e87aa7 82c07724536a4924b1e5fe1aba3b3e06 - - default default] 10.0.0.47 "POST /v2.0/subnets HTTP/1.1" status: 201 len: 843 time: 0.7305276
2026-06-15 21:16:43.117 9 WARNING neutron.api.v2.base [None req-7495e969-d6e2-40b6-bb27-c67dfc7a7d37 4cbc847b8a0a451facfa7dfd32e87aa7 82c07724536a4924b1e5fe1aba3b3e06 - - default default] An exception happened while processing the request body. The exception message is [Invalid input for target_tenant. Reason: 'None' is not a valid string.].: webob.exc.HTTPBadRequest: Invalid input for target_tenant. Reason: 'None' is not a valid string.
2026-06-15 21:16:43.118 9 INFO neutron.api.v2.resource [None req-7495e969-d6e2-40b6-bb27-c67dfc7a7d37 4cbc847b8a0a451facfa7dfd32e87aa7 82c07724536a4924b1e5fe1aba3b3e06 - - default default] create failed (client error): Invalid input for target_tenant. Reason: 'None' is not a valid string.
2026-06-15 21:16:43.119 9 INFO neutron.api.wsgi [None req-7495e969-d6e2-40b6-bb27-c67dfc7a7d37 4cbc847b8a0a451facfa7dfd32e87aa7 82c07724536a4924b1e5fe1aba3b3e06 - - default default] 10.0.0.47 "POST /v2.0/rbac-policies HTTP/1.1" status: 400 len: 346 time: 0.0070095
2026-06-15 21:16:43.821 10 INFO neutron.api.wsgi [None req-bc0dceaf-0e84-4012-aa39-342742f35378 4cbc847b8a0a451facfa7dfd32e87aa7 82c07724536a4924b1e5fe1aba3b3e06 - - default default] 10.0.0.47 "DELETE /v2.0/networks/6478d5e5-7a2a-403f-b4e4-e19a0e88e9b2 HTTP/1.1" status: 204 len: 168 time: 0.6968021
2026-06-15 21:16:43.912 10 INFO neutron.services.segments.plugin [-] Segment 09b70c3c-84d6-42e5-970b-900478cd77e3 resource provider aggregate not found
2026-06-15 21:16:43.919 10 INFO neutron.services.segments.plugin [-] Segment 09b70c3c-84d6-42e5-970b-900478cd77e3 resource provider aggregate not found
2026-06-15 21:16:43.936 10 INFO neutron.services.segments.plugin [-] Segment 09b70c3c-84d6-42e5-970b-900478cd77e3 resource provider not found; error: Placement Client Error (4xx): {"errors": [{"status": 404, "title": "Not Found", "detail": "The resource could not be found.\n\n No resource provider with uuid 09b70c3c-84d6-42e5-970b-900478cd77e3 found for delete ", "request_id": "req-041f6c06-9bed-41cc-92ec-1f362011f553"}]}
2026-06-15 21:16:43.947 10 INFO neutron.services.segments.plugin [-] Segment 09b70c3c-84d6-42e5-970b-900478cd77e3 resource provider not found; error: Placement Client Error (4xx): {"errors": [{"status": 404, "title": "Not Found", "detail": "The resource could not be found.\n\n No resource provider with uuid 09b70c3c-84d6-42e5-970b-900478cd77e3 found for delete ", "request_id": "req-be78093a-6db5-48b2-813a-08763fb24f3b"}]}
2026-06-15 21:16:43.956 10 INFO neutron.db.segments_db [None req-5fb30884-27b2-4023-8e2b-b09afba37594 4cbc847b8a0a451facfa7dfd32e87aa7 82c07724536a4924b1e5fe1aba3b3e06 - - default default] Added segment 49687f7b-84b8-43fd-afa2-c56e3b722be3 of type geneve for network 5e5899aa-b8b3-46ef-b577-3ab5b87a639a
2026-06-15 21:16:44.110 10 INFO neutron.db.ovn_revision_numbers_db [None req-5fb30884-27b2-4023-8e2b-b09afba37594 4cbc847b8a0a451facfa7dfd32e87aa7 82c07724536a4924b1e5fe1aba3b3e06 - - default default] Successfully bumped revision number for resource 5e5899aa-b8b3-46ef-b577-3ab5b87a639a (type: networks) to 1
2026-06-15 21:16:44.313 10 WARNING neutron.scheduler.dhcp_agent_scheduler [None req-5fb30884-27b2-4023-8e2b-b09afba37594 4cbc847b8a0a451facfa7dfd32e87aa7 82c07724536a4924b1e5fe1aba3b3e06 - - default default] No more DHCP agents
2026-06-15 21:16:44.315 10 WARNING neutron.api.rpc.agentnotifiers.dhcp_rpc_agent_api [None req-5fb30884-27b2-4023-8e2b-b09afba37594 4cbc847b8a0a451facfa7dfd32e87aa7 82c07724536a4924b1e5fe1aba3b3e06 - - default default] Unable to schedule network 5e5899aa-b8b3-46ef-b577-3ab5b87a639a: no agents available; will retry on subsequent port and subnet creation events.
2026-06-15 21:16:44.391 10 INFO neutron.db.ovn_revision_numbers_db [None req-5fb30884-27b2-4023-8e2b-b09afba37594 4cbc847b8a0a451facfa7dfd32e87aa7 82c07724536a4924b1e5fe1aba3b3e06 - - default default] Successfully bumped revision number for resource c0e2835f-7b0d-4068-a8f2-22ead81da796 (type: ports) to 1
2026-06-15 21:16:44.422 10 INFO neutron.api.wsgi [None req-5fb30884-27b2-4023-8e2b-b09afba37594 4cbc847b8a0a451facfa7dfd32e87aa7 82c07724536a4924b1e5fe1aba3b3e06 - - default default] 10.0.0.47 "POST /v2.0/networks HTTP/1.1" status: 201 len: 928 time: 0.5947499
2026-06-15 21:16:44.587 9 WARNING neutron.scheduler.dhcp_agent_scheduler [None req-d68235f3-7f7d-4ccf-9f1d-987e4381013c 4cbc847b8a0a451facfa7dfd32e87aa7 82c07724536a4924b1e5fe1aba3b3e06 - - default default] No more DHCP agents
2026-06-15 21:16:44.590 9 WARNING neutron.api.rpc.agentnotifiers.dhcp_rpc_agent_api [None req-d68235f3-7f7d-4ccf-9f1d-987e4381013c 4cbc847b8a0a451facfa7dfd32e87aa7 82c07724536a4924b1e5fe1aba3b3e06 - - default default] Unable to schedule network 5e5899aa-b8b3-46ef-b577-3ab5b87a639a: no agents available; will retry on subsequent port and subnet creation events.
2026-06-15 21:16:44.673 9 INFO neutron.api.wsgi [req-7c073f88-d4f7-4c81-bb9d-b8135b93baf1 req-a8ee3c7c-c945-44d5-8458-4fb47ff01cdd a3ea93befd754a618602e16b9f998c5f c0e83b85323b40f4853ba0f176a59c3d - - default default] 10.0.0.201 "GET /v2.0/ports?device_id=2fee2cae-5984-490d-ac63-7e6b361a868c HTTP/1.1" status: 200 len: 1415 time: 0.0469646
2026-06-15 21:16:44.735 9 INFO neutron.api.wsgi [req-7c073f88-d4f7-4c81-bb9d-b8135b93baf1 req-c65d17a2-d8e7-46f6-a745-bbe857e44a0e a3ea93befd754a618602e16b9f998c5f c0e83b85323b40f4853ba0f176a59c3d - - default default] 10.0.0.201 "GET /v2.0/security-groups?id=fabb0d7a-7b69-429b-b14d-2b8d16da637c&fields=id&fields=name HTTP/1.1" status: 200 len: 294 time: 0.0514450
2026-06-15 21:16:44.855 9 INFO neutron.api.wsgi [req-27c32412-0e5d-4007-be28-919a18375a34 req-b1ddee25-5bc6-4c4d-b42f-db881621701e a3ea93befd754a618602e16b9f998c5f c0e83b85323b40f4853ba0f176a59c3d - - default default] 10.0.0.201 "GET /v2.0/ports?device_id=2fee2cae-5984-490d-ac63-7e6b361a868c HTTP/1.1" status: 200 len: 1415 time: 0.0689270
2026-06-15 21:16:45.149 9 INFO neutron.db.ovn_revision_numbers_db [None req-b26b884d-d346-409a-8141-ae18ac76ab5b - - - - - -] Successfully bumped revision number for resource c0e2835f-7b0d-4068-a8f2-22ead81da796 (type: ports) to 2
2026-06-15 21:16:45.180 9 INFO neutron.db.ovn_revision_numbers_db [None req-b26b884d-d346-409a-8141-ae18ac76ab5b - - - - - -] Successfully bumped revision number for resource 1ddb8c27-3353-4ab8-aeec-8cf5e11c66d7 (type: subnets) to 0
2026-06-15 21:16:45.198 9 INFO neutron.api.wsgi [None req-d68235f3-7f7d-4ccf-9f1d-987e4381013c 4cbc847b8a0a451facfa7dfd32e87aa7 82c07724536a4924b1e5fe1aba3b3e06 - - default default] 10.0.0.47 "POST /v2.0/subnets HTTP/1.1" status: 201 len: 846 time: 0.7689252
2026-06-15 21:16:45.211 9 WARNING neutron.api.v2.base [None req-c3bab3fe-6f23-4c8a-8116-5e49bf827b5e 4cbc847b8a0a451facfa7dfd32e87aa7 82c07724536a4924b1e5fe1aba3b3e06 - - default default] An exception happened while processing the request body. The exception message is [Invalid input for target_tenant. Reason: '1234123412341234123412341234123412341234123412341234123412341234123412341234123412341234123412341234123412341234123412341234123412341234123412341234123412341234123412341234123412341234123412341234123412341234123412341234123412341234123412341234123412341234123412341234123412341234123412341234123412341234123412341234123412341234123412341234123412341234123412341234123412341234123412341234123412341234' exceeds maximum length of 255.].: webob.exc.HTTPBadRequest: Invalid input for target_tenant. Reason: '1234123412341234123412341234123412341234123412341234123412341234123412341234123412341234123412341234123412341234123412341234123412341234123412341234123412341234123412341234123412341234123412341234123412341234123412341234123412341234123412341234123412341234123412341234123412341234123412341234123412341234123412341234123412341234123412341234123412341234123412341234123412341234123412341234123412341234' exceeds maximum length of 255.
2026-06-15 21:16:45.212 9 INFO neutron.api.v2.resource [None req-c3bab3fe-6f23-4c8a-8116-5e49bf827b5e 4cbc847b8a0a451facfa7dfd32e87aa7 82c07724536a4924b1e5fe1aba3b3e06 - - default default] create failed (client error): Invalid input for target_tenant. Reason: '1234123412341234123412341234123412341234123412341234123412341234123412341234123412341234123412341234123412341234123412341234123412341234123412341234123412341234123412341234123412341234123412341234123412341234123412341234123412341234123412341234123412341234123412341234123412341234123412341234123412341234123412341234123412341234123412341234123412341234123412341234123412341234123412341234123412341234' exceeds maximum length of 255.
2026-06-15 21:16:45.213 9 INFO neutron.api.wsgi [None req-c3bab3fe-6f23-4c8a-8116-5e49bf827b5e 4cbc847b8a0a451facfa7dfd32e87aa7 82c07724536a4924b1e5fe1aba3b3e06 - - default default] 10.0.0.47 "POST /v2.0/rbac-policies HTTP/1.1" status: 400 len: 750 time: 0.0077782 /var/lib/openstack/lib/python3.12/site-packages/pycadf/identifier.py:71: UserWarning: Invalid uuid: neutron. To ensure interoperability, identifiers should be a valid uuid. warnings.warn(('Invalid uuid: %s. To ensure interoperability, '
2026-06-15 21:16:45.473 9 INFO neutron.api.wsgi [req-c7cf0211-6b05-4ab6-b48d-7a10e58228d5 req-cc81cf22-a272-4e47-b5e9-63dba4f56baf 2db2ba250e43443b9382d47e8fdc30e7 006d385c654e47dc97e7ad6019f6d05f - - 32cb23adb77e47fabcce474615b61cec 32cb23adb77e47fabcce474615b61cec] 199.19.213.132 "GET /v2.0/ports?device_id=2fee2cae-5984-490d-ac63-7e6b361a868c HTTP/1.1" status: 200 len: 1415 time: 0.0327199
2026-06-15 21:16:45.513 9 INFO neutron.api.wsgi [req-c7cf0211-6b05-4ab6-b48d-7a10e58228d5 req-39da9d11-132b-4d8e-8c28-bbf0a873dcc3 2db2ba250e43443b9382d47e8fdc30e7 006d385c654e47dc97e7ad6019f6d05f - - 32cb23adb77e47fabcce474615b61cec 32cb23adb77e47fabcce474615b61cec] 199.19.213.132 "GET /v2.0/security-groups?id=fabb0d7a-7b69-429b-b14d-2b8d16da637c&fields=id&fields=name HTTP/1.1" status: 200 len: 294 time: 0.0314856
2026-06-15 21:16:45.621 10 INFO neutron.api.wsgi [None req-b0f96f8b-f601-449c-82ae-290e3abbc9e9 a196b115d18e4edb9666f495b38fd8b8 b26dbc4bb7e1423dab3499e92ddf4eb2 - - default default] 10.0.0.47 "DELETE /v2.0/vpn/vpnservices/75608024-21ef-4c6f-ba87-38b903c93d04 HTTP/1.1" status: 204 len: 168 time: 2.8654993
2026-06-15 21:16:45.640 9 INFO neutron.plugins.ml2.drivers.ovn.mech_driver.mech_driver [None req-ae264d4e-b828-406d-bc9d-6b4f265cfbeb - - - - - -] OVN reports status up for port: b42f77c2-6e9b-4000-a7df-04c5a74ab6bc
2026-06-15 21:16:45.650 10 INFO neutron.api.wsgi [None req-5ab7a715-9134-44bc-b2a3-9d277252d712 a196b115d18e4edb9666f495b38fd8b8 b26dbc4bb7e1423dab3499e92ddf4eb2 - - default default] 10.0.0.47 "GET /v2.0/vpn/vpnservices HTTP/1.1" status: 200 len: 1057 time: 0.0170822
2026-06-15 21:16:45.656 9 INFO neutron.plugins.ml2.plugin [None req-ae264d4e-b828-406d-bc9d-6b4f265cfbeb - - - - - -] Attempt 1 to provision port b42f77c2-6e9b-4000-a7df-04c5a74ab6bc
2026-06-15 21:16:45.664 10 WARNING neutron_lib.context [None req-371bbdbd-ca13-4bac-bcfd-1ea80bf562ed a196b115d18e4edb9666f495b38fd8b8 b26dbc4bb7e1423dab3499e92ddf4eb2 - - default default] Method 'is_advsvc' is deprecated since 2023.2 release (neutron-lib 3.8.0) and will be removed once support for the old RBAC API policies will be removed from Neutron. Please use method 'is_service_role' instead.
2026-06-15 21:16:45.731 10 INFO neutron.api.v2.resource [None req-371bbdbd-ca13-4bac-bcfd-1ea80bf562ed a196b115d18e4edb9666f495b38fd8b8 b26dbc4bb7e1423dab3499e92ddf4eb2 - - default default] create failed (client error): The server could not comply with the request since it is either malformed or otherwise incorrect.
2026-06-15 21:16:45.733 10 INFO neutron.api.wsgi [None req-371bbdbd-ca13-4bac-bcfd-1ea80bf562ed a196b115d18e4edb9666f495b38fd8b8 b26dbc4bb7e1423dab3499e92ddf4eb2 - - default default] 10.0.0.47 "POST /v2.0/vpn/ipsec-site-connections HTTP/1.1" status: 400 len: 330 time: 0.0749741
2026-06-15 21:16:45.749 10 WARNING neutron_lib.context [None req-6ad2bb6b-e53d-4c17-a84b-a88350a65b60 a196b115d18e4edb9666f495b38fd8b8 b26dbc4bb7e1423dab3499e92ddf4eb2 - - default default] Method 'is_advsvc' is deprecated since 2023.2 release (neutron-lib 3.8.0) and will be removed once support for the old RBAC API policies will be removed from Neutron. Please use method 'is_service_role' instead.
2026-06-15 21:16:45.824 10 INFO neutron.api.v2.resource [None req-6ad2bb6b-e53d-4c17-a84b-a88350a65b60 a196b115d18e4edb9666f495b38fd8b8 b26dbc4bb7e1423dab3499e92ddf4eb2 - - default default] create failed (client error): The server could not comply with the request since it is either malformed or otherwise incorrect.
2026-06-15 21:16:45.826 10 INFO neutron.api.wsgi [None req-6ad2bb6b-e53d-4c17-a84b-a88350a65b60 a196b115d18e4edb9666f495b38fd8b8 b26dbc4bb7e1423dab3499e92ddf4eb2 - - default default] 10.0.0.47 "POST /v2.0/vpn/ipsec-site-connections HTTP/1.1" status: 400 len: 339 time: 0.0837302
2026-06-15 21:16:45.833 9 INFO neutron.notifiers.nova [-] Nova event matching ['req-b43c70af-009c-43c6-bc16-4d8cbdd3f9e7'] response: {'server_uuid': '2fee2cae-5984-490d-ac63-7e6b361a868c', 'name': 'network-vif-plugged', 'status': 'completed', 'tag': 'b42f77c2-6e9b-4000-a7df-04c5a74ab6bc', 'code': 200}
2026-06-15 21:16:45.838 10 WARNING neutron.api.v2.base [None req-7dd2850d-19f2-4c65-bfd3-fc71c9b071dc a196b115d18e4edb9666f495b38fd8b8 b26dbc4bb7e1423dab3499e92ddf4eb2 - - default default] An exception happened while processing the request body. The exception message is [Invalid input for dpd. Reason: '59' is not a dictionary.].: webob.exc.HTTPBadRequest: Invalid input for dpd. Reason: '59' is not a dictionary.
2026-06-15 21:16:45.839 10 INFO neutron.api.v2.resource [None req-7dd2850d-19f2-4c65-bfd3-fc71c9b071dc a196b115d18e4edb9666f495b38fd8b8 b26dbc4bb7e1423dab3499e92ddf4eb2 - - default default] create failed (client error): Invalid input for dpd. Reason: '59' is not a dictionary.
2026-06-15 21:16:45.841 10 INFO neutron.api.wsgi [None req-7dd2850d-19f2-4c65-bfd3-fc71c9b071dc a196b115d18e4edb9666f495b38fd8b8 b26dbc4bb7e1423dab3499e92ddf4eb2 - - default default] 10.0.0.47 "POST /v2.0/vpn/ipsec-site-connections HTTP/1.1" status: 400 len: 332 time: 0.0074425
2026-06-15 21:16:45.855 10 WARNING neutron_lib.context [None req-96145ed3-708e-4674-91a1-be6af4079b1a a196b115d18e4edb9666f495b38fd8b8 b26dbc4bb7e1423dab3499e92ddf4eb2 - - default default] Method 'is_advsvc' is deprecated since 2023.2 release (neutron-lib 3.8.0) and will be removed once support for the old RBAC API policies will be removed from Neutron. Please use method 'is_service_role' instead.
2026-06-15 21:16:45.899 10 INFO neutron.api.wsgi [None req-e9c2bd9a-0d52-41d8-bc0f-be25c301ba1e 4cbc847b8a0a451facfa7dfd32e87aa7 82c07724536a4924b1e5fe1aba3b3e06 - - default default] 10.0.0.47 "DELETE /v2.0/networks/5e5899aa-b8b3-46ef-b577-3ab5b87a639a HTTP/1.1" status: 204 len: 168 time: 0.6808143
2026-06-15 21:16:45.938 10 INFO neutron.api.wsgi [None req-96145ed3-708e-4674-91a1-be6af4079b1a a196b115d18e4edb9666f495b38fd8b8 b26dbc4bb7e1423dab3499e92ddf4eb2 - - default default] 10.0.0.47 "POST /v2.0/vpn/endpoint-groups HTTP/1.1" status: 201 len: 493 time: 0.0905778
2026-06-15 21:16:45.951 10 WARNING neutron_lib.context [None req-d3f7865b-db57-4926-bbfd-6e6566c722d7 a196b115d18e4edb9666f495b38fd8b8 b26dbc4bb7e1423dab3499e92ddf4eb2 - - default default] Method 'is_advsvc' is deprecated since 2023.2 release (neutron-lib 3.8.0) and will be removed once support for the old RBAC API policies will be removed from Neutron. Please use method 'is_service_role' instead.
2026-06-15 21:16:45.959 10 INFO neutron.services.segments.plugin [-] Segment d46643c6-fd94-45d7-a86b-7eddc61e2ef3 resource provider aggregate not found
2026-06-15 21:16:45.970 10 INFO neutron.services.segments.plugin [-] Segment d46643c6-fd94-45d7-a86b-7eddc61e2ef3 resource provider aggregate not found
2026-06-15 21:16:45.972 10 INFO neutron.services.segments.plugin [-] Segment d46643c6-fd94-45d7-a86b-7eddc61e2ef3 resource provider not found; error: Placement Client Error (4xx): {"errors": [{"status": 404, "title": "Not Found", "detail": "The resource could not be found.\n\n No resource provider with uuid d46643c6-fd94-45d7-a86b-7eddc61e2ef3 found for delete ", "request_id": "req-983b189b-3943-4374-b1b0-9a5f98a2a0f1"}]}
2026-06-15 21:16:45.980 10 INFO neutron.services.segments.plugin [-] Segment d46643c6-fd94-45d7-a86b-7eddc61e2ef3 resource provider not found; error: Placement Client Error (4xx): {"errors": [{"status": 404, "title": "Not Found", "detail": "The resource could not be found.\n\n No resource provider with uuid d46643c6-fd94-45d7-a86b-7eddc61e2ef3 found for delete ", "request_id": "req-0995119b-fa26-4ab8-9e5a-5c641177ad9e"}]}
2026-06-15 21:16:45.982 9 INFO neutron.db.ovn_revision_numbers_db [None req-ae264d4e-b828-406d-bc9d-6b4f265cfbeb - - - - - -] Successfully bumped revision number for resource b42f77c2-6e9b-4000-a7df-04c5a74ab6bc (type: ports) to 5
2026-06-15 21:16:45.985 10 INFO neutron.services.segments.plugin [-] Segment 49687f7b-84b8-43fd-afa2-c56e3b722be3 resource provider aggregate not found
2026-06-15 21:16:45.990 10 WARNING neutron.plugins.ml2.drivers.ovn.mech_driver.ovsdb.ovn_client [None req-066f7ffa-6d86-476e-a595-7ab0bc1d8e82 - - - - - -] No hosting information found for port 933ca201-7f17-4602-ab54-8a996422993d: RuntimeError: No hosting information found for port 933ca201-7f17-4602-ab54-8a996422993d
2026-06-15 21:16:45.991 10 INFO neutron.services.segments.plugin [-] Segment 49687f7b-84b8-43fd-afa2-c56e3b722be3 resource provider aggregate not found
2026-06-15 21:16:45.996 10 INFO neutron.services.segments.plugin [-] Segment 49687f7b-84b8-43fd-afa2-c56e3b722be3 resource provider not found; error: Placement Client Error (4xx): {"errors": [{"status": 404, "title": "Not Found", "detail": "The resource could not be found.\n\n No resource provider with uuid 49687f7b-84b8-43fd-afa2-c56e3b722be3 found for delete ", "request_id": "req-32f8e3ce-3b2b-4a58-a69d-dd8f063ed947"}]}
2026-06-15 21:16:46.007 10 INFO neutron.services.segments.plugin [-] Segment 49687f7b-84b8-43fd-afa2-c56e3b722be3 resource provider not found; error: Placement Client Error (4xx): {"errors": [{"status": 404, "title": "Not Found", "detail": "The resource could not be found.\n\n No resource provider with uuid 49687f7b-84b8-43fd-afa2-c56e3b722be3 found for delete ", "request_id": "req-dc22296e-0c0c-4ba8-9f0b-11f2542aeaec"}]}
2026-06-15 21:16:46.015 9 INFO neutron.db.segments_db [None req-5d3286f0-b06d-43f7-b2aa-b4f4c6b5c673 4cbc847b8a0a451facfa7dfd32e87aa7 82c07724536a4924b1e5fe1aba3b3e06 - - default default] Added segment a2f025f3-1672-4ef9-896e-62947b390e39 of type geneve for network d634431b-a602-40cc-b647-20500c233b08
2026-06-15 21:16:46.029 10 INFO neutron.api.v2.resource [None req-d3f7865b-db57-4926-bbfd-6e6566c722d7 a196b115d18e4edb9666f495b38fd8b8 b26dbc4bb7e1423dab3499e92ddf4eb2 - - default default] create failed (client error): The server could not comply with the request since it is either malformed or otherwise incorrect.
2026-06-15 21:16:46.030 10 INFO neutron.api.wsgi [None req-d3f7865b-db57-4926-bbfd-6e6566c722d7 a196b115d18e4edb9666f495b38fd8b8 b26dbc4bb7e1423dab3499e92ddf4eb2 - - default default] 10.0.0.47 "POST /v2.0/vpn/ipsec-site-connections HTTP/1.1" status: 400 len: 352 time: 0.0833447 /var/lib/openstack/lib/python3.12/site-packages/pycadf/identifier.py:71: UserWarning: Invalid uuid: neutron. To ensure interoperability, identifiers should be a valid uuid. warnings.warn(('Invalid uuid: %s. To ensure interoperability, '
2026-06-15 21:16:46.055 9 INFO neutron.api.wsgi [None req-c051669c-9418-4aa4-8e83-11334eb92f36 a196b115d18e4edb9666f495b38fd8b8 b26dbc4bb7e1423dab3499e92ddf4eb2 - - default default] 10.0.0.47 "GET /v2.0/vpn/endpoint-groups HTTP/1.1" status: 200 len: 1103 time: 0.0176685
2026-06-15 21:16:46.087 10 INFO neutron.api.wsgi [None req-97b6701e-1040-40d6-85dc-4f2ddecc8d08 a196b115d18e4edb9666f495b38fd8b8 b26dbc4bb7e1423dab3499e92ddf4eb2 - - default default] 10.0.0.47 "DELETE /v2.0/vpn/endpoint-groups/9c331e59-a508-4268-98a4-a20d92291dde HTTP/1.1" status: 204 len: 168 time: 0.0246863
2026-06-15 21:16:46.091 10 INFO neutron.db.ovn_revision_numbers_db [None req-066f7ffa-6d86-476e-a595-7ab0bc1d8e82 - - - - - -] Successfully bumped revision number for resource 933ca201-7f17-4602-ab54-8a996422993d (type: router_ports) to 2
2026-06-15 21:16:46.092 10 INFO neutron.plugins.ml2.drivers.ovn.mech_driver.mech_driver [None req-066f7ffa-6d86-476e-a595-7ab0bc1d8e82 - - - - - -] OVN reports status up for port: c272f86c-6b57-4b64-9af8-6a8b96aa23ac
2026-06-15 21:16:46.111 10 INFO neutron.api.wsgi [None req-eada323b-cf6f-4733-8dd9-15962848c0c5 a196b115d18e4edb9666f495b38fd8b8 b26dbc4bb7e1423dab3499e92ddf4eb2 - - default default] 10.0.0.47 "GET /v2.0/vpn/endpoint-groups HTTP/1.1" status: 200 len: 827 time: 0.0176270
2026-06-15 21:16:46.126 9 WARNING neutron_lib.context [None req-6439c8b3-ad79-432d-9803-e60706bd074b a196b115d18e4edb9666f495b38fd8b8 b26dbc4bb7e1423dab3499e92ddf4eb2 - - default default] Method 'is_advsvc' is deprecated since 2023.2 release (neutron-lib 3.8.0) and will be removed once support for the old RBAC API policies will be removed from Neutron. Please use method 'is_service_role' instead.
2026-06-15 21:16:46.160 9 INFO neutron.db.ovn_revision_numbers_db [None req-5d3286f0-b06d-43f7-b2aa-b4f4c6b5c673 4cbc847b8a0a451facfa7dfd32e87aa7 82c07724536a4924b1e5fe1aba3b3e06 - - default default] Successfully bumped revision number for resource d634431b-a602-40cc-b647-20500c233b08 (type: networks) to 1
2026-06-15 21:16:46.199 9 INFO neutron.api.wsgi [None req-6439c8b3-ad79-432d-9803-e60706bd074b a196b115d18e4edb9666f495b38fd8b8 b26dbc4bb7e1423dab3499e92ddf4eb2 - - default default] 10.0.0.47 "POST /v2.0/vpn/endpoint-groups HTTP/1.1" status: 201 len: 501 time: 0.0804102
2026-06-15 21:16:46.221 9 WARNING neutron_lib.context [None req-1f40b13a-0bc8-45fc-82d3-f73a9ec9290b a196b115d18e4edb9666f495b38fd8b8 b26dbc4bb7e1423dab3499e92ddf4eb2 - - default default] Method 'is_advsvc' is deprecated since 2023.2 release (neutron-lib 3.8.0) and will be removed once support for the old RBAC API policies will be removed from Neutron. Please use method 'is_service_role' instead.
2026-06-15 21:16:46.279 9 INFO neutron.api.v2.resource [None req-1f40b13a-0bc8-45fc-82d3-f73a9ec9290b a196b115d18e4edb9666f495b38fd8b8 b26dbc4bb7e1423dab3499e92ddf4eb2 - - default default] create failed (client error): The server could not comply with the request since it is either malformed or otherwise incorrect.
2026-06-15 21:16:46.280 9 INFO neutron.api.wsgi [None req-1f40b13a-0bc8-45fc-82d3-f73a9ec9290b a196b115d18e4edb9666f495b38fd8b8 b26dbc4bb7e1423dab3499e92ddf4eb2 - - default default] 10.0.0.47 "POST /v2.0/vpn/ipsec-site-connections HTTP/1.1" status: 400 len: 351 time: 0.0688131
2026-06-15 21:16:46.304 9 INFO neutron.api.wsgi [None req-c429c20b-9ff1-4f36-959c-8bdeb591e8bf a196b115d18e4edb9666f495b38fd8b8 b26dbc4bb7e1423dab3499e92ddf4eb2 - - default default] 10.0.0.47 "GET /v2.0/vpn/endpoint-groups HTTP/1.1" status: 200 len: 1111 time: 0.0176394
2026-06-15 21:16:46.337 10 INFO neutron.api.wsgi [None req-61c9760b-2e67-44b2-9c7c-510ba062a0cf a196b115d18e4edb9666f495b38fd8b8 b26dbc4bb7e1423dab3499e92ddf4eb2 - - default default] 10.0.0.47 "DELETE /v2.0/vpn/endpoint-groups/991f5791-09ea-4ff1-99aa-af9c7537baa8 HTTP/1.1" status: 204 len: 168 time: 0.0259380
2026-06-15 21:16:46.355 9 INFO neutron.api.wsgi [None req-570e9c00-91ed-49c8-a957-43dba39541b6 a196b115d18e4edb9666f495b38fd8b8 b26dbc4bb7e1423dab3499e92ddf4eb2 - - default default] 10.0.0.47 "GET /v2.0/vpn/endpoint-groups HTTP/1.1" status: 200 len: 827 time: 0.0132167
2026-06-15 21:16:46.368 10 WARNING neutron.api.v2.base [None req-b0279681-b3e8-48c0-8ddf-de64d713253f a196b115d18e4edb9666f495b38fd8b8 b26dbc4bb7e1423dab3499e92ddf4eb2 - - default default] An exception happened while processing the request body. The exception message is [Invalid input for peer_cidrs. Reason: '1.0.0.0/33' is not a valid IP subnet.].: webob.exc.HTTPBadRequest: Invalid input for peer_cidrs. Reason: '1.0.0.0/33' is not a valid IP subnet.
2026-06-15 21:16:46.369 10 INFO neutron.api.v2.resource [None req-b0279681-b3e8-48c0-8ddf-de64d713253f a196b115d18e4edb9666f495b38fd8b8 b26dbc4bb7e1423dab3499e92ddf4eb2 - - default default] create failed (client error): Invalid input for peer_cidrs. Reason: '1.0.0.0/33' is not a valid IP subnet.
2026-06-15 21:16:46.370 10 INFO neutron.api.wsgi [None req-b0279681-b3e8-48c0-8ddf-de64d713253f a196b115d18e4edb9666f495b38fd8b8 b26dbc4bb7e1423dab3499e92ddf4eb2 - - default default] 10.0.0.47 "POST /v2.0/vpn/ipsec-site-connections HTTP/1.1" status: 400 len: 352 time: 0.0079632
2026-06-15 21:16:46.371 9 WARNING neutron.scheduler.dhcp_agent_scheduler [None req-5d3286f0-b06d-43f7-b2aa-b4f4c6b5c673 4cbc847b8a0a451facfa7dfd32e87aa7 82c07724536a4924b1e5fe1aba3b3e06 - - default default] No more DHCP agents
2026-06-15 21:16:46.372 9 WARNING neutron.api.rpc.agentnotifiers.dhcp_rpc_agent_api [None req-5d3286f0-b06d-43f7-b2aa-b4f4c6b5c673 4cbc847b8a0a451facfa7dfd32e87aa7 82c07724536a4924b1e5fe1aba3b3e06 - - default default] Unable to schedule network d634431b-a602-40cc-b647-20500c233b08: no agents available; will retry on subsequent port and subnet creation events.
2026-06-15 21:16:46.388 10 WARNING neutron_lib.context [None req-2af4b8ad-bdba-4706-9986-e5c202f36b1e a196b115d18e4edb9666f495b38fd8b8 b26dbc4bb7e1423dab3499e92ddf4eb2 - - default default] Method 'is_advsvc' is deprecated since 2023.2 release (neutron-lib 3.8.0) and will be removed once support for the old RBAC API policies will be removed from Neutron. Please use method 'is_service_role' instead.
2026-06-15 21:16:46.437 9 INFO neutron.db.ovn_revision_numbers_db [None req-5d3286f0-b06d-43f7-b2aa-b4f4c6b5c673 4cbc847b8a0a451facfa7dfd32e87aa7 82c07724536a4924b1e5fe1aba3b3e06 - - default default] Successfully bumped revision number for resource 5d3eb2ca-c587-4ac8-9bdc-2e6d61ec26f0 (type: ports) to 1
2026-06-15 21:16:46.460 9 INFO neutron.api.wsgi [None req-5d3286f0-b06d-43f7-b2aa-b4f4c6b5c673 4cbc847b8a0a451facfa7dfd32e87aa7 82c07724536a4924b1e5fe1aba3b3e06 - - default default] 10.0.0.47 "POST /v2.0/networks HTTP/1.1" status: 201 len: 928 time: 0.5517740
2026-06-15 21:16:46.490 10 INFO neutron.db.segments_db [None req-2af4b8ad-bdba-4706-9986-e5c202f36b1e a196b115d18e4edb9666f495b38fd8b8 b26dbc4bb7e1423dab3499e92ddf4eb2 - - default default] Added segment 834c9615-f40e-4ce9-a8a9-cbf7c2ff2dee of type geneve for network 9c4ead6e-cebe-4778-869b-1769a1aca155
2026-06-15 21:16:46.657 10 INFO neutron.db.ovn_revision_numbers_db [None req-2af4b8ad-bdba-4706-9986-e5c202f36b1e a196b115d18e4edb9666f495b38fd8b8 b26dbc4bb7e1423dab3499e92ddf4eb2 - - default default] Successfully bumped revision number for resource 9c4ead6e-cebe-4778-869b-1769a1aca155 (type: networks) to 1
2026-06-15 21:16:46.663 9 WARNING neutron.scheduler.dhcp_agent_scheduler [None req-d8be62c3-b52f-4f06-881b-6719a070a445 4cbc847b8a0a451facfa7dfd32e87aa7 82c07724536a4924b1e5fe1aba3b3e06 - - default default] No more DHCP agents
2026-06-15 21:16:46.665 9 WARNING neutron.api.rpc.agentnotifiers.dhcp_rpc_agent_api [None req-d8be62c3-b52f-4f06-881b-6719a070a445 4cbc847b8a0a451facfa7dfd32e87aa7 82c07724536a4924b1e5fe1aba3b3e06 - - default default] Unable to schedule network d634431b-a602-40cc-b647-20500c233b08: no agents available; will retry on subsequent port and subnet creation events.
2026-06-15 21:16:46.929 10 WARNING neutron.scheduler.dhcp_agent_scheduler [None req-2af4b8ad-bdba-4706-9986-e5c202f36b1e a196b115d18e4edb9666f495b38fd8b8 b26dbc4bb7e1423dab3499e92ddf4eb2 - - default default] No more DHCP agents
2026-06-15 21:16:46.931 10 WARNING neutron.api.rpc.agentnotifiers.dhcp_rpc_agent_api [None req-2af4b8ad-bdba-4706-9986-e5c202f36b1e a196b115d18e4edb9666f495b38fd8b8 b26dbc4bb7e1423dab3499e92ddf4eb2 - - default default] Unable to schedule network 9c4ead6e-cebe-4778-869b-1769a1aca155: no agents available; will retry on subsequent port and subnet creation events.
2026-06-15 21:16:47.000 10 INFO neutron.db.ovn_revision_numbers_db [None req-2af4b8ad-bdba-4706-9986-e5c202f36b1e a196b115d18e4edb9666f495b38fd8b8 b26dbc4bb7e1423dab3499e92ddf4eb2 - - default default] Successfully bumped revision number for resource 16acad3e-435c-4f8c-ace5-4e9d002b6595 (type: ports) to 1
2026-06-15 21:16:47.036 10 INFO neutron.api.wsgi [None req-2af4b8ad-bdba-4706-9986-e5c202f36b1e a196b115d18e4edb9666f495b38fd8b8 b26dbc4bb7e1423dab3499e92ddf4eb2 - - default default] 10.0.0.47 "POST /v2.0/networks HTTP/1.1" status: 201 len: 831 time: 0.6560287
2026-06-15 21:16:47.048 10 WARNING neutron_lib.context [None req-4119dd3a-d74c-4d31-884f-47655c3bae0c a196b115d18e4edb9666f495b38fd8b8 b26dbc4bb7e1423dab3499e92ddf4eb2 - - default default] Method 'is_advsvc' is deprecated since 2023.2 release (neutron-lib 3.8.0) and will be removed once support for the old RBAC API policies will be removed from Neutron. Please use method 'is_service_role' instead.
2026-06-15 21:16:47.221 9 INFO neutron.db.ovn_revision_numbers_db [None req-2442d3e5-d7f7-472a-8a4e-c427d0419124 - - - - - -] Successfully bumped revision number for resource 5d3eb2ca-c587-4ac8-9bdc-2e6d61ec26f0 (type: ports) to 2
2026-06-15 21:16:47.249 9 INFO neutron.db.ovn_revision_numbers_db [None req-2442d3e5-d7f7-472a-8a4e-c427d0419124 - - - - - -] Successfully bumped revision number for resource a700abb0-5c1c-42b3-9634-7dcf32733b9c (type: subnets) to 0
2026-06-15 21:16:47.249 10 WARNING neutron.scheduler.dhcp_agent_scheduler [None req-4119dd3a-d74c-4d31-884f-47655c3bae0c a196b115d18e4edb9666f495b38fd8b8 b26dbc4bb7e1423dab3499e92ddf4eb2 - - default default] No more DHCP agents
2026-06-15 21:16:47.250 10 WARNING neutron.api.rpc.agentnotifiers.dhcp_rpc_agent_api [None req-4119dd3a-d74c-4d31-884f-47655c3bae0c a196b115d18e4edb9666f495b38fd8b8 b26dbc4bb7e1423dab3499e92ddf4eb2 - - default default] Unable to schedule network 9c4ead6e-cebe-4778-869b-1769a1aca155: no agents available; will retry on subsequent port and subnet creation events.
2026-06-15 21:16:47.264 9 INFO neutron.api.wsgi [None req-d8be62c3-b52f-4f06-881b-6719a070a445 4cbc847b8a0a451facfa7dfd32e87aa7 82c07724536a4924b1e5fe1aba3b3e06 - - default default] 10.0.0.47 "POST /v2.0/subnets HTTP/1.1" status: 201 len: 846 time: 0.7984374
2026-06-15 21:16:47.580 10 INFO neutron.api.wsgi [None req-7f555b7b-232e-4398-8a0d-034b7a6a9331 4cbc847b8a0a451facfa7dfd32e87aa7 82c07724536a4924b1e5fe1aba3b3e06 - - default default] 10.0.0.47 "POST /v2.0/rbac-policies HTTP/1.1" status: 201 len: 523 time: 0.3100483
2026-06-15 21:16:47.810 10 INFO neutron.db.ovn_revision_numbers_db [None req-c8398cc6-96c0-4f4b-8177-2dcd3fe082ac - - - - - -] Successfully bumped revision number for resource 16acad3e-435c-4f8c-ace5-4e9d002b6595 (type: ports) to 2
2026-06-15 21:16:47.855 10 INFO neutron.db.ovn_revision_numbers_db [None req-c8398cc6-96c0-4f4b-8177-2dcd3fe082ac - - - - - -] Successfully bumped revision number for resource e843a537-f3ae-4ef1-9f7d-6c70f7fb9000 (type: subnets) to 0
2026-06-15 21:16:47.871 9 INFO neutron.notifiers.nova [-] Nova event matching ['req-256d4c7a-25b6-41b9-a063-4b294f9b0070'] response: {'server_uuid': '2fee2cae-5984-490d-ac63-7e6b361a868c', 'name': 'network-vif-plugged', 'status': 'completed', 'tag': 'b42f77c2-6e9b-4000-a7df-04c5a74ab6bc', 'code': 200}
2026-06-15 21:16:47.875 10 INFO neutron.api.wsgi [None req-4119dd3a-d74c-4d31-884f-47655c3bae0c a196b115d18e4edb9666f495b38fd8b8 b26dbc4bb7e1423dab3499e92ddf4eb2 - - default default] 10.0.0.47 "POST /v2.0/subnets HTTP/1.1" status: 201 len: 828 time: 0.8321581
2026-06-15 21:16:47.887 9 WARNING neutron_lib.context [None req-f235f2f4-e632-4e63-b86f-db3c38c1e219 a196b115d18e4edb9666f495b38fd8b8 b26dbc4bb7e1423dab3499e92ddf4eb2 - - default default] Method 'is_advsvc' is deprecated since 2023.2 release (neutron-lib 3.8.0) and will be removed once support for the old RBAC API policies will be removed from Neutron. Please use method 'is_service_role' instead.
2026-06-15 21:16:48.036 9 INFO neutron.api.wsgi [req-fd7ffe7d-0621-454e-9152-9464a06e70cc req-048cf2db-f45f-465c-ae38-b18b2080a901 a3ea93befd754a618602e16b9f998c5f c0e83b85323b40f4853ba0f176a59c3d - - default default] 10.0.0.201 "GET /v2.0/ports?device_id=2fee2cae-5984-490d-ac63-7e6b361a868c HTTP/1.1" status: 200 len: 1417 time: 0.0721815
2026-06-15 21:16:48.076 10 INFO neutron.api.wsgi [None req-a710e2ed-930d-4d60-a031-717794dfb04e af23194e231c443895ac423efc18bcb8 ff2ff00ae74b45a193c1d6da0cee527b - - default default] 10.0.0.47 "GET /v2.0/networks/d634431b-a602-40cc-b647-20500c233b08 HTTP/1.1" status: 200 len: 848 time: 0.1102512
2026-06-15 21:16:48.096 9 INFO neutron.api.wsgi [req-fd7ffe7d-0621-454e-9152-9464a06e70cc req-4782a680-f548-4ade-84af-69fd41c29bff a3ea93befd754a618602e16b9f998c5f c0e83b85323b40f4853ba0f176a59c3d - - default default] 10.0.0.201 "GET /v2.0/security-groups?id=fabb0d7a-7b69-429b-b14d-2b8d16da637c&fields=id&fields=name HTTP/1.1" status: 200 len: 294 time: 0.0564997
2026-06-15 21:16:48.203 9 INFO neutron.api.wsgi [req-8670c9b3-6aff-4512-b9ef-a446b3588f11 req-91cb3a0e-a30a-4500-bb22-bae75be3690d a3ea93befd754a618602e16b9f998c5f c0e83b85323b40f4853ba0f176a59c3d - - default default] 10.0.0.201 "GET /v2.0/ports?device_id=2fee2cae-5984-490d-ac63-7e6b361a868c HTTP/1.1" status: 200 len: 1417 time: 0.0474503
2026-06-15 21:16:48.417 9 WARNING neutron.scheduler.dhcp_agent_scheduler [None req-f235f2f4-e632-4e63-b86f-db3c38c1e219 a196b115d18e4edb9666f495b38fd8b8 b26dbc4bb7e1423dab3499e92ddf4eb2 - - default default] No more DHCP agents
2026-06-15 21:16:48.418 9 WARNING neutron.api.rpc.agentnotifiers.dhcp_rpc_agent_api [None req-f235f2f4-e632-4e63-b86f-db3c38c1e219 a196b115d18e4edb9666f495b38fd8b8 b26dbc4bb7e1423dab3499e92ddf4eb2 - - default default] Unable to schedule network 03d1d46c-50db-4e75-a25c-e48940aeffd0: no agents available; will retry on subsequent port and subnet creation events.
2026-06-15 21:16:48.504 9 INFO neutron.pecan_wsgi.hooks.translation [None req-290a46bd-52ad-487e-af1f-fad656a4bd15 aed6ae52d9ee441ea10039644e7c3361 02ff8afcf2594f2f9e3e4531740059df - - default default] GET failed (client error): The resource could not be found.
2026-06-15 21:16:48.507 9 INFO neutron.api.wsgi [None req-290a46bd-52ad-487e-af1f-fad656a4bd15 aed6ae52d9ee441ea10039644e7c3361 02ff8afcf2594f2f9e3e4531740059df - - default default] 10.0.0.47 "GET /v2.0/networks/d634431b-a602-40cc-b647-20500c233b08 HTTP/1.1" status: 404 len: 339 time: 0.0632718
2026-06-15 21:16:48.555 9 INFO neutron.db.ovn_revision_numbers_db [None req-f235f2f4-e632-4e63-b86f-db3c38c1e219 a196b115d18e4edb9666f495b38fd8b8 b26dbc4bb7e1423dab3499e92ddf4eb2 - - default default] Successfully bumped revision number for resource 852c13d0-f43b-4af7-849a-fb7229bbfa9f (type: ports) to 1
2026-06-15 21:16:49.056 10 INFO neutron.services.segments.plugin [-] Segment a2f025f3-1672-4ef9-896e-62947b390e39 resource provider aggregate not found
2026-06-15 21:16:49.060 10 INFO neutron.services.segments.plugin [-] Segment a2f025f3-1672-4ef9-896e-62947b390e39 resource provider aggregate not found
2026-06-15 21:16:49.073 10 INFO neutron.services.segments.plugin [-] Segment a2f025f3-1672-4ef9-896e-62947b390e39 resource provider not found; error: Placement Client Error (4xx): {"errors": [{"status": 404, "title": "Not Found", "detail": "The resource could not be found.\n\n No resource provider with uuid a2f025f3-1672-4ef9-896e-62947b390e39 found for delete ", "request_id": "req-dfa9a9fe-ae33-487f-b5fb-cdd490d85d48"}]}
2026-06-15 21:16:49.074 10 INFO neutron.services.segments.plugin [-] Segment a2f025f3-1672-4ef9-896e-62947b390e39 resource provider not found; error: Placement Client Error (4xx): {"errors": [{"status": 404, "title": "Not Found", "detail": "The resource could not be found.\n\n No resource provider with uuid a2f025f3-1672-4ef9-896e-62947b390e39 found for delete ", "request_id": "req-716fab49-0e97-406f-b645-7c21b7705046"}]}
2026-06-15 21:16:49.089 10 INFO neutron.api.wsgi [None req-13173eca-7539-402f-b833-3eb11877459e 4cbc847b8a0a451facfa7dfd32e87aa7 82c07724536a4924b1e5fe1aba3b3e06 - - default default] 10.0.0.47 "DELETE /v2.0/networks/d634431b-a602-40cc-b647-20500c233b08 HTTP/1.1" status: 204 len: 168 time: 0.5709481
2026-06-15 21:16:49.109 10 INFO neutron.pecan_wsgi.hooks.translation [None req-e05454a1-752a-4a2a-8887-89caac8be92b 4cbc847b8a0a451facfa7dfd32e87aa7 82c07724536a4924b1e5fe1aba3b3e06 - - default default] DELETE failed (client error): The resource could not be found.
2026-06-15 21:16:49.111 10 INFO neutron.api.wsgi [None req-e05454a1-752a-4a2a-8887-89caac8be92b 4cbc847b8a0a451facfa7dfd32e87aa7 82c07724536a4924b1e5fe1aba3b3e06 - - default default] 10.0.0.47 "DELETE /v2.0/subnets/24c5fd2a-9d9d-4929-b7d6-0f61a43ceff3 HTTP/1.1" status: 404 len: 337 time: 0.0138478
2026-06-15 21:16:49.129 10 INFO neutron.pecan_wsgi.hooks.translation [None req-3ed5f538-ef1a-4f83-8efd-5f5a33cc860f 4cbc847b8a0a451facfa7dfd32e87aa7 82c07724536a4924b1e5fe1aba3b3e06 - - default default] DELETE failed (client error): The resource could not be found.
