2026-06-15 21:16:01.635 10 INFO neutron.notifiers.nova [-] Nova event matching ['req-60d03f0a-c3c7-421e-ab07-50cb6e847e66'] response: {'server_uuid': '0a596f03-47d9-46e8-96e7-19a680d22b00', 'name': 'network-vif-plugged', 'status': 'completed', 'tag': 'ad128ec6-dfdf-4ee6-b4f1-9a266313b44d', 'code': 200}
2026-06-15 21:16:01.785 10 INFO neutron.db.ovn_revision_numbers_db [None req-eacea03b-15ec-482e-92a1-c386d2353499 - - - - - -] Successfully bumped revision number for resource ad128ec6-dfdf-4ee6-b4f1-9a266313b44d (type: ports) to 5
2026-06-15 21:16:01.828 10 WARNING neutron.scheduler.dhcp_agent_scheduler [None req-739c340e-a03f-41c9-9486-d5fc032cf139 a196b115d18e4edb9666f495b38fd8b8 b26dbc4bb7e1423dab3499e92ddf4eb2 - - default default] No more DHCP agents
2026-06-15 21:16:01.830 10 WARNING neutron.api.rpc.agentnotifiers.dhcp_rpc_agent_api [None req-739c340e-a03f-41c9-9486-d5fc032cf139 a196b115d18e4edb9666f495b38fd8b8 b26dbc4bb7e1423dab3499e92ddf4eb2 - - default default] Unable to schedule network 03d1d46c-50db-4e75-a25c-e48940aeffd0: no agents available; will retry on subsequent port and subnet creation events.
2026-06-15 21:16:01.843 9 INFO neutron.api.wsgi [req-a5144d59-8394-466d-8a2b-adb0f3c3715d req-1feb4d24-500d-4a46-8fed-b4a1a9bb4a91 888098855ac64459aa86c378f1eb368d 526e97031a4243e59e139a368ec179d7 - - default default] 10.0.0.201 "GET /v2.0/ports?device_id=782c0f3a-893d-4c75-abe3-9d52d25d524a HTTP/1.1" status: 200 len: 1214 time: 0.0741842
2026-06-15 21:16:01.884 9 INFO neutron.api.wsgi [req-a5144d59-8394-466d-8a2b-adb0f3c3715d req-186ef395-2b55-4907-aff9-da8ef7f437fe 888098855ac64459aa86c378f1eb368d 526e97031a4243e59e139a368ec179d7 - - default default] 10.0.0.201 "GET /v2.0/security-groups?id=6d0cfcac-f25e-400c-9f12-1ad1928572a0&id=1f6ab042-f64b-490b-afa7-bf351e86f510&fields=id&fields=name HTTP/1.1" status: 200 len: 405 time: 0.0363100
2026-06-15 21:16:02.018 9 INFO neutron.api.wsgi [req-142b6f60-903e-4491-a442-844b4e9d588c req-cd9f84a5-b50a-4578-9e4b-8dc179048a75 888098855ac64459aa86c378f1eb368d 526e97031a4243e59e139a368ec179d7 - - default default] 10.0.0.201 "GET /v2.0/ports?device_id=782c0f3a-893d-4c75-abe3-9d52d25d524a HTTP/1.1" status: 200 len: 1214 time: 0.0429282 /var/lib/openstack/lib/python3.12/site-packages/pycadf/identifier.py:71: UserWarning: Invalid uuid: neutron. To ensure interoperability, identifiers should be a valid uuid. warnings.warn(('Invalid uuid: %s. To ensure interoperability, '
2026-06-15 21:16:02.038 10 INFO neutron.db.ovn_revision_numbers_db [None req-739c340e-a03f-41c9-9486-d5fc032cf139 a196b115d18e4edb9666f495b38fd8b8 b26dbc4bb7e1423dab3499e92ddf4eb2 - - default default] Successfully bumped revision number for resource b1dae9bb-2aa3-4dc2-9991-78ed51238bf8 (type: ports) to 1
2026-06-15 21:16:02.285 9 INFO neutron.notifiers.nova [-] Nova event matching ['req-2ef79e4b-606d-42aa-beef-19d9c106eb63'] response: {'server_uuid': '782c0f3a-893d-4c75-abe3-9d52d25d524a', 'name': 'network-vif-plugged', 'status': 'completed', 'tag': 'e56f8f44-9a5f-49ba-b85c-8c56576bd2fa', 'code': 200}
2026-06-15 21:16:02.660 10 INFO neutron.db.ovn_revision_numbers_db [None req-e2e837cb-36a5-4321-b16c-e757c482c738 888098855ac64459aa86c378f1eb368d 526e97031a4243e59e139a368ec179d7 - - default default] Successfully bumped revision number for resource 5fa9f698-f725-485b-b70e-fa84d4f9f5a0 (type: floatingips) to 1
2026-06-15 21:16:02.827 10 INFO neutron.db.ovn_revision_numbers_db [None req-e2e837cb-36a5-4321-b16c-e757c482c738 888098855ac64459aa86c378f1eb368d 526e97031a4243e59e139a368ec179d7 - - default default] Successfully bumped revision number for resource 5fa9f698-f725-485b-b70e-fa84d4f9f5a0 (type: floatingips) to 2
2026-06-15 21:16:02.827 10 INFO neutron.db.l3_db [None req-e2e837cb-36a5-4321-b16c-e757c482c738 888098855ac64459aa86c378f1eb368d 526e97031a4243e59e139a368ec179d7 - - default default] Floating IP 5fa9f698-f725-485b-b70e-fa84d4f9f5a0 associated. External IP: 10.96.250.215, port: e56f8f44-9a5f-49ba-b85c-8c56576bd2fa.
2026-06-15 21:16:02.878 10 INFO neutron.api.wsgi [None req-e2e837cb-36a5-4321-b16c-e757c482c738 888098855ac64459aa86c378f1eb368d 526e97031a4243e59e139a368ec179d7 - - default default] 10.0.0.47 "PUT /v2.0/floatingips/5fa9f698-f725-485b-b70e-fa84d4f9f5a0 HTTP/1.1" status: 200 len: 1050 time: 0.8460090
2026-06-15 21:16:02.929 10 INFO neutron.plugins.ml2.drivers.ovn.mech_driver.ovsdb.commands [None req-d9823055-66fb-446c-b202-129f7213a929 - - - - - -] Schedule LRP lrp-b1dae9bb-2aa3-4dc2-9991-78ed51238bf8 on gateway c43cc7a7-0197-4faf-ae10-b1c22aeb9f3c with priority 1
2026-06-15 21:16:02.950 9 INFO neutron.plugins.ml2.drivers.ovn.mech_driver.mech_driver [None req-34cd5b32-5a1c-45ff-aa55-9d52c4374a75 - - - - - -] OVN reports status up for port: b1dae9bb-2aa3-4dc2-9991-78ed51238bf8
2026-06-15 21:16:02.965 9 INFO neutron.plugins.ml2.plugin [None req-34cd5b32-5a1c-45ff-aa55-9d52c4374a75 - - - - - -] Attempt 1 to provision port b1dae9bb-2aa3-4dc2-9991-78ed51238bf8
2026-06-15 21:16:02.976 10 INFO neutron.db.ovn_revision_numbers_db [None req-739c340e-a03f-41c9-9486-d5fc032cf139 a196b115d18e4edb9666f495b38fd8b8 b26dbc4bb7e1423dab3499e92ddf4eb2 - - default default] Successfully bumped revision number for resource b1dae9bb-2aa3-4dc2-9991-78ed51238bf8 (type: router_ports) to 1
2026-06-15 21:16:03.058 10 INFO neutron.db.ovn_revision_numbers_db [None req-739c340e-a03f-41c9-9486-d5fc032cf139 a196b115d18e4edb9666f495b38fd8b8 b26dbc4bb7e1423dab3499e92ddf4eb2 - - default default] Successfully bumped revision number for resource b56ecf1c-aff2-4fa5-acad-58e97897a10e (type: routers) to 2
2026-06-15 21:16:03.076 10 INFO neutron.api.wsgi [None req-739c340e-a03f-41c9-9486-d5fc032cf139 a196b115d18e4edb9666f495b38fd8b8 b26dbc4bb7e1423dab3499e92ddf4eb2 - - default default] 10.0.0.47 "POST /v2.0/routers HTTP/1.1" status: 201 len: 1135 time: 1.8055198 /var/lib/openstack/lib/python3.12/site-packages/pycadf/identifier.py:71: UserWarning: Invalid uuid: neutron. To ensure interoperability, identifiers should be a valid uuid. warnings.warn(('Invalid uuid: %s. To ensure interoperability, '
2026-06-15 21:16:03.647 10 WARNING neutron.scheduler.dhcp_agent_scheduler [None req-6fa70acc-a1c9-43f9-89e3-95ed317af8fe a196b115d18e4edb9666f495b38fd8b8 b26dbc4bb7e1423dab3499e92ddf4eb2 - - default default] No more DHCP agents
2026-06-15 21:16:03.650 10 WARNING neutron.api.rpc.agentnotifiers.dhcp_rpc_agent_api [None req-6fa70acc-a1c9-43f9-89e3-95ed317af8fe a196b115d18e4edb9666f495b38fd8b8 b26dbc4bb7e1423dab3499e92ddf4eb2 - - default default] Unable to schedule network 495385d9-e8c4-4a54-898b-3ab8a301f240: no agents available; will retry on subsequent port and subnet creation events.
2026-06-15 21:16:03.681 10 INFO neutron.notifiers.nova [-] Nova event matching ['req-1e091429-ba59-45eb-a382-7872c6785b42'] response: {'server_uuid': '0a596f03-47d9-46e8-96e7-19a680d22b00', 'name': 'network-vif-plugged', 'status': 'completed', 'tag': 'ad128ec6-dfdf-4ee6-b4f1-9a266313b44d', 'code': 200}
2026-06-15 21:16:03.681 10 INFO neutron.notifiers.nova [-] Nova event matching ['req-1e091429-ba59-45eb-a382-7872c6785b42'] response: {'name': 'network-changed', 'server_uuid': '782c0f3a-893d-4c75-abe3-9d52d25d524a', 'tag': 'e56f8f44-9a5f-49ba-b85c-8c56576bd2fa', 'status': 'completed', 'code': 200}
2026-06-15 21:16:03.852 10 INFO neutron.db.ovn_revision_numbers_db [None req-6fa70acc-a1c9-43f9-89e3-95ed317af8fe a196b115d18e4edb9666f495b38fd8b8 b26dbc4bb7e1423dab3499e92ddf4eb2 - - default default] Successfully bumped revision number for resource 17067549-944a-42a7-8abd-1ce93d28f07f (type: ports) to 1
2026-06-15 21:16:04.237 9 INFO neutron.api.wsgi [req-72a2a178-ed97-4848-8424-91c27c3e7298 req-ccbbfa38-994b-487b-a04b-c118725e13ef 2db2ba250e43443b9382d47e8fdc30e7 006d385c654e47dc97e7ad6019f6d05f - - 32cb23adb77e47fabcce474615b61cec 32cb23adb77e47fabcce474615b61cec] 199.19.213.132 "GET /v2.0/ports?tenant_id=526e97031a4243e59e139a368ec179d7&device_id=782c0f3a-893d-4c75-abe3-9d52d25d524a HTTP/1.1" status: 200 len: 1452 time: 0.0440161
2026-06-15 21:16:04.289 9 INFO neutron.api.wsgi [req-72a2a178-ed97-4848-8424-91c27c3e7298 req-c6413762-e762-4bf2-91c5-3cad5049e747 2db2ba250e43443b9382d47e8fdc30e7 006d385c654e47dc97e7ad6019f6d05f - - 32cb23adb77e47fabcce474615b61cec 32cb23adb77e47fabcce474615b61cec] 199.19.213.132 "GET /v2.0/networks?id=dccb4b25-02ae-4f5b-935d-d825667c08f6 HTTP/1.1" status: 200 len: 971 time: 0.0469868
2026-06-15 21:16:04.346 9 INFO neutron.api.wsgi [req-72a2a178-ed97-4848-8424-91c27c3e7298 req-c5816247-66c9-400f-bb12-ac01dee1984f 2db2ba250e43443b9382d47e8fdc30e7 006d385c654e47dc97e7ad6019f6d05f - - 32cb23adb77e47fabcce474615b61cec 32cb23adb77e47fabcce474615b61cec] 199.19.213.132 "GET /v2.0/floatingips?fixed_ip_address=10.100.0.13&port_id=e56f8f44-9a5f-49ba-b85c-8c56576bd2fa HTTP/1.1" status: 200 len: 1060 time: 0.0495682
2026-06-15 21:16:04.379 9 INFO neutron.api.wsgi [req-72a2a178-ed97-4848-8424-91c27c3e7298 req-4e21e3d4-15e4-4e1f-991b-f19e81f949d1 2db2ba250e43443b9382d47e8fdc30e7 006d385c654e47dc97e7ad6019f6d05f - - 32cb23adb77e47fabcce474615b61cec 32cb23adb77e47fabcce474615b61cec] 199.19.213.132 "GET /v2.0/subnets?id=7fc31c15-d558-4c1c-ac55-fe1a1f055484 HTTP/1.1" status: 200 len: 890 time: 0.0277801
2026-06-15 21:16:04.405 9 INFO neutron.api.wsgi [req-72a2a178-ed97-4848-8424-91c27c3e7298 req-93dcba38-cea8-4cfd-8e54-49c361ec6d68 2db2ba250e43443b9382d47e8fdc30e7 006d385c654e47dc97e7ad6019f6d05f - - 32cb23adb77e47fabcce474615b61cec 32cb23adb77e47fabcce474615b61cec] 199.19.213.132 "GET /v2.0/ports?network_id=dccb4b25-02ae-4f5b-935d-d825667c08f6&device_owner=network%3Adhcp HTTP/1.1" status: 200 len: 210 time: 0.0214903
2026-06-15 21:16:04.470 9 INFO neutron.api.wsgi [req-72a2a178-ed97-4848-8424-91c27c3e7298 req-0465d7df-b51f-46db-9fa9-791f9f753427 2db2ba250e43443b9382d47e8fdc30e7 006d385c654e47dc97e7ad6019f6d05f - - 32cb23adb77e47fabcce474615b61cec 32cb23adb77e47fabcce474615b61cec] 199.19.213.132 "GET /v2.0/networks/dccb4b25-02ae-4f5b-935d-d825667c08f6?fields=segments HTTP/1.1" status: 200 len: 212 time: 0.0549433
2026-06-15 21:16:04.475 10 INFO neutron.plugins.ml2.drivers.ovn.mech_driver.mech_driver [None req-5cd56e46-d9a2-4161-8228-ae90f85901d6 - - - - - -] OVN reports status up for port: 17067549-944a-42a7-8abd-1ce93d28f07f
2026-06-15 21:16:04.483 10 INFO neutron.plugins.ml2.plugin [None req-5cd56e46-d9a2-4161-8228-ae90f85901d6 - - - - - -] Attempt 1 to provision port 17067549-944a-42a7-8abd-1ce93d28f07f
2026-06-15 21:16:04.495 10 INFO neutron.db.ovn_revision_numbers_db [None req-6fa70acc-a1c9-43f9-89e3-95ed317af8fe a196b115d18e4edb9666f495b38fd8b8 b26dbc4bb7e1423dab3499e92ddf4eb2 - - default default] Successfully bumped revision number for resource 17067549-944a-42a7-8abd-1ce93d28f07f (type: ports) to 1
2026-06-15 21:16:04.518 9 INFO neutron.api.wsgi [req-72a2a178-ed97-4848-8424-91c27c3e7298 req-79685bbe-e08f-476f-ad62-c40c0e5c7c50 2db2ba250e43443b9382d47e8fdc30e7 006d385c654e47dc97e7ad6019f6d05f - - 32cb23adb77e47fabcce474615b61cec 32cb23adb77e47fabcce474615b61cec] 199.19.213.132 "GET /v2.0/networks/dccb4b25-02ae-4f5b-935d-d825667c08f6?fields=provider%3Aphysical_network&fields=provider%3Anetwork_type HTTP/1.1" status: 200 len: 277 time: 0.0420651
2026-06-15 21:16:04.543 10 WARNING neutron.scheduler.dhcp_agent_scheduler [None req-6fa70acc-a1c9-43f9-89e3-95ed317af8fe a196b115d18e4edb9666f495b38fd8b8 b26dbc4bb7e1423dab3499e92ddf4eb2 - - default default] No more DHCP agents
2026-06-15 21:16:04.544 10 WARNING neutron.api.rpc.agentnotifiers.dhcp_rpc_agent_api [None req-6fa70acc-a1c9-43f9-89e3-95ed317af8fe a196b115d18e4edb9666f495b38fd8b8 b26dbc4bb7e1423dab3499e92ddf4eb2 - - default default] Unable to schedule network 495385d9-e8c4-4a54-898b-3ab8a301f240: no agents available; will retry on subsequent port and subnet creation events.
2026-06-15 21:16:05.008 10 INFO neutron.db.ovn_revision_numbers_db [None req-6fa70acc-a1c9-43f9-89e3-95ed317af8fe a196b115d18e4edb9666f495b38fd8b8 b26dbc4bb7e1423dab3499e92ddf4eb2 - - default default] Successfully bumped revision number for resource 17067549-944a-42a7-8abd-1ce93d28f07f (type: router_ports) to 1
2026-06-15 21:16:05.014 10 INFO neutron.api.wsgi [None req-6fa70acc-a1c9-43f9-89e3-95ed317af8fe a196b115d18e4edb9666f495b38fd8b8 b26dbc4bb7e1423dab3499e92ddf4eb2 - - default default] 10.0.0.47 "PUT /v2.0/routers/b56ecf1c-aff2-4fa5-acad-58e97897a10e/add_router_interface HTTP/1.1" status: 200 len: 503 time: 1.9303555
2026-06-15 21:16:05.026 9 WARNING neutron_lib.context [None req-7175dca8-43cf-43ef-a736-e7e3d531d026 a196b115d18e4edb9666f495b38fd8b8 b26dbc4bb7e1423dab3499e92ddf4eb2 - - default default] Method 'is_advsvc' is deprecated since 2023.2 release (neutron-lib 3.8.0) and will be removed once support for the old RBAC API policies will be removed from Neutron. Please use method 'is_service_role' instead.
2026-06-15 21:16:05.078 10 INFO neutron.db.ovn_revision_numbers_db [None req-5cd56e46-d9a2-4161-8228-ae90f85901d6 - - - - - -] Successfully bumped revision number for resource 17067549-944a-42a7-8abd-1ce93d28f07f (type: ports) to 2
2026-06-15 21:16:05.988 9 INFO neutron.api.wsgi [req-293259ad-5901-4746-97a4-eea2fe39f3f2 req-4ed6bbab-b917-448b-82ba-78c270074fb9 00ebc3953c974fc58a67354bedab41c1 d6995ded01b94352b34f5b1dc9971a0f - - default default] 10.0.0.201 "GET /v2.0/ports?device_id=0a596f03-47d9-46e8-96e7-19a680d22b00 HTTP/1.1" status: 200 len: 1400 time: 0.1242509
2026-06-15 21:16:06.051 9 INFO neutron.api.wsgi [req-293259ad-5901-4746-97a4-eea2fe39f3f2 req-8b9e2216-828c-49db-a249-129efde47fef 00ebc3953c974fc58a67354bedab41c1 d6995ded01b94352b34f5b1dc9971a0f - - default default] 10.0.0.201 "GET /v2.0/security-groups?id=f1cbc552-cad3-4b1b-9b12-bbc0a83e1ce5&fields=id&fields=name HTTP/1.1" status: 200 len: 311 time: 0.0543718
2026-06-15 21:16:06.185 10 INFO neutron.api.wsgi [None req-7e6b16f7-a9ba-4b89-9794-a4d631b1f28b 00ebc3953c974fc58a67354bedab41c1 d6995ded01b94352b34f5b1dc9971a0f - - default default] 10.0.0.47 "GET /v2.0/ports?network_id=ef53670f-6085-47fe-af08-1e1ded295008&mac_address=fa%3A16%3A3e%3A31%3A7d%3A88 HTTP/1.1" status: 200 len: 1395 time: 0.1075504
2026-06-15 21:16:06.195 10 WARNING neutron_lib.context [None req-d7dbc771-d201-4f27-b6de-6fdd85742358 00ebc3953c974fc58a67354bedab41c1 d6995ded01b94352b34f5b1dc9971a0f - - default default] Method 'is_advsvc' is deprecated since 2023.2 release (neutron-lib 3.8.0) and will be removed once support for the old RBAC API policies will be removed from Neutron. Please use method 'is_service_role' instead.
2026-06-15 21:16:06.215 9 WARNING neutron.scheduler.dhcp_agent_scheduler [None req-2736535a-b590-4a90-b4e9-60c57801f483 - - - - - -] No more DHCP agents
2026-06-15 21:16:06.217 9 WARNING neutron.api.rpc.agentnotifiers.dhcp_rpc_agent_api [None req-2736535a-b590-4a90-b4e9-60c57801f483 - - - - - -] Unable to schedule network 03d1d46c-50db-4e75-a25c-e48940aeffd0: no agents available; will retry on subsequent port and subnet creation events.
2026-06-15 21:16:06.379 9 INFO neutron.db.ovn_revision_numbers_db [None req-2736535a-b590-4a90-b4e9-60c57801f483 - - - - - -] Successfully bumped revision number for resource 333e0dc2-5385-4673-ab13-21a0e9384c58 (type: ports) to 1
2026-06-15 21:16:06.456 10 WARNING neutron.scheduler.dhcp_agent_scheduler [None req-d7dbc771-d201-4f27-b6de-6fdd85742358 00ebc3953c974fc58a67354bedab41c1 d6995ded01b94352b34f5b1dc9971a0f - - default default] No more DHCP agents
2026-06-15 21:16:06.458 10 WARNING neutron.api.rpc.agentnotifiers.dhcp_rpc_agent_api [None req-d7dbc771-d201-4f27-b6de-6fdd85742358 00ebc3953c974fc58a67354bedab41c1 d6995ded01b94352b34f5b1dc9971a0f - - default default] Unable to schedule network 03d1d46c-50db-4e75-a25c-e48940aeffd0: no agents available; will retry on subsequent port and subnet creation events.
2026-06-15 21:16:06.619 9 INFO neutron.db.ovn_revision_numbers_db [None req-2736535a-b590-4a90-b4e9-60c57801f483 - - - - - -] Successfully bumped revision number for resource 333e0dc2-5385-4673-ab13-21a0e9384c58 (type: ports) to 3
2026-06-15 21:16:06.682 9 INFO neutron.db.segments_db [None req-2736535a-b590-4a90-b4e9-60c57801f483 - - - - - -] Added segment 7b2bcc0c-8803-4ff1-bc0a-47dc4e581352 of type geneve for network 13b3eea4-8314-4097-9404-78595b6f7b64
2026-06-15 21:16:06.838 9 INFO neutron.db.ovn_revision_numbers_db [None req-bd408762-18e8-4bb7-807f-fc27316ee551 - - - - - -] Successfully bumped revision number for resource 13b3eea4-8314-4097-9404-78595b6f7b64 (type: networks) to 1
2026-06-15 21:16:06.994 9 WARNING neutron.scheduler.dhcp_agent_scheduler [None req-bd408762-18e8-4bb7-807f-fc27316ee551 - - - - - -] No more DHCP agents
2026-06-15 21:16:06.995 9 WARNING neutron.api.rpc.agentnotifiers.dhcp_rpc_agent_api [None req-bd408762-18e8-4bb7-807f-fc27316ee551 - - - - - -] Unable to schedule network 13b3eea4-8314-4097-9404-78595b6f7b64: no agents available; will retry on subsequent port and subnet creation events.
2026-06-15 21:16:07.071 9 INFO neutron.db.ovn_revision_numbers_db [None req-bd408762-18e8-4bb7-807f-fc27316ee551 - - - - - -] Successfully bumped revision number for resource 16b9e7de-b96e-4963-8ae3-9b6604272a3b (type: ports) to 1
2026-06-15 21:16:07.173 10 INFO neutron.db.ovn_revision_numbers_db [None req-d7dbc771-d201-4f27-b6de-6fdd85742358 00ebc3953c974fc58a67354bedab41c1 d6995ded01b94352b34f5b1dc9971a0f - - default default] Successfully bumped revision number for resource 5521e30c-4dc3-4305-81f3-aba0d6e81e8d (type: floatingips) to -1
2026-06-15 21:16:07.207 9 WARNING neutron.scheduler.dhcp_agent_scheduler [None req-bd408762-18e8-4bb7-807f-fc27316ee551 - - - - - -] No more DHCP agents
2026-06-15 21:16:07.209 9 WARNING neutron.api.rpc.agentnotifiers.dhcp_rpc_agent_api [None req-bd408762-18e8-4bb7-807f-fc27316ee551 - - - - - -] Unable to schedule network 13b3eea4-8314-4097-9404-78595b6f7b64: no agents available; will retry on subsequent port and subnet creation events.
2026-06-15 21:16:07.234 9 INFO neutron.db.ovn_revision_numbers_db [None req-bd408762-18e8-4bb7-807f-fc27316ee551 - - - - - -] Successfully bumped revision number for resource 42aa5799-aec3-4d35-9be2-314e5c888828 (type: subnets) to 0
2026-06-15 21:16:07.279 10 INFO neutron.db.ovn_revision_numbers_db [None req-d7dbc771-d201-4f27-b6de-6fdd85742358 00ebc3953c974fc58a67354bedab41c1 d6995ded01b94352b34f5b1dc9971a0f - - default default] Successfully bumped revision number for resource 5521e30c-4dc3-4305-81f3-aba0d6e81e8d (type: floatingips) to 1
2026-06-15 21:16:07.280 10 INFO neutron.db.l3_db [None req-d7dbc771-d201-4f27-b6de-6fdd85742358 00ebc3953c974fc58a67354bedab41c1 d6995ded01b94352b34f5b1dc9971a0f - - default default] Floating IP 5521e30c-4dc3-4305-81f3-aba0d6e81e8d associated. External IP: 10.96.250.214, port: ad128ec6-dfdf-4ee6-b4f1-9a266313b44d.
2026-06-15 21:16:07.317 10 INFO neutron.api.wsgi [None req-d7dbc771-d201-4f27-b6de-6fdd85742358 00ebc3953c974fc58a67354bedab41c1 d6995ded01b94352b34f5b1dc9971a0f - - default default] 10.0.0.47 "POST /v2.0/floatingips HTTP/1.1" status: 201 len: 1053 time: 1.1256821
2026-06-15 21:16:07.355 10 INFO neutron.notifiers.nova [-] Nova event matching ['req-e9ef97ac-ae0a-4b25-ab8f-5b54cd18d23d'] response: {'name': 'network-changed', 'server_uuid': '0a596f03-47d9-46e8-96e7-19a680d22b00', 'tag': 'ad128ec6-dfdf-4ee6-b4f1-9a266313b44d', 'status': 'completed', 'code': 200}
2026-06-15 21:16:07.657 9 WARNING neutron.scheduler.dhcp_agent_scheduler [None req-bd408762-18e8-4bb7-807f-fc27316ee551 - - - - - -] No more DHCP agents
2026-06-15 21:16:07.659 9 WARNING neutron.api.rpc.agentnotifiers.dhcp_rpc_agent_api [None req-bd408762-18e8-4bb7-807f-fc27316ee551 - - - - - -] Unable to schedule network 13b3eea4-8314-4097-9404-78595b6f7b64: no agents available; will retry on subsequent port and subnet creation events.
2026-06-15 21:16:07.790 9 INFO neutron.db.ovn_revision_numbers_db [None req-bd408762-18e8-4bb7-807f-fc27316ee551 - - - - - -] Successfully bumped revision number for resource 843bce8b-a5da-4cfb-a76d-cc013c619a12 (type: ports) to 1
2026-06-15 21:16:07.922 9 INFO neutron.api.wsgi [req-485f8951-4f11-46b0-a07e-b194c3bce00b req-6488f64f-fa64-40e6-9bda-5317d191cc9f 2db2ba250e43443b9382d47e8fdc30e7 006d385c654e47dc97e7ad6019f6d05f - - 32cb23adb77e47fabcce474615b61cec 32cb23adb77e47fabcce474615b61cec] 199.19.213.132 "GET /v2.0/ports?tenant_id=d6995ded01b94352b34f5b1dc9971a0f&device_id=0a596f03-47d9-46e8-96e7-19a680d22b00 HTTP/1.1" status: 200 len: 1638 time: 0.0573580
2026-06-15 21:16:08.001 9 INFO neutron.api.wsgi [req-485f8951-4f11-46b0-a07e-b194c3bce00b req-b3567fcd-5979-4116-b756-193bd408cfe8 2db2ba250e43443b9382d47e8fdc30e7 006d385c654e47dc97e7ad6019f6d05f - - 32cb23adb77e47fabcce474615b61cec 32cb23adb77e47fabcce474615b61cec] 199.19.213.132 "GET /v2.0/networks?id=ef53670f-6085-47fe-af08-1e1ded295008 HTTP/1.1" status: 200 len: 1002 time: 0.0692894
2026-06-15 21:16:08.053 9 INFO neutron.api.wsgi [req-485f8951-4f11-46b0-a07e-b194c3bce00b req-1b6be399-f0de-4ffb-b9c2-f8aa548f7cb5 2db2ba250e43443b9382d47e8fdc30e7 006d385c654e47dc97e7ad6019f6d05f - - 32cb23adb77e47fabcce474615b61cec 32cb23adb77e47fabcce474615b61cec] 199.19.213.132 "GET /v2.0/floatingips?fixed_ip_address=10.2.2.36&port_id=ad128ec6-dfdf-4ee6-b4f1-9a266313b44d HTTP/1.1" status: 200 len: 1058 time: 0.0473320
2026-06-15 21:16:08.076 9 INFO neutron.api.wsgi [req-485f8951-4f11-46b0-a07e-b194c3bce00b req-073a6325-3aaf-4b0e-bef4-f9c59a230ed2 2db2ba250e43443b9382d47e8fdc30e7 006d385c654e47dc97e7ad6019f6d05f - - 32cb23adb77e47fabcce474615b61cec 32cb23adb77e47fabcce474615b61cec] 199.19.213.132 "GET /v2.0/floatingips?fixed_ip_address=fd77%3A1457%3A4cf0%3A26a8%3A%3A14b&port_id=ad128ec6-dfdf-4ee6-b4f1-9a266313b44d HTTP/1.1" status: 200 len: 217 time: 0.0170050
2026-06-15 21:16:08.121 9 INFO neutron.api.wsgi [req-485f8951-4f11-46b0-a07e-b194c3bce00b req-51fb5425-618c-4b6d-a8ca-8250b718a3a7 2db2ba250e43443b9382d47e8fdc30e7 006d385c654e47dc97e7ad6019f6d05f - - 32cb23adb77e47fabcce474615b61cec 32cb23adb77e47fabcce474615b61cec] 199.19.213.132 "GET /v2.0/subnets?id=964dfd53-fc52-4fd1-918f-49b06836cf1e&id=a283640a-7c05-47fc-9a28-8e089016ae0e HTTP/1.1" status: 200 len: 1614 time: 0.0380015
2026-06-15 21:16:08.145 9 INFO neutron.api.wsgi [req-485f8951-4f11-46b0-a07e-b194c3bce00b req-bf0f66c1-cf13-4ce8-8574-0ad2eeea774d 2db2ba250e43443b9382d47e8fdc30e7 006d385c654e47dc97e7ad6019f6d05f - - 32cb23adb77e47fabcce474615b61cec 32cb23adb77e47fabcce474615b61cec] 199.19.213.132 "GET /v2.0/ports?network_id=ef53670f-6085-47fe-af08-1e1ded295008&device_owner=network%3Adhcp HTTP/1.1" status: 200 len: 210 time: 0.0174026
2026-06-15 21:16:08.169 9 INFO neutron.api.wsgi [req-485f8951-4f11-46b0-a07e-b194c3bce00b req-6a6458fe-4b6c-4bc5-b434-76130360cf56 2db2ba250e43443b9382d47e8fdc30e7 006d385c654e47dc97e7ad6019f6d05f - - 32cb23adb77e47fabcce474615b61cec 32cb23adb77e47fabcce474615b61cec] 199.19.213.132 "GET /v2.0/ports?network_id=ef53670f-6085-47fe-af08-1e1ded295008&device_owner=network%3Adhcp HTTP/1.1" status: 200 len: 210 time: 0.0183783
2026-06-15 21:16:08.232 9 INFO neutron.api.wsgi [req-485f8951-4f11-46b0-a07e-b194c3bce00b req-b5296c4d-cc55-487e-86e7-016851d58e84 2db2ba250e43443b9382d47e8fdc30e7 006d385c654e47dc97e7ad6019f6d05f - - 32cb23adb77e47fabcce474615b61cec 32cb23adb77e47fabcce474615b61cec] 199.19.213.132 "GET /v2.0/networks/ef53670f-6085-47fe-af08-1e1ded295008?fields=segments HTTP/1.1" status: 200 len: 212 time: 0.0560882
2026-06-15 21:16:08.282 9 INFO neutron.api.wsgi [req-485f8951-4f11-46b0-a07e-b194c3bce00b req-6f3d0540-a5c5-406b-9315-3de96554326a 2db2ba250e43443b9382d47e8fdc30e7 006d385c654e47dc97e7ad6019f6d05f - - 32cb23adb77e47fabcce474615b61cec 32cb23adb77e47fabcce474615b61cec] 199.19.213.132 "GET /v2.0/networks/ef53670f-6085-47fe-af08-1e1ded295008?fields=provider%3Aphysical_network&fields=provider%3Anetwork_type HTTP/1.1" status: 200 len: 277 time: 0.0433726
2026-06-15 21:16:08.474 9 INFO neutron.db.ovn_revision_numbers_db [None req-bd408762-18e8-4bb7-807f-fc27316ee551 - - - - - -] Successfully bumped revision number for resource 843bce8b-a5da-4cfb-a76d-cc013c619a12 (type: ports) to 1
2026-06-15 21:16:08.535 9 WARNING neutron.scheduler.dhcp_agent_scheduler [None req-bd408762-18e8-4bb7-807f-fc27316ee551 - - - - - -] No more DHCP agents
2026-06-15 21:16:08.536 9 WARNING neutron.api.rpc.agentnotifiers.dhcp_rpc_agent_api [None req-bd408762-18e8-4bb7-807f-fc27316ee551 - - - - - -] Unable to schedule network 13b3eea4-8314-4097-9404-78595b6f7b64: no agents available; will retry on subsequent port and subnet creation events.
2026-06-15 21:16:08.726 9 WARNING neutron.plugins.ml2.drivers.ovn.mech_driver.ovsdb.ovn_client [None req-34cd5b32-5a1c-45ff-aa55-9d52c4374a75 - - - - - -] No hosting information found for port b1dae9bb-2aa3-4dc2-9991-78ed51238bf8: RuntimeError: No hosting information found for port b1dae9bb-2aa3-4dc2-9991-78ed51238bf8
2026-06-15 21:16:08.767 9 INFO neutron.plugins.ml2.drivers.ovn.mech_driver.mech_driver [None req-34cd5b32-5a1c-45ff-aa55-9d52c4374a75 - - - - - -] OVN reports status up for port: 843bce8b-a5da-4cfb-a76d-cc013c619a12
2026-06-15 21:16:08.783 9 INFO neutron.plugins.ml2.plugin [None req-34cd5b32-5a1c-45ff-aa55-9d52c4374a75 - - - - - -] Attempt 1 to provision port 843bce8b-a5da-4cfb-a76d-cc013c619a12
2026-06-15 21:16:09.258 9 INFO neutron.db.ovn_revision_numbers_db [None req-34cd5b32-5a1c-45ff-aa55-9d52c4374a75 - - - - - -] Successfully bumped revision number for resource 843bce8b-a5da-4cfb-a76d-cc013c619a12 (type: ports) to 2
2026-06-15 21:16:09.498 9 INFO neutron.db.ovn_revision_numbers_db [None req-bd408762-18e8-4bb7-807f-fc27316ee551 - - - - - -] Successfully bumped revision number for resource 843bce8b-a5da-4cfb-a76d-cc013c619a12 (type: router_ports) to 1
2026-06-15 21:16:09.738 9 WARNING neutron.scheduler.dhcp_agent_scheduler [None req-bd408762-18e8-4bb7-807f-fc27316ee551 - - - - - -] No more DHCP agents
2026-06-15 21:16:09.740 9 WARNING neutron.api.rpc.agentnotifiers.dhcp_rpc_agent_api [None req-bd408762-18e8-4bb7-807f-fc27316ee551 - - - - - -] Unable to schedule network 13b3eea4-8314-4097-9404-78595b6f7b64: no agents available; will retry on subsequent port and subnet creation events.
2026-06-15 21:16:09.761 10 WARNING neutron.plugins.ml2.drivers.ovn.mech_driver.ovsdb.ovn_client [None req-dde5373e-5229-4638-8a07-8c8b19733cea - - - - - -] No hosting information found for port 17067549-944a-42a7-8abd-1ce93d28f07f: RuntimeError: No hosting information found for port 17067549-944a-42a7-8abd-1ce93d28f07f
2026-06-15 21:16:09.779 9 INFO neutron.api.wsgi [-] 10.0.0.254 "GET / HTTP/1.1" status: 200 len: 247 time: 0.0048981
2026-06-15 21:16:09.782 9 INFO neutron.api.wsgi [-] 10.0.0.254 "GET / HTTP/1.1" status: 200 len: 247 time: 0.0017967
2026-06-15 21:16:09.852 10 INFO neutron.db.ovn_revision_numbers_db [None req-dde5373e-5229-4638-8a07-8c8b19733cea - - - - - -] Successfully bumped revision number for resource 17067549-944a-42a7-8abd-1ce93d28f07f (type: router_ports) to 2
2026-06-15 21:16:09.905 9 INFO neutron.db.ovn_revision_numbers_db [None req-bd408762-18e8-4bb7-807f-fc27316ee551 - - - - - -] Successfully bumped revision number for resource 35c9c64b-b78d-4535-b92b-9fb1046b6763 (type: ports) to 1
2026-06-15 21:16:10.123 9 INFO neutron.db.ovn_revision_numbers_db [None req-bd408762-18e8-4bb7-807f-fc27316ee551 - - - - - -] Successfully bumped revision number for resource 35c9c64b-b78d-4535-b92b-9fb1046b6763 (type: ports) to 3
2026-06-15 21:16:10.345 9 INFO neutron.api.wsgi [None req-7175dca8-43cf-43ef-a736-e7e3d531d026 a196b115d18e4edb9666f495b38fd8b8 b26dbc4bb7e1423dab3499e92ddf4eb2 - - default default] 10.0.0.47 "POST /v2.0/vpn/vpnservices HTTP/1.1" status: 201 len: 657 time: 5.3244443 /var/lib/openstack/lib/python3.12/site-packages/pycadf/identifier.py:71: UserWarning: Invalid uuid: neutron. To ensure interoperability, identifiers should be a valid uuid. warnings.warn(('Invalid uuid: %s. To ensure interoperability, '
2026-06-15 21:16:10.357 9 WARNING neutron_lib.context [None req-6ea327e8-265c-4173-a927-ba91350fef25 a196b115d18e4edb9666f495b38fd8b8 b26dbc4bb7e1423dab3499e92ddf4eb2 - - default default] Method 'is_advsvc' is deprecated since 2023.2 release (neutron-lib 3.8.0) and will be removed once support for the old RBAC API policies will be removed from Neutron. Please use method 'is_service_role' instead.
2026-06-15 21:16:10.716 9 INFO neutron.api.wsgi [None req-6ea327e8-265c-4173-a927-ba91350fef25 a196b115d18e4edb9666f495b38fd8b8 b26dbc4bb7e1423dab3499e92ddf4eb2 - - default default] 10.0.0.47 "POST /v2.0/vpn/vpnservices HTTP/1.1" status: 201 len: 623 time: 0.3646388
2026-06-15 21:16:10.727 9 WARNING neutron_lib.context [None req-f1b031b8-19c4-46a2-a516-1edd28d7ff12 a196b115d18e4edb9666f495b38fd8b8 b26dbc4bb7e1423dab3499e92ddf4eb2 - - default default] Method 'is_advsvc' is deprecated since 2023.2 release (neutron-lib 3.8.0) and will be removed once support for the old RBAC API policies will be removed from Neutron. Please use method 'is_service_role' instead.
2026-06-15 21:16:10.763 9 INFO neutron.api.wsgi [None req-f1b031b8-19c4-46a2-a516-1edd28d7ff12 a196b115d18e4edb9666f495b38fd8b8 b26dbc4bb7e1423dab3499e92ddf4eb2 - - default default] 10.0.0.47 "POST /v2.0/vpn/ikepolicies HTTP/1.1" status: 201 len: 603 time: 0.0408432
2026-06-15 21:16:10.777 9 WARNING neutron_lib.context [None req-f294f36d-10d3-45b5-8e88-5a9661311f86 a196b115d18e4edb9666f495b38fd8b8 b26dbc4bb7e1423dab3499e92ddf4eb2 - - default default] Method 'is_advsvc' is deprecated since 2023.2 release (neutron-lib 3.8.0) and will be removed once support for the old RBAC API policies will be removed from Neutron. Please use method 'is_service_role' instead.
2026-06-15 21:16:10.822 9 INFO neutron.api.wsgi [None req-f294f36d-10d3-45b5-8e88-5a9661311f86 a196b115d18e4edb9666f495b38fd8b8 b26dbc4bb7e1423dab3499e92ddf4eb2 - - default default] 10.0.0.47 "POST /v2.0/vpn/ipsecpolicies HTTP/1.1" status: 201 len: 612 time: 0.0516675
2026-06-15 21:16:10.836 10 WARNING neutron_lib.context [None req-8cdb7fb4-9d96-4ddb-99b9-d21fc6e42681 a196b115d18e4edb9666f495b38fd8b8 b26dbc4bb7e1423dab3499e92ddf4eb2 - - default default] Method 'is_advsvc' is deprecated since 2023.2 release (neutron-lib 3.8.0) and will be removed once support for the old RBAC API policies will be removed from Neutron. Please use method 'is_service_role' instead.
2026-06-15 21:16:10.912 10 INFO neutron.api.wsgi [None req-8cdb7fb4-9d96-4ddb-99b9-d21fc6e42681 a196b115d18e4edb9666f495b38fd8b8 b26dbc4bb7e1423dab3499e92ddf4eb2 - - default default] 10.0.0.47 "POST /v2.0/vpn/endpoint-groups HTTP/1.1" status: 201 len: 527 time: 0.0825975
2026-06-15 21:16:10.923 9 WARNING neutron_lib.context [None req-630e17f9-220b-49b2-adf6-87dd2a3273ae a196b115d18e4edb9666f495b38fd8b8 b26dbc4bb7e1423dab3499e92ddf4eb2 - - default default] Method 'is_advsvc' is deprecated since 2023.2 release (neutron-lib 3.8.0) and will be removed once support for the old RBAC API policies will be removed from Neutron. Please use method 'is_service_role' instead.
2026-06-15 21:16:10.964 9 INFO neutron.api.wsgi [None req-630e17f9-220b-49b2-adf6-87dd2a3273ae a196b115d18e4edb9666f495b38fd8b8 b26dbc4bb7e1423dab3499e92ddf4eb2 - - default default] 10.0.0.47 "POST /v2.0/vpn/endpoint-groups HTTP/1.1" status: 201 len: 519 time: 0.0455399
2026-06-15 21:16:10.975 9 WARNING neutron_lib.context [None req-9182be97-1aeb-4018-82d3-05c60565082b a196b115d18e4edb9666f495b38fd8b8 b26dbc4bb7e1423dab3499e92ddf4eb2 - - default default] Method 'is_advsvc' is deprecated since 2023.2 release (neutron-lib 3.8.0) and will be removed once support for the old RBAC API policies will be removed from Neutron. Please use method 'is_service_role' instead.
2026-06-15 21:16:11.587 9 INFO neutron.db.ovn_revision_numbers_db [None req-9182be97-1aeb-4018-82d3-05c60565082b a196b115d18e4edb9666f495b38fd8b8 b26dbc4bb7e1423dab3499e92ddf4eb2 - - default default] Successfully bumped revision number for resource b56ecf1c-aff2-4fa5-acad-58e97897a10e (type: routers) to 5
2026-06-15 21:16:11.624 9 INFO neutron.api.wsgi [None req-9182be97-1aeb-4018-82d3-05c60565082b a196b115d18e4edb9666f495b38fd8b8 b26dbc4bb7e1423dab3499e92ddf4eb2 - - default default] 10.0.0.47 "POST /v2.0/vpn/ipsec-site-connections HTTP/1.1" status: 201 len: 1002 time: 0.6533604
2026-06-15 21:16:11.636 9 WARNING neutron_lib.context [None req-a00a5c9b-b096-4511-aade-214df46993c4 a196b115d18e4edb9666f495b38fd8b8 b26dbc4bb7e1423dab3499e92ddf4eb2 - - default default] Method 'is_advsvc' is deprecated since 2023.2 release (neutron-lib 3.8.0) and will be removed once support for the old RBAC API policies will be removed from Neutron. Please use method 'is_service_role' instead.
2026-06-15 21:16:11.675 9 INFO neutron.api.wsgi [None req-a00a5c9b-b096-4511-aade-214df46993c4 a196b115d18e4edb9666f495b38fd8b8 b26dbc4bb7e1423dab3499e92ddf4eb2 - - default default] 10.0.0.47 "POST /v2.0/vpn/endpoint-groups HTTP/1.1" status: 201 len: 489 time: 0.0448482
2026-06-15 21:16:11.713 9 INFO neutron.api.wsgi [None req-13a1966d-6ca6-4edf-acdf-e68b31b6cc02 a196b115d18e4edb9666f495b38fd8b8 b26dbc4bb7e1423dab3499e92ddf4eb2 - - default default] 10.0.0.47 "DELETE /v2.0/vpn/endpoint-groups/6bb11744-2ff6-4efe-94aa-7db3a91b9036 HTTP/1.1" status: 204 len: 168 time: 0.0334258
2026-06-15 21:16:11.733 9 INFO neutron.api.wsgi [None req-a68e6366-fec9-4958-85e1-2ac155e79955 a196b115d18e4edb9666f495b38fd8b8 b26dbc4bb7e1423dab3499e92ddf4eb2 - - default default] 10.0.0.47 "GET /v2.0/vpn/endpoint-groups HTTP/1.1" status: 200 len: 827 time: 0.0132821
2026-06-15 21:16:11.748 9 INFO neutron.api.wsgi [None req-6bd10c6b-023e-42bd-8227-83263fe31b93 a196b115d18e4edb9666f495b38fd8b8 b26dbc4bb7e1423dab3499e92ddf4eb2 - - default default] 10.0.0.47 "GET /v2.0/vpn/endpoint-groups HTTP/1.1" status: 200 len: 827 time: 0.0090420
2026-06-15 21:16:12.182 9 INFO neutron.api.wsgi [None req-56144bd4-fd63-4efe-9e4b-2e234f73df7a 99c58d5110ce446786419eee611701af 990afd1b107147cb90690fa23c988025 - - default default] 10.0.0.47 "POST /v2.0/vpn/ikepolicies HTTP/1.1" status: 201 len: 601 time: 0.0790327
2026-06-15 21:16:12.199 9 INFO neutron.api.wsgi [None req-65ca77f1-f01a-40d1-8185-73789c09b065 a196b115d18e4edb9666f495b38fd8b8 b26dbc4bb7e1423dab3499e92ddf4eb2 - - default default] 10.0.0.47 "GET /v2.0/vpn/ikepolicies HTTP/1.1" status: 200 len: 991 time: 0.0107973
2026-06-15 21:16:12.242 10 INFO neutron.api.wsgi [None req-8a2d780e-7140-4cf9-bd1e-be43ea0d40b9 99c58d5110ce446786419eee611701af 990afd1b107147cb90690fa23c988025 - - default default] 10.0.0.47 "DELETE /v2.0/vpn/ikepolicies/42398a15-ce1f-4082-911f-f13b97f26069 HTTP/1.1" status: 204 len: 168 time: 0.0369370
2026-06-15 21:16:12.293 10 INFO neutron.api.wsgi [None req-b9e43cd7-c542-4707-ac53-f2e9ec9e6b44 99c58d5110ce446786419eee611701af 990afd1b107147cb90690fa23c988025 - - default default] 10.0.0.47 "POST /v2.0/vpn/ipsecpolicies HTTP/1.1" status: 201 len: 610 time: 0.0453935
2026-06-15 21:16:12.312 10 INFO neutron.api.wsgi [None req-65f5a766-e61a-47b5-9485-163b8e689996 a196b115d18e4edb9666f495b38fd8b8 b26dbc4bb7e1423dab3499e92ddf4eb2 - - default default] 10.0.0.47 "GET /v2.0/vpn/ipsecpolicies HTTP/1.1" status: 200 len: 1007 time: 0.0128844
2026-06-15 21:16:12.351 9 INFO neutron.api.wsgi [None req-03266026-d4dd-4f2e-966c-f85c54b1c7a4 99c58d5110ce446786419eee611701af 990afd1b107147cb90690fa23c988025 - - default default] 10.0.0.47 "DELETE /v2.0/vpn/ipsecpolicies/aa9acf30-2277-404b-b551-e1d9a383d38a HTTP/1.1" status: 204 len: 168 time: 0.0318093
2026-06-15 21:16:12.363 9 WARNING neutron_lib.context [None req-e17c11aa-b0d3-4be4-aba5-111b2817ec5f a196b115d18e4edb9666f495b38fd8b8 b26dbc4bb7e1423dab3499e92ddf4eb2 - - default default] Method 'is_advsvc' is deprecated since 2023.2 release (neutron-lib 3.8.0) and will be removed once support for the old RBAC API policies will be removed from Neutron. Please use method 'is_service_role' instead.
2026-06-15 21:16:12.447 9 INFO neutron.db.segments_db [None req-e17c11aa-b0d3-4be4-aba5-111b2817ec5f a196b115d18e4edb9666f495b38fd8b8 b26dbc4bb7e1423dab3499e92ddf4eb2 - - default default] Added segment 0a9408a9-c1e1-444d-8d57-9dbe95a08dc5 of type geneve for network 10e870f4-05ab-4888-b73c-92a4d2563153
2026-06-15 21:16:12.587 9 INFO neutron.db.ovn_revision_numbers_db [None req-e17c11aa-b0d3-4be4-aba5-111b2817ec5f a196b115d18e4edb9666f495b38fd8b8 b26dbc4bb7e1423dab3499e92ddf4eb2 - - default default] Successfully bumped revision number for resource 10e870f4-05ab-4888-b73c-92a4d2563153 (type: networks) to 1
2026-06-15 21:16:12.770 9 WARNING neutron.scheduler.dhcp_agent_scheduler [None req-e17c11aa-b0d3-4be4-aba5-111b2817ec5f a196b115d18e4edb9666f495b38fd8b8 b26dbc4bb7e1423dab3499e92ddf4eb2 - - default default] No more DHCP agents
2026-06-15 21:16:12.772 9 WARNING neutron.api.rpc.agentnotifiers.dhcp_rpc_agent_api [None req-e17c11aa-b0d3-4be4-aba5-111b2817ec5f a196b115d18e4edb9666f495b38fd8b8 b26dbc4bb7e1423dab3499e92ddf4eb2 - - default default] Unable to schedule network 10e870f4-05ab-4888-b73c-92a4d2563153: no agents available; will retry on subsequent port and subnet creation events.
2026-06-15 21:16:12.843 9 INFO neutron.db.ovn_revision_numbers_db [None req-e17c11aa-b0d3-4be4-aba5-111b2817ec5f a196b115d18e4edb9666f495b38fd8b8 b26dbc4bb7e1423dab3499e92ddf4eb2 - - default default] Successfully bumped revision number for resource 3b751301-6eb8-4fc2-b439-7866d9d2d1a6 (type: ports) to 1
2026-06-15 21:16:12.869 9 INFO neutron.api.wsgi [None req-e17c11aa-b0d3-4be4-aba5-111b2817ec5f a196b115d18e4edb9666f495b38fd8b8 b26dbc4bb7e1423dab3499e92ddf4eb2 - - default default] 10.0.0.47 "POST /v2.0/networks HTTP/1.1" status: 201 len: 830 time: 0.5096412
2026-06-15 21:16:12.881 9 WARNING neutron_lib.context [None req-370b2bb7-34e0-4133-8aa0-ee96c0065b9d a196b115d18e4edb9666f495b38fd8b8 b26dbc4bb7e1423dab3499e92ddf4eb2 - - default default] Method 'is_advsvc' is deprecated since 2023.2 release (neutron-lib 3.8.0) and will be removed once support for the old RBAC API policies will be removed from Neutron. Please use method 'is_service_role' instead.
2026-06-15 21:16:13.178 9 WARNING neutron.scheduler.dhcp_agent_scheduler [None req-370b2bb7-34e0-4133-8aa0-ee96c0065b9d a196b115d18e4edb9666f495b38fd8b8 b26dbc4bb7e1423dab3499e92ddf4eb2 - - default default] No more DHCP agents
2026-06-15 21:16:13.179 9 WARNING neutron.api.rpc.agentnotifiers.dhcp_rpc_agent_api [None req-370b2bb7-34e0-4133-8aa0-ee96c0065b9d a196b115d18e4edb9666f495b38fd8b8 b26dbc4bb7e1423dab3499e92ddf4eb2 - - default default] Unable to schedule network 10e870f4-05ab-4888-b73c-92a4d2563153: no agents available; will retry on subsequent port and subnet creation events.
2026-06-15 21:16:13.741 9 INFO neutron.db.ovn_revision_numbers_db [None req-cbb5c0ec-4bbe-466d-8dcf-aa76f4dfa2bf - - - - - -] Successfully bumped revision number for resource 3b751301-6eb8-4fc2-b439-7866d9d2d1a6 (type: ports) to 2
2026-06-15 21:16:13.781 9 INFO neutron.db.ovn_revision_numbers_db [None req-cbb5c0ec-4bbe-466d-8dcf-aa76f4dfa2bf - - - - - -] Successfully bumped revision number for resource fceb51e4-d314-46c8-9d0b-3462cf3e083a (type: subnets) to 0
2026-06-15 21:16:13.804 9 INFO neutron.api.wsgi [None req-370b2bb7-34e0-4133-8aa0-ee96c0065b9d a196b115d18e4edb9666f495b38fd8b8 b26dbc4bb7e1423dab3499e92ddf4eb2 - - default default] 10.0.0.47 "POST /v2.0/subnets HTTP/1.1" status: 201 len: 828 time: 0.9303381
2026-06-15 21:16:13.816 9 WARNING neutron_lib.context [None req-2984a49e-af89-4053-a336-0a4c82e4bfef a196b115d18e4edb9666f495b38fd8b8 b26dbc4bb7e1423dab3499e92ddf4eb2 - - default default] Method 'is_advsvc' is deprecated since 2023.2 release (neutron-lib 3.8.0) and will be removed once support for the old RBAC API policies will be removed from Neutron. Please use method 'is_service_role' instead.
2026-06-15 21:16:14.273 9 WARNING neutron.plugins.ml2.drivers.ovn.mech_driver.ovsdb.ovn_client [None req-fafbeb83-5be9-44df-970b-97d08f60f72e - - - - - -] No hosting information found for port 843bce8b-a5da-4cfb-a76d-cc013c619a12: RuntimeError: No hosting information found for port 843bce8b-a5da-4cfb-a76d-cc013c619a12
2026-06-15 21:16:14.274 9 WARNING neutron.scheduler.dhcp_agent_scheduler [None req-2984a49e-af89-4053-a336-0a4c82e4bfef a196b115d18e4edb9666f495b38fd8b8 b26dbc4bb7e1423dab3499e92ddf4eb2 - - default default] No more DHCP agents
2026-06-15 21:16:14.275 9 WARNING neutron.api.rpc.agentnotifiers.dhcp_rpc_agent_api [None req-2984a49e-af89-4053-a336-0a4c82e4bfef a196b115d18e4edb9666f495b38fd8b8 b26dbc4bb7e1423dab3499e92ddf4eb2 - - default default] Unable to schedule network 03d1d46c-50db-4e75-a25c-e48940aeffd0: no agents available; will retry on subsequent port and subnet creation events.
2026-06-15 21:16:14.348 9 INFO neutron.db.ovn_revision_numbers_db [None req-fafbeb83-5be9-44df-970b-97d08f60f72e - - - - - -] Successfully bumped revision number for resource 843bce8b-a5da-4cfb-a76d-cc013c619a12 (type: router_ports) to 2
2026-06-15 21:16:14.404 9 INFO neutron.db.ovn_revision_numbers_db [None req-2984a49e-af89-4053-a336-0a4c82e4bfef a196b115d18e4edb9666f495b38fd8b8 b26dbc4bb7e1423dab3499e92ddf4eb2 - - default default] Successfully bumped revision number for resource 7e8ab328-8d71-442d-90a9-f4b4082e561d (type: ports) to 1
2026-06-15 21:16:14.713 9 INFO neutron.api.wsgi [req-3b7fae64-75a6-4b93-9a54-578496a4f57b req-4c690d3c-ff36-46f2-8466-e61701cdc9c8 2db2ba250e43443b9382d47e8fdc30e7 006d385c654e47dc97e7ad6019f6d05f - - 32cb23adb77e47fabcce474615b61cec 32cb23adb77e47fabcce474615b61cec] 10.0.0.129 "GET /v2.0/ports?device_id=0a596f03-47d9-46e8-96e7-19a680d22b00 HTTP/1.1" status: 200 len: 1638 time: 0.0464234
2026-06-15 21:16:14.778 9 INFO neutron.api.wsgi [req-3b7fae64-75a6-4b93-9a54-578496a4f57b req-2807310f-675a-4ea6-b818-d3c6a651a2c1 2db2ba250e43443b9382d47e8fdc30e7 006d385c654e47dc97e7ad6019f6d05f - - 32cb23adb77e47fabcce474615b61cec 32cb23adb77e47fabcce474615b61cec] 10.0.0.129 "GET /v2.0/security-groups?id=f1cbc552-cad3-4b1b-9b12-bbc0a83e1ce5&fields=id&fields=name HTTP/1.1" status: 200 len: 311 time: 0.0521247
2026-06-15 21:16:15.737 9 INFO neutron.plugins.ml2.drivers.ovn.mech_driver.ovsdb.commands [None req-12c7670d-2623-4adc-8ce4-0c7fefa7c036 - - - - - -] Schedule LRP lrp-7e8ab328-8d71-442d-90a9-f4b4082e561d on gateway c43cc7a7-0197-4faf-ae10-b1c22aeb9f3c with priority 1
2026-06-15 21:16:15.763 9 INFO neutron.plugins.ml2.drivers.ovn.mech_driver.mech_driver [None req-fafbeb83-5be9-44df-970b-97d08f60f72e - - - - - -] OVN reports status up for port: 7e8ab328-8d71-442d-90a9-f4b4082e561d
2026-06-15 21:16:15.778 9 INFO neutron.plugins.ml2.plugin [None req-fafbeb83-5be9-44df-970b-97d08f60f72e - - - - - -] Attempt 1 to provision port 7e8ab328-8d71-442d-90a9-f4b4082e561d
2026-06-15 21:16:15.792 9 INFO neutron.db.ovn_revision_numbers_db [None req-2984a49e-af89-4053-a336-0a4c82e4bfef a196b115d18e4edb9666f495b38fd8b8 b26dbc4bb7e1423dab3499e92ddf4eb2 - - default default] Successfully bumped revision number for resource 7e8ab328-8d71-442d-90a9-f4b4082e561d (type: router_ports) to 1
2026-06-15 21:16:15.926 9 INFO neutron.db.ovn_revision_numbers_db [None req-2984a49e-af89-4053-a336-0a4c82e4bfef a196b115d18e4edb9666f495b38fd8b8 b26dbc4bb7e1423dab3499e92ddf4eb2 - - default default] Successfully bumped revision number for resource 7126a03f-cfe1-43ff-81c5-86b9779a330e (type: routers) to 2
2026-06-15 21:16:15.944 9 INFO neutron.api.wsgi [None req-2984a49e-af89-4053-a336-0a4c82e4bfef a196b115d18e4edb9666f495b38fd8b8 b26dbc4bb7e1423dab3499e92ddf4eb2 - - default default] 10.0.0.47 "POST /v2.0/routers HTTP/1.1" status: 201 len: 1136 time: 2.1331971
2026-06-15 21:16:16.465 9 WARNING neutron.scheduler.dhcp_agent_scheduler [None req-eb59a283-cdb8-4c4c-b27e-28246f7a7a26 a196b115d18e4edb9666f495b38fd8b8 b26dbc4bb7e1423dab3499e92ddf4eb2 - - default default] No more DHCP agents
2026-06-15 21:16:16.466 9 WARNING neutron.api.rpc.agentnotifiers.dhcp_rpc_agent_api [None req-eb59a283-cdb8-4c4c-b27e-28246f7a7a26 a196b115d18e4edb9666f495b38fd8b8 b26dbc4bb7e1423dab3499e92ddf4eb2 - - default default] Unable to schedule network 10e870f4-05ab-4888-b73c-92a4d2563153: no agents available; will retry on subsequent port and subnet creation events.
2026-06-15 21:16:16.596 9 INFO neutron.db.ovn_revision_numbers_db [None req-eb59a283-cdb8-4c4c-b27e-28246f7a7a26 a196b115d18e4edb9666f495b38fd8b8 b26dbc4bb7e1423dab3499e92ddf4eb2 - - default default] Successfully bumped revision number for resource a6857547-28a9-4504-ac65-f70a812a15e9 (type: ports) to 1
2026-06-15 21:16:17.099 10 INFO neutron.plugins.ml2.drivers.ovn.mech_driver.mech_driver [None req-dde5373e-5229-4638-8a07-8c8b19733cea - - - - - -] OVN reports status up for port: 333e0dc2-5385-4673-ab13-21a0e9384c58
2026-06-15 21:16:17.112 10 INFO neutron.plugins.ml2.plugin [None req-dde5373e-5229-4638-8a07-8c8b19733cea - - - - - -] Attempt 1 to provision port 333e0dc2-5385-4673-ab13-21a0e9384c58
2026-06-15 21:16:17.307 10 INFO neutron.db.ovn_revision_numbers_db [None req-dde5373e-5229-4638-8a07-8c8b19733cea - - - - - -] Successfully bumped revision number for resource 333e0dc2-5385-4673-ab13-21a0e9384c58 (type: ports) to 4
2026-06-15 21:16:17.322 9 INFO neutron.db.ovn_revision_numbers_db [None req-eb59a283-cdb8-4c4c-b27e-28246f7a7a26 a196b115d18e4edb9666f495b38fd8b8 b26dbc4bb7e1423dab3499e92ddf4eb2 - - default default] Successfully bumped revision number for resource a6857547-28a9-4504-ac65-f70a812a15e9 (type: ports) to 1
2026-06-15 21:16:17.392 9 WARNING neutron.scheduler.dhcp_agent_scheduler [None req-eb59a283-cdb8-4c4c-b27e-28246f7a7a26 a196b115d18e4edb9666f495b38fd8b8 b26dbc4bb7e1423dab3499e92ddf4eb2 - - default default] No more DHCP agents
2026-06-15 21:16:17.394 9 WARNING neutron.api.rpc.agentnotifiers.dhcp_rpc_agent_api [None req-eb59a283-cdb8-4c4c-b27e-28246f7a7a26 a196b115d18e4edb9666f495b38fd8b8 b26dbc4bb7e1423dab3499e92ddf4eb2 - - default default] Unable to schedule network 10e870f4-05ab-4888-b73c-92a4d2563153: no agents available; will retry on subsequent port and subnet creation events.
2026-06-15 21:16:17.869 9 INFO neutron.db.ovn_revision_numbers_db [None req-eb59a283-cdb8-4c4c-b27e-28246f7a7a26 a196b115d18e4edb9666f495b38fd8b8 b26dbc4bb7e1423dab3499e92ddf4eb2 - - default default] Successfully bumped revision number for resource a6857547-28a9-4504-ac65-f70a812a15e9 (type: router_ports) to 1
2026-06-15 21:16:17.877 9 INFO neutron.api.wsgi [None req-eb59a283-cdb8-4c4c-b27e-28246f7a7a26 a196b115d18e4edb9666f495b38fd8b8 b26dbc4bb7e1423dab3499e92ddf4eb2 - - default default] 10.0.0.47 "PUT /v2.0/routers/7126a03f-cfe1-43ff-81c5-86b9779a330e/add_router_interface HTTP/1.1" status: 200 len: 503 time: 1.9272497
2026-06-15 21:16:18.414 9 INFO neutron.api.wsgi [req-1eada926-338c-45d5-82b4-7db58d52d3fc req-466ddbf6-9576-4029-89f9-3103cbfd18a0 888098855ac64459aa86c378f1eb368d 526e97031a4243e59e139a368ec179d7 - - default default] 10.0.0.201 "GET /v2.0/ports?device_id=782c0f3a-893d-4c75-abe3-9d52d25d524a HTTP/1.1" status: 200 len: 1214 time: 0.0832946
2026-06-15 21:16:18.488 9 INFO neutron.api.wsgi [req-1eada926-338c-45d5-82b4-7db58d52d3fc req-2a028887-2594-4636-8751-dbca6f53f4a3 888098855ac64459aa86c378f1eb368d 526e97031a4243e59e139a368ec179d7 - - default default] 10.0.0.201 "GET /v2.0/security-groups?id=6d0cfcac-f25e-400c-9f12-1ad1928572a0&id=1f6ab042-f64b-490b-afa7-bf351e86f510&fields=id&fields=name HTTP/1.1" status: 200 len: 405 time: 0.0669305
2026-06-15 21:16:18.664 9 INFO neutron.api.wsgi [None req-3d495612-bf96-4c38-9d5e-ac2cb66c7303 d707ffc05bf94370b40b6a28bf48d51a a981eae013f24974b69c22dca511f37f - - default default] 10.0.0.47 "GET /v2.0/ports?device_id=782c0f3a-893d-4c75-abe3-9d52d25d524a HTTP/1.1" status: 200 len: 1447 time: 0.1496513
2026-06-15 21:16:18.742 9 INFO neutron.api.wsgi [None req-09b26e22-17ec-4e82-8c5e-ef5d40a8aa5f 888098855ac64459aa86c378f1eb368d 526e97031a4243e59e139a368ec179d7 - - default default] 10.0.0.47 "GET /v2.0/floatingips?floating_network_id=03d1d46c-50db-4e75-a25c-e48940aeffd0&port_id=e56f8f44-9a5f-49ba-b85c-8c56576bd2fa HTTP/1.1" status: 200 len: 1055 time: 0.0698850
2026-06-15 21:16:18.821 9 INFO neutron.api.wsgi [None req-95e82c38-d92b-43ce-a0da-252850de39c9 2dca4aef17c446ed9a0095cbdb62277b dce0627f962342edaab82334ea95b222 - - default default] 10.0.0.47 "GET /v2.0/subnets/27a139a2-8003-4b03-8071-fb19ab8b498b HTTP/1.1" status: 200 len: 870 time: 0.0438936
2026-06-15 21:16:18.994 10 WARNING neutron.scheduler.dhcp_agent_scheduler [None req-7cd56985-7c63-4f6d-a7f1-ab5e4e4ab9dd - - - - - -] No more DHCP agents
2026-06-15 21:16:18.997 10 WARNING neutron.api.rpc.agentnotifiers.dhcp_rpc_agent_api [None req-7cd56985-7c63-4f6d-a7f1-ab5e4e4ab9dd - - - - - -] Unable to schedule network 03d1d46c-50db-4e75-a25c-e48940aeffd0: no agents available; will retry on subsequent port and subnet creation events.
2026-06-15 21:16:19.025 9 INFO neutron.api.wsgi [req-d5ce6d99-4494-4ed0-a464-1cdc3ab6ff03 req-0288fb66-c4d8-4a47-aef9-daed3a4a6181 2db2ba250e43443b9382d47e8fdc30e7 006d385c654e47dc97e7ad6019f6d05f - - 32cb23adb77e47fabcce474615b61cec 32cb23adb77e47fabcce474615b61cec] 10.0.0.129 "GET /v2.0/ports?device_id=782c0f3a-893d-4c75-abe3-9d52d25d524a HTTP/1.1" status: 200 len: 1452 time: 0.0449891
2026-06-15 21:16:19.073 9 INFO neutron.api.wsgi [req-d5ce6d99-4494-4ed0-a464-1cdc3ab6ff03 req-f2c1c860-ea4e-4d5a-9e4b-b611fb269803 2db2ba250e43443b9382d47e8fdc30e7 006d385c654e47dc97e7ad6019f6d05f - - 32cb23adb77e47fabcce474615b61cec 32cb23adb77e47fabcce474615b61cec] 10.0.0.129 "GET /v2.0/security-groups?id=1f6ab042-f64b-490b-afa7-bf351e86f510&id=6d0cfcac-f25e-400c-9f12-1ad1928572a0&fields=id&fields=name HTTP/1.1" status: 200 len: 405 time: 0.0412829
2026-06-15 21:16:19.159 10 INFO neutron.db.ovn_revision_numbers_db [None req-7cd56985-7c63-4f6d-a7f1-ab5e4e4ab9dd - - - - - -] Successfully bumped revision number for resource 0ce47372-ebff-4d5c-aa95-603b7211170f (type: ports) to 1
