Mar 23 05:35:20.536378 np0000160294 nova-scheduler[107223]: DEBUG cotyledon.oslo_config_glue [-] workarounds.disable_fallback_pcpu_query = False {{(pid=107223) log_opt_values /opt/stack/data/venv/lib/python3.12/site-packages/oslo_config/cfg.py:3006}}
Mar 23 05:35:20.536378 np0000160294 nova-scheduler[107223]: DEBUG cotyledon.oslo_config_glue [-] workarounds.disable_group_policy_check_upcall = False {{(pid=107223) log_opt_values /opt/stack/data/venv/lib/python3.12/site-packages/oslo_config/cfg.py:3006}}
Mar 23 05:35:20.536378 np0000160294 nova-scheduler[107223]: DEBUG cotyledon.oslo_config_glue [-] workarounds.disable_libvirt_livesnapshot = False {{(pid=107223) log_opt_values /opt/stack/data/venv/lib/python3.12/site-packages/oslo_config/cfg.py:3006}}
Mar 23 05:35:20.536378 np0000160294 nova-scheduler[107223]: DEBUG cotyledon.oslo_config_glue [-] workarounds.disable_rootwrap = False {{(pid=107223) log_opt_values /opt/stack/data/venv/lib/python3.12/site-packages/oslo_config/cfg.py:3006}}
Mar 23 05:35:20.536378 np0000160294 nova-scheduler[107223]: DEBUG cotyledon.oslo_config_glue [-] workarounds.enable_numa_live_migration = False {{(pid=107223) log_opt_values /opt/stack/data/venv/lib/python3.12/site-packages/oslo_config/cfg.py:3006}}
Mar 23 05:35:20.536378 np0000160294 nova-scheduler[107223]: DEBUG cotyledon.oslo_config_glue [-] workarounds.enable_qemu_monitor_announce_self = False {{(pid=107223) log_opt_values /opt/stack/data/venv/lib/python3.12/site-packages/oslo_config/cfg.py:3006}}
Mar 23 05:35:20.536378 np0000160294 nova-scheduler[107223]: DEBUG cotyledon.oslo_config_glue [-] workarounds.ensure_libvirt_rbd_instance_dir_cleanup = False {{(pid=107223) log_opt_values /opt/stack/data/venv/lib/python3.12/site-packages/oslo_config/cfg.py:3006}}
Mar 23 05:35:20.536589 np0000160294 nova-scheduler[107223]: DEBUG cotyledon.oslo_config_glue [-] workarounds.handle_virt_lifecycle_events = True {{(pid=107223) log_opt_values /opt/stack/data/venv/lib/python3.12/site-packages/oslo_config/cfg.py:3006}}
Mar 23 05:35:20.536589 np0000160294 nova-scheduler[107223]: DEBUG cotyledon.oslo_config_glue [-] workarounds.libvirt_disable_apic = False {{(pid=107223) log_opt_values /opt/stack/data/venv/lib/python3.12/site-packages/oslo_config/cfg.py:3006}}
Mar 23 05:35:20.536589 np0000160294 nova-scheduler[107223]: DEBUG cotyledon.oslo_config_glue [-] workarounds.never_download_image_if_on_rbd = False {{(pid=107223) log_opt_values /opt/stack/data/venv/lib/python3.12/site-packages/oslo_config/cfg.py:3006}}
Mar 23 05:35:20.536589 np0000160294 nova-scheduler[107223]: DEBUG cotyledon.oslo_config_glue [-] workarounds.qemu_monitor_announce_self_count = 3 {{(pid=107223) log_opt_values /opt/stack/data/venv/lib/python3.12/site-packages/oslo_config/cfg.py:3006}}
Mar 23 05:35:20.536589 np0000160294 nova-scheduler[107223]: DEBUG cotyledon.oslo_config_glue [-] workarounds.qemu_monitor_announce_self_interval = 1 {{(pid=107223) log_opt_values /opt/stack/data/venv/lib/python3.12/site-packages/oslo_config/cfg.py:3006}}
Mar 23 05:35:20.536589 np0000160294 nova-scheduler[107223]: DEBUG cotyledon.oslo_config_glue [-] workarounds.reserve_disk_resource_for_image_cache = False {{(pid=107223) log_opt_values /opt/stack/data/venv/lib/python3.12/site-packages/oslo_config/cfg.py:3006}}
Mar 23 05:35:20.536589 np0000160294 nova-scheduler[107223]: DEBUG cotyledon.oslo_config_glue [-] workarounds.skip_cpu_compare_at_startup = False {{(pid=107223) log_opt_values /opt/stack/data/venv/lib/python3.12/site-packages/oslo_config/cfg.py:3006}}
Mar 23 05:35:20.536589 np0000160294 nova-scheduler[107223]: DEBUG cotyledon.oslo_config_glue [-] workarounds.skip_cpu_compare_on_dest = False {{(pid=107223) log_opt_values /opt/stack/data/venv/lib/python3.12/site-packages/oslo_config/cfg.py:3006}}
Mar 23 05:35:20.536589 np0000160294 nova-scheduler[107223]: DEBUG cotyledon.oslo_config_glue [-] workarounds.skip_hypervisor_version_check_on_lm = False {{(pid=107223) log_opt_values /opt/stack/data/venv/lib/python3.12/site-packages/oslo_config/cfg.py:3006}}
Mar 23 05:35:20.536862 np0000160294 nova-scheduler[107223]: DEBUG cotyledon.oslo_config_glue [-] workarounds.skip_reserve_in_use_ironic_nodes = False {{(pid=107223) log_opt_values /opt/stack/data/venv/lib/python3.12/site-packages/oslo_config/cfg.py:3006}}
Mar 23 05:35:20.536862 np0000160294 nova-scheduler[107223]: DEBUG cotyledon.oslo_config_glue [-] workarounds.unified_limits_count_pcpu_as_vcpu = False {{(pid=107223) log_opt_values /opt/stack/data/venv/lib/python3.12/site-packages/oslo_config/cfg.py:3006}}
Mar 23 05:35:20.536862 np0000160294 nova-scheduler[107223]: DEBUG cotyledon.oslo_config_glue [-] workarounds.wait_for_vif_plugged_event_during_hard_reboot = [] {{(pid=107223) log_opt_values /opt/stack/data/venv/lib/python3.12/site-packages/oslo_config/cfg.py:3006}}
Mar 23 05:35:20.536862 np0000160294 nova-scheduler[107223]: DEBUG cotyledon.oslo_config_glue [-] wsgi.api_paste_config = /etc/nova/api-paste.ini {{(pid=107223) log_opt_values /opt/stack/data/venv/lib/python3.12/site-packages/oslo_config/cfg.py:3006}}
Mar 23 05:35:20.536862 np0000160294 nova-scheduler[107223]: DEBUG cotyledon.oslo_config_glue [-] wsgi.secure_proxy_ssl_header = None {{(pid=107223) log_opt_values /opt/stack/data/venv/lib/python3.12/site-packages/oslo_config/cfg.py:3006}}
Mar 23 05:35:20.536862 np0000160294 nova-scheduler[107223]: DEBUG cotyledon.oslo_config_glue [-] zvm.ca_file = None {{(pid=107223) log_opt_values /opt/stack/data/venv/lib/python3.12/site-packages/oslo_config/cfg.py:3006}}
Mar 23 05:35:20.536862 np0000160294 nova-scheduler[107223]: DEBUG cotyledon.oslo_config_glue [-] zvm.cloud_connector_url = None {{(pid=107223) log_opt_values /opt/stack/data/venv/lib/python3.12/site-packages/oslo_config/cfg.py:3006}}
Mar 23 05:35:20.536862 np0000160294 nova-scheduler[107223]: DEBUG cotyledon.oslo_config_glue [-] zvm.image_tmp_path = /opt/stack/data/nova/images {{(pid=107223) log_opt_values /opt/stack/data/venv/lib/python3.12/site-packages/oslo_config/cfg.py:3006}}
Mar 23 05:35:20.536862 np0000160294 nova-scheduler[107223]: DEBUG cotyledon.oslo_config_glue [-] zvm.reachable_timeout = 300 {{(pid=107223) log_opt_values /opt/stack/data/venv/lib/python3.12/site-packages/oslo_config/cfg.py:3006}}
Mar 23 05:35:20.537071 np0000160294 nova-scheduler[107223]: DEBUG cotyledon.oslo_config_glue [-] oslo_versionedobjects.fatal_exception_format_errors = False {{(pid=107223) log_opt_values /opt/stack/data/venv/lib/python3.12/site-packages/oslo_config/cfg.py:3006}}
Mar 23 05:35:20.537071 np0000160294 nova-scheduler[107223]: DEBUG cotyledon.oslo_config_glue [-] oslo_middleware.http_basic_auth_user_file = /etc/htpasswd {{(pid=107223) log_opt_values /opt/stack/data/venv/lib/python3.12/site-packages/oslo_config/cfg.py:3006}}
Mar 23 05:35:20.537071 np0000160294 nova-scheduler[107223]: DEBUG cotyledon.oslo_config_glue [-] oslo_messaging_metrics.metrics_buffer_size = 1000 {{(pid=107223) log_opt_values /opt/stack/data/venv/lib/python3.12/site-packages/oslo_config/cfg.py:3006}}
Mar 23 05:35:20.537071 np0000160294 nova-scheduler[107223]: DEBUG cotyledon.oslo_config_glue [-] oslo_messaging_metrics.metrics_enabled = False {{(pid=107223) log_opt_values /opt/stack/data/venv/lib/python3.12/site-packages/oslo_config/cfg.py:3006}}
Mar 23 05:35:20.537071 np0000160294 nova-scheduler[107223]: DEBUG cotyledon.oslo_config_glue [-] oslo_messaging_metrics.metrics_process_name = {{(pid=107223) log_opt_values /opt/stack/data/venv/lib/python3.12/site-packages/oslo_config/cfg.py:3006}}
Mar 23 05:35:20.537182 np0000160294 nova-scheduler[107211]: DEBUG oslo_db.sqlalchemy.engines [None req-0df19f51-d1e5-40e5-a8c6-983acca76c6e None None] MySQL server mode set to STRICT_TRANS_TABLES,STRICT_ALL_TABLES,NO_ZERO_IN_DATE,NO_ZERO_DATE,ERROR_FOR_DIVISION_BY_ZERO,TRADITIONAL,NO_ENGINE_SUBSTITUTION {{(pid=107211) _check_effective_sql_mode /opt/stack/data/venv/lib/python3.12/site-packages/oslo_db/sqlalchemy/engines.py:325}}
Mar 23 05:35:20.537210 np0000160294 nova-scheduler[107223]: DEBUG cotyledon.oslo_config_glue [-] oslo_messaging_metrics.metrics_socket_file = /var/tmp/metrics_collector.sock {{(pid=107223) log_opt_values /opt/stack/data/venv/lib/python3.12/site-packages/oslo_config/cfg.py:3006}}
Mar 23 05:35:20.537210 np0000160294 nova-scheduler[107223]: DEBUG cotyledon.oslo_config_glue [-] oslo_messaging_metrics.metrics_thread_stop_timeout = 10 {{(pid=107223) log_opt_values /opt/stack/data/venv/lib/python3.12/site-packages/oslo_config/cfg.py:3006}}
Mar 23 05:35:20.537210 np0000160294 nova-scheduler[107223]: DEBUG cotyledon.oslo_config_glue [-] profiler.connection_string = messaging:// {{(pid=107223) log_opt_values /opt/stack/data/venv/lib/python3.12/site-packages/oslo_config/cfg.py:3006}}
Mar 23 05:35:20.537210 np0000160294 nova-scheduler[107223]: DEBUG cotyledon.oslo_config_glue [-] profiler.enabled = False {{(pid=107223) log_opt_values /opt/stack/data/venv/lib/python3.12/site-packages/oslo_config/cfg.py:3006}}
Mar 23 05:35:20.537210 np0000160294 nova-scheduler[107223]: DEBUG cotyledon.oslo_config_glue [-] profiler.es_doc_type = notification {{(pid=107223) log_opt_values /opt/stack/data/venv/lib/python3.12/site-packages/oslo_config/cfg.py:3006}}
Mar 23 05:35:20.537210 np0000160294 nova-scheduler[107223]: DEBUG cotyledon.oslo_config_glue [-] profiler.es_scroll_size = 10000 {{(pid=107223) log_opt_values /opt/stack/data/venv/lib/python3.12/site-packages/oslo_config/cfg.py:3006}}
Mar 23 05:35:20.537210 np0000160294 nova-scheduler[107223]: DEBUG cotyledon.oslo_config_glue [-] profiler.es_scroll_time = 2m {{(pid=107223) log_opt_values /opt/stack/data/venv/lib/python3.12/site-packages/oslo_config/cfg.py:3006}}
Mar 23 05:35:20.537210 np0000160294 nova-scheduler[107223]: DEBUG cotyledon.oslo_config_glue [-] profiler.filter_error_trace = False {{(pid=107223) log_opt_values /opt/stack/data/venv/lib/python3.12/site-packages/oslo_config/cfg.py:3006}}
Mar 23 05:35:20.537210 np0000160294 nova-scheduler[107223]: DEBUG cotyledon.oslo_config_glue [-] profiler.hmac_keys = **** {{(pid=107223) log_opt_values /opt/stack/data/venv/lib/python3.12/site-packages/oslo_config/cfg.py:3006}}
Mar 23 05:35:20.537428 np0000160294 nova-scheduler[107223]: DEBUG cotyledon.oslo_config_glue [-] profiler.sentinel_service_name = mymaster {{(pid=107223) log_opt_values /opt/stack/data/venv/lib/python3.12/site-packages/oslo_config/cfg.py:3006}}
Mar 23 05:35:20.537428 np0000160294 nova-scheduler[107223]: DEBUG cotyledon.oslo_config_glue [-] profiler.socket_timeout = 0.1 {{(pid=107223) log_opt_values /opt/stack/data/venv/lib/python3.12/site-packages/oslo_config/cfg.py:3006}}
Mar 23 05:35:20.537428 np0000160294 nova-scheduler[107223]: DEBUG cotyledon.oslo_config_glue [-] profiler.trace_requests = False {{(pid=107223) log_opt_values /opt/stack/data/venv/lib/python3.12/site-packages/oslo_config/cfg.py:3006}}
Mar 23 05:35:20.537428 np0000160294 nova-scheduler[107223]: DEBUG cotyledon.oslo_config_glue [-] profiler.trace_sqlalchemy = False {{(pid=107223) log_opt_values /opt/stack/data/venv/lib/python3.12/site-packages/oslo_config/cfg.py:3006}}
Mar 23 05:35:20.537428 np0000160294 nova-scheduler[107223]: DEBUG cotyledon.oslo_config_glue [-] profiler_jaeger.process_tags = {} {{(pid=107223) log_opt_values /opt/stack/data/venv/lib/python3.12/site-packages/oslo_config/cfg.py:3006}}
Mar 23 05:35:20.537428 np0000160294 nova-scheduler[107223]: DEBUG cotyledon.oslo_config_glue [-] profiler_jaeger.service_name_prefix = None {{(pid=107223) log_opt_values /opt/stack/data/venv/lib/python3.12/site-packages/oslo_config/cfg.py:3006}}
Mar 23 05:35:20.537428 np0000160294 nova-scheduler[107223]: DEBUG cotyledon.oslo_config_glue [-] profiler_otlp.service_name_prefix = None {{(pid=107223) log_opt_values /opt/stack/data/venv/lib/python3.12/site-packages/oslo_config/cfg.py:3006}}
Mar 23 05:35:20.537428 np0000160294 nova-scheduler[107223]: DEBUG cotyledon.oslo_config_glue [-] oslo_messaging_rabbit.amqp_auto_delete = False {{(pid=107223) log_opt_values /opt/stack/data/venv/lib/python3.12/site-packages/oslo_config/cfg.py:3006}}
Mar 23 05:35:20.537428 np0000160294 nova-scheduler[107223]: DEBUG cotyledon.oslo_config_glue [-] oslo_messaging_rabbit.amqp_durable_queues = False {{(pid=107223) log_opt_values /opt/stack/data/venv/lib/python3.12/site-packages/oslo_config/cfg.py:3006}}
Mar 23 05:35:20.537661 np0000160294 nova-scheduler[107223]: DEBUG cotyledon.oslo_config_glue [-] oslo_messaging_rabbit.conn_pool_min_size = 2 {{(pid=107223) log_opt_values /opt/stack/data/venv/lib/python3.12/site-packages/oslo_config/cfg.py:3006}}
Mar 23 05:35:20.537661 np0000160294 nova-scheduler[107223]: DEBUG cotyledon.oslo_config_glue [-] oslo_messaging_rabbit.conn_pool_ttl = 1200 {{(pid=107223) log_opt_values /opt/stack/data/venv/lib/python3.12/site-packages/oslo_config/cfg.py:3006}}
Mar 23 05:35:20.537661 np0000160294 nova-scheduler[107223]: DEBUG cotyledon.oslo_config_glue [-] oslo_messaging_rabbit.direct_mandatory_flag = True {{(pid=107223) log_opt_values /opt/stack/data/venv/lib/python3.12/site-packages/oslo_config/cfg.py:3006}}
Mar 23 05:35:20.537661 np0000160294 nova-scheduler[107223]: DEBUG cotyledon.oslo_config_glue [-] oslo_messaging_rabbit.enable_cancel_on_failover = False {{(pid=107223) log_opt_values /opt/stack/data/venv/lib/python3.12/site-packages/oslo_config/cfg.py:3006}}
Mar 23 05:35:20.537661 np0000160294 nova-scheduler[107223]: DEBUG cotyledon.oslo_config_glue [-] oslo_messaging_rabbit.heartbeat_in_pthread = False {{(pid=107223) log_opt_values /opt/stack/data/venv/lib/python3.12/site-packages/oslo_config/cfg.py:3006}}
Mar 23 05:35:20.537661 np0000160294 nova-scheduler[107223]: DEBUG cotyledon.oslo_config_glue [-] oslo_messaging_rabbit.heartbeat_rate = 3 {{(pid=107223) log_opt_values /opt/stack/data/venv/lib/python3.12/site-packages/oslo_config/cfg.py:3006}}
Mar 23 05:35:20.537661 np0000160294 nova-scheduler[107223]: DEBUG cotyledon.oslo_config_glue [-] oslo_messaging_rabbit.heartbeat_timeout_threshold = 60 {{(pid=107223) log_opt_values /opt/stack/data/venv/lib/python3.12/site-packages/oslo_config/cfg.py:3006}}
Mar 23 05:35:20.537661 np0000160294 nova-scheduler[107223]: DEBUG cotyledon.oslo_config_glue [-] oslo_messaging_rabbit.hostname = np0000160294 {{(pid=107223) log_opt_values /opt/stack/data/venv/lib/python3.12/site-packages/oslo_config/cfg.py:3006}}
Mar 23 05:35:20.537661 np0000160294 nova-scheduler[107223]: DEBUG cotyledon.oslo_config_glue [-] oslo_messaging_rabbit.kombu_compression = None {{(pid=107223) log_opt_values /opt/stack/data/venv/lib/python3.12/site-packages/oslo_config/cfg.py:3006}}
Mar 23 05:35:20.537900 np0000160294 nova-scheduler[107223]: DEBUG cotyledon.oslo_config_glue [-] oslo_messaging_rabbit.kombu_failover_strategy = round-robin {{(pid=107223) log_opt_values /opt/stack/data/venv/lib/python3.12/site-packages/oslo_config/cfg.py:3006}}
Mar 23 05:35:20.537900 np0000160294 nova-scheduler[107223]: DEBUG cotyledon.oslo_config_glue [-] oslo_messaging_rabbit.kombu_missing_consumer_retry_timeout = 60 {{(pid=107223) log_opt_values /opt/stack/data/venv/lib/python3.12/site-packages/oslo_config/cfg.py:3006}}
Mar 23 05:35:20.537900 np0000160294 nova-scheduler[107223]: DEBUG cotyledon.oslo_config_glue [-] oslo_messaging_rabbit.kombu_reconnect_delay = 1.0 {{(pid=107223) log_opt_values /opt/stack/data/venv/lib/python3.12/site-packages/oslo_config/cfg.py:3006}}
Mar 23 05:35:20.537900 np0000160294 nova-scheduler[107223]: DEBUG cotyledon.oslo_config_glue [-] oslo_messaging_rabbit.kombu_reconnect_splay = 0.0 {{(pid=107223) log_opt_values /opt/stack/data/venv/lib/python3.12/site-packages/oslo_config/cfg.py:3006}}
Mar 23 05:35:20.537900 np0000160294 nova-scheduler[107223]: DEBUG cotyledon.oslo_config_glue [-] oslo_messaging_rabbit.processname = nova-scheduler {{(pid=107223) log_opt_values /opt/stack/data/venv/lib/python3.12/site-packages/oslo_config/cfg.py:3006}}
Mar 23 05:35:20.537900 np0000160294 nova-scheduler[107223]: DEBUG cotyledon.oslo_config_glue [-] oslo_messaging_rabbit.rabbit_ha_queues = False {{(pid=107223) log_opt_values /opt/stack/data/venv/lib/python3.12/site-packages/oslo_config/cfg.py:3006}}
Mar 23 05:35:20.537900 np0000160294 nova-scheduler[107223]: DEBUG cotyledon.oslo_config_glue [-] oslo_messaging_rabbit.rabbit_interval_max = 30 {{(pid=107223) log_opt_values /opt/stack/data/venv/lib/python3.12/site-packages/oslo_config/cfg.py:3006}}
Mar 23 05:35:20.537900 np0000160294 nova-scheduler[107223]: DEBUG cotyledon.oslo_config_glue [-] oslo_messaging_rabbit.rabbit_login_method = AMQPLAIN {{(pid=107223) log_opt_values /opt/stack/data/venv/lib/python3.12/site-packages/oslo_config/cfg.py:3006}}
Mar 23 05:35:20.538082 np0000160294 nova-scheduler[107223]: DEBUG cotyledon.oslo_config_glue [-] oslo_messaging_rabbit.rabbit_qos_prefetch_count = 0 {{(pid=107223) log_opt_values /opt/stack/data/venv/lib/python3.12/site-packages/oslo_config/cfg.py:3006}}
Mar 23 05:35:20.538082 np0000160294 nova-scheduler[107223]: DEBUG cotyledon.oslo_config_glue [-] oslo_messaging_rabbit.rabbit_quorum_delivery_limit = 0 {{(pid=107223) log_opt_values /opt/stack/data/venv/lib/python3.12/site-packages/oslo_config/cfg.py:3006}}
Mar 23 05:35:20.538082 np0000160294 nova-scheduler[107223]: DEBUG cotyledon.oslo_config_glue [-] oslo_messaging_rabbit.rabbit_quorum_max_memory_bytes = 0 {{(pid=107223) log_opt_values /opt/stack/data/venv/lib/python3.12/site-packages/oslo_config/cfg.py:3006}}
Mar 23 05:35:20.538082 np0000160294 nova-scheduler[107223]: DEBUG cotyledon.oslo_config_glue [-] oslo_messaging_rabbit.rabbit_quorum_max_memory_length = 0 {{(pid=107223) log_opt_values /opt/stack/data/venv/lib/python3.12/site-packages/oslo_config/cfg.py:3006}}
Mar 23 05:35:20.538082 np0000160294 nova-scheduler[107223]: DEBUG cotyledon.oslo_config_glue [-] oslo_messaging_rabbit.rabbit_quorum_queue = False {{(pid=107223) log_opt_values /opt/stack/data/venv/lib/python3.12/site-packages/oslo_config/cfg.py:3006}}
Mar 23 05:35:20.538082 np0000160294 nova-scheduler[107223]: DEBUG cotyledon.oslo_config_glue [-] oslo_messaging_rabbit.rabbit_retry_backoff = 2 {{(pid=107223) log_opt_values /opt/stack/data/venv/lib/python3.12/site-packages/oslo_config/cfg.py:3006}}
Mar 23 05:35:20.538082 np0000160294 nova-scheduler[107223]: DEBUG cotyledon.oslo_config_glue [-] oslo_messaging_rabbit.rabbit_retry_interval = 1 {{(pid=107223) log_opt_values /opt/stack/data/venv/lib/python3.12/site-packages/oslo_config/cfg.py:3006}}
Mar 23 05:35:20.538082 np0000160294 nova-scheduler[107223]: DEBUG cotyledon.oslo_config_glue [-] oslo_messaging_rabbit.rabbit_stream_fanout = False {{(pid=107223) log_opt_values /opt/stack/data/venv/lib/python3.12/site-packages/oslo_config/cfg.py:3006}}
Mar 23 05:35:20.538256 np0000160294 nova-scheduler[107223]: DEBUG cotyledon.oslo_config_glue [-] oslo_messaging_rabbit.rabbit_transient_queues_ttl = 1800 {{(pid=107223) log_opt_values /opt/stack/data/venv/lib/python3.12/site-packages/oslo_config/cfg.py:3006}}
Mar 23 05:35:20.538256 np0000160294 nova-scheduler[107223]: DEBUG cotyledon.oslo_config_glue [-] oslo_messaging_rabbit.rabbit_transient_quorum_queue = False {{(pid=107223) log_opt_values /opt/stack/data/venv/lib/python3.12/site-packages/oslo_config/cfg.py:3006}}
Mar 23 05:35:20.538256 np0000160294 nova-scheduler[107223]: DEBUG cotyledon.oslo_config_glue [-] oslo_messaging_rabbit.rpc_conn_pool_size = 30 {{(pid=107223) log_opt_values /opt/stack/data/venv/lib/python3.12/site-packages/oslo_config/cfg.py:3006}}
Mar 23 05:35:20.538256 np0000160294 nova-scheduler[107223]: DEBUG cotyledon.oslo_config_glue [-] oslo_messaging_rabbit.ssl = False {{(pid=107223) log_opt_values /opt/stack/data/venv/lib/python3.12/site-packages/oslo_config/cfg.py:3006}}
Mar 23 05:35:20.538256 np0000160294 nova-scheduler[107223]: DEBUG cotyledon.oslo_config_glue [-] oslo_messaging_rabbit.ssl_ca_file = {{(pid=107223) log_opt_values /opt/stack/data/venv/lib/python3.12/site-packages/oslo_config/cfg.py:3006}}
Mar 23 05:35:20.538256 np0000160294 nova-scheduler[107223]: DEBUG cotyledon.oslo_config_glue [-] oslo_messaging_rabbit.ssl_cert_file = {{(pid=107223) log_opt_values /opt/stack/data/venv/lib/python3.12/site-packages/oslo_config/cfg.py:3006}}
Mar 23 05:35:20.538256 np0000160294 nova-scheduler[107223]: DEBUG cotyledon.oslo_config_glue [-] oslo_messaging_rabbit.ssl_enforce_fips_mode = False {{(pid=107223) log_opt_values /opt/stack/data/venv/lib/python3.12/site-packages/oslo_config/cfg.py:3006}}
Mar 23 05:35:20.538256 np0000160294 nova-scheduler[107223]: DEBUG cotyledon.oslo_config_glue [-] oslo_messaging_rabbit.ssl_key_file = {{(pid=107223) log_opt_values /opt/stack/data/venv/lib/python3.12/site-packages/oslo_config/cfg.py:3006}}
Mar 23 05:35:20.538256 np0000160294 nova-scheduler[107223]: DEBUG cotyledon.oslo_config_glue [-] oslo_messaging_rabbit.ssl_version = {{(pid=107223) log_opt_values /opt/stack/data/venv/lib/python3.12/site-packages/oslo_config/cfg.py:3006}}
Mar 23 05:35:20.538535 np0000160294 nova-scheduler[107223]: DEBUG cotyledon.oslo_config_glue [-] oslo_messaging_rabbit.use_queue_manager = False {{(pid=107223) log_opt_values /opt/stack/data/venv/lib/python3.12/site-packages/oslo_config/cfg.py:3006}}
Mar 23 05:35:20.538535 np0000160294 nova-scheduler[107223]: DEBUG cotyledon.oslo_config_glue [-] oslo_messaging_notifications.driver = ['messagingv2'] {{(pid=107223) log_opt_values /opt/stack/data/venv/lib/python3.12/site-packages/oslo_config/cfg.py:3006}}
Mar 23 05:35:20.538535 np0000160294 nova-scheduler[107223]: DEBUG cotyledon.oslo_config_glue [-] oslo_messaging_notifications.retry = -1 {{(pid=107223) log_opt_values /opt/stack/data/venv/lib/python3.12/site-packages/oslo_config/cfg.py:3006}}
Mar 23 05:35:20.538535 np0000160294 nova-scheduler[107223]: DEBUG cotyledon.oslo_config_glue [-] oslo_messaging_notifications.topics = ['notifications'] {{(pid=107223) log_opt_values /opt/stack/data/venv/lib/python3.12/site-packages/oslo_config/cfg.py:3006}}
Mar 23 05:35:20.538535 np0000160294 nova-scheduler[107223]: DEBUG cotyledon.oslo_config_glue [-] oslo_messaging_notifications.transport_url = **** {{(pid=107223) log_opt_values /opt/stack/data/venv/lib/python3.12/site-packages/oslo_config/cfg.py:3006}}
Mar 23 05:35:20.538535 np0000160294 nova-scheduler[107223]: DEBUG cotyledon.oslo_config_glue [-] oslo_limit.auth_section = None {{(pid=107223) log_opt_values /opt/stack/data/venv/lib/python3.12/site-packages/oslo_config/cfg.py:3006}}
Mar 23 05:35:20.538535 np0000160294 nova-scheduler[107223]: DEBUG cotyledon.oslo_config_glue [-] oslo_limit.auth_type = None {{(pid=107223) log_opt_values /opt/stack/data/venv/lib/python3.12/site-packages/oslo_config/cfg.py:3006}}
Mar 23 05:35:20.538535 np0000160294 nova-scheduler[107223]: DEBUG cotyledon.oslo_config_glue [-] oslo_limit.cafile = None {{(pid=107223) log_opt_values /opt/stack/data/venv/lib/python3.12/site-packages/oslo_config/cfg.py:3006}}
Mar 23 05:35:20.538535 np0000160294 nova-scheduler[107223]: DEBUG cotyledon.oslo_config_glue [-] oslo_limit.certfile = None {{(pid=107223) log_opt_values /opt/stack/data/venv/lib/python3.12/site-packages/oslo_config/cfg.py:3006}}
Mar 23 05:35:20.538791 np0000160294 nova-scheduler[107223]: DEBUG cotyledon.oslo_config_glue [-] oslo_limit.collect_timing = False {{(pid=107223) log_opt_values /opt/stack/data/venv/lib/python3.12/site-packages/oslo_config/cfg.py:3006}}
Mar 23 05:35:20.538791 np0000160294 nova-scheduler[107223]: DEBUG cotyledon.oslo_config_glue [-] oslo_limit.connect_retries = None {{(pid=107223) log_opt_values /opt/stack/data/venv/lib/python3.12/site-packages/oslo_config/cfg.py:3006}}
Mar 23 05:35:20.538791 np0000160294 nova-scheduler[107223]: DEBUG cotyledon.oslo_config_glue [-] oslo_limit.connect_retry_delay = None {{(pid=107223) log_opt_values /opt/stack/data/venv/lib/python3.12/site-packages/oslo_config/cfg.py:3006}}
Mar 23 05:35:20.538791 np0000160294 nova-scheduler[107223]: DEBUG cotyledon.oslo_config_glue [-] oslo_limit.endpoint_id = None {{(pid=107223) log_opt_values /opt/stack/data/venv/lib/python3.12/site-packages/oslo_config/cfg.py:3006}}
Mar 23 05:35:20.538791 np0000160294 nova-scheduler[107223]: DEBUG cotyledon.oslo_config_glue [-] oslo_limit.endpoint_interface = public {{(pid=107223) log_opt_values /opt/stack/data/venv/lib/python3.12/site-packages/oslo_config/cfg.py:3006}}
Mar 23 05:35:20.538791 np0000160294 nova-scheduler[107223]: DEBUG cotyledon.oslo_config_glue [-] oslo_limit.endpoint_override = None {{(pid=107223) log_opt_values /opt/stack/data/venv/lib/python3.12/site-packages/oslo_config/cfg.py:3006}}
Mar 23 05:35:20.538791 np0000160294 nova-scheduler[107223]: DEBUG cotyledon.oslo_config_glue [-] oslo_limit.endpoint_region_name = None {{(pid=107223) log_opt_values /opt/stack/data/venv/lib/python3.12/site-packages/oslo_config/cfg.py:3006}}
Mar 23 05:35:20.538791 np0000160294 nova-scheduler[107223]: DEBUG cotyledon.oslo_config_glue [-] oslo_limit.endpoint_service_name = None {{(pid=107223) log_opt_values /opt/stack/data/venv/lib/python3.12/site-packages/oslo_config/cfg.py:3006}}
Mar 23 05:35:20.538791 np0000160294 nova-scheduler[107223]: DEBUG cotyledon.oslo_config_glue [-] oslo_limit.endpoint_service_type = None {{(pid=107223) log_opt_values /opt/stack/data/venv/lib/python3.12/site-packages/oslo_config/cfg.py:3006}}
Mar 23 05:35:20.539027 np0000160294 nova-scheduler[107223]: DEBUG cotyledon.oslo_config_glue [-] oslo_limit.insecure = False {{(pid=107223) log_opt_values /opt/stack/data/venv/lib/python3.12/site-packages/oslo_config/cfg.py:3006}}
Mar 23 05:35:20.539027 np0000160294 nova-scheduler[107223]: DEBUG cotyledon.oslo_config_glue [-] oslo_limit.keyfile = None {{(pid=107223) log_opt_values /opt/stack/data/venv/lib/python3.12/site-packages/oslo_config/cfg.py:3006}}
Mar 23 05:35:20.539027 np0000160294 nova-scheduler[107223]: DEBUG cotyledon.oslo_config_glue [-] oslo_limit.max_version = None {{(pid=107223) log_opt_values /opt/stack/data/venv/lib/python3.12/site-packages/oslo_config/cfg.py:3006}}
Mar 23 05:35:20.539027 np0000160294 nova-scheduler[107223]: DEBUG cotyledon.oslo_config_glue [-] oslo_limit.min_version = None {{(pid=107223) log_opt_values /opt/stack/data/venv/lib/python3.12/site-packages/oslo_config/cfg.py:3006}}
Mar 23 05:35:20.539027 np0000160294 nova-scheduler[107223]: DEBUG cotyledon.oslo_config_glue [-] oslo_limit.region_name = None {{(pid=107223) log_opt_values /opt/stack/data/venv/lib/python3.12/site-packages/oslo_config/cfg.py:3006}}
Mar 23 05:35:20.539027 np0000160294 nova-scheduler[107223]: DEBUG cotyledon.oslo_config_glue [-] oslo_limit.retriable_status_codes = None {{(pid=107223) log_opt_values /opt/stack/data/venv/lib/python3.12/site-packages/oslo_config/cfg.py:3006}}
Mar 23 05:35:20.539163 np0000160294 nova-scheduler[107217]: INFO dbcounter [None req-ab4d96f9-5e87-4ae9-9eff-b2649c6b889e None None] Registered counter for database nova_cell0
Mar 23 05:35:20.539191 np0000160294 nova-scheduler[107223]: DEBUG cotyledon.oslo_config_glue [-] oslo_limit.service_name = None {{(pid=107223) log_opt_values /opt/stack/data/venv/lib/python3.12/site-packages/oslo_config/cfg.py:3006}}
Mar 23 05:35:20.539191 np0000160294 nova-scheduler[107223]: DEBUG cotyledon.oslo_config_glue [-] oslo_limit.service_type = None {{(pid=107223) log_opt_values /opt/stack/data/venv/lib/python3.12/site-packages/oslo_config/cfg.py:3006}}
Mar 23 05:35:20.539191 np0000160294 nova-scheduler[107223]: DEBUG cotyledon.oslo_config_glue [-] oslo_limit.split_loggers = False {{(pid=107223) log_opt_values /opt/stack/data/venv/lib/python3.12/site-packages/oslo_config/cfg.py:3006}}
Mar 23 05:35:20.539191 np0000160294 nova-scheduler[107223]: DEBUG cotyledon.oslo_config_glue [-] oslo_limit.status_code_retries = None {{(pid=107223) log_opt_values /opt/stack/data/venv/lib/python3.12/site-packages/oslo_config/cfg.py:3006}}
Mar 23 05:35:20.539191 np0000160294 nova-scheduler[107223]: DEBUG cotyledon.oslo_config_glue [-] oslo_limit.status_code_retry_delay = None {{(pid=107223) log_opt_values /opt/stack/data/venv/lib/python3.12/site-packages/oslo_config/cfg.py:3006}}
Mar 23 05:35:20.539191 np0000160294 nova-scheduler[107223]: DEBUG cotyledon.oslo_config_glue [-] oslo_limit.timeout = None {{(pid=107223) log_opt_values /opt/stack/data/venv/lib/python3.12/site-packages/oslo_config/cfg.py:3006}}
Mar 23 05:35:20.539191 np0000160294 nova-scheduler[107223]: DEBUG cotyledon.oslo_config_glue [-] oslo_limit.valid_interfaces = None {{(pid=107223) log_opt_values /opt/stack/data/venv/lib/python3.12/site-packages/oslo_config/cfg.py:3006}}
Mar 23 05:35:20.539191 np0000160294 nova-scheduler[107223]: DEBUG cotyledon.oslo_config_glue [-] oslo_limit.version = None {{(pid=107223) log_opt_values /opt/stack/data/venv/lib/python3.12/site-packages/oslo_config/cfg.py:3006}}
Mar 23 05:35:20.539191 np0000160294 nova-scheduler[107223]: DEBUG cotyledon.oslo_config_glue [-] oslo_reports.file_event_handler = None {{(pid=107223) log_opt_values /opt/stack/data/venv/lib/python3.12/site-packages/oslo_config/cfg.py:3006}}
Mar 23 05:35:20.539400 np0000160294 nova-scheduler[107223]: DEBUG cotyledon.oslo_config_glue [-] oslo_reports.file_event_handler_interval = 1 {{(pid=107223) log_opt_values /opt/stack/data/venv/lib/python3.12/site-packages/oslo_config/cfg.py:3006}}
Mar 23 05:35:20.539400 np0000160294 nova-scheduler[107223]: DEBUG cotyledon.oslo_config_glue [-] oslo_reports.log_dir = None {{(pid=107223) log_opt_values /opt/stack/data/venv/lib/python3.12/site-packages/oslo_config/cfg.py:3006}}
Mar 23 05:35:20.539400 np0000160294 nova-scheduler[107223]: DEBUG cotyledon.oslo_config_glue [-] ******************************************************************************** {{(pid=107223) log_opt_values /opt/stack/data/venv/lib/python3.12/site-packages/oslo_config/cfg.py:3013}}
Mar 23 05:35:20.539400 np0000160294 nova-scheduler[107223]: DEBUG cotyledon._service_worker [-] Run service ServiceWrapper(3) [107223] {{(pid=107223) wait_forever /opt/stack/data/venv/lib/python3.12/site-packages/cotyledon/_service_worker.py:218}}
Mar 23 05:35:20.539400 np0000160294 nova-scheduler[107223]: INFO nova.service [-] Starting scheduler node (version 33.0.0)
Mar 23 05:35:20.539737 np0000160294 nova-scheduler[107201]: DEBUG nova.service [None req-d8df6057-fce0-445e-9d76-bde11239ad18 None None] Creating RPC server for service: nova-scheduler on topic: scheduler {{(pid=107201) start /opt/stack/nova/nova/service.py:195}}
Mar 23 05:35:20.539799 np0000160294 nova-scheduler[107211]: DEBUG dbcounter [-] [107211] Writer thread running {{(pid=107211) stat_writer /opt/stack/data/venv/lib/python3.12/site-packages/dbcounter.py:102}}
Mar 23 05:35:20.539838 np0000160294 nova-scheduler[107223]: INFO dbcounter [None req-3f2ced73-13a9-43ac-95c4-a0982ffee896 None None] Registered counter for database nova_cell0
Mar 23 05:35:20.539864 np0000160294 nova-scheduler[107211]: DEBUG nova.service [None req-0df19f51-d1e5-40e5-a8c6-983acca76c6e None None] Creating RPC server for service: nova-scheduler on topic: scheduler {{(pid=107211) start /opt/stack/nova/nova/service.py:195}}
Mar 23 05:35:20.539889 np0000160294 nova-scheduler[107217]: DEBUG oslo_db.sqlalchemy.engines [None req-ab4d96f9-5e87-4ae9-9eff-b2649c6b889e None None] MySQL server mode set to STRICT_TRANS_TABLES,STRICT_ALL_TABLES,NO_ZERO_IN_DATE,NO_ZERO_DATE,ERROR_FOR_DIVISION_BY_ZERO,TRADITIONAL,NO_ENGINE_SUBSTITUTION {{(pid=107217) _check_effective_sql_mode /opt/stack/data/venv/lib/python3.12/site-packages/oslo_db/sqlalchemy/engines.py:325}}
Mar 23 05:35:20.539917 np0000160294 nova-scheduler[107223]: DEBUG oslo_db.sqlalchemy.engines [None req-3f2ced73-13a9-43ac-95c4-a0982ffee896 None None] MySQL server mode set to STRICT_TRANS_TABLES,STRICT_ALL_TABLES,NO_ZERO_IN_DATE,NO_ZERO_DATE,ERROR_FOR_DIVISION_BY_ZERO,TRADITIONAL,NO_ENGINE_SUBSTITUTION {{(pid=107223) _check_effective_sql_mode /opt/stack/data/venv/lib/python3.12/site-packages/oslo_db/sqlalchemy/engines.py:325}}
Mar 23 05:35:20.539917 np0000160294 nova-scheduler[107223]: DEBUG dbcounter [-] [107223] Writer thread running {{(pid=107223) stat_writer /opt/stack/data/venv/lib/python3.12/site-packages/dbcounter.py:102}}
Mar 23 05:35:20.539984 np0000160294 nova-scheduler[107217]: DEBUG dbcounter [-] [107217] Writer thread running {{(pid=107217) stat_writer /opt/stack/data/venv/lib/python3.12/site-packages/dbcounter.py:102}}
Mar 23 05:35:20.539984 np0000160294 nova-scheduler[107217]: DEBUG nova.service [None req-ab4d96f9-5e87-4ae9-9eff-b2649c6b889e None None] Creating RPC server for service: nova-scheduler on topic: scheduler {{(pid=107217) start /opt/stack/nova/nova/service.py:195}}
Mar 23 05:35:20.540042 np0000160294 nova-scheduler[107223]: DEBUG nova.service [None req-3f2ced73-13a9-43ac-95c4-a0982ffee896 None None] Creating RPC server for service: nova-scheduler on topic: scheduler {{(pid=107223) start /opt/stack/nova/nova/service.py:195}}
Mar 23 05:35:20.540071 np0000160294 nova-scheduler[107201]: DEBUG nova.service [None req-d8df6057-fce0-445e-9d76-bde11239ad18 None None] Join ServiceGroup membership for this service scheduler {{(pid=107201) start /opt/stack/nova/nova/service.py:221}}
Mar 23 05:35:20.540071 np0000160294 nova-scheduler[107201]: DEBUG nova.servicegroup.drivers.db [None req-d8df6057-fce0-445e-9d76-bde11239ad18 None None] DB_Driver: join new ServiceGroup member np0000160294 to the scheduler group, service = {{(pid=107201) join /opt/stack/nova/nova/servicegroup/drivers/db.py:44}}
Mar 23 05:35:20.540126 np0000160294 nova-scheduler[107211]: DEBUG nova.service [None req-0df19f51-d1e5-40e5-a8c6-983acca76c6e None None] Join ServiceGroup membership for this service scheduler {{(pid=107211) start /opt/stack/nova/nova/service.py:221}}
Mar 23 05:35:20.540126 np0000160294 nova-scheduler[107211]: DEBUG nova.servicegroup.drivers.db [None req-0df19f51-d1e5-40e5-a8c6-983acca76c6e None None] DB_Driver: join new ServiceGroup member np0000160294 to the scheduler group, service = {{(pid=107211) join /opt/stack/nova/nova/servicegroup/drivers/db.py:44}}
Mar 23 05:35:20.542203 np0000160294 nova-scheduler[107217]: DEBUG nova.service [None req-ab4d96f9-5e87-4ae9-9eff-b2649c6b889e None None] Join ServiceGroup membership for this service scheduler {{(pid=107217) start /opt/stack/nova/nova/service.py:221}}
Mar 23 05:35:20.542625 np0000160294 nova-scheduler[107217]: DEBUG nova.servicegroup.drivers.db [None req-ab4d96f9-5e87-4ae9-9eff-b2649c6b889e None None] DB_Driver: join new ServiceGroup member np0000160294 to the scheduler group, service = {{(pid=107217) join /opt/stack/nova/nova/servicegroup/drivers/db.py:44}}
Mar 23 05:35:20.543352 np0000160294 nova-scheduler[107223]: DEBUG nova.service [None req-3f2ced73-13a9-43ac-95c4-a0982ffee896 None None] Join ServiceGroup membership for this service scheduler {{(pid=107223) start /opt/stack/nova/nova/service.py:221}}
Mar 23 05:35:20.543590 np0000160294 nova-scheduler[107223]: DEBUG nova.servicegroup.drivers.db [None req-3f2ced73-13a9-43ac-95c4-a0982ffee896 None None] DB_Driver: join new ServiceGroup member np0000160294 to the scheduler group, service = {{(pid=107223) join /opt/stack/nova/nova/servicegroup/drivers/db.py:44}}
Mar 23 05:35:21.543422 np0000160294 nova-scheduler[107201]: DEBUG oslo.service.backend._threading.loopingcall [None req-55fb9b21-2f46-4af1-8d68-716cc26c7a00 None None] Dynamic interval looping call 'nova.service.Service.periodic_tasks' sleeping for 60.00 seconds {{(pid=107201) _run_loop /opt/stack/data/venv/lib/python3.12/site-packages/oslo_service/backend/_threading/loopingcall.py:125}}
Mar 23 05:35:25.560986 np0000160294 nova-scheduler[107211]: DEBUG oslo.service.backend._threading.loopingcall [-] Fixed interval looping call 'nova.servicegroup.drivers.db.DbDriver._report_state' sleeping for 119.98 seconds {{(pid=107211) _run_loop /opt/stack/data/venv/lib/python3.12/site-packages/oslo_service/backend/_threading/loopingcall.py:125}}
Mar 23 05:35:25.562420 np0000160294 nova-scheduler[107201]: DEBUG oslo.service.backend._threading.loopingcall [-] Fixed interval looping call 'nova.servicegroup.drivers.db.DbDriver._report_state' sleeping for 119.98 seconds {{(pid=107201) _run_loop /opt/stack/data/venv/lib/python3.12/site-packages/oslo_service/backend/_threading/loopingcall.py:125}}
Mar 23 05:35:25.563758 np0000160294 nova-scheduler[107217]: DEBUG oslo.service.backend._threading.loopingcall [-] Fixed interval looping call 'nova.servicegroup.drivers.db.DbDriver._report_state' sleeping for 119.98 seconds {{(pid=107217) _run_loop /opt/stack/data/venv/lib/python3.12/site-packages/oslo_service/backend/_threading/loopingcall.py:125}}
Mar 23 05:35:25.564147 np0000160294 nova-scheduler[107223]: DEBUG oslo.service.backend._threading.loopingcall [-] Fixed interval looping call 'nova.servicegroup.drivers.db.DbDriver._report_state' sleeping for 119.98 seconds {{(pid=107223) _run_loop /opt/stack/data/venv/lib/python3.12/site-packages/oslo_service/backend/_threading/loopingcall.py:125}}
Mar 23 05:35:29.055648 np0000160294 nova-scheduler[106493]: DEBUG dbcounter [-] [106493] Writing DB stats nova_api:SELECT=3 {{(pid=106493) stat_writer /opt/stack/data/venv/lib/python3.12/site-packages/dbcounter.py:115}}
Mar 23 05:35:29.184361 np0000160294 nova-scheduler[106493]: DEBUG dbcounter [-] [106493] Writing DB stats nova_cell0:SELECT=1 {{(pid=106493) stat_writer /opt/stack/data/venv/lib/python3.12/site-packages/dbcounter.py:115}}
Mar 23 05:35:29.185211 np0000160294 nova-scheduler[106493]: DEBUG dbcounter [-] [106493] Writing DB stats nova_cell1:SELECT=1 {{(pid=106493) stat_writer /opt/stack/data/venv/lib/python3.12/site-packages/dbcounter.py:115}}
Mar 23 05:35:35.555105 np0000160294 nova-scheduler[107211]: DEBUG dbcounter [-] [107211] Writing DB stats nova_cell0:SELECT=3,nova_cell0:UPDATE=1 {{(pid=107211) stat_writer /opt/stack/data/venv/lib/python3.12/site-packages/dbcounter.py:115}}
Mar 23 05:35:35.556059 np0000160294 nova-scheduler[107201]: DEBUG dbcounter [-] [107201] Writing DB stats nova_cell0:SELECT=4,nova_cell0:INSERT=1,nova_cell0:UPDATE=1 {{(pid=107201) stat_writer /opt/stack/data/venv/lib/python3.12/site-packages/dbcounter.py:115}}
Mar 23 05:35:35.556507 np0000160294 nova-scheduler[107223]: DEBUG dbcounter [-] [107223] Writing DB stats nova_cell0:SELECT=3,nova_cell0:UPDATE=1 {{(pid=107223) stat_writer /opt/stack/data/venv/lib/python3.12/site-packages/dbcounter.py:115}}
Mar 23 05:35:35.560024 np0000160294 nova-scheduler[107217]: DEBUG dbcounter [-] [107217] Writing DB stats nova_cell0:SELECT=3,nova_cell0:UPDATE=1 {{(pid=107217) stat_writer /opt/stack/data/venv/lib/python3.12/site-packages/dbcounter.py:115}}
Mar 23 05:35:49.550240 np0000160294 nova-scheduler[107217]: DEBUG oslo.service.backend._threading.loopingcall [None req-a9f02545-fd81-4acd-8d1f-329bfd164687 None None] Dynamic interval looping call 'nova.service.Service.periodic_tasks' sleeping for 60.00 seconds {{(pid=107217) _run_loop /opt/stack/data/venv/lib/python3.12/site-packages/oslo_service/backend/_threading/loopingcall.py:125}}
Mar 23 05:36:15.545216 np0000160294 nova-scheduler[107211]: DEBUG oslo.service.backend._threading.loopingcall [None req-1cc5f063-218a-4107-ab11-9040f319b48f None None] Dynamic interval looping call 'nova.service.Service.periodic_tasks' sleeping for 60.00 seconds {{(pid=107211) _run_loop /opt/stack/data/venv/lib/python3.12/site-packages/oslo_service/backend/_threading/loopingcall.py:125}}
Mar 23 05:36:20.546220 np0000160294 nova-scheduler[107223]: DEBUG oslo.service.backend._threading.loopingcall [None req-653937d9-8641-4f0a-aa5b-4d9fa43f24af None None] Dynamic interval looping call 'nova.service.Service.periodic_tasks' sleeping for 60.00 seconds {{(pid=107223) _run_loop /opt/stack/data/venv/lib/python3.12/site-packages/oslo_service/backend/_threading/loopingcall.py:125}}
Mar 23 05:36:21.544426 np0000160294 nova-scheduler[107201]: DEBUG oslo.service.backend._threading.loopingcall [None req-55fb9b21-2f46-4af1-8d68-716cc26c7a00 None None] Dynamic interval looping call 'nova.service.Service.periodic_tasks' sleeping for 60.00 seconds {{(pid=107201) _run_loop /opt/stack/data/venv/lib/python3.12/site-packages/oslo_service/backend/_threading/loopingcall.py:125}}
Mar 23 05:36:49.551102 np0000160294 nova-scheduler[107217]: DEBUG oslo.service.backend._threading.loopingcall [None req-a9f02545-fd81-4acd-8d1f-329bfd164687 None None] Dynamic interval looping call 'nova.service.Service.periodic_tasks' sleeping for 60.00 seconds {{(pid=107217) _run_loop /opt/stack/data/venv/lib/python3.12/site-packages/oslo_service/backend/_threading/loopingcall.py:125}}
Mar 23 05:37:15.546027 np0000160294 nova-scheduler[107211]: DEBUG oslo.service.backend._threading.loopingcall [None req-1cc5f063-218a-4107-ab11-9040f319b48f None None] Dynamic interval looping call 'nova.service.Service.periodic_tasks' sleeping for 60.00 seconds {{(pid=107211) _run_loop /opt/stack/data/venv/lib/python3.12/site-packages/oslo_service/backend/_threading/loopingcall.py:125}}
Mar 23 05:37:20.547277 np0000160294 nova-scheduler[107223]: DEBUG oslo.service.backend._threading.loopingcall [None req-653937d9-8641-4f0a-aa5b-4d9fa43f24af None None] Dynamic interval looping call 'nova.service.Service.periodic_tasks' sleeping for 60.00 seconds {{(pid=107223) _run_loop /opt/stack/data/venv/lib/python3.12/site-packages/oslo_service/backend/_threading/loopingcall.py:125}}
Mar 23 05:37:21.545373 np0000160294 nova-scheduler[107201]: DEBUG oslo.service.backend._threading.loopingcall [None req-55fb9b21-2f46-4af1-8d68-716cc26c7a00 None None] Dynamic interval looping call 'nova.service.Service.periodic_tasks' sleeping for 60.00 seconds {{(pid=107201) _run_loop /opt/stack/data/venv/lib/python3.12/site-packages/oslo_service/backend/_threading/loopingcall.py:125}}
Mar 23 05:37:25.554302 np0000160294 nova-scheduler[107211]: DEBUG oslo.service.backend._threading.loopingcall [-] Fixed interval looping call 'nova.servicegroup.drivers.db.DbDriver._report_state' sleeping for 119.99 seconds {{(pid=107211) _run_loop /opt/stack/data/venv/lib/python3.12/site-packages/oslo_service/backend/_threading/loopingcall.py:125}}
Mar 23 05:37:25.555248 np0000160294 nova-scheduler[107223]: DEBUG oslo.service.backend._threading.loopingcall [-] Fixed interval looping call 'nova.servicegroup.drivers.db.DbDriver._report_state' sleeping for 119.99 seconds {{(pid=107223) _run_loop /opt/stack/data/venv/lib/python3.12/site-packages/oslo_service/backend/_threading/loopingcall.py:125}}
Mar 23 05:37:25.555690 np0000160294 nova-scheduler[107201]: DEBUG oslo.service.backend._threading.loopingcall [-] Fixed interval looping call 'nova.servicegroup.drivers.db.DbDriver._report_state' sleeping for 119.99 seconds {{(pid=107201) _run_loop /opt/stack/data/venv/lib/python3.12/site-packages/oslo_service/backend/_threading/loopingcall.py:125}}
Mar 23 05:37:25.556239 np0000160294 nova-scheduler[107217]: DEBUG oslo.service.backend._threading.loopingcall [-] Fixed interval looping call 'nova.servicegroup.drivers.db.DbDriver._report_state' sleeping for 119.99 seconds {{(pid=107217) _run_loop /opt/stack/data/venv/lib/python3.12/site-packages/oslo_service/backend/_threading/loopingcall.py:125}}
Mar 23 05:37:35.547932 np0000160294 nova-scheduler[107211]: DEBUG dbcounter [-] [107211] Writing DB stats nova_cell0:SELECT=1,nova_cell0:UPDATE=1 {{(pid=107211) stat_writer /opt/stack/data/venv/lib/python3.12/site-packages/dbcounter.py:115}}
Mar 23 05:37:35.548897 np0000160294 nova-scheduler[107201]: DEBUG dbcounter [-] [107201] Writing DB stats nova_cell0:SELECT=1,nova_cell0:UPDATE=1 {{(pid=107201) stat_writer /opt/stack/data/venv/lib/python3.12/site-packages/dbcounter.py:115}}
Mar 23 05:37:35.551352 np0000160294 nova-scheduler[107223]: DEBUG dbcounter [-] [107223] Writing DB stats nova_cell0:SELECT=1,nova_cell0:UPDATE=1 {{(pid=107223) stat_writer /opt/stack/data/venv/lib/python3.12/site-packages/dbcounter.py:115}}
Mar 23 05:37:35.551807 np0000160294 nova-scheduler[107217]: DEBUG dbcounter [-] [107217] Writing DB stats nova_cell0:SELECT=1,nova_cell0:UPDATE=1 {{(pid=107217) stat_writer /opt/stack/data/venv/lib/python3.12/site-packages/dbcounter.py:115}}
Mar 23 05:37:49.552072 np0000160294 nova-scheduler[107217]: DEBUG oslo.service.backend._threading.loopingcall [None req-a9f02545-fd81-4acd-8d1f-329bfd164687 None None] Dynamic interval looping call 'nova.service.Service.periodic_tasks' sleeping for 60.00 seconds {{(pid=107217) _run_loop /opt/stack/data/venv/lib/python3.12/site-packages/oslo_service/backend/_threading/loopingcall.py:125}}
Mar 23 05:38:15.547038 np0000160294 nova-scheduler[107211]: DEBUG oslo.service.backend._threading.loopingcall [None req-1cc5f063-218a-4107-ab11-9040f319b48f None None] Dynamic interval looping call 'nova.service.Service.periodic_tasks' sleeping for 60.00 seconds {{(pid=107211) _run_loop /opt/stack/data/venv/lib/python3.12/site-packages/oslo_service/backend/_threading/loopingcall.py:125}}
Mar 23 05:38:20.548339 np0000160294 nova-scheduler[107223]: DEBUG oslo.service.backend._threading.loopingcall [None req-653937d9-8641-4f0a-aa5b-4d9fa43f24af None None] Dynamic interval looping call 'nova.service.Service.periodic_tasks' sleeping for 60.00 seconds {{(pid=107223) _run_loop /opt/stack/data/venv/lib/python3.12/site-packages/oslo_service/backend/_threading/loopingcall.py:125}}
Mar 23 05:38:21.546211 np0000160294 nova-scheduler[107201]: DEBUG oslo.service.backend._threading.loopingcall [None req-55fb9b21-2f46-4af1-8d68-716cc26c7a00 None None] Dynamic interval looping call 'nova.service.Service.periodic_tasks' sleeping for 60.00 seconds {{(pid=107201) _run_loop /opt/stack/data/venv/lib/python3.12/site-packages/oslo_service/backend/_threading/loopingcall.py:125}}
Mar 23 05:38:49.553034 np0000160294 nova-scheduler[107217]: DEBUG oslo.service.backend._threading.loopingcall [None req-a9f02545-fd81-4acd-8d1f-329bfd164687 None None] Dynamic interval looping call 'nova.service.Service.periodic_tasks' sleeping for 60.00 seconds {{(pid=107217) _run_loop /opt/stack/data/venv/lib/python3.12/site-packages/oslo_service/backend/_threading/loopingcall.py:125}}
Mar 23 05:39:15.549190 np0000160294 nova-scheduler[107211]: DEBUG oslo.service.backend._threading.loopingcall [None req-1cc5f063-218a-4107-ab11-9040f319b48f None None] Dynamic interval looping call 'nova.service.Service.periodic_tasks' sleeping for 60.00 seconds {{(pid=107211) _run_loop /opt/stack/data/venv/lib/python3.12/site-packages/oslo_service/backend/_threading/loopingcall.py:125}}
Mar 23 05:39:20.549163 np0000160294 nova-scheduler[107223]: DEBUG oslo.service.backend._threading.loopingcall [None req-653937d9-8641-4f0a-aa5b-4d9fa43f24af None None] Dynamic interval looping call 'nova.service.Service.periodic_tasks' sleeping for 60.00 seconds {{(pid=107223) _run_loop /opt/stack/data/venv/lib/python3.12/site-packages/oslo_service/backend/_threading/loopingcall.py:125}}
Mar 23 05:39:21.546909 np0000160294 nova-scheduler[107201]: DEBUG oslo.service.backend._threading.loopingcall [None req-55fb9b21-2f46-4af1-8d68-716cc26c7a00 None None] Dynamic interval looping call 'nova.service.Service.periodic_tasks' sleeping for 60.00 seconds {{(pid=107201) _run_loop /opt/stack/data/venv/lib/python3.12/site-packages/oslo_service/backend/_threading/loopingcall.py:125}}
Mar 23 05:39:25.565473 np0000160294 nova-scheduler[107223]: DEBUG oslo.service.backend._threading.loopingcall [-] Fixed interval looping call 'nova.servicegroup.drivers.db.DbDriver._report_state' sleeping for 119.98 seconds {{(pid=107223) _run_loop /opt/stack/data/venv/lib/python3.12/site-packages/oslo_service/backend/_threading/loopingcall.py:125}}
Mar 23 05:39:25.568543 np0000160294 nova-scheduler[107217]: DEBUG oslo.service.backend._threading.loopingcall [-] Fixed interval looping call 'nova.servicegroup.drivers.db.DbDriver._report_state' sleeping for 119.98 seconds {{(pid=107217) _run_loop /opt/stack/data/venv/lib/python3.12/site-packages/oslo_service/backend/_threading/loopingcall.py:125}}
Mar 23 05:39:25.568870 np0000160294 nova-scheduler[107211]: DEBUG oslo.service.backend._threading.loopingcall [-] Fixed interval looping call 'nova.servicegroup.drivers.db.DbDriver._report_state' sleeping for 119.98 seconds {{(pid=107211) _run_loop /opt/stack/data/venv/lib/python3.12/site-packages/oslo_service/backend/_threading/loopingcall.py:125}}
Mar 23 05:39:25.569109 np0000160294 nova-scheduler[107201]: DEBUG oslo.service.backend._threading.loopingcall [-] Fixed interval looping call 'nova.servicegroup.drivers.db.DbDriver._report_state' sleeping for 119.98 seconds {{(pid=107201) _run_loop /opt/stack/data/venv/lib/python3.12/site-packages/oslo_service/backend/_threading/loopingcall.py:125}}
Mar 23 05:39:35.549386 np0000160294 nova-scheduler[107211]: DEBUG dbcounter [-] [107211] Writing DB stats nova_cell0:SELECT=1,nova_cell0:UPDATE=1 {{(pid=107211) stat_writer /opt/stack/data/venv/lib/python3.12/site-packages/dbcounter.py:115}}
Mar 23 05:39:35.550931 np0000160294 nova-scheduler[107223]: DEBUG dbcounter [-] [107223] Writing DB stats nova_cell0:SELECT=1,nova_cell0:UPDATE=1 {{(pid=107223) stat_writer /opt/stack/data/venv/lib/python3.12/site-packages/dbcounter.py:115}}
Mar 23 05:39:35.552755 np0000160294 nova-scheduler[107201]: DEBUG dbcounter [-] [107201] Writing DB stats nova_cell0:SELECT=1,nova_cell0:UPDATE=1 {{(pid=107201) stat_writer /opt/stack/data/venv/lib/python3.12/site-packages/dbcounter.py:115}}
Mar 23 05:39:35.553274 np0000160294 nova-scheduler[107217]: DEBUG dbcounter [-] [107217] Writing DB stats nova_cell0:SELECT=1,nova_cell0:UPDATE=1 {{(pid=107217) stat_writer /opt/stack/data/venv/lib/python3.12/site-packages/dbcounter.py:115}}
Mar 23 05:39:48.456516 np0000160294 nova-scheduler[107201]: DEBUG nova.scheduler.manager [None req-045be33c-34a5-464a-8052-f6df4bd9292e demo demo] Starting to schedule for instances: ['81eb5234-8c96-43bf-85a6-2b07090f9a8e'] {{(pid=107201) select_destinations /opt/stack/nova/nova/scheduler/manager.py:210}}
