2026-05-09 14:11:25.542 8 INFO placement.requestlog [req-7b7d64b1-4e45-4e2f-ac38-f91ace96a703 req-3076f315-26a7-469e-96bf-4725670dba5f 2b32de0bad2345c587ee70302ba40408 d7200ca57d9b436e927130357270ca3a - - 35de5e7019c94037b88e1f6110b9c4fa 35de5e7019c94037b88e1f6110b9c4fa] 199.19.213.130 "GET /resource_providers/2c914e80-b49e-4834-bb8b-cdffe324807d/allocations" status: 200 len: 253 microversion: 1.0 [pid: 8|app: 0|req: 516/1029] 199.19.213.130 () {32 vars in 857 bytes} [Sat May 9 14:11:25 2026] GET /resource_providers/2c914e80-b49e-4834-bb8b-cdffe324807d/allocations => generated 253 bytes in 28 msecs (HTTP/1.1 200) 6 headers in 224 bytes (1 switches on core 0)
2026-05-09 14:11:25.571 7 INFO placement.requestlog [req-7b7d64b1-4e45-4e2f-ac38-f91ace96a703 req-e9355059-931f-4401-abf2-a928a388f041 2b32de0bad2345c587ee70302ba40408 d7200ca57d9b436e927130357270ca3a - - 35de5e7019c94037b88e1f6110b9c4fa 35de5e7019c94037b88e1f6110b9c4fa] 199.19.213.130 "GET /allocations/40c63b11-261e-4001-bfd6-dcee547dc6c1" status: 200 len: 258 microversion: 1.28 [pid: 7|app: 0|req: 514/1030] 199.19.213.130 () {34 vars in 863 bytes} [Sat May 9 14:11:25 2026] GET /allocations/40c63b11-261e-4001-bfd6-dcee547dc6c1 => generated 258 bytes in 20 msecs (HTTP/1.1 200) 8 headers in 296 bytes (1 switches on core 0)
2026-05-09 14:11:25.594 8 INFO placement.requestlog [req-7b7d64b1-4e45-4e2f-ac38-f91ace96a703 req-7ace5ff2-d38f-43ae-9de7-5dc1a017e729 2b32de0bad2345c587ee70302ba40408 d7200ca57d9b436e927130357270ca3a - - 35de5e7019c94037b88e1f6110b9c4fa 35de5e7019c94037b88e1f6110b9c4fa] 199.19.213.130 "GET /allocations/ff6ec569-86f4-4539-aa91-06805bbeb184" status: 200 len: 258 microversion: 1.28 [pid: 8|app: 0|req: 517/1031] 199.19.213.130 () {34 vars in 863 bytes} [Sat May 9 14:11:25 2026] GET /allocations/ff6ec569-86f4-4539-aa91-06805bbeb184 => generated 258 bytes in 14 msecs (HTTP/1.1 200) 8 headers in 296 bytes (1 switches on core 0)
2026-05-09 14:11:26.653 7 INFO placement.requestlog [req-7b7d64b1-4e45-4e2f-ac38-f91ace96a703 req-a3a55c22-9e27-4c88-9e61-8128d2f1a558 2b32de0bad2345c587ee70302ba40408 d7200ca57d9b436e927130357270ca3a - - 35de5e7019c94037b88e1f6110b9c4fa 35de5e7019c94037b88e1f6110b9c4fa] 199.19.213.130 "DELETE /allocations/ff6ec569-86f4-4539-aa91-06805bbeb184" status: 204 len: 0 microversion: 1.0 [pid: 7|app: 0|req: 515/1032] 199.19.213.130 () {34 vars in 841 bytes} [Sat May 9 14:11:26 2026] DELETE /allocations/ff6ec569-86f4-4539-aa91-06805bbeb184 => generated 0 bytes in 34 msecs (HTTP/1.1 204) 5 headers in 198 bytes (1 switches on core 0)
2026-05-09 14:11:27.692 8 INFO placement.requestlog [None req-4b4acc9d-5a9d-4f7d-974b-c3c6ee6a96b5 3a19e431cb154e4f891e8ac3f9c8d429 d7200ca57d9b436e927130357270ca3a - - 35de5e7019c94037b88e1f6110b9c4fa 35de5e7019c94037b88e1f6110b9c4fa] 10.0.0.254 "GET /resource_providers/724d317d-50e9-46a1-9371-39e9d4bd7e48/aggregates" status: 404 len: 235 microversion: 1.1
2026-05-09 14:11:27.692 7 INFO placement.requestlog [None req-45a5b11e-44dd-41f5-b22f-6a33942ef192 3a19e431cb154e4f891e8ac3f9c8d429 d7200ca57d9b436e927130357270ca3a - - 35de5e7019c94037b88e1f6110b9c4fa 35de5e7019c94037b88e1f6110b9c4fa] 10.0.0.254 "GET /resource_providers/724d317d-50e9-46a1-9371-39e9d4bd7e48/aggregates" status: 404 len: 235 microversion: 1.1 [pid: 8|app: 0|req: 518/1033] 10.0.0.254 () {32 vars in 816 bytes} [Sat May 9 14:11:27 2026] GET /resource_providers/724d317d-50e9-46a1-9371-39e9d4bd7e48/aggregates => generated 235 bytes in 10 msecs (HTTP/1.1 404) 5 headers in 202 bytes (1 switches on core 0) [pid: 7|app: 0|req: 516/1034] 10.0.0.254 () {32 vars in 816 bytes} [Sat May 9 14:11:27 2026] GET /resource_providers/724d317d-50e9-46a1-9371-39e9d4bd7e48/aggregates => generated 235 bytes in 9 msecs (HTTP/1.1 404) 5 headers in 202 bytes (1 switches on core 0)
2026-05-09 14:11:27.721 8 INFO placement.requestlog [None req-b34a96bc-70cf-4d9f-99c7-544df34e25af 3a19e431cb154e4f891e8ac3f9c8d429 d7200ca57d9b436e927130357270ca3a - - 35de5e7019c94037b88e1f6110b9c4fa 35de5e7019c94037b88e1f6110b9c4fa] 10.0.0.254 "DELETE /resource_providers/724d317d-50e9-46a1-9371-39e9d4bd7e48" status: 404 len: 246 microversion: 1.1 [pid: 8|app: 0|req: 519/1035] 10.0.0.254 () {34 vars in 816 bytes} [Sat May 9 14:11:27 2026] DELETE /resource_providers/724d317d-50e9-46a1-9371-39e9d4bd7e48 => generated 246 bytes in 14 msecs (HTTP/1.1 404) 6 headers in 231 bytes (1 switches on core 0)
2026-05-09 14:11:27.722 7 INFO placement.requestlog [None req-5815d21b-b23b-4ee8-9662-b553e1c5cad0 3a19e431cb154e4f891e8ac3f9c8d429 d7200ca57d9b436e927130357270ca3a - - 35de5e7019c94037b88e1f6110b9c4fa 35de5e7019c94037b88e1f6110b9c4fa] 10.0.0.254 "DELETE /resource_providers/724d317d-50e9-46a1-9371-39e9d4bd7e48" status: 404 len: 246 microversion: 1.1 [pid: 7|app: 0|req: 517/1036] 10.0.0.254 () {34 vars in 816 bytes} [Sat May 9 14:11:27 2026] DELETE /resource_providers/724d317d-50e9-46a1-9371-39e9d4bd7e48 => generated 246 bytes in 13 msecs (HTTP/1.1 404) 6 headers in 231 bytes (1 switches on core 0)
2026-05-09 14:11:28.431 8 INFO placement.requestlog [None req-fca57ca7-a872-4aaa-9a57-b69aefdb60e0 - - - - - -] 10.0.0.170 "GET /" status: 200 len: 136 microversion: 1.0
2026-05-09 14:11:28.431 7 INFO placement.requestlog [None req-1ca31281-be21-41ef-a584-68dc75eb59bc - - - - - -] 10.0.0.170 "GET /" status: 200 len: 136 microversion: 1.0
2026-05-09 14:11:31.698 7 INFO placement.requestlog [req-cc2b8e22-4ada-4330-9d1d-458567c3a4cd req-9b8cfc69-e743-49eb-a7a8-96dc8135262b 2b32de0bad2345c587ee70302ba40408 d7200ca57d9b436e927130357270ca3a - - 35de5e7019c94037b88e1f6110b9c4fa 35de5e7019c94037b88e1f6110b9c4fa] 10.0.0.193 "GET /allocation_candidates?limit=1000&resources=DISK_GB%3A1%2CMEMORY_MB%3A512%2CVCPU%3A1&root_required=%21COMPUTE_STATUS_DISABLED" status: 200 len: 2642 microversion: 1.36 [pid: 7|app: 0|req: 519/1039] 10.0.0.193 () {34 vars in 1012 bytes} [Sat May 9 14:11:31 2026] GET /allocation_candidates?limit=1000&resources=DISK_GB%3A1%2CMEMORY_MB%3A512%2CVCPU%3A1&root_required=%21COMPUTE_STATUS_DISABLED => generated 2642 bytes in 44 msecs (HTTP/1.1 200) 8 headers in 297 bytes (1 switches on core 0)
2026-05-09 14:11:31.724 8 INFO placement.requestlog [req-cc2b8e22-4ada-4330-9d1d-458567c3a4cd req-9268fa29-eebc-45ed-b34a-76af269e6c80 2b32de0bad2345c587ee70302ba40408 d7200ca57d9b436e927130357270ca3a - - 35de5e7019c94037b88e1f6110b9c4fa 35de5e7019c94037b88e1f6110b9c4fa] 10.0.0.193 "GET /allocations/d625550c-dc9e-4fb7-a3c0-57d2072ef345" status: 200 len: 19 microversion: 1.28 [pid: 8|app: 0|req: 521/1040] 10.0.0.193 () {34 vars in 861 bytes} [Sat May 9 14:11:31 2026] GET /allocations/d625550c-dc9e-4fb7-a3c0-57d2072ef345 => generated 19 bytes in 11 msecs (HTTP/1.1 200) 8 headers in 295 bytes (1 switches on core 0)
2026-05-09 14:11:31.791 7 INFO placement.requestlog [req-cc2b8e22-4ada-4330-9d1d-458567c3a4cd req-c943b960-9b70-4ea4-bb63-bd1419f2d89e 2b32de0bad2345c587ee70302ba40408 d7200ca57d9b436e927130357270ca3a - - 35de5e7019c94037b88e1f6110b9c4fa 35de5e7019c94037b88e1f6110b9c4fa] 10.0.0.193 "PUT /allocations/d625550c-dc9e-4fb7-a3c0-57d2072ef345" status: 204 len: 0 microversion: 1.36 [pid: 7|app: 0|req: 520/1041] 10.0.0.193 () {38 vars in 914 bytes} [Sat May 9 14:11:31 2026] PUT /allocations/d625550c-dc9e-4fb7-a3c0-57d2072ef345 => generated 0 bytes in 58 msecs (HTTP/1.1 204) 5 headers in 199 bytes (1 switches on core 0)
2026-05-09 14:11:32.483 8 INFO placement.requestlog [req-792b8065-016d-40ff-ba0d-68dc475fa416 req-2fd519d3-527d-4d67-9f1d-e44011f501ac 2b32de0bad2345c587ee70302ba40408 d7200ca57d9b436e927130357270ca3a - - 35de5e7019c94037b88e1f6110b9c4fa 35de5e7019c94037b88e1f6110b9c4fa] 199.19.213.130 "GET /resource_providers/2c914e80-b49e-4834-bb8b-cdffe324807d/allocations" status: 200 len: 253 microversion: 1.0 [pid: 8|app: 0|req: 522/1042] 199.19.213.130 () {32 vars in 857 bytes} [Sat May 9 14:11:32 2026] GET /resource_providers/2c914e80-b49e-4834-bb8b-cdffe324807d/allocations => generated 253 bytes in 20 msecs (HTTP/1.1 200) 6 headers in 224 bytes (1 switches on core 0)
2026-05-09 14:11:32.501 7 INFO placement.requestlog [req-792b8065-016d-40ff-ba0d-68dc475fa416 req-e67dcc31-4f73-4e94-82ad-f1572293fc5c 2b32de0bad2345c587ee70302ba40408 d7200ca57d9b436e927130357270ca3a - - 35de5e7019c94037b88e1f6110b9c4fa 35de5e7019c94037b88e1f6110b9c4fa] 199.19.213.130 "GET /allocations/40c63b11-261e-4001-bfd6-dcee547dc6c1" status: 200 len: 258 microversion: 1.28 [pid: 7|app: 0|req: 521/1043] 199.19.213.130 () {34 vars in 863 bytes} [Sat May 9 14:11:32 2026] GET /allocations/40c63b11-261e-4001-bfd6-dcee547dc6c1 => generated 258 bytes in 11 msecs (HTTP/1.1 200) 8 headers in 296 bytes (1 switches on core 0)
2026-05-09 14:11:32.520 8 INFO placement.requestlog [req-792b8065-016d-40ff-ba0d-68dc475fa416 req-76a4fc7c-aaa6-400a-b7cf-5dae6768394a 2b32de0bad2345c587ee70302ba40408 d7200ca57d9b436e927130357270ca3a - - 35de5e7019c94037b88e1f6110b9c4fa 35de5e7019c94037b88e1f6110b9c4fa] 199.19.213.130 "GET /allocations/d625550c-dc9e-4fb7-a3c0-57d2072ef345" status: 200 len: 258 microversion: 1.28 [pid: 8|app: 0|req: 523/1044] 199.19.213.130 () {34 vars in 863 bytes} [Sat May 9 14:11:32 2026] GET /allocations/d625550c-dc9e-4fb7-a3c0-57d2072ef345 => generated 258 bytes in 12 msecs (HTTP/1.1 200) 8 headers in 296 bytes (1 switches on core 0)
2026-05-09 14:11:33.320 7 INFO placement.requestlog [req-cc2b8e22-4ada-4330-9d1d-458567c3a4cd req-b153fac2-247c-4e72-8717-7eb081086353 2b32de0bad2345c587ee70302ba40408 d7200ca57d9b436e927130357270ca3a - - 35de5e7019c94037b88e1f6110b9c4fa 35de5e7019c94037b88e1f6110b9c4fa] 199.19.213.130 "GET /allocations/d625550c-dc9e-4fb7-a3c0-57d2072ef345" status: 200 len: 258 microversion: 1.28 [pid: 7|app: 0|req: 522/1045] 199.19.213.130 () {34 vars in 863 bytes} [Sat May 9 14:11:33 2026] GET /allocations/d625550c-dc9e-4fb7-a3c0-57d2072ef345 => generated 258 bytes in 13 msecs (HTTP/1.1 200) 8 headers in 296 bytes (1 switches on core 0)
2026-05-09 14:11:33.572 8 INFO placement.requestlog [req-792b8065-016d-40ff-ba0d-68dc475fa416 req-62fe2a93-3a81-4595-8cce-6ee9ed132c6d 2b32de0bad2345c587ee70302ba40408 d7200ca57d9b436e927130357270ca3a - - 35de5e7019c94037b88e1f6110b9c4fa 35de5e7019c94037b88e1f6110b9c4fa] 199.19.213.130 "DELETE /allocations/40c63b11-261e-4001-bfd6-dcee547dc6c1" status: 204 len: 0 microversion: 1.0 [pid: 8|app: 0|req: 524/1046] 199.19.213.130 () {34 vars in 841 bytes} [Sat May 9 14:11:33 2026] DELETE /allocations/40c63b11-261e-4001-bfd6-dcee547dc6c1 => generated 0 bytes in 23 msecs (HTTP/1.1 204) 5 headers in 198 bytes (1 switches on core 0)
2026-05-09 14:11:34.587 7 INFO placement.requestlog [req-cc2b8e22-4ada-4330-9d1d-458567c3a4cd req-05ae174a-62ad-4521-b527-0e7e4d712c00 2b32de0bad2345c587ee70302ba40408 d7200ca57d9b436e927130357270ca3a - - 35de5e7019c94037b88e1f6110b9c4fa 35de5e7019c94037b88e1f6110b9c4fa] 199.19.213.130 "GET /resource_providers/2c914e80-b49e-4834-bb8b-cdffe324807d/allocations" status: 200 len: 153 microversion: 1.0 [pid: 7|app: 0|req: 523/1047] 199.19.213.130 () {32 vars in 857 bytes} [Sat May 9 14:11:34 2026] GET /resource_providers/2c914e80-b49e-4834-bb8b-cdffe324807d/allocations => generated 153 bytes in 16 msecs (HTTP/1.1 200) 6 headers in 224 bytes (1 switches on core 0)
2026-05-09 14:11:34.603 8 INFO placement.requestlog [req-cc2b8e22-4ada-4330-9d1d-458567c3a4cd req-a4158941-8d7b-424e-8ef4-e2bb484fb04e 2b32de0bad2345c587ee70302ba40408 d7200ca57d9b436e927130357270ca3a - - 35de5e7019c94037b88e1f6110b9c4fa 35de5e7019c94037b88e1f6110b9c4fa] 199.19.213.130 "GET /allocations/d625550c-dc9e-4fb7-a3c0-57d2072ef345" status: 200 len: 258 microversion: 1.28 [pid: 8|app: 0|req: 525/1048] 199.19.213.130 () {34 vars in 863 bytes} [Sat May 9 14:11:34 2026] GET /allocations/d625550c-dc9e-4fb7-a3c0-57d2072ef345 => generated 258 bytes in 11 msecs (HTTP/1.1 200) 8 headers in 296 bytes (1 switches on core 0)
2026-05-09 14:11:36.750 8 INFO placement.requestlog [None req-787877dd-31e6-4466-bdef-102500de2116 3a19e431cb154e4f891e8ac3f9c8d429 d7200ca57d9b436e927130357270ca3a - - 35de5e7019c94037b88e1f6110b9c4fa 35de5e7019c94037b88e1f6110b9c4fa] 10.0.0.254 "GET /resource_providers/0cdd0b55-9981-4078-9e29-f31442b6adc1/aggregates" status: 404 len: 235 microversion: 1.1 [pid: 8|app: 0|req: 526/1049] 10.0.0.254 () {32 vars in 816 bytes} [Sat May 9 14:11:36 2026] GET /resource_providers/0cdd0b55-9981-4078-9e29-f31442b6adc1/aggregates => generated 235 bytes in 6 msecs (HTTP/1.1 404) 5 headers in 202 bytes (1 switches on core 0)
2026-05-09 14:11:36.752 7 INFO placement.requestlog [None req-2364bdaa-4dd4-4440-a656-a9a9e70b2ea3 3a19e431cb154e4f891e8ac3f9c8d429 d7200ca57d9b436e927130357270ca3a - - 35de5e7019c94037b88e1f6110b9c4fa 35de5e7019c94037b88e1f6110b9c4fa] 10.0.0.254 "GET /resource_providers/0cdd0b55-9981-4078-9e29-f31442b6adc1/aggregates" status: 404 len: 235 microversion: 1.1 [pid: 7|app: 0|req: 524/1050] 10.0.0.254 () {32 vars in 816 bytes} [Sat May 9 14:11:36 2026] GET /resource_providers/0cdd0b55-9981-4078-9e29-f31442b6adc1/aggregates => generated 235 bytes in 9 msecs (HTTP/1.1 404) 5 headers in 202 bytes (1 switches on core 0)
2026-05-09 14:11:36.766 8 INFO placement.requestlog [None req-8f0f369a-82ee-4e6a-9958-0ee5fd7fa908 3a19e431cb154e4f891e8ac3f9c8d429 d7200ca57d9b436e927130357270ca3a - - 35de5e7019c94037b88e1f6110b9c4fa 35de5e7019c94037b88e1f6110b9c4fa] 10.0.0.254 "DELETE /resource_providers/0cdd0b55-9981-4078-9e29-f31442b6adc1" status: 404 len: 246 microversion: 1.1 [pid: 8|app: 0|req: 527/1051] 10.0.0.254 () {34 vars in 816 bytes} [Sat May 9 14:11:36 2026] DELETE /resource_providers/0cdd0b55-9981-4078-9e29-f31442b6adc1 => generated 246 bytes in 5 msecs (HTTP/1.1 404) 6 headers in 231 bytes (1 switches on core 0)
2026-05-09 14:11:36.771 7 INFO placement.requestlog [None req-84896944-2ce9-420c-9143-0b793433cbab 3a19e431cb154e4f891e8ac3f9c8d429 d7200ca57d9b436e927130357270ca3a - - 35de5e7019c94037b88e1f6110b9c4fa 35de5e7019c94037b88e1f6110b9c4fa] 10.0.0.254 "DELETE /resource_providers/0cdd0b55-9981-4078-9e29-f31442b6adc1" status: 404 len: 246 microversion: 1.1 [pid: 7|app: 0|req: 525/1052] 10.0.0.254 () {34 vars in 816 bytes} [Sat May 9 14:11:36 2026] DELETE /resource_providers/0cdd0b55-9981-4078-9e29-f31442b6adc1 => generated 246 bytes in 7 msecs (HTTP/1.1 404) 6 headers in 231 bytes (1 switches on core 0)
2026-05-09 14:11:37.493 8 INFO placement.requestlog [req-f23df2ec-7568-42a2-a2ff-e85d6593f8d3 req-90379c98-8277-4e82-a3e3-1eac056329e9 2b32de0bad2345c587ee70302ba40408 d7200ca57d9b436e927130357270ca3a - - 35de5e7019c94037b88e1f6110b9c4fa 35de5e7019c94037b88e1f6110b9c4fa] 199.19.213.130 "GET /resource_providers/2c914e80-b49e-4834-bb8b-cdffe324807d/allocations" status: 200 len: 153 microversion: 1.0 [pid: 8|app: 0|req: 528/1053] 199.19.213.130 () {32 vars in 857 bytes} [Sat May 9 14:11:37 2026] GET /resource_providers/2c914e80-b49e-4834-bb8b-cdffe324807d/allocations => generated 153 bytes in 18 msecs (HTTP/1.1 200) 6 headers in 224 bytes (1 switches on core 0)
2026-05-09 14:11:37.519 7 INFO placement.requestlog [req-f23df2ec-7568-42a2-a2ff-e85d6593f8d3 req-8a2380b7-cc5a-4056-aba5-bbe583722afc 2b32de0bad2345c587ee70302ba40408 d7200ca57d9b436e927130357270ca3a - - 35de5e7019c94037b88e1f6110b9c4fa 35de5e7019c94037b88e1f6110b9c4fa] 199.19.213.130 "GET /resource_providers/2c914e80-b49e-4834-bb8b-cdffe324807d/allocations" status: 200 len: 153 microversion: 1.0 [pid: 7|app: 0|req: 526/1054] 199.19.213.130 () {32 vars in 857 bytes} [Sat May 9 14:11:37 2026] GET /resource_providers/2c914e80-b49e-4834-bb8b-cdffe324807d/allocations => generated 153 bytes in 15 msecs (HTTP/1.1 200) 6 headers in 224 bytes (1 switches on core 0)
2026-05-09 14:11:37.541 8 INFO placement.requestlog [req-f23df2ec-7568-42a2-a2ff-e85d6593f8d3 req-3cc7b993-617c-4277-8971-4ca03ffeb4bf 2b32de0bad2345c587ee70302ba40408 d7200ca57d9b436e927130357270ca3a - - 35de5e7019c94037b88e1f6110b9c4fa 35de5e7019c94037b88e1f6110b9c4fa] 199.19.213.130 "GET /allocations/d625550c-dc9e-4fb7-a3c0-57d2072ef345" status: 200 len: 258 microversion: 1.28 [pid: 8|app: 0|req: 529/1055] 199.19.213.130 () {34 vars in 863 bytes} [Sat May 9 14:11:37 2026] GET /allocations/d625550c-dc9e-4fb7-a3c0-57d2072ef345 => generated 258 bytes in 15 msecs (HTTP/1.1 200) 8 headers in 296 bytes (1 switches on core 0)
2026-05-09 14:11:38.431 8 INFO placement.requestlog [None req-96bf70db-fb05-47ef-bd67-524942058231 - - - - - -] 10.0.0.170 "GET /" status: 200 len: 136 microversion: 1.0
2026-05-09 14:11:38.431 7 INFO placement.requestlog [None req-2cf09483-5ed7-4e83-b8a1-66d553f3aa11 - - - - - -] 10.0.0.170 "GET /" status: 200 len: 136 microversion: 1.0
2026-05-09 14:11:45.444 7 INFO placement.requestlog [None req-e0f44d84-572b-4175-bbb7-1dc6e598a47a 3a19e431cb154e4f891e8ac3f9c8d429 d7200ca57d9b436e927130357270ca3a - - 35de5e7019c94037b88e1f6110b9c4fa 35de5e7019c94037b88e1f6110b9c4fa] 10.0.0.254 "GET /resource_providers/8009a436-36ae-48ac-9d1e-0761df0883e7/aggregates" status: 404 len: 235 microversion: 1.1 [pid: 7|app: 0|req: 528/1058] 10.0.0.254 () {32 vars in 816 bytes} [Sat May 9 14:11:45 2026] GET /resource_providers/8009a436-36ae-48ac-9d1e-0761df0883e7/aggregates => generated 235 bytes in 9 msecs (HTTP/1.1 404) 5 headers in 202 bytes (1 switches on core 0)
2026-05-09 14:11:45.446 8 INFO placement.requestlog [None req-243d904f-8b05-41fa-8207-95f03047b0d6 3a19e431cb154e4f891e8ac3f9c8d429 d7200ca57d9b436e927130357270ca3a - - 35de5e7019c94037b88e1f6110b9c4fa 35de5e7019c94037b88e1f6110b9c4fa] 10.0.0.254 "GET /resource_providers/8009a436-36ae-48ac-9d1e-0761df0883e7/aggregates" status: 404 len: 235 microversion: 1.1 [pid: 8|app: 0|req: 531/1059] 10.0.0.254 () {32 vars in 816 bytes} [Sat May 9 14:11:45 2026] GET /resource_providers/8009a436-36ae-48ac-9d1e-0761df0883e7/aggregates => generated 235 bytes in 11 msecs (HTTP/1.1 404) 5 headers in 202 bytes (1 switches on core 0)
2026-05-09 14:11:45.473 7 INFO placement.requestlog [None req-7cfc5829-82b4-4111-b6e0-86dccc70bb30 3a19e431cb154e4f891e8ac3f9c8d429 d7200ca57d9b436e927130357270ca3a - - 35de5e7019c94037b88e1f6110b9c4fa 35de5e7019c94037b88e1f6110b9c4fa] 10.0.0.254 "DELETE /resource_providers/8009a436-36ae-48ac-9d1e-0761df0883e7" status: 404 len: 246 microversion: 1.1 [pid: 7|app: 0|req: 529/1060] 10.0.0.254 () {34 vars in 816 bytes} [Sat May 9 14:11:45 2026] DELETE /resource_providers/8009a436-36ae-48ac-9d1e-0761df0883e7 => generated 246 bytes in 8 msecs (HTTP/1.1 404) 6 headers in 231 bytes (1 switches on core 0)
2026-05-09 14:11:45.478 8 INFO placement.requestlog [None req-918731f2-a62c-4c45-bb74-6e4dbf729e8d 3a19e431cb154e4f891e8ac3f9c8d429 d7200ca57d9b436e927130357270ca3a - - 35de5e7019c94037b88e1f6110b9c4fa 35de5e7019c94037b88e1f6110b9c4fa] 10.0.0.254 "DELETE /resource_providers/8009a436-36ae-48ac-9d1e-0761df0883e7" status: 404 len: 246 microversion: 1.1 [pid: 8|app: 0|req: 532/1061] 10.0.0.254 () {34 vars in 816 bytes} [Sat May 9 14:11:45 2026] DELETE /resource_providers/8009a436-36ae-48ac-9d1e-0761df0883e7 => generated 246 bytes in 13 msecs (HTTP/1.1 404) 6 headers in 231 bytes (1 switches on core 0)
2026-05-09 14:11:47.496 7 INFO placement.requestlog [None req-98189c17-bb3d-4ea6-b40e-ab3e930768be 3a19e431cb154e4f891e8ac3f9c8d429 d7200ca57d9b436e927130357270ca3a - - 35de5e7019c94037b88e1f6110b9c4fa 35de5e7019c94037b88e1f6110b9c4fa] 10.0.0.254 "GET /resource_providers/399fc1f6-0efd-419f-89a3-30a90a89008a/aggregates" status: 404 len: 235 microversion: 1.1 [pid: 7|app: 0|req: 530/1062] 10.0.0.254 () {32 vars in 816 bytes} [Sat May 9 14:11:47 2026] GET /resource_providers/399fc1f6-0efd-419f-89a3-30a90a89008a/aggregates => generated 235 bytes in 9 msecs (HTTP/1.1 404) 5 headers in 202 bytes (1 switches on core 0)
2026-05-09 14:11:47.497 8 INFO placement.requestlog [None req-0ebbebf4-e6f0-41df-adfe-6f65ea702dfa 3a19e431cb154e4f891e8ac3f9c8d429 d7200ca57d9b436e927130357270ca3a - - 35de5e7019c94037b88e1f6110b9c4fa 35de5e7019c94037b88e1f6110b9c4fa] 10.0.0.254 "GET /resource_providers/399fc1f6-0efd-419f-89a3-30a90a89008a/aggregates" status: 404 len: 235 microversion: 1.1 [pid: 8|app: 0|req: 533/1063] 10.0.0.254 () {32 vars in 816 bytes} [Sat May 9 14:11:47 2026] GET /resource_providers/399fc1f6-0efd-419f-89a3-30a90a89008a/aggregates => generated 235 bytes in 8 msecs (HTTP/1.1 404) 5 headers in 202 bytes (1 switches on core 0)
2026-05-09 14:11:47.521 7 INFO placement.requestlog [None req-5a746957-cfb1-4853-837b-77be7ae2a8a3 3a19e431cb154e4f891e8ac3f9c8d429 d7200ca57d9b436e927130357270ca3a - - 35de5e7019c94037b88e1f6110b9c4fa 35de5e7019c94037b88e1f6110b9c4fa] 10.0.0.254 "DELETE /resource_providers/399fc1f6-0efd-419f-89a3-30a90a89008a" status: 404 len: 246 microversion: 1.1 [pid: 7|app: 0|req: 531/1064] 10.0.0.254 () {34 vars in 816 bytes} [Sat May 9 14:11:47 2026] DELETE /resource_providers/399fc1f6-0efd-419f-89a3-30a90a89008a => generated 246 bytes in 8 msecs (HTTP/1.1 404) 6 headers in 231 bytes (1 switches on core 0)
2026-05-09 14:11:47.527 8 INFO placement.requestlog [None req-950ed98c-aa7f-469d-9d98-0b1b073c78e1 3a19e431cb154e4f891e8ac3f9c8d429 d7200ca57d9b436e927130357270ca3a - - 35de5e7019c94037b88e1f6110b9c4fa 35de5e7019c94037b88e1f6110b9c4fa] 10.0.0.254 "DELETE /resource_providers/399fc1f6-0efd-419f-89a3-30a90a89008a" status: 404 len: 246 microversion: 1.1 [pid: 8|app: 0|req: 534/1065] 10.0.0.254 () {34 vars in 816 bytes} [Sat May 9 14:11:47 2026] DELETE /resource_providers/399fc1f6-0efd-419f-89a3-30a90a89008a => generated 246 bytes in 8 msecs (HTTP/1.1 404) 6 headers in 231 bytes (1 switches on core 0)
2026-05-09 14:11:48.430 7 INFO placement.requestlog [None req-f18bb9d0-908c-41cf-8b90-9ceabb5677e4 - - - - - -] 10.0.0.170 "GET /" status: 200 len: 136 microversion: 1.0
2026-05-09 14:11:48.431 8 INFO placement.requestlog [None req-7b5534d1-4525-4c75-96f2-fc8f948e3223 - - - - - -] 10.0.0.170 "GET /" status: 200 len: 136 microversion: 1.0
2026-05-09 14:11:50.701 8 INFO placement.requestlog [None req-8b9e82fd-f65d-4094-82b8-765967bc8825 3a19e431cb154e4f891e8ac3f9c8d429 d7200ca57d9b436e927130357270ca3a - - 35de5e7019c94037b88e1f6110b9c4fa 35de5e7019c94037b88e1f6110b9c4fa] 10.0.0.254 "GET /resource_providers/cd78f4b8-8bcb-4176-aa64-0471034e2593/aggregates" status: 404 len: 235 microversion: 1.1
2026-05-09 14:11:50.702 7 INFO placement.requestlog [None req-1c7f6bd2-25cf-4e4e-988c-d45478bb1eef 3a19e431cb154e4f891e8ac3f9c8d429 d7200ca57d9b436e927130357270ca3a - - 35de5e7019c94037b88e1f6110b9c4fa 35de5e7019c94037b88e1f6110b9c4fa] 10.0.0.254 "GET /resource_providers/cd78f4b8-8bcb-4176-aa64-0471034e2593/aggregates" status: 404 len: 235 microversion: 1.1 [pid: 7|app: 0|req: 533/1068] 10.0.0.254 () {32 vars in 816 bytes} [Sat May 9 14:11:50 2026] GET /resource_providers/cd78f4b8-8bcb-4176-aa64-0471034e2593/aggregates => generated 235 bytes in 17 msecs (HTTP/1.1 404) 5 headers in 202 bytes (1 switches on core 0) [pid: 8|app: 0|req: 536/1069] 10.0.0.254 () {32 vars in 816 bytes} [Sat May 9 14:11:50 2026] GET /resource_providers/cd78f4b8-8bcb-4176-aa64-0471034e2593/aggregates => generated 235 bytes in 15 msecs (HTTP/1.1 404) 5 headers in 202 bytes (1 switches on core 0)
2026-05-09 14:11:50.726 7 INFO placement.requestlog [None req-526d6b53-7841-4277-b60f-c5e6895b48f4 3a19e431cb154e4f891e8ac3f9c8d429 d7200ca57d9b436e927130357270ca3a - - 35de5e7019c94037b88e1f6110b9c4fa 35de5e7019c94037b88e1f6110b9c4fa] 10.0.0.254 "DELETE /resource_providers/cd78f4b8-8bcb-4176-aa64-0471034e2593" status: 404 len: 246 microversion: 1.1 [pid: 7|app: 0|req: 534/1070] 10.0.0.254 () {34 vars in 816 bytes} [Sat May 9 14:11:50 2026] DELETE /resource_providers/cd78f4b8-8bcb-4176-aa64-0471034e2593 => generated 246 bytes in 9 msecs (HTTP/1.1 404) 6 headers in 231 bytes (1 switches on core 0)
2026-05-09 14:11:50.729 8 INFO placement.requestlog [None req-98aef33a-d7be-4657-8509-5835a1fb6d4b 3a19e431cb154e4f891e8ac3f9c8d429 d7200ca57d9b436e927130357270ca3a - - 35de5e7019c94037b88e1f6110b9c4fa 35de5e7019c94037b88e1f6110b9c4fa] 10.0.0.254 "DELETE /resource_providers/cd78f4b8-8bcb-4176-aa64-0471034e2593" status: 404 len: 246 microversion: 1.1 [pid: 8|app: 0|req: 537/1071] 10.0.0.254 () {34 vars in 816 bytes} [Sat May 9 14:11:50 2026] DELETE /resource_providers/cd78f4b8-8bcb-4176-aa64-0471034e2593 => generated 246 bytes in 10 msecs (HTTP/1.1 404) 6 headers in 231 bytes (1 switches on core 0)
2026-05-09 14:11:55.282 7 INFO placement.requestlog [None req-11c2d91f-fedf-4824-b082-e856e4828ada 3a19e431cb154e4f891e8ac3f9c8d429 d7200ca57d9b436e927130357270ca3a - - 35de5e7019c94037b88e1f6110b9c4fa 35de5e7019c94037b88e1f6110b9c4fa] 10.0.0.254 "GET /resource_providers/93e3ddf2-b07b-40b8-bd83-2f644b89d56e/aggregates" status: 404 len: 235 microversion: 1.1 [pid: 7|app: 0|req: 535/1072] 10.0.0.254 () {32 vars in 816 bytes} [Sat May 9 14:11:55 2026] GET /resource_providers/93e3ddf2-b07b-40b8-bd83-2f644b89d56e/aggregates => generated 235 bytes in 9 msecs (HTTP/1.1 404) 5 headers in 202 bytes (1 switches on core 0)
2026-05-09 14:11:55.291 8 INFO placement.requestlog [None req-37e8ba5d-c723-43d8-986f-46e94eeef6a2 3a19e431cb154e4f891e8ac3f9c8d429 d7200ca57d9b436e927130357270ca3a - - 35de5e7019c94037b88e1f6110b9c4fa 35de5e7019c94037b88e1f6110b9c4fa] 10.0.0.254 "GET /resource_providers/93e3ddf2-b07b-40b8-bd83-2f644b89d56e/aggregates" status: 404 len: 235 microversion: 1.1 [pid: 8|app: 0|req: 538/1073] 10.0.0.254 () {32 vars in 816 bytes} [Sat May 9 14:11:55 2026] GET /resource_providers/93e3ddf2-b07b-40b8-bd83-2f644b89d56e/aggregates => generated 235 bytes in 10 msecs (HTTP/1.1 404) 5 headers in 202 bytes (1 switches on core 0)
2026-05-09 14:11:55.304 7 INFO placement.requestlog [None req-73eb17fd-1658-4686-843a-673ff764d7e2 3a19e431cb154e4f891e8ac3f9c8d429 d7200ca57d9b436e927130357270ca3a - - 35de5e7019c94037b88e1f6110b9c4fa 35de5e7019c94037b88e1f6110b9c4fa] 10.0.0.254 "DELETE /resource_providers/93e3ddf2-b07b-40b8-bd83-2f644b89d56e" status: 404 len: 246 microversion: 1.1 [pid: 7|app: 0|req: 536/1074] 10.0.0.254 () {34 vars in 816 bytes} [Sat May 9 14:11:55 2026] DELETE /resource_providers/93e3ddf2-b07b-40b8-bd83-2f644b89d56e => generated 246 bytes in 9 msecs (HTTP/1.1 404) 6 headers in 231 bytes (1 switches on core 0)
2026-05-09 14:11:55.309 8 INFO placement.requestlog [None req-29ad4d15-f742-494b-958a-418727ae5728 3a19e431cb154e4f891e8ac3f9c8d429 d7200ca57d9b436e927130357270ca3a - - 35de5e7019c94037b88e1f6110b9c4fa 35de5e7019c94037b88e1f6110b9c4fa] 10.0.0.254 "DELETE /resource_providers/93e3ddf2-b07b-40b8-bd83-2f644b89d56e" status: 404 len: 246 microversion: 1.1 [pid: 8|app: 0|req: 539/1075] 10.0.0.254 () {34 vars in 816 bytes} [Sat May 9 14:11:55 2026] DELETE /resource_providers/93e3ddf2-b07b-40b8-bd83-2f644b89d56e => generated 246 bytes in 8 msecs (HTTP/1.1 404) 6 headers in 231 bytes (1 switches on core 0)
2026-05-09 14:11:58.431 7 INFO placement.requestlog [None req-43aa4077-4cbe-4ed9-b5f9-0cc46c669b1a - - - - - -] 10.0.0.170 "GET /" status: 200 len: 136 microversion: 1.0
2026-05-09 14:11:58.433 8 INFO placement.requestlog [None req-735662c2-5120-404b-a09b-45533a3a92c6 - - - - - -] 10.0.0.170 "GET /" status: 200 len: 136 microversion: 1.0
2026-05-09 14:12:02.224 8 INFO placement.requestlog [None req-60cd1ceb-0ca1-4545-9f76-1168a6ed29f0 3a19e431cb154e4f891e8ac3f9c8d429 d7200ca57d9b436e927130357270ca3a - - 35de5e7019c94037b88e1f6110b9c4fa 35de5e7019c94037b88e1f6110b9c4fa] 10.0.0.254 "GET /resource_providers/9abcb5d2-befe-4869-81c2-58c7796f7714/aggregates" status: 404 len: 235 microversion: 1.1 [pid: 8|app: 0|req: 541/1078] 10.0.0.254 () {32 vars in 816 bytes} [Sat May 9 14:12:02 2026] GET /resource_providers/9abcb5d2-befe-4869-81c2-58c7796f7714/aggregates => generated 235 bytes in 7 msecs (HTTP/1.1 404) 5 headers in 202 bytes (1 switches on core 0)
2026-05-09 14:12:02.224 7 INFO placement.requestlog [None req-9e2d5950-3616-49a7-984d-468a90df827d 3a19e431cb154e4f891e8ac3f9c8d429 d7200ca57d9b436e927130357270ca3a - - 35de5e7019c94037b88e1f6110b9c4fa 35de5e7019c94037b88e1f6110b9c4fa] 10.0.0.254 "GET /resource_providers/9abcb5d2-befe-4869-81c2-58c7796f7714/aggregates" status: 404 len: 235 microversion: 1.1 [pid: 7|app: 0|req: 538/1079] 10.0.0.254 () {32 vars in 816 bytes} [Sat May 9 14:12:02 2026] GET /resource_providers/9abcb5d2-befe-4869-81c2-58c7796f7714/aggregates => generated 235 bytes in 10 msecs (HTTP/1.1 404) 5 headers in 202 bytes (1 switches on core 0)
2026-05-09 14:12:02.247 8 INFO placement.requestlog [None req-9ba1ee32-2f7c-43bf-b3c0-23217838c5b8 3a19e431cb154e4f891e8ac3f9c8d429 d7200ca57d9b436e927130357270ca3a - - 35de5e7019c94037b88e1f6110b9c4fa 35de5e7019c94037b88e1f6110b9c4fa] 10.0.0.254 "DELETE /resource_providers/9abcb5d2-befe-4869-81c2-58c7796f7714" status: 404 len: 246 microversion: 1.1
2026-05-09 14:12:02.247 7 INFO placement.requestlog [None req-a34e7e2d-5ce9-4a66-b630-83fb40323983 3a19e431cb154e4f891e8ac3f9c8d429 d7200ca57d9b436e927130357270ca3a - - 35de5e7019c94037b88e1f6110b9c4fa 35de5e7019c94037b88e1f6110b9c4fa] 10.0.0.254 "DELETE /resource_providers/9abcb5d2-befe-4869-81c2-58c7796f7714" status: 404 len: 246 microversion: 1.1 [pid: 7|app: 0|req: 539/1080] 10.0.0.254 () {34 vars in 816 bytes} [Sat May 9 14:12:02 2026] DELETE /resource_providers/9abcb5d2-befe-4869-81c2-58c7796f7714 => generated 246 bytes in 10 msecs (HTTP/1.1 404) 6 headers in 231 bytes (1 switches on core 0) [pid: 8|app: 0|req: 542/1081] 10.0.0.254 () {34 vars in 816 bytes} [Sat May 9 14:12:02 2026] DELETE /resource_providers/9abcb5d2-befe-4869-81c2-58c7796f7714 => generated 246 bytes in 12 msecs (HTTP/1.1 404) 6 headers in 231 bytes (1 switches on core 0)
2026-05-09 14:12:04.270 8 INFO placement.requestlog [None req-ab66dd86-53df-4b95-8509-04e0a8fa3c35 3a19e431cb154e4f891e8ac3f9c8d429 d7200ca57d9b436e927130357270ca3a - - 35de5e7019c94037b88e1f6110b9c4fa 35de5e7019c94037b88e1f6110b9c4fa] 10.0.0.254 "GET /resource_providers/ff330e0d-e170-4a78-8d93-e474549f36e4/aggregates" status: 404 len: 235 microversion: 1.1 [pid: 8|app: 0|req: 543/1082] 10.0.0.254 () {32 vars in 816 bytes} [Sat May 9 14:12:04 2026] GET /resource_providers/ff330e0d-e170-4a78-8d93-e474549f36e4/aggregates => generated 235 bytes in 9 msecs (HTTP/1.1 404) 5 headers in 202 bytes (1 switches on core 0)
2026-05-09 14:12:04.274 7 INFO placement.requestlog [None req-ba340f58-d30a-4496-ba4b-ecc7e243c0c8 3a19e431cb154e4f891e8ac3f9c8d429 d7200ca57d9b436e927130357270ca3a - - 35de5e7019c94037b88e1f6110b9c4fa 35de5e7019c94037b88e1f6110b9c4fa] 10.0.0.254 "GET /resource_providers/ff330e0d-e170-4a78-8d93-e474549f36e4/aggregates" status: 404 len: 235 microversion: 1.1 [pid: 7|app: 0|req: 540/1083] 10.0.0.254 () {32 vars in 816 bytes} [Sat May 9 14:12:04 2026] GET /resource_providers/ff330e0d-e170-4a78-8d93-e474549f36e4/aggregates => generated 235 bytes in 13 msecs (HTTP/1.1 404) 5 headers in 202 bytes (1 switches on core 0)
2026-05-09 14:12:04.293 8 INFO placement.requestlog [None req-6c268fd2-0e1c-49fd-afd8-ea57ae5594d3 3a19e431cb154e4f891e8ac3f9c8d429 d7200ca57d9b436e927130357270ca3a - - 35de5e7019c94037b88e1f6110b9c4fa 35de5e7019c94037b88e1f6110b9c4fa] 10.0.0.254 "DELETE /resource_providers/ff330e0d-e170-4a78-8d93-e474549f36e4" status: 404 len: 246 microversion: 1.1 [pid: 8|app: 0|req: 544/1084] 10.0.0.254 () {34 vars in 816 bytes} [Sat May 9 14:12:04 2026] DELETE /resource_providers/ff330e0d-e170-4a78-8d93-e474549f36e4 => generated 246 bytes in 10 msecs (HTTP/1.1 404) 6 headers in 231 bytes (1 switches on core 0)
2026-05-09 14:12:04.308 8 INFO placement.requestlog [None req-9d12fc62-b648-4e7e-8886-98f7ec2b45c5 3a19e431cb154e4f891e8ac3f9c8d429 d7200ca57d9b436e927130357270ca3a - - 35de5e7019c94037b88e1f6110b9c4fa 35de5e7019c94037b88e1f6110b9c4fa] 10.0.0.254 "GET /resource_providers/2b7fa9b9-6761-45e8-9e3c-5ff9971e7e59/aggregates" status: 404 len: 235 microversion: 1.1 [pid: 8|app: 0|req: 545/1085] 10.0.0.254 () {32 vars in 816 bytes} [Sat May 9 14:12:04 2026] GET /resource_providers/2b7fa9b9-6761-45e8-9e3c-5ff9971e7e59/aggregates => generated 235 bytes in 8 msecs (HTTP/1.1 404) 5 headers in 202 bytes (1 switches on core 0)
2026-05-09 14:12:04.315 7 INFO placement.requestlog [None req-d295000e-f107-4682-b22a-8c72d9b1c7d8 3a19e431cb154e4f891e8ac3f9c8d429 d7200ca57d9b436e927130357270ca3a - - 35de5e7019c94037b88e1f6110b9c4fa 35de5e7019c94037b88e1f6110b9c4fa] 10.0.0.254 "DELETE /resource_providers/ff330e0d-e170-4a78-8d93-e474549f36e4" status: 404 len: 246 microversion: 1.1 [pid: 7|app: 0|req: 541/1086] 10.0.0.254 () {34 vars in 816 bytes} [Sat May 9 14:12:04 2026] DELETE /resource_providers/ff330e0d-e170-4a78-8d93-e474549f36e4 => generated 246 bytes in 19 msecs (HTTP/1.1 404) 6 headers in 231 bytes (1 switches on core 0)
2026-05-09 14:12:04.331 8 INFO placement.requestlog [None req-99c300d7-f17d-4b48-8caf-5d4ff89558e3 3a19e431cb154e4f891e8ac3f9c8d429 d7200ca57d9b436e927130357270ca3a - - 35de5e7019c94037b88e1f6110b9c4fa 35de5e7019c94037b88e1f6110b9c4fa] 10.0.0.254 "DELETE /resource_providers/2b7fa9b9-6761-45e8-9e3c-5ff9971e7e59" status: 404 len: 246 microversion: 1.1 [pid: 8|app: 0|req: 546/1087] 10.0.0.254 () {34 vars in 816 bytes} [Sat May 9 14:12:04 2026] DELETE /resource_providers/2b7fa9b9-6761-45e8-9e3c-5ff9971e7e59 => generated 246 bytes in 8 msecs (HTTP/1.1 404) 6 headers in 231 bytes (1 switches on core 0)
2026-05-09 14:12:04.347 8 INFO placement.requestlog [None req-76efdfbd-fd52-4290-adb1-321034396371 3a19e431cb154e4f891e8ac3f9c8d429 d7200ca57d9b436e927130357270ca3a - - 35de5e7019c94037b88e1f6110b9c4fa 35de5e7019c94037b88e1f6110b9c4fa] 10.0.0.254 "GET /resource_providers/e7d03036-ace5-42a1-9067-4c9714adb82c/aggregates" status: 404 len: 235 microversion: 1.1 [pid: 8|app: 0|req: 547/1088] 10.0.0.254 () {32 vars in 816 bytes} [Sat May 9 14:12:04 2026] GET /resource_providers/e7d03036-ace5-42a1-9067-4c9714adb82c/aggregates => generated 235 bytes in 8 msecs (HTTP/1.1 404) 5 headers in 202 bytes (1 switches on core 0)
2026-05-09 14:12:04.348 7 INFO placement.requestlog [None req-15586b71-3864-4734-a8a8-46670350d3f2 3a19e431cb154e4f891e8ac3f9c8d429 d7200ca57d9b436e927130357270ca3a - - 35de5e7019c94037b88e1f6110b9c4fa 35de5e7019c94037b88e1f6110b9c4fa] 10.0.0.254 "GET /resource_providers/2b7fa9b9-6761-45e8-9e3c-5ff9971e7e59/aggregates" status: 404 len: 235 microversion: 1.1 [pid: 7|app: 0|req: 542/1089] 10.0.0.254 () {32 vars in 816 bytes} [Sat May 9 14:12:04 2026] GET /resource_providers/2b7fa9b9-6761-45e8-9e3c-5ff9971e7e59/aggregates => generated 235 bytes in 18 msecs (HTTP/1.1 404) 5 headers in 202 bytes (1 switches on core 0)
2026-05-09 14:12:04.372 8 INFO placement.requestlog [None req-994ab33c-b4ce-4583-a03b-d03925e9e336 3a19e431cb154e4f891e8ac3f9c8d429 d7200ca57d9b436e927130357270ca3a - - 35de5e7019c94037b88e1f6110b9c4fa 35de5e7019c94037b88e1f6110b9c4fa] 10.0.0.254 "DELETE /resource_providers/2b7fa9b9-6761-45e8-9e3c-5ff9971e7e59" status: 404 len: 246 microversion: 1.1 [pid: 8|app: 0|req: 548/1090] 10.0.0.254 () {34 vars in 816 bytes} [Sat May 9 14:12:04 2026] DELETE /resource_providers/2b7fa9b9-6761-45e8-9e3c-5ff9971e7e59 => generated 246 bytes in 10 msecs (HTTP/1.1 404) 6 headers in 231 bytes (1 switches on core 0)
2026-05-09 14:12:04.377 7 INFO placement.requestlog [None req-32b0fec6-8a15-44af-a7b2-dab5c4f6f77a 3a19e431cb154e4f891e8ac3f9c8d429 d7200ca57d9b436e927130357270ca3a - - 35de5e7019c94037b88e1f6110b9c4fa 35de5e7019c94037b88e1f6110b9c4fa] 10.0.0.254 "DELETE /resource_providers/e7d03036-ace5-42a1-9067-4c9714adb82c" status: 404 len: 246 microversion: 1.1 [pid: 7|app: 0|req: 543/1091] 10.0.0.254 () {34 vars in 816 bytes} [Sat May 9 14:12:04 2026] DELETE /resource_providers/e7d03036-ace5-42a1-9067-4c9714adb82c => generated 246 bytes in 14 msecs (HTTP/1.1 404) 6 headers in 231 bytes (1 switches on core 0)
2026-05-09 14:12:04.395 8 INFO placement.requestlog [None req-ee386296-ec67-4cbc-aba0-db83f4a7b80d 3a19e431cb154e4f891e8ac3f9c8d429 d7200ca57d9b436e927130357270ca3a - - 35de5e7019c94037b88e1f6110b9c4fa 35de5e7019c94037b88e1f6110b9c4fa] 10.0.0.254 "GET /resource_providers/e7d03036-ace5-42a1-9067-4c9714adb82c/aggregates" status: 404 len: 235 microversion: 1.1 [pid: 8|app: 0|req: 549/1092] 10.0.0.254 () {32 vars in 816 bytes} [Sat May 9 14:12:04 2026] GET /resource_providers/e7d03036-ace5-42a1-9067-4c9714adb82c/aggregates => generated 235 bytes in 9 msecs (HTTP/1.1 404) 5 headers in 202 bytes (1 switches on core 0)
2026-05-09 14:12:04.407 7 INFO placement.requestlog [None req-97ef525c-90fc-4dbd-8494-6b31f7593bfa 3a19e431cb154e4f891e8ac3f9c8d429 d7200ca57d9b436e927130357270ca3a - - 35de5e7019c94037b88e1f6110b9c4fa 35de5e7019c94037b88e1f6110b9c4fa] 10.0.0.254 "GET /resource_providers/15dbc69d-f4de-41c5-8c1b-99cab2569f66/aggregates" status: 404 len: 235 microversion: 1.1 [pid: 7|app: 0|req: 544/1093] 10.0.0.254 () {32 vars in 816 bytes} [Sat May 9 14:12:04 2026] GET /resource_providers/15dbc69d-f4de-41c5-8c1b-99cab2569f66/aggregates => generated 235 bytes in 10 msecs (HTTP/1.1 404) 5 headers in 202 bytes (1 switches on core 0)
2026-05-09 14:12:04.420 8 INFO placement.requestlog [None req-5204d572-d285-4965-b347-0299a4ee0a56 3a19e431cb154e4f891e8ac3f9c8d429 d7200ca57d9b436e927130357270ca3a - - 35de5e7019c94037b88e1f6110b9c4fa 35de5e7019c94037b88e1f6110b9c4fa] 10.0.0.254 "DELETE /resource_providers/e7d03036-ace5-42a1-9067-4c9714adb82c" status: 404 len: 246 microversion: 1.1 [pid: 8|app: 0|req: 550/1094] 10.0.0.254 () {34 vars in 816 bytes} [Sat May 9 14:12:04 2026] DELETE /resource_providers/e7d03036-ace5-42a1-9067-4c9714adb82c => generated 246 bytes in 10 msecs (HTTP/1.1 404) 6 headers in 231 bytes (1 switches on core 0)
2026-05-09 14:12:04.438 8 INFO placement.requestlog [None req-60bd018b-741a-46d2-aa40-2b96b5af0fc7 3a19e431cb154e4f891e8ac3f9c8d429 d7200ca57d9b436e927130357270ca3a - - 35de5e7019c94037b88e1f6110b9c4fa 35de5e7019c94037b88e1f6110b9c4fa] 10.0.0.254 "GET /resource_providers/15dbc69d-f4de-41c5-8c1b-99cab2569f66/aggregates" status: 404 len: 235 microversion: 1.1 [pid: 8|app: 0|req: 551/1095] 10.0.0.254 () {32 vars in 816 bytes} [Sat May 9 14:12:04 2026] GET /resource_providers/15dbc69d-f4de-41c5-8c1b-99cab2569f66/aggregates => generated 235 bytes in 8 msecs (HTTP/1.1 404) 5 headers in 202 bytes (1 switches on core 0)
2026-05-09 14:12:04.445 7 INFO placement.requestlog [None req-ae37c46d-ce38-46ba-b3bc-721b02f371d2 3a19e431cb154e4f891e8ac3f9c8d429 d7200ca57d9b436e927130357270ca3a - - 35de5e7019c94037b88e1f6110b9c4fa 35de5e7019c94037b88e1f6110b9c4fa] 10.0.0.254 "DELETE /resource_providers/15dbc69d-f4de-41c5-8c1b-99cab2569f66" status: 404 len: 246 microversion: 1.1 [pid: 7|app: 0|req: 545/1096] 10.0.0.254 () {34 vars in 816 bytes} [Sat May 9 14:12:04 2026] DELETE /resource_providers/15dbc69d-f4de-41c5-8c1b-99cab2569f66 => generated 246 bytes in 16 msecs (HTTP/1.1 404) 6 headers in 231 bytes (1 switches on core 0)
2026-05-09 14:12:04.455 8 INFO placement.requestlog [None req-53b0f5b7-9e87-4747-91a8-b64ae2bfcd15 3a19e431cb154e4f891e8ac3f9c8d429 d7200ca57d9b436e927130357270ca3a - - 35de5e7019c94037b88e1f6110b9c4fa 35de5e7019c94037b88e1f6110b9c4fa] 10.0.0.254 "DELETE /resource_providers/15dbc69d-f4de-41c5-8c1b-99cab2569f66" status: 404 len: 246 microversion: 1.1 [pid: 8|app: 0|req: 552/1097] 10.0.0.254 () {34 vars in 816 bytes} [Sat May 9 14:12:04 2026] DELETE /resource_providers/15dbc69d-f4de-41c5-8c1b-99cab2569f66 => generated 246 bytes in 9 msecs (HTTP/1.1 404) 6 headers in 231 bytes (1 switches on core 0)
2026-05-09 14:12:07.273 7 INFO placement.requestlog [req-a8aacafd-a22f-4d4b-ba31-3ebfe75b6d42 req-ff76f356-ab41-42ad-81bb-695f0aba799d 2b32de0bad2345c587ee70302ba40408 d7200ca57d9b436e927130357270ca3a - - 35de5e7019c94037b88e1f6110b9c4fa 35de5e7019c94037b88e1f6110b9c4fa] 10.0.0.193 "GET /allocation_candidates?limit=1000&resources=DISK_GB%3A1%2CMEMORY_MB%3A512%2CVCPU%3A1&root_required=%21COMPUTE_STATUS_DISABLED" status: 200 len: 2642 microversion: 1.36 [pid: 7|app: 0|req: 546/1098] 10.0.0.193 () {34 vars in 1012 bytes} [Sat May 9 14:12:07 2026] GET /allocation_candidates?limit=1000&resources=DISK_GB%3A1%2CMEMORY_MB%3A512%2CVCPU%3A1&root_required=%21COMPUTE_STATUS_DISABLED => generated 2642 bytes in 204 msecs (HTTP/1.1 200) 8 headers in 297 bytes (1 switches on core 0)
2026-05-09 14:12:07.303 8 INFO placement.requestlog [req-a8aacafd-a22f-4d4b-ba31-3ebfe75b6d42 req-0146e33b-2464-49a0-a47a-2eb305e09c3f 2b32de0bad2345c587ee70302ba40408 d7200ca57d9b436e927130357270ca3a - - 35de5e7019c94037b88e1f6110b9c4fa 35de5e7019c94037b88e1f6110b9c4fa] 10.0.0.193 "GET /allocations/07f462e6-2e3b-4d24-b9c3-6e7a7abaa956" status: 200 len: 19 microversion: 1.28 [pid: 8|app: 0|req: 553/1099] 10.0.0.193 () {34 vars in 861 bytes} [Sat May 9 14:12:07 2026] GET /allocations/07f462e6-2e3b-4d24-b9c3-6e7a7abaa956 => generated 19 bytes in 15 msecs (HTTP/1.1 200) 8 headers in 295 bytes (1 switches on core 0)
2026-05-09 14:12:07.370 7 INFO placement.requestlog [req-a8aacafd-a22f-4d4b-ba31-3ebfe75b6d42 req-4ad8ed3e-b1e2-41a9-8893-b55017a935b0 2b32de0bad2345c587ee70302ba40408 d7200ca57d9b436e927130357270ca3a - - 35de5e7019c94037b88e1f6110b9c4fa 35de5e7019c94037b88e1f6110b9c4fa] 10.0.0.193 "PUT /allocations/07f462e6-2e3b-4d24-b9c3-6e7a7abaa956" status: 204 len: 0 microversion: 1.36 [pid: 7|app: 0|req: 547/1100] 10.0.0.193 () {38 vars in 914 bytes} [Sat May 9 14:12:07 2026] PUT /allocations/07f462e6-2e3b-4d24-b9c3-6e7a7abaa956 => generated 0 bytes in 58 msecs (HTTP/1.1 204) 5 headers in 199 bytes (1 switches on core 0)
2026-05-09 14:12:08.431 8 INFO placement.requestlog [None req-bfeb02cd-d59e-4546-98a1-47febbb664ba - - - - - -] 10.0.0.170 "GET /" status: 200 len: 136 microversion: 1.0
2026-05-09 14:12:08.431 7 INFO placement.requestlog [None req-c87732b8-b281-44a7-b4ff-381a8a773b38 - - - - - -] 10.0.0.170 "GET /" status: 200 len: 136 microversion: 1.0
2026-05-09 14:12:08.698 8 INFO placement.requestlog [req-a8aacafd-a22f-4d4b-ba31-3ebfe75b6d42 req-ef8e5e83-0db3-4d73-80b1-959594ae0a42 2b32de0bad2345c587ee70302ba40408 d7200ca57d9b436e927130357270ca3a - - 35de5e7019c94037b88e1f6110b9c4fa 35de5e7019c94037b88e1f6110b9c4fa] 199.19.213.130 "GET /allocations/07f462e6-2e3b-4d24-b9c3-6e7a7abaa956" status: 200 len: 258 microversion: 1.28 [pid: 8|app: 0|req: 555/1103] 199.19.213.130 () {34 vars in 863 bytes} [Sat May 9 14:12:08 2026] GET /allocations/07f462e6-2e3b-4d24-b9c3-6e7a7abaa956 => generated 258 bytes in 14 msecs (HTTP/1.1 200) 8 headers in 296 bytes (1 switches on core 0)
2026-05-09 14:12:09.740 7 INFO placement.requestlog [req-a8aacafd-a22f-4d4b-ba31-3ebfe75b6d42 req-3be507fe-77ec-49a4-8eb2-84f860571252 2b32de0bad2345c587ee70302ba40408 d7200ca57d9b436e927130357270ca3a - - 35de5e7019c94037b88e1f6110b9c4fa 35de5e7019c94037b88e1f6110b9c4fa] 199.19.213.130 "GET /resource_providers/2c914e80-b49e-4834-bb8b-cdffe324807d/allocations" status: 200 len: 253 microversion: 1.0 [pid: 7|app: 0|req: 549/1104] 199.19.213.130 () {32 vars in 857 bytes} [Sat May 9 14:12:09 2026] GET /resource_providers/2c914e80-b49e-4834-bb8b-cdffe324807d/allocations => generated 253 bytes in 14 msecs (HTTP/1.1 200) 6 headers in 224 bytes (1 switches on core 0)
2026-05-09 14:12:09.759 8 INFO placement.requestlog [req-a8aacafd-a22f-4d4b-ba31-3ebfe75b6d42 req-3fd5567a-888b-4b3c-abcb-13059ae5286f 2b32de0bad2345c587ee70302ba40408 d7200ca57d9b436e927130357270ca3a - - 35de5e7019c94037b88e1f6110b9c4fa 35de5e7019c94037b88e1f6110b9c4fa] 199.19.213.130 "GET /allocations/07f462e6-2e3b-4d24-b9c3-6e7a7abaa956" status: 200 len: 258 microversion: 1.28 [pid: 8|app: 0|req: 556/1105] 199.19.213.130 () {34 vars in 863 bytes} [Sat May 9 14:12:09 2026] GET /allocations/07f462e6-2e3b-4d24-b9c3-6e7a7abaa956 => generated 258 bytes in 11 msecs (HTTP/1.1 200) 8 headers in 296 bytes (1 switches on core 0)
2026-05-09 14:12:09.780 7 INFO placement.requestlog [req-a8aacafd-a22f-4d4b-ba31-3ebfe75b6d42 req-769b0dcf-8e95-4e2f-a5e1-92bdf3114443 2b32de0bad2345c587ee70302ba40408 d7200ca57d9b436e927130357270ca3a - - 35de5e7019c94037b88e1f6110b9c4fa 35de5e7019c94037b88e1f6110b9c4fa] 199.19.213.130 "GET /allocations/d625550c-dc9e-4fb7-a3c0-57d2072ef345" status: 200 len: 258 microversion: 1.28 [pid: 7|app: 0|req: 550/1106] 199.19.213.130 () {34 vars in 863 bytes} [Sat May 9 14:12:09 2026] GET /allocations/d625550c-dc9e-4fb7-a3c0-57d2072ef345 => generated 258 bytes in 13 msecs (HTTP/1.1 200) 8 headers in 296 bytes (1 switches on core 0)
2026-05-09 14:12:12.356 8 INFO placement.requestlog [None req-a02342c2-e3a5-4f93-8846-a3e8cae6c33e 3a19e431cb154e4f891e8ac3f9c8d429 d7200ca57d9b436e927130357270ca3a - - 35de5e7019c94037b88e1f6110b9c4fa 35de5e7019c94037b88e1f6110b9c4fa] 10.0.0.254 "GET /resource_providers/9dc0ebf9-c22b-462c-8a03-6482ab7cb7c6/aggregates" status: 404 len: 235 microversion: 1.1 [pid: 8|app: 0|req: 557/1107] 10.0.0.254 () {32 vars in 816 bytes} [Sat May 9 14:12:12 2026] GET /resource_providers/9dc0ebf9-c22b-462c-8a03-6482ab7cb7c6/aggregates => generated 235 bytes in 9 msecs (HTTP/1.1 404) 5 headers in 202 bytes (1 switches on core 0)
2026-05-09 14:12:12.358 7 INFO placement.requestlog [None req-497b0645-fe62-40d4-abed-5aafd92f48a3 3a19e431cb154e4f891e8ac3f9c8d429 d7200ca57d9b436e927130357270ca3a - - 35de5e7019c94037b88e1f6110b9c4fa 35de5e7019c94037b88e1f6110b9c4fa] 10.0.0.254 "GET /resource_providers/9dc0ebf9-c22b-462c-8a03-6482ab7cb7c6/aggregates" status: 404 len: 235 microversion: 1.1 [pid: 7|app: 0|req: 551/1108] 10.0.0.254 () {32 vars in 816 bytes} [Sat May 9 14:12:12 2026] GET /resource_providers/9dc0ebf9-c22b-462c-8a03-6482ab7cb7c6/aggregates => generated 235 bytes in 9 msecs (HTTP/1.1 404) 5 headers in 202 bytes (1 switches on core 0)
2026-05-09 14:12:12.376 8 INFO placement.requestlog [None req-8757dfa6-d18b-479a-a0f6-c831a327ba42 3a19e431cb154e4f891e8ac3f9c8d429 d7200ca57d9b436e927130357270ca3a - - 35de5e7019c94037b88e1f6110b9c4fa 35de5e7019c94037b88e1f6110b9c4fa] 10.0.0.254 "DELETE /resource_providers/9dc0ebf9-c22b-462c-8a03-6482ab7cb7c6" status: 404 len: 246 microversion: 1.1 [pid: 8|app: 0|req: 558/1109] 10.0.0.254 () {34 vars in 816 bytes} [Sat May 9 14:12:12 2026] DELETE /resource_providers/9dc0ebf9-c22b-462c-8a03-6482ab7cb7c6 => generated 246 bytes in 9 msecs (HTTP/1.1 404) 6 headers in 231 bytes (1 switches on core 0)
2026-05-09 14:12:12.380 7 INFO placement.requestlog [None req-2d3867ff-70c4-45be-9e28-82793aa582c2 3a19e431cb154e4f891e8ac3f9c8d429 d7200ca57d9b436e927130357270ca3a - - 35de5e7019c94037b88e1f6110b9c4fa 35de5e7019c94037b88e1f6110b9c4fa] 10.0.0.254 "DELETE /resource_providers/9dc0ebf9-c22b-462c-8a03-6482ab7cb7c6" status: 404 len: 246 microversion: 1.1 [pid: 7|app: 0|req: 552/1110] 10.0.0.254 () {34 vars in 816 bytes} [Sat May 9 14:12:12 2026] DELETE /resource_providers/9dc0ebf9-c22b-462c-8a03-6482ab7cb7c6 => generated 246 bytes in 7 msecs (HTTP/1.1 404) 6 headers in 231 bytes (1 switches on core 0)
2026-05-09 14:12:16.841 8 INFO placement.requestlog [None req-9117c1b5-68e5-4645-b4c6-f380458cc6b6 3a19e431cb154e4f891e8ac3f9c8d429 d7200ca57d9b436e927130357270ca3a - - 35de5e7019c94037b88e1f6110b9c4fa 35de5e7019c94037b88e1f6110b9c4fa] 10.0.0.254 "GET /resource_providers/e0a7ed89-9737-4176-b733-6c5d93da23e9/aggregates" status: 404 len: 235 microversion: 1.1 [pid: 8|app: 0|req: 559/1111] 10.0.0.254 () {32 vars in 816 bytes} [Sat May 9 14:12:16 2026] GET /resource_providers/e0a7ed89-9737-4176-b733-6c5d93da23e9/aggregates => generated 235 bytes in 162 msecs (HTTP/1.1 404) 5 headers in 202 bytes (1 switches on core 0)
2026-05-09 14:12:16.851 7 INFO placement.requestlog [None req-cfb18aaa-d890-466d-80fd-bcfae47a3e1e 3a19e431cb154e4f891e8ac3f9c8d429 d7200ca57d9b436e927130357270ca3a - - 35de5e7019c94037b88e1f6110b9c4fa 35de5e7019c94037b88e1f6110b9c4fa] 10.0.0.254 "GET /resource_providers/e0a7ed89-9737-4176-b733-6c5d93da23e9/aggregates" status: 404 len: 235 microversion: 1.1 [pid: 7|app: 0|req: 553/1112] 10.0.0.254 () {32 vars in 816 bytes} [Sat May 9 14:12:16 2026] GET /resource_providers/e0a7ed89-9737-4176-b733-6c5d93da23e9/aggregates => generated 235 bytes in 172 msecs (HTTP/1.1 404) 5 headers in 202 bytes (1 switches on core 0)
2026-05-09 14:12:16.860 8 INFO placement.requestlog [None req-19555ecd-adfc-42ed-bb38-2a8be701e789 3a19e431cb154e4f891e8ac3f9c8d429 d7200ca57d9b436e927130357270ca3a - - 35de5e7019c94037b88e1f6110b9c4fa 35de5e7019c94037b88e1f6110b9c4fa] 10.0.0.254 "DELETE /resource_providers/e0a7ed89-9737-4176-b733-6c5d93da23e9" status: 404 len: 246 microversion: 1.1 [pid: 8|app: 0|req: 560/1113] 10.0.0.254 () {34 vars in 816 bytes} [Sat May 9 14:12:16 2026] DELETE /resource_providers/e0a7ed89-9737-4176-b733-6c5d93da23e9 => generated 246 bytes in 10 msecs (HTTP/1.1 404) 6 headers in 231 bytes (1 switches on core 0)
2026-05-09 14:12:16.863 7 INFO placement.requestlog [None req-5c05cb72-d33c-46ea-91d4-2a78e261593e 3a19e431cb154e4f891e8ac3f9c8d429 d7200ca57d9b436e927130357270ca3a - - 35de5e7019c94037b88e1f6110b9c4fa 35de5e7019c94037b88e1f6110b9c4fa] 10.0.0.254 "DELETE /resource_providers/e0a7ed89-9737-4176-b733-6c5d93da23e9" status: 404 len: 246 microversion: 1.1 [pid: 7|app: 0|req: 554/1114] 10.0.0.254 () {34 vars in 816 bytes} [Sat May 9 14:12:16 2026] DELETE /resource_providers/e0a7ed89-9737-4176-b733-6c5d93da23e9 => generated 246 bytes in 7 msecs (HTTP/1.1 404) 6 headers in 231 bytes (1 switches on core 0)
2026-05-09 14:12:18.433 7 INFO placement.requestlog [None req-00bc8596-2ce3-4267-911b-2b266bf1ea08 - - - - - -] 10.0.0.170 "GET /" status: 200 len: 136 microversion: 1.0
2026-05-09 14:12:18.434 8 INFO placement.requestlog [None req-cb517c9b-56d0-4d5e-b746-5996be81e708 - - - - - -] 10.0.0.170 "GET /" status: 200 len: 136 microversion: 1.0
