Jun 23 17:09:45.164427 np0000182575 devstack@neutron-api.service[104012]: INFO neutron.api.extensions [None req-ffed9e1d-96b3-4f26-875b-fbc51ac533bf None None] Loaded extension: standard-attr-description
Jun 23 17:09:45.164427 np0000182575 devstack@neutron-api.service[104012]: DEBUG neutron.api.extensions [None req-ffed9e1d-96b3-4f26-875b-fbc51ac533bf None None] Loading extension file: stateful_security_group.py {{(pid=104012) _load_all_extensions_from_path /opt/stack/neutron/neutron/api/extensions.py:449}}
Jun 23 17:09:45.164427 np0000182575 devstack@neutron-api.service[104012]: DEBUG neutron.api.extensions [None req-ffed9e1d-96b3-4f26-875b-fbc51ac533bf None None] Ext name="Stateful security group" alias="stateful-security-group" description="Indicates if the security group is stateful or not" updated="2019-11-26T09:00:00-00:00" {{(pid=104012) _check_extension /opt/stack/neutron/neutron/api/extensions.py:415}}
Jun 23 17:09:45.164663 np0000182575 devstack@neutron-api.service[104012]: INFO neutron.api.extensions [None req-ffed9e1d-96b3-4f26-875b-fbc51ac533bf None None] Loaded extension: stateful-security-group
Jun 23 17:09:45.164742 np0000182575 devstack@neutron-api.service[104014]: INFO neutron.quota.resource_registry [None req-89a78dd2-206c-4c4d-bad2-f47c07d5d6a2 None None] Creating instance of TrackedResource for resource:network
Jun 23 17:09:45.164824 np0000182575 devstack@neutron-api.service[104012]: DEBUG neutron.api.extensions [None req-ffed9e1d-96b3-4f26-875b-fbc51ac533bf None None] Loading extension file: stdattrs_common.py {{(pid=104012) _load_all_extensions_from_path /opt/stack/neutron/neutron/api/extensions.py:449}}
Jun 23 17:09:45.164824 np0000182575 devstack@neutron-api.service[104012]: WARNING neutron.api.extensions [None req-ffed9e1d-96b3-4f26-875b-fbc51ac533bf None None] Did not find expected name "Stdattrs_common" in /opt/stack/neutron/neutron/extensions/stdattrs_common.py
Jun 23 17:09:45.164922 np0000182575 devstack@neutron-api.service[104014]: INFO neutron.quota.resource_registry [None req-89a78dd2-206c-4c4d-bad2-f47c07d5d6a2 None None] Creating instance of TrackedResource for resource:subnet
Jun 23 17:09:45.165027 np0000182575 devstack@neutron-api.service[104012]: DEBUG neutron.api.extensions [None req-ffed9e1d-96b3-4f26-875b-fbc51ac533bf None None] Loading extension file: subnet_dns_publish_fixed_ip.py {{(pid=104012) _load_all_extensions_from_path /opt/stack/neutron/neutron/api/extensions.py:449}}
Jun 23 17:09:45.165118 np0000182575 devstack@neutron-api.service[104014]: INFO neutron.quota.resource_registry [None req-89a78dd2-206c-4c4d-bad2-f47c07d5d6a2 None None] Creating instance of TrackedResource for resource:subnetpool
Jun 23 17:09:45.165196 np0000182575 devstack@neutron-api.service[104012]: DEBUG neutron.api.extensions [None req-ffed9e1d-96b3-4f26-875b-fbc51ac533bf None None] Ext name="Subnet DNS publish fixed IP" alias="subnet-dns-publish-fixed-ip" description="Support choosing to publish DNS records for IPs from a subnet" updated="2019-05-24T10:00:00-00:00" {{(pid=104012) _check_extension /opt/stack/neutron/neutron/api/extensions.py:415}}
Jun 23 17:09:45.165273 np0000182575 devstack@neutron-api.service[104014]: INFO neutron.quota.resource_registry [None req-89a78dd2-206c-4c4d-bad2-f47c07d5d6a2 None None] Creating instance of TrackedResource for resource:port
Jun 23 17:09:45.165349 np0000182575 devstack@neutron-api.service[104012]: INFO neutron.api.extensions [None req-ffed9e1d-96b3-4f26-875b-fbc51ac533bf None None] Loaded extension: subnet-dns-publish-fixed-ip
Jun 23 17:09:45.165480 np0000182575 devstack@neutron-api.service[104013]: DEBUG neutron.plugins.ml2.plugin [None req-d6ca32c6-0344-41fd-b872-91c483904cef None None] neutron.plugins.ml2.plugin.Ml2Plugin method _start_rpc_notifiers called with arguments () {} {{(pid=104013) wrapper /opt/stack/data/venv/lib/python3.12/site-packages/oslo_log/helpers.py:77}}
Jun 23 17:09:45.165580 np0000182575 devstack@neutron-api.service[104012]: DEBUG neutron.api.extensions [None req-ffed9e1d-96b3-4f26-875b-fbc51ac533bf None None] Loading extension file: subnet_external_network.py {{(pid=104012) _load_all_extensions_from_path /opt/stack/neutron/neutron/api/extensions.py:449}}
Jun 23 17:09:45.165711 np0000182575 devstack@neutron-api.service[104012]: DEBUG neutron.api.extensions [None req-ffed9e1d-96b3-4f26-875b-fbc51ac533bf None None] Ext name="Subnet belongs to an external network" alias="subnet-external-network" description="Informs if the subnet belongs to an external network" updated="2024-02-05T18:00:00-00:00" {{(pid=104012) _check_extension /opt/stack/neutron/neutron/api/extensions.py:415}}
Jun 23 17:09:45.165882 np0000182575 devstack@neutron-api.service[104012]: INFO neutron.api.extensions [None req-ffed9e1d-96b3-4f26-875b-fbc51ac533bf None None] Loaded extension: subnet-external-network
Jun 23 17:09:45.165960 np0000182575 devstack@neutron-api.service[104013]: DEBUG neutron_lib.callbacks.manager [None req-d6ca32c6-0344-41fd-b872-91c483904cef None None] Subscribe: > port after_create 55550000, False {{(pid=104013) subscribe /opt/stack/data/venv/lib/python3.12/site-packages/neutron_lib/callbacks/manager.py:52}}
Jun 23 17:09:45.166041 np0000182575 devstack@neutron-api.service[104012]: DEBUG neutron.api.extensions [None req-ffed9e1d-96b3-4f26-875b-fbc51ac533bf None None] Loading extension file: subnet_onboard.py {{(pid=104012) _load_all_extensions_from_path /opt/stack/neutron/neutron/api/extensions.py:449}}
Jun 23 17:09:45.166127 np0000182575 devstack@neutron-api.service[104013]: DEBUG neutron_lib.callbacks.manager [None req-d6ca32c6-0344-41fd-b872-91c483904cef None None] Subscribe: > port after_update 55550000, False {{(pid=104013) subscribe /opt/stack/data/venv/lib/python3.12/site-packages/neutron_lib/callbacks/manager.py:52}}
Jun 23 17:09:45.166127 np0000182575 devstack@neutron-api.service[104013]: DEBUG neutron_lib.callbacks.manager [None req-d6ca32c6-0344-41fd-b872-91c483904cef None None] Subscribe: > port after_delete 55550000, False {{(pid=104013) subscribe /opt/stack/data/venv/lib/python3.12/site-packages/neutron_lib/callbacks/manager.py:52}}
Jun 23 17:09:45.166229 np0000182575 devstack@neutron-api.service[104012]: DEBUG neutron.api.extensions [None req-ffed9e1d-96b3-4f26-875b-fbc51ac533bf None None] Ext name="Subnet Onboard" alias="subnet_onboard" description="Provides support for onboarding subnets into subnet pools" updated="2018-12-18T09:00:00-00:00" {{(pid=104012) _check_extension /opt/stack/neutron/neutron/api/extensions.py:415}}
Jun 23 17:09:45.166320 np0000182575 devstack@neutron-api.service[104013]: DEBUG neutron_lib.callbacks.manager [None req-d6ca32c6-0344-41fd-b872-91c483904cef None None] Subscribe: > subnet after_create 55550000, False {{(pid=104013) subscribe /opt/stack/data/venv/lib/python3.12/site-packages/neutron_lib/callbacks/manager.py:52}}
Jun 23 17:09:45.166403 np0000182575 devstack@neutron-api.service[104013]: DEBUG neutron_lib.callbacks.manager [None req-d6ca32c6-0344-41fd-b872-91c483904cef None None] Subscribe: > subnet after_update 55550000, False {{(pid=104013) subscribe /opt/stack/data/venv/lib/python3.12/site-packages/neutron_lib/callbacks/manager.py:52}}
Jun 23 17:09:45.166495 np0000182575 devstack@neutron-api.service[104012]: INFO neutron.api.extensions [None req-ffed9e1d-96b3-4f26-875b-fbc51ac533bf None None] Loaded extension: subnet_onboard
Jun 23 17:09:45.166495 np0000182575 devstack@neutron-api.service[104012]: DEBUG neutron.api.extensions [None req-ffed9e1d-96b3-4f26-875b-fbc51ac533bf None None] Loading extension file: subnet_segmentid_writable.py {{(pid=104012) _load_all_extensions_from_path /opt/stack/neutron/neutron/api/extensions.py:449}}
Jun 23 17:09:45.166746 np0000182575 devstack@neutron-api.service[104012]: DEBUG neutron.api.extensions [None req-ffed9e1d-96b3-4f26-875b-fbc51ac533bf None None] Ext name="Subnet SegmentID (writable)" alias="subnet-segmentid-writable" description="Provides a writable segment_id attribute for a subnet resource." updated="2018-03-12T00:00:00-00:00" {{(pid=104012) _check_extension /opt/stack/neutron/neutron/api/extensions.py:415}}
Jun 23 17:09:45.166906 np0000182575 devstack@neutron-api.service[104012]: INFO neutron.api.extensions [None req-ffed9e1d-96b3-4f26-875b-fbc51ac533bf None None] Extension subnet-segmentid-writable not supported by any of loaded plugins
Jun 23 17:09:45.167019 np0000182575 devstack@neutron-api.service[104012]: DEBUG neutron.api.extensions [None req-ffed9e1d-96b3-4f26-875b-fbc51ac533bf None None] Loading extension file: subnet_service_types.py {{(pid=104012) _load_all_extensions_from_path /opt/stack/neutron/neutron/api/extensions.py:449}}
Jun 23 17:09:45.167159 np0000182575 devstack@neutron-api.service[104013]: DEBUG neutron_lib.callbacks.manager [None req-d6ca32c6-0344-41fd-b872-91c483904cef None None] Subscribe: > subnet after_delete 55550000, False {{(pid=104013) subscribe /opt/stack/data/venv/lib/python3.12/site-packages/neutron_lib/callbacks/manager.py:52}}
Jun 23 17:09:45.167242 np0000182575 devstack@neutron-api.service[104012]: DEBUG neutron.api.extensions [None req-ffed9e1d-96b3-4f26-875b-fbc51ac533bf None None] Ext name="Subnet service types" alias="subnet-service-types" description="Provides ability to set the subnet service_types field" updated="2016-03-15T18:00:00-00:00" {{(pid=104012) _check_extension /opt/stack/neutron/neutron/api/extensions.py:415}}
Jun 23 17:09:45.167363 np0000182575 devstack@neutron-api.service[104013]: DEBUG neutron_lib.callbacks.manager [None req-d6ca32c6-0344-41fd-b872-91c483904cef None None] Subscribe: > network after_create 55550000, False {{(pid=104013) subscribe /opt/stack/data/venv/lib/python3.12/site-packages/neutron_lib/callbacks/manager.py:52}}
Jun 23 17:09:45.167363 np0000182575 devstack@neutron-api.service[104013]: DEBUG neutron_lib.callbacks.manager [None req-d6ca32c6-0344-41fd-b872-91c483904cef None None] Subscribe: > network after_update 55550000, False {{(pid=104013) subscribe /opt/stack/data/venv/lib/python3.12/site-packages/neutron_lib/callbacks/manager.py:52}}
Jun 23 17:09:45.167490 np0000182575 devstack@neutron-api.service[104012]: INFO neutron.api.extensions [None req-ffed9e1d-96b3-4f26-875b-fbc51ac533bf None None] Loaded extension: subnet-service-types
Jun 23 17:09:45.167572 np0000182575 devstack@neutron-api.service[104014]: INFO neutron.quota.resource_registry [None req-89a78dd2-206c-4c4d-bad2-f47c07d5d6a2 None None] Creating instance of CountableResource for resource:router_route
Jun 23 17:09:45.167653 np0000182575 devstack@neutron-api.service[104012]: DEBUG neutron.api.extensions [None req-ffed9e1d-96b3-4f26-875b-fbc51ac533bf None None] Loading extension file: subnetallocation.py {{(pid=104012) _load_all_extensions_from_path /opt/stack/neutron/neutron/api/extensions.py:449}}
Jun 23 17:09:45.167741 np0000182575 devstack@neutron-api.service[104013]: DEBUG neutron_lib.callbacks.manager [None req-d6ca32c6-0344-41fd-b872-91c483904cef None None] Subscribe: > network after_delete 55550000, False {{(pid=104013) subscribe /opt/stack/data/venv/lib/python3.12/site-packages/neutron_lib/callbacks/manager.py:52}}
Jun 23 17:09:45.167741 np0000182575 devstack@neutron-api.service[104013]: DEBUG neutron_lib.callbacks.manager [None req-d6ca32c6-0344-41fd-b872-91c483904cef None None] Subscribe: > security_group after_create 55550000, False {{(pid=104013) subscribe /opt/stack/data/venv/lib/python3.12/site-packages/neutron_lib/callbacks/manager.py:52}}
Jun 23 17:09:45.167876 np0000182575 devstack@neutron-api.service[104014]: DEBUG neutron.api.v2.resource_helper [None req-89a78dd2-206c-4c4d-bad2-f47c07d5d6a2 None None] Service L3_ROUTER_NAT assigned prefix: {{(pid=104014) build_resource_info /opt/stack/neutron/neutron/api/v2/resource_helper.py:77}}
Jun 23 17:09:45.167997 np0000182575 devstack@neutron-api.service[104013]: DEBUG neutron_lib.callbacks.manager [None req-d6ca32c6-0344-41fd-b872-91c483904cef None None] Subscribe: > security_group after_update 55550000, False {{(pid=104013) subscribe /opt/stack/data/venv/lib/python3.12/site-packages/neutron_lib/callbacks/manager.py:52}}
Jun 23 17:09:45.168112 np0000182575 devstack@neutron-api.service[104012]: DEBUG neutron.api.extensions [None req-ffed9e1d-96b3-4f26-875b-fbc51ac533bf None None] Ext name="Subnet Allocation" alias="subnet_allocation" description="Enables allocation of subnets from a subnet pool" updated="2015-03-30T10:00:00-00:00" {{(pid=104012) _check_extension /opt/stack/neutron/neutron/api/extensions.py:415}}
Jun 23 17:09:45.168226 np0000182575 devstack@neutron-api.service[104013]: DEBUG neutron_lib.callbacks.manager [None req-d6ca32c6-0344-41fd-b872-91c483904cef None None] Subscribe: > security_group after_delete 55550000, False {{(pid=104013) subscribe /opt/stack/data/venv/lib/python3.12/site-packages/neutron_lib/callbacks/manager.py:52}}
Jun 23 17:09:45.168226 np0000182575 devstack@neutron-api.service[104013]: DEBUG neutron_lib.callbacks.manager [None req-d6ca32c6-0344-41fd-b872-91c483904cef None None] Subscribe: > security_group_rule after_create 55550000, False {{(pid=104013) subscribe /opt/stack/data/venv/lib/python3.12/site-packages/neutron_lib/callbacks/manager.py:52}}
Jun 23 17:09:45.168381 np0000182575 devstack@neutron-api.service[104012]: INFO neutron.api.extensions [None req-ffed9e1d-96b3-4f26-875b-fbc51ac533bf None None] Loaded extension: subnet_allocation
Jun 23 17:09:45.168504 np0000182575 devstack@neutron-api.service[104013]: DEBUG neutron_lib.callbacks.manager [None req-d6ca32c6-0344-41fd-b872-91c483904cef None None] Subscribe: > security_group_rule after_update 55550000, False {{(pid=104013) subscribe /opt/stack/data/venv/lib/python3.12/site-packages/neutron_lib/callbacks/manager.py:52}}
Jun 23 17:09:45.168601 np0000182575 devstack@neutron-api.service[104012]: DEBUG neutron.api.extensions [None req-ffed9e1d-96b3-4f26-875b-fbc51ac533bf None None] Loading extension file: subnetpool_prefix_ops.py {{(pid=104012) _load_all_extensions_from_path /opt/stack/neutron/neutron/api/extensions.py:449}}
Jun 23 17:09:45.168708 np0000182575 devstack@neutron-api.service[104013]: DEBUG neutron_lib.callbacks.manager [None req-d6ca32c6-0344-41fd-b872-91c483904cef None None] Subscribe: > security_group_rule after_delete 55550000, False {{(pid=104013) subscribe /opt/stack/data/venv/lib/python3.12/site-packages/neutron_lib/callbacks/manager.py:52}}
Jun 23 17:09:45.168708 np0000182575 devstack@neutron-api.service[104013]: DEBUG neutron_lib.callbacks.manager [None req-d6ca32c6-0344-41fd-b872-91c483904cef None None] Subscribe: > address_group after_create 55550000, False {{(pid=104013) subscribe /opt/stack/data/venv/lib/python3.12/site-packages/neutron_lib/callbacks/manager.py:52}}
Jun 23 17:09:45.168863 np0000182575 devstack@neutron-api.service[104014]: DEBUG neutron.api.v2.resource_helper [None req-89a78dd2-206c-4c4d-bad2-f47c07d5d6a2 None None] Service FLAVORS assigned prefix: {{(pid=104014) build_resource_info /opt/stack/neutron/neutron/api/v2/resource_helper.py:77}}
Jun 23 17:09:45.168986 np0000182575 devstack@neutron-api.service[104012]: DEBUG neutron.api.extensions [None req-ffed9e1d-96b3-4f26-875b-fbc51ac533bf None None] Ext name="Subnet Pool Prefix Operations" alias="subnetpool-prefix-ops" description="Provides support for adjusting the prefix list of subnet pools" updated="2019-02-08T10:00:00-00:00" {{(pid=104012) _check_extension /opt/stack/neutron/neutron/api/extensions.py:415}}
Jun 23 17:09:45.169095 np0000182575 devstack@neutron-api.service[104013]: DEBUG neutron_lib.callbacks.manager [None req-d6ca32c6-0344-41fd-b872-91c483904cef None None] Subscribe: > address_group after_update 55550000, False {{(pid=104013) subscribe /opt/stack/data/venv/lib/python3.12/site-packages/neutron_lib/callbacks/manager.py:52}}
Jun 23 17:09:45.169095 np0000182575 devstack@neutron-api.service[104013]: DEBUG neutron_lib.callbacks.manager [None req-d6ca32c6-0344-41fd-b872-91c483904cef None None] Subscribe: > address_group after_delete 55550000, False {{(pid=104013) subscribe /opt/stack/data/venv/lib/python3.12/site-packages/neutron_lib/callbacks/manager.py:52}}
Jun 23 17:09:45.169212 np0000182575 devstack@neutron-api.service[104012]: INFO neutron.api.extensions [None req-ffed9e1d-96b3-4f26-875b-fbc51ac533bf None None] Loaded extension: subnetpool-prefix-ops
Jun 23 17:09:45.169292 np0000182575 devstack@neutron-api.service[104013]: DEBUG neutron.plugins.ml2.ovo_rpc [None req-d6ca32c6-0344-41fd-b872-91c483904cef None None] ML2 OVO RPC backend initialized. {{(pid=104013) __init__ /opt/stack/neutron/neutron/plugins/ml2/ovo_rpc.py:117}}
Jun 23 17:09:45.169373 np0000182575 devstack@neutron-api.service[104012]: DEBUG neutron.api.extensions [None req-ffed9e1d-96b3-4f26-875b-fbc51ac533bf None None] Loading extension file: tag_creation.py {{(pid=104012) _load_all_extensions_from_path /opt/stack/neutron/neutron/api/extensions.py:449}}
Jun 23 17:09:45.169373 np0000182575 devstack@neutron-api.service[104012]: DEBUG neutron.api.extensions [None req-ffed9e1d-96b3-4f26-875b-fbc51ac533bf None None] Ext name="Tag creation extension" alias="tag-creation" description="Allow to create multiple tags for a resource" updated="2024-23-07T10:00:00-00:00" {{(pid=104012) _check_extension /opt/stack/neutron/neutron/api/extensions.py:415}}
Jun 23 17:09:45.169373 np0000182575 devstack@neutron-api.service[104012]: INFO neutron.api.extensions [None req-ffed9e1d-96b3-4f26-875b-fbc51ac533bf None None] Loaded extension: tag-creation
Jun 23 17:09:45.169373 np0000182575 devstack@neutron-api.service[104012]: DEBUG neutron.api.extensions [None req-ffed9e1d-96b3-4f26-875b-fbc51ac533bf None None] Loading extension file: tag_ports_during_bulk_creation.py {{(pid=104012) _load_all_extensions_from_path /opt/stack/neutron/neutron/api/extensions.py:449}}
Jun 23 17:09:45.169373 np0000182575 devstack@neutron-api.service[104012]: DEBUG neutron.api.extensions [None req-ffed9e1d-96b3-4f26-875b-fbc51ac533bf None None] Ext name="Tag Ports During Bulk Creation" alias="tag-ports-during-bulk-creation" description="Allow to tag ports during bulk creation" updated="2019-12-29T19:00:00-00:00" {{(pid=104012) _check_extension /opt/stack/neutron/neutron/api/extensions.py:415}}
Jun 23 17:09:45.169865 np0000182575 devstack@neutron-api.service[104012]: INFO neutron.api.extensions [None req-ffed9e1d-96b3-4f26-875b-fbc51ac533bf None None] Extension tag-ports-during-bulk-creation not supported by any of loaded plugins
Jun 23 17:09:45.169946 np0000182575 devstack@neutron-api.service[104014]: DEBUG neutron.api.v2.resource_helper [None req-89a78dd2-206c-4c4d-bad2-f47c07d5d6a2 None None] Service L3_ROUTER_NAT assigned prefix: {{(pid=104014) build_resource_info /opt/stack/neutron/neutron/api/v2/resource_helper.py:77}}
Jun 23 17:09:45.170034 np0000182575 devstack@neutron-api.service[104012]: DEBUG neutron.api.extensions [None req-ffed9e1d-96b3-4f26-875b-fbc51ac533bf None None] Loading extension file: tagging.py {{(pid=104012) _load_all_extensions_from_path /opt/stack/neutron/neutron/api/extensions.py:449}}
Jun 23 17:09:45.170119 np0000182575 devstack@neutron-api.service[104014]: DEBUG neutron.api.v2.resource_helper [None req-89a78dd2-206c-4c4d-bad2-f47c07d5d6a2 None None] Service L3_ROUTER_NAT assigned prefix: {{(pid=104014) build_resource_info /opt/stack/neutron/neutron/api/v2/resource_helper.py:77}}
Jun 23 17:09:45.170200 np0000182575 devstack@neutron-api.service[104013]: INFO neutron.quota [None req-d6ca32c6-0344-41fd-b872-91c483904cef None None] Loaded quota_driver: .
Jun 23 17:09:45.170287 np0000182575 devstack@neutron-api.service[104014]: INFO neutron.quota.resource_registry [None req-89a78dd2-206c-4c4d-bad2-f47c07d5d6a2 None None] Creating instance of TrackedResource for resource:router
Jun 23 17:09:45.170417 np0000182575 devstack@neutron-api.service[104013]: INFO neutron.plugins.ml2.plugin [None req-d6ca32c6-0344-41fd-b872-91c483904cef None None] Modular L2 Plugin initialization complete
Jun 23 17:09:45.170417 np0000182575 devstack@neutron-api.service[104013]: DEBUG neutron.manager [None req-d6ca32c6-0344-41fd-b872-91c483904cef None None] Loading services supported by the core plugin {{(pid=104013) _load_services_from_core_plugin /opt/stack/neutron/neutron/manager.py:167}}
Jun 23 17:09:45.170574 np0000182575 devstack@neutron-api.service[104013]: INFO neutron.plugins.ml2.managers [None req-d6ca32c6-0344-41fd-b872-91c483904cef None None] Got port-security extension from driver 'port_security'
Jun 23 17:09:45.170683 np0000182575 devstack@neutron-api.service[104012]: DEBUG neutron.api.extensions [None req-ffed9e1d-96b3-4f26-875b-fbc51ac533bf None None] Ext name="Tag support for resources with standard attribute: port, subnet, subnetpool, network, security_group, router, floatingip, policy, trunk, network_segment_range" alias="standard-attr-tag" description="Enables to set tag on resources with standard attribute." updated="2017-01-01T00:00:00-00:00" {{(pid=104012) _check_extension /opt/stack/neutron/neutron/api/extensions.py:415}}
Jun 23 17:09:45.170813 np0000182575 devstack@neutron-api.service[104014]: INFO neutron.quota.resource_registry [None req-89a78dd2-206c-4c4d-bad2-f47c07d5d6a2 None None] Creating instance of TrackedResource for resource:floatingip
Jun 23 17:09:45.171087 np0000182575 devstack@neutron-api.service[104012]: INFO neutron.api.extensions [None req-ffed9e1d-96b3-4f26-875b-fbc51ac533bf None None] Loaded extension: standard-attr-tag
Jun 23 17:09:45.171168 np0000182575 devstack@neutron-api.service[104013]: DEBUG neutron.manager [None req-d6ca32c6-0344-41fd-b872-91c483904cef None None] Loading service plugins: ['ovn-router', 'auto_allocate', 'tag', 'timestamp', 'network_ip_availability', 'flavors', 'revisions'] {{(pid=104013) _load_service_plugins /opt/stack/neutron/neutron/manager.py:192}}
Jun 23 17:09:45.171266 np0000182575 devstack@neutron-api.service[104012]: DEBUG neutron.api.extensions [None req-ffed9e1d-96b3-4f26-875b-fbc51ac533bf None None] Loading extension file: timestamp.py {{(pid=104012) _load_all_extensions_from_path /opt/stack/neutron/neutron/api/extensions.py:449}}
Jun 23 17:09:45.171347 np0000182575 devstack@neutron-api.service[104013]: INFO neutron.manager [None req-d6ca32c6-0344-41fd-b872-91c483904cef None None] Loading Plugin: ovn-router
Jun 23 17:09:45.171430 np0000182575 devstack@neutron-api.service[104012]: DEBUG neutron.api.extensions [None req-ffed9e1d-96b3-4f26-875b-fbc51ac533bf None None] Ext name="Resource timestamps" alias="standard-attr-timestamp" description="Adds created_at and updated_at fields to all Neutron resources that have Neutron standard attributes." updated="2016-09-12T10:00:00-00:00" {{(pid=104012) _check_extension /opt/stack/neutron/neutron/api/extensions.py:415}}
Jun 23 17:09:45.171595 np0000182575 devstack@neutron-api.service[104012]: INFO neutron.api.extensions [None req-ffed9e1d-96b3-4f26-875b-fbc51ac533bf None None] Loaded extension: standard-attr-timestamp
Jun 23 17:09:45.171687 np0000182575 devstack@neutron-api.service[104012]: DEBUG neutron.api.extensions [None req-ffed9e1d-96b3-4f26-875b-fbc51ac533bf None None] Loading extension file: trunk.py {{(pid=104012) _load_all_extensions_from_path /opt/stack/neutron/neutron/api/extensions.py:449}}
Jun 23 17:09:45.171937 np0000182575 devstack@neutron-api.service[104012]: DEBUG neutron.api.extensions [None req-ffed9e1d-96b3-4f26-875b-fbc51ac533bf None None] Ext name="Trunk Extension" alias="trunk" description="Provides support for trunk ports" updated="2016-01-01T10:00:00-00:00" {{(pid=104012) _check_extension /opt/stack/neutron/neutron/api/extensions.py:415}}
Jun 23 17:09:45.172179 np0000182575 devstack@neutron-api.service[104012]: INFO neutron.api.extensions [None req-ffed9e1d-96b3-4f26-875b-fbc51ac533bf None None] Extension trunk not supported by any of loaded plugins
Jun 23 17:09:45.172179 np0000182575 devstack@neutron-api.service[104012]: DEBUG neutron.api.extensions [None req-ffed9e1d-96b3-4f26-875b-fbc51ac533bf None None] Loading extension file: trunk_details.py {{(pid=104012) _load_all_extensions_from_path /opt/stack/neutron/neutron/api/extensions.py:449}}
Jun 23 17:09:45.172490 np0000182575 devstack@neutron-api.service[104012]: DEBUG neutron.api.extensions [None req-ffed9e1d-96b3-4f26-875b-fbc51ac533bf None None] Ext name="Trunk port details" alias="trunk-details" description="Expose trunk port details" updated="2016-01-01T10:00:00-00:00" {{(pid=104012) _check_extension /opt/stack/neutron/neutron/api/extensions.py:415}}
Jun 23 17:09:45.172677 np0000182575 devstack@neutron-api.service[104014]: INFO neutron.quota.resource_registry [None req-89a78dd2-206c-4c4d-bad2-f47c07d5d6a2 None None] Creating instance of CountableResource for resource:rbac_policy
Jun 23 17:09:45.172806 np0000182575 devstack@neutron-api.service[104012]: INFO neutron.api.extensions [None req-ffed9e1d-96b3-4f26-875b-fbc51ac533bf None None] Extension trunk-details not supported by any of loaded plugins
Jun 23 17:09:45.172806 np0000182575 devstack@neutron-api.service[104012]: DEBUG neutron.api.extensions [None req-ffed9e1d-96b3-4f26-875b-fbc51ac533bf None None] Loading extension file: uplink_status_propagation.py {{(pid=104012) _load_all_extensions_from_path /opt/stack/neutron/neutron/api/extensions.py:449}}
Jun 23 17:09:45.173291 np0000182575 devstack@neutron-api.service[104012]: DEBUG neutron.api.extensions [None req-ffed9e1d-96b3-4f26-875b-fbc51ac533bf None None] Ext name="Uplink status propagation extension" alias="uplink-status-propagation" description="Provides ability to propagate port uplink status." updated="2018-05-31T18:00:00-00:00" {{(pid=104012) _check_extension /opt/stack/neutron/neutron/api/extensions.py:415}}
Jun 23 17:09:45.173291 np0000182575 devstack@neutron-api.service[104012]: INFO neutron.api.extensions [None req-ffed9e1d-96b3-4f26-875b-fbc51ac533bf None None] Extension uplink-status-propagation not supported by any of loaded plugins
Jun 23 17:09:45.173608 np0000182575 devstack@neutron-api.service[104012]: DEBUG neutron.api.extensions [None req-ffed9e1d-96b3-4f26-875b-fbc51ac533bf None None] Loading extension file: uplink_status_propagation_updatable.py {{(pid=104012) _load_all_extensions_from_path /opt/stack/neutron/neutron/api/extensions.py:449}}
Jun 23 17:09:45.173705 np0000182575 devstack@neutron-api.service[104012]: DEBUG neutron.api.extensions [None req-ffed9e1d-96b3-4f26-875b-fbc51ac533bf None None] Ext name="Uplink status propagation updatable extension" alias="uplink-status-propagation-updatable" description="Provides ability to update the port uplink status." updated="2024-09-03T18:00:00-00:00" {{(pid=104012) _check_extension /opt/stack/neutron/neutron/api/extensions.py:415}}
Jun 23 17:09:45.173837 np0000182575 devstack@neutron-api.service[104014]: INFO neutron.quota.resource_registry [None req-89a78dd2-206c-4c4d-bad2-f47c07d5d6a2 None None] Creating instance of TrackedResource for resource:security_group
Jun 23 17:09:45.173929 np0000182575 devstack@neutron-api.service[104012]: INFO neutron.api.extensions [None req-ffed9e1d-96b3-4f26-875b-fbc51ac533bf None None] Extension uplink-status-propagation-updatable not supported by any of loaded plugins
Jun 23 17:09:45.173929 np0000182575 devstack@neutron-api.service[104012]: DEBUG neutron.api.extensions [None req-ffed9e1d-96b3-4f26-875b-fbc51ac533bf None None] Loading extension file: vlantransparent.py {{(pid=104012) _load_all_extensions_from_path /opt/stack/neutron/neutron/api/extensions.py:449}}
Jun 23 17:09:45.174269 np0000182575 devstack@neutron-api.service[104012]: DEBUG neutron.api.extensions [None req-ffed9e1d-96b3-4f26-875b-fbc51ac533bf None None] Ext name="Vlantransparent" alias="vlan-transparent" description="Provides Vlan Transparent Networks" updated="2015-03-23T09:00:00-00:00" {{(pid=104012) _check_extension /opt/stack/neutron/neutron/api/extensions.py:415}}
Jun 23 17:09:45.174393 np0000182575 devstack@neutron-api.service[104014]: INFO neutron.quota.resource_registry [None req-89a78dd2-206c-4c4d-bad2-f47c07d5d6a2 None None] Creating instance of TrackedResource for resource:security_group_rule
Jun 23 17:09:45.174525 np0000182575 devstack@neutron-api.service[104012]: INFO neutron.api.extensions [None req-ffed9e1d-96b3-4f26-875b-fbc51ac533bf None None] Loaded extension: vlan-transparent
Jun 23 17:09:45.175272 np0000182575 devstack@neutron-api.service[104014]: DEBUG neutron.api.v2.resource_helper [None req-89a78dd2-206c-4c4d-bad2-f47c07d5d6a2 None None] Service CORE assigned prefix: {{(pid=104014) build_resource_info /opt/stack/neutron/neutron/api/v2/resource_helper.py:77}}
Jun 23 17:09:45.175485 np0000182575 devstack@neutron-api.service[104014]: INFO neutron.quota.resource_registry [None req-89a78dd2-206c-4c4d-bad2-f47c07d5d6a2 None None] Creating instance of TrackedResource for resource:subnetpool
Jun 23 17:09:45.175695 np0000182575 devstack@neutron-api.service[104014]: WARNING neutron.quota.resource_registry [None req-89a78dd2-206c-4c4d-bad2-f47c07d5d6a2 None None] subnetpool is already registered
Jun 23 17:09:45.176367 np0000182575 devstack@neutron-api.service[104014]: DEBUG neutron.api.v2.resource_helper [None req-89a78dd2-206c-4c4d-bad2-f47c07d5d6a2 None None] Service CORE assigned prefix: {{(pid=104014) build_resource_info /opt/stack/neutron/neutron/api/v2/resource_helper.py:77}}
Jun 23 17:09:45.176693 np0000182575 devstack@neutron-api.service[104012]: INFO neutron.quota.resource_registry [None req-ffed9e1d-96b3-4f26-875b-fbc51ac533bf None None] Creating instance of TrackedResource for resource:network
Jun 23 17:09:45.176790 np0000182575 devstack@neutron-api.service[104014]: INFO neutron.quota.resource_registry [None req-89a78dd2-206c-4c4d-bad2-f47c07d5d6a2 None None] Creating instance of TrackedResource for resource:subnetpool
Jun 23 17:09:45.176790 np0000182575 devstack@neutron-api.service[104014]: WARNING neutron.quota.resource_registry [None req-89a78dd2-206c-4c4d-bad2-f47c07d5d6a2 None None] subnetpool is already registered
Jun 23 17:09:45.177062 np0000182575 devstack@neutron-api.service[104012]: INFO neutron.quota.resource_registry [None req-ffed9e1d-96b3-4f26-875b-fbc51ac533bf None None] Creating instance of TrackedResource for resource:subnet
Jun 23 17:09:45.177062 np0000182575 devstack@neutron-api.service[104012]: INFO neutron.quota.resource_registry [None req-ffed9e1d-96b3-4f26-875b-fbc51ac533bf None None] Creating instance of TrackedResource for resource:subnetpool
Jun 23 17:09:45.177062 np0000182575 devstack@neutron-api.service[104012]: INFO neutron.quota.resource_registry [None req-ffed9e1d-96b3-4f26-875b-fbc51ac533bf None None] Creating instance of TrackedResource for resource:port
Jun 23 17:09:45.179070 np0000182575 devstack@neutron-api.service[104012]: INFO neutron.quota.resource_registry [None req-ffed9e1d-96b3-4f26-875b-fbc51ac533bf None None] Creating instance of CountableResource for resource:router_route
Jun 23 17:09:45.179337 np0000182575 devstack@neutron-api.service[104012]: DEBUG neutron.api.v2.resource_helper [None req-ffed9e1d-96b3-4f26-875b-fbc51ac533bf None None] Service L3_ROUTER_NAT assigned prefix: {{(pid=104012) build_resource_info /opt/stack/neutron/neutron/api/v2/resource_helper.py:77}}
Jun 23 17:09:45.179710 np0000182575 devstack@neutron-api.service[104012]: DEBUG neutron.api.v2.resource_helper [None req-ffed9e1d-96b3-4f26-875b-fbc51ac533bf None None] Service FLAVORS assigned prefix: {{(pid=104012) build_resource_info /opt/stack/neutron/neutron/api/v2/resource_helper.py:77}}
Jun 23 17:09:45.180592 np0000182575 devstack@neutron-api.service[104014]: INFO neutron.quota.resource_registry [None req-89a78dd2-206c-4c4d-bad2-f47c07d5d6a2 None None] Creating instance of CountableResource for resource:router_route
Jun 23 17:09:45.180592 np0000182575 devstack@neutron-api.service[104014]: WARNING neutron.quota.resource_registry [None req-89a78dd2-206c-4c4d-bad2-f47c07d5d6a2 None None] router_route is already registered
Jun 23 17:09:45.180827 np0000182575 devstack@neutron-api.service[104014]: DEBUG neutron.api.v2.resource_helper [None req-89a78dd2-206c-4c4d-bad2-f47c07d5d6a2 None None] Service L3_ROUTER_NAT assigned prefix: {{(pid=104014) build_resource_info /opt/stack/neutron/neutron/api/v2/resource_helper.py:77}}
Jun 23 17:09:45.181162 np0000182575 devstack@neutron-api.service[104012]: DEBUG neutron.api.v2.resource_helper [None req-ffed9e1d-96b3-4f26-875b-fbc51ac533bf None None] Service L3_ROUTER_NAT assigned prefix: {{(pid=104012) build_resource_info /opt/stack/neutron/neutron/api/v2/resource_helper.py:77}}
Jun 23 17:09:45.181260 np0000182575 devstack@neutron-api.service[104012]: DEBUG neutron.api.v2.resource_helper [None req-ffed9e1d-96b3-4f26-875b-fbc51ac533bf None None] Service L3_ROUTER_NAT assigned prefix: {{(pid=104012) build_resource_info /opt/stack/neutron/neutron/api/v2/resource_helper.py:77}}
Jun 23 17:09:45.181391 np0000182575 devstack@neutron-api.service[104014]: DEBUG neutron.api.v2.resource_helper [None req-89a78dd2-206c-4c4d-bad2-f47c07d5d6a2 None None] Service FLAVORS assigned prefix: {{(pid=104014) build_resource_info /opt/stack/neutron/neutron/api/v2/resource_helper.py:77}}
Jun 23 17:09:45.181490 np0000182575 devstack@neutron-api.service[104012]: INFO neutron.quota.resource_registry [None req-ffed9e1d-96b3-4f26-875b-fbc51ac533bf None None] Creating instance of TrackedResource for resource:router
Jun 23 17:09:45.181851 np0000182575 devstack@neutron-api.service[104012]: INFO neutron.quota.resource_registry [None req-ffed9e1d-96b3-4f26-875b-fbc51ac533bf None None] Creating instance of TrackedResource for resource:floatingip
Jun 23 17:09:45.182495 np0000182575 devstack@neutron-api.service[104014]: DEBUG neutron.api.v2.resource_helper [None req-89a78dd2-206c-4c4d-bad2-f47c07d5d6a2 None None] Service L3_ROUTER_NAT assigned prefix: {{(pid=104014) build_resource_info /opt/stack/neutron/neutron/api/v2/resource_helper.py:77}}
Jun 23 17:09:45.182994 np0000182575 devstack@neutron-api.service[104014]: DEBUG neutron.api.v2.resource_helper [None req-89a78dd2-206c-4c4d-bad2-f47c07d5d6a2 None None] Service L3_ROUTER_NAT assigned prefix: {{(pid=104014) build_resource_info /opt/stack/neutron/neutron/api/v2/resource_helper.py:77}}
Jun 23 17:09:45.183128 np0000182575 devstack@neutron-api.service[104012]: INFO neutron.quota.resource_registry [None req-ffed9e1d-96b3-4f26-875b-fbc51ac533bf None None] Creating instance of CountableResource for resource:rbac_policy
Jun 23 17:09:45.183229 np0000182575 devstack@neutron-api.service[104014]: INFO neutron.quota.resource_registry [None req-89a78dd2-206c-4c4d-bad2-f47c07d5d6a2 None None] Creating instance of TrackedResource for resource:router
Jun 23 17:09:45.183348 np0000182575 devstack@neutron-api.service[104014]: WARNING neutron.quota.resource_registry [None req-89a78dd2-206c-4c4d-bad2-f47c07d5d6a2 None None] router is already registered
Jun 23 17:09:45.183893 np0000182575 devstack@neutron-api.service[104012]: INFO neutron.quota.resource_registry [None req-ffed9e1d-96b3-4f26-875b-fbc51ac533bf None None] Creating instance of TrackedResource for resource:security_group
Jun 23 17:09:45.184345 np0000182575 devstack@neutron-api.service[104014]: INFO neutron.quota.resource_registry [None req-89a78dd2-206c-4c4d-bad2-f47c07d5d6a2 None None] Creating instance of TrackedResource for resource:floatingip
Jun 23 17:09:45.184441 np0000182575 devstack@neutron-api.service[104012]: INFO neutron.quota.resource_registry [None req-ffed9e1d-96b3-4f26-875b-fbc51ac533bf None None] Creating instance of TrackedResource for resource:security_group_rule
Jun 23 17:09:45.184559 np0000182575 devstack@neutron-api.service[104014]: WARNING neutron.quota.resource_registry [None req-89a78dd2-206c-4c4d-bad2-f47c07d5d6a2 None None] floatingip is already registered
Jun 23 17:09:45.184664 np0000182575 devstack@neutron-api.service[104015]: [pid: 104015|app: 0|req: 1/1] 199.204.45.169 () {62 vars in 988 bytes} [Tue Jun 23 17:09:45 2026] GET /networking => generated 130 bytes in 16 msecs (HTTP/1.1 200) 3 headers in 91 bytes (1 switches on core 0)
Jun 23 17:09:45.185412 np0000182575 devstack@neutron-api.service[104012]: DEBUG neutron.api.v2.resource_helper [None req-ffed9e1d-96b3-4f26-875b-fbc51ac533bf None None] Service CORE assigned prefix: {{(pid=104012) build_resource_info /opt/stack/neutron/neutron/api/v2/resource_helper.py:77}}
Jun 23 17:09:45.185542 np0000182575 devstack@neutron-api.service[104013]: DEBUG neutron_lib.callbacks.manager [None req-d6ca32c6-0344-41fd-b872-91c483904cef None None] Subscribe: > router before_delete 55550000, False {{(pid=104013) subscribe /opt/stack/data/venv/lib/python3.12/site-packages/neutron_lib/callbacks/manager.py:52}}
Jun 23 17:09:45.185644 np0000182575 devstack@neutron-api.service[104012]: INFO neutron.quota.resource_registry [None req-ffed9e1d-96b3-4f26-875b-fbc51ac533bf None None] Creating instance of TrackedResource for resource:subnetpool
Jun 23 17:09:45.185731 np0000182575 devstack@neutron-api.service[104013]: DEBUG neutron_lib.callbacks.manager [None req-d6ca32c6-0344-41fd-b872-91c483904cef None None] Subscribe: port before_update 55550000, False {{(pid=104013) subscribe /opt/stack/data/venv/lib/python3.12/site-packages/neutron_lib/callbacks/manager.py:52}}
Jun 23 17:09:45.185831 np0000182575 devstack@neutron-api.service[104012]: WARNING neutron.quota.resource_registry [None req-ffed9e1d-96b3-4f26-875b-fbc51ac533bf None None] subnetpool is already registered
Jun 23 17:09:45.185924 np0000182575 devstack@neutron-api.service[104013]: DEBUG neutron_lib.callbacks.manager [None req-d6ca32c6-0344-41fd-b872-91c483904cef None None] Subscribe: port after_update 55550000, False {{(pid=104013) subscribe /opt/stack/data/venv/lib/python3.12/site-packages/neutron_lib/callbacks/manager.py:52}}
Jun 23 17:09:45.185924 np0000182575 devstack@neutron-api.service[104013]: DEBUG neutron_lib.callbacks.manager [None req-d6ca32c6-0344-41fd-b872-91c483904cef None None] Subscribe: > port precommit_delete 55550000, False {{(pid=104013) subscribe /opt/stack/data/venv/lib/python3.12/site-packages/neutron_lib/callbacks/manager.py:52}}
Jun 23 17:09:45.185924 np0000182575 devstack@neutron-api.service[104013]: DEBUG neutron_lib.callbacks.manager [None req-d6ca32c6-0344-41fd-b872-91c483904cef None None] Subscribe: port before_update 55550000, False {{(pid=104013) subscribe /opt/stack/data/venv/lib/python3.12/site-packages/neutron_lib/callbacks/manager.py:52}}
Jun 23 17:09:45.185924 np0000182575 devstack@neutron-api.service[104013]: DEBUG neutron_lib.callbacks.manager [None req-d6ca32c6-0344-41fd-b872-91c483904cef None None] Subscribe: port before_delete 55550000, False {{(pid=104013) subscribe /opt/stack/data/venv/lib/python3.12/site-packages/neutron_lib/callbacks/manager.py:52}}
Jun 23 17:09:45.186089 np0000182575 devstack@neutron-api.service[104014]: INFO neutron.quota.resource_registry [None req-89a78dd2-206c-4c4d-bad2-f47c07d5d6a2 None None] Creating instance of CountableResource for resource:rbac_policy
Jun 23 17:09:45.186180 np0000182575 devstack@neutron-api.service[104012]: DEBUG neutron.api.v2.resource_helper [None req-ffed9e1d-96b3-4f26-875b-fbc51ac533bf None None] Service CORE assigned prefix: {{(pid=104012) build_resource_info /opt/stack/neutron/neutron/api/v2/resource_helper.py:77}}
Jun 23 17:09:45.186275 np0000182575 devstack@neutron-api.service[104013]: DEBUG neutron_lib.callbacks.manager [None req-d6ca32c6-0344-41fd-b872-91c483904cef None None] Subscribe: > router precommit_create 55550000, False {{(pid=104013) subscribe /opt/stack/data/venv/lib/python3.12/site-packages/neutron_lib/callbacks/manager.py:52}}
Jun 23 17:09:45.186394 np0000182575 devstack@neutron-api.service[104014]: WARNING neutron.quota.resource_registry [None req-89a78dd2-206c-4c4d-bad2-f47c07d5d6a2 None None] rbac_policy is already registered
Jun 23 17:09:45.186541 np0000182575 devstack@neutron-api.service[104012]: INFO neutron.quota.resource_registry [None req-ffed9e1d-96b3-4f26-875b-fbc51ac533bf None None] Creating instance of TrackedResource for resource:subnetpool
Jun 23 17:09:45.186656 np0000182575 devstack@neutron-api.service[104013]: DEBUG neutron_lib.callbacks.manager [None req-d6ca32c6-0344-41fd-b872-91c483904cef None None] Subscribe: > router precommit_create 55550000, False {{(pid=104013) subscribe /opt/stack/data/venv/lib/python3.12/site-packages/neutron_lib/callbacks/manager.py:52}}
Jun 23 17:09:45.186656 np0000182575 devstack@neutron-api.service[104013]: DEBUG neutron_lib.callbacks.manager [None req-d6ca32c6-0344-41fd-b872-91c483904cef None None] Subscribe: > router precommit_update 55550000, False {{(pid=104013) subscribe /opt/stack/data/venv/lib/python3.12/site-packages/neutron_lib/callbacks/manager.py:52}}
Jun 23 17:09:45.186761 np0000182575 devstack@neutron-api.service[104012]: WARNING neutron.quota.resource_registry [None req-ffed9e1d-96b3-4f26-875b-fbc51ac533bf None None] subnetpool is already registered
Jun 23 17:09:45.186847 np0000182575 devstack@neutron-api.service[104013]: DEBUG neutron_lib.callbacks.manager [None req-d6ca32c6-0344-41fd-b872-91c483904cef None None] Subscribe: subnet after_update 55550000, False {{(pid=104013) subscribe /opt/stack/data/venv/lib/python3.12/site-packages/neutron_lib/callbacks/manager.py:52}}
Jun 23 17:09:45.186847 np0000182575 devstack@neutron-api.service[104013]: DEBUG neutron.quota.resource_registry [None req-d6ca32c6-0344-41fd-b872-91c483904cef None None] Tracking information for resource: router configured {{(pid=104013) set_tracked_resource /opt/stack/neutron/neutron/quota/resource_registry.py:203}}
Jun 23 17:09:45.186847 np0000182575 devstack@neutron-api.service[104013]: DEBUG neutron.quota.resource_registry [None req-d6ca32c6-0344-41fd-b872-91c483904cef None None] Tracking information for resource: floatingip configured {{(pid=104013) set_tracked_resource /opt/stack/neutron/neutron/quota/resource_registry.py:203}}
Jun 23 17:09:45.186847 np0000182575 devstack@neutron-api.service[104013]: INFO neutron.services.ovn_l3.plugin [None req-d6ca32c6-0344-41fd-b872-91c483904cef None None] Starting OVNL3RouterPlugin
Jun 23 17:09:45.187002 np0000182575 devstack@neutron-api.service[104014]: INFO neutron.quota.resource_registry [None req-89a78dd2-206c-4c4d-bad2-f47c07d5d6a2 None None] Creating instance of TrackedResource for resource:security_group
Jun 23 17:09:45.187002 np0000182575 devstack@neutron-api.service[104014]: WARNING neutron.quota.resource_registry [None req-89a78dd2-206c-4c4d-bad2-f47c07d5d6a2 None None] security_group is already registered
Jun 23 17:09:45.187105 np0000182575 devstack@neutron-api.service[104013]: DEBUG neutron_lib.callbacks.manager [None req-d6ca32c6-0344-41fd-b872-91c483904cef None None] Subscribe: > port_forwarding_plugin after_init 55550000, False {{(pid=104013) subscribe /opt/stack/data/venv/lib/python3.12/site-packages/neutron_lib/callbacks/manager.py:52}}
Jun 23 17:09:45.187105 np0000182575 devstack@neutron-api.service[104013]: DEBUG neutron_lib.callbacks.manager [None req-d6ca32c6-0344-41fd-b872-91c483904cef None None] Subscribe: > router before_create 55550100, False {{(pid=104013) subscribe /opt/stack/data/venv/lib/python3.12/site-packages/neutron_lib/callbacks/manager.py:52}}
Jun 23 17:09:45.187105 np0000182575 devstack@neutron-api.service[104013]: DEBUG neutron_lib.callbacks.manager [None req-d6ca32c6-0344-41fd-b872-91c483904cef None None] Subscribe: > router precommit_delete 55550100, False {{(pid=104013) subscribe /opt/stack/data/venv/lib/python3.12/site-packages/neutron_lib/callbacks/manager.py:52}}
Jun 23 17:09:45.187246 np0000182575 devstack@neutron-api.service[104014]: INFO neutron.quota.resource_registry [None req-89a78dd2-206c-4c4d-bad2-f47c07d5d6a2 None None] Creating instance of TrackedResource for resource:security_group_rule
Jun 23 17:09:45.187328 np0000182575 devstack@neutron-api.service[104013]: DEBUG neutron_lib.callbacks.manager [None req-d6ca32c6-0344-41fd-b872-91c483904cef None None] Subscribe: > router precommit_create 55550100, False {{(pid=104013) subscribe /opt/stack/data/venv/lib/python3.12/site-packages/neutron_lib/callbacks/manager.py:52}}
Jun 23 17:09:45.187328 np0000182575 devstack@neutron-api.service[104013]: DEBUG neutron_lib.callbacks.manager [None req-d6ca32c6-0344-41fd-b872-91c483904cef None None] Subscribe: > router precommit_update 55550100, False {{(pid=104013) subscribe /opt/stack/data/venv/lib/python3.12/site-packages/neutron_lib/callbacks/manager.py:52}}
Jun 23 17:09:45.187666 np0000182575 devstack@neutron-api.service[104014]: WARNING neutron.quota.resource_registry [None req-89a78dd2-206c-4c4d-bad2-f47c07d5d6a2 None None] security_group_rule is already registered
Jun 23 17:09:45.187948 np0000182575 devstack@neutron-api.service[104014]: DEBUG neutron.api.v2.resource_helper [None req-89a78dd2-206c-4c4d-bad2-f47c07d5d6a2 None None] Service CORE assigned prefix: {{(pid=104014) build_resource_info /opt/stack/neutron/neutron/api/v2/resource_helper.py:77}}
Jun 23 17:09:45.188140 np0000182575 devstack@neutron-api.service[104014]: INFO neutron.quota.resource_registry [None req-89a78dd2-206c-4c4d-bad2-f47c07d5d6a2 None None] Creating instance of TrackedResource for resource:subnetpool
Jun 23 17:09:45.188278 np0000182575 devstack@neutron-api.service[104014]: WARNING neutron.quota.resource_registry [None req-89a78dd2-206c-4c4d-bad2-f47c07d5d6a2 None None] subnetpool is already registered
Jun 23 17:09:45.188522 np0000182575 devstack@neutron-api.service[104012]: INFO neutron.quota.resource_registry [None req-ffed9e1d-96b3-4f26-875b-fbc51ac533bf None None] Creating instance of CountableResource for resource:router_route
Jun 23 17:09:45.188616 np0000182575 devstack@neutron-api.service[104012]: WARNING neutron.quota.resource_registry [None req-ffed9e1d-96b3-4f26-875b-fbc51ac533bf None None] router_route is already registered
Jun 23 17:09:45.188768 np0000182575 devstack@neutron-api.service[104012]: DEBUG neutron.api.v2.resource_helper [None req-ffed9e1d-96b3-4f26-875b-fbc51ac533bf None None] Service L3_ROUTER_NAT assigned prefix: {{(pid=104012) build_resource_info /opt/stack/neutron/neutron/api/v2/resource_helper.py:77}}
Jun 23 17:09:45.188928 np0000182575 devstack@neutron-api.service[104014]: DEBUG neutron.api.v2.resource_helper [None req-89a78dd2-206c-4c4d-bad2-f47c07d5d6a2 None None] Service CORE assigned prefix: {{(pid=104014) build_resource_info /opt/stack/neutron/neutron/api/v2/resource_helper.py:77}}
Jun 23 17:09:45.189077 np0000182575 devstack@neutron-api.service[104014]: INFO neutron.quota.resource_registry [None req-89a78dd2-206c-4c4d-bad2-f47c07d5d6a2 None None] Creating instance of TrackedResource for resource:subnetpool
Jun 23 17:09:45.189190 np0000182575 devstack@neutron-api.service[104014]: WARNING neutron.quota.resource_registry [None req-89a78dd2-206c-4c4d-bad2-f47c07d5d6a2 None None] subnetpool is already registered
Jun 23 17:09:45.189301 np0000182575 devstack@neutron-api.service[104012]: DEBUG neutron.api.v2.resource_helper [None req-ffed9e1d-96b3-4f26-875b-fbc51ac533bf None None] Service FLAVORS assigned prefix: {{(pid=104012) build_resource_info /opt/stack/neutron/neutron/api/v2/resource_helper.py:77}}
Jun 23 17:09:45.189922 np0000182575 devstack@neutron-api.service[104014]: DEBUG neutron.api.extensions [None req-89a78dd2-206c-4c4d-bad2-f47c07d5d6a2 None None] Extended resource: extensions {{(pid=104014) __init__ /opt/stack/neutron/neutron/api/extensions.py:156}}
Jun 23 17:09:45.190344 np0000182575 devstack@neutron-api.service[104012]: DEBUG neutron.api.v2.resource_helper [None req-ffed9e1d-96b3-4f26-875b-fbc51ac533bf None None] Service L3_ROUTER_NAT assigned prefix: {{(pid=104012) build_resource_info /opt/stack/neutron/neutron/api/v2/resource_helper.py:77}}
Jun 23 17:09:45.190789 np0000182575 devstack@neutron-api.service[104012]: DEBUG neutron.api.v2.resource_helper [None req-ffed9e1d-96b3-4f26-875b-fbc51ac533bf None None] Service L3_ROUTER_NAT assigned prefix: {{(pid=104012) build_resource_info /opt/stack/neutron/neutron/api/v2/resource_helper.py:77}}
Jun 23 17:09:45.190945 np0000182575 devstack@neutron-api.service[104014]: DEBUG neutron.api.extensions [None req-89a78dd2-206c-4c4d-bad2-f47c07d5d6a2 None None] Extended resource: address-groups {{(pid=104014) __init__ /opt/stack/neutron/neutron/api/extensions.py:156}}
Jun 23 17:09:45.191039 np0000182575 devstack@neutron-api.service[104012]: INFO neutron.quota.resource_registry [None req-ffed9e1d-96b3-4f26-875b-fbc51ac533bf None None] Creating instance of TrackedResource for resource:router
Jun 23 17:09:45.191128 np0000182575 devstack@neutron-api.service[104012]: WARNING neutron.quota.resource_registry [None req-ffed9e1d-96b3-4f26-875b-fbc51ac533bf None None] router is already registered
Jun 23 17:09:45.191427 np0000182575 devstack@neutron-api.service[104013]: DEBUG neutron.services.provider_configuration [None req-d6ca32c6-0344-41fd-b872-91c483904cef None None] Service providers = [] {{(pid=104013) parse_service_provider_opt /opt/stack/neutron/neutron/services/provider_configuration.py:170}}
Jun 23 17:09:45.191618 np0000182575 devstack@neutron-api.service[104013]: DEBUG neutron.db.servicetype_db [None req-d6ca32c6-0344-41fd-b872-91c483904cef None None] Adding provider configuration for service L3_ROUTER_NAT {{(pid=104013) add_provider_configuration /opt/stack/neutron/neutron/db/servicetype_db.py:45}}
Jun 23 17:09:45.191775 np0000182575 devstack@neutron-api.service[104012]: INFO neutron.quota.resource_registry [None req-ffed9e1d-96b3-4f26-875b-fbc51ac533bf None None] Creating instance of TrackedResource for resource:floatingip
Jun 23 17:09:45.191926 np0000182575 devstack@neutron-api.service[104014]: DEBUG neutron.api.extensions [None req-89a78dd2-206c-4c4d-bad2-f47c07d5d6a2 None None] Extended resource: address-scopes {{(pid=104014) __init__ /opt/stack/neutron/neutron/api/extensions.py:156}}
Jun 23 17:09:45.192014 np0000182575 devstack@neutron-api.service[104012]: WARNING neutron.quota.resource_registry [None req-ffed9e1d-96b3-4f26-875b-fbc51ac533bf None None] floatingip is already registered
