+ COMMAND=start + start + for KEYSTONE_WSGI_SCRIPT in keystone-wsgi-public ++ type -p keystone-wsgi-public + cp -a /var/lib/openstack/bin/keystone-wsgi-public /var/www/cgi-bin/keystone/ + '[' -f /etc/apache2/envvars ']' + source /etc/apache2/envvars ++ unset HOME ++ '[' '' '!=' '' ']' ++ SUFFIX= ++ export APACHE_RUN_USER=www-data ++ APACHE_RUN_USER=www-data ++ export APACHE_RUN_GROUP=www-data ++ APACHE_RUN_GROUP=www-data ++ export APACHE_PID_FILE=/var/run/apache2/apache2.pid ++ APACHE_PID_FILE=/var/run/apache2/apache2.pid ++ export APACHE_RUN_DIR=/var/run/apache2 ++ APACHE_RUN_DIR=/var/run/apache2 ++ export APACHE_LOCK_DIR=/var/lock/apache2 ++ APACHE_LOCK_DIR=/var/lock/apache2 ++ export APACHE_LOG_DIR=/var/log/apache2 ++ APACHE_LOG_DIR=/var/log/apache2 ++ export LANG=C ++ LANG=C ++ export LANG + '[' -f /var/run/apache2/apache2.pid ']' + exec apache2 -DFOREGROUND AH00558: apache2: Could not reliably determine the server's fully qualified domain name, using 10.0.0.139. Set the 'ServerName' directive globally to suppress this message AH00558: apache2: Could not reliably determine the server's fully qualified domain name, using 10.0.0.139. Set the 'ServerName' directive globally to suppress this message
[Wed Apr 15 05:13:27.678676 2026] [mpm_event:notice] [pid 1:tid 139716716193664] AH00489: Apache/2.4.58 (Ubuntu) mod_wsgi/5.0.0 Python/3.12 configured -- resuming normal operations
[Wed Apr 15 05:13:27.678803 2026] [core:notice] [pid 1:tid 139716716193664] AH00094: Command line: 'apache2 -D FOREGROUND'
[Wed Apr 15 05:14:27.386965 2026] [wsgi:error] [pid 11:tid 139716079421120] /var/lib/openstack/lib/python3.12/site-packages/oslo_utils/importutils.py:77: EventletDeprecationWarning:
[Wed Apr 15 05:14:27.387012 2026] [wsgi:error] [pid 11:tid 139716079421120] Eventlet is deprecated. It is currently being maintained in bugfix mode, and
[Wed Apr 15 05:14:27.387014 2026] [wsgi:error] [pid 11:tid 139716079421120] we strongly recommend against using it for new projects.
[Wed Apr 15 05:14:27.387015 2026] [wsgi:error] [pid 11:tid 139716079421120]
[Wed Apr 15 05:14:27.387016 2026] [wsgi:error] [pid 11:tid 139716079421120] If you are already using Eventlet, we recommend migrating to a different
[Wed Apr 15 05:14:27.387018 2026] [wsgi:error] [pid 11:tid 139716079421120] framework. For more detail see
[Wed Apr 15 05:14:27.387019 2026] [wsgi:error] [pid 11:tid 139716079421120] https://eventlet.readthedocs.io/en/latest/asyncio/migration.html
[Wed Apr 15 05:14:27.387020 2026] [wsgi:error] [pid 11:tid 139716079421120]
[Wed Apr 15 05:14:27.387021 2026] [wsgi:error] [pid 11:tid 139716079421120] __import__(import_str)
[Wed Apr 15 05:14:27.400854 2026] [wsgi:error] [pid 9:tid 139716079421120] /var/lib/openstack/lib/python3.12/site-packages/oslo_utils/importutils.py:77: EventletDeprecationWarning:
[Wed Apr 15 05:14:27.400889 2026] [wsgi:error] [pid 9:tid 139716079421120] Eventlet is deprecated. It is currently being maintained in bugfix mode, and
[Wed Apr 15 05:14:27.400890 2026] [wsgi:error] [pid 9:tid 139716079421120] we strongly recommend against using it for new projects.
[Wed Apr 15 05:14:27.400892 2026] [wsgi:error] [pid 9:tid 139716079421120]
[Wed Apr 15 05:14:27.400893 2026] [wsgi:error] [pid 9:tid 139716079421120] If you are already using Eventlet, we recommend migrating to a different
[Wed Apr 15 05:14:27.400894 2026] [wsgi:error] [pid 9:tid 139716079421120] framework. For more detail see
[Wed Apr 15 05:14:27.400895 2026] [wsgi:error] [pid 9:tid 139716079421120] https://eventlet.readthedocs.io/en/latest/asyncio/migration.html
[Wed Apr 15 05:14:27.400896 2026] [wsgi:error] [pid 9:tid 139716079421120]
[Wed Apr 15 05:14:27.400897 2026] [wsgi:error] [pid 9:tid 139716079421120] __import__(import_str) 10.0.0.151 - - [15/Apr/2026:05:14:26 +0000] "GET /v3/ HTTP/1.1" 200 250 10.0.0.151 - - [15/Apr/2026:05:14:26 +0000] "GET /v3/ HTTP/1.1" 200 250
[Wed Apr 15 05:14:39.420990 2026] [wsgi:error] [pid 10:tid 139716079421120] /var/lib/openstack/lib/python3.12/site-packages/oslo_utils/importutils.py:77: EventletDeprecationWarning:
[Wed Apr 15 05:14:39.421033 2026] [wsgi:error] [pid 10:tid 139716079421120] Eventlet is deprecated. It is currently being maintained in bugfix mode, and
[Wed Apr 15 05:14:39.421035 2026] [wsgi:error] [pid 10:tid 139716079421120] we strongly recommend against using it for new projects.
[Wed Apr 15 05:14:39.421036 2026] [wsgi:error] [pid 10:tid 139716079421120]
[Wed Apr 15 05:14:39.421037 2026] [wsgi:error] [pid 10:tid 139716079421120] If you are already using Eventlet, we recommend migrating to a different
[Wed Apr 15 05:14:39.421039 2026] [wsgi:error] [pid 10:tid 139716079421120] framework. For more detail see
[Wed Apr 15 05:14:39.421040 2026] [wsgi:error] [pid 10:tid 139716079421120] https://eventlet.readthedocs.io/en/latest/asyncio/migration.html
[Wed Apr 15 05:14:39.421041 2026] [wsgi:error] [pid 10:tid 139716079421120]
[Wed Apr 15 05:14:39.421042 2026] [wsgi:error] [pid 10:tid 139716079421120] __import__(import_str) 10.0.0.34 - - [15/Apr/2026:05:14:38 +0000] "GET / HTTP/1.1" 300 295
[Wed Apr 15 05:14:44.967159 2026] [wsgi:error] [pid 12:tid 139716079421120] /var/lib/openstack/lib/python3.12/site-packages/oslo_utils/importutils.py:77: EventletDeprecationWarning:
[Wed Apr 15 05:14:44.967290 2026] [wsgi:error] [pid 12:tid 139716079421120] Eventlet is deprecated. It is currently being maintained in bugfix mode, and
[Wed Apr 15 05:14:44.967304 2026] [wsgi:error] [pid 12:tid 139716079421120] we strongly recommend against using it for new projects.
[Wed Apr 15 05:14:44.967316 2026] [wsgi:error] [pid 12:tid 139716079421120]
[Wed Apr 15 05:14:44.967328 2026] [wsgi:error] [pid 12:tid 139716079421120] If you are already using Eventlet, we recommend migrating to a different
[Wed Apr 15 05:14:44.967338 2026] [wsgi:error] [pid 12:tid 139716079421120] framework. For more detail see
[Wed Apr 15 05:14:44.967348 2026] [wsgi:error] [pid 12:tid 139716079421120] https://eventlet.readthedocs.io/en/latest/asyncio/migration.html
[Wed Apr 15 05:14:44.967360 2026] [wsgi:error] [pid 12:tid 139716079421120]
[Wed Apr 15 05:14:44.967372 2026] [wsgi:error] [pid 12:tid 139716079421120] __import__(import_str)
[Wed Apr 15 05:14:49.851733 2026] [wsgi:error] [pid 12:tid 139716079421120] [remote 10.0.0.34:41966] 2026-04-15 05:14:49.849 12 WARNING keystone.identity.core [None req-b2539ae7-50ae-4c92-a404-d2225646394a - - - - - -] Invalid domain name (atmosphere) found in config file name: keystone.exception.DomainNotFound: Could not find domain: atmosphere.
[Wed Apr 15 05:14:49.920895 2026] [wsgi:error] [pid 12:tid 139716079421120] [remote 10.0.0.34:41966] 2026-04-15 05:14:49.920 12 WARNING keystone.common.password_hashing [None req-b2539ae7-50ae-4c92-a404-d2225646394a - - - - - -] Truncating password to algorithm specific maximum length 72 characters.
[Wed Apr 15 05:14:50.210256 2026] [wsgi:error] [pid 12:tid 139716079421120] [remote 10.0.0.34:41966] 2026-04-15 05:14:50.210 12 WARNING keystone.common.fernet_utils [None req-b2539ae7-50ae-4c92-a404-d2225646394a - - - - - -] key_repository is world readable: /etc/keystone/fernet-keys/ 10.0.0.34 - - [15/Apr/2026:05:14:44 +0000] "POST /v3/auth/tokens HTTP/1.1" 201 1359
[Wed Apr 15 05:14:50.572199 2026] [wsgi:error] [pid 9:tid 139716079421120] [remote 10.0.0.34:41966] 2026-04-15 05:14:50.568 9 WARNING keystone.identity.core [None req-c944a84b-a6cd-4d93-961f-53f8bc128c54 - - - - - -] Invalid domain name (atmosphere) found in config file name: keystone.exception.DomainNotFound: Could not find domain: atmosphere. 10.0.0.34 - - [15/Apr/2026:05:14:50 +0000] "POST /v3/domains HTTP/1.1" 201 261 10.0.0.173 - - [15/Apr/2026:05:15:00 +0000] "GET / HTTP/1.1" 300 295
[Wed Apr 15 05:15:01.068890 2026] [wsgi:error] [pid 10:tid 139716079421120] [remote 10.0.0.173:34084] 2026-04-15 05:15:01.068 10 WARNING keystone.common.password_hashing [None req-f95fb22d-533e-4304-b87c-6ff5a54bf2a4 - - - - - -] Truncating password to algorithm specific maximum length 72 characters.
[Wed Apr 15 05:15:01.352961 2026] [wsgi:error] [pid 10:tid 139716079421120] [remote 10.0.0.173:34084] 2026-04-15 05:15:01.352 10 WARNING keystone.common.fernet_utils [None req-f95fb22d-533e-4304-b87c-6ff5a54bf2a4 - - - - - -] key_repository is world readable: /etc/keystone/fernet-keys/ 10.0.0.173 - - [15/Apr/2026:05:15:00 +0000] "POST /v3/auth/tokens HTTP/1.1" 201 1359 10.0.0.173 - - [15/Apr/2026:05:15:01 +0000] "GET /v3/roles/admin HTTP/1.1" 404 83
[Wed Apr 15 05:15:01.581803 2026] [wsgi:error] [pid 9:tid 139716079421120] [remote 10.0.0.173:34084] 2026-04-15 05:15:01.581 9 WARNING keystone.common.rbac_enforcer.enforcer [None req-79efd307-3b4d-4e49-88dc-31943465023c 11faf4dd2d924dbb80ee02b16f1391af 0f01e4d9bf554be388012dc0a3faa9a3 - - default default] Deprecated policy rules found. Use oslopolicy-policy-generator and oslopolicy-policy-upgrade to detect and resolve deprecated policies in your configuration. 10.0.0.173 - - [15/Apr/2026:05:15:01 +0000] "GET /v3/roles?name=admin HTTP/1.1" 200 389
[Wed Apr 15 05:15:01.960075 2026] [wsgi:error] [pid 11:tid 139716079421120] [remote 10.0.0.173:34084] 2026-04-15 05:15:01.959 11 WARNING keystone.common.rbac_enforcer.enforcer [None req-682a5c66-8dd0-4349-8213-780331c71839 11faf4dd2d924dbb80ee02b16f1391af 0f01e4d9bf554be388012dc0a3faa9a3 - - default default] Deprecated policy rules found. Use oslopolicy-policy-generator and oslopolicy-policy-upgrade to detect and resolve deprecated policies in your configuration. 10.0.0.173 - - [15/Apr/2026:05:15:01 +0000] "GET /v3/users/admin-RegionOne HTTP/1.1" 404 93
[Wed Apr 15 05:15:02.106144 2026] [wsgi:error] [pid 10:tid 139716079421120] [remote 10.0.0.173:34084] 2026-04-15 05:15:02.105 10 WARNING keystone.common.rbac_enforcer.enforcer [None req-75ff8db8-3559-41b9-a4d2-748022756ccb 11faf4dd2d924dbb80ee02b16f1391af 0f01e4d9bf554be388012dc0a3faa9a3 - - default default] Deprecated policy rules found. Use oslopolicy-policy-generator and oslopolicy-policy-upgrade to detect and resolve deprecated policies in your configuration. 10.0.0.173 - - [15/Apr/2026:05:15:01 +0000] "GET /v3/users?name=admin-RegionOne HTTP/1.1" 200 422
[Wed Apr 15 05:15:02.279359 2026] [wsgi:error] [pid 12:tid 139716079421120] [remote 10.0.0.173:34084] 2026-04-15 05:15:02.279 12 WARNING keystone.common.rbac_enforcer.enforcer [None req-e8dc3db5-c89b-4dbf-848d-7fd2a4bd52ab 11faf4dd2d924dbb80ee02b16f1391af 0f01e4d9bf554be388012dc0a3faa9a3 - - default default] Deprecated policy rules found. Use oslopolicy-policy-generator and oslopolicy-policy-upgrade to detect and resolve deprecated policies in your configuration. 10.0.0.173 - - [15/Apr/2026:05:15:02 +0000] "GET /v3/domains/default HTTP/1.1" 200 224 10.0.0.173 - - [15/Apr/2026:05:15:02 +0000] "PUT /v3/domains/default/users/11faf4dd2d924dbb80ee02b16f1391af/roles/4a770ce3b3ed4659bcc00f9e006b0912 HTTP/1.1" 204 - 10.0.0.151 - - [15/Apr/2026:05:15:12 +0000] "GET / HTTP/1.1" 300 280 10.0.0.151 - - [15/Apr/2026:05:15:13 +0000] "GET /v3 HTTP/1.1" 200 265
[Wed Apr 15 05:15:13.688381 2026] [wsgi:error] [pid 12:tid 139716079421120] [remote 10.0.0.151:40480] 2026-04-15 05:15:13.688 12 WARNING keystone.common.password_hashing [None req-f32e74b1-6f90-446e-a84f-1615ca792a13 - - - - - -] Truncating password to algorithm specific maximum length 72 characters.
[Wed Apr 15 05:15:13.962233 2026] [wsgi:error] [pid 12:tid 139716079421120] [remote 10.0.0.151:40480] 2026-04-15 05:15:13.962 12 WARNING keystone.common.fernet_utils [None req-f32e74b1-6f90-446e-a84f-1615ca792a13 - - - - - -] key_repository is world readable: /etc/keystone/fernet-keys/ 10.0.0.151 - - [15/Apr/2026:05:15:13 +0000] "POST /v3/auth/tokens HTTP/1.1" 201 1359 10.0.0.151 - - [15/Apr/2026:05:15:14 +0000] "GET / HTTP/1.1" 300 280 10.0.0.151 - - [15/Apr/2026:05:15:14 +0000] "GET /v3/domains/atmosphere HTTP/1.1" 404 90 10.0.0.151 - - [15/Apr/2026:05:15:14 +0000] "GET /v3/domains?name=atmosphere HTTP/1.1" 200 368 10.0.0.151 - - [15/Apr/2026:05:15:14 +0000] "GET /v3/domains/b3ba0920f36c4b069c2c6d50d69b93da HTTP/1.1" 200 246 10.0.0.151 - - [15/Apr/2026:05:15:14 +0000] "GET /v3 HTTP/1.1" 200 265
[Wed Apr 15 05:15:15.102565 2026] [wsgi:error] [pid 11:tid 139716079421120] [remote 10.0.0.151:40480] 2026-04-15 05:15:15.101 11 WARNING keystone.common.password_hashing [None req-01245a0d-15b6-47cc-beeb-b17849a9aa81 - - - - - -] Truncating password to algorithm specific maximum length 72 characters.
[Wed Apr 15 05:15:15.385378 2026] [wsgi:error] [pid 11:tid 139716079421120] [remote 10.0.0.151:40480] 2026-04-15 05:15:15.385 11 WARNING keystone.common.fernet_utils [None req-01245a0d-15b6-47cc-beeb-b17849a9aa81 - - - - - -] key_repository is world readable: /etc/keystone/fernet-keys/ 10.0.0.151 - - [15/Apr/2026:05:15:14 +0000] "POST /v3/auth/tokens HTTP/1.1" 201 1359 10.0.0.151 - - [15/Apr/2026:05:15:15 +0000] "GET / HTTP/1.1" 300 280 10.0.0.151 - - [15/Apr/2026:05:15:15 +0000] "GET /v3/OS-FEDERATION/identity_providers/atmosphere HTTP/1.1" 404 101 10.0.0.151 - - [15/Apr/2026:05:15:15 +0000] "GET /v3/OS-FEDERATION/identity_providers HTTP/1.1" 200 155 10.0.0.151 - - [15/Apr/2026:05:15:15 +0000] "PUT /v3/OS-FEDERATION/identity_providers/atmosphere HTTP/1.1" 201 340 10.0.0.151 - - [15/Apr/2026:05:15:16 +0000] "GET /v3 HTTP/1.1" 200 265
[Wed Apr 15 05:15:16.299183 2026] [wsgi:error] [pid 12:tid 139716079421120] [remote 10.0.0.151:40480] 2026-04-15 05:15:16.299 12 WARNING keystone.common.password_hashing [None req-6e64560d-fa7b-4299-a46d-cb251a8b3943 - - - - - -] Truncating password to algorithm specific maximum length 72 characters.
[Wed Apr 15 05:15:16.567049 2026] [wsgi:error] [pid 12:tid 139716079421120] [remote 10.0.0.151:40480] 2026-04-15 05:15:16.566 12 WARNING keystone.common.fernet_utils [None req-6e64560d-fa7b-4299-a46d-cb251a8b3943 - - - - - -] key_repository is world readable: /etc/keystone/fernet-keys/ 10.0.0.151 - - [15/Apr/2026:05:15:16 +0000] "POST /v3/auth/tokens HTTP/1.1" 201 1359 10.0.0.151 - - [15/Apr/2026:05:15:16 +0000] "GET / HTTP/1.1" 300 280 10.0.0.151 - - [15/Apr/2026:05:15:16 +0000] "GET /v3/OS-FEDERATION/mappings/atmosphere-openid HTTP/1.1" 404 98 10.0.0.151 - - [15/Apr/2026:05:15:16 +0000] "GET /v3/OS-FEDERATION/mappings HTTP/1.1" 200 135 10.0.0.151 - - [15/Apr/2026:05:15:16 +0000] "PUT /v3/OS-FEDERATION/mappings/atmosphere-openid HTTP/1.1" 201 356 10.0.0.151 - - [15/Apr/2026:05:15:17 +0000] "GET /v3 HTTP/1.1" 200 265
[Wed Apr 15 05:15:17.379724 2026] [wsgi:error] [pid 11:tid 139716079421120] [remote 10.0.0.151:40492] 2026-04-15 05:15:17.379 11 WARNING keystone.common.password_hashing [None req-4dcac64a-eb66-4475-b2fb-fb69aab82cbc - - - - - -] Truncating password to algorithm specific maximum length 72 characters.
[Wed Apr 15 05:15:17.660059 2026] [wsgi:error] [pid 11:tid 139716079421120] [remote 10.0.0.151:40492] 2026-04-15 05:15:17.659 11 WARNING keystone.common.fernet_utils [None req-4dcac64a-eb66-4475-b2fb-fb69aab82cbc - - - - - -] key_repository is world readable: /etc/keystone/fernet-keys/ 10.0.0.151 - - [15/Apr/2026:05:15:17 +0000] "POST /v3/auth/tokens HTTP/1.1" 201 1359 10.0.0.151 - - [15/Apr/2026:05:15:17 +0000] "GET / HTTP/1.1" 300 280 10.0.0.151 - - [15/Apr/2026:05:15:17 +0000] "GET /v3/OS-FEDERATION/identity_providers/atmosphere/protocols/openid?idp_id=atmosphere HTTP/1.1" 404 131 10.0.0.151 - - [15/Apr/2026:05:15:17 +0000] "GET /v3/OS-FEDERATION/identity_providers/atmosphere/protocols HTTP/1.1" 200 167 10.0.0.151 - - [15/Apr/2026:05:15:17 +0000] "PUT /v3/OS-FEDERATION/identity_providers/atmosphere/protocols/openid HTTP/1.1" 201 222 10.0.0.151 - - [15/Apr/2026:05:15:26 +0000] "GET /v3/ HTTP/1.1" 200 250 10.0.0.151 - - [15/Apr/2026:05:15:26 +0000] "GET /v3/ HTTP/1.1" 200 250 10.0.0.151 - - [15/Apr/2026:05:16:26 +0000] "GET /v3/ HTTP/1.1" 200 250 10.0.0.151 - - [15/Apr/2026:05:16:26 +0000] "GET /v3/ HTTP/1.1" 200 250 10.0.0.162 - - [15/Apr/2026:05:16:41 +0000] "GET / HTTP/1.1" 300 295
[Wed Apr 15 05:16:41.698800 2026] [wsgi:error] [pid 12:tid 139716079421120] [remote 10.0.0.162:59136] 2026-04-15 05:16:41.698 12 WARNING keystone.common.password_hashing [None req-3ebe4049-4284-493e-a535-38ab3d5defe5 - - - - - -] Truncating password to algorithm specific maximum length 72 characters.
[Wed Apr 15 05:16:41.980456 2026] [wsgi:error] [pid 12:tid 139716079421120] [remote 10.0.0.162:59136] 2026-04-15 05:16:41.980 12 WARNING keystone.common.fernet_utils [None req-3ebe4049-4284-493e-a535-38ab3d5defe5 - - - - - -] key_repository is world readable: /etc/keystone/fernet-keys/ 10.0.0.162 - - [15/Apr/2026:05:16:41 +0000] "POST /v3/auth/tokens HTTP/1.1" 201 1359 10.0.0.162 - - [15/Apr/2026:05:16:42 +0000] "GET /v3/services HTTP/1.1" 200 355 10.0.0.162 - - [15/Apr/2026:05:16:45 +0000] "GET / HTTP/1.1" 300 295
[Wed Apr 15 05:16:45.522288 2026] [wsgi:error] [pid 10:tid 139716079421120] [remote 10.0.0.162:59142] 2026-04-15 05:16:45.522 10 WARNING keystone.common.password_hashing [None req-9fd46ac3-811a-41bb-a836-9bf8889a853d - - - - - -] Truncating password to algorithm specific maximum length 72 characters.
[Wed Apr 15 05:16:45.801926 2026] [wsgi:error] [pid 10:tid 139716079421120] [remote 10.0.0.162:59142] 2026-04-15 05:16:45.801 10 WARNING keystone.common.fernet_utils [None req-9fd46ac3-811a-41bb-a836-9bf8889a853d - - - - - -] key_repository is world readable: /etc/keystone/fernet-keys/ 10.0.0.162 - - [15/Apr/2026:05:16:45 +0000] "POST /v3/auth/tokens HTTP/1.1" 201 1359 10.0.0.162 - - [15/Apr/2026:05:16:45 +0000] "GET /v3/services HTTP/1.1" 200 355 10.0.0.162 - - [15/Apr/2026:05:16:49 +0000] "GET / HTTP/1.1" 300 295
[Wed Apr 15 05:16:49.257058 2026] [wsgi:error] [pid 11:tid 139716079421120] [remote 10.0.0.162:57054] 2026-04-15 05:16:49.256 11 WARNING keystone.common.password_hashing [None req-22cfb086-75ad-48b2-9d9f-12658e2514ed - - - - - -] Truncating password to algorithm specific maximum length 72 characters.
[Wed Apr 15 05:16:49.539327 2026] [wsgi:error] [pid 11:tid 139716079421120] [remote 10.0.0.162:57054] 2026-04-15 05:16:49.539 11 WARNING keystone.common.fernet_utils [None req-22cfb086-75ad-48b2-9d9f-12658e2514ed - - - - - -] key_repository is world readable: /etc/keystone/fernet-keys/ 10.0.0.162 - - [15/Apr/2026:05:16:49 +0000] "POST /v3/auth/tokens HTTP/1.1" 201 1359 10.0.0.162 - - [15/Apr/2026:05:16:49 +0000] "GET /v3/services HTTP/1.1" 200 355 10.0.0.162 - - [15/Apr/2026:05:16:53 +0000] "GET / HTTP/1.1" 300 295
[Wed Apr 15 05:16:53.100869 2026] [wsgi:error] [pid 9:tid 139716079421120] [remote 10.0.0.162:57060] 2026-04-15 05:16:53.100 9 WARNING keystone.common.password_hashing [None req-df0b559f-e8a7-478a-a8bf-9f7ce2ea9316 - - - - - -] Truncating password to algorithm specific maximum length 72 characters.
[Wed Apr 15 05:16:53.377497 2026] [wsgi:error] [pid 9:tid 139716079421120] [remote 10.0.0.162:57060] 2026-04-15 05:16:53.377 9 WARNING keystone.common.fernet_utils [None req-df0b559f-e8a7-478a-a8bf-9f7ce2ea9316 - - - - - -] key_repository is world readable: /etc/keystone/fernet-keys/ 10.0.0.162 - - [15/Apr/2026:05:16:53 +0000] "POST /v3/auth/tokens HTTP/1.1" 201 1359 10.0.0.162 - - [15/Apr/2026:05:16:53 +0000] "POST /v3/services HTTP/1.1" 201 296 10.0.0.231 - - [15/Apr/2026:05:17:04 +0000] "GET / HTTP/1.1" 300 295
[Wed Apr 15 05:17:04.889050 2026] [wsgi:error] [pid 12:tid 139716079421120] [remote 10.0.0.231:33966] 2026-04-15 05:17:04.888 12 WARNING keystone.common.password_hashing [None req-055556c7-10c0-448d-8197-a870fc0f949d - - - - - -] Truncating password to algorithm specific maximum length 72 characters. 10.0.0.231 - - [15/Apr/2026:05:17:04 +0000] "GET / HTTP/1.1" 300 295 10.0.0.231 - - [15/Apr/2026:05:17:04 +0000] "GET / HTTP/1.1" 300 295
[Wed Apr 15 05:17:05.016065 2026] [wsgi:error] [pid 10:tid 139716079421120] [remote 10.0.0.231:33974] 2026-04-15 05:17:05.015 10 WARNING keystone.common.password_hashing [None req-14c6a159-287c-4d9b-8aed-3e2330bd0be9 - - - - - -] Truncating password to algorithm specific maximum length 72 characters.
[Wed Apr 15 05:17:05.019061 2026] [wsgi:error] [pid 9:tid 139716079421120] [remote 10.0.0.231:33976] 2026-04-15 05:17:05.018 9 WARNING keystone.common.password_hashing [None req-02cb67d5-12cf-4367-a1ee-6262db509c82 - - - - - -] Truncating password to algorithm specific maximum length 72 characters.
[Wed Apr 15 05:17:05.176450 2026] [wsgi:error] [pid 12:tid 139716079421120] [remote 10.0.0.231:33966] 2026-04-15 05:17:05.176 12 WARNING keystone.common.fernet_utils [None req-055556c7-10c0-448d-8197-a870fc0f949d - - - - - -] key_repository is world readable: /etc/keystone/fernet-keys/ 10.0.0.231 - - [15/Apr/2026:05:17:04 +0000] "POST /v3/auth/tokens HTTP/1.1" 201 1463
[Wed Apr 15 05:17:05.298206 2026] [wsgi:error] [pid 10:tid 139716079421120] [remote 10.0.0.231:33974] 2026-04-15 05:17:05.298 10 WARNING keystone.common.fernet_utils [None req-14c6a159-287c-4d9b-8aed-3e2330bd0be9 - - - - - -] key_repository is world readable: /etc/keystone/fernet-keys/ 10.0.0.231 - - [15/Apr/2026:05:17:04 +0000] "POST /v3/auth/tokens HTTP/1.1" 201 1463 10.0.0.231 - - [15/Apr/2026:05:17:05 +0000] "GET /v3/services HTTP/1.1" 200 639
[Wed Apr 15 05:17:05.311271 2026] [wsgi:error] [pid 9:tid 139716079421120] [remote 10.0.0.231:33976] 2026-04-15 05:17:05.311 9 WARNING keystone.common.fernet_utils [None req-02cb67d5-12cf-4367-a1ee-6262db509c82 - - - - - -] key_repository is world readable: /etc/keystone/fernet-keys/ 10.0.0.231 - - [15/Apr/2026:05:17:05 +0000] "POST /v3/auth/tokens HTTP/1.1" 201 1463 10.0.0.231 - - [15/Apr/2026:05:17:05 +0000] "GET /v3/services HTTP/1.1" 200 639 10.0.0.231 - - [15/Apr/2026:05:17:05 +0000] "GET /v3/services HTTP/1.1" 200 639 10.0.0.231 - - [15/Apr/2026:05:17:06 +0000] "GET / HTTP/1.1" 300 295
[Wed Apr 15 05:17:06.709597 2026] [wsgi:error] [pid 9:tid 139716079421120] [remote 10.0.0.231:33978] 2026-04-15 05:17:06.709 9 WARNING keystone.common.password_hashing [None req-c163466b-59bf-4d41-9a0d-36933e8a0488 - - - - - -] Truncating password to algorithm specific maximum length 72 characters. 10.0.0.231 - - [15/Apr/2026:05:17:06 +0000] "GET / HTTP/1.1" 300 295
[Wed Apr 15 05:17:06.876138 2026] [wsgi:error] [pid 10:tid 139716079421120] [remote 10.0.0.231:33984] 2026-04-15 05:17:06.875 10 WARNING keystone.common.password_hashing [None req-e3c159c2-d358-4db4-8388-825c5af7810c - - - - - -] Truncating password to algorithm specific maximum length 72 characters. 10.0.0.231 - - [15/Apr/2026:05:17:06 +0000] "GET / HTTP/1.1" 300 295
[Wed Apr 15 05:17:06.960255 2026] [wsgi:error] [pid 11:tid 139716079421120] [remote 10.0.0.231:33992] 2026-04-15 05:17:06.959 11 WARNING keystone.common.password_hashing [None req-86015d2f-fa15-43ec-ae3a-d709c321189c - - - - - -] Truncating password to algorithm specific maximum length 72 characters.
[Wed Apr 15 05:17:07.008288 2026] [wsgi:error] [pid 9:tid 139716079421120] [remote 10.0.0.231:33978] 2026-04-15 05:17:07.008 9 WARNING keystone.common.fernet_utils [None req-c163466b-59bf-4d41-9a0d-36933e8a0488 - - - - - -] key_repository is world readable: /etc/keystone/fernet-keys/ 10.0.0.231 - - [15/Apr/2026:05:17:06 +0000] "POST /v3/auth/tokens HTTP/1.1" 201 1463 10.0.0.231 - - [15/Apr/2026:05:17:07 +0000] "GET /v3/endpoints HTTP/1.1" 200 1226
[Wed Apr 15 05:17:07.149352 2026] [wsgi:error] [pid 10:tid 139716079421120] [remote 10.0.0.231:33984] 2026-04-15 05:17:07.149 10 WARNING keystone.common.fernet_utils [None req-e3c159c2-d358-4db4-8388-825c5af7810c - - - - - -] key_repository is world readable: /etc/keystone/fernet-keys/ 10.0.0.231 - - [15/Apr/2026:05:17:06 +0000] "POST /v3/auth/tokens HTTP/1.1" 201 1463 10.0.0.231 - - [15/Apr/2026:05:17:07 +0000] "GET /v3/services/1baef72c07db4b99b996cf32ab514c0e HTTP/1.1" 200 233 10.0.0.231 - - [15/Apr/2026:05:17:07 +0000] "GET /v3/services/1baef72c07db4b99b996cf32ab514c0e HTTP/1.1" 200 233 10.0.0.231 - - [15/Apr/2026:05:17:07 +0000] "GET /v3/services/1baef72c07db4b99b996cf32ab514c0e HTTP/1.1" 200 233
[Wed Apr 15 05:17:07.269971 2026] [wsgi:error] [pid 11:tid 139716079421120] [remote 10.0.0.231:33992] 2026-04-15 05:17:07.269 11 WARNING keystone.common.fernet_utils [None req-86015d2f-fa15-43ec-ae3a-d709c321189c - - - - - -] key_repository is world readable: /etc/keystone/fernet-keys/ 10.0.0.231 - - [15/Apr/2026:05:17:06 +0000] "POST /v3/auth/tokens HTTP/1.1" 201 1463 10.0.0.231 - - [15/Apr/2026:05:17:07 +0000] "GET /v3/endpoints HTTP/1.1" 200 1226 10.0.0.231 - - [15/Apr/2026:05:17:07 +0000] "GET /v3/services/1baef72c07db4b99b996cf32ab514c0e HTTP/1.1" 200 233 10.0.0.231 - - [15/Apr/2026:05:17:07 +0000] "GET /v3/services/1baef72c07db4b99b996cf32ab514c0e HTTP/1.1" 200 233 10.0.0.231 - - [15/Apr/2026:05:17:07 +0000] "GET /v3/services/1baef72c07db4b99b996cf32ab514c0e HTTP/1.1" 200 233 10.0.0.231 - - [15/Apr/2026:05:17:07 +0000] "GET /v3/endpoints HTTP/1.1" 200 1226 10.0.0.231 - - [15/Apr/2026:05:17:07 +0000] "GET /v3/services/1baef72c07db4b99b996cf32ab514c0e HTTP/1.1" 200 233 10.0.0.231 - - [15/Apr/2026:05:17:07 +0000] "GET /v3/services/1baef72c07db4b99b996cf32ab514c0e HTTP/1.1" 200 233 10.0.0.231 - - [15/Apr/2026:05:17:07 +0000] "GET /v3/services/1baef72c07db4b99b996cf32ab514c0e HTTP/1.1" 200 233 10.0.0.231 - - [15/Apr/2026:05:17:08 +0000] "GET / HTTP/1.1" 300 295
[Wed Apr 15 05:17:08.628412 2026] [wsgi:error] [pid 12:tid 139716079421120] [remote 10.0.0.231:48504] 2026-04-15 05:17:08.628 12 WARNING keystone.common.password_hashing [None req-7642b996-6efa-4243-93c8-f344ec91b18d - - - - - -] Truncating password to algorithm specific maximum length 72 characters. 10.0.0.231 - - [15/Apr/2026:05:17:08 +0000] "GET / HTTP/1.1" 300 295
[Wed Apr 15 05:17:08.754257 2026] [wsgi:error] [pid 11:tid 139716079421120] [remote 10.0.0.231:48506] 2026-04-15 05:17:08.754 11 WARNING keystone.common.password_hashing [None req-3a0ed1ce-3d40-40e9-9053-7997ac28f258 - - - - - -] Truncating password to algorithm specific maximum length 72 characters. 10.0.0.231 - - [15/Apr/2026:05:17:08 +0000] "GET / HTTP/1.1" 300 295
[Wed Apr 15 05:17:08.837103 2026] [wsgi:error] [pid 10:tid 139716079421120] [remote 10.0.0.231:48512] 2026-04-15 05:17:08.836 10 WARNING keystone.common.password_hashing [None req-32d2f868-e794-4ddf-ab8a-d2b2a338a3b5 - - - - - -] Truncating password to algorithm specific maximum length 72 characters.
[Wed Apr 15 05:17:08.899541 2026] [wsgi:error] [pid 12:tid 139716079421120] [remote 10.0.0.231:48504] 2026-04-15 05:17:08.899 12 WARNING keystone.common.fernet_utils [None req-7642b996-6efa-4243-93c8-f344ec91b18d - - - - - -] key_repository is world readable: /etc/keystone/fernet-keys/ 10.0.0.231 - - [15/Apr/2026:05:17:08 +0000] "POST /v3/auth/tokens HTTP/1.1" 201 1463 10.0.0.231 - - [15/Apr/2026:05:17:08 +0000] "GET /v3/services/01bcf4fc20a147538ce786f14ff904a2 HTTP/1.1" 200 296 10.0.0.231 - - [15/Apr/2026:05:17:09 +0000] "GET /v3/regions/RegionOne HTTP/1.1" 200 173
[Wed Apr 15 05:17:09.059711 2026] [wsgi:error] [pid 11:tid 139716079421120] [remote 10.0.0.231:48506] 2026-04-15 05:17:09.059 11 WARNING keystone.common.fernet_utils [None req-3a0ed1ce-3d40-40e9-9053-7997ac28f258 - - - - - -] key_repository is world readable: /etc/keystone/fernet-keys/ 10.0.0.231 - - [15/Apr/2026:05:17:09 +0000] "POST /v3/endpoints HTTP/1.1" 201 380 10.0.0.231 - - [15/Apr/2026:05:17:08 +0000] "POST /v3/auth/tokens HTTP/1.1" 201 1640
[Wed Apr 15 05:17:09.117052 2026] [wsgi:error] [pid 10:tid 139716079421120] [remote 10.0.0.231:48512] 2026-04-15 05:17:09.116 10 WARNING keystone.common.fernet_utils [None req-32d2f868-e794-4ddf-ab8a-d2b2a338a3b5 - - - - - -] key_repository is world readable: /etc/keystone/fernet-keys/ 10.0.0.231 - - [15/Apr/2026:05:17:08 +0000] "POST /v3/auth/tokens HTTP/1.1" 201 1640 10.0.0.231 - - [15/Apr/2026:05:17:09 +0000] "GET /v3/services/01bcf4fc20a147538ce786f14ff904a2 HTTP/1.1" 200 296 10.0.0.231 - - [15/Apr/2026:05:17:09 +0000] "GET /v3/regions/RegionOne HTTP/1.1" 200 173 10.0.0.231 - - [15/Apr/2026:05:17:09 +0000] "GET /v3/services/01bcf4fc20a147538ce786f14ff904a2 HTTP/1.1" 200 296 10.0.0.231 - - [15/Apr/2026:05:17:09 +0000] "GET /v3/regions/RegionOne HTTP/1.1" 200 173 10.0.0.231 - - [15/Apr/2026:05:17:09 +0000] "POST /v3/endpoints HTTP/1.1" 201 383 10.0.0.231 - - [15/Apr/2026:05:17:09 +0000] "POST /v3/endpoints HTTP/1.1" 201 369 10.0.0.231 - - [15/Apr/2026:05:17:10 +0000] "GET / HTTP/1.1" 300 295
[Wed Apr 15 05:17:10.421450 2026] [wsgi:error] [pid 12:tid 139716079421120] [remote 10.0.0.231:48518] 2026-04-15 05:17:10.421 12 WARNING keystone.common.password_hashing [None req-d8e57c7c-1f5e-4ae0-af77-ed5db6c45227 - - - - - -] Truncating password to algorithm specific maximum length 72 characters. 10.0.0.231 - - [15/Apr/2026:05:17:10 +0000] "GET / HTTP/1.1" 300 295
[Wed Apr 15 05:17:10.633663 2026] [wsgi:error] [pid 10:tid 139716079421120] [remote 10.0.0.231:48528] 2026-04-15 05:17:10.633 10 WARNING keystone.common.password_hashing [None req-be7eed2f-6b0e-4d91-a07d-e01f8ca72b4c - - - - - -] Truncating password to algorithm specific maximum length 72 characters. 10.0.0.231 - - [15/Apr/2026:05:17:10 +0000] "GET / HTTP/1.1" 300 295
[Wed Apr 15 05:17:10.759020 2026] [wsgi:error] [pid 12:tid 139716079421120] [remote 10.0.0.231:48518] 2026-04-15 05:17:10.758 12 WARNING keystone.common.fernet_utils [None req-d8e57c7c-1f5e-4ae0-af77-ed5db6c45227 - - - - - -] key_repository is world readable: /etc/keystone/fernet-keys/ 10.0.0.231 - - [15/Apr/2026:05:17:10 +0000] "POST /v3/auth/tokens HTTP/1.1" 201 1990
[Wed Apr 15 05:17:10.773972 2026] [wsgi:error] [pid 9:tid 139716079421120] [remote 10.0.0.231:48536] 2026-04-15 05:17:10.773 9 WARNING keystone.common.password_hashing [None req-fe3e79f3-20da-4045-b386-f0461f5d4423 - - - - - -] Truncating password to algorithm specific maximum length 72 characters. 10.0.0.231 - - [15/Apr/2026:05:17:10 +0000] "GET /v3/endpoints/679a83bf39654823879708fc79e055f6 HTTP/1.1" 200 380
[Wed Apr 15 05:17:10.906760 2026] [wsgi:error] [pid 10:tid 139716079421120] [remote 10.0.0.231:48528] 2026-04-15 05:17:10.906 10 WARNING keystone.common.fernet_utils [None req-be7eed2f-6b0e-4d91-a07d-e01f8ca72b4c - - - - - -] key_repository is world readable: /etc/keystone/fernet-keys/ 10.0.0.231 - - [15/Apr/2026:05:17:10 +0000] "POST /v3/auth/tokens HTTP/1.1" 201 1990 10.0.0.231 - - [15/Apr/2026:05:17:10 +0000] "GET /v3/services/01bcf4fc20a147538ce786f14ff904a2 HTTP/1.1" 200 296
[Wed Apr 15 05:17:11.050773 2026] [wsgi:error] [pid 9:tid 139716079421120] [remote 10.0.0.231:48536] 2026-04-15 05:17:11.050 9 WARNING keystone.common.fernet_utils [None req-fe3e79f3-20da-4045-b386-f0461f5d4423 - - - - - -] key_repository is world readable: /etc/keystone/fernet-keys/ 10.0.0.231 - - [15/Apr/2026:05:17:11 +0000] "GET /v3/endpoints/2605d08eb10f473bbdc6f697514c3999 HTTP/1.1" 200 383 10.0.0.231 - - [15/Apr/2026:05:17:10 +0000] "POST /v3/auth/tokens HTTP/1.1" 201 1990 10.0.0.231 - - [15/Apr/2026:05:17:11 +0000] "GET /v3/services/01bcf4fc20a147538ce786f14ff904a2 HTTP/1.1" 200 296 10.0.0.231 - - [15/Apr/2026:05:17:11 +0000] "GET /v3/endpoints/25f2125ee1504d23b30a732bc65517ae HTTP/1.1" 200 369 10.0.0.231 - - [15/Apr/2026:05:17:11 +0000] "GET /v3/services/01bcf4fc20a147538ce786f14ff904a2 HTTP/1.1" 200 296 10.0.0.157 - - [15/Apr/2026:05:17:21 +0000] "GET / HTTP/1.1" 300 295
[Wed Apr 15 05:17:21.870289 2026] [wsgi:error] [pid 10:tid 139716079421120] [remote 10.0.0.157:48434] 2026-04-15 05:17:21.870 10 WARNING keystone.common.password_hashing [None req-7fae4c4c-6106-4683-9c88-83500283cc78 - - - - - -] Truncating password to algorithm specific maximum length 72 characters.
[Wed Apr 15 05:17:22.142306 2026] [wsgi:error] [pid 10:tid 139716079421120] [remote 10.0.0.157:48434] 2026-04-15 05:17:22.141 10 WARNING keystone.common.fernet_utils [None req-7fae4c4c-6106-4683-9c88-83500283cc78 - - - - - -] key_repository is world readable: /etc/keystone/fernet-keys/ 10.0.0.157 - - [15/Apr/2026:05:17:21 +0000] "POST /v3/auth/tokens HTTP/1.1" 201 1990 10.0.0.157 - - [15/Apr/2026:05:17:22 +0000] "POST /v3/domains HTTP/1.1" 201 284 10.0.0.157 - - [15/Apr/2026:05:17:23 +0000] "GET / HTTP/1.1" 300 295
[Wed Apr 15 05:17:23.884438 2026] [wsgi:error] [pid 9:tid 139716079421120] [remote 10.0.0.157:48446] 2026-04-15 05:17:23.884 9 WARNING keystone.common.password_hashing [None req-1fc194bc-11b4-4679-857a-1835dd45e713 - - - - - -] Truncating password to algorithm specific maximum length 72 characters.
[Wed Apr 15 05:17:24.157053 2026] [wsgi:error] [pid 9:tid 139716079421120] [remote 10.0.0.157:48446] 2026-04-15 05:17:24.156 9 WARNING keystone.common.fernet_utils [None req-1fc194bc-11b4-4679-857a-1835dd45e713 - - - - - -] key_repository is world readable: /etc/keystone/fernet-keys/ 10.0.0.157 - - [15/Apr/2026:05:17:23 +0000] "POST /v3/auth/tokens HTTP/1.1" 201 1990
[Wed Apr 15 05:17:24.359269 2026] [wsgi:error] [pid 10:tid 139716079421120] [remote 10.0.0.157:48446] 2026-04-15 05:17:24.337 10 ERROR keystone.server.flask.application [None req-6937e71c-3977-455a-abf7-0b23a26e1322 11faf4dd2d924dbb80ee02b16f1391af 0f01e4d9bf554be388012dc0a3faa9a3 - - default default] Conflict occurred attempting to store project - it is not permitted to have two projects acting as domains with the same name: service.: keystone.exception.Conflict: Conflict occurred attempting to store project - it is not permitted to have two projects acting as domains with the same name: service.
[Wed Apr 15 05:17:24.359299 2026] [wsgi:error] [pid 10:tid 139716079421120] [remote 10.0.0.157:48446] 2026-04-15 05:17:24.337 10 ERROR keystone.server.flask.application
Traceback (most recent call last):
[Wed Apr 15 05:17:24.359303 2026] [wsgi:error] [pid 10:tid 139716079421120] [remote 10.0.0.157:48446] 2026-04-15 05:17:24.337 10 ERROR keystone.server.flask.application
File "/var/lib/openstack/lib/python3.12/site-packages/sqlalchemy/engine/base.py", line 1967, in _exec_single_context
[Wed Apr 15 05:17:24.359305 2026] [wsgi:error] [pid 10:tid 139716079421120] [remote 10.0.0.157:48446] 2026-04-15 05:17:24.337 10 ERROR keystone.server.flask.application self.dialect.do_execute(
[Wed Apr 15 05:17:24.359307 2026] [wsgi:error] [pid 10:tid 139716079421120] [remote 10.0.0.157:48446] 2026-04-15 05:17:24.337 10 ERROR keystone.server.flask.application
File "/var/lib/openstack/lib/python3.12/site-packages/sqlalchemy/engine/default.py", line 952, in do_execute
[Wed Apr 15 05:17:24.359310 2026] [wsgi:error] [pid 10:tid 139716079421120] [remote 10.0.0.157:48446] 2026-04-15 05:17:24.337 10 ERROR keystone.server.flask.application cursor.execute(statement, parameters)
[Wed Apr 15 05:17:24.359313 2026] [wsgi:error] [pid 10:tid 139716079421120] [remote 10.0.0.157:48446] 2026-04-15 05:17:24.337 10 ERROR keystone.server.flask.application
File "/var/lib/openstack/lib/python3.12/site-packages/pymysql/cursors.py", line 153, in execute
[Wed Apr 15 05:17:24.359315 2026] [wsgi:error] [pid 10:tid 139716079421120] [remote 10.0.0.157:48446] 2026-04-15 05:17:24.337 10 ERROR keystone.server.flask.application result = self._query(query)
[Wed Apr 15 05:17:24.359317 2026] [wsgi:error] [pid 10:tid 139716079421120] [remote 10.0.0.157:48446] 2026-04-15 05:17:24.337 10 ERROR keystone.server.flask.application ^^^^^^^^^^^^^^^^^^
[Wed Apr 15 05:17:24.359319 2026] [wsgi:error] [pid 10:tid 139716079421120] [remote 10.0.0.157:48446] 2026-04-15 05:17:24.337 10 ERROR keystone.server.flask.application
File "/var/lib/openstack/lib/python3.12/site-packages/pymysql/cursors.py", line 322, in _query
[Wed Apr 15 05:17:24.359321 2026] [wsgi:error] [pid 10:tid 139716079421120] [remote 10.0.0.157:48446] 2026-04-15 05:17:24.337 10 ERROR keystone.server.flask.application conn.query(q)
[Wed Apr 15 05:17:24.359323 2026] [wsgi:error] [pid 10:tid 139716079421120] [remote 10.0.0.157:48446] 2026-04-15 05:17:24.337 10 ERROR keystone.server.flask.application
File "/var/lib/openstack/lib/python3.12/site-packages/pymysql/connections.py", line 575, in query
[Wed Apr 15 05:17:24.359325 2026] [wsgi:error] [pid 10:tid 139716079421120] [remote 10.0.0.157:48446] 2026-04-15 05:17:24.337 10 ERROR keystone.server.flask.application self._affected_rows = self._read_query_result(unbuffered=unbuffered)
[Wed Apr 15 05:17:24.359327 2026] [wsgi:error] [pid 10:tid 139716079421120] [remote 10.0.0.157:48446] 2026-04-15 05:17:24.337 10 ERROR keystone.server.flask.application ^^^^^^^^^^^^^^^^^^^^^^^^^^^^^^^^^^^^^^^^^^^^^^
[Wed Apr 15 05:17:24.359329 2026] [wsgi:error] [pid 10:tid 139716079421120] [remote 10.0.0.157:48446] 2026-04-15 05:17:24.337 10 ERROR keystone.server.flask.application
File "/var/lib/openstack/lib/python3.12/site-packages/pymysql/connections.py", line 826, in _read_query_result
[Wed Apr 15 05:17:24.359332 2026] [wsgi:error] [pid 10:tid 139716079421120] [remote 10.0.0.157:48446] 2026-04-15 05:17:24.337 10 ERROR keystone.server.flask.application result.read()
[Wed Apr 15 05:17:24.359337 2026] [wsgi:error] [pid 10:tid 139716079421120] [remote 10.0.0.157:48446] 2026-04-15 05:17:24.337 10 ERROR keystone.server.flask.application
File "/var/lib/openstack/lib/python3.12/site-packages/pymysql/connections.py", line 1203, in read
[Wed Apr 15 05:17:24.359342 2026] [wsgi:error] [pid 10:tid 139716079421120] [remote 10.0.0.157:48446] 2026-04-15 05:17:24.337 10 ERROR keystone.server.flask.application first_packet = self.connection._read_packet()
[Wed Apr 15 05:17:24.359344 2026] [wsgi:error] [pid 10:tid 139716079421120] [remote 10.0.0.157:48446] 2026-04-15 05:17:24.337 10 ERROR keystone.server.flask.application ^^^^^^^^^^^^^^^^^^^^^^^^^^^^^^
[Wed Apr 15 05:17:24.359346 2026] [wsgi:error] [pid 10:tid 139716079421120] [remote 10.0.0.157:48446] 2026-04-15 05:17:24.337 10 ERROR keystone.server.flask.application
File "/var/lib/openstack/lib/python3.12/site-packages/pymysql/connections.py", line 782, in _read_packet
[Wed Apr 15 05:17:24.359349 2026] [wsgi:error] [pid 10:tid 139716079421120] [remote 10.0.0.157:48446] 2026-04-15 05:17:24.337 10 ERROR keystone.server.flask.application packet.raise_for_error()
[Wed Apr 15 05:17:24.359351 2026] [wsgi:error] [pid 10:tid 139716079421120] [remote 10.0.0.157:48446] 2026-04-15 05:17:24.337 10 ERROR keystone.server.flask.application
File "/var/lib/openstack/lib/python3.12/site-packages/pymysql/protocol.py", line 219, in raise_for_error
[Wed Apr 15 05:17:24.359353 2026] [wsgi:error] [pid 10:tid 139716079421120] [remote 10.0.0.157:48446] 2026-04-15 05:17:24.337 10 ERROR keystone.server.flask.application err.raise_mysql_exception(self._data)
[Wed Apr 15 05:17:24.359541 2026] [wsgi:error] [pid 10:tid 139716079421120] [remote 10.0.0.157:48446] 2026-04-15 05:17:24.337 10 ERROR keystone.server.flask.application
File "/var/lib/openstack/lib/python3.12/site-packages/pymysql/err.py", line 150, in raise_mysql_exception
[Wed Apr 15 05:17:24.359550 2026] [wsgi:error] [pid 10:tid 139716079421120] [remote 10.0.0.157:48446] 2026-04-15 05:17:24.337 10 ERROR keystone.server.flask.application raise errorclass(errno, errval)
[Wed Apr 15 05:17:24.359553 2026] [wsgi:error] [pid 10:tid 139716079421120] [remote 10.0.0.157:48446] 2026-04-15 05:17:24.337 10 ERROR keystone.server.flask.application pymysql.err.IntegrityError: (1062, "Duplicate entry '<>-service' for key 'project.ixu_project_name_domain_id'")
[Wed Apr 15 05:17:24.359556 2026] [wsgi:error] [pid 10:tid 139716079421120] [remote 10.0.0.157:48446] 2026-04-15 05:17:24.337 10 ERROR keystone.server.flask.application
[Wed Apr 15 05:17:24.359558 2026] [wsgi:error] [pid 10:tid 139716079421120] [remote 10.0.0.157:48446] 2026-04-15 05:17:24.337 10 ERROR keystone.server.flask.application The above exception was the direct cause of the following exception:
[Wed Apr 15 05:17:24.359560 2026] [wsgi:error] [pid 10:tid 139716079421120] [remote 10.0.0.157:48446] 2026-04-15 05:17:24.337 10 ERROR keystone.server.flask.application
[Wed Apr 15 05:17:24.359562 2026] [wsgi:error] [pid 10:tid 139716079421120] [remote 10.0.0.157:48446] 2026-04-15 05:17:24.337 10 ERROR keystone.server.flask.application
Traceback (most recent call last):
[Wed Apr 15 05:17:24.359564 2026] [wsgi:error] [pid 10:tid 139716079421120] [remote 10.0.0.157:48446] 2026-04-15 05:17:24.337 10 ERROR keystone.server.flask.application
File "/var/lib/openstack/lib/python3.12/site-packages/keystone/common/sql/core.py", line 575, in wrapper
[Wed Apr 15 05:17:24.359566 2026] [wsgi:error] [pid 10:tid 139716079421120] [remote 10.0.0.157:48446] 2026-04-15 05:17:24.337 10 ERROR keystone.server.flask.application return method(*args, **kwargs)
[Wed Apr 15 05:17:24.359569 2026] [wsgi:error] [pid 10:tid 139716079421120] [remote 10.0.0.157:48446] 2026-04-15 05:17:24.337 10 ERROR keystone.server.flask.application ^^^^^^^^^^^^^^^^^^^^^^^
[Wed Apr 15 05:17:24.359571 2026] [wsgi:error] [pid 10:tid 139716079421120] [remote 10.0.0.157:48446] 2026-04-15 05:17:24.337 10 ERROR keystone.server.flask.application
File "/var/lib/openstack/lib/python3.12/site-packages/keystone/resource/backends/sql.py", line 278, in create_project
[Wed Apr 15 05:17:24.359573 2026] [wsgi:error] [pid 10:tid 139716079421120] [remote 10.0.0.157:48446] 2026-04-15 05:17:24.337 10 ERROR keystone.server.flask.application with sql.session_for_write() as session:
[Wed Apr 15 05:17:24.359576 2026] [wsgi:error] [pid 10:tid 139716079421120] [remote 10.0.0.157:48446] 2026-04-15 05:17:24.337 10 ERROR keystone.server.flask.application
File "/usr/lib/python3.12/contextlib.py", line 144, in __exit__
[Wed Apr 15 05:17:24.359603 2026] [wsgi:error] [pid 10:tid 139716079421120] [remote 10.0.0.157:48446] 2026-04-15 05:17:24.337 10 ERROR keystone.server.flask.application next(self.gen)
[Wed Apr 15 05:17:24.359606 2026] [wsgi:error] [pid 10:tid 139716079421120] [remote 10.0.0.157:48446] 2026-04-15 05:17:24.337 10 ERROR keystone.server.flask.application
File "/var/lib/openstack/lib/python3.12/site-packages/oslo_db/sqlalchemy/enginefacade.py", line 1175, in _transaction_scope
[Wed Apr 15 05:17:24.359608 2026] [wsgi:error] [pid 10:tid 139716079421120] [remote 10.0.0.157:48446] 2026-04-15 05:17:24.337 10 ERROR keystone.server.flask.application with current._produce_block(
[Wed Apr 15 05:17:24.359610 2026] [wsgi:error] [pid 10:tid 139716079421120] [remote 10.0.0.157:48446] 2026-04-15 05:17:24.337 10 ERROR keystone.server.flask.application
File "/usr/lib/python3.12/contextlib.py", line 144, in __exit__
[Wed Apr 15 05:17:24.359613 2026] [wsgi:error] [pid 10:tid 139716079421120] [remote 10.0.0.157:48446] 2026-04-15 05:17:24.337 10 ERROR keystone.server.flask.application next(self.gen)
[Wed Apr 15 05:17:24.359616 2026] [wsgi:error] [pid 10:tid 139716079421120] [remote 10.0.0.157:48446] 2026-04-15 05:17:24.337 10 ERROR keystone.server.flask.application
File "/var/lib/openstack/lib/python3.12/site-packages/oslo_db/sqlalchemy/enginefacade.py", line 837, in _session
[Wed Apr 15 05:17:24.359645 2026] [wsgi:error] [pid 10:tid 139716079421120] [remote 10.0.0.157:48446] 2026-04-15 05:17:24.337 10 ERROR keystone.server.flask.application with excutils.save_and_reraise_exception():
[Wed Apr 15 05:17:24.359798 2026] [wsgi:error] [pid 10:tid 139716079421120] [remote 10.0.0.157:48446] 2026-04-15 05:17:24.337 10 ERROR keystone.server.flask.application
File "/var/lib/openstack/lib/python3.12/site-packages/oslo_utils/excutils.py", line 271, in __exit__
[Wed Apr 15 05:17:24.359803 2026] [wsgi:error] [pid 10:tid 139716079421120] [remote 10.0.0.157:48446] 2026-04-15 05:17:24.337 10 ERROR keystone.server.flask.application self.force_reraise()
[Wed Apr 15 05:17:24.359805 2026] [wsgi:error] [pid 10:tid 139716079421120] [remote 10.0.0.157:48446] 2026-04-15 05:17:24.337 10 ERROR keystone.server.flask.application
File "/var/lib/openstack/lib/python3.12/site-packages/oslo_utils/excutils.py", line 233, in force_reraise
[Wed Apr 15 05:17:24.359807 2026] [wsgi:error] [pid 10:tid 139716079421120] [remote 10.0.0.157:48446] 2026-04-15 05:17:24.337 10 ERROR keystone.server.flask.application raise self.value
[Wed Apr 15 05:17:24.359810 2026] [wsgi:error] [pid 10:tid 139716079421120] [remote 10.0.0.157:48446] 2026-04-15 05:17:24.337 10 ERROR keystone.server.flask.application
File "/var/lib/openstack/lib/python3.12/site-packages/oslo_db/sqlalchemy/enginefacade.py", line 835, in _session
[Wed Apr 15 05:17:24.359813 2026] [wsgi:error] [pid 10:tid 139716079421120] [remote 10.0.0.157:48446] 2026-04-15 05:17:24.337 10 ERROR keystone.server.flask.application self._end_session_transaction(self.session)
[Wed Apr 15 05:17:24.359815 2026] [wsgi:error] [pid 10:tid 139716079421120] [remote 10.0.0.157:48446] 2026-04-15 05:17:24.337 10 ERROR keystone.server.flask.application
File "/var/lib/openstack/lib/python3.12/site-packages/oslo_db/sqlalchemy/enginefacade.py", line 748, in _end_session_transaction
[Wed Apr 15 05:17:24.359818 2026] [wsgi:error] [pid 10:tid 139716079421120] [remote 10.0.0.157:48446] 2026-04-15 05:17:24.337 10 ERROR keystone.server.flask.application session.commit()
[Wed Apr 15 05:17:24.359820 2026] [wsgi:error] [pid 10:tid 139716079421120] [remote 10.0.0.157:48446] 2026-04-15 05:17:24.337 10 ERROR keystone.server.flask.application
File "/var/lib/openstack/lib/python3.12/site-packages/sqlalchemy/orm/session.py", line 2030, in commit
[Wed Apr 15 05:17:24.359823 2026] [wsgi:error] [pid 10:tid 139716079421120] [remote 10.0.0.157:48446] 2026-04-15 05:17:24.337 10 ERROR keystone.server.flask.application trans.commit(_to_root=True)
[Wed Apr 15 05:17:24.359826 2026] [wsgi:error] [pid 10:tid 139716079421120] [remote 10.0.0.157:48446] 2026-04-15 05:17:24.337 10 ERROR keystone.server.flask.application File "", line 2, in commit
[Wed Apr 15 05:17:24.359829 2026] [wsgi:error] [pid 10:tid 139716079421120] [remote 10.0.0.157:48446] 2026-04-15 05:17:24.337 10 ERROR keystone.server.flask.application
File "/var/lib/openstack/lib/python3.12/site-packages/sqlalchemy/orm/state_changes.py", line 137, in _go
[Wed Apr 15 05:17:24.359832 2026] [wsgi:error] [pid 10:tid 139716079421120] [remote 10.0.0.157:48446] 2026-04-15 05:17:24.337 10 ERROR keystone.server.flask.application ret_value = fn(self, *arg, **kw)
[Wed Apr 15 05:17:24.359835 2026] [wsgi:error] [pid 10:tid 139716079421120] [remote 10.0.0.157:48446] 2026-04-15 05:17:24.337 10 ERROR keystone.server.flask.application ^^^^^^^^^^^^^^^^^^^^
[Wed Apr 15 05:17:24.359837 2026] [wsgi:error] [pid 10:tid 139716079421120] [remote 10.0.0.157:48446] 2026-04-15 05:17:24.337 10 ERROR keystone.server.flask.application
File "/var/lib/openstack/lib/python3.12/site-packages/sqlalchemy/orm/session.py", line 1311, in commit
[Wed Apr 15 05:17:24.359840 2026] [wsgi:error] [pid 10:tid 139716079421120] [remote 10.0.0.157:48446] 2026-04-15 05:17:24.337 10 ERROR keystone.server.flask.application self._prepare_impl()
[Wed Apr 15 05:17:24.359843 2026] [wsgi:error] [pid 10:tid 139716079421120] [remote 10.0.0.157:48446] 2026-04-15 05:17:24.337 10 ERROR keystone.server.flask.application File "", line 2, in _prepare_impl
[Wed Apr 15 05:17:24.359846 2026] [wsgi:error] [pid 10:tid 139716079421120] [remote 10.0.0.157:48446] 2026-04-15 05:17:24.337 10 ERROR keystone.server.flask.application
File "/var/lib/openstack/lib/python3.12/site-packages/sqlalchemy/orm/state_changes.py", line 137, in _go
[Wed Apr 15 05:17:24.359850 2026] [wsgi:error] [pid 10:tid 139716079421120] [remote 10.0.0.157:48446] 2026-04-15 05:17:24.337 10 ERROR keystone.server.flask.application ret_value = fn(self, *arg, **kw)
[Wed Apr 15 05:17:24.359852 2026] [wsgi:error] [pid 10:tid 139716079421120] [remote 10.0.0.157:48446] 2026-04-15 05:17:24.337 10 ERROR keystone.server.flask.application ^^^^^^^^^^^^^^^^^^^^
[Wed Apr 15 05:17:24.359855 2026] [wsgi:error] [pid 10:tid 139716079421120] [remote 10.0.0.157:48446] 2026-04-15 05:17:24.337 10 ERROR keystone.server.flask.application
File "/var/lib/openstack/lib/python3.12/site-packages/sqlalchemy/orm/session.py", line 1286, in _prepare_impl
[Wed Apr 15 05:17:24.359857 2026] [wsgi:error] [pid 10:tid 139716079421120] [remote 10.0.0.157:48446] 2026-04-15 05:17:24.337 10 ERROR keystone.server.flask.application self.session.flush()
[Wed Apr 15 05:17:24.359860 2026] [wsgi:error] [pid 10:tid 139716079421120] [remote 10.0.0.157:48446] 2026-04-15 05:17:24.337 10 ERROR keystone.server.flask.application
File "/var/lib/openstack/lib/python3.12/site-packages/sqlalchemy/orm/session.py", line 4331, in flush
[Wed Apr 15 05:17:24.359863 2026] [wsgi:error] [pid 10:tid 139716079421120] [remote 10.0.0.157:48446] 2026-04-15 05:17:24.337 10 ERROR keystone.server.flask.application self._flush(objects)
[Wed Apr 15 05:17:24.359865 2026] [wsgi:error] [pid 10:tid 139716079421120] [remote 10.0.0.157:48446] 2026-04-15 05:17:24.337 10 ERROR keystone.server.flask.application
File "/var/lib/openstack/lib/python3.12/site-packages/sqlalchemy/orm/session.py", line 4466, in _flush
[Wed Apr 15 05:17:24.359868 2026] [wsgi:error] [pid 10:tid 139716079421120] [remote 10.0.0.157:48446] 2026-04-15 05:17:24.337 10 ERROR keystone.server.flask.application with util.safe_reraise():
[Wed Apr 15 05:17:24.359870 2026] [wsgi:error] [pid 10:tid 139716079421120] [remote 10.0.0.157:48446] 2026-04-15 05:17:24.337 10 ERROR keystone.server.flask.application
File "/var/lib/openstack/lib/python3.12/site-packages/sqlalchemy/util/langhelpers.py", line 121, in __exit__
[Wed Apr 15 05:17:24.359873 2026] [wsgi:error] [pid 10:tid 139716079421120] [remote 10.0.0.157:48446] 2026-04-15 05:17:24.337 10 ERROR keystone.server.flask.application raise exc_value.with_traceback(exc_tb)
[Wed Apr 15 05:17:24.359876 2026] [wsgi:error] [pid 10:tid 139716079421120] [remote 10.0.0.157:48446] 2026-04-15 05:17:24.337 10 ERROR keystone.server.flask.application
File "/var/lib/openstack/lib/python3.12/site-packages/sqlalchemy/orm/session.py", line 4427, in _flush
[Wed Apr 15 05:17:24.359878 2026] [wsgi:error] [pid 10:tid 139716079421120] [remote 10.0.0.157:48446] 2026-04-15 05:17:24.337 10 ERROR keystone.server.flask.application flush_context.execute()
[Wed Apr 15 05:17:24.359881 2026] [wsgi:error] [pid 10:tid 139716079421120] [remote 10.0.0.157:48446] 2026-04-15 05:17:24.337 10 ERROR keystone.server.flask.application
