Mar 30 18:08:18.742389 np0000161497 neutron-periodic-workers[103788]: DEBUG cotyledon.oslo_config_glue [-] ml2.tunnelled_network_rp_name = rp_tunnelled {{(pid=103788) log_opt_values /opt/stack/data/venv/lib/python3.12/site-packages/oslo_config/cfg.py:3006}}
Mar 30 18:08:18.742792 np0000161497 neutron-periodic-workers[103788]: DEBUG cotyledon.oslo_config_glue [-] ml2.type_drivers = ['local', 'flat', 'vlan', 'geneve'] {{(pid=103788) log_opt_values /opt/stack/data/venv/lib/python3.12/site-packages/oslo_config/cfg.py:3006}}
Mar 30 18:08:18.742792 np0000161497 neutron-periodic-workers[103788]: DEBUG cotyledon.oslo_config_glue [-] ml2_type_flat.flat_networks = ['public'] {{(pid=103788) log_opt_values /opt/stack/data/venv/lib/python3.12/site-packages/oslo_config/cfg.py:3006}}
Mar 30 18:08:18.742792 np0000161497 neutron-periodic-workers[103788]: DEBUG cotyledon.oslo_config_glue [-] ml2_type_geneve.max_header_size = 38 {{(pid=103788) log_opt_values /opt/stack/data/venv/lib/python3.12/site-packages/oslo_config/cfg.py:3006}}
Mar 30 18:08:18.742792 np0000161497 neutron-periodic-workers[103788]: DEBUG cotyledon.oslo_config_glue [-] ml2_type_geneve.vni_ranges = ['1:65536'] {{(pid=103788) log_opt_values /opt/stack/data/venv/lib/python3.12/site-packages/oslo_config/cfg.py:3006}}
Mar 30 18:08:18.742792 np0000161497 neutron-periodic-workers[103788]: DEBUG cotyledon.oslo_config_glue [-] ml2_type_vlan.network_vlan_ranges = ['public'] {{(pid=103788) log_opt_values /opt/stack/data/venv/lib/python3.12/site-packages/oslo_config/cfg.py:3006}}
Mar 30 18:08:18.742792 np0000161497 neutron-periodic-workers[103788]: DEBUG cotyledon.oslo_config_glue [-] network_log.burst_limit = 25 {{(pid=103788) log_opt_values /opt/stack/data/venv/lib/python3.12/site-packages/oslo_config/cfg.py:3006}}
Mar 30 18:08:18.742792 np0000161497 neutron-periodic-workers[103788]: DEBUG cotyledon.oslo_config_glue [-] network_log.local_output_log_base = None {{(pid=103788) log_opt_values /opt/stack/data/venv/lib/python3.12/site-packages/oslo_config/cfg.py:3006}}
Mar 30 18:08:18.742792 np0000161497 neutron-periodic-workers[103788]: DEBUG cotyledon.oslo_config_glue [-] network_log.rate_limit = 100 {{(pid=103788) log_opt_values /opt/stack/data/venv/lib/python3.12/site-packages/oslo_config/cfg.py:3006}}
Mar 30 18:08:18.742792 np0000161497 neutron-periodic-workers[103788]: DEBUG cotyledon.oslo_config_glue [-] database.asyncio_connection = **** {{(pid=103788) log_opt_values /opt/stack/data/venv/lib/python3.12/site-packages/oslo_config/cfg.py:3006}}
Mar 30 18:08:18.743154 np0000161497 neutron-periodic-workers[103788]: DEBUG cotyledon.oslo_config_glue [-] database.asyncio_slave_connection = **** {{(pid=103788) log_opt_values /opt/stack/data/venv/lib/python3.12/site-packages/oslo_config/cfg.py:3006}}
Mar 30 18:08:18.743154 np0000161497 neutron-periodic-workers[103788]: DEBUG cotyledon.oslo_config_glue [-] database.backend = sqlalchemy {{(pid=103788) log_opt_values /opt/stack/data/venv/lib/python3.12/site-packages/oslo_config/cfg.py:3006}}
Mar 30 18:08:18.743154 np0000161497 neutron-periodic-workers[103788]: DEBUG cotyledon.oslo_config_glue [-] database.connection = **** {{(pid=103788) log_opt_values /opt/stack/data/venv/lib/python3.12/site-packages/oslo_config/cfg.py:3006}}
Mar 30 18:08:18.743154 np0000161497 neutron-periodic-workers[103788]: DEBUG cotyledon.oslo_config_glue [-] database.connection_debug = 0 {{(pid=103788) log_opt_values /opt/stack/data/venv/lib/python3.12/site-packages/oslo_config/cfg.py:3006}}
Mar 30 18:08:18.743154 np0000161497 neutron-periodic-workers[103788]: DEBUG cotyledon.oslo_config_glue [-] database.connection_parameters = {{(pid=103788) log_opt_values /opt/stack/data/venv/lib/python3.12/site-packages/oslo_config/cfg.py:3006}}
Mar 30 18:08:18.743154 np0000161497 neutron-periodic-workers[103788]: DEBUG cotyledon.oslo_config_glue [-] database.connection_recycle_time = 3600 {{(pid=103788) log_opt_values /opt/stack/data/venv/lib/python3.12/site-packages/oslo_config/cfg.py:3006}}
Mar 30 18:08:18.743154 np0000161497 neutron-periodic-workers[103788]: DEBUG cotyledon.oslo_config_glue [-] database.connection_trace = False {{(pid=103788) log_opt_values /opt/stack/data/venv/lib/python3.12/site-packages/oslo_config/cfg.py:3006}}
Mar 30 18:08:18.743154 np0000161497 neutron-periodic-workers[103788]: DEBUG cotyledon.oslo_config_glue [-] database.db_inc_retry_interval = True {{(pid=103788) log_opt_values /opt/stack/data/venv/lib/python3.12/site-packages/oslo_config/cfg.py:3006}}
Mar 30 18:08:18.743154 np0000161497 neutron-periodic-workers[103788]: DEBUG cotyledon.oslo_config_glue [-] database.db_max_retries = 20 {{(pid=103788) log_opt_values /opt/stack/data/venv/lib/python3.12/site-packages/oslo_config/cfg.py:3006}}
Mar 30 18:08:18.743813 np0000161497 neutron-periodic-workers[103788]: DEBUG cotyledon.oslo_config_glue [-] database.db_max_retry_interval = 10 {{(pid=103788) log_opt_values /opt/stack/data/venv/lib/python3.12/site-packages/oslo_config/cfg.py:3006}}
Mar 30 18:08:18.743813 np0000161497 neutron-periodic-workers[103788]: DEBUG cotyledon.oslo_config_glue [-] database.db_retry_interval = 1 {{(pid=103788) log_opt_values /opt/stack/data/venv/lib/python3.12/site-packages/oslo_config/cfg.py:3006}}
Mar 30 18:08:18.743813 np0000161497 neutron-periodic-workers[103788]: DEBUG cotyledon.oslo_config_glue [-] database.max_overflow = 50 {{(pid=103788) log_opt_values /opt/stack/data/venv/lib/python3.12/site-packages/oslo_config/cfg.py:3006}}
Mar 30 18:08:18.743813 np0000161497 neutron-periodic-workers[103788]: DEBUG cotyledon.oslo_config_glue [-] database.max_pool_size = 5 {{(pid=103788) log_opt_values /opt/stack/data/venv/lib/python3.12/site-packages/oslo_config/cfg.py:3006}}
Mar 30 18:08:18.743813 np0000161497 neutron-periodic-workers[103788]: DEBUG cotyledon.oslo_config_glue [-] database.max_retries = 10 {{(pid=103788) log_opt_values /opt/stack/data/venv/lib/python3.12/site-packages/oslo_config/cfg.py:3006}}
Mar 30 18:08:18.743813 np0000161497 neutron-periodic-workers[103788]: DEBUG cotyledon.oslo_config_glue [-] database.mysql_sql_mode = TRADITIONAL {{(pid=103788) log_opt_values /opt/stack/data/venv/lib/python3.12/site-packages/oslo_config/cfg.py:3006}}
Mar 30 18:08:18.743813 np0000161497 neutron-periodic-workers[103788]: DEBUG cotyledon.oslo_config_glue [-] database.mysql_wsrep_sync_wait = None {{(pid=103788) log_opt_values /opt/stack/data/venv/lib/python3.12/site-packages/oslo_config/cfg.py:3006}}
Mar 30 18:08:18.743813 np0000161497 neutron-periodic-workers[103788]: DEBUG cotyledon.oslo_config_glue [-] database.pool_timeout = None {{(pid=103788) log_opt_values /opt/stack/data/venv/lib/python3.12/site-packages/oslo_config/cfg.py:3006}}
Mar 30 18:08:18.743813 np0000161497 neutron-periodic-workers[103788]: DEBUG cotyledon.oslo_config_glue [-] database.retry_interval = 10 {{(pid=103788) log_opt_values /opt/stack/data/venv/lib/python3.12/site-packages/oslo_config/cfg.py:3006}}
Mar 30 18:08:18.744167 np0000161497 neutron-periodic-workers[103788]: DEBUG cotyledon.oslo_config_glue [-] database.slave_connection = **** {{(pid=103788) log_opt_values /opt/stack/data/venv/lib/python3.12/site-packages/oslo_config/cfg.py:3006}}
Mar 30 18:08:18.744167 np0000161497 neutron-periodic-workers[103788]: DEBUG cotyledon.oslo_config_glue [-] database.sqlite_synchronous = True {{(pid=103788) log_opt_values /opt/stack/data/venv/lib/python3.12/site-packages/oslo_config/cfg.py:3006}}
Mar 30 18:08:18.744167 np0000161497 neutron-periodic-workers[103788]: DEBUG cotyledon.oslo_config_glue [-] database.synchronous_reader = True {{(pid=103788) log_opt_values /opt/stack/data/venv/lib/python3.12/site-packages/oslo_config/cfg.py:3006}}
Mar 30 18:08:18.744167 np0000161497 neutron-periodic-workers[103788]: DEBUG cotyledon.oslo_config_glue [-] database.use_db_reconnect = False {{(pid=103788) log_opt_values /opt/stack/data/venv/lib/python3.12/site-packages/oslo_config/cfg.py:3006}}
Mar 30 18:08:18.744167 np0000161497 neutron-periodic-workers[103788]: DEBUG cotyledon.oslo_config_glue [-] ovn.bfd_min_rx = 1000 {{(pid=103788) log_opt_values /opt/stack/data/venv/lib/python3.12/site-packages/oslo_config/cfg.py:3006}}
Mar 30 18:08:18.744167 np0000161497 neutron-periodic-workers[103788]: DEBUG cotyledon.oslo_config_glue [-] ovn.bfd_min_tx = 100 {{(pid=103788) log_opt_values /opt/stack/data/venv/lib/python3.12/site-packages/oslo_config/cfg.py:3006}}
Mar 30 18:08:18.744167 np0000161497 neutron-periodic-workers[103788]: DEBUG cotyledon.oslo_config_glue [-] ovn.bfd_mult = 3 {{(pid=103788) log_opt_values /opt/stack/data/venv/lib/python3.12/site-packages/oslo_config/cfg.py:3006}}
Mar 30 18:08:18.744167 np0000161497 neutron-periodic-workers[103788]: DEBUG cotyledon.oslo_config_glue [-] ovn.broadcast_arps_to_all_routers = True {{(pid=103788) log_opt_values /opt/stack/data/venv/lib/python3.12/site-packages/oslo_config/cfg.py:3006}}
Mar 30 18:08:18.744167 np0000161497 neutron-periodic-workers[103788]: DEBUG cotyledon.oslo_config_glue [-] ovn.dhcp_default_lease_time = 43200 {{(pid=103788) log_opt_values /opt/stack/data/venv/lib/python3.12/site-packages/oslo_config/cfg.py:3006}}
Mar 30 18:08:18.744935 np0000161497 neutron-periodic-workers[103788]: DEBUG cotyledon.oslo_config_glue [-] ovn.disable_ovn_dhcp_for_baremetal_ports = False {{(pid=103788) log_opt_values /opt/stack/data/venv/lib/python3.12/site-packages/oslo_config/cfg.py:3006}}
Mar 30 18:08:18.744935 np0000161497 neutron-periodic-workers[103788]: DEBUG cotyledon.oslo_config_glue [-] ovn.dns_records_ovn_owned = False {{(pid=103788) log_opt_values /opt/stack/data/venv/lib/python3.12/site-packages/oslo_config/cfg.py:3006}}
Mar 30 18:08:18.744935 np0000161497 neutron-periodic-workers[103788]: DEBUG cotyledon.oslo_config_glue [-] ovn.dns_servers = [] {{(pid=103788) log_opt_values /opt/stack/data/venv/lib/python3.12/site-packages/oslo_config/cfg.py:3006}}
Mar 30 18:08:18.744935 np0000161497 neutron-periodic-workers[103788]: DEBUG cotyledon.oslo_config_glue [-] ovn.enable_distributed_floating_ip = False {{(pid=103788) log_opt_values /opt/stack/data/venv/lib/python3.12/site-packages/oslo_config/cfg.py:3006}}
Mar 30 18:08:18.744935 np0000161497 neutron-periodic-workers[103788]: DEBUG cotyledon.oslo_config_glue [-] ovn.fdb_age_threshold = 300 {{(pid=103788) log_opt_values /opt/stack/data/venv/lib/python3.12/site-packages/oslo_config/cfg.py:3006}}
Mar 30 18:08:18.744935 np0000161497 neutron-periodic-workers[103788]: DEBUG cotyledon.oslo_config_glue [-] ovn.ha_failover_strategy = normal {{(pid=103788) log_opt_values /opt/stack/data/venv/lib/python3.12/site-packages/oslo_config/cfg.py:3006}}
Mar 30 18:08:18.744935 np0000161497 neutron-periodic-workers[103788]: DEBUG cotyledon.oslo_config_glue [-] ovn.live_migration_activation_strategy = rarp {{(pid=103788) log_opt_values /opt/stack/data/venv/lib/python3.12/site-packages/oslo_config/cfg.py:3006}}
Mar 30 18:08:18.744935 np0000161497 neutron-periodic-workers[103788]: DEBUG cotyledon.oslo_config_glue [-] ovn.localnet_learn_fdb = False {{(pid=103788) log_opt_values /opt/stack/data/venv/lib/python3.12/site-packages/oslo_config/cfg.py:3006}}
Mar 30 18:08:18.744935 np0000161497 neutron-periodic-workers[103788]: DEBUG cotyledon.oslo_config_glue [-] ovn.mac_binding_age_threshold = 300 {{(pid=103788) log_opt_values /opt/stack/data/venv/lib/python3.12/site-packages/oslo_config/cfg.py:3006}}
Mar 30 18:08:18.745327 np0000161497 neutron-periodic-workers[103788]: DEBUG cotyledon.oslo_config_glue [-] ovn.neutron_sync_mode = log {{(pid=103788) log_opt_values /opt/stack/data/venv/lib/python3.12/site-packages/oslo_config/cfg.py:3006}}
Mar 30 18:08:18.745327 np0000161497 neutron-periodic-workers[103788]: DEBUG cotyledon.oslo_config_glue [-] ovn.ovn_dhcp4_global_options = {} {{(pid=103788) log_opt_values /opt/stack/data/venv/lib/python3.12/site-packages/oslo_config/cfg.py:3006}}
Mar 30 18:08:18.745327 np0000161497 neutron-periodic-workers[103788]: DEBUG cotyledon.oslo_config_glue [-] ovn.ovn_dhcp6_global_options = {} {{(pid=103788) log_opt_values /opt/stack/data/venv/lib/python3.12/site-packages/oslo_config/cfg.py:3006}}
Mar 30 18:08:18.745327 np0000161497 neutron-periodic-workers[103788]: DEBUG cotyledon.oslo_config_glue [-] ovn.ovn_l3_scheduler = leastloaded {{(pid=103788) log_opt_values /opt/stack/data/venv/lib/python3.12/site-packages/oslo_config/cfg.py:3006}}
Mar 30 18:08:18.745327 np0000161497 neutron-periodic-workers[103788]: DEBUG cotyledon.oslo_config_glue [-] ovn.ovn_metadata_enabled = True {{(pid=103788) log_opt_values /opt/stack/data/venv/lib/python3.12/site-packages/oslo_config/cfg.py:3006}}
Mar 30 18:08:18.745327 np0000161497 neutron-periodic-workers[103788]: DEBUG cotyledon.oslo_config_glue [-] ovn.ovn_nb_ca_cert = /opt/stack/data/CA/int-ca/ca-chain.pem {{(pid=103788) log_opt_values /opt/stack/data/venv/lib/python3.12/site-packages/oslo_config/cfg.py:3006}}
Mar 30 18:08:18.745327 np0000161497 neutron-periodic-workers[103788]: DEBUG cotyledon.oslo_config_glue [-] ovn.ovn_nb_certificate = /opt/stack/data/CA/int-ca/devstack-cert.crt {{(pid=103788) log_opt_values /opt/stack/data/venv/lib/python3.12/site-packages/oslo_config/cfg.py:3006}}
Mar 30 18:08:18.745327 np0000161497 neutron-periodic-workers[103788]: DEBUG cotyledon.oslo_config_glue [-] ovn.ovn_nb_connection = ['ssl:199.204.45.162:6641'] {{(pid=103788) log_opt_values /opt/stack/data/venv/lib/python3.12/site-packages/oslo_config/cfg.py:3006}}
Mar 30 18:08:18.745669 np0000161497 neutron-periodic-workers[103788]: DEBUG cotyledon.oslo_config_glue [-] ovn.ovn_nb_private_key = /opt/stack/data/CA/int-ca/private/devstack-cert.key {{(pid=103788) log_opt_values /opt/stack/data/venv/lib/python3.12/site-packages/oslo_config/cfg.py:3006}}
Mar 30 18:08:18.745669 np0000161497 neutron-periodic-workers[103788]: DEBUG cotyledon.oslo_config_glue [-] ovn.ovn_router_indirect_snat = False {{(pid=103788) log_opt_values /opt/stack/data/venv/lib/python3.12/site-packages/oslo_config/cfg.py:3006}}
Mar 30 18:08:18.745669 np0000161497 neutron-periodic-workers[103788]: DEBUG cotyledon.oslo_config_glue [-] ovn.ovn_sb_ca_cert = /opt/stack/data/CA/int-ca/ca-chain.pem {{(pid=103788) log_opt_values /opt/stack/data/venv/lib/python3.12/site-packages/oslo_config/cfg.py:3006}}
Mar 30 18:08:18.745669 np0000161497 neutron-periodic-workers[103788]: DEBUG cotyledon.oslo_config_glue [-] ovn.ovn_sb_certificate = /opt/stack/data/CA/int-ca/devstack-cert.crt {{(pid=103788) log_opt_values /opt/stack/data/venv/lib/python3.12/site-packages/oslo_config/cfg.py:3006}}
Mar 30 18:08:18.745669 np0000161497 neutron-periodic-workers[103788]: DEBUG cotyledon.oslo_config_glue [-] ovn.ovn_sb_connection = ['ssl:199.204.45.162:6642'] {{(pid=103788) log_opt_values /opt/stack/data/venv/lib/python3.12/site-packages/oslo_config/cfg.py:3006}}
Mar 30 18:08:18.745669 np0000161497 neutron-periodic-workers[103788]: DEBUG cotyledon.oslo_config_glue [-] ovn.ovn_sb_private_key = /opt/stack/data/CA/int-ca/private/devstack-cert.key {{(pid=103788) log_opt_values /opt/stack/data/venv/lib/python3.12/site-packages/oslo_config/cfg.py:3006}}
Mar 30 18:08:18.745669 np0000161497 neutron-periodic-workers[103788]: DEBUG cotyledon.oslo_config_glue [-] ovn.ovs_create_tap = False {{(pid=103788) log_opt_values /opt/stack/data/venv/lib/python3.12/site-packages/oslo_config/cfg.py:3006}}
Mar 30 18:08:18.745669 np0000161497 neutron-periodic-workers[103788]: DEBUG cotyledon.oslo_config_glue [-] ovn.ovsdb_connection_timeout = 180 {{(pid=103788) log_opt_values /opt/stack/data/venv/lib/python3.12/site-packages/oslo_config/cfg.py:3006}}
Mar 30 18:08:18.746022 np0000161497 neutron-periodic-workers[103788]: DEBUG cotyledon.oslo_config_glue [-] ovn.ovsdb_log_level = INFO {{(pid=103788) log_opt_values /opt/stack/data/venv/lib/python3.12/site-packages/oslo_config/cfg.py:3006}}
Mar 30 18:08:18.746022 np0000161497 neutron-periodic-workers[103788]: DEBUG cotyledon.oslo_config_glue [-] ovn.ovsdb_probe_interval = 60000 {{(pid=103788) log_opt_values /opt/stack/data/venv/lib/python3.12/site-packages/oslo_config/cfg.py:3006}}
Mar 30 18:08:18.746022 np0000161497 neutron-periodic-workers[103788]: DEBUG cotyledon.oslo_config_glue [-] ovn.ovsdb_retry_max_interval = 180 {{(pid=103788) log_opt_values /opt/stack/data/venv/lib/python3.12/site-packages/oslo_config/cfg.py:3006}}
Mar 30 18:08:18.746022 np0000161497 neutron-periodic-workers[103788]: DEBUG cotyledon.oslo_config_glue [-] ovn.stateless_nat_enabled = False {{(pid=103788) log_opt_values /opt/stack/data/venv/lib/python3.12/site-packages/oslo_config/cfg.py:3006}}
Mar 30 18:08:18.746022 np0000161497 neutron-periodic-workers[103788]: DEBUG cotyledon.oslo_config_glue [-] ovn.vhost_sock_dir = /var/run/openvswitch {{(pid=103788) log_opt_values /opt/stack/data/venv/lib/python3.12/site-packages/oslo_config/cfg.py:3006}}
Mar 30 18:08:18.746022 np0000161497 neutron-periodic-workers[103788]: DEBUG cotyledon.oslo_config_glue [-] OVS.bridge_mac_table_size = 50000 {{(pid=103788) log_opt_values /opt/stack/data/venv/lib/python3.12/site-packages/oslo_config/cfg.py:3006}}
Mar 30 18:08:18.746022 np0000161497 neutron-periodic-workers[103788]: DEBUG cotyledon.oslo_config_glue [-] OVS.igmp_flood = False {{(pid=103788) log_opt_values /opt/stack/data/venv/lib/python3.12/site-packages/oslo_config/cfg.py:3006}}
Mar 30 18:08:18.746022 np0000161497 neutron-periodic-workers[103788]: DEBUG cotyledon.oslo_config_glue [-] OVS.igmp_flood_reports = True {{(pid=103788) log_opt_values /opt/stack/data/venv/lib/python3.12/site-packages/oslo_config/cfg.py:3006}}
Mar 30 18:08:18.746022 np0000161497 neutron-periodic-workers[103788]: DEBUG cotyledon.oslo_config_glue [-] OVS.igmp_flood_unregistered = False {{(pid=103788) log_opt_values /opt/stack/data/venv/lib/python3.12/site-packages/oslo_config/cfg.py:3006}}
Mar 30 18:08:18.746281 np0000161497 neutron-periodic-workers[103788]: DEBUG cotyledon.oslo_config_glue [-] OVS.igmp_snooping_enable = False {{(pid=103788) log_opt_values /opt/stack/data/venv/lib/python3.12/site-packages/oslo_config/cfg.py:3006}}
Mar 30 18:08:18.746281 np0000161497 neutron-periodic-workers[103788]: DEBUG cotyledon.oslo_config_glue [-] OVS.ovsdb_timeout = 10 {{(pid=103788) log_opt_values /opt/stack/data/venv/lib/python3.12/site-packages/oslo_config/cfg.py:3006}}
Mar 30 18:08:18.746281 np0000161497 neutron-periodic-workers[103788]: DEBUG cotyledon.oslo_config_glue [-] ovn_nb_global.fdb_removal_limit = 0 {{(pid=103788) log_opt_values /opt/stack/data/venv/lib/python3.12/site-packages/oslo_config/cfg.py:3006}}
Mar 30 18:08:18.746281 np0000161497 neutron-periodic-workers[103788]: DEBUG cotyledon.oslo_config_glue [-] ovn_nb_global.ignore_lsp_down = False {{(pid=103788) log_opt_values /opt/stack/data/venv/lib/python3.12/site-packages/oslo_config/cfg.py:3006}}
Mar 30 18:08:18.746281 np0000161497 neutron-periodic-workers[103788]: DEBUG cotyledon.oslo_config_glue [-] ovn_nb_global.mac_binding_removal_limit = 0 {{(pid=103788) log_opt_values /opt/stack/data/venv/lib/python3.12/site-packages/oslo_config/cfg.py:3006}}
Mar 30 18:08:18.746281 np0000161497 neutron-periodic-workers[103788]: DEBUG cotyledon.oslo_config_glue [-] ******************************************************************************** {{(pid=103788) log_opt_values /opt/stack/data/venv/lib/python3.12/site-packages/oslo_config/cfg.py:3013}}
Mar 30 18:08:18.746281 np0000161497 neutron-periodic-workers[103788]: DEBUG cotyledon._service_worker [-] Run service ServiceWrapper(0) [103788] {{(pid=103788) wait_forever /opt/stack/data/venv/lib/python3.12/site-packages/cotyledon/_service_worker.py:218}}
Mar 30 18:08:28.315352 np0000161497 neutron-periodic-workers[102991]: DEBUG dbcounter [-] [102991] Writing DB stats neutron:SELECT=4 {{(pid=102991) stat_writer /opt/stack/data/venv/lib/python3.12/site-packages/dbcounter.py:115}}
Mar 30 18:08:56.675750 np0000161497 neutron-periodic-workers[103754]: DEBUG oslo_db.sqlalchemy.engines [None req-a46465b5-45eb-4382-9b7b-300eaab4b1e8 None None] Parent process 102991 forked (103754) with an open database connection, which is being discarded and recreated. {{(pid=103754) checkout /opt/stack/data/venv/lib/python3.12/site-packages/oslo_db/sqlalchemy/engines.py:402}}
Mar 30 18:08:56.700678 np0000161497 neutron-periodic-workers[103754]: DEBUG dbcounter [-] [103754] Writer thread running {{(pid=103754) stat_writer /opt/stack/data/venv/lib/python3.12/site-packages/dbcounter.py:102}}
Mar 30 18:08:56.710974 np0000161497 neutron-periodic-workers[103754]: DEBUG oslo.service.backend._threading.loopingcall [None req-a46465b5-45eb-4382-9b7b-300eaab4b1e8 None None] Fixed interval looping call 'neutron.services.ovn_l3.plugin.L3_NAT_dbonly_mixin._clean_garbage' sleeping for 299.96 seconds {{(pid=103754) _run_loop /opt/stack/data/venv/lib/python3.12/site-packages/oslo_service/backend/_threading/loopingcall.py:125}}
Mar 30 18:09:06.706965 np0000161497 neutron-periodic-workers[103754]: DEBUG dbcounter [-] [103754] Writing DB stats neutron:SELECT=1 {{(pid=103754) stat_writer /opt/stack/data/venv/lib/python3.12/site-packages/dbcounter.py:115}}
Mar 30 18:09:06.733326 np0000161497 neutron-periodic-workers[103773]: DEBUG dbcounter [-] [103773] Writer thread running {{(pid=103773) stat_writer /opt/stack/data/venv/lib/python3.12/site-packages/dbcounter.py:102}}
Mar 30 18:09:06.737298 np0000161497 neutron-periodic-workers[103773]: DEBUG neutron.db.agents_db [None req-0fbb958e-6047-4d5f-8c8d-d153ab5cff5a None None] Agent healthcheck: found 0 active agents {{(pid=103773) agent_health_check /opt/stack/neutron/neutron/db/agents_db.py:317}}
Mar 30 18:09:06.737538 np0000161497 neutron-periodic-workers[103773]: DEBUG oslo.service.backend._threading.loopingcall [None req-0fbb958e-6047-4d5f-8c8d-d153ab5cff5a None None] Fixed interval looping call 'neutron.plugins.ml2.plugin.AgentDbMixin.agent_health_check' sleeping for 36.98 seconds {{(pid=103773) _run_loop /opt/stack/data/venv/lib/python3.12/site-packages/oslo_service/backend/_threading/loopingcall.py:125}}
Mar 30 18:09:16.734690 np0000161497 neutron-periodic-workers[103773]: DEBUG dbcounter [-] [103773] Writing DB stats neutron:SELECT=1 {{(pid=103773) stat_writer /opt/stack/data/venv/lib/python3.12/site-packages/dbcounter.py:115}}
Mar 30 18:09:31.700382 np0000161497 neutron-periodic-workers[103764]: DEBUG dbcounter [-] [103764] Writer thread running {{(pid=103764) stat_writer /opt/stack/data/venv/lib/python3.12/site-packages/dbcounter.py:102}}
Mar 30 18:09:31.713909 np0000161497 neutron-periodic-workers[103764]: DEBUG oslo.service.backend._threading.loopingcall [None req-975003e9-dd48-4486-85f1-f253fc59e8f2 None None] Fixed interval looping call 'neutron.plugins.ml2.plugin.DhcpAgentSchedulerDbMixin.remove_networks_from_down_agents' sleeping for 36.97 seconds {{(pid=103764) _run_loop /opt/stack/data/venv/lib/python3.12/site-packages/oslo_service/backend/_threading/loopingcall.py:125}}
Mar 30 18:09:41.712767 np0000161497 neutron-periodic-workers[103764]: DEBUG dbcounter [-] [103764] Writing DB stats neutron:SELECT=3 {{(pid=103764) stat_writer /opt/stack/data/venv/lib/python3.12/site-packages/dbcounter.py:115}}
Mar 30 18:09:43.722804 np0000161497 neutron-periodic-workers[103773]: DEBUG neutron.db.agents_db [None req-0fbb958e-6047-4d5f-8c8d-d153ab5cff5a None None] Agent healthcheck: found 0 active agents {{(pid=103773) agent_health_check /opt/stack/neutron/neutron/db/agents_db.py:317}}
Mar 30 18:09:43.723354 np0000161497 neutron-periodic-workers[103773]: DEBUG oslo.service.backend._threading.loopingcall [None req-0fbb958e-6047-4d5f-8c8d-d153ab5cff5a None None] Fixed interval looping call 'neutron.plugins.ml2.plugin.AgentDbMixin.agent_health_check' sleeping for 36.99 seconds {{(pid=103773) _run_loop /opt/stack/data/venv/lib/python3.12/site-packages/oslo_service/backend/_threading/loopingcall.py:125}}
Mar 30 18:09:53.721096 np0000161497 neutron-periodic-workers[103773]: DEBUG dbcounter [-] [103773] Writing DB stats neutron:SELECT=1 {{(pid=103773) stat_writer /opt/stack/data/venv/lib/python3.12/site-packages/dbcounter.py:115}}
Mar 30 18:10:08.695178 np0000161497 neutron-periodic-workers[103764]: DEBUG oslo.service.backend._threading.loopingcall [None req-975003e9-dd48-4486-85f1-f253fc59e8f2 None None] Fixed interval looping call 'neutron.plugins.ml2.plugin.DhcpAgentSchedulerDbMixin.remove_networks_from_down_agents' sleeping for 36.99 seconds {{(pid=103764) _run_loop /opt/stack/data/venv/lib/python3.12/site-packages/oslo_service/backend/_threading/loopingcall.py:125}}
Mar 30 18:10:18.692807 np0000161497 neutron-periodic-workers[103764]: DEBUG dbcounter [-] [103764] Writing DB stats neutron:SELECT=3 {{(pid=103764) stat_writer /opt/stack/data/venv/lib/python3.12/site-packages/dbcounter.py:115}}
Mar 30 18:10:18.761548 np0000161497 neutron-periodic-workers[103788]: DEBUG dbcounter [-] [103788] Writer thread running {{(pid=103788) stat_writer /opt/stack/data/venv/lib/python3.12/site-packages/dbcounter.py:102}}
Mar 30 18:10:18.763690 np0000161497 neutron-periodic-workers[103788]: DEBUG oslo.service.backend._threading.loopingcall [None req-cf900795-3e60-4df9-9700-dca96447e001 None None] Fixed interval looping call 'neutron.db.quota.driver_nolock.DbQuotaNoLockDriver._remove_expired_reservations' sleeping for 119.98 seconds {{(pid=103788) _run_loop /opt/stack/data/venv/lib/python3.12/site-packages/oslo_service/backend/_threading/loopingcall.py:125}}
Mar 30 18:10:20.718182 np0000161497 neutron-periodic-workers[103773]: DEBUG neutron.db.agents_db [None req-0fbb958e-6047-4d5f-8c8d-d153ab5cff5a None None] Agent healthcheck: found 0 active agents {{(pid=103773) agent_health_check /opt/stack/neutron/neutron/db/agents_db.py:317}}
Mar 30 18:10:20.718687 np0000161497 neutron-periodic-workers[103773]: DEBUG oslo.service.backend._threading.loopingcall [None req-0fbb958e-6047-4d5f-8c8d-d153ab5cff5a None None] Fixed interval looping call 'neutron.plugins.ml2.plugin.AgentDbMixin.agent_health_check' sleeping for 36.99 seconds {{(pid=103773) _run_loop /opt/stack/data/venv/lib/python3.12/site-packages/oslo_service/backend/_threading/loopingcall.py:125}}
Mar 30 18:10:28.762152 np0000161497 neutron-periodic-workers[103788]: DEBUG dbcounter [-] [103788] Writing DB stats neutron:DELETE=1 {{(pid=103788) stat_writer /opt/stack/data/venv/lib/python3.12/site-packages/dbcounter.py:115}}
Mar 30 18:10:30.716618 np0000161497 neutron-periodic-workers[103773]: DEBUG dbcounter [-] [103773] Writing DB stats neutron:SELECT=1 {{(pid=103773) stat_writer /opt/stack/data/venv/lib/python3.12/site-packages/dbcounter.py:115}}
Mar 30 18:10:45.695886 np0000161497 neutron-periodic-workers[103764]: DEBUG oslo.service.backend._threading.loopingcall [None req-975003e9-dd48-4486-85f1-f253fc59e8f2 None None] Fixed interval looping call 'neutron.plugins.ml2.plugin.DhcpAgentSchedulerDbMixin.remove_networks_from_down_agents' sleeping for 36.99 seconds {{(pid=103764) _run_loop /opt/stack/data/venv/lib/python3.12/site-packages/oslo_service/backend/_threading/loopingcall.py:125}}
Mar 30 18:10:55.695163 np0000161497 neutron-periodic-workers[103764]: DEBUG dbcounter [-] [103764] Writing DB stats neutron:SELECT=3 {{(pid=103764) stat_writer /opt/stack/data/venv/lib/python3.12/site-packages/dbcounter.py:115}}
Mar 30 18:10:57.714263 np0000161497 neutron-periodic-workers[103773]: DEBUG neutron.db.agents_db [None req-0fbb958e-6047-4d5f-8c8d-d153ab5cff5a None None] Agent healthcheck: found 0 active agents {{(pid=103773) agent_health_check /opt/stack/neutron/neutron/db/agents_db.py:317}}
Mar 30 18:10:57.714994 np0000161497 neutron-periodic-workers[103773]: DEBUG oslo.service.backend._threading.loopingcall [None req-0fbb958e-6047-4d5f-8c8d-d153ab5cff5a None None] Fixed interval looping call 'neutron.plugins.ml2.plugin.AgentDbMixin.agent_health_check' sleeping for 36.99 seconds {{(pid=103773) _run_loop /opt/stack/data/venv/lib/python3.12/site-packages/oslo_service/backend/_threading/loopingcall.py:125}}
Mar 30 18:11:07.712810 np0000161497 neutron-periodic-workers[103773]: DEBUG dbcounter [-] [103773] Writing DB stats neutron:SELECT=1 {{(pid=103773) stat_writer /opt/stack/data/venv/lib/python3.12/site-packages/dbcounter.py:115}}
Mar 30 18:11:22.698432 np0000161497 neutron-periodic-workers[103764]: DEBUG oslo.service.backend._threading.loopingcall [None req-975003e9-dd48-4486-85f1-f253fc59e8f2 None None] Fixed interval looping call 'neutron.plugins.ml2.plugin.DhcpAgentSchedulerDbMixin.remove_networks_from_down_agents' sleeping for 36.99 seconds {{(pid=103764) _run_loop /opt/stack/data/venv/lib/python3.12/site-packages/oslo_service/backend/_threading/loopingcall.py:125}}
Mar 30 18:11:32.697292 np0000161497 neutron-periodic-workers[103764]: DEBUG dbcounter [-] [103764] Writing DB stats neutron:SELECT=3 {{(pid=103764) stat_writer /opt/stack/data/venv/lib/python3.12/site-packages/dbcounter.py:115}}
Mar 30 18:11:34.709523 np0000161497 neutron-periodic-workers[103773]: DEBUG neutron.db.agents_db [None req-0fbb958e-6047-4d5f-8c8d-d153ab5cff5a None None] Agent healthcheck: found 0 active agents {{(pid=103773) agent_health_check /opt/stack/neutron/neutron/db/agents_db.py:317}}
Mar 30 18:11:34.710199 np0000161497 neutron-periodic-workers[103773]: DEBUG oslo.service.backend._threading.loopingcall [None req-0fbb958e-6047-4d5f-8c8d-d153ab5cff5a None None] Fixed interval looping call 'neutron.plugins.ml2.plugin.AgentDbMixin.agent_health_check' sleeping for 37.00 seconds {{(pid=103773) _run_loop /opt/stack/data/venv/lib/python3.12/site-packages/oslo_service/backend/_threading/loopingcall.py:125}}
Mar 30 18:11:44.708040 np0000161497 neutron-periodic-workers[103773]: DEBUG dbcounter [-] [103773] Writing DB stats neutron:SELECT=1 {{(pid=103773) stat_writer /opt/stack/data/venv/lib/python3.12/site-packages/dbcounter.py:115}}
Mar 30 18:11:59.697953 np0000161497 neutron-periodic-workers[103764]: DEBUG oslo.service.backend._threading.loopingcall [None req-975003e9-dd48-4486-85f1-f253fc59e8f2 None None] Fixed interval looping call 'neutron.plugins.ml2.plugin.DhcpAgentSchedulerDbMixin.remove_networks_from_down_agents' sleeping for 36.99 seconds {{(pid=103764) _run_loop /opt/stack/data/venv/lib/python3.12/site-packages/oslo_service/backend/_threading/loopingcall.py:125}}
Mar 30 18:12:09.697167 np0000161497 neutron-periodic-workers[103764]: DEBUG dbcounter [-] [103764] Writing DB stats neutron:SELECT=3 {{(pid=103764) stat_writer /opt/stack/data/venv/lib/python3.12/site-packages/dbcounter.py:115}}
Mar 30 18:12:11.715434 np0000161497 neutron-periodic-workers[103773]: DEBUG neutron.db.agents_db [None req-0fbb958e-6047-4d5f-8c8d-d153ab5cff5a None None] Agent healthcheck: found 0 active agents {{(pid=103773) agent_health_check /opt/stack/neutron/neutron/db/agents_db.py:317}}
Mar 30 18:12:11.716481 np0000161497 neutron-periodic-workers[103773]: DEBUG oslo.service.backend._threading.loopingcall [None req-0fbb958e-6047-4d5f-8c8d-d153ab5cff5a None None] Fixed interval looping call 'neutron.plugins.ml2.plugin.AgentDbMixin.agent_health_check' sleeping for 36.99 seconds {{(pid=103773) _run_loop /opt/stack/data/venv/lib/python3.12/site-packages/oslo_service/backend/_threading/loopingcall.py:125}}
Mar 30 18:12:18.748383 np0000161497 neutron-periodic-workers[103788]: DEBUG oslo.service.backend._threading.loopingcall [None req-cf900795-3e60-4df9-9700-dca96447e001 None None] Fixed interval looping call 'neutron.db.quota.driver_nolock.DbQuotaNoLockDriver._remove_expired_reservations' sleeping for 120.00 seconds {{(pid=103788) _run_loop /opt/stack/data/venv/lib/python3.12/site-packages/oslo_service/backend/_threading/loopingcall.py:125}}
Mar 30 18:12:21.713254 np0000161497 neutron-periodic-workers[103773]: DEBUG dbcounter [-] [103773] Writing DB stats neutron:SELECT=1 {{(pid=103773) stat_writer /opt/stack/data/venv/lib/python3.12/site-packages/dbcounter.py:115}}
Mar 30 18:12:28.746964 np0000161497 neutron-periodic-workers[103788]: DEBUG dbcounter [-] [103788] Writing DB stats neutron:DELETE=1 {{(pid=103788) stat_writer /opt/stack/data/venv/lib/python3.12/site-packages/dbcounter.py:115}}
Mar 30 18:12:36.695656 np0000161497 neutron-periodic-workers[103764]: DEBUG oslo.service.backend._threading.loopingcall [None req-975003e9-dd48-4486-85f1-f253fc59e8f2 None None] Fixed interval looping call 'neutron.plugins.ml2.plugin.DhcpAgentSchedulerDbMixin.remove_networks_from_down_agents' sleeping for 36.99 seconds {{(pid=103764) _run_loop /opt/stack/data/venv/lib/python3.12/site-packages/oslo_service/backend/_threading/loopingcall.py:125}}
Mar 30 18:12:46.694739 np0000161497 neutron-periodic-workers[103764]: DEBUG dbcounter [-] [103764] Writing DB stats neutron:SELECT=3 {{(pid=103764) stat_writer /opt/stack/data/venv/lib/python3.12/site-packages/dbcounter.py:115}}
Mar 30 18:12:48.712662 np0000161497 neutron-periodic-workers[103773]: DEBUG neutron.db.agents_db [None req-0fbb958e-6047-4d5f-8c8d-d153ab5cff5a None None] Agent healthcheck: found 0 active agents {{(pid=103773) agent_health_check /opt/stack/neutron/neutron/db/agents_db.py:317}}
Mar 30 18:12:48.713252 np0000161497 neutron-periodic-workers[103773]: DEBUG oslo.service.backend._threading.loopingcall [None req-0fbb958e-6047-4d5f-8c8d-d153ab5cff5a None None] Fixed interval looping call 'neutron.plugins.ml2.plugin.AgentDbMixin.agent_health_check' sleeping for 36.99 seconds {{(pid=103773) _run_loop /opt/stack/data/venv/lib/python3.12/site-packages/oslo_service/backend/_threading/loopingcall.py:125}}
Mar 30 18:12:58.711047 np0000161497 neutron-periodic-workers[103773]: DEBUG dbcounter [-] [103773] Writing DB stats neutron:SELECT=1 {{(pid=103773) stat_writer /opt/stack/data/venv/lib/python3.12/site-packages/dbcounter.py:115}}
Mar 30 18:13:13.696859 np0000161497 neutron-periodic-workers[103764]: DEBUG oslo.service.backend._threading.loopingcall [None req-975003e9-dd48-4486-85f1-f253fc59e8f2 None None] Fixed interval looping call 'neutron.plugins.ml2.plugin.DhcpAgentSchedulerDbMixin.remove_networks_from_down_agents' sleeping for 36.99 seconds {{(pid=103764) _run_loop /opt/stack/data/venv/lib/python3.12/site-packages/oslo_service/backend/_threading/loopingcall.py:125}}
Mar 30 18:13:23.696607 np0000161497 neutron-periodic-workers[103764]: DEBUG dbcounter [-] [103764] Writing DB stats neutron:SELECT=3 {{(pid=103764) stat_writer /opt/stack/data/venv/lib/python3.12/site-packages/dbcounter.py:115}}
Mar 30 18:13:25.710827 np0000161497 neutron-periodic-workers[103773]: DEBUG neutron.db.agents_db [None req-0fbb958e-6047-4d5f-8c8d-d153ab5cff5a None None] Agent healthcheck: found 0 active agents {{(pid=103773) agent_health_check /opt/stack/neutron/neutron/db/agents_db.py:317}}
Mar 30 18:13:25.711700 np0000161497 neutron-periodic-workers[103773]: DEBUG oslo.service.backend._threading.loopingcall [None req-0fbb958e-6047-4d5f-8c8d-d153ab5cff5a None None] Fixed interval looping call 'neutron.plugins.ml2.plugin.AgentDbMixin.agent_health_check' sleeping for 36.99 seconds {{(pid=103773) _run_loop /opt/stack/data/venv/lib/python3.12/site-packages/oslo_service/backend/_threading/loopingcall.py:125}}
Mar 30 18:13:35.708035 np0000161497 neutron-periodic-workers[103773]: DEBUG dbcounter [-] [103773] Writing DB stats neutron:SELECT=1 {{(pid=103773) stat_writer /opt/stack/data/venv/lib/python3.12/site-packages/dbcounter.py:115}}
Mar 30 18:13:50.697982 np0000161497 neutron-periodic-workers[103764]: DEBUG oslo.service.backend._threading.loopingcall [None req-975003e9-dd48-4486-85f1-f253fc59e8f2 None None] Fixed interval looping call 'neutron.plugins.ml2.plugin.DhcpAgentSchedulerDbMixin.remove_networks_from_down_agents' sleeping for 36.99 seconds {{(pid=103764) _run_loop /opt/stack/data/venv/lib/python3.12/site-packages/oslo_service/backend/_threading/loopingcall.py:125}}
Mar 30 18:13:56.680587 np0000161497 neutron-periodic-workers[103754]: DEBUG oslo.service.backend._threading.loopingcall [None req-a46465b5-45eb-4382-9b7b-300eaab4b1e8 None None] Fixed interval looping call 'neutron.services.ovn_l3.plugin.L3_NAT_dbonly_mixin._clean_garbage' sleeping for 299.99 seconds {{(pid=103754) _run_loop /opt/stack/data/venv/lib/python3.12/site-packages/oslo_service/backend/_threading/loopingcall.py:125}}
Mar 30 18:14:00.696419 np0000161497 neutron-periodic-workers[103764]: DEBUG dbcounter [-] [103764] Writing DB stats neutron:SELECT=3 {{(pid=103764) stat_writer /opt/stack/data/venv/lib/python3.12/site-packages/dbcounter.py:115}}
Mar 30 18:14:02.705489 np0000161497 neutron-periodic-workers[103773]: DEBUG neutron.db.agents_db [None req-0fbb958e-6047-4d5f-8c8d-d153ab5cff5a None None] Agent healthcheck: found 0 active agents {{(pid=103773) agent_health_check /opt/stack/neutron/neutron/db/agents_db.py:317}}
Mar 30 18:14:02.705946 np0000161497 neutron-periodic-workers[103773]: DEBUG oslo.service.backend._threading.loopingcall [None req-0fbb958e-6047-4d5f-8c8d-d153ab5cff5a None None] Fixed interval looping call 'neutron.plugins.ml2.plugin.AgentDbMixin.agent_health_check' sleeping for 37.00 seconds {{(pid=103773) _run_loop /opt/stack/data/venv/lib/python3.12/site-packages/oslo_service/backend/_threading/loopingcall.py:125}}
Mar 30 18:14:06.674488 np0000161497 neutron-periodic-workers[103754]: DEBUG dbcounter [-] [103754] Writing DB stats neutron:SELECT=1 {{(pid=103754) stat_writer /opt/stack/data/venv/lib/python3.12/site-packages/dbcounter.py:115}}
Mar 30 18:14:12.703772 np0000161497 neutron-periodic-workers[103773]: DEBUG dbcounter [-] [103773] Writing DB stats neutron:SELECT=1 {{(pid=103773) stat_writer /opt/stack/data/venv/lib/python3.12/site-packages/dbcounter.py:115}}
Mar 30 18:14:18.754213 np0000161497 neutron-periodic-workers[103788]: DEBUG oslo.service.backend._threading.loopingcall [None req-cf900795-3e60-4df9-9700-dca96447e001 None None] Fixed interval looping call 'neutron.db.quota.driver_nolock.DbQuotaNoLockDriver._remove_expired_reservations' sleeping for 119.99 seconds {{(pid=103788) _run_loop /opt/stack/data/venv/lib/python3.12/site-packages/oslo_service/backend/_threading/loopingcall.py:125}}
Mar 30 18:14:27.696937 np0000161497 neutron-periodic-workers[103764]: DEBUG oslo.service.backend._threading.loopingcall [None req-975003e9-dd48-4486-85f1-f253fc59e8f2 None None] Fixed interval looping call 'neutron.plugins.ml2.plugin.DhcpAgentSchedulerDbMixin.remove_networks_from_down_agents' sleeping for 36.99 seconds {{(pid=103764) _run_loop /opt/stack/data/venv/lib/python3.12/site-packages/oslo_service/backend/_threading/loopingcall.py:125}}
Mar 30 18:14:28.752773 np0000161497 neutron-periodic-workers[103788]: DEBUG dbcounter [-] [103788] Writing DB stats neutron:DELETE=1 {{(pid=103788) stat_writer /opt/stack/data/venv/lib/python3.12/site-packages/dbcounter.py:115}}
Mar 30 18:14:37.695804 np0000161497 neutron-periodic-workers[103764]: DEBUG dbcounter [-] [103764] Writing DB stats neutron:SELECT=3 {{(pid=103764) stat_writer /opt/stack/data/venv/lib/python3.12/site-packages/dbcounter.py:115}}
Mar 30 18:14:39.714311 np0000161497 neutron-periodic-workers[103773]: DEBUG neutron.db.agents_db [None req-0fbb958e-6047-4d5f-8c8d-d153ab5cff5a None None] Agent healthcheck: found 0 active agents {{(pid=103773) agent_health_check /opt/stack/neutron/neutron/db/agents_db.py:317}}
Mar 30 18:14:39.714852 np0000161497 neutron-periodic-workers[103773]: DEBUG oslo.service.backend._threading.loopingcall [None req-0fbb958e-6047-4d5f-8c8d-d153ab5cff5a None None] Fixed interval looping call 'neutron.plugins.ml2.plugin.AgentDbMixin.agent_health_check' sleeping for 36.99 seconds {{(pid=103773) _run_loop /opt/stack/data/venv/lib/python3.12/site-packages/oslo_service/backend/_threading/loopingcall.py:125}}
Mar 30 18:14:49.710887 np0000161497 neutron-periodic-workers[103773]: DEBUG dbcounter [-] [103773] Writing DB stats neutron:SELECT=1 {{(pid=103773) stat_writer /opt/stack/data/venv/lib/python3.12/site-packages/dbcounter.py:115}}
Mar 30 18:15:04.697117 np0000161497 neutron-periodic-workers[103764]: DEBUG oslo.service.backend._threading.loopingcall [None req-975003e9-dd48-4486-85f1-f253fc59e8f2 None None] Fixed interval looping call 'neutron.plugins.ml2.plugin.DhcpAgentSchedulerDbMixin.remove_networks_from_down_agents' sleeping for 36.99 seconds {{(pid=103764) _run_loop /opt/stack/data/venv/lib/python3.12/site-packages/oslo_service/backend/_threading/loopingcall.py:125}}
Mar 30 18:15:14.696110 np0000161497 neutron-periodic-workers[103764]: DEBUG dbcounter [-] [103764] Writing DB stats neutron:SELECT=3 {{(pid=103764) stat_writer /opt/stack/data/venv/lib/python3.12/site-packages/dbcounter.py:115}}
Mar 30 18:15:16.709716 np0000161497 neutron-periodic-workers[103773]: DEBUG neutron.db.agents_db [None req-0fbb958e-6047-4d5f-8c8d-d153ab5cff5a None None] Agent healthcheck: found 0 active agents {{(pid=103773) agent_health_check /opt/stack/neutron/neutron/db/agents_db.py:317}}
Mar 30 18:15:16.710169 np0000161497 neutron-periodic-workers[103773]: DEBUG oslo.service.backend._threading.loopingcall [None req-0fbb958e-6047-4d5f-8c8d-d153ab5cff5a None None] Fixed interval looping call 'neutron.plugins.ml2.plugin.AgentDbMixin.agent_health_check' sleeping for 36.99 seconds {{(pid=103773) _run_loop /opt/stack/data/venv/lib/python3.12/site-packages/oslo_service/backend/_threading/loopingcall.py:125}}
Mar 30 18:15:26.708211 np0000161497 neutron-periodic-workers[103773]: DEBUG dbcounter [-] [103773] Writing DB stats neutron:SELECT=1 {{(pid=103773) stat_writer /opt/stack/data/venv/lib/python3.12/site-packages/dbcounter.py:115}}
Mar 30 18:15:41.699654 np0000161497 neutron-periodic-workers[103764]: DEBUG oslo.service.backend._threading.loopingcall [None req-975003e9-dd48-4486-85f1-f253fc59e8f2 None None] Fixed interval looping call 'neutron.plugins.ml2.plugin.DhcpAgentSchedulerDbMixin.remove_networks_from_down_agents' sleeping for 36.99 seconds {{(pid=103764) _run_loop /opt/stack/data/venv/lib/python3.12/site-packages/oslo_service/backend/_threading/loopingcall.py:125}}
Mar 30 18:15:51.698509 np0000161497 neutron-periodic-workers[103764]: DEBUG dbcounter [-] [103764] Writing DB stats neutron:SELECT=3 {{(pid=103764) stat_writer /opt/stack/data/venv/lib/python3.12/site-packages/dbcounter.py:115}}
Mar 30 18:15:53.706249 np0000161497 neutron-periodic-workers[103773]: DEBUG neutron.db.agents_db [None req-0fbb958e-6047-4d5f-8c8d-d153ab5cff5a None None] Agent healthcheck: found 0 active agents {{(pid=103773) agent_health_check /opt/stack/neutron/neutron/db/agents_db.py:317}}
Mar 30 18:15:53.706926 np0000161497 neutron-periodic-workers[103773]: DEBUG oslo.service.backend._threading.loopingcall [None req-0fbb958e-6047-4d5f-8c8d-d153ab5cff5a None None] Fixed interval looping call 'neutron.plugins.ml2.plugin.AgentDbMixin.agent_health_check' sleeping for 36.99 seconds {{(pid=103773) _run_loop /opt/stack/data/venv/lib/python3.12/site-packages/oslo_service/backend/_threading/loopingcall.py:125}}
Mar 30 18:16:03.703914 np0000161497 neutron-periodic-workers[103773]: DEBUG dbcounter [-] [103773] Writing DB stats neutron:SELECT=1 {{(pid=103773) stat_writer /opt/stack/data/venv/lib/python3.12/site-packages/dbcounter.py:115}}
Mar 30 18:16:18.701181 np0000161497 neutron-periodic-workers[103764]: DEBUG oslo.service.backend._threading.loopingcall [None req-975003e9-dd48-4486-85f1-f253fc59e8f2 None None] Fixed interval looping call 'neutron.plugins.ml2.plugin.DhcpAgentSchedulerDbMixin.remove_networks_from_down_agents' sleeping for 36.99 seconds {{(pid=103764) _run_loop /opt/stack/data/venv/lib/python3.12/site-packages/oslo_service/backend/_threading/loopingcall.py:125}}
Mar 30 18:16:18.747763 np0000161497 neutron-periodic-workers[103788]: DEBUG oslo.service.backend._threading.loopingcall [None req-cf900795-3e60-4df9-9700-dca96447e001 None None] Fixed interval looping call 'neutron.db.quota.driver_nolock.DbQuotaNoLockDriver._remove_expired_reservations' sleeping for 120.00 seconds {{(pid=103788) _run_loop /opt/stack/data/venv/lib/python3.12/site-packages/oslo_service/backend/_threading/loopingcall.py:125}}
Mar 30 18:16:28.699883 np0000161497 neutron-periodic-workers[103764]: DEBUG dbcounter [-] [103764] Writing DB stats neutron:SELECT=3 {{(pid=103764) stat_writer /opt/stack/data/venv/lib/python3.12/site-packages/dbcounter.py:115}}
Mar 30 18:16:28.746879 np0000161497 neutron-periodic-workers[103788]: DEBUG dbcounter [-] [103788] Writing DB stats neutron:DELETE=1 {{(pid=103788) stat_writer /opt/stack/data/venv/lib/python3.12/site-packages/dbcounter.py:115}}
Mar 30 18:16:30.700999 np0000161497 neutron-periodic-workers[103773]: DEBUG neutron.db.agents_db [None req-0fbb958e-6047-4d5f-8c8d-d153ab5cff5a None None] Agent healthcheck: found 0 active agents {{(pid=103773) agent_health_check /opt/stack/neutron/neutron/db/agents_db.py:317}}
Mar 30 18:16:30.701843 np0000161497 neutron-periodic-workers[103773]: DEBUG oslo.service.backend._threading.loopingcall [None req-0fbb958e-6047-4d5f-8c8d-d153ab5cff5a None None] Fixed interval looping call 'neutron.plugins.ml2.plugin.AgentDbMixin.agent_health_check' sleeping for 37.00 seconds {{(pid=103773) _run_loop /opt/stack/data/venv/lib/python3.12/site-packages/oslo_service/backend/_threading/loopingcall.py:125}}
Mar 30 18:16:40.699975 np0000161497 neutron-periodic-workers[103773]: DEBUG dbcounter [-] [103773] Writing DB stats neutron:SELECT=1 {{(pid=103773) stat_writer /opt/stack/data/venv/lib/python3.12/site-packages/dbcounter.py:115}}
Mar 30 18:16:55.703714 np0000161497 neutron-periodic-workers[103764]: DEBUG oslo.service.backend._threading.loopingcall [None req-975003e9-dd48-4486-85f1-f253fc59e8f2 None None] Fixed interval looping call 'neutron.plugins.ml2.plugin.DhcpAgentSchedulerDbMixin.remove_networks_from_down_agents' sleeping for 36.99 seconds {{(pid=103764) _run_loop /opt/stack/data/venv/lib/python3.12/site-packages/oslo_service/backend/_threading/loopingcall.py:125}}
Mar 30 18:17:05.703526 np0000161497 neutron-periodic-workers[103764]: DEBUG dbcounter [-] [103764] Writing DB stats neutron:SELECT=3 {{(pid=103764) stat_writer /opt/stack/data/venv/lib/python3.12/site-packages/dbcounter.py:115}}
Mar 30 18:17:07.706292 np0000161497 neutron-periodic-workers[103773]: DEBUG neutron.db.agents_db [None req-0fbb958e-6047-4d5f-8c8d-d153ab5cff5a None None] Agent healthcheck: found 0 active agents {{(pid=103773) agent_health_check /opt/stack/neutron/neutron/db/agents_db.py:317}}
Mar 30 18:17:07.706648 np0000161497 neutron-periodic-workers[103773]: DEBUG oslo.service.backend._threading.loopingcall [None req-0fbb958e-6047-4d5f-8c8d-d153ab5cff5a None None] Fixed interval looping call 'neutron.plugins.ml2.plugin.AgentDbMixin.agent_health_check' sleeping for 36.99 seconds {{(pid=103773) _run_loop /opt/stack/data/venv/lib/python3.12/site-packages/oslo_service/backend/_threading/loopingcall.py:125}}
Mar 30 18:17:17.704415 np0000161497 neutron-periodic-workers[103773]: DEBUG dbcounter [-] [103773] Writing DB stats neutron:SELECT=1 {{(pid=103773) stat_writer /opt/stack/data/venv/lib/python3.12/site-packages/dbcounter.py:115}}
Mar 30 18:17:32.709503 np0000161497 neutron-periodic-workers[103764]: DEBUG oslo.service.backend._threading.loopingcall [None req-975003e9-dd48-4486-85f1-f253fc59e8f2 None None] Fixed interval looping call 'neutron.plugins.ml2.plugin.DhcpAgentSchedulerDbMixin.remove_networks_from_down_agents' sleeping for 36.98 seconds {{(pid=103764) _run_loop /opt/stack/data/venv/lib/python3.12/site-packages/oslo_service/backend/_threading/loopingcall.py:125}}
Mar 30 18:17:42.706305 np0000161497 neutron-periodic-workers[103764]: DEBUG dbcounter [-] [103764] Writing DB stats neutron:SELECT=3 {{(pid=103764) stat_writer /opt/stack/data/venv/lib/python3.12/site-packages/dbcounter.py:115}}
Mar 30 18:17:44.702944 np0000161497 neutron-periodic-workers[103773]: DEBUG neutron.db.agents_db [None req-0fbb958e-6047-4d5f-8c8d-d153ab5cff5a None None] Agent healthcheck: found 0 active agents {{(pid=103773) agent_health_check /opt/stack/neutron/neutron/db/agents_db.py:317}}
Mar 30 18:17:44.702944 np0000161497 neutron-periodic-workers[103773]: DEBUG oslo.service.backend._threading.loopingcall [None req-0fbb958e-6047-4d5f-8c8d-d153ab5cff5a None None] Fixed interval looping call 'neutron.plugins.ml2.plugin.AgentDbMixin.agent_health_check' sleeping for 36.99 seconds {{(pid=103773) _run_loop /opt/stack/data/venv/lib/python3.12/site-packages/oslo_service/backend/_threading/loopingcall.py:125}}
Mar 30 18:17:54.700822 np0000161497 neutron-periodic-workers[103773]: DEBUG dbcounter [-] [103773] Writing DB stats neutron:SELECT=1 {{(pid=103773) stat_writer /opt/stack/data/venv/lib/python3.12/site-packages/dbcounter.py:115}}
Mar 30 18:18:09.700322 np0000161497 neutron-periodic-workers[103764]: DEBUG oslo.service.backend._threading.loopingcall [None req-975003e9-dd48-4486-85f1-f253fc59e8f2 None None] Fixed interval looping call 'neutron.plugins.ml2.plugin.DhcpAgentSchedulerDbMixin.remove_networks_from_down_agents' sleeping for 36.99 seconds {{(pid=103764) _run_loop /opt/stack/data/venv/lib/python3.12/site-packages/oslo_service/backend/_threading/loopingcall.py:125}}
Mar 30 18:18:18.752829 np0000161497 neutron-periodic-workers[103788]: DEBUG oslo.service.backend._threading.loopingcall [None req-cf900795-3e60-4df9-9700-dca96447e001 None None] Fixed interval looping call 'neutron.db.quota.driver_nolock.DbQuotaNoLockDriver._remove_expired_reservations' sleeping for 120.00 seconds {{(pid=103788) _run_loop /opt/stack/data/venv/lib/python3.12/site-packages/oslo_service/backend/_threading/loopingcall.py:125}}
Mar 30 18:18:19.699954 np0000161497 neutron-periodic-workers[103764]: DEBUG dbcounter [-] [103764] Writing DB stats neutron:SELECT=3 {{(pid=103764) stat_writer /opt/stack/data/venv/lib/python3.12/site-packages/dbcounter.py:115}}
Mar 30 18:18:21.701388 np0000161497 neutron-periodic-workers[103773]: DEBUG neutron.db.agents_db [None req-0fbb958e-6047-4d5f-8c8d-d153ab5cff5a None None] Agent healthcheck: found 0 active agents {{(pid=103773) agent_health_check /opt/stack/neutron/neutron/db/agents_db.py:317}}
