Jun 18 07:20:54.838510 np0000181908 devstack@neutron-api.service[102807]: [pid: 102807|app: 0|req: 22/88] 199.204.45.115 () {68 vars in 1449 bytes} [Thu Jun 18 07:20:54 2026] PUT /networking/v2.0/quotas/8151bc32e8be4f24b099a10302675d07 => generated 175 bytes in 25 msecs (HTTP/1.1 200) 4 headers in 157 bytes (1 switches on core 0)
Jun 18 07:20:55.126445 np0000181908 devstack@neutron-api.service[102806]: /opt/stack/neutron/neutron/extensions/quotasv2.py:134: UserWarning: "--check-limit" parameter is no longer needed since Epoxy (2025.1) release. By default, Neutron quota engine checks the resource usage before updating the limits
Jun 18 07:20:55.126445 np0000181908 devstack@neutron-api.service[102806]: warnings.warn('"--check-limit" parameter is no longer needed '
Jun 18 07:20:55.127056 np0000181908 devstack@neutron-api.service[102806]: DEBUG neutron.api.v2.base [None req-ecd46704-f278-4c81-9411-7d74262e62d5 admin admin] Request body: {'quota': {'security_group_rule': 1000}} {{(pid=102806) prepare_request_body /opt/stack/neutron/neutron/api/v2/base.py:727}}
Jun 18 07:20:55.144506 np0000181908 devstack@neutron-api.service[102806]: [pid: 102806|app: 0|req: 22/89] 199.204.45.115 () {68 vars in 1449 bytes} [Thu Jun 18 07:20:55 2026] PUT /networking/v2.0/quotas/8151bc32e8be4f24b099a10302675d07 => generated 176 bytes in 24 msecs (HTTP/1.1 200) 4 headers in 157 bytes (1 switches on core 0)
Jun 18 07:21:02.788678 np0000181908 devstack@neutron-api.service[102808]: DEBUG dbcounter [-] [102808] Writing DB stats neutron:UPDATE=1,neutron:SELECT=1 {{(pid=102808) stat_writer /opt/stack/data/venv/lib/python3.12/site-packages/dbcounter.py:115}}
Jun 18 07:21:03.196140 np0000181908 devstack@neutron-api.service[102809]: DEBUG dbcounter [-] [102809] Writing DB stats neutron:UPDATE=1,neutron:SELECT=1 {{(pid=102809) stat_writer /opt/stack/data/venv/lib/python3.12/site-packages/dbcounter.py:115}}
Jun 18 07:21:04.838917 np0000181908 devstack@neutron-api.service[102807]: DEBUG dbcounter [-] [102807] Writing DB stats neutron:UPDATE=1,neutron:SELECT=5,neutron:INSERT=1 {{(pid=102807) stat_writer /opt/stack/data/venv/lib/python3.12/site-packages/dbcounter.py:115}}
Jun 18 07:21:05.143645 np0000181908 devstack@neutron-api.service[102806]: DEBUG dbcounter [-] [102806] Writing DB stats neutron:UPDATE=1,neutron:SELECT=5,neutron:INSERT=1 {{(pid=102806) stat_writer /opt/stack/data/venv/lib/python3.12/site-packages/dbcounter.py:115}}
Jun 18 07:21:07.289041 np0000181908 devstack@neutron-api.service[102808]: DEBUG futurist.periodics [-] Submitting periodic callback 'neutron.plugins.ml2.drivers.ovn.mech_driver.ovsdb.maintenance.HashRingHealthCheckPeriodics.touch_hash_ring_node' {{(pid=102808) _process_scheduled /opt/stack/data/venv/lib/python3.12/site-packages/futurist/periodics.py:784}}
Jun 18 07:21:07.289964 np0000181908 devstack@neutron-api.service[102808]: DEBUG neutron.plugins.ml2.drivers.ovn.mech_driver.ovsdb.maintenance [-] Touching Hash Ring node "8b7ca4092a6f586e8a954e35a7f2a3a3" from periodic health check thread {{(pid=102808) touch_hash_ring_node /opt/stack/neutron/neutron/plugins/ml2/drivers/ovn/mech_driver/ovsdb/maintenance.py:1419}}
Jun 18 07:21:08.185157 np0000181908 devstack@neutron-api.service[102809]: DEBUG futurist.periodics [-] Submitting periodic callback 'neutron.plugins.ml2.drivers.ovn.mech_driver.ovsdb.maintenance.HashRingHealthCheckPeriodics.touch_hash_ring_node' {{(pid=102809) _process_scheduled /opt/stack/data/venv/lib/python3.12/site-packages/futurist/periodics.py:784}}
Jun 18 07:21:08.185774 np0000181908 devstack@neutron-api.service[102809]: DEBUG neutron.plugins.ml2.drivers.ovn.mech_driver.ovsdb.maintenance [-] Touching Hash Ring node "3d1a77b910055ae8a6f51138f43695c5" from periodic health check thread {{(pid=102809) touch_hash_ring_node /opt/stack/neutron/neutron/plugins/ml2/drivers/ovn/mech_driver/ovsdb/maintenance.py:1419}}
Jun 18 07:21:08.233615 np0000181908 devstack@neutron-api.service[102807]: DEBUG futurist.periodics [-] Submitting periodic callback 'neutron.plugins.ml2.drivers.ovn.mech_driver.ovsdb.maintenance.HashRingHealthCheckPeriodics.touch_hash_ring_node' {{(pid=102807) _process_scheduled /opt/stack/data/venv/lib/python3.12/site-packages/futurist/periodics.py:784}}
Jun 18 07:21:08.234246 np0000181908 devstack@neutron-api.service[102807]: DEBUG neutron.plugins.ml2.drivers.ovn.mech_driver.ovsdb.maintenance [-] Touching Hash Ring node "fde5ba5df43858a8adf1e90a11b3bcd1" from periodic health check thread {{(pid=102807) touch_hash_ring_node /opt/stack/neutron/neutron/plugins/ml2/drivers/ovn/mech_driver/ovsdb/maintenance.py:1419}}
Jun 18 07:21:08.411105 np0000181908 devstack@neutron-api.service[102806]: DEBUG futurist.periodics [-] Submitting periodic callback 'neutron.plugins.ml2.drivers.ovn.mech_driver.ovsdb.maintenance.HashRingHealthCheckPeriodics.touch_hash_ring_node' {{(pid=102806) _process_scheduled /opt/stack/data/venv/lib/python3.12/site-packages/futurist/periodics.py:784}}
Jun 18 07:21:08.412491 np0000181908 devstack@neutron-api.service[102806]: DEBUG neutron.plugins.ml2.drivers.ovn.mech_driver.ovsdb.maintenance [-] Touching Hash Ring node "8663c6e826eb54379a621d9133b90e80" from periodic health check thread {{(pid=102806) touch_hash_ring_node /opt/stack/neutron/neutron/plugins/ml2/drivers/ovn/mech_driver/ovsdb/maintenance.py:1419}}
Jun 18 07:21:10.338272 np0000181908 devstack@neutron-api.service[102808]: DEBUG neutron.pecan_wsgi.hooks.policy_enforcement [None req-3e9d9c58-bac5-429a-b8f7-4e9fb6a1be67 admin admin] Attributes excluded by policy engine: ['standard_attr_id'] {{(pid=102808) _exclude_attributes_by_policy /opt/stack/neutron/neutron/pecan_wsgi/hooks/policy_enforcement.py:259}}
Jun 18 07:21:10.340282 np0000181908 devstack@neutron-api.service[102808]: [pid: 102808|app: 0|req: 24/90] 199.204.45.115 () {64 vars in 1378 bytes} [Thu Jun 18 07:21:10 2026] GET /networking/v2.0/ports?device_owner=network%3Adistributed => generated 1650 bytes in 95 msecs (HTTP/1.1 200) 4 headers in 158 bytes (1 switches on core 0)
Jun 18 07:21:11.590257 np0000181908 devstack@neutron-api.service[102808]: DEBUG neutron.common.ovn.hash_ring_manager [None req-3f75f20c-5c6f-4149-8e94-a7b5e9a7515e None None] Hash Ring loaded. 4 active nodes. 0 offline nodes {{(pid=102808) _load_hash_ring /opt/stack/neutron/neutron/common/ovn/hash_ring_manager.py:110}}
Jun 18 07:21:11.590687 np0000181908 devstack@neutron-api.service[102807]: DEBUG neutron.common.ovn.hash_ring_manager [None req-f42a9a5a-637e-4499-94e6-ee415f2c0060 None None] Hash Ring loaded. 4 active nodes. 0 offline nodes {{(pid=102807) _load_hash_ring /opt/stack/neutron/neutron/common/ovn/hash_ring_manager.py:110}}
Jun 18 07:21:11.592304 np0000181908 devstack@neutron-api.service[102809]: DEBUG neutron.common.ovn.hash_ring_manager [None req-96fe92e3-1f63-4033-b287-4c847b54959d None None] Hash Ring loaded. 4 active nodes. 0 offline nodes {{(pid=102809) _load_hash_ring /opt/stack/neutron/neutron/common/ovn/hash_ring_manager.py:110}}
Jun 18 07:21:11.592588 np0000181908 devstack@neutron-api.service[102809]: DEBUG neutron.plugins.ml2.drivers.ovn.mech_driver.ovsdb.ovsdb_monitor [None req-96fe92e3-1f63-4033-b287-4c847b54959d None None] Hash Ring: Node 3d1a77b910055ae8a6f51138f43695c5 (host: np0000181908) handling event "update" for row deeb2d55-232a-415d-941f-31841d0660eb (table: Connection) {{(pid=102809) notify /opt/stack/neutron/neutron/plugins/ml2/drivers/ovn/mech_driver/ovsdb/ovsdb_monitor.py:1015}}
Jun 18 07:21:11.593501 np0000181908 devstack@neutron-api.service[102806]: DEBUG neutron.common.ovn.hash_ring_manager [None req-9330550f-0805-4a75-8132-0246b96cb566 None None] Hash Ring loaded. 4 active nodes. 0 offline nodes {{(pid=102806) _load_hash_ring /opt/stack/neutron/neutron/common/ovn/hash_ring_manager.py:110}}
Jun 18 07:21:21.588629 np0000181908 devstack@neutron-api.service[102808]: DEBUG dbcounter [-] [102808] Writing DB stats neutron:UPDATE=1,neutron:SELECT=12 {{(pid=102808) stat_writer /opt/stack/data/venv/lib/python3.12/site-packages/dbcounter.py:115}}
Jun 18 07:21:21.589549 np0000181908 devstack@neutron-api.service[102807]: DEBUG dbcounter [-] [102807] Writing DB stats neutron:UPDATE=1,neutron:SELECT=3 {{(pid=102807) stat_writer /opt/stack/data/venv/lib/python3.12/site-packages/dbcounter.py:115}}
Jun 18 07:21:21.590936 np0000181908 devstack@neutron-api.service[102809]: DEBUG dbcounter [-] [102809] Writing DB stats neutron:UPDATE=1,neutron:SELECT=3 {{(pid=102809) stat_writer /opt/stack/data/venv/lib/python3.12/site-packages/dbcounter.py:115}}
Jun 18 07:21:21.592488 np0000181908 devstack@neutron-api.service[102806]: DEBUG dbcounter [-] [102806] Writing DB stats neutron:UPDATE=1,neutron:SELECT=3 {{(pid=102806) stat_writer /opt/stack/data/venv/lib/python3.12/site-packages/dbcounter.py:115}}
Jun 18 07:21:22.289691 np0000181908 devstack@neutron-api.service[102808]: DEBUG futurist.periodics [-] Submitting periodic callback 'neutron.plugins.ml2.drivers.ovn.mech_driver.ovsdb.maintenance.HashRingHealthCheckPeriodics.touch_hash_ring_node' {{(pid=102808) _process_scheduled /opt/stack/data/venv/lib/python3.12/site-packages/futurist/periodics.py:784}}
Jun 18 07:21:22.290660 np0000181908 devstack@neutron-api.service[102808]: DEBUG neutron.plugins.ml2.drivers.ovn.mech_driver.ovsdb.maintenance [-] Touching Hash Ring node "8b7ca4092a6f586e8a954e35a7f2a3a3" from periodic health check thread {{(pid=102808) touch_hash_ring_node /opt/stack/neutron/neutron/plugins/ml2/drivers/ovn/mech_driver/ovsdb/maintenance.py:1419}}
Jun 18 07:21:23.185786 np0000181908 devstack@neutron-api.service[102809]: DEBUG futurist.periodics [-] Submitting periodic callback 'neutron.plugins.ml2.drivers.ovn.mech_driver.ovsdb.maintenance.HashRingHealthCheckPeriodics.touch_hash_ring_node' {{(pid=102809) _process_scheduled /opt/stack/data/venv/lib/python3.12/site-packages/futurist/periodics.py:784}}
Jun 18 07:21:23.186374 np0000181908 devstack@neutron-api.service[102809]: DEBUG neutron.plugins.ml2.drivers.ovn.mech_driver.ovsdb.maintenance [-] Touching Hash Ring node "3d1a77b910055ae8a6f51138f43695c5" from periodic health check thread {{(pid=102809) touch_hash_ring_node /opt/stack/neutron/neutron/plugins/ml2/drivers/ovn/mech_driver/ovsdb/maintenance.py:1419}}
Jun 18 07:21:23.234510 np0000181908 devstack@neutron-api.service[102807]: DEBUG futurist.periodics [-] Submitting periodic callback 'neutron.plugins.ml2.drivers.ovn.mech_driver.ovsdb.maintenance.HashRingHealthCheckPeriodics.touch_hash_ring_node' {{(pid=102807) _process_scheduled /opt/stack/data/venv/lib/python3.12/site-packages/futurist/periodics.py:784}}
Jun 18 07:21:23.235034 np0000181908 devstack@neutron-api.service[102807]: DEBUG neutron.plugins.ml2.drivers.ovn.mech_driver.ovsdb.maintenance [-] Touching Hash Ring node "fde5ba5df43858a8adf1e90a11b3bcd1" from periodic health check thread {{(pid=102807) touch_hash_ring_node /opt/stack/neutron/neutron/plugins/ml2/drivers/ovn/mech_driver/ovsdb/maintenance.py:1419}}
Jun 18 07:21:23.341611 np0000181908 devstack@neutron-api.service[102809]: INFO neutron.pecan_wsgi.hooks.translation [None req-d687c793-299f-4626-a24a-9adc7cc26b0c admin admin] GET failed (client error): The resource could not be found.
Jun 18 07:21:23.342173 np0000181908 devstack@neutron-api.service[102809]: [pid: 102809|app: 0|req: 23/91] 199.204.45.115 () {64 vars in 1334 bytes} [Thu Jun 18 07:21:23 2026] GET /networking/v2.0/networks/admin_net => generated 111 bytes in 13 msecs (HTTP/1.1 404) 4 headers in 164 bytes (1 switches on core 0)
Jun 18 07:21:23.369144 np0000181908 devstack@neutron-api.service[102807]: [pid: 102807|app: 0|req: 23/92] 199.204.45.115 () {64 vars in 1346 bytes} [Thu Jun 18 07:21:23 2026] GET /networking/v2.0/networks?name=admin_net => generated 15 bytes in 17 msecs (HTTP/1.1 200) 4 headers in 156 bytes (1 switches on core 0)
Jun 18 07:21:23.412587 np0000181908 devstack@neutron-api.service[102806]: DEBUG futurist.periodics [-] Submitting periodic callback 'neutron.plugins.ml2.drivers.ovn.mech_driver.ovsdb.maintenance.HashRingHealthCheckPeriodics.touch_hash_ring_node' {{(pid=102806) _process_scheduled /opt/stack/data/venv/lib/python3.12/site-packages/futurist/periodics.py:784}}
Jun 18 07:21:23.413221 np0000181908 devstack@neutron-api.service[102806]: DEBUG neutron.plugins.ml2.drivers.ovn.mech_driver.ovsdb.maintenance [-] Touching Hash Ring node "8663c6e826eb54379a621d9133b90e80" from periodic health check thread {{(pid=102806) touch_hash_ring_node /opt/stack/neutron/neutron/plugins/ml2/drivers/ovn/mech_driver/ovsdb/maintenance.py:1419}}
Jun 18 07:21:23.618485 np0000181908 devstack@neutron-api.service[102806]: DEBUG neutron.api.v2.base [None req-3e510d22-424e-43ca-8deb-8388a8884693 admin admin] Request body: {'network': {'admin_state_up': True, 'project_id': '70d1e5673dca40c89efcc2c4c266e285', 'name': 'admin_net'}} {{(pid=102806) prepare_request_body /opt/stack/neutron/neutron/api/v2/base.py:727}}
Jun 18 07:21:23.641429 np0000181908 devstack@neutron-api.service[102806]: DEBUG neutron.pecan_wsgi.hooks.quota_enforcement [None req-3e510d22-424e-43ca-8deb-8388a8884693 admin admin] Made reservation on behalf of 70d1e5673dca40c89efcc2c4c266e285 for: {'network': 1} {{(pid=102806) before /opt/stack/neutron/neutron/pecan_wsgi/hooks/quota_enforcement.py:66}}
Jun 18 07:21:23.644930 np0000181908 devstack@neutron-api.service[102806]: DEBUG neutron_lib.callbacks.manager [None req-3e510d22-424e-43ca-8deb-8388a8884693 admin admin] Publish callbacks ['neutron.plugins.ml2.plugin.SecurityGroupDbMixin._ensure_default_security_group_handler-4192342'] for network (None), before_create {{(pid=102806) _notify_loop /opt/stack/data/venv/lib/python3.12/site-packages/neutron_lib/callbacks/manager.py:184}}
Jun 18 07:21:23.651151 np0000181908 devstack@neutron-api.service[102806]: DEBUG neutron_lib.callbacks.manager [None req-3e510d22-424e-43ca-8deb-8388a8884693 admin admin] Publish callbacks [] for security_group (None), before_create {{(pid=102806) _notify_loop /opt/stack/data/venv/lib/python3.12/site-packages/neutron_lib/callbacks/manager.py:184}}
Jun 18 07:21:23.708205 np0000181908 devstack@neutron-api.service[102806]: DEBUG neutron_lib.callbacks.manager [None req-3e510d22-424e-43ca-8deb-8388a8884693 admin admin] Publish callbacks ['neutron.plugins.ml2.drivers.ovn.mech_driver.mech_driver.OVNMechanismDriver._create_security_group_precommit-254895'] for security_group (fc8af9c4-d593-422f-b079-b8475730060c), precommit_create {{(pid=102806) _notify_loop /opt/stack/data/venv/lib/python3.12/site-packages/neutron_lib/callbacks/manager.py:184}}
Jun 18 07:21:23.708205 np0000181908 devstack@neutron-api.service[102806]: DEBUG neutron.db.ovn_revision_numbers_db [None req-3e510d22-424e-43ca-8deb-8388a8884693 admin admin] create_initial_revision uuid=fc8af9c4-d593-422f-b079-b8475730060c, type=security_groups, rev=-1 {{(pid=102806) create_initial_revision /opt/stack/neutron/neutron/db/ovn_revision_numbers_db.py:98}}
Jun 18 07:21:23.709543 np0000181908 devstack@neutron-api.service[102806]: DEBUG neutron.db.ovn_revision_numbers_db [None req-3e510d22-424e-43ca-8deb-8388a8884693 admin admin] create_initial_revision uuid=17bdd019-0046-482b-a37a-58721e2609de, type=security_group_rules, rev=-1 {{(pid=102806) create_initial_revision /opt/stack/neutron/neutron/db/ovn_revision_numbers_db.py:98}}
Jun 18 07:21:23.710489 np0000181908 devstack@neutron-api.service[102806]: DEBUG neutron.db.ovn_revision_numbers_db [None req-3e510d22-424e-43ca-8deb-8388a8884693 admin admin] create_initial_revision uuid=3c316180-80a3-4eee-ba65-7bb72d84d5f5, type=security_group_rules, rev=-1 {{(pid=102806) create_initial_revision /opt/stack/neutron/neutron/db/ovn_revision_numbers_db.py:98}}
Jun 18 07:21:23.711491 np0000181908 devstack@neutron-api.service[102806]: DEBUG neutron.db.ovn_revision_numbers_db [None req-3e510d22-424e-43ca-8deb-8388a8884693 admin admin] create_initial_revision uuid=b7f45a97-5366-4405-ba74-2c692b8efaa3, type=security_group_rules, rev=-1 {{(pid=102806) create_initial_revision /opt/stack/neutron/neutron/db/ovn_revision_numbers_db.py:98}}
Jun 18 07:21:23.712567 np0000181908 devstack@neutron-api.service[102806]: DEBUG neutron.db.ovn_revision_numbers_db [None req-3e510d22-424e-43ca-8deb-8388a8884693 admin admin] create_initial_revision uuid=d63bc720-e11f-4039-82fa-e06670445fda, type=security_group_rules, rev=-1 {{(pid=102806) create_initial_revision /opt/stack/neutron/neutron/db/ovn_revision_numbers_db.py:98}}
Jun 18 07:21:23.720526 np0000181908 devstack@neutron-api.service[102806]: DEBUG neutron_lib.callbacks.manager [None req-3e510d22-424e-43ca-8deb-8388a8884693 admin admin] Publish callbacks ['neutron.plugins.ml2.drivers.ovn.mech_driver.mech_driver.OVNMechanismDriver._create_security_group-254901', 'neutron.plugins.ml2.ovo_rpc._ObjectChangeHandler.handle_event-1219134'] for security_group (fc8af9c4-d593-422f-b079-b8475730060c), after_create {{(pid=102806) _notify_loop /opt/stack/data/venv/lib/python3.12/site-packages/neutron_lib/callbacks/manager.py:184}}
Jun 18 07:21:23.721920 np0000181908 devstack@neutron-api.service[102806]: DEBUG ovsdbapp.backend.ovs_idl.transaction [None req-9330550f-0805-4a75-8132-0246b96cb566 None None] Running txn n=1 command(idx=0): PgAddCommand(_result=None, name=pg_fc8af9c4_d593_422f_b079_b8475730060c, may_exist=False, columns={'acls': [], 'external_ids': {'neutron:security_group_id': 'fc8af9c4-d593-422f-b079-b8475730060c'}}) {{(pid=102806) do_commit /opt/stack/data/venv/lib/python3.12/site-packages/ovsdbapp/backend/ovs_idl/transaction.py:89}}
Jun 18 07:21:23.722708 np0000181908 devstack@neutron-api.service[102806]: DEBUG ovsdbapp.backend.ovs_idl.transaction [None req-9330550f-0805-4a75-8132-0246b96cb566 None None] Running txn n=1 command(idx=1): PgAclAddCommand(_result=None, entity=pg_fc8af9c4_d593_422f_b079_b8475730060c, direction=to-lport, priority=1002, match=outport == @pg_fc8af9c4_d593_422f_b079_b8475730060c && ip6 && ip6.src == $pg_fc8af9c4_d593_422f_b079_b8475730060c_ip6, action=allow-related, log=False, may_exist=True, severity=[], name=[], meter=[], external_ids={'neutron:security_group_rule_id': '17bdd019-0046-482b-a37a-58721e2609de'}) {{(pid=102806) do_commit /opt/stack/data/venv/lib/python3.12/site-packages/ovsdbapp/backend/ovs_idl/transaction.py:89}}
Jun 18 07:21:23.723628 np0000181908 devstack@neutron-api.service[102806]: DEBUG ovsdbapp.backend.ovs_idl.transaction [None req-9330550f-0805-4a75-8132-0246b96cb566 None None] Running txn n=1 command(idx=2): PgAclAddCommand(_result=None, entity=pg_fc8af9c4_d593_422f_b079_b8475730060c, direction=from-lport, priority=1002, match=inport == @pg_fc8af9c4_d593_422f_b079_b8475730060c && ip4, action=allow-related, log=False, may_exist=True, severity=[], name=[], meter=[], external_ids={'neutron:security_group_rule_id': '3c316180-80a3-4eee-ba65-7bb72d84d5f5'}) {{(pid=102806) do_commit /opt/stack/data/venv/lib/python3.12/site-packages/ovsdbapp/backend/ovs_idl/transaction.py:89}}
Jun 18 07:21:23.724424 np0000181908 devstack@neutron-api.service[102806]: DEBUG ovsdbapp.backend.ovs_idl.transaction [None req-9330550f-0805-4a75-8132-0246b96cb566 None None] Running txn n=1 command(idx=3): PgAclAddCommand(_result=None, entity=pg_fc8af9c4_d593_422f_b079_b8475730060c, direction=to-lport, priority=1002, match=outport == @pg_fc8af9c4_d593_422f_b079_b8475730060c && ip4 && ip4.src == $pg_fc8af9c4_d593_422f_b079_b8475730060c_ip4, action=allow-related, log=False, may_exist=True, severity=[], name=[], meter=[], external_ids={'neutron:security_group_rule_id': 'b7f45a97-5366-4405-ba74-2c692b8efaa3'}) {{(pid=102806) do_commit /opt/stack/data/venv/lib/python3.12/site-packages/ovsdbapp/backend/ovs_idl/transaction.py:89}}
Jun 18 07:21:23.724961 np0000181908 devstack@neutron-api.service[102806]: DEBUG ovsdbapp.backend.ovs_idl.transaction [None req-9330550f-0805-4a75-8132-0246b96cb566 None None] Running txn n=1 command(idx=4): PgAclAddCommand(_result=None, entity=pg_fc8af9c4_d593_422f_b079_b8475730060c, direction=from-lport, priority=1002, match=inport == @pg_fc8af9c4_d593_422f_b079_b8475730060c && ip6, action=allow-related, log=False, may_exist=True, severity=[], name=[], meter=[], external_ids={'neutron:security_group_rule_id': 'd63bc720-e11f-4039-82fa-e06670445fda'}) {{(pid=102806) do_commit /opt/stack/data/venv/lib/python3.12/site-packages/ovsdbapp/backend/ovs_idl/transaction.py:89}}
Jun 18 07:21:23.733232 np0000181908 devstack@neutron-api.service[102806]: DEBUG neutron.plugins.ml2.drivers.ovn.mech_driver.ovsdb.ovsdb_monitor [None req-9330550f-0805-4a75-8132-0246b96cb566 None None] Touching Hash Ring node "8663c6e826eb54379a621d9133b90e80" from IDL notify handler {{(pid=102806) notify /opt/stack/neutron/neutron/plugins/ml2/drivers/ovn/mech_driver/ovsdb/ovsdb_monitor.py:1007}}
Jun 18 07:21:23.735390 np0000181908 devstack@neutron-api.service[102808]: DEBUG neutron.plugins.ml2.drivers.ovn.mech_driver.ovsdb.ovsdb_monitor [None req-3f75f20c-5c6f-4149-8e94-a7b5e9a7515e None None] Touching Hash Ring node "8b7ca4092a6f586e8a954e35a7f2a3a3" from IDL notify handler {{(pid=102808) notify /opt/stack/neutron/neutron/plugins/ml2/drivers/ovn/mech_driver/ovsdb/ovsdb_monitor.py:1007}}
Jun 18 07:21:23.737625 np0000181908 devstack@neutron-api.service[102807]: DEBUG neutron.plugins.ml2.drivers.ovn.mech_driver.ovsdb.ovsdb_monitor [None req-f42a9a5a-637e-4499-94e6-ee415f2c0060 None None] Touching Hash Ring node "fde5ba5df43858a8adf1e90a11b3bcd1" from IDL notify handler {{(pid=102807) notify /opt/stack/neutron/neutron/plugins/ml2/drivers/ovn/mech_driver/ovsdb/ovsdb_monitor.py:1007}}
Jun 18 07:21:23.745358 np0000181908 devstack@neutron-api.service[102806]: DEBUG neutron.plugins.ml2.drivers.ovn.mech_driver.ovsdb.ovsdb_monitor [None req-9330550f-0805-4a75-8132-0246b96cb566 None None] Hash Ring: Node 8663c6e826eb54379a621d9133b90e80 (host: np0000181908) handling event "create" for row 43da0e03-3f08-4f80-accb-12190f230cde (table: ACL) {{(pid=102806) notify /opt/stack/neutron/neutron/plugins/ml2/drivers/ovn/mech_driver/ovsdb/ovsdb_monitor.py:1015}}
Jun 18 07:21:23.746235 np0000181908 devstack@neutron-api.service[102807]: DEBUG neutron.plugins.ml2.drivers.ovn.mech_driver.ovsdb.ovsdb_monitor [None req-f42a9a5a-637e-4499-94e6-ee415f2c0060 None None] Hash Ring: Node fde5ba5df43858a8adf1e90a11b3bcd1 (host: np0000181908) handling event "create" for row 4d820c66-e7f8-4150-aa6b-a0550af4c50e (table: ACL) {{(pid=102807) notify /opt/stack/neutron/neutron/plugins/ml2/drivers/ovn/mech_driver/ovsdb/ovsdb_monitor.py:1015}}
Jun 18 07:21:23.746493 np0000181908 devstack@neutron-api.service[102806]: DEBUG neutron.plugins.ml2.drivers.ovn.mech_driver.ovsdb.ovsdb_monitor [None req-9330550f-0805-4a75-8132-0246b96cb566 None None] Touching Hash Ring node "8663c6e826eb54379a621d9133b90e80" from IDL notify handler {{(pid=102806) notify /opt/stack/neutron/neutron/plugins/ml2/drivers/ovn/mech_driver/ovsdb/ovsdb_monitor.py:1007}}
Jun 18 07:21:23.746752 np0000181908 devstack@neutron-api.service[102808]: DEBUG neutron.plugins.ml2.drivers.ovn.mech_driver.ovsdb.ovsdb_monitor [None req-3f75f20c-5c6f-4149-8e94-a7b5e9a7515e None None] Hash Ring: Node 8b7ca4092a6f586e8a954e35a7f2a3a3 (host: np0000181908) handling event "create" for row 1f9ca9dd-78ba-47b4-b702-d437a0a7c677 (table: ACL) {{(pid=102808) notify /opt/stack/neutron/neutron/plugins/ml2/drivers/ovn/mech_driver/ovsdb/ovsdb_monitor.py:1015}}
Jun 18 07:21:23.748642 np0000181908 devstack@neutron-api.service[102808]: DEBUG neutron.plugins.ml2.drivers.ovn.mech_driver.ovsdb.ovsdb_monitor [None req-3f75f20c-5c6f-4149-8e94-a7b5e9a7515e None None] Touching Hash Ring node "8b7ca4092a6f586e8a954e35a7f2a3a3" from IDL notify handler {{(pid=102808) notify /opt/stack/neutron/neutron/plugins/ml2/drivers/ovn/mech_driver/ovsdb/ovsdb_monitor.py:1007}}
Jun 18 07:21:23.749784 np0000181908 devstack@neutron-api.service[102806]: DEBUG neutron.plugins.ml2.drivers.ovn.mech_driver.ovsdb.ovsdb_monitor [None req-9330550f-0805-4a75-8132-0246b96cb566 None None] Hash Ring: Node 8663c6e826eb54379a621d9133b90e80 (host: np0000181908) handling event "create" for row 852f31cd-2f3d-48df-90b1-d19ca7a4ecc6 (table: Port_Group) {{(pid=102806) notify /opt/stack/neutron/neutron/plugins/ml2/drivers/ovn/mech_driver/ovsdb/ovsdb_monitor.py:1015}}
Jun 18 07:21:23.752314 np0000181908 devstack@neutron-api.service[102808]: DEBUG neutron.plugins.ml2.drivers.ovn.mech_driver.ovsdb.ovsdb_monitor [None req-3f75f20c-5c6f-4149-8e94-a7b5e9a7515e None None] Hash Ring: Node 8b7ca4092a6f586e8a954e35a7f2a3a3 (host: np0000181908) handling event "create" for row 2721dabc-9779-4858-8c11-8649bf1c45b9 (table: ACL) {{(pid=102808) notify /opt/stack/neutron/neutron/plugins/ml2/drivers/ovn/mech_driver/ovsdb/ovsdb_monitor.py:1015}}
Jun 18 07:21:23.770475 np0000181908 devstack@neutron-api.service[102806]: INFO neutron.db.ovn_revision_numbers_db [None req-3e510d22-424e-43ca-8deb-8388a8884693 admin admin] Successfully bumped revision number for resource fc8af9c4-d593-422f-b079-b8475730060c (type: security_groups) to 1
Jun 18 07:21:23.785257 np0000181908 devstack@neutron-api.service[102806]: INFO neutron.db.ovn_revision_numbers_db [None req-3e510d22-424e-43ca-8deb-8388a8884693 admin admin] Successfully bumped revision number for resource 17bdd019-0046-482b-a37a-58721e2609de (type: security_group_rules) to 0
Jun 18 07:21:23.799697 np0000181908 devstack@neutron-api.service[102806]: INFO neutron.db.ovn_revision_numbers_db [None req-3e510d22-424e-43ca-8deb-8388a8884693 admin admin] Successfully bumped revision number for resource 3c316180-80a3-4eee-ba65-7bb72d84d5f5 (type: security_group_rules) to 0
Jun 18 07:21:23.814466 np0000181908 devstack@neutron-api.service[102806]: INFO neutron.db.ovn_revision_numbers_db [None req-3e510d22-424e-43ca-8deb-8388a8884693 admin admin] Successfully bumped revision number for resource b7f45a97-5366-4405-ba74-2c692b8efaa3 (type: security_group_rules) to 0
Jun 18 07:21:23.829567 np0000181908 devstack@neutron-api.service[102806]: INFO neutron.db.ovn_revision_numbers_db [None req-3e510d22-424e-43ca-8deb-8388a8884693 admin admin] Successfully bumped revision number for resource d63bc720-e11f-4039-82fa-e06670445fda (type: security_group_rules) to 0
Jun 18 07:21:23.854350 np0000181908 devstack@neutron-api.service[102806]: DEBUG neutron.api.rpc.handlers.resources_rpc [None req-3e510d22-424e-43ca-8deb-8388a8884693 admin admin] Pushing event updated for resources: {'SecurityGroup': ['ID=fc8af9c4-d593-422f-b079-b8475730060c,revision_number=1']} {{(pid=102806) push /opt/stack/neutron/neutron/api/rpc/handlers/resources_rpc.py:237}}
Jun 18 07:21:23.859486 np0000181908 devstack@neutron-api.service[102806]: DEBUG ovsdbapp.backend.ovs_idl.transaction [None req-9330550f-0805-4a75-8132-0246b96cb566 None None] Running txn n=1 command(idx=0): CheckLivenessCommand(_result=None) {{(pid=102806) do_commit /opt/stack/data/venv/lib/python3.12/site-packages/ovsdbapp/backend/ovs_idl/transaction.py:89}}
Jun 18 07:21:23.864716 np0000181908 devstack@neutron-api.service[102808]: DEBUG neutron.plugins.ml2.drivers.ovn.mech_driver.ovsdb.ovsdb_monitor [None req-3f75f20c-5c6f-4149-8e94-a7b5e9a7515e None None] Touching Hash Ring node "8b7ca4092a6f586e8a954e35a7f2a3a3" from IDL notify handler {{(pid=102808) notify /opt/stack/neutron/neutron/plugins/ml2/drivers/ovn/mech_driver/ovsdb/ovsdb_monitor.py:1007}}
Jun 18 07:21:23.869857 np0000181908 devstack@neutron-api.service[102808]: DEBUG neutron.plugins.ml2.drivers.ovn.mech_driver.ovsdb.ovsdb_monitor [None req-83679161-986f-4a75-986d-c3d0537484f4 None None] ChassisAgentWriteEvent : Matched Chassis_Private, update, None None {{(pid=102808) matches /opt/stack/neutron/neutron/plugins/ml2/drivers/ovn/mech_driver/ovsdb/ovsdb_monitor.py:64}}
Jun 18 07:21:23.870152 np0000181908 devstack@neutron-api.service[102809]: DEBUG neutron.plugins.ml2.drivers.ovn.mech_driver.ovsdb.ovsdb_monitor [None req-ddaba16a-db5a-4d43-9ffb-14d9c0266b4b None None] ChassisAgentWriteEvent : Matched Chassis_Private, update, None None {{(pid=102809) matches /opt/stack/neutron/neutron/plugins/ml2/drivers/ovn/mech_driver/ovsdb/ovsdb_monitor.py:64}}
Jun 18 07:21:23.870361 np0000181908 devstack@neutron-api.service[102807]: DEBUG neutron.plugins.ml2.drivers.ovn.mech_driver.ovsdb.ovsdb_monitor [None req-918c0529-699e-4dcc-b210-def79cc44914 None None] ChassisAgentWriteEvent : Matched Chassis_Private, update, None None {{(pid=102807) matches /opt/stack/neutron/neutron/plugins/ml2/drivers/ovn/mech_driver/ovsdb/ovsdb_monitor.py:64}}
Jun 18 07:21:23.873129 np0000181908 devstack@neutron-api.service[102806]: DEBUG neutron.api.rpc.callbacks.version_manager [None req-3e510d22-424e-43ca-8deb-8388a8884693 admin admin] Tracked resource versions report:
Jun 18 07:21:23.873129 np0000181908 devstack@neutron-api.service[102806]: pushed versions:
Jun 18 07:21:23.873129 np0000181908 devstack@neutron-api.service[102806]: { 'AddressGroup': {'1.2'},
Jun 18 07:21:23.873129 np0000181908 devstack@neutron-api.service[102806]: 'Agent': {'1.1'},
Jun 18 07:21:23.873129 np0000181908 devstack@neutron-api.service[102806]: 'ConntrackHelper': {'1.0'},
Jun 18 07:21:23.873129 np0000181908 devstack@neutron-api.service[102806]: 'LocalIPAssociation': {'1.0'},
Jun 18 07:21:23.873129 np0000181908 devstack@neutron-api.service[102806]: 'Log': {'1.0'},
Jun 18 07:21:23.873129 np0000181908 devstack@neutron-api.service[102806]: 'NDPProxy': {'1.0'},
Jun 18 07:21:23.873129 np0000181908 devstack@neutron-api.service[102806]: 'Network': {'1.3'},
Jun 18 07:21:23.873129 np0000181908 devstack@neutron-api.service[102806]: 'Port': {'1.11'},
Jun 18 07:21:23.873129 np0000181908 devstack@neutron-api.service[102806]: 'PortForwarding': {'1.3'},
Jun 18 07:21:23.873129 np0000181908 devstack@neutron-api.service[102806]: 'QosPolicy': {'1.10'},
Jun 18 07:21:23.873129 np0000181908 devstack@neutron-api.service[102806]: 'SecurityGroup': {'1.6'},
Jun 18 07:21:23.873129 np0000181908 devstack@neutron-api.service[102806]: 'SecurityGroupRule': {'1.3'},
Jun 18 07:21:23.873129 np0000181908 devstack@neutron-api.service[102806]: 'SubPort': {'1.0'},
Jun 18 07:21:23.873129 np0000181908 devstack@neutron-api.service[102806]: 'Subnet': {'1.2'},
Jun 18 07:21:23.873129 np0000181908 devstack@neutron-api.service[102806]: 'Trunk': {'1.1'}}
Jun 18 07:21:23.873129 np0000181908 devstack@neutron-api.service[102806]: consumer versions:
Jun 18 07:21:23.873129 np0000181908 devstack@neutron-api.service[102806]: { OVN Neutron agent@np0000181908: {},
Jun 18 07:21:23.873129 np0000181908 devstack@neutron-api.service[102806]: OVN Controller Gateway agent@np0000181908: {}}
Jun 18 07:21:23.873129 np0000181908 devstack@neutron-api.service[102806]: {{(pid=102806) report /opt/stack/neutron/neutron/api/rpc/callbacks/version_manager.py:183}}
Jun 18 07:21:23.875609 np0000181908 devstack@neutron-api.service[102806]: DEBUG neutron.plugins.ml2.drivers.ovn.mech_driver.ovsdb.ovsdb_monitor [None req-11b772c2-f23d-4c92-9379-15006bd6957e None None] ChassisAgentWriteEvent : Matched Chassis_Private, update, None None {{(pid=102806) matches /opt/stack/neutron/neutron/plugins/ml2/drivers/ovn/mech_driver/ovsdb/ovsdb_monitor.py:64}}
Jun 18 07:21:23.879125 np0000181908 devstack@neutron-api.service[102808]: DEBUG neutron.plugins.ml2.drivers.ovn.mech_driver.ovsdb.ovsdb_monitor [None req-3f75f20c-5c6f-4149-8e94-a7b5e9a7515e None None] Hash Ring: Node 8b7ca4092a6f586e8a954e35a7f2a3a3 (host: np0000181908) handling event "update" for row d742287a-00bf-41db-911b-ae6163f108cf (table: NB_Global) {{(pid=102808) notify /opt/stack/neutron/neutron/plugins/ml2/drivers/ovn/mech_driver/ovsdb/ovsdb_monitor.py:1015}}
Jun 18 07:21:23.879780 np0000181908 devstack@neutron-api.service[102809]: DEBUG neutron.common.ovn.hash_ring_manager [None req-ddaba16a-db5a-4d43-9ffb-14d9c0266b4b None None] Hash Ring loaded. 4 active nodes. 0 offline nodes {{(pid=102809) _load_hash_ring /opt/stack/neutron/neutron/common/ovn/hash_ring_manager.py:110}}
Jun 18 07:21:23.882978 np0000181908 devstack@neutron-api.service[102808]: DEBUG neutron.plugins.ml2.drivers.ovn.mech_driver.ovsdb.ovsdb_monitor [None req-3f75f20c-5c6f-4149-8e94-a7b5e9a7515e None None] Touching Hash Ring node "8b7ca4092a6f586e8a954e35a7f2a3a3" from IDL notify handler {{(pid=102808) notify /opt/stack/neutron/neutron/plugins/ml2/drivers/ovn/mech_driver/ovsdb/ovsdb_monitor.py:1007}}
Jun 18 07:21:23.884847 np0000181908 devstack@neutron-api.service[102808]: DEBUG neutron.common.ovn.hash_ring_manager [None req-83679161-986f-4a75-986d-c3d0537484f4 None None] Hash Ring loaded. 4 active nodes. 0 offline nodes {{(pid=102808) _load_hash_ring /opt/stack/neutron/neutron/common/ovn/hash_ring_manager.py:110}}
Jun 18 07:21:23.886212 np0000181908 devstack@neutron-api.service[102808]: DEBUG neutron.plugins.ml2.drivers.ovn.mech_driver.ovsdb.ovsdb_monitor [None req-3f75f20c-5c6f-4149-8e94-a7b5e9a7515e None None] Hash Ring: Node 8b7ca4092a6f586e8a954e35a7f2a3a3 (host: np0000181908) handling event "update" for row d742287a-00bf-41db-911b-ae6163f108cf (table: NB_Global) {{(pid=102808) notify /opt/stack/neutron/neutron/plugins/ml2/drivers/ovn/mech_driver/ovsdb/ovsdb_monitor.py:1015}}
Jun 18 07:21:23.886405 np0000181908 devstack@neutron-api.service[102807]: DEBUG neutron.common.ovn.hash_ring_manager [None req-918c0529-699e-4dcc-b210-def79cc44914 None None] Hash Ring loaded. 4 active nodes. 0 offline nodes {{(pid=102807) _load_hash_ring /opt/stack/neutron/neutron/common/ovn/hash_ring_manager.py:110}}
Jun 18 07:21:23.886852 np0000181908 devstack@neutron-api.service[102807]: DEBUG neutron.plugins.ml2.drivers.ovn.mech_driver.ovsdb.ovsdb_monitor [None req-918c0529-699e-4dcc-b210-def79cc44914 None None] Hash Ring: Node fde5ba5df43858a8adf1e90a11b3bcd1 (host: np0000181908) handling event "update" for row 19ccfb98-3d63-4618-8165-5e164f8bf900 (table: Chassis_Private) {{(pid=102807) notify /opt/stack/neutron/neutron/plugins/ml2/drivers/ovn/mech_driver/ovsdb/ovsdb_monitor.py:1015}}
Jun 18 07:21:23.887824 np0000181908 devstack@neutron-api.service[102808]: DEBUG neutron.plugins.ml2.drivers.ovn.mech_driver.ovsdb.ovsdb_monitor [None req-3f75f20c-5c6f-4149-8e94-a7b5e9a7515e None None] Touching Hash Ring node "8b7ca4092a6f586e8a954e35a7f2a3a3" from IDL notify handler {{(pid=102808) notify /opt/stack/neutron/neutron/plugins/ml2/drivers/ovn/mech_driver/ovsdb/ovsdb_monitor.py:1007}}
Jun 18 07:21:23.890531 np0000181908 devstack@neutron-api.service[102808]: DEBUG neutron.plugins.ml2.drivers.ovn.mech_driver.ovsdb.ovsdb_monitor [None req-3f75f20c-5c6f-4149-8e94-a7b5e9a7515e None None] Hash Ring: Node 8b7ca4092a6f586e8a954e35a7f2a3a3 (host: np0000181908) handling event "update" for row d742287a-00bf-41db-911b-ae6163f108cf (table: NB_Global) {{(pid=102808) notify /opt/stack/neutron/neutron/plugins/ml2/drivers/ovn/mech_driver/ovsdb/ovsdb_monitor.py:1015}}
Jun 18 07:21:23.895258 np0000181908 devstack@neutron-api.service[102806]: DEBUG neutron.common.ovn.hash_ring_manager [None req-11b772c2-f23d-4c92-9379-15006bd6957e None None] Hash Ring loaded. 4 active nodes. 0 offline nodes {{(pid=102806) _load_hash_ring /opt/stack/neutron/neutron/common/ovn/hash_ring_manager.py:110}}
Jun 18 07:21:23.929826 np0000181908 devstack@neutron-api.service[102806]: DEBUG neutron.plugins.ml2.drivers.helpers [None req-3e510d22-424e-43ca-8deb-8388a8884693 admin admin] geneve segment allocate from pool success with {'geneve_vni': 39404} {{(pid=102806) allocate_partially_specified_segment /opt/stack/neutron/neutron/plugins/ml2/drivers/helpers.py:142}}
Jun 18 07:21:23.939893 np0000181908 devstack@neutron-api.service[102806]: DEBUG neutron_lib.callbacks.manager [None req-3e510d22-424e-43ca-8deb-8388a8884693 admin admin] Publish callbacks ['neutron.services.segments.db._add_segment_host_mapping_for_segment-8755829183802', 'neutron.plugins.ml2.plugin.Ml2Plugin._handle_segment_change-3907864'] for segment (ac0a94fc-78c2-4518-a4b7-2d98fbe16050), precommit_create {{(pid=102806) _notify_loop /opt/stack/data/venv/lib/python3.12/site-packages/neutron_lib/callbacks/manager.py:184}}
Jun 18 07:21:23.940144 np0000181908 devstack@neutron-api.service[102806]: INFO neutron.db.segments_db [None req-3e510d22-424e-43ca-8deb-8388a8884693 admin admin] Added segment ac0a94fc-78c2-4518-a4b7-2d98fbe16050 of type geneve for network c15c85df-b28e-4f1e-8131-6f4f37e839a5
Jun 18 07:21:23.951378 np0000181908 devstack@neutron-api.service[102806]: DEBUG neutron_lib.callbacks.manager [None req-3e510d22-424e-43ca-8deb-8388a8884693 admin admin] Publish callbacks ['neutron.services.auto_allocate.db._ensure_external_network_default_value_callback-8755828013930'] for network (c15c85df-b28e-4f1e-8131-6f4f37e839a5), precommit_create {{(pid=102806) _notify_loop /opt/stack/data/venv/lib/python3.12/site-packages/neutron_lib/callbacks/manager.py:184}}
Jun 18 07:21:23.960548 np0000181908 devstack@neutron-api.service[102806]: DEBUG neutron.plugins.ml2.drivers.ovn.mech_driver.mech_driver [None req-3e510d22-424e-43ca-8deb-8388a8884693 admin admin] Validating network segment with type geneve, segmentation ID 39404, physical network None {{(pid=102806) _validate_network_segments /opt/stack/neutron/neutron/plugins/ml2/drivers/ovn/mech_driver/mech_driver.py:643}}
Jun 18 07:21:23.960711 np0000181908 devstack@neutron-api.service[102806]: DEBUG neutron.db.ovn_revision_numbers_db [None req-3e510d22-424e-43ca-8deb-8388a8884693 admin admin] create_initial_revision uuid=c15c85df-b28e-4f1e-8131-6f4f37e839a5, type=networks, rev=-1 {{(pid=102806) create_initial_revision /opt/stack/neutron/neutron/db/ovn_revision_numbers_db.py:98}}
Jun 18 07:21:23.968378 np0000181908 devstack@neutron-api.service[102806]: DEBUG neutron_lib.callbacks.manager [None req-3e510d22-424e-43ca-8deb-8388a8884693 admin admin] Publish callbacks ['neutron.plugins.ml2.ovo_rpc._ObjectChangeHandler.handle_event-1219131'] for network (c15c85df-b28e-4f1e-8131-6f4f37e839a5), after_create {{(pid=102806) _notify_loop /opt/stack/data/venv/lib/python3.12/site-packages/neutron_lib/callbacks/manager.py:184}}
Jun 18 07:21:23.986529 np0000181908 devstack@neutron-api.service[102806]: DEBUG neutron.api.rpc.handlers.resources_rpc [None req-3e510d22-424e-43ca-8deb-8388a8884693 admin admin] Pushing event updated for resources: {'Network': ['ID=c15c85df-b28e-4f1e-8131-6f4f37e839a5,revision_number=1']} {{(pid=102806) push /opt/stack/neutron/neutron/api/rpc/handlers/resources_rpc.py:237}}
Jun 18 07:21:23.994354 np0000181908 devstack@neutron-api.service[102806]: DEBUG ovsdbapp.backend.ovs_idl.transaction [None req-9330550f-0805-4a75-8132-0246b96cb566 None None] Running txn n=1 command(idx=0): AddNetworkCommand(_result=None, network_uuid=c15c85df-b28e-4f1e-8131-6f4f37e839a5, may_exist=True, columns={'external_ids': {'neutron:network_name': 'admin_net', 'neutron:mtu': '1372', 'neutron:revision_number': '1', 'neutron:availability_zone_hints': '', 'neutron:provnet-network-type': 'geneve'}, 'other_config': {'mcast_snoop': 'false', 'mcast_flood_unregistered': 'false', 'vlan-passthru': 'false'}}) {{(pid=102806) do_commit /opt/stack/data/venv/lib/python3.12/site-packages/ovsdbapp/backend/ovs_idl/transaction.py:89}}
Jun 18 07:21:24.001309 np0000181908 devstack@neutron-api.service[102808]: DEBUG neutron.plugins.ml2.drivers.ovn.mech_driver.ovsdb.ovsdb_monitor [None req-3f75f20c-5c6f-4149-8e94-a7b5e9a7515e None None] Touching Hash Ring node "8b7ca4092a6f586e8a954e35a7f2a3a3" from IDL notify handler {{(pid=102808) notify /opt/stack/neutron/neutron/plugins/ml2/drivers/ovn/mech_driver/ovsdb/ovsdb_monitor.py:1007}}
Jun 18 07:21:24.003601 np0000181908 devstack@neutron-api.service[102807]: DEBUG neutron.plugins.ml2.drivers.ovn.mech_driver.ovsdb.ovsdb_monitor [None req-918c0529-699e-4dcc-b210-def79cc44914 None None] Hash Ring: Node fde5ba5df43858a8adf1e90a11b3bcd1 (host: np0000181908) handling event "create" for row 80251e9b-a01b-4cc1-b617-6e46fe948055 (table: Datapath_Binding) {{(pid=102807) notify /opt/stack/neutron/neutron/plugins/ml2/drivers/ovn/mech_driver/ovsdb/ovsdb_monitor.py:1015}}
Jun 18 07:21:24.008477 np0000181908 devstack@neutron-api.service[102808]: DEBUG neutron.plugins.ml2.drivers.ovn.mech_driver.ovsdb.ovsdb_monitor [None req-3f75f20c-5c6f-4149-8e94-a7b5e9a7515e None None] Hash Ring: Node 8b7ca4092a6f586e8a954e35a7f2a3a3 (host: np0000181908) handling event "create" for row c15c85df-b28e-4f1e-8131-6f4f37e839a5 (table: Logical_Switch) {{(pid=102808) notify /opt/stack/neutron/neutron/plugins/ml2/drivers/ovn/mech_driver/ovsdb/ovsdb_monitor.py:1015}}
Jun 18 07:21:24.018096 np0000181908 devstack@neutron-api.service[102806]: INFO neutron.db.ovn_revision_numbers_db [None req-3e510d22-424e-43ca-8deb-8388a8884693 admin admin] Successfully bumped revision number for resource c15c85df-b28e-4f1e-8131-6f4f37e839a5 (type: networks) to 1
Jun 18 07:21:24.032517 np0000181908 devstack@neutron-api.service[102806]: DEBUG neutron_lib.callbacks.manager [None req-3e510d22-424e-43ca-8deb-8388a8884693 admin admin] Publish callbacks ['neutron.plugins.ml2.plugin.SecurityGroupDbMixin._ensure_default_security_group_handler-4192342'] for port (None), before_create {{(pid=102806) _notify_loop /opt/stack/data/venv/lib/python3.12/site-packages/neutron_lib/callbacks/manager.py:184}}
Jun 18 07:21:24.098066 np0000181908 devstack@neutron-api.service[102806]: DEBUG neutron_lib.callbacks.manager [None req-3e510d22-424e-43ca-8deb-8388a8884693 admin admin] Publish callbacks ['neutron.plugins.ml2.drivers.ovn.mech_driver.mech_driver.OVNMechanismDriver._validate_allowed_address_pairs-254759'] for allowed_address_pair (6d293053-1c34-421a-a284-244305597716), before_create {{(pid=102806) _notify_loop /opt/stack/data/venv/lib/python3.12/site-packages/neutron_lib/callbacks/manager.py:184}}
Jun 18 07:21:24.098780 np0000181908 devstack@neutron-api.service[102806]: DEBUG neutron_lib.callbacks.manager [None req-3e510d22-424e-43ca-8deb-8388a8884693 admin admin] Publish callbacks [] for port (6d293053-1c34-421a-a284-244305597716), precommit_create {{(pid=102806) _notify_loop /opt/stack/data/venv/lib/python3.12/site-packages/neutron_lib/callbacks/manager.py:184}}
Jun 18 07:21:24.098982 np0000181908 devstack@neutron-api.service[102806]: DEBUG neutron.plugins.ml2.drivers.ovn.mech_driver.mech_driver [None req-3e510d22-424e-43ca-8deb-8388a8884693 admin admin] No provisioning block for port 6d293053-1c34-421a-a284-244305597716 since it does not have a host {{(pid=102806) _is_port_provisioning_required /opt/stack/neutron/neutron/plugins/ml2/drivers/ovn/mech_driver/mech_driver.py:896}}
Jun 18 07:21:24.099134 np0000181908 devstack@neutron-api.service[102806]: DEBUG neutron.db.ovn_revision_numbers_db [None req-3e510d22-424e-43ca-8deb-8388a8884693 admin admin] create_initial_revision uuid=6d293053-1c34-421a-a284-244305597716, type=ports, rev=-1 {{(pid=102806) create_initial_revision /opt/stack/neutron/neutron/db/ovn_revision_numbers_db.py:98}}
Jun 18 07:21:24.134387 np0000181908 devstack@neutron-api.service[102806]: DEBUG neutron_lib.callbacks.manager [None req-3e510d22-424e-43ca-8deb-8388a8884693 admin admin] Publish callbacks ['neutron.plugins.ml2.ovo_rpc._ObjectChangeHandler.handle_event-1219539'] for port (6d293053-1c34-421a-a284-244305597716), after_create {{(pid=102806) _notify_loop /opt/stack/data/venv/lib/python3.12/site-packages/neutron_lib/callbacks/manager.py:184}}
Jun 18 07:21:24.164971 np0000181908 devstack@neutron-api.service[102806]: DEBUG neutron.api.rpc.handlers.resources_rpc [None req-3e510d22-424e-43ca-8deb-8388a8884693 admin admin] Pushing event updated for resources: {'Port': ['ID=6d293053-1c34-421a-a284-244305597716,revision_number=1']} {{(pid=102806) push /opt/stack/neutron/neutron/api/rpc/handlers/resources_rpc.py:237}}
Jun 18 07:21:24.169842 np0000181908 devstack@neutron-api.service[102806]: DEBUG neutron.plugins.ml2.drivers.ovn.mech_driver.ovsdb.commands [None req-3e510d22-424e-43ca-8deb-8388a8884693 admin admin] Converting tag [] to a tag_request {{(pid=102806) _tag_column_to_tag_request /opt/stack/neutron/neutron/plugins/ml2/drivers/ovn/mech_driver/ovsdb/commands.py:205}}
Jun 18 07:21:24.170874 np0000181908 devstack@neutron-api.service[102806]: DEBUG ovsdbapp.backend.ovs_idl.transaction [None req-9330550f-0805-4a75-8132-0246b96cb566 None None] Running txn n=1 command(idx=0): AddLSwitchPortCommand(_result=None, lport=6d293053-1c34-421a-a284-244305597716, lswitch=neutron-c15c85df-b28e-4f1e-8131-6f4f37e839a5, may_exist=True, network_uuid=c15c85df-b28e-4f1e-8131-6f4f37e839a5, columns={'addresses': ['fa:16:3e:15:d7:6f'], 'external_ids': {'neutron:port_name': '', 'neutron:device_id': 'ovnmeta-c15c85df-b28e-4f1e-8131-6f4f37e839a5', 'neutron:project_id': '70d1e5673dca40c89efcc2c4c266e285', 'neutron:cidrs': '', 'neutron:device_owner': 'network:distributed', 'neutron:subnet_pool_addr_scope4': '', 'neutron:subnet_pool_addr_scope6': '', 'neutron:network_name': 'neutron-c15c85df-b28e-4f1e-8131-6f4f37e839a5', 'neutron:security_group_ids': '', 'neutron:revision_number': '1', 'neutron:vnic_type': 'normal', 'neutron:port_capabilities': '', 'neutron:mtu': '1372'}, 'parent_name': [], 'enabled': True, 'options': {}, 'type': 'localport', 'port_security': [], 'dhcpv4_options': [], 'dhcpv6_options': [], 'tag_request': []}) {{(pid=102806) do_commit /opt/stack/data/venv/lib/python3.12/site-packages/ovsdbapp/backend/ovs_idl/transaction.py:89}}
Jun 18 07:21:24.171833 np0000181908 devstack@neutron-api.service[102806]: DEBUG ovsdbapp.backend.ovs_idl.transaction [None req-9330550f-0805-4a75-8132-0246b96cb566 None None] Running txn n=1 command(idx=1): QoSDelCommand(_result=None, switch=neutron-c15c85df-b28e-4f1e-8131-6f4f37e839a5, conditions=[('direction', '=', 'to-lport'), ('priority', '=', 2002), ('match', '=', 'outport == "6d293053-1c34-421a-a284-244305597716"')], if_exists=True) {{(pid=102806) do_commit /opt/stack/data/venv/lib/python3.12/site-packages/ovsdbapp/backend/ovs_idl/transaction.py:89}}
Jun 18 07:21:24.172166 np0000181908 devstack@neutron-api.service[102806]: DEBUG ovsdbapp.backend.ovs_idl.transaction [None req-9330550f-0805-4a75-8132-0246b96cb566 None None] Running txn n=1 command(idx=2): QoSDelCommand(_result=None, switch=neutron-c15c85df-b28e-4f1e-8131-6f4f37e839a5, conditions=[('direction', '=', 'from-lport'), ('priority', '=', 2002), ('match', '=', 'inport == "6d293053-1c34-421a-a284-244305597716"')], if_exists=True) {{(pid=102806) do_commit /opt/stack/data/venv/lib/python3.12/site-packages/ovsdbapp/backend/ovs_idl/transaction.py:89}}
Jun 18 07:21:24.182186 np0000181908 devstack@neutron-api.service[102808]: DEBUG neutron.plugins.ml2.drivers.ovn.mech_driver.ovsdb.ovsdb_monitor [None req-3f75f20c-5c6f-4149-8e94-a7b5e9a7515e None None] Touching Hash Ring node "8b7ca4092a6f586e8a954e35a7f2a3a3" from IDL notify handler {{(pid=102808) notify /opt/stack/neutron/neutron/plugins/ml2/drivers/ovn/mech_driver/ovsdb/ovsdb_monitor.py:1007}}
Jun 18 07:21:24.182563 np0000181908 devstack@neutron-api.service[102806]: DEBUG neutron.plugins.ml2.drivers.ovn.mech_driver.ovsdb.ovsdb_monitor [None req-9330550f-0805-4a75-8132-0246b96cb566 None None] Touching Hash Ring node "8663c6e826eb54379a621d9133b90e80" from IDL notify handler {{(pid=102806) notify /opt/stack/neutron/neutron/plugins/ml2/drivers/ovn/mech_driver/ovsdb/ovsdb_monitor.py:1007}}
Jun 18 07:21:24.186915 np0000181908 devstack@neutron-api.service[102806]: DEBUG neutron.plugins.ml2.drivers.ovn.mech_driver.ovsdb.ovsdb_monitor [None req-9330550f-0805-4a75-8132-0246b96cb566 None None] Hash Ring: Node 8663c6e826eb54379a621d9133b90e80 (host: np0000181908) handling event "create" for row 00b90885-5d22-4ab4-a2ee-60d33722d8fe (table: Logical_Switch_Port) {{(pid=102806) notify /opt/stack/neutron/neutron/plugins/ml2/drivers/ovn/mech_driver/ovsdb/ovsdb_monitor.py:1015}}
Jun 18 07:21:24.188161 np0000181908 devstack@neutron-api.service[102806]: DEBUG ovsdbapp.backend.ovs_idl.event [None req-9330550f-0805-4a75-8132-0246b96cb566 None None] Matched CREATE: LogicalSwitchPortCreateEvent(events=('create',), table='Logical_Switch_Port', conditions=[], old_conditions=None), priority=20 to row=Logical_Switch_Port(uuid=00b90885-5d22-4ab4-a2ee-60d33722d8fe, addresses=['fa:16:3e:15:d7:6f'], dhcpv4_options=[], dhcpv6_options=[], dynamic_addresses=[], enabled=True, external_ids={'neutron:cidrs': '', 'neutron:device_id': 'ovnmeta-c15c85df-b28e-4f1e-8131-6f4f37e839a5', 'neutron:device_owner': 'network:distributed', 'neutron:mtu': '1372', 'neutron:network_name': 'neutron-c15c85df-b28e-4f1e-8131-6f4f37e839a5', 'neutron:port_capabilities': '', 'neutron:port_name': '', 'neutron:project_id': '70d1e5673dca40c89efcc2c4c266e285', 'neutron:revision_number': '1', 'neutron:security_group_ids': '', 'neutron:subnet_pool_addr_scope4': '', 'neutron:subnet_pool_addr_scope6': '', 'neutron:vnic_type': 'normal'}, ha_chassis_group=[], mirror_rules=[], name='6d293053-1c34-421a-a284-244305597716', options={}, parent_name=[], port_security=[], tag=[], tag_request=[], type='localport', up=[]) old= {{(pid=102806) matches /opt/stack/data/venv/lib/python3.12/site-packages/ovsdbapp/backend/ovs_idl/event.py:55}}
Jun 18 07:21:24.189081 np0000181908 devstack@neutron-api.service[102809]: DEBUG neutron.plugins.ml2.drivers.ovn.mech_driver.ovsdb.ovsdb_monitor [None req-ddaba16a-db5a-4d43-9ffb-14d9c0266b4b None None] Hash Ring: Node 3d1a77b910055ae8a6f51138f43695c5 (host: np0000181908) handling event "create" for row 8c0a0237-db6a-46eb-be69-62c0b969d1cf (table: Port_Binding) {{(pid=102809) notify /opt/stack/neutron/neutron/plugins/ml2/drivers/ovn/mech_driver/ovsdb/ovsdb_monitor.py:1015}}
Jun 18 07:21:24.189546 np0000181908 devstack@neutron-api.service[102806]: INFO neutron.plugins.ml2.drivers.ovn.mech_driver.mech_driver [None req-e6803e20-c452-4a6d-ac1c-bdb1d790df1b None None] OVN reports status down for port: 6d293053-1c34-421a-a284-244305597716
