2026-06-16 01:45:09.277 8 INFO neutron_taas.services.taas.taas_plugin [None req-74d9b2d4-6bd8-4260-8651-f42e79d79d06 072ce69c772149819d4f1f31562b246d 870ef5756fe44b0c94abe39a05f5bdf3 - - default default] TaaS: Handle Delete Port: 46f15a7c-3576-4ccd-a7f8-7bd7d613521c
2026-06-16 01:45:09.281 8 INFO neutron_taas.services.taas.tap_mirror_plugin [None req-74d9b2d4-6bd8-4260-8651-f42e79d79d06 072ce69c772149819d4f1f31562b246d 870ef5756fe44b0c94abe39a05f5bdf3 - - default default] Tap Mirror: Handle Delete Port: 46f15a7c-3576-4ccd-a7f8-7bd7d613521c [pid: 7|app: 0|req: 974/1964] 10.0.0.3 () {34 vars in 787 bytes} [Tue Jun 16 01:45:08 2026] PUT /v2.0/routers/6fab086a-aa76-4832-b3ce-551ca44bcdfb/remove_router_interface => generated 309 bytes in 598 msecs (HTTP/1.1 200) 4 headers in 157 bytes (1 switches on core 0) /var/lib/openstack/lib/python3.12/site-packages/pycadf/identifier.py:70: UserWarning: Invalid uuid: neutron. To ensure interoperability, identifiers should be a valid uuid. warnings.warn(('Invalid uuid: %s. To ensure interoperability, '
2026-06-16 01:45:09.500 8 INFO neutron.services.segments.plugin [-] Segment 1272f1ea-0bdc-434a-a1ce-99119b0750a9 resource provider aggregate not found
2026-06-16 01:45:09.503 8 INFO neutron.services.segments.plugin [-] Segment 1272f1ea-0bdc-434a-a1ce-99119b0750a9 resource provider aggregate not found [pid: 7|app: 0|req: 975/1965] 10.0.0.3 () {32 vars in 732 bytes} [Tue Jun 16 01:45:09 2026] DELETE /v2.0/qos/policies/a2fd2297-c528-4f9c-a1db-8c6b986f7d9a => generated 0 bytes in 44 msecs (HTTP/1.1 204) 2 headers in 112 bytes (1 switches on core 0)
2026-06-16 01:45:09.517 8 INFO neutron.services.segments.plugin [-] Segment 1272f1ea-0bdc-434a-a1ce-99119b0750a9 resource provider not found; error: Placement Client Error (4xx): {"errors": [{"status": 404, "title": "Not Found", "detail": "The resource could not be found.\n\n No resource provider with uuid 1272f1ea-0bdc-434a-a1ce-99119b0750a9 found for delete ", "request_id": "req-c2ee93b0-f3d7-4738-a0ba-a29054967bd9"}]}
2026-06-16 01:45:09.522 8 INFO neutron.services.segments.plugin [-] Segment 1272f1ea-0bdc-434a-a1ce-99119b0750a9 resource provider not found; error: Placement Client Error (4xx): {"errors": [{"status": 404, "title": "Not Found", "detail": "The resource could not be found.\n\n No resource provider with uuid 1272f1ea-0bdc-434a-a1ce-99119b0750a9 found for delete ", "request_id": "req-f8274634-a341-488a-a7a9-bd311bb6a36b"}]} [pid: 7|app: 0|req: 976/1966] 10.0.0.3 () {32 vars in 737 bytes} [Tue Jun 16 01:45:09 2026] GET /v2.0/subnetpools/407dc0f1-df0a-4a48-b150-2b24cf1be1bb/tags => generated 52 bytes in 49 msecs (HTTP/1.1 200) 4 headers in 156 bytes (1 switches on core 0) [pid: 8|app: 0|req: 991/1967] 10.0.0.3 () {32 vars in 724 bytes} [Tue Jun 16 01:45:09 2026] DELETE /v2.0/networks/bda358e1-b7a1-46e9-afad-121445e237d6 => generated 0 bytes in 423 msecs (HTTP/1.1 204) 3 headers in 131 bytes (1 switches on core 0) [pid: 8|app: 0|req: 992/1968] 10.0.0.3 () {34 vars in 757 bytes} [Tue Jun 16 01:45:09 2026] PUT /v2.0/subnetpools/407dc0f1-df0a-4a48-b150-2b24cf1be1bb/tags => generated 37 bytes in 44 msecs (HTTP/1.1 200) 4 headers in 156 bytes (1 switches on core 0)
2026-06-16 01:45:09.605 7 INFO neutron.api.v2.resource [None req-47ba6303-9c3a-4ec8-a8fe-c04827c018a2 9a3b65cc520d4092a595b5df6b506311 f157ff3d77404b4fa0628f10aec04dd7 - - default default] remove_router_interface failed (client error): The resource could not be found. [pid: 7|app: 0|req: 977/1969] 10.0.0.3 () {34 vars in 787 bytes} [Tue Jun 16 01:45:09 2026] PUT /v2.0/routers/6fab086a-aa76-4832-b3ce-551ca44bcdfb/remove_router_interface => generated 197 bytes in 52 msecs (HTTP/1.1 404) 4 headers in 164 bytes (1 switches on core 0) [pid: 7|app: 0|req: 978/1970] 10.0.0.3 () {32 vars in 737 bytes} [Tue Jun 16 01:45:09 2026] GET /v2.0/subnetpools/407dc0f1-df0a-4a48-b150-2b24cf1be1bb/tags => generated 37 bytes in 29 msecs (HTTP/1.1 200) 4 headers in 156 bytes (1 switches on core 0) [pid: 7|app: 0|req: 979/1971] 10.0.0.3 () {32 vars in 734 bytes} [Tue Jun 16 01:45:09 2026] GET /v2.0/ports?device_id=6fab086a-aa76-4832-b3ce-551ca44bcdfb => generated 12 bytes in 23 msecs (HTTP/1.1 200) 4 headers in 156 bytes (1 switches on core 0) [pid: 7|app: 0|req: 980/1972] 10.0.0.3 () {32 vars in 745 bytes} [Tue Jun 16 01:45:09 2026] GET /v2.0/subnetpools/407dc0f1-df0a-4a48-b150-2b24cf1be1bb/tags/red => generated 0 bytes in 26 msecs (HTTP/1.1 204) 2 headers in 112 bytes (1 switches on core 0)
2026-06-16 01:45:09.723 8 INFO neutron_taas.services.taas.taas_plugin [None req-ab6ed576-4323-48ea-903f-d72dfec34ab2 072ce69c772149819d4f1f31562b246d 870ef5756fe44b0c94abe39a05f5bdf3 - - default default] TaaS: Handle Delete Port: b62e7899-d098-4918-bc34-307b00656e17
2026-06-16 01:45:09.727 8 INFO neutron_taas.services.taas.tap_mirror_plugin [None req-ab6ed576-4323-48ea-903f-d72dfec34ab2 072ce69c772149819d4f1f31562b246d 870ef5756fe44b0c94abe39a05f5bdf3 - - default default] Tap Mirror: Handle Delete Port: b62e7899-d098-4918-bc34-307b00656e17 [pid: 7|app: 0|req: 981/1973] 10.0.0.3 () {32 vars in 722 bytes} [Tue Jun 16 01:45:09 2026] DELETE /v2.0/routers/6fab086a-aa76-4832-b3ce-551ca44bcdfb => generated 0 bytes in 235 msecs (HTTP/1.1 204) 2 headers in 112 bytes (1 switches on core 0)
2026-06-16 01:45:09.950 7 INFO neutron.api.v2.resource [None req-dbef3529-8060-4b02-a5b0-6a1d713153a5 77399b8d596146cca6fb32da9cbf4140 bcb829a9589649219f7f0300f83f666a - - default default] show failed (client error): The resource could not be found. [pid: 7|app: 0|req: 982/1974] 10.0.0.3 () {32 vars in 749 bytes} [Tue Jun 16 01:45:09 2026] GET /v2.0/subnetpools/407dc0f1-df0a-4a48-b150-2b24cf1be1bb/tags/green => generated 99 bytes in 25 msecs (HTTP/1.1 404) 4 headers in 163 bytes (1 switches on core 0) [pid: 8|app: 0|req: 993/1975] 10.0.0.3 () {32 vars in 724 bytes} [Tue Jun 16 01:45:09 2026] DELETE /v2.0/networks/f42fd11d-0ecd-4643-a4d9-6cda7a731b99 => generated 0 bytes in 406 msecs (HTTP/1.1 204) 3 headers in 131 bytes (1 switches on core 0) [pid: 8|app: 0|req: 994/1976] 10.0.0.3 () {32 vars in 748 bytes} [Tue Jun 16 01:45:10 2026] DELETE /v2.0/subnetpools/407dc0f1-df0a-4a48-b150-2b24cf1be1bb/tags/red => generated 0 bytes in 40 msecs (HTTP/1.1 204) 2 headers in 112 bytes (1 switches on core 0) [pid: 7|app: 0|req: 983/1977] 10.0.0.3 () {32 vars in 722 bytes} [Tue Jun 16 01:45:09 2026] DELETE /v2.0/subnets/10ed5ccf-105c-4999-a8fb-1a8265421747 => generated 0 bytes in 157 msecs (HTTP/1.1 204) 3 headers in 131 bytes (1 switches on core 0) [pid: 7|app: 0|req: 984/1978] 10.0.0.3 () {32 vars in 737 bytes} [Tue Jun 16 01:45:10 2026] GET /v2.0/subnetpools/407dc0f1-df0a-4a48-b150-2b24cf1be1bb/tags => generated 30 bytes in 23 msecs (HTTP/1.1 200) 4 headers in 156 bytes (1 switches on core 0)
2026-06-16 01:45:10.165 8 INFO neutron_taas.services.taas.taas_plugin [None req-fb8e4480-8feb-4649-a3bc-3329645dce5d 072ce69c772149819d4f1f31562b246d 870ef5756fe44b0c94abe39a05f5bdf3 - - default default] TaaS: Handle Delete Port: 41fad5a0-0803-4ba1-8485-c69f17c9f148
2026-06-16 01:45:10.167 8 INFO neutron_taas.services.taas.tap_mirror_plugin [None req-fb8e4480-8feb-4649-a3bc-3329645dce5d 072ce69c772149819d4f1f31562b246d 870ef5756fe44b0c94abe39a05f5bdf3 - - default default] Tap Mirror: Handle Delete Port: 41fad5a0-0803-4ba1-8485-c69f17c9f148
2026-06-16 01:45:10.236 7 INFO neutron_taas.services.taas.taas_plugin [None req-3a7caafb-b565-4f4c-99c4-b8a615f294db 9a3b65cc520d4092a595b5df6b506311 f157ff3d77404b4fa0628f10aec04dd7 - - default default] TaaS: Handle Delete Port: d7a09488-df80-4e45-9548-894827aac778
2026-06-16 01:45:10.239 7 INFO neutron_taas.services.taas.tap_mirror_plugin [None req-3a7caafb-b565-4f4c-99c4-b8a615f294db 9a3b65cc520d4092a595b5df6b506311 f157ff3d77404b4fa0628f10aec04dd7 - - default default] Tap Mirror: Handle Delete Port: d7a09488-df80-4e45-9548-894827aac778 [pid: 8|app: 0|req: 995/1979] 10.0.0.3 () {32 vars in 724 bytes} [Tue Jun 16 01:45:10 2026] DELETE /v2.0/networks/5c0a67fa-a18c-4d71-b911-c72c747313e9 => generated 0 bytes in 359 msecs (HTTP/1.1 204) 3 headers in 131 bytes (1 switches on core 0)
2026-06-16 01:45:10.438 8 INFO neutron.api.v2.resource [None req-fa1aa3b2-f19b-4310-b881-bf19a1d53a25 77399b8d596146cca6fb32da9cbf4140 bcb829a9589649219f7f0300f83f666a - - default default] delete failed (client error): The resource could not be found. [pid: 8|app: 0|req: 996/1980] 10.0.0.3 () {32 vars in 752 bytes} [Tue Jun 16 01:45:10 2026] DELETE /v2.0/subnetpools/407dc0f1-df0a-4a48-b150-2b24cf1be1bb/tags/green => generated 99 bytes in 30 msecs (HTTP/1.1 404) 4 headers in 163 bytes (1 switches on core 0)
2026-06-16 01:45:10.468 7 INFO neutron.services.segments.plugin [-] Segment 94d7b286-a012-4802-8933-f16217f2ed0c resource provider aggregate not found
2026-06-16 01:45:10.482 7 INFO neutron.services.segments.plugin [-] Segment 94d7b286-a012-4802-8933-f16217f2ed0c resource provider aggregate not found
2026-06-16 01:45:10.487 7 INFO neutron.services.segments.plugin [-] Segment 94d7b286-a012-4802-8933-f16217f2ed0c resource provider not found; error: Placement Client Error (4xx): {"errors": [{"status": 404, "title": "Not Found", "detail": "The resource could not be found.\n\n No resource provider with uuid 94d7b286-a012-4802-8933-f16217f2ed0c found for delete ", "request_id": "req-c9cfdb28-9fa6-4e27-9e71-a0ff9c2d607a"}]}
2026-06-16 01:45:10.497 7 INFO neutron.services.segments.plugin [-] Segment 94d7b286-a012-4802-8933-f16217f2ed0c resource provider not found; error: Placement Client Error (4xx): {"errors": [{"status": 404, "title": "Not Found", "detail": "The resource could not be found.\n\n No resource provider with uuid 94d7b286-a012-4802-8933-f16217f2ed0c found for delete ", "request_id": "req-c9fc582c-dfa8-45c8-a6ae-208a16a56752"}]} [pid: 7|app: 0|req: 985/1981] 10.0.0.3 () {32 vars in 724 bytes} [Tue Jun 16 01:45:10 2026] DELETE /v2.0/networks/330a8f40-49d6-44d7-8eb6-7015bb51e40b => generated 0 bytes in 397 msecs (HTTP/1.1 204) 3 headers in 131 bytes (1 switches on core 0)
2026-06-16 01:45:10.626 7 INFO neutron_taas.services.taas.taas_plugin [None req-0a9386f8-adc0-4622-a800-c6514381702e 072ce69c772149819d4f1f31562b246d 870ef5756fe44b0c94abe39a05f5bdf3 - - default default] TaaS: Handle Delete Port: 33e44fab-7a53-4dc6-af13-71430e6681ae
2026-06-16 01:45:10.628 7 INFO neutron_taas.services.taas.tap_mirror_plugin [None req-0a9386f8-adc0-4622-a800-c6514381702e 072ce69c772149819d4f1f31562b246d 870ef5756fe44b0c94abe39a05f5bdf3 - - default default] Tap Mirror: Handle Delete Port: 33e44fab-7a53-4dc6-af13-71430e6681ae
2026-06-16 01:45:10.767 8 INFO neutron.db.ovn_revision_numbers_db [None req-8cec9c65-a531-411e-b331-627b5630e26f 60dc7a16699946b1b4bad2ae20c75ff3 329f98b4566e47b9bd6fa94f128b6d53 - - default default] Successfully bumped revision number for resource 0c4c1d9c-70d0-445e-bfb6-472e34012681 (type: security_groups) to 1
2026-06-16 01:45:10.789 8 INFO neutron.db.ovn_revision_numbers_db [None req-8cec9c65-a531-411e-b331-627b5630e26f 60dc7a16699946b1b4bad2ae20c75ff3 329f98b4566e47b9bd6fa94f128b6d53 - - default default] Successfully bumped revision number for resource 52a123c4-243c-444e-bcf3-b8d0448c4ee4 (type: security_group_rules) to 0
2026-06-16 01:45:10.808 8 INFO neutron.db.ovn_revision_numbers_db [None req-8cec9c65-a531-411e-b331-627b5630e26f 60dc7a16699946b1b4bad2ae20c75ff3 329f98b4566e47b9bd6fa94f128b6d53 - - default default] Successfully bumped revision number for resource b3e5c912-ca83-47d2-a703-953ddd733e50 (type: security_group_rules) to 0
2026-06-16 01:45:10.824 8 INFO neutron.db.ovn_revision_numbers_db [None req-8cec9c65-a531-411e-b331-627b5630e26f 60dc7a16699946b1b4bad2ae20c75ff3 329f98b4566e47b9bd6fa94f128b6d53 - - default default] Successfully bumped revision number for resource bee2c85b-de36-4c09-8779-8250b5749100 (type: security_group_rules) to 0
2026-06-16 01:45:10.838 8 INFO neutron.db.ovn_revision_numbers_db [None req-8cec9c65-a531-411e-b331-627b5630e26f 60dc7a16699946b1b4bad2ae20c75ff3 329f98b4566e47b9bd6fa94f128b6d53 - - default default] Successfully bumped revision number for resource fd61b7c7-d999-4843-ba4e-9a2ac81efa0a (type: security_group_rules) to 0 [pid: 8|app: 0|req: 997/1982] 10.0.0.3 () {32 vars in 772 bytes} [Tue Jun 16 01:45:10 2026] GET /v2.0/security-groups?tenant_id=561da1d9baa24ed8a379ff2a4cc07bc9&name=default => generated 2925 bytes in 470 msecs (HTTP/1.1 200) 4 headers in 158 bytes (1 switches on core 0) [pid: 7|app: 0|req: 986/1983] 10.0.0.3 () {32 vars in 724 bytes} [Tue Jun 16 01:45:10 2026] DELETE /v2.0/networks/4fb6f042-25a0-43f0-a560-aab31fff2880 => generated 0 bytes in 388 msecs (HTTP/1.1 204) 3 headers in 131 bytes (1 switches on core 0) [pid: 8|app: 0|req: 998/1984] 10.0.0.3 () {32 vars in 740 bytes} [Tue Jun 16 01:45:10 2026] DELETE /v2.0/subnetpools/407dc0f1-df0a-4a48-b150-2b24cf1be1bb/tags => generated 0 bytes in 74 msecs (HTTP/1.1 204) 2 headers in 112 bytes (1 switches on core 0)
2026-06-16 01:45:11.035 7 INFO neutron.db.segments_db [None req-5cd602f3-6b02-4359-89a8-22d75509e664 9a3b65cc520d4092a595b5df6b506311 f157ff3d77404b4fa0628f10aec04dd7 - - default default] Added segment 281115c8-dad5-48f8-b438-9664b8837ee9 of type geneve for network 7bdb55d5-c939-4f81-8c70-5b8fed91129f
2026-06-16 01:45:11.167 7 INFO neutron.db.ovn_revision_numbers_db [None req-5cd602f3-6b02-4359-89a8-22d75509e664 9a3b65cc520d4092a595b5df6b506311 f157ff3d77404b4fa0628f10aec04dd7 - - default default] Successfully bumped revision number for resource 7bdb55d5-c939-4f81-8c70-5b8fed91129f (type: networks) to 1 [pid: 8|app: 0|req: 999/1985] 10.0.0.3 () {32 vars in 738 bytes} [Tue Jun 16 01:45:10 2026] DELETE /v2.0/security-groups/0c4c1d9c-70d0-445e-bfb6-472e34012681 => generated 0 bytes in 318 msecs (HTTP/1.1 204) 2 headers in 112 bytes (1 switches on core 0) [pid: 8|app: 0|req: 1000/1986] 10.0.0.3 () {32 vars in 737 bytes} [Tue Jun 16 01:45:11 2026] GET /v2.0/subnetpools/407dc0f1-df0a-4a48-b150-2b24cf1be1bb/tags => generated 12 bytes in 34 msecs (HTTP/1.1 200) 4 headers in 156 bytes (1 switches on core 0) [pid: 8|app: 0|req: 1001/1987] 10.0.0.3 () {32 vars in 730 bytes} [Tue Jun 16 01:45:11 2026] DELETE /v2.0/subnetpools/407dc0f1-df0a-4a48-b150-2b24cf1be1bb => generated 0 bytes in 50 msecs (HTTP/1.1 204) 2 headers in 112 bytes (1 switches on core 0)
2026-06-16 01:45:11.403 7 WARNING neutron.scheduler.dhcp_agent_scheduler [None req-5cd602f3-6b02-4359-89a8-22d75509e664 9a3b65cc520d4092a595b5df6b506311 f157ff3d77404b4fa0628f10aec04dd7 - - default default] No more DHCP agents
2026-06-16 01:45:11.405 7 WARNING neutron.api.rpc.agentnotifiers.dhcp_rpc_agent_api [None req-5cd602f3-6b02-4359-89a8-22d75509e664 9a3b65cc520d4092a595b5df6b506311 f157ff3d77404b4fa0628f10aec04dd7 - - default default] Unable to schedule network 7bdb55d5-c939-4f81-8c70-5b8fed91129f: no agents available; will retry on subsequent port and subnet creation events.
2026-06-16 01:45:11.547 8 INFO neutron.services.segments.plugin [-] Segment d62051f5-59b1-4fbb-a644-a780b2f1fef7 resource provider aggregate not found
2026-06-16 01:45:11.549 7 INFO neutron.db.ovn_revision_numbers_db [None req-5cd602f3-6b02-4359-89a8-22d75509e664 9a3b65cc520d4092a595b5df6b506311 f157ff3d77404b4fa0628f10aec04dd7 - - default default] Successfully bumped revision number for resource f4bbbf30-0df2-493c-8a04-cd6b8f385ab7 (type: ports) to 1
2026-06-16 01:45:11.553 8 INFO neutron.services.segments.plugin [-] Segment d62051f5-59b1-4fbb-a644-a780b2f1fef7 resource provider aggregate not found
2026-06-16 01:45:11.568 8 INFO neutron.services.segments.plugin [-] Segment d62051f5-59b1-4fbb-a644-a780b2f1fef7 resource provider not found; error: Placement Client Error (4xx): {"errors": [{"status": 404, "title": "Not Found", "detail": "The resource could not be found.\n\n No resource provider with uuid d62051f5-59b1-4fbb-a644-a780b2f1fef7 found for delete ", "request_id": "req-2e1f5739-d5fa-4162-bfc2-3fd89cf78e3f"}]} [pid: 7|app: 0|req: 987/1988] 10.0.0.3 () {34 vars in 668 bytes} [Tue Jun 16 01:45:10 2026] POST /v2.0/networks => generated 634 bytes in 662 msecs (HTTP/1.1 201) 4 headers in 162 bytes (1 switches on core 0)
2026-06-16 01:45:11.582 8 INFO neutron.services.segments.plugin [-] Segment d62051f5-59b1-4fbb-a644-a780b2f1fef7 resource provider not found; error: Placement Client Error (4xx): {"errors": [{"status": 404, "title": "Not Found", "detail": "The resource could not be found.\n\n No resource provider with uuid d62051f5-59b1-4fbb-a644-a780b2f1fef7 found for delete ", "request_id": "req-7917d286-8d8a-4f82-9b8e-fc98ba6d87e2"}]}
2026-06-16 01:45:11.586 8 INFO neutron.services.segments.plugin [-] Segment b261c082-d95e-4ef6-8ceb-53806431cfce resource provider aggregate not found [pid: 8|app: 0|req: 1002/1989] 10.0.0.3 () {32 vars in 772 bytes} [Tue Jun 16 01:45:11 2026] GET /v2.0/security-groups?tenant_id=870ef5756fe44b0c94abe39a05f5bdf3&name=default => generated 2925 bytes in 202 msecs (HTTP/1.1 200) 4 headers in 158 bytes (1 switches on core 0)
2026-06-16 01:45:11.604 8 INFO neutron.services.segments.plugin [-] Segment b261c082-d95e-4ef6-8ceb-53806431cfce resource provider not found; error: Placement Client Error (4xx): {"errors": [{"status": 404, "title": "Not Found", "detail": "The resource could not be found.\n\n No resource provider with uuid b261c082-d95e-4ef6-8ceb-53806431cfce found for delete ", "request_id": "req-0579aa5d-291e-4982-a799-2bbc275e9a53"}]}
2026-06-16 01:45:11.612 8 INFO neutron.services.segments.plugin [-] Segment b261c082-d95e-4ef6-8ceb-53806431cfce resource provider aggregate not found
2026-06-16 01:45:11.633 8 INFO neutron.services.segments.plugin [-] Segment b261c082-d95e-4ef6-8ceb-53806431cfce resource provider not found; error: Placement Client Error (4xx): {"errors": [{"status": 404, "title": "Not Found", "detail": "The resource could not be found.\n\n No resource provider with uuid b261c082-d95e-4ef6-8ceb-53806431cfce found for delete ", "request_id": "req-46eb874f-2b33-433f-b542-869827a2709f"}]}
2026-06-16 01:45:11.763 7 INFO neutron.db.ovn_revision_numbers_db [None req-cc07d688-e19e-4ff3-af31-40b9223c3017 60dc7a16699946b1b4bad2ae20c75ff3 329f98b4566e47b9bd6fa94f128b6d53 - - default default] Successfully bumped revision number for resource 0b71763b-d327-47a8-bc10-953a2f50048d (type: security_groups) to 1
2026-06-16 01:45:11.775 7 INFO neutron.db.ovn_revision_numbers_db [None req-cc07d688-e19e-4ff3-af31-40b9223c3017 60dc7a16699946b1b4bad2ae20c75ff3 329f98b4566e47b9bd6fa94f128b6d53 - - default default] Successfully bumped revision number for resource 2db366dd-caa2-474e-ab21-9768709377f8 (type: security_group_rules) to 0
2026-06-16 01:45:11.789 7 INFO neutron.db.ovn_revision_numbers_db [None req-cc07d688-e19e-4ff3-af31-40b9223c3017 60dc7a16699946b1b4bad2ae20c75ff3 329f98b4566e47b9bd6fa94f128b6d53 - - default default] Successfully bumped revision number for resource d7c937f9-abfe-4577-b1fe-d0b5854a90b4 (type: security_group_rules) to 0
2026-06-16 01:45:11.802 7 INFO neutron.db.ovn_revision_numbers_db [None req-cc07d688-e19e-4ff3-af31-40b9223c3017 60dc7a16699946b1b4bad2ae20c75ff3 329f98b4566e47b9bd6fa94f128b6d53 - - default default] Successfully bumped revision number for resource e30c89e3-7c1c-44eb-8d4b-6f0b4e2927c3 (type: security_group_rules) to 0
2026-06-16 01:45:11.819 7 INFO neutron.db.ovn_revision_numbers_db [None req-cc07d688-e19e-4ff3-af31-40b9223c3017 60dc7a16699946b1b4bad2ae20c75ff3 329f98b4566e47b9bd6fa94f128b6d53 - - default default] Successfully bumped revision number for resource f8efaa1d-4bb9-4b29-96e8-2326e9575085 (type: security_group_rules) to 0 [pid: 7|app: 0|req: 988/1990] 10.0.0.3 () {32 vars in 772 bytes} [Tue Jun 16 01:45:11 2026] GET /v2.0/security-groups?tenant_id=8178670e67374d4f8b191fa9c18b2ba3&name=default => generated 2925 bytes in 284 msecs (HTTP/1.1 200) 4 headers in 158 bytes (1 switches on core 0)
2026-06-16 01:45:11.890 8 WARNING neutron.scheduler.dhcp_agent_scheduler [None req-02c8195e-4f03-4a38-97f2-55685d85497c 9a3b65cc520d4092a595b5df6b506311 f157ff3d77404b4fa0628f10aec04dd7 - - default default] No more DHCP agents
2026-06-16 01:45:11.891 8 WARNING neutron.api.rpc.agentnotifiers.dhcp_rpc_agent_api [None req-02c8195e-4f03-4a38-97f2-55685d85497c 9a3b65cc520d4092a595b5df6b506311 f157ff3d77404b4fa0628f10aec04dd7 - - default default] Unable to schedule network 7bdb55d5-c939-4f81-8c70-5b8fed91129f: no agents available; will retry on subsequent port and subnet creation events.
2026-06-16 01:45:11.932 8 INFO neutron.db.ovn_revision_numbers_db [None req-02c8195e-4f03-4a38-97f2-55685d85497c 9a3b65cc520d4092a595b5df6b506311 f157ff3d77404b4fa0628f10aec04dd7 - - default default] Successfully bumped revision number for resource 71e7420c-dbe5-43aa-b653-7816702d5541 (type: subnets) to 0 [pid: 8|app: 0|req: 1003/1991] 10.0.0.3 () {34 vars in 667 bytes} [Tue Jun 16 01:45:11 2026] POST /v2.0/subnets => generated 646 bytes in 355 msecs (HTTP/1.1 201) 4 headers in 162 bytes (1 switches on core 0) [pid: 7|app: 0|req: 989/1992] 10.0.0.3 () {32 vars in 738 bytes} [Tue Jun 16 01:45:11 2026] DELETE /v2.0/security-groups/b1189f7e-2adf-4dc2-be96-7dfad40639ab => generated 0 bytes in 302 msecs (HTTP/1.1 204) 2 headers in 112 bytes (1 switches on core 0) [pid: 8|app: 0|req: 1004/1993] 10.0.0.3 () {32 vars in 738 bytes} [Tue Jun 16 01:45:11 2026] DELETE /v2.0/security-groups/0b71763b-d327-47a8-bc10-953a2f50048d => generated 0 bytes in 312 msecs (HTTP/1.1 204) 2 headers in 112 bytes (1 switches on core 0)
2026-06-16 01:45:12.324 7 INFO neutron.db.ovn_revision_numbers_db [None req-dd07c6b2-9c09-4a47-8d81-acaa3beadef9 9a3b65cc520d4092a595b5df6b506311 f157ff3d77404b4fa0628f10aec04dd7 - - default default] Successfully bumped revision number for resource 30f103f6-fb6b-4288-923b-e472ee0ca4ea (type: routers) to 1 [pid: 7|app: 0|req: 990/1994] 10.0.0.3 () {34 vars in 667 bytes} [Tue Jun 16 01:45:12 2026] POST /v2.0/routers => generated 607 bytes in 174 msecs (HTTP/1.1 201) 4 headers in 162 bytes (1 switches on core 0)
2026-06-16 01:45:12.508 7 INFO neutron.services.segments.plugin [-] Segment dd408fca-3fb6-4275-8942-0c939920dce4 resource provider aggregate not found
2026-06-16 01:45:12.529 7 INFO neutron.services.segments.plugin [-] Segment dd408fca-3fb6-4275-8942-0c939920dce4 resource provider aggregate not found
2026-06-16 01:45:12.537 7 INFO neutron.services.segments.plugin [-] Segment dd408fca-3fb6-4275-8942-0c939920dce4 resource provider not found; error: Placement Client Error (4xx): {"errors": [{"status": 404, "title": "Not Found", "detail": "The resource could not be found.\n\n No resource provider with uuid dd408fca-3fb6-4275-8942-0c939920dce4 found for delete ", "request_id": "req-e90bc501-781e-42b2-9b8a-ac4b5501481f"}]}
2026-06-16 01:45:12.553 7 INFO neutron.services.segments.plugin [-] Segment dd408fca-3fb6-4275-8942-0c939920dce4 resource provider not found; error: Placement Client Error (4xx): {"errors": [{"status": 404, "title": "Not Found", "detail": "The resource could not be found.\n\n No resource provider with uuid dd408fca-3fb6-4275-8942-0c939920dce4 found for delete ", "request_id": "req-bca15853-bfcc-4cfc-9efa-5d0f725335e0"}]}
2026-06-16 01:45:12.581 8 INFO neutron.db.ovn_revision_numbers_db [None req-2e5b04da-30a4-4115-9cdc-b2325fe2ef37 60dc7a16699946b1b4bad2ae20c75ff3 329f98b4566e47b9bd6fa94f128b6d53 - - default default] Successfully bumped revision number for resource 66ebffd7-b3d5-4230-a88d-9a0c5b8f187c (type: security_groups) to 1
2026-06-16 01:45:12.592 8 INFO neutron.db.ovn_revision_numbers_db [None req-2e5b04da-30a4-4115-9cdc-b2325fe2ef37 60dc7a16699946b1b4bad2ae20c75ff3 329f98b4566e47b9bd6fa94f128b6d53 - - default default] Successfully bumped revision number for resource 16e83edf-5148-44f5-8b06-77de9b97d383 (type: security_group_rules) to 0
2026-06-16 01:45:12.602 8 INFO neutron.db.ovn_revision_numbers_db [None req-2e5b04da-30a4-4115-9cdc-b2325fe2ef37 60dc7a16699946b1b4bad2ae20c75ff3 329f98b4566e47b9bd6fa94f128b6d53 - - default default] Successfully bumped revision number for resource 3c18e8b0-cede-40a1-9999-7d89d5674fc9 (type: security_group_rules) to 0
2026-06-16 01:45:12.615 8 INFO neutron.db.ovn_revision_numbers_db [None req-2e5b04da-30a4-4115-9cdc-b2325fe2ef37 60dc7a16699946b1b4bad2ae20c75ff3 329f98b4566e47b9bd6fa94f128b6d53 - - default default] Successfully bumped revision number for resource 4dd700cf-dba9-4acd-8f23-ac83e9bfa4d7 (type: security_group_rules) to 0
2026-06-16 01:45:12.626 8 INFO neutron.db.ovn_revision_numbers_db [None req-2e5b04da-30a4-4115-9cdc-b2325fe2ef37 60dc7a16699946b1b4bad2ae20c75ff3 329f98b4566e47b9bd6fa94f128b6d53 - - default default] Successfully bumped revision number for resource 537d8608-11b5-43ef-917e-cffde8e499ac (type: security_group_rules) to 0 [pid: 8|app: 0|req: 1005/1995] 10.0.0.3 () {32 vars in 772 bytes} [Tue Jun 16 01:45:12 2026] GET /v2.0/security-groups?tenant_id=161a363e081541978b70a657de7933d6&name=default => generated 2925 bytes in 388 msecs (HTTP/1.1 200) 4 headers in 158 bytes (1 switches on core 0)
2026-06-16 01:45:12.739 7 WARNING neutron.scheduler.dhcp_agent_scheduler [None req-6fb21b75-b3e3-458c-9b31-bc2dc43a9243 9a3b65cc520d4092a595b5df6b506311 f157ff3d77404b4fa0628f10aec04dd7 - - default default] No more DHCP agents
2026-06-16 01:45:12.740 7 WARNING neutron.api.rpc.agentnotifiers.dhcp_rpc_agent_api [None req-6fb21b75-b3e3-458c-9b31-bc2dc43a9243 9a3b65cc520d4092a595b5df6b506311 f157ff3d77404b4fa0628f10aec04dd7 - - default default] Unable to schedule network 7bdb55d5-c939-4f81-8c70-5b8fed91129f: no agents available; will retry on subsequent port and subnet creation events.
2026-06-16 01:45:12.820 8 INFO neutron.db.ovn_revision_numbers_db [None req-ce8a376b-fad2-41e6-b912-383d7815e988 60dc7a16699946b1b4bad2ae20c75ff3 329f98b4566e47b9bd6fa94f128b6d53 - - default default] Successfully bumped revision number for resource d0904282-bf35-46d7-be8d-88d24b1daef5 (type: security_groups) to 1
2026-06-16 01:45:12.835 8 INFO neutron.db.ovn_revision_numbers_db [None req-ce8a376b-fad2-41e6-b912-383d7815e988 60dc7a16699946b1b4bad2ae20c75ff3 329f98b4566e47b9bd6fa94f128b6d53 - - default default] Successfully bumped revision number for resource 2d04a448-7b8b-4cff-8d5a-e0ad82513d23 (type: security_group_rules) to 0
2026-06-16 01:45:12.867 8 INFO neutron.db.ovn_revision_numbers_db [None req-ce8a376b-fad2-41e6-b912-383d7815e988 60dc7a16699946b1b4bad2ae20c75ff3 329f98b4566e47b9bd6fa94f128b6d53 - - default default] Successfully bumped revision number for resource 34d0d479-d07b-4476-8d07-55733460c0bf (type: security_group_rules) to 0
2026-06-16 01:45:12.887 8 INFO neutron.db.ovn_revision_numbers_db [None req-ce8a376b-fad2-41e6-b912-383d7815e988 60dc7a16699946b1b4bad2ae20c75ff3 329f98b4566e47b9bd6fa94f128b6d53 - - default default] Successfully bumped revision number for resource e19b7592-9817-46ab-aebd-00c185ac3487 (type: security_group_rules) to 0
2026-06-16 01:45:12.910 8 INFO neutron.db.ovn_revision_numbers_db [None req-ce8a376b-fad2-41e6-b912-383d7815e988 60dc7a16699946b1b4bad2ae20c75ff3 329f98b4566e47b9bd6fa94f128b6d53 - - default default] Successfully bumped revision number for resource f02979a8-e2ec-4641-8d1e-3f7bc09ae6ee (type: security_group_rules) to 0
2026-06-16 01:45:12.933 7 INFO neutron.db.ovn_revision_numbers_db [None req-6fb21b75-b3e3-458c-9b31-bc2dc43a9243 9a3b65cc520d4092a595b5df6b506311 f157ff3d77404b4fa0628f10aec04dd7 - - default default] Successfully bumped revision number for resource 593c25c1-0e2a-4e1c-af30-39193aafcfe6 (type: ports) to 1 [pid: 8|app: 0|req: 1006/1996] 10.0.0.3 () {32 vars in 772 bytes} [Tue Jun 16 01:45:12 2026] GET /v2.0/security-groups?tenant_id=68ddf2ef806844a99ef8b05703f69628&name=default => generated 2925 bytes in 299 msecs (HTTP/1.1 200) 4 headers in 158 bytes (1 switches on core 0) [pid: 8|app: 0|req: 1007/1997] 10.0.0.3 () {32 vars in 738 bytes} [Tue Jun 16 01:45:12 2026] DELETE /v2.0/security-groups/66ebffd7-b3d5-4230-a88d-9a0c5b8f187c => generated 0 bytes in 261 msecs (HTTP/1.1 204) 2 headers in 112 bytes (1 switches on core 0) [pid: 8|app: 0|req: 1008/1998] 10.0.0.3 () {32 vars in 738 bytes} [Tue Jun 16 01:45:13 2026] DELETE /v2.0/security-groups/d0904282-bf35-46d7-be8d-88d24b1daef5 => generated 0 bytes in 260 msecs (HTTP/1.1 204) 2 headers in 112 bytes (1 switches on core 0)
2026-06-16 01:45:13.629 7 WARNING neutron.scheduler.dhcp_agent_scheduler [None req-6fb21b75-b3e3-458c-9b31-bc2dc43a9243 9a3b65cc520d4092a595b5df6b506311 f157ff3d77404b4fa0628f10aec04dd7 - - default default] No more DHCP agents
2026-06-16 01:45:13.631 7 WARNING neutron.api.rpc.agentnotifiers.dhcp_rpc_agent_api [None req-6fb21b75-b3e3-458c-9b31-bc2dc43a9243 9a3b65cc520d4092a595b5df6b506311 f157ff3d77404b4fa0628f10aec04dd7 - - default default] Unable to schedule network 7bdb55d5-c939-4f81-8c70-5b8fed91129f: no agents available; will retry on subsequent port and subnet creation events.
2026-06-16 01:45:13.735 8 INFO neutron.db.ovn_revision_numbers_db [None req-d72f935f-d1c6-4885-be70-52f0fc4690b9 60dc7a16699946b1b4bad2ae20c75ff3 329f98b4566e47b9bd6fa94f128b6d53 - - default default] Successfully bumped revision number for resource 8571712c-6cb5-4762-9b28-6d9ec7d0fbda (type: security_groups) to 1
2026-06-16 01:45:13.747 8 INFO neutron.db.ovn_revision_numbers_db [None req-d72f935f-d1c6-4885-be70-52f0fc4690b9 60dc7a16699946b1b4bad2ae20c75ff3 329f98b4566e47b9bd6fa94f128b6d53 - - default default] Successfully bumped revision number for resource 3f9ec54f-8119-40d3-acbc-308fb423fc3a (type: security_group_rules) to 0
2026-06-16 01:45:13.758 8 INFO neutron.db.ovn_revision_numbers_db [None req-d72f935f-d1c6-4885-be70-52f0fc4690b9 60dc7a16699946b1b4bad2ae20c75ff3 329f98b4566e47b9bd6fa94f128b6d53 - - default default] Successfully bumped revision number for resource ae0943c7-bc13-47ae-b44c-646620db45eb (type: security_group_rules) to 0
2026-06-16 01:45:13.769 8 INFO neutron.db.ovn_revision_numbers_db [None req-d72f935f-d1c6-4885-be70-52f0fc4690b9 60dc7a16699946b1b4bad2ae20c75ff3 329f98b4566e47b9bd6fa94f128b6d53 - - default default] Successfully bumped revision number for resource bc684357-49a6-4747-9db1-34400ab3dc1e (type: security_group_rules) to 0
2026-06-16 01:45:13.780 8 INFO neutron.db.ovn_revision_numbers_db [None req-d72f935f-d1c6-4885-be70-52f0fc4690b9 60dc7a16699946b1b4bad2ae20c75ff3 329f98b4566e47b9bd6fa94f128b6d53 - - default default] Successfully bumped revision number for resource bd61a676-f468-4501-9e9c-b0088dc9bac4 (type: security_group_rules) to 0 [pid: 8|app: 0|req: 1009/1999] 10.0.0.3 () {32 vars in 772 bytes} [Tue Jun 16 01:45:13 2026] GET /v2.0/security-groups?tenant_id=bcb829a9589649219f7f0300f83f666a&name=default => generated 2925 bytes in 335 msecs (HTTP/1.1 200) 4 headers in 158 bytes (1 switches on core 0)
2026-06-16 01:45:13.926 7 INFO neutron.db.ovn_revision_numbers_db [None req-6fb21b75-b3e3-458c-9b31-bc2dc43a9243 9a3b65cc520d4092a595b5df6b506311 f157ff3d77404b4fa0628f10aec04dd7 - - default default] Successfully bumped revision number for resource 593c25c1-0e2a-4e1c-af30-39193aafcfe6 (type: router_ports) to 1 [pid: 7|app: 0|req: 991/2000] 10.0.0.3 () {34 vars in 781 bytes} [Tue Jun 16 01:45:12 2026] PUT /v2.0/routers/30f103f6-fb6b-4288-923b-e472ee0ca4ea/add_router_interface => generated 309 bytes in 1582 msecs (HTTP/1.1 200) 4 headers in 157 bytes (1 switches on core 0)
2026-06-16 01:45:14.200 8 WARNING neutron.plugins.ml2.drivers.ovn.mech_driver.ovsdb.ovn_client [None req-62097213-0894-41f3-8888-459187c9f805 - - - - - -] No port found with ID 830d9872-31ba-4d69-b3f5-cc883bea4c70: RuntimeError: No port found with ID 830d9872-31ba-4d69-b3f5-cc883bea4c70
2026-06-16 01:45:14.218 8 INFO neutron.plugins.ml2.drivers.ovn.mech_driver.mech_driver [None req-62097213-0894-41f3-8888-459187c9f805 - - - - - -] OVN reports status down for port: f4bbbf30-0df2-493c-8a04-cd6b8f385ab7 [pid: 8|app: 0|req: 1010/2001] 10.0.0.3 () {32 vars in 738 bytes} [Tue Jun 16 01:45:13 2026] DELETE /v2.0/security-groups/8571712c-6cb5-4762-9b28-6d9ec7d0fbda => generated 0 bytes in 417 msecs (HTTP/1.1 204) 2 headers in 112 bytes (1 switches on core 0)
2026-06-16 01:45:14.321 7 INFO neutron.db.ovn_revision_numbers_db [None req-c25d90b0-346f-42b9-848e-50b63ee499ca 931ae27ff6134fbabd03bdaf110f9cb9 725da8c9313149a499181cc5a3c1310b - - default default] Successfully bumped revision number for resource edf74b90-f7e6-4df1-9723-f1f552c50fde (type: security_groups) to 1 [pid: 8|app: 0|req: 1011/2002] 10.0.0.3 () {32 vars in 715 bytes} [Tue Jun 16 01:45:14 2026] GET /v2.0/ports/593c25c1-0e2a-4e1c-af30-39193aafcfe6 => generated 945 bytes in 84 msecs (HTTP/1.1 200) 4 headers in 157 bytes (1 switches on core 0)
2026-06-16 01:45:14.335 7 INFO neutron.db.ovn_revision_numbers_db [None req-c25d90b0-346f-42b9-848e-50b63ee499ca 931ae27ff6134fbabd03bdaf110f9cb9 725da8c9313149a499181cc5a3c1310b - - default default] Successfully bumped revision number for resource 2f69e5d4-7f02-443f-8bff-2790d12c3de7 (type: security_group_rules) to 0
2026-06-16 01:45:14.346 7 INFO neutron.db.ovn_revision_numbers_db [None req-c25d90b0-346f-42b9-848e-50b63ee499ca 931ae27ff6134fbabd03bdaf110f9cb9 725da8c9313149a499181cc5a3c1310b - - default default] Successfully bumped revision number for resource 3570d55f-0439-4282-934a-5fdb424179fd (type: security_group_rules) to 0
2026-06-16 01:45:14.361 7 INFO neutron.db.ovn_revision_numbers_db [None req-c25d90b0-346f-42b9-848e-50b63ee499ca 931ae27ff6134fbabd03bdaf110f9cb9 725da8c9313149a499181cc5a3c1310b - - default default] Successfully bumped revision number for resource 3b78562c-70f5-4752-84f6-4d6c21a6bd6c (type: security_group_rules) to 0
2026-06-16 01:45:14.375 7 INFO neutron.db.ovn_revision_numbers_db [None req-c25d90b0-346f-42b9-848e-50b63ee499ca 931ae27ff6134fbabd03bdaf110f9cb9 725da8c9313149a499181cc5a3c1310b - - default default] Successfully bumped revision number for resource 935af577-d3ad-4b49-aaa6-ba61a42a77c1 (type: security_group_rules) to 0 [pid: 8|app: 0|req: 1012/2003] 10.0.0.3 () {32 vars in 715 bytes} [Tue Jun 16 01:45:14 2026] GET /v2.0/ports/593c25c1-0e2a-4e1c-af30-39193aafcfe6 => generated 945 bytes in 78 msecs (HTTP/1.1 200) 4 headers in 157 bytes (1 switches on core 0)
2026-06-16 01:45:14.422 8 INFO neutron.plugins.ml2.drivers.ovn.mech_driver.mech_driver [None req-62097213-0894-41f3-8888-459187c9f805 - - - - - -] OVN reports status down for port: 593c25c1-0e2a-4e1c-af30-39193aafcfe6
2026-06-16 01:45:14.458 7 INFO neutron.db.segments_db [None req-c25d90b0-346f-42b9-848e-50b63ee499ca 931ae27ff6134fbabd03bdaf110f9cb9 725da8c9313149a499181cc5a3c1310b - - default default] Added segment b771aff8-8ff8-47f5-992c-0f53e7b0d619 of type geneve for network abd9d06d-be59-40a0-89d7-64f1f3b5ace1
2026-06-16 01:45:14.482 8 WARNING neutron.plugins.ml2.drivers.ovn.mech_driver.ovsdb.ovn_client [None req-62097213-0894-41f3-8888-459187c9f805 - - - - - -] Logical_Switch_Port 593c25c1-0e2a-4e1c-af30-39193aafcfe6 host information not removed, the port state is up
2026-06-16 01:45:14.483 8 INFO neutron.plugins.ml2.drivers.ovn.mech_driver.mech_driver [None req-62097213-0894-41f3-8888-459187c9f805 - - - - - -] OVN reports status up for port: 593c25c1-0e2a-4e1c-af30-39193aafcfe6
2026-06-16 01:45:14.497 8 INFO neutron.plugins.ml2.plugin [None req-62097213-0894-41f3-8888-459187c9f805 - - - - - -] Attempt 1 to provision port 593c25c1-0e2a-4e1c-af30-39193aafcfe6
2026-06-16 01:45:14.589 7 INFO neutron.db.ovn_revision_numbers_db [None req-c25d90b0-346f-42b9-848e-50b63ee499ca 931ae27ff6134fbabd03bdaf110f9cb9 725da8c9313149a499181cc5a3c1310b - - default default] Successfully bumped revision number for resource abd9d06d-be59-40a0-89d7-64f1f3b5ace1 (type: networks) to 1
2026-06-16 01:45:14.776 7 WARNING neutron.scheduler.dhcp_agent_scheduler [None req-c25d90b0-346f-42b9-848e-50b63ee499ca 931ae27ff6134fbabd03bdaf110f9cb9 725da8c9313149a499181cc5a3c1310b - - default default] No more DHCP agents
2026-06-16 01:45:14.778 7 WARNING neutron.api.rpc.agentnotifiers.dhcp_rpc_agent_api [None req-c25d90b0-346f-42b9-848e-50b63ee499ca 931ae27ff6134fbabd03bdaf110f9cb9 725da8c9313149a499181cc5a3c1310b - - default default] Unable to schedule network abd9d06d-be59-40a0-89d7-64f1f3b5ace1: no agents available; will retry on subsequent port and subnet creation events.
2026-06-16 01:45:14.966 7 INFO neutron.db.ovn_revision_numbers_db [None req-c25d90b0-346f-42b9-848e-50b63ee499ca 931ae27ff6134fbabd03bdaf110f9cb9 725da8c9313149a499181cc5a3c1310b - - default default] Successfully bumped revision number for resource 64fa0c9d-070d-4a84-b946-d15f0347cd42 (type: ports) to 1 [pid: 7|app: 0|req: 992/2004] 10.0.0.3 () {34 vars in 668 bytes} [Tue Jun 16 01:45:13 2026] POST /v2.0/networks => generated 644 bytes in 1053 msecs (HTTP/1.1 201) 4 headers in 162 bytes (1 switches on core 0)
2026-06-16 01:45:15.013 8 INFO neutron.db.ovn_revision_numbers_db [None req-62097213-0894-41f3-8888-459187c9f805 - - - - - -] Successfully bumped revision number for resource 593c25c1-0e2a-4e1c-af30-39193aafcfe6 (type: ports) to 2
2026-06-16 01:45:15.243 8 WARNING neutron.scheduler.dhcp_agent_scheduler [None req-61753e44-4cd1-4c01-9b03-bc1f9c38e2f8 931ae27ff6134fbabd03bdaf110f9cb9 725da8c9313149a499181cc5a3c1310b - - default default] No more DHCP agents
2026-06-16 01:45:15.244 8 WARNING neutron.api.rpc.agentnotifiers.dhcp_rpc_agent_api [None req-61753e44-4cd1-4c01-9b03-bc1f9c38e2f8 931ae27ff6134fbabd03bdaf110f9cb9 725da8c9313149a499181cc5a3c1310b - - default default] Unable to schedule network abd9d06d-be59-40a0-89d7-64f1f3b5ace1: no agents available; will retry on subsequent port and subnet creation events. [pid: 7|app: 0|req: 993/2005] 10.0.0.3 () {32 vars in 715 bytes} [Tue Jun 16 01:45:15 2026] GET /v2.0/ports/593c25c1-0e2a-4e1c-af30-39193aafcfe6 => generated 947 bytes in 71 msecs (HTTP/1.1 200) 4 headers in 157 bytes (1 switches on core 0)
2026-06-16 01:45:15.750 8 INFO neutron.db.ovn_revision_numbers_db [None req-4168bf2c-ce54-44d5-b185-64e1f60f249e - - - - - -] Successfully bumped revision number for resource 64fa0c9d-070d-4a84-b946-d15f0347cd42 (type: ports) to 2
2026-06-16 01:45:15.754 7 INFO neutron_taas.services.taas.taas_plugin [None req-ecf1ed48-1681-4a32-838a-f1ee9894eb30 9a3b65cc520d4092a595b5df6b506311 f157ff3d77404b4fa0628f10aec04dd7 - - default default] TaaS: Handle Delete Port: 593c25c1-0e2a-4e1c-af30-39193aafcfe6
2026-06-16 01:45:15.757 7 INFO neutron_taas.services.taas.tap_mirror_plugin [None req-ecf1ed48-1681-4a32-838a-f1ee9894eb30 9a3b65cc520d4092a595b5df6b506311 f157ff3d77404b4fa0628f10aec04dd7 - - default default] Tap Mirror: Handle Delete Port: 593c25c1-0e2a-4e1c-af30-39193aafcfe6
2026-06-16 01:45:15.778 8 INFO neutron.db.ovn_revision_numbers_db [None req-4168bf2c-ce54-44d5-b185-64e1f60f249e - - - - - -] Successfully bumped revision number for resource 50b5ec10-a5d8-4042-b884-6ae445962804 (type: subnets) to 0 [pid: 8|app: 0|req: 1013/2006] 10.0.0.3 () {34 vars in 667 bytes} [Tue Jun 16 01:45:15 2026] POST /v2.0/subnets => generated 641 bytes in 776 msecs (HTTP/1.1 201) 4 headers in 162 bytes (1 switches on core 0)
2026-06-16 01:45:15.892 8 INFO neutron.db.segments_db [None req-03332d02-154f-43c0-a467-626933ff7c70 931ae27ff6134fbabd03bdaf110f9cb9 725da8c9313149a499181cc5a3c1310b - - default default] Added segment 6757bf2a-dccb-436d-bba9-dff92caf524c of type geneve for network be9831ae-552a-4065-917b-ea082ae67ed1
2026-06-16 01:45:16.057 8 INFO neutron.db.ovn_revision_numbers_db [None req-03332d02-154f-43c0-a467-626933ff7c70 931ae27ff6134fbabd03bdaf110f9cb9 725da8c9313149a499181cc5a3c1310b - - default default] Successfully bumped revision number for resource be9831ae-552a-4065-917b-ea082ae67ed1 (type: networks) to 1 [pid: 7|app: 0|req: 994/2007] 10.0.0.3 () {34 vars in 787 bytes} [Tue Jun 16 01:45:15 2026] PUT /v2.0/routers/30f103f6-fb6b-4288-923b-e472ee0ca4ea/remove_router_interface => generated 309 bytes in 624 msecs (HTTP/1.1 200) 4 headers in 157 bytes (1 switches on core 0) /var/lib/openstack/lib/python3.12/site-packages/pycadf/identifier.py:70: UserWarning: Invalid uuid: neutron. To ensure interoperability, identifiers should be a valid uuid. warnings.warn(('Invalid uuid: %s. To ensure interoperability, ' [pid: 7|app: 0|req: 995/2008] 10.0.0.3 () {32 vars in 734 bytes} [Tue Jun 16 01:45:16 2026] GET /v2.0/ports?device_id=30f103f6-fb6b-4288-923b-e472ee0ca4ea => generated 12 bytes in 19 msecs (HTTP/1.1 200) 4 headers in 156 bytes (1 switches on core 0)
2026-06-16 01:45:16.250 8 WARNING neutron.scheduler.dhcp_agent_scheduler [None req-03332d02-154f-43c0-a467-626933ff7c70 931ae27ff6134fbabd03bdaf110f9cb9 725da8c9313149a499181cc5a3c1310b - - default default] No more DHCP agents
2026-06-16 01:45:16.251 8 WARNING neutron.api.rpc.agentnotifiers.dhcp_rpc_agent_api [None req-03332d02-154f-43c0-a467-626933ff7c70 931ae27ff6134fbabd03bdaf110f9cb9 725da8c9313149a499181cc5a3c1310b - - default default] Unable to schedule network be9831ae-552a-4065-917b-ea082ae67ed1: no agents available; will retry on subsequent port and subnet creation events.
2026-06-16 01:45:16.350 8 INFO neutron.db.ovn_revision_numbers_db [None req-03332d02-154f-43c0-a467-626933ff7c70 931ae27ff6134fbabd03bdaf110f9cb9 725da8c9313149a499181cc5a3c1310b - - default default] Successfully bumped revision number for resource f65986b6-45e4-4074-9e6c-9f16b524a3c9 (type: ports) to 1 [pid: 8|app: 0|req: 1014/2009] 10.0.0.3 () {34 vars in 668 bytes} [Tue Jun 16 01:45:15 2026] POST /v2.0/networks => generated 644 bytes in 565 msecs (HTTP/1.1 201) 4 headers in 162 bytes (1 switches on core 0) [pid: 7|app: 0|req: 996/2010] 10.0.0.3 () {32 vars in 722 bytes} [Tue Jun 16 01:45:16 2026] DELETE /v2.0/routers/30f103f6-fb6b-4288-923b-e472ee0ca4ea => generated 0 bytes in 262 msecs (HTTP/1.1 204) 2 headers in 112 bytes (1 switches on core 0)
2026-06-16 01:45:16.512 8 INFO neutron.db.ovn_revision_numbers_db [None req-09db9bb4-1aba-4e09-8e4f-00c846890855 931ae27ff6134fbabd03bdaf110f9cb9 725da8c9313149a499181cc5a3c1310b - - default default] Successfully bumped revision number for resource be9831ae-552a-4065-917b-ea082ae67ed1 (type: networks) to 2 [pid: 8|app: 0|req: 1015/2011] 10.0.0.3 () {34 vars in 741 bytes} [Tue Jun 16 01:45:16 2026] PUT /v2.0/networks/be9831ae-552a-4065-917b-ea082ae67ed1 => generated 598 bytes in 144 msecs (HTTP/1.1 200) 4 headers in 157 bytes (1 switches on core 0) [pid: 7|app: 0|req: 997/2012] 10.0.0.3 () {32 vars in 722 bytes} [Tue Jun 16 01:45:16 2026] DELETE /v2.0/subnets/71e7420c-dbe5-43aa-b653-7816702d5541 => generated 0 bytes in 169 msecs (HTTP/1.1 204) 3 headers in 131 bytes (1 switches on core 0)
2026-06-16 01:45:16.732 7 INFO neutron_taas.services.taas.taas_plugin [None req-13c44d44-fbca-4e6c-98db-7ec36de10325 9a3b65cc520d4092a595b5df6b506311 f157ff3d77404b4fa0628f10aec04dd7 - - default default] TaaS: Handle Delete Port: f4bbbf30-0df2-493c-8a04-cd6b8f385ab7
2026-06-16 01:45:16.735 7 INFO neutron_taas.services.taas.tap_mirror_plugin [None req-13c44d44-fbca-4e6c-98db-7ec36de10325 9a3b65cc520d4092a595b5df6b506311 f157ff3d77404b4fa0628f10aec04dd7 - - default default] Tap Mirror: Handle Delete Port: f4bbbf30-0df2-493c-8a04-cd6b8f385ab7
2026-06-16 01:45:16.768 8 WARNING neutron.scheduler.dhcp_agent_scheduler [None req-85ef373c-0ccf-477d-8ee7-39f5249cf079 931ae27ff6134fbabd03bdaf110f9cb9 725da8c9313149a499181cc5a3c1310b - - default default] No more DHCP agents
2026-06-16 01:45:16.770 8 WARNING neutron.api.rpc.agentnotifiers.dhcp_rpc_agent_api [None req-85ef373c-0ccf-477d-8ee7-39f5249cf079 931ae27ff6134fbabd03bdaf110f9cb9 725da8c9313149a499181cc5a3c1310b - - default default] Unable to schedule network be9831ae-552a-4065-917b-ea082ae67ed1: no agents available; will retry on subsequent port and subnet creation events.
2026-06-16 01:45:16.964 7 INFO neutron.services.segments.plugin [-] Segment 281115c8-dad5-48f8-b438-9664b8837ee9 resource provider aggregate not found
2026-06-16 01:45:16.970 7 INFO neutron.services.segments.plugin [-] Segment 281115c8-dad5-48f8-b438-9664b8837ee9 resource provider aggregate not found
2026-06-16 01:45:16.980 7 INFO neutron.services.segments.plugin [-] Segment 281115c8-dad5-48f8-b438-9664b8837ee9 resource provider not found; error: Placement Client Error (4xx): {"errors": [{"status": 404, "title": "Not Found", "detail": "The resource could not be found.\n\n No resource provider with uuid 281115c8-dad5-48f8-b438-9664b8837ee9 found for delete ", "request_id": "req-2e84cd2c-f8ce-4ef4-b19b-18d520a83d9e"}]}
2026-06-16 01:45:16.993 7 INFO neutron.services.segments.plugin [-] Segment 281115c8-dad5-48f8-b438-9664b8837ee9 resource provider not found; error: Placement Client Error (4xx): {"errors": [{"status": 404, "title": "Not Found", "detail": "The resource could not be found.\n\n No resource provider with uuid 281115c8-dad5-48f8-b438-9664b8837ee9 found for delete ", "request_id": "req-98ffc258-7125-470c-8584-19a780ef1f4d"}]} [pid: 7|app: 0|req: 998/2013] 10.0.0.3 () {32 vars in 724 bytes} [Tue Jun 16 01:45:16 2026] DELETE /v2.0/networks/7bdb55d5-c939-4f81-8c70-5b8fed91129f => generated 0 bytes in 449 msecs (HTTP/1.1 204) 3 headers in 131 bytes (1 switches on core 0)
2026-06-16 01:45:17.299 8 INFO neutron.db.ovn_revision_numbers_db [None req-94c61d0b-e4bb-4524-b627-afc367cef906 - - - - - -] Successfully bumped revision number for resource f65986b6-45e4-4074-9e6c-9f16b524a3c9 (type: ports) to 2
2026-06-16 01:45:17.325 8 INFO neutron.db.ovn_revision_numbers_db [None req-94c61d0b-e4bb-4524-b627-afc367cef906 - - - - - -] Successfully bumped revision number for resource 3948e97a-e0a8-432a-b474-33cdcfe9a203 (type: subnets) to 0 [pid: 8|app: 0|req: 1016/2014] 10.0.0.3 () {34 vars in 667 bytes} [Tue Jun 16 01:45:16 2026] POST /v2.0/subnets => generated 626 bytes in 819 msecs (HTTP/1.1 201) 4 headers in 162 bytes (1 switches on core 0)
2026-06-16 01:45:17.447 7 WARNING neutron.scheduler.dhcp_agent_scheduler [None req-013842d4-6a09-4801-9250-c22b3eb2eea0 9a3b65cc520d4092a595b5df6b506311 f157ff3d77404b4fa0628f10aec04dd7 - - default default] No more DHCP agents
2026-06-16 01:45:17.448 7 WARNING neutron.api.rpc.agentnotifiers.dhcp_rpc_agent_api [None req-013842d4-6a09-4801-9250-c22b3eb2eea0 9a3b65cc520d4092a595b5df6b506311 f157ff3d77404b4fa0628f10aec04dd7 - - default default] Unable to schedule network 0b68f066-a8d7-4d6e-bce1-1abb092ad128: no agents available; will retry on subsequent port and subnet creation events.
2026-06-16 01:45:17.616 7 INFO neutron.db.ovn_revision_numbers_db [None req-013842d4-6a09-4801-9250-c22b3eb2eea0 9a3b65cc520d4092a595b5df6b506311 f157ff3d77404b4fa0628f10aec04dd7 - - default default] Successfully bumped revision number for resource bbe44120-1142-444c-b388-e7a861259a8c (type: ports) to 1
2026-06-16 01:45:17.663 8 INFO neutron.db.ovn_revision_numbers_db [None req-3d83022b-ea80-4c93-903f-6fd8cd5b66ee 931ae27ff6134fbabd03bdaf110f9cb9 725da8c9313149a499181cc5a3c1310b - - default default] Successfully bumped revision number for resource 3948e97a-e0a8-432a-b474-33cdcfe9a203 (type: subnets) to 1 [pid: 8|app: 0|req: 1017/2015] 10.0.0.3 () {34 vars in 739 bytes} [Tue Jun 16 01:45:17 2026] PUT /v2.0/subnets/3948e97a-e0a8-432a-b474-33cdcfe9a203 => generated 636 bytes in 324 msecs (HTTP/1.1 200) 4 headers in 157 bytes (1 switches on core 0)
2026-06-16 01:45:17.993 8 INFO neutron.db.ovn_revision_numbers_db [None req-1891120c-916e-419a-a259-90d00f36e373 61c52e58378b4157a8c1f305e6d947ab 7180bbf0fcf24c6f901e9f3f1c51beb6 - - default default] Successfully bumped revision number for resource 6db80604-90ad-4e1a-a398-21f89d0f9051 (type: security_groups) to 1
2026-06-16 01:45:18.004 8 INFO neutron.db.ovn_revision_numbers_db [None req-1891120c-916e-419a-a259-90d00f36e373 61c52e58378b4157a8c1f305e6d947ab 7180bbf0fcf24c6f901e9f3f1c51beb6 - - default default] Successfully bumped revision number for resource 1d009959-c45d-48b8-918f-956aaba91e20 (type: security_group_rules) to 0
2026-06-16 01:45:18.018 8 INFO neutron.db.ovn_revision_numbers_db [None req-1891120c-916e-419a-a259-90d00f36e373 61c52e58378b4157a8c1f305e6d947ab 7180bbf0fcf24c6f901e9f3f1c51beb6 - - default default] Successfully bumped revision number for resource 47a09517-3b89-4246-bbac-0831e39293ff (type: security_group_rules) to 0
2026-06-16 01:45:18.031 8 INFO neutron.db.ovn_revision_numbers_db [None req-1891120c-916e-419a-a259-90d00f36e373 61c52e58378b4157a8c1f305e6d947ab 7180bbf0fcf24c6f901e9f3f1c51beb6 - - default default] Successfully bumped revision number for resource 8be6818d-692a-4a36-926b-242e16bf5136 (type: security_group_rules) to 0
2026-06-16 01:45:18.043 8 INFO neutron.db.ovn_revision_numbers_db [None req-1891120c-916e-419a-a259-90d00f36e373 61c52e58378b4157a8c1f305e6d947ab 7180bbf0fcf24c6f901e9f3f1c51beb6 - - default default] Successfully bumped revision number for resource fec054d8-04e6-4cf2-8251-49fe6a203318 (type: security_group_rules) to 0
2026-06-16 01:45:18.124 8 INFO neutron.db.segments_db [None req-1891120c-916e-419a-a259-90d00f36e373 61c52e58378b4157a8c1f305e6d947ab 7180bbf0fcf24c6f901e9f3f1c51beb6 - - default default] Added segment a59b99c8-22c6-4cf2-9bfa-e6a602c5e945 of type geneve for network e7190f84-0348-45d7-a4d8-b35c2890cc34
2026-06-16 01:45:18.238 8 INFO neutron.db.ovn_revision_numbers_db [None req-1891120c-916e-419a-a259-90d00f36e373 61c52e58378b4157a8c1f305e6d947ab 7180bbf0fcf24c6f901e9f3f1c51beb6 - - default default] Successfully bumped revision number for resource e7190f84-0348-45d7-a4d8-b35c2890cc34 (type: networks) to 1
2026-06-16 01:45:18.271 7 INFO neutron.plugins.ml2.drivers.ovn.mech_driver.ovsdb.commands [-] Schedule LRP lrp-bbe44120-1142-444c-b388-e7a861259a8c on gateway 26888a65-7a29-46ef-96a1-844cf8741417 with priority 1
2026-06-16 01:45:18.362 7 INFO neutron.db.ovn_revision_numbers_db [None req-013842d4-6a09-4801-9250-c22b3eb2eea0 9a3b65cc520d4092a595b5df6b506311 f157ff3d77404b4fa0628f10aec04dd7 - - default default] Successfully bumped revision number for resource bbe44120-1142-444c-b388-e7a861259a8c (type: router_ports) to 1
