2026-06-16 01:44:07.481 8 INFO neutron.db.ovn_revision_numbers_db [None req-9fcc8ec4-412e-4a55-9aa5-0290ec1529c0 a74ff7bc362c4f06a3cd4f8607dc04c4 5a57eec1a4c045c48ab55d5f058d5e18 - - default default] Successfully bumped revision number for resource 68c9014b-6600-48ce-b6c8-d0ea394afc60 (type: routers) to 1 [pid: 8|app: 0|req: 716/1503] 10.0.0.3 () {34 vars in 667 bytes} [Tue Jun 16 01:44:07 2026] POST /v2.0/routers => generated 603 bytes in 155 msecs (HTTP/1.1 201) 4 headers in 162 bytes (1 switches on core 0) [pid: 8|app: 0|req: 717/1504] 199.19.213.154 () {34 vars in 994 bytes} [Tue Jun 16 01:44:07 2026] GET /v2.0/ports?device_id=f4046575-0367-4360-9224-898c3b83c0e4 => generated 971 bytes in 34 msecs (HTTP/1.1 200) 4 headers in 157 bytes (1 switches on core 0)
2026-06-16 01:44:07.541 7 INFO neutron.services.segments.plugin [-] Segment 4c5a7773-364c-4822-b94b-8951b96e944b resource provider aggregate not found
2026-06-16 01:44:07.555 8 WARNING neutron.plugins.ml2.drivers.ovn.mech_driver.ovsdb.ovn_client [None req-57596231-2654-4297-9d51-182ba22209ef - - - - - -] No port found with ID 0c4a89d1-ac88-46d5-8506-8384551b7396: RuntimeError: No port found with ID 0c4a89d1-ac88-46d5-8506-8384551b7396
2026-06-16 01:44:07.555 7 INFO neutron.services.segments.plugin [-] Segment 4c5a7773-364c-4822-b94b-8951b96e944b resource provider aggregate not found
2026-06-16 01:44:07.561 7 INFO neutron.services.segments.plugin [-] Segment 4c5a7773-364c-4822-b94b-8951b96e944b resource provider not found; error: Placement Client Error (4xx): {"errors": [{"status": 404, "title": "Not Found", "detail": "The resource could not be found.\n\n No resource provider with uuid 4c5a7773-364c-4822-b94b-8951b96e944b found for delete ", "request_id": "req-e9fdbaa2-c4d9-43c2-b45a-921a7681ab16"}]}
2026-06-16 01:44:07.570 8 INFO neutron.plugins.ml2.drivers.ovn.mech_driver.mech_driver [None req-57596231-2654-4297-9d51-182ba22209ef - - - - - -] OVN reports status down for port: 22436be6-c429-4c9d-98d3-4f3beb49e08c
2026-06-16 01:44:07.581 7 INFO neutron.services.segments.plugin [-] Segment 4c5a7773-364c-4822-b94b-8951b96e944b resource provider not found; error: Placement Client Error (4xx): {"errors": [{"status": 404, "title": "Not Found", "detail": "The resource could not be found.\n\n No resource provider with uuid 4c5a7773-364c-4822-b94b-8951b96e944b found for delete ", "request_id": "req-60a4e1a7-c5bf-496c-9028-07cae23b62f4"}]}
2026-06-16 01:44:07.583 7 INFO neutron.services.segments.plugin [-] Segment 33c09203-d28d-4093-af42-49db051b3523 resource provider aggregate not found
2026-06-16 01:44:07.596 7 INFO neutron_taas.services.taas.taas_plugin [None req-d21923ce-ccd5-42be-b287-47719c06ea75 d9611f09a8df43deb959c273490ef321 12ad4ef5d3c84f7ea8132843d917cf0a - - default default] TaaS: Handle Delete Port: 825c178e-1983-4416-a525-c95d7b64a123
2026-06-16 01:44:07.599 7 INFO neutron_taas.services.taas.tap_mirror_plugin [None req-d21923ce-ccd5-42be-b287-47719c06ea75 d9611f09a8df43deb959c273490ef321 12ad4ef5d3c84f7ea8132843d917cf0a - - default default] Tap Mirror: Handle Delete Port: 825c178e-1983-4416-a525-c95d7b64a123
2026-06-16 01:44:07.608 7 INFO neutron.services.segments.plugin [-] Segment 33c09203-d28d-4093-af42-49db051b3523 resource provider aggregate not found
2026-06-16 01:44:07.609 7 INFO neutron.services.segments.plugin [-] Segment 33c09203-d28d-4093-af42-49db051b3523 resource provider not found; error: Placement Client Error (4xx): {"errors": [{"status": 404, "title": "Not Found", "detail": "The resource could not be found.\n\n No resource provider with uuid 33c09203-d28d-4093-af42-49db051b3523 found for delete ", "request_id": "req-c7797d25-5190-43f5-8bae-9d23254aac26"}]}
2026-06-16 01:44:07.640 7 INFO neutron.services.segments.plugin [-] Segment e7065180-e996-454e-80c0-5463fadd381d resource provider aggregate not found
2026-06-16 01:44:07.640 7 INFO neutron.services.segments.plugin [-] Segment 33c09203-d28d-4093-af42-49db051b3523 resource provider not found; error: Placement Client Error (4xx): {"errors": [{"status": 404, "title": "Not Found", "detail": "The resource could not be found.\n\n No resource provider with uuid 33c09203-d28d-4093-af42-49db051b3523 found for delete ", "request_id": "req-81a6005c-0861-4a5a-9f65-59e51cdac200"}]}
2026-06-16 01:44:07.658 8 WARNING neutron.plugins.ml2.drivers.ovn.mech_driver.ovsdb.ovn_client [None req-57596231-2654-4297-9d51-182ba22209ef - - - - - -] Logical_Switch_Port 22436be6-c429-4c9d-98d3-4f3beb49e08c host information not removed, the port state is up
2026-06-16 01:44:07.662 7 INFO neutron.services.segments.plugin [-] Segment e7065180-e996-454e-80c0-5463fadd381d resource provider not found; error: Placement Client Error (4xx): {"errors": [{"status": 404, "title": "Not Found", "detail": "The resource could not be found.\n\n No resource provider with uuid e7065180-e996-454e-80c0-5463fadd381d found for delete ", "request_id": "req-d767cfd3-c7c7-4edb-b21f-949b900b5fa3"}]}
2026-06-16 01:44:07.663 7 INFO neutron.services.segments.plugin [-] Segment e7065180-e996-454e-80c0-5463fadd381d resource provider aggregate not found
2026-06-16 01:44:07.678 7 INFO neutron.services.segments.plugin [-] Segment e7065180-e996-454e-80c0-5463fadd381d resource provider not found; error: Placement Client Error (4xx): {"errors": [{"status": 404, "title": "Not Found", "detail": "The resource could not be found.\n\n No resource provider with uuid e7065180-e996-454e-80c0-5463fadd381d found for delete ", "request_id": "req-54be2afd-3f19-4c17-a948-e0d8e168d930"}]}
2026-06-16 01:44:07.684 8 INFO neutron.plugins.ml2.drivers.ovn.mech_driver.mech_driver [None req-57596231-2654-4297-9d51-182ba22209ef - - - - - -] OVN reports status up for port: 22436be6-c429-4c9d-98d3-4f3beb49e08c
2026-06-16 01:44:07.704 8 INFO neutron.notifiers.nova [-] Nova event matching ['req-fcd2db76-26c4-464e-93b8-4ae29fbfb529'] response: {'server_uuid': '94508495-fb88-4566-b8d1-4a8678091760', 'name': 'network-vif-unplugged', 'status': 'completed', 'tag': '22436be6-c429-4c9d-98d3-4f3beb49e08c', 'code': 200}
2026-06-16 01:44:07.710 8 INFO neutron.plugins.ml2.plugin [None req-57596231-2654-4297-9d51-182ba22209ef - - - - - -] Attempt 1 to provision port 22436be6-c429-4c9d-98d3-4f3beb49e08c [pid: 7|app: 0|req: 788/1505] 10.0.0.3 () {32 vars in 724 bytes} [Tue Jun 16 01:44:07 2026] DELETE /v2.0/networks/f50dc5ba-6ec1-464b-80fc-c5260e5ccb2b => generated 0 bytes in 405 msecs (HTTP/1.1 204) 3 headers in 131 bytes (1 switches on core 0)
2026-06-16 01:44:07.986 7 INFO neutron_taas.services.taas.taas_plugin [req-38fc0802-673c-4617-9806-d142d729f6b3 req-b2618c64-02cf-4e97-96cf-085fb280e09b 71ec08042da74b229b05fca61527dd5a 21c86b4a8e65498d8fae70735a35977a - - default default] TaaS: Handle Delete Port: 872ff880-3a7f-4ffb-b83c-e4a11b39e985
2026-06-16 01:44:07.989 7 INFO neutron_taas.services.taas.tap_mirror_plugin [req-38fc0802-673c-4617-9806-d142d729f6b3 req-b2618c64-02cf-4e97-96cf-085fb280e09b 71ec08042da74b229b05fca61527dd5a 21c86b4a8e65498d8fae70735a35977a - - default default] Tap Mirror: Handle Delete Port: 872ff880-3a7f-4ffb-b83c-e4a11b39e985
2026-06-16 01:44:08.088 8 WARNING neutron.scheduler.dhcp_agent_scheduler [None req-3ba59b13-c819-4445-a45e-fd42d0e5d15b a74ff7bc362c4f06a3cd4f8607dc04c4 5a57eec1a4c045c48ab55d5f058d5e18 - - default default] No more DHCP agents
2026-06-16 01:44:08.090 8 WARNING neutron.api.rpc.agentnotifiers.dhcp_rpc_agent_api [None req-3ba59b13-c819-4445-a45e-fd42d0e5d15b a74ff7bc362c4f06a3cd4f8607dc04c4 5a57eec1a4c045c48ab55d5f058d5e18 - - default default] Unable to schedule network 85541054-60a7-4a8c-9979-453785372a2c: no agents available; will retry on subsequent port and subnet creation events.
2026-06-16 01:44:08.161 7 INFO neutron.db.l3_db [req-38fc0802-673c-4617-9806-d142d729f6b3 req-b2618c64-02cf-4e97-96cf-085fb280e09b 71ec08042da74b229b05fca61527dd5a 21c86b4a8e65498d8fae70735a35977a - - default default] Floating IP e0bc7d53-525d-467b-811b-13d566b39c22 disassociated. External IP: 10.96.250.207, port: 872ff880-3a7f-4ffb-b83c-e4a11b39e985.
2026-06-16 01:44:08.257 8 INFO neutron.db.ovn_revision_numbers_db [None req-57596231-2654-4297-9d51-182ba22209ef - - - - - -] Successfully bumped revision number for resource 22436be6-c429-4c9d-98d3-4f3beb49e08c (type: ports) to 5 [pid: 7|app: 0|req: 789/1506] 199.19.213.154 () {36 vars in 997 bytes} [Tue Jun 16 01:44:07 2026] DELETE /v2.0/ports/872ff880-3a7f-4ffb-b83c-e4a11b39e985 => generated 0 bytes in 515 msecs (HTTP/1.1 204) 3 headers in 131 bytes (1 switches on core 0)
2026-06-16 01:44:08.416 7 INFO neutron.notifiers.nova [-] Nova event matching ['req-98de4d4b-8ea3-47c4-bbd5-c332818efc28'] response: {'server_uuid': 'f4046575-0367-4360-9224-898c3b83c0e4', 'name': 'network-vif-deleted', 'tag': '872ff880-3a7f-4ffb-b83c-e4a11b39e985', 'status': 'completed', 'code': 200}
2026-06-16 01:44:08.469 8 INFO neutron.plugins.ml2.drivers.ovn.mech_driver.mech_driver [None req-660c5abd-2132-4cff-b237-b443cbb1f61d - - - - - -] OVN reports status down for port: 0ddc1a5b-88da-4dac-85b6-94e05e2fe32a
2026-06-16 01:44:08.472 8 INFO neutron.db.ovn_revision_numbers_db [None req-3ba59b13-c819-4445-a45e-fd42d0e5d15b a74ff7bc362c4f06a3cd4f8607dc04c4 5a57eec1a4c045c48ab55d5f058d5e18 - - default default] Successfully bumped revision number for resource b8dc30d1-2a98-4e90-9da2-9c90f2f32d1a (type: ports) to 1
2026-06-16 01:44:08.509 8 INFO neutron.plugins.ml2.drivers.ovn.mech_driver.mech_driver [None req-660c5abd-2132-4cff-b237-b443cbb1f61d - - - - - -] OVN reports status down for port: c1b4653f-ef91-499e-a155-569c4f3f0ef8 [pid: 8|app: 0|req: 718/1507] 10.0.0.3 () {34 vars in 663 bytes} [Tue Jun 16 01:44:07 2026] POST /v2.0/ports => generated 946 bytes in 990 msecs (HTTP/1.1 201) 4 headers in 162 bytes (1 switches on core 0)
2026-06-16 01:44:08.523 8 INFO neutron.plugins.ml2.drivers.ovn.mech_driver.mech_driver [None req-660c5abd-2132-4cff-b237-b443cbb1f61d - - - - - -] OVN reports status down for port: 825c178e-1983-4416-a525-c95d7b64a123
2026-06-16 01:44:08.525 7 INFO neutron_taas.services.taas.taas_plugin [None req-ef05d10c-a6d2-4ed5-ae20-541eb07a1eb0 d9611f09a8df43deb959c273490ef321 12ad4ef5d3c84f7ea8132843d917cf0a - - default default] TaaS: Handle Delete Port: 413430a1-2952-4331-8c5f-685b7c9d765a /var/lib/openstack/lib/python3.12/site-packages/pycadf/identifier.py:70: UserWarning: Invalid uuid: neutron. To ensure interoperability, identifiers should be a valid uuid. warnings.warn(('Invalid uuid: %s. To ensure interoperability, '
2026-06-16 01:44:08.528 7 INFO neutron_taas.services.taas.tap_mirror_plugin [None req-ef05d10c-a6d2-4ed5-ae20-541eb07a1eb0 d9611f09a8df43deb959c273490ef321 12ad4ef5d3c84f7ea8132843d917cf0a - - default default] Tap Mirror: Handle Delete Port: 413430a1-2952-4331-8c5f-685b7c9d765a
2026-06-16 01:44:08.541 8 INFO neutron.plugins.ml2.drivers.ovn.mech_driver.mech_driver [None req-660c5abd-2132-4cff-b237-b443cbb1f61d - - - - - -] OVN reports status down for port: 413430a1-2952-4331-8c5f-685b7c9d765a [pid: 8|app: 0|req: 719/1508] 10.0.0.38 () {34 vars in 989 bytes} [Tue Jun 16 01:44:08 2026] GET /v2.0/ports?device_id=f4046575-0367-4360-9224-898c3b83c0e4 => generated 12 bytes in 29 msecs (HTTP/1.1 200) 4 headers in 156 bytes (1 switches on core 0)
2026-06-16 01:44:08.604 8 INFO neutron.plugins.ml2.db [None req-660c5abd-2132-4cff-b237-b443cbb1f61d - - - - - -] No ports have port_id starting with 413430a1-2952-4331-8c5f-685b7c9d765a
2026-06-16 01:44:08.661 8 ERROR ovsdbapp.backend.ovs_idl.command [None req-660c5abd-2132-4cff-b237-b443cbb1f61d - - - - - -] Error executing command (LspGetUpCommand): ovsdbapp.backend.ovs_idl.idlutils.RowNotFound: Cannot find Logical_Switch_Port with name=413430a1-2952-4331-8c5f-685b7c9d765a
2026-06-16 01:44:08.661 8 ERROR ovsdbapp.backend.ovs_idl.command
Traceback (most recent call last):
2026-06-16 01:44:08.661 8 ERROR ovsdbapp.backend.ovs_idl.command
File "/var/lib/openstack/lib/python3.12/site-packages/ovsdbapp/backend/ovs_idl/command.py", line 47, in execute
2026-06-16 01:44:08.661 8 ERROR ovsdbapp.backend.ovs_idl.command self.run_idl(None)
2026-06-16 01:44:08.661 8 ERROR ovsdbapp.backend.ovs_idl.command
File "/var/lib/openstack/lib/python3.12/site-packages/ovsdbapp/schema/ovn_northbound/commands.py", line 681, in run_idl
2026-06-16 01:44:08.661 8 ERROR ovsdbapp.backend.ovs_idl.command lsp = self.api.lookup('Logical_Switch_Port', self.port)
2026-06-16 01:44:08.661 8 ERROR ovsdbapp.backend.ovs_idl.command ^^^^^^^^^^^^^^^^^^^^^^^^^^^^^^^^^^^^^^^^^^^^^^^^^
2026-06-16 01:44:08.661 8 ERROR ovsdbapp.backend.ovs_idl.command
File "/var/lib/openstack/lib/python3.12/site-packages/ovsdbapp/backend/ovs_idl/__init__.py", line 184, in lookup
2026-06-16 01:44:08.661 8 ERROR ovsdbapp.backend.ovs_idl.command return self._lookup(table, record)
2026-06-16 01:44:08.661 8 ERROR ovsdbapp.backend.ovs_idl.command ^^^^^^^^^^^^^^^^^^^^^^^^^^^
2026-06-16 01:44:08.661 8 ERROR ovsdbapp.backend.ovs_idl.command
File "/var/lib/openstack/lib/python3.12/site-packages/ovsdbapp/backend/ovs_idl/__init__.py", line 235, in _lookup
2026-06-16 01:44:08.661 8 ERROR ovsdbapp.backend.ovs_idl.command row = idlutils.row_by_value(self, rl.table, rl.column, record)
2026-06-16 01:44:08.661 8 ERROR ovsdbapp.backend.ovs_idl.command ^^^^^^^^^^^^^^^^^^^^^^^^^^^^^^^^^^^^^^^^^^^^^^^^^^^^^^^^
2026-06-16 01:44:08.661 8 ERROR ovsdbapp.backend.ovs_idl.command
File "/var/lib/openstack/lib/python3.12/site-packages/ovsdbapp/backend/ovs_idl/idlutils.py", line 114, in row_by_value
2026-06-16 01:44:08.661 8 ERROR ovsdbapp.backend.ovs_idl.command raise RowNotFound(table=table, col=column, match=match)
2026-06-16 01:44:08.661 8 ERROR ovsdbapp.backend.ovs_idl.command ovsdbapp.backend.ovs_idl.idlutils.RowNotFound: Cannot find Logical_Switch_Port with name=413430a1-2952-4331-8c5f-685b7c9d765a
2026-06-16 01:44:08.661 8 ERROR ovsdbapp.backend.ovs_idl.command
2026-06-16 01:44:08.669 8 ERROR ovsdbapp.event [None req-660c5abd-2132-4cff-b237-b443cbb1f61d - - - - - -] Unexpected exception in notify_loop: ovsdbapp.backend.ovs_idl.idlutils.RowNotFound: Cannot find Logical_Switch_Port with name=413430a1-2952-4331-8c5f-685b7c9d765a
2026-06-16 01:44:08.669 8 ERROR ovsdbapp.event
Traceback (most recent call last):
2026-06-16 01:44:08.669 8 ERROR ovsdbapp.event
File "/var/lib/openstack/lib/python3.12/site-packages/ovsdbapp/event.py", line 177, in notify_loop
2026-06-16 01:44:08.669 8 ERROR ovsdbapp.event match.run(event, row, updates)
2026-06-16 01:44:08.669 8 ERROR ovsdbapp.event
File "/var/lib/openstack/lib/python3.12/site-packages/neutron/plugins/ml2/drivers/ovn/mech_driver/ovsdb/ovsdb_monitor.py", line 481, in run
2026-06-16 01:44:08.669 8 ERROR ovsdbapp.event self.driver.set_port_status_down(row.name)
2026-06-16 01:44:08.669 8 ERROR ovsdbapp.event
File "/var/lib/openstack/lib/python3.12/site-packages/neutron/plugins/ml2/drivers/ovn/mech_driver/mech_driver.py", line 1386, in set_port_status_down
2026-06-16 01:44:08.669 8 ERROR ovsdbapp.event self._ovn_client.update_lsp_host_info(
2026-06-16 01:44:08.669 8 ERROR ovsdbapp.event
File "/var/lib/openstack/lib/python3.12/site-packages/neutron/plugins/ml2/drivers/ovn/mech_driver/ovsdb/ovn_client.py", line 312, in update_lsp_host_info
2026-06-16 01:44:08.669 8 ERROR ovsdbapp.event port_up = self._nb_idl.lsp_get_up(db_port.id).execute(
2026-06-16 01:44:08.669 8 ERROR ovsdbapp.event ^^^^^^^^^^^^^^^^^^^^^^^^^^^^^^^^^^^^^^^^^^^^
2026-06-16 01:44:08.669 8 ERROR ovsdbapp.event
File "/var/lib/openstack/lib/python3.12/site-packages/ovsdbapp/backend/ovs_idl/command.py", line 47, in execute
2026-06-16 01:44:08.669 8 ERROR ovsdbapp.event self.run_idl(None)
2026-06-16 01:44:08.669 8 ERROR ovsdbapp.event
File "/var/lib/openstack/lib/python3.12/site-packages/ovsdbapp/schema/ovn_northbound/commands.py", line 681, in run_idl
2026-06-16 01:44:08.669 8 ERROR ovsdbapp.event lsp = self.api.lookup('Logical_Switch_Port', self.port)
2026-06-16 01:44:08.669 8 ERROR ovsdbapp.event ^^^^^^^^^^^^^^^^^^^^^^^^^^^^^^^^^^^^^^^^^^^^^^^^^
2026-06-16 01:44:08.669 8 ERROR ovsdbapp.event
File "/var/lib/openstack/lib/python3.12/site-packages/ovsdbapp/backend/ovs_idl/__init__.py", line 184, in lookup
2026-06-16 01:44:08.669 8 ERROR ovsdbapp.event return self._lookup(table, record)
2026-06-16 01:44:08.669 8 ERROR ovsdbapp.event ^^^^^^^^^^^^^^^^^^^^^^^^^^^
2026-06-16 01:44:08.669 8 ERROR ovsdbapp.event
File "/var/lib/openstack/lib/python3.12/site-packages/ovsdbapp/backend/ovs_idl/__init__.py", line 235, in _lookup
2026-06-16 01:44:08.669 8 ERROR ovsdbapp.event row = idlutils.row_by_value(self, rl.table, rl.column, record)
2026-06-16 01:44:08.669 8 ERROR ovsdbapp.event ^^^^^^^^^^^^^^^^^^^^^^^^^^^^^^^^^^^^^^^^^^^^^^^^^^^^^^^^
2026-06-16 01:44:08.669 8 ERROR ovsdbapp.event
File "/var/lib/openstack/lib/python3.12/site-packages/ovsdbapp/backend/ovs_idl/idlutils.py", line 114, in row_by_value
2026-06-16 01:44:08.669 8 ERROR ovsdbapp.event raise RowNotFound(table=table, col=column, match=match)
2026-06-16 01:44:08.669 8 ERROR ovsdbapp.event ovsdbapp.backend.ovs_idl.idlutils.RowNotFound: Cannot find Logical_Switch_Port with name=413430a1-2952-4331-8c5f-685b7c9d765a
2026-06-16 01:44:08.669 8 ERROR ovsdbapp.event [pid: 8|app: 0|req: 720/1509] 10.0.0.38 () {34 vars in 989 bytes} [Tue Jun 16 01:44:08 2026] GET /v2.0/ports?device_id=94508495-fb88-4566-b8d1-4a8678091760 => generated 971 bytes in 147 msecs (HTTP/1.1 200) 4 headers in 157 bytes (1 switches on core 0)
2026-06-16 01:44:08.701 8 INFO neutron.plugins.ml2.drivers.ovn.mech_driver.mech_driver [None req-660c5abd-2132-4cff-b237-b443cbb1f61d - - - - - -] OVN reports status down for port: 3cea61b1-35da-4aca-86e7-f7719c603925 /var/lib/openstack/lib/python3.12/site-packages/pycadf/identifier.py:70: UserWarning: Invalid uuid: neutron. To ensure interoperability, identifiers should be a valid uuid. warnings.warn(('Invalid uuid: %s. To ensure interoperability, ' [pid: 7|app: 0|req: 790/1510] 10.0.0.3 () {32 vars in 724 bytes} [Tue Jun 16 01:44:08 2026] DELETE /v2.0/networks/c427bf30-462f-459f-a041-88e30da071a7 => generated 0 bytes in 421 msecs (HTTP/1.1 204) 3 headers in 131 bytes (1 switches on core 0) [pid: 7|app: 0|req: 791/1511] 10.0.0.38 () {34 vars in 1039 bytes} [Tue Jun 16 01:44:08 2026] GET /v2.0/security-groups?id=6bc60342-fc7d-4a2d-b0cd-5810d5a4285a&fields=id&fields=name => generated 88 bytes in 36 msecs (HTTP/1.1 200) 4 headers in 156 bytes (1 switches on core 0)
2026-06-16 01:44:08.872 8 INFO neutron.plugins.ml2.drivers.ovn.mech_driver.mech_driver [None req-660c5abd-2132-4cff-b237-b443cbb1f61d - - - - - -] OVN reports status down for port: 872ff880-3a7f-4ffb-b83c-e4a11b39e985
2026-06-16 01:44:08.888 8 INFO neutron.plugins.ml2.drivers.ovn.mech_driver.mech_driver [None req-660c5abd-2132-4cff-b237-b443cbb1f61d - - - - - -] OVN reports status down for port: 88862c87-6dc8-47b3-8467-2fdf82c1e7fc
2026-06-16 01:44:08.964 7 INFO neutron_taas.services.taas.taas_plugin [None req-22f7b6b9-8f46-409b-8798-a03607c0b746 d9611f09a8df43deb959c273490ef321 12ad4ef5d3c84f7ea8132843d917cf0a - - default default] TaaS: Handle Delete Port: 3cea61b1-35da-4aca-86e7-f7719c603925
2026-06-16 01:44:08.967 7 INFO neutron_taas.services.taas.tap_mirror_plugin [None req-22f7b6b9-8f46-409b-8798-a03607c0b746 d9611f09a8df43deb959c273490ef321 12ad4ef5d3c84f7ea8132843d917cf0a - - default default] Tap Mirror: Handle Delete Port: 3cea61b1-35da-4aca-86e7-f7719c603925
2026-06-16 01:44:09.036 8 INFO neutron.plugins.ml2.drivers.ovn.mech_driver.mech_driver [None req-660c5abd-2132-4cff-b237-b443cbb1f61d - - - - - -] OVN reports status down for port: b8dc30d1-2a98-4e90-9da2-9c90f2f32d1a [pid: 7|app: 0|req: 792/1512] 10.0.0.3 () {32 vars in 724 bytes} [Tue Jun 16 01:44:08 2026] DELETE /v2.0/networks/69069708-c106-4512-aee4-e20ec98b9740 => generated 0 bytes in 368 msecs (HTTP/1.1 204) 3 headers in 131 bytes (1 switches on core 0)
2026-06-16 01:44:09.503 8 INFO neutron.plugins.ml2.drivers.ovn.mech_driver.mech_driver [None req-660c5abd-2132-4cff-b237-b443cbb1f61d - - - - - -] OVN reports status up for port: b8dc30d1-2a98-4e90-9da2-9c90f2f32d1a
2026-06-16 01:44:09.527 8 INFO neutron.plugins.ml2.plugin [None req-660c5abd-2132-4cff-b237-b443cbb1f61d - - - - - -] Attempt 1 to provision port b8dc30d1-2a98-4e90-9da2-9c90f2f32d1a
2026-06-16 01:44:09.546 8 INFO neutron.db.ovn_revision_numbers_db [None req-9ea28299-2c09-4b48-83a3-d921d47f0023 a74ff7bc362c4f06a3cd4f8607dc04c4 5a57eec1a4c045c48ab55d5f058d5e18 - - default default] Successfully bumped revision number for resource b8dc30d1-2a98-4e90-9da2-9c90f2f32d1a (type: ports) to 2 [pid: 7|app: 0|req: 793/1513] 10.0.0.38 () {34 vars in 989 bytes} [Tue Jun 16 01:44:09 2026] GET /v2.0/ports?device_id=f4046575-0367-4360-9224-898c3b83c0e4 => generated 12 bytes in 18 msecs (HTTP/1.1 200) 4 headers in 156 bytes (1 switches on core 0)
2026-06-16 01:44:09.682 7 INFO neutron.services.segments.plugin [-] Segment f5c5b5b4-6c3e-4727-aa44-3104751fc50f resource provider aggregate not found
2026-06-16 01:44:09.699 7 INFO neutron.services.segments.plugin [-] Segment f5c5b5b4-6c3e-4727-aa44-3104751fc50f resource provider aggregate not found
2026-06-16 01:44:09.706 7 INFO neutron.services.segments.plugin [-] Segment f5c5b5b4-6c3e-4727-aa44-3104751fc50f resource provider not found; error: Placement Client Error (4xx): {"errors": [{"status": 404, "title": "Not Found", "detail": "The resource could not be found.\n\n No resource provider with uuid f5c5b5b4-6c3e-4727-aa44-3104751fc50f found for delete ", "request_id": "req-fc3026e2-3c76-4ca1-a1ee-b829c3ac9196"}]}
2026-06-16 01:44:09.723 7 INFO neutron.services.segments.plugin [-] Segment f5c5b5b4-6c3e-4727-aa44-3104751fc50f resource provider not found; error: Placement Client Error (4xx): {"errors": [{"status": 404, "title": "Not Found", "detail": "The resource could not be found.\n\n No resource provider with uuid f5c5b5b4-6c3e-4727-aa44-3104751fc50f found for delete ", "request_id": "req-ac0fed24-08e6-4a2a-897e-e8bc64afc89e"}]}
2026-06-16 01:44:09.735 7 INFO neutron.services.segments.plugin [-] Segment 5198216a-7ce4-454e-acdd-1b4213a607c9 resource provider aggregate not found
2026-06-16 01:44:09.743 7 INFO neutron.services.segments.plugin [-] Segment 5198216a-7ce4-454e-acdd-1b4213a607c9 resource provider aggregate not found
2026-06-16 01:44:09.750 8 INFO neutron.notifiers.nova [-] Nova event matching ['req-99519e94-ed49-4f69-af29-045c63a5d19b'] response: {'server_uuid': '94508495-fb88-4566-b8d1-4a8678091760', 'name': 'network-vif-plugged', 'status': 'completed', 'tag': '22436be6-c429-4c9d-98d3-4f3beb49e08c', 'code': 200}
2026-06-16 01:44:09.751 8 INFO neutron.notifiers.nova [-] Nova event matching ['req-99519e94-ed49-4f69-af29-045c63a5d19b'] response: {'server_uuid': '94508495-fb88-4566-b8d1-4a8678091760', 'name': 'network-vif-plugged', 'status': 'completed', 'tag': '22436be6-c429-4c9d-98d3-4f3beb49e08c', 'code': 200}
2026-06-16 01:44:09.760 7 INFO neutron.services.segments.plugin [-] Segment 5198216a-7ce4-454e-acdd-1b4213a607c9 resource provider not found; error: Placement Client Error (4xx): {"errors": [{"status": 404, "title": "Not Found", "detail": "The resource could not be found.\n\n No resource provider with uuid 5198216a-7ce4-454e-acdd-1b4213a607c9 found for delete ", "request_id": "req-6cb9f529-e8fb-4563-9963-761e339cc71b"}]}
2026-06-16 01:44:09.768 7 INFO neutron.services.segments.plugin [-] Segment 5198216a-7ce4-454e-acdd-1b4213a607c9 resource provider not found; error: Placement Client Error (4xx): {"errors": [{"status": 404, "title": "Not Found", "detail": "The resource could not be found.\n\n No resource provider with uuid 5198216a-7ce4-454e-acdd-1b4213a607c9 found for delete ", "request_id": "req-a47c2eaf-d22f-4a55-8d03-5a4c6770d5da"}]}
2026-06-16 01:44:09.776 7 INFO neutron.services.segments.plugin [-] Segment caeb308b-1311-4b66-b2cf-5c735e5d5aee resource provider aggregate not found
2026-06-16 01:44:09.790 7 INFO neutron.services.segments.plugin [-] Segment caeb308b-1311-4b66-b2cf-5c735e5d5aee resource provider not found; error: Placement Client Error (4xx): {"errors": [{"status": 404, "title": "Not Found", "detail": "The resource could not be found.\n\n No resource provider with uuid caeb308b-1311-4b66-b2cf-5c735e5d5aee found for delete ", "request_id": "req-86d661fe-af48-433d-96b2-9ea475a58955"}]}
2026-06-16 01:44:09.794 7 INFO neutron.services.segments.plugin [-] Segment caeb308b-1311-4b66-b2cf-5c735e5d5aee resource provider aggregate not found
2026-06-16 01:44:09.814 7 INFO neutron.services.segments.plugin [-] Segment caeb308b-1311-4b66-b2cf-5c735e5d5aee resource provider not found; error: Placement Client Error (4xx): {"errors": [{"status": 404, "title": "Not Found", "detail": "The resource could not be found.\n\n No resource provider with uuid caeb308b-1311-4b66-b2cf-5c735e5d5aee found for delete ", "request_id": "req-b7634124-1836-4e60-9112-ed7d39076851"}]} [pid: 7|app: 0|req: 794/1514] 10.0.0.38 () {34 vars in 989 bytes} [Tue Jun 16 01:44:09 2026] GET /v2.0/ports?device_id=94508495-fb88-4566-b8d1-4a8678091760 => generated 971 bytes in 73 msecs (HTTP/1.1 200) 4 headers in 157 bytes (1 switches on core 0) [pid: 7|app: 0|req: 795/1515] 10.0.0.38 () {34 vars in 1039 bytes} [Tue Jun 16 01:44:09 2026] GET /v2.0/security-groups?id=6bc60342-fc7d-4a2d-b0cd-5810d5a4285a&fields=id&fields=name => generated 88 bytes in 42 msecs (HTTP/1.1 200) 4 headers in 156 bytes (1 switches on core 0)
2026-06-16 01:44:10.275 8 INFO neutron.db.ovn_revision_numbers_db [None req-660c5abd-2132-4cff-b237-b443cbb1f61d - - - - - -] Successfully bumped revision number for resource b8dc30d1-2a98-4e90-9da2-9c90f2f32d1a (type: ports) to 3
2026-06-16 01:44:10.399 7 INFO neutron.db.ovn_revision_numbers_db [None req-f0dbba6e-dec7-4c5a-9b17-530555c8d3a9 60dc7a16699946b1b4bad2ae20c75ff3 329f98b4566e47b9bd6fa94f128b6d53 - - default default] Successfully bumped revision number for resource 79231490-b798-4485-8ef8-d1a9e7fce552 (type: security_groups) to 1
2026-06-16 01:44:10.411 7 INFO neutron.db.ovn_revision_numbers_db [None req-f0dbba6e-dec7-4c5a-9b17-530555c8d3a9 60dc7a16699946b1b4bad2ae20c75ff3 329f98b4566e47b9bd6fa94f128b6d53 - - default default] Successfully bumped revision number for resource 64abed7a-bd2a-477e-854b-dbd0616c4ace (type: security_group_rules) to 0
2026-06-16 01:44:10.428 7 INFO neutron.db.ovn_revision_numbers_db [None req-f0dbba6e-dec7-4c5a-9b17-530555c8d3a9 60dc7a16699946b1b4bad2ae20c75ff3 329f98b4566e47b9bd6fa94f128b6d53 - - default default] Successfully bumped revision number for resource 97590887-3021-4d68-93f1-2e9dc133a0e3 (type: security_group_rules) to 0
2026-06-16 01:44:10.443 7 INFO neutron.db.ovn_revision_numbers_db [None req-f0dbba6e-dec7-4c5a-9b17-530555c8d3a9 60dc7a16699946b1b4bad2ae20c75ff3 329f98b4566e47b9bd6fa94f128b6d53 - - default default] Successfully bumped revision number for resource d2549ce5-faca-444b-a083-5603ffea7724 (type: security_group_rules) to 0
2026-06-16 01:44:10.455 7 INFO neutron.db.ovn_revision_numbers_db [None req-f0dbba6e-dec7-4c5a-9b17-530555c8d3a9 60dc7a16699946b1b4bad2ae20c75ff3 329f98b4566e47b9bd6fa94f128b6d53 - - default default] Successfully bumped revision number for resource dee78829-adae-413d-a47d-f8028a35034c (type: security_group_rules) to 0 [pid: 7|app: 0|req: 796/1516] 10.0.0.3 () {32 vars in 772 bytes} [Tue Jun 16 01:44:10 2026] GET /v2.0/security-groups?tenant_id=35c9830e7cee415c8ce6de889a9f9482&name=default => generated 2925 bytes in 470 msecs (HTTP/1.1 200) 4 headers in 158 bytes (1 switches on core 0) [pid: 7|app: 0|req: 797/1517] 10.0.0.3 () {32 vars in 738 bytes} [Tue Jun 16 01:44:10 2026] DELETE /v2.0/security-groups/79231490-b798-4485-8ef8-d1a9e7fce552 => generated 0 bytes in 264 msecs (HTTP/1.1 204) 2 headers in 112 bytes (1 switches on core 0)
2026-06-16 01:44:10.767 8 WARNING neutron.scheduler.dhcp_agent_scheduler [None req-9ea28299-2c09-4b48-83a3-d921d47f0023 a74ff7bc362c4f06a3cd4f8607dc04c4 5a57eec1a4c045c48ab55d5f058d5e18 - - default default] No more DHCP agents
2026-06-16 01:44:10.770 8 WARNING neutron.api.rpc.agentnotifiers.dhcp_rpc_agent_api [None req-9ea28299-2c09-4b48-83a3-d921d47f0023 a74ff7bc362c4f06a3cd4f8607dc04c4 5a57eec1a4c045c48ab55d5f058d5e18 - - default default] Unable to schedule network 85541054-60a7-4a8c-9979-453785372a2c: no agents available; will retry on subsequent port and subnet creation events. [pid: 7|app: 0|req: 798/1518] 10.0.0.38 () {34 vars in 989 bytes} [Tue Jun 16 01:44:10 2026] GET /v2.0/ports?device_id=f4046575-0367-4360-9224-898c3b83c0e4 => generated 12 bytes in 19 msecs (HTTP/1.1 200) 4 headers in 156 bytes (1 switches on core 0)
2026-06-16 01:44:11.082 8 INFO neutron.db.ovn_revision_numbers_db [None req-9ea28299-2c09-4b48-83a3-d921d47f0023 a74ff7bc362c4f06a3cd4f8607dc04c4 5a57eec1a4c045c48ab55d5f058d5e18 - - default default] Successfully bumped revision number for resource b8dc30d1-2a98-4e90-9da2-9c90f2f32d1a (type: router_ports) to 3 [pid: 8|app: 0|req: 721/1519] 10.0.0.3 () {34 vars in 781 bytes} [Tue Jun 16 01:44:08 2026] PUT /v2.0/routers/68c9014b-6600-48ce-b6c8-d0ea394afc60/add_router_interface => generated 309 bytes in 2390 msecs (HTTP/1.1 200) 4 headers in 157 bytes (1 switches on core 0) /var/lib/openstack/lib/python3.12/site-packages/pycadf/identifier.py:70: UserWarning: Invalid uuid: neutron. To ensure interoperability, identifiers should be a valid uuid. warnings.warn(('Invalid uuid: %s. To ensure interoperability, '
2026-06-16 01:44:11.107 7 INFO neutron.db.ovn_revision_numbers_db [None req-169534b8-d22c-4f4e-a3f6-f92f98efe6ff 60dc7a16699946b1b4bad2ae20c75ff3 329f98b4566e47b9bd6fa94f128b6d53 - - default default] Successfully bumped revision number for resource 2ba6dcc0-5f2f-43e9-a6ec-5a2ca9591094 (type: security_groups) to 1
2026-06-16 01:44:11.119 7 INFO neutron.db.ovn_revision_numbers_db [None req-169534b8-d22c-4f4e-a3f6-f92f98efe6ff 60dc7a16699946b1b4bad2ae20c75ff3 329f98b4566e47b9bd6fa94f128b6d53 - - default default] Successfully bumped revision number for resource 11889c44-5b05-4eb3-ac1b-34f24757e8a1 (type: security_group_rules) to 0
2026-06-16 01:44:11.131 7 INFO neutron.db.ovn_revision_numbers_db [None req-169534b8-d22c-4f4e-a3f6-f92f98efe6ff 60dc7a16699946b1b4bad2ae20c75ff3 329f98b4566e47b9bd6fa94f128b6d53 - - default default] Successfully bumped revision number for resource 151acfc3-7583-4da8-8ab1-d66be1838149 (type: security_group_rules) to 0 [pid: 8|app: 0|req: 722/1520] 10.0.0.38 () {34 vars in 989 bytes} [Tue Jun 16 01:44:11 2026] GET /v2.0/ports?device_id=94508495-fb88-4566-b8d1-4a8678091760 => generated 971 bytes in 42 msecs (HTTP/1.1 200) 4 headers in 157 bytes (1 switches on core 0)
2026-06-16 01:44:11.144 7 INFO neutron.db.ovn_revision_numbers_db [None req-169534b8-d22c-4f4e-a3f6-f92f98efe6ff 60dc7a16699946b1b4bad2ae20c75ff3 329f98b4566e47b9bd6fa94f128b6d53 - - default default] Successfully bumped revision number for resource aeee2846-21bb-431e-a1fb-774efac31721 (type: security_group_rules) to 0
2026-06-16 01:44:11.154 7 INFO neutron.db.ovn_revision_numbers_db [None req-169534b8-d22c-4f4e-a3f6-f92f98efe6ff 60dc7a16699946b1b4bad2ae20c75ff3 329f98b4566e47b9bd6fa94f128b6d53 - - default default] Successfully bumped revision number for resource e1ba4ef6-c85f-4f43-8279-834eec459e3c (type: security_group_rules) to 0 [pid: 8|app: 0|req: 723/1521] 10.0.0.3 () {32 vars in 715 bytes} [Tue Jun 16 01:44:11 2026] GET /v2.0/ports/b8dc30d1-2a98-4e90-9da2-9c90f2f32d1a => generated 1008 bytes in 37 msecs (HTTP/1.1 200) 4 headers in 158 bytes (1 switches on core 0) [pid: 7|app: 0|req: 799/1522] 10.0.0.3 () {32 vars in 772 bytes} [Tue Jun 16 01:44:10 2026] GET /v2.0/security-groups?tenant_id=d80acf45ae784cc0ab98ff5be2dab442&name=default => generated 2925 bytes in 266 msecs (HTTP/1.1 200) 4 headers in 158 bytes (1 switches on core 0) [pid: 8|app: 0|req: 724/1523] 10.0.0.38 () {34 vars in 1039 bytes} [Tue Jun 16 01:44:11 2026] GET /v2.0/security-groups?id=6bc60342-fc7d-4a2d-b0cd-5810d5a4285a&fields=id&fields=name => generated 88 bytes in 26 msecs (HTTP/1.1 200) 4 headers in 156 bytes (1 switches on core 0) [pid: 8|app: 0|req: 725/1524] 10.0.0.3 () {32 vars in 738 bytes} [Tue Jun 16 01:44:11 2026] DELETE /v2.0/security-groups/2ba6dcc0-5f2f-43e9-a6ec-5a2ca9591094 => generated 0 bytes in 289 msecs (HTTP/1.1 204) 2 headers in 112 bytes (1 switches on core 0) [pid: 8|app: 0|req: 726/1525] 10.0.0.38 () {34 vars in 989 bytes} [Tue Jun 16 01:44:11 2026] GET /v2.0/ports?device_id=94508495-fb88-4566-b8d1-4a8678091760 => generated 971 bytes in 49 msecs (HTTP/1.1 200) 4 headers in 157 bytes (1 switches on core 0)
2026-06-16 01:44:11.576 7 INFO neutron_taas.services.taas.taas_plugin [None req-ace6d083-3576-42ba-8daf-81345da8053c a74ff7bc362c4f06a3cd4f8607dc04c4 5a57eec1a4c045c48ab55d5f058d5e18 - - default default] TaaS: Handle Delete Port: b8dc30d1-2a98-4e90-9da2-9c90f2f32d1a [pid: 8|app: 0|req: 727/1526] 10.0.0.38 () {34 vars in 1039 bytes} [Tue Jun 16 01:44:11 2026] GET /v2.0/security-groups?id=6bc60342-fc7d-4a2d-b0cd-5810d5a4285a&fields=id&fields=name => generated 88 bytes in 30 msecs (HTTP/1.1 200) 4 headers in 156 bytes (1 switches on core 0)
2026-06-16 01:44:11.579 7 INFO neutron_taas.services.taas.tap_mirror_plugin [None req-ace6d083-3576-42ba-8daf-81345da8053c a74ff7bc362c4f06a3cd4f8607dc04c4 5a57eec1a4c045c48ab55d5f058d5e18 - - default default] Tap Mirror: Handle Delete Port: b8dc30d1-2a98-4e90-9da2-9c90f2f32d1a [pid: 8|app: 0|req: 728/1527] 10.0.0.3 () {32 vars in 772 bytes} [Tue Jun 16 01:44:11 2026] GET /v2.0/security-groups?tenant_id=12ad4ef5d3c84f7ea8132843d917cf0a&name=default => generated 2925 bytes in 36 msecs (HTTP/1.1 200) 4 headers in 158 bytes (1 switches on core 0) [pid: 8|app: 0|req: 729/1528] 10.0.0.3 () {32 vars in 738 bytes} [Tue Jun 16 01:44:11 2026] DELETE /v2.0/security-groups/b4ec866f-1a80-42f5-848f-9c90ef40f1cb => generated 0 bytes in 338 msecs (HTTP/1.1 204) 2 headers in 112 bytes (1 switches on core 0) [pid: 7|app: 0|req: 800/1529] 10.0.0.3 () {34 vars in 787 bytes} [Tue Jun 16 01:44:11 2026] PUT /v2.0/routers/68c9014b-6600-48ce-b6c8-d0ea394afc60/remove_router_interface => generated 309 bytes in 854 msecs (HTTP/1.1 200) 4 headers in 157 bytes (1 switches on core 0) [pid: 8|app: 0|req: 730/1530] 10.0.0.38 () {34 vars in 989 bytes} [Tue Jun 16 01:44:12 2026] GET /v2.0/ports?device_id=f4046575-0367-4360-9224-898c3b83c0e4 => generated 12 bytes in 27 msecs (HTTP/1.1 200) 4 headers in 156 bytes (1 switches on core 0) /var/lib/openstack/lib/python3.12/site-packages/pycadf/identifier.py:70: UserWarning: Invalid uuid: neutron. To ensure interoperability, identifiers should be a valid uuid. warnings.warn(('Invalid uuid: %s. To ensure interoperability, '
2026-06-16 01:44:12.107 7 INFO neutron.api.v2.resource [None req-5ce6f97a-937d-483f-8eab-8190e7397e64 a74ff7bc362c4f06a3cd4f8607dc04c4 5a57eec1a4c045c48ab55d5f058d5e18 - - default default] remove_router_interface failed (client error): The resource could not be found. [pid: 7|app: 0|req: 801/1531] 10.0.0.3 () {34 vars in 787 bytes} [Tue Jun 16 01:44:12 2026] PUT /v2.0/routers/68c9014b-6600-48ce-b6c8-d0ea394afc60/remove_router_interface => generated 197 bytes in 61 msecs (HTTP/1.1 404) 4 headers in 164 bytes (1 switches on core 0) [pid: 8|app: 0|req: 731/1532] 10.0.0.3 () {32 vars in 734 bytes} [Tue Jun 16 01:44:12 2026] GET /v2.0/ports?device_id=68c9014b-6600-48ce-b6c8-d0ea394afc60 => generated 12 bytes in 25 msecs (HTTP/1.1 200) 4 headers in 156 bytes (1 switches on core 0) [pid: 7|app: 0|req: 802/1533] 10.0.0.3 () {32 vars in 722 bytes} [Tue Jun 16 01:44:12 2026] DELETE /v2.0/routers/68c9014b-6600-48ce-b6c8-d0ea394afc60 => generated 0 bytes in 227 msecs (HTTP/1.1 204) 2 headers in 112 bytes (1 switches on core 0) [pid: 8|app: 0|req: 732/1534] 10.0.0.3 () {32 vars in 722 bytes} [Tue Jun 16 01:44:12 2026] DELETE /v2.0/subnets/5cc31512-68de-4c88-8c12-6c3cb94c8b43 => generated 0 bytes in 190 msecs (HTTP/1.1 204) 3 headers in 131 bytes (1 switches on core 0) [pid: 8|app: 0|req: 733/1535] 10.0.0.38 () {34 vars in 989 bytes} [Tue Jun 16 01:44:12 2026] GET /v2.0/ports?device_id=94508495-fb88-4566-b8d1-4a8678091760 => generated 971 bytes in 30 msecs (HTTP/1.1 200) 4 headers in 157 bytes (1 switches on core 0) [pid: 8|app: 0|req: 734/1536] 10.0.0.38 () {34 vars in 1039 bytes} [Tue Jun 16 01:44:12 2026] GET /v2.0/security-groups?id=6bc60342-fc7d-4a2d-b0cd-5810d5a4285a&fields=id&fields=name => generated 88 bytes in 30 msecs (HTTP/1.1 200) 4 headers in 156 bytes (1 switches on core 0)
2026-06-16 01:44:12.726 7 INFO neutron_taas.services.taas.taas_plugin [None req-be9d5a5c-2176-4426-88f5-a4dbb29f597b a74ff7bc362c4f06a3cd4f8607dc04c4 5a57eec1a4c045c48ab55d5f058d5e18 - - default default] TaaS: Handle Delete Port: 88862c87-6dc8-47b3-8467-2fdf82c1e7fc
2026-06-16 01:44:12.730 7 INFO neutron_taas.services.taas.tap_mirror_plugin [None req-be9d5a5c-2176-4426-88f5-a4dbb29f597b a74ff7bc362c4f06a3cd4f8607dc04c4 5a57eec1a4c045c48ab55d5f058d5e18 - - default default] Tap Mirror: Handle Delete Port: 88862c87-6dc8-47b3-8467-2fdf82c1e7fc
2026-06-16 01:44:13.001 7 INFO neutron.services.segments.plugin [-] Segment 1b1cad64-a2f6-4f73-a076-0a4f028a06bf resource provider aggregate not found
2026-06-16 01:44:13.005 7 INFO neutron.services.segments.plugin [-] Segment 1b1cad64-a2f6-4f73-a076-0a4f028a06bf resource provider aggregate not found
2026-06-16 01:44:13.021 7 INFO neutron.services.segments.plugin [-] Segment 1b1cad64-a2f6-4f73-a076-0a4f028a06bf resource provider not found; error: Placement Client Error (4xx): {"errors": [{"status": 404, "title": "Not Found", "detail": "The resource could not be found.\n\n No resource provider with uuid 1b1cad64-a2f6-4f73-a076-0a4f028a06bf found for delete ", "request_id": "req-9ee1111a-a9cb-4665-8074-406ab9f97579"}]}
2026-06-16 01:44:13.025 7 INFO neutron.services.segments.plugin [-] Segment 1b1cad64-a2f6-4f73-a076-0a4f028a06bf resource provider not found; error: Placement Client Error (4xx): {"errors": [{"status": 404, "title": "Not Found", "detail": "The resource could not be found.\n\n No resource provider with uuid 1b1cad64-a2f6-4f73-a076-0a4f028a06bf found for delete ", "request_id": "req-20c39c95-3543-4fe5-b629-aeae3d97aa5a"}]} [pid: 7|app: 0|req: 803/1537] 10.0.0.3 () {32 vars in 724 bytes} [Tue Jun 16 01:44:12 2026] DELETE /v2.0/networks/85541054-60a7-4a8c-9979-453785372a2c => generated 0 bytes in 500 msecs (HTTP/1.1 204) 3 headers in 131 bytes (1 switches on core 0)
2026-06-16 01:44:13.182 8 INFO neutron.db.segments_db [None req-d94c1f5e-1111-40e1-8f2a-728cc47118a5 a74ff7bc362c4f06a3cd4f8607dc04c4 5a57eec1a4c045c48ab55d5f058d5e18 - - default default] Added segment 856dba5d-2f2b-4e58-8c4b-7cff324caf0b of type geneve for network 91ae13a5-e2d9-4dd1-b54c-89893bf8c19d
2026-06-16 01:44:13.352 8 INFO neutron.db.ovn_revision_numbers_db [None req-d94c1f5e-1111-40e1-8f2a-728cc47118a5 a74ff7bc362c4f06a3cd4f8607dc04c4 5a57eec1a4c045c48ab55d5f058d5e18 - - default default] Successfully bumped revision number for resource 91ae13a5-e2d9-4dd1-b54c-89893bf8c19d (type: networks) to 1 [pid: 7|app: 0|req: 804/1538] 10.0.0.3 () {32 vars in 738 bytes} [Tue Jun 16 01:44:13 2026] DELETE /v2.0/security-groups/8e979f12-5808-4780-a5de-c1e5912c0a45 => generated 0 bytes in 227 msecs (HTTP/1.1 204) 2 headers in 112 bytes (1 switches on core 0)
2026-06-16 01:44:13.368 7 INFO neutron.api.v2.resource [None req-10cdd7a1-cd2a-43ed-a432-7f8dcff60c5c 71ec08042da74b229b05fca61527dd5a 21c86b4a8e65498d8fae70735a35977a - - default default] show failed (client error): The resource could not be found. [pid: 7|app: 0|req: 805/1539] 10.0.0.3 () {32 vars in 735 bytes} [Tue Jun 16 01:44:13 2026] GET /v2.0/security-groups/8e979f12-5808-4780-a5de-c1e5912c0a45 => generated 146 bytes in 10 msecs (HTTP/1.1 404) 4 headers in 164 bytes (1 switches on core 0)
2026-06-16 01:44:13.499 8 WARNING neutron.scheduler.dhcp_agent_scheduler [None req-d94c1f5e-1111-40e1-8f2a-728cc47118a5 a74ff7bc362c4f06a3cd4f8607dc04c4 5a57eec1a4c045c48ab55d5f058d5e18 - - default default] No more DHCP agents
2026-06-16 01:44:13.500 8 WARNING neutron.api.rpc.agentnotifiers.dhcp_rpc_agent_api [None req-d94c1f5e-1111-40e1-8f2a-728cc47118a5 a74ff7bc362c4f06a3cd4f8607dc04c4 5a57eec1a4c045c48ab55d5f058d5e18 - - default default] Unable to schedule network 91ae13a5-e2d9-4dd1-b54c-89893bf8c19d: no agents available; will retry on subsequent port and subnet creation events.
2026-06-16 01:44:13.503 7 INFO neutron_taas.services.taas.taas_plugin [None req-0fb78a6a-3619-46b2-b7c8-8cb1039d3d74 71ec08042da74b229b05fca61527dd5a 21c86b4a8e65498d8fae70735a35977a - - default default] TaaS: Handle Delete Port: 0d8732bf-0a4b-4d2f-bd4c-898b95d19a6d
2026-06-16 01:44:13.506 7 INFO neutron_taas.services.taas.tap_mirror_plugin [None req-0fb78a6a-3619-46b2-b7c8-8cb1039d3d74 71ec08042da74b229b05fca61527dd5a 21c86b4a8e65498d8fae70735a35977a - - default default] Tap Mirror: Handle Delete Port: 0d8732bf-0a4b-4d2f-bd4c-898b95d19a6d
2026-06-16 01:44:13.603 8 INFO neutron.db.ovn_revision_numbers_db [None req-d94c1f5e-1111-40e1-8f2a-728cc47118a5 a74ff7bc362c4f06a3cd4f8607dc04c4 5a57eec1a4c045c48ab55d5f058d5e18 - - default default] Successfully bumped revision number for resource 28bcd223-17ef-423f-bf3c-ad0a15f15e9c (type: ports) to 1 [pid: 8|app: 0|req: 735/1540] 10.0.0.3 () {34 vars in 668 bytes} [Tue Jun 16 01:44:13 2026] POST /v2.0/networks => generated 629 bytes in 546 msecs (HTTP/1.1 201) 4 headers in 162 bytes (1 switches on core 0) [pid: 7|app: 0|req: 806/1541] 10.0.0.3 () {32 vars in 730 bytes} [Tue Jun 16 01:44:13 2026] DELETE /v2.0/floatingips/e0bc7d53-525d-467b-811b-13d566b39c22 => generated 0 bytes in 341 msecs (HTTP/1.1 204) 2 headers in 112 bytes (1 switches on core 0)
2026-06-16 01:44:13.807 8 WARNING neutron.scheduler.dhcp_agent_scheduler [None req-fdba34c9-a6a0-47f8-8bd4-cb71e139513b a74ff7bc362c4f06a3cd4f8607dc04c4 5a57eec1a4c045c48ab55d5f058d5e18 - - default default] No more DHCP agents
2026-06-16 01:44:13.809 8 WARNING neutron.api.rpc.agentnotifiers.dhcp_rpc_agent_api [None req-fdba34c9-a6a0-47f8-8bd4-cb71e139513b a74ff7bc362c4f06a3cd4f8607dc04c4 5a57eec1a4c045c48ab55d5f058d5e18 - - default default] Unable to schedule network 91ae13a5-e2d9-4dd1-b54c-89893bf8c19d: no agents available; will retry on subsequent port and subnet creation events.
2026-06-16 01:44:14.012 7 INFO neutron_taas.services.taas.taas_plugin [None req-416e91ca-6ab0-4aee-8afa-015327a81a7c 60dc7a16699946b1b4bad2ae20c75ff3 329f98b4566e47b9bd6fa94f128b6d53 - - default default] TaaS: Handle Delete Port: c3a08008-1e03-492f-8e8a-1de37f53fbd1
2026-06-16 01:44:14.015 7 INFO neutron_taas.services.taas.tap_mirror_plugin [None req-416e91ca-6ab0-4aee-8afa-015327a81a7c 60dc7a16699946b1b4bad2ae20c75ff3 329f98b4566e47b9bd6fa94f128b6d53 - - default default] Tap Mirror: Handle Delete Port: c3a08008-1e03-492f-8e8a-1de37f53fbd1
2026-06-16 01:44:14.313 8 INFO neutron.db.ovn_revision_numbers_db [None req-13bd057b-0ad8-4444-a483-ee338f7c837a - - - - - -] Successfully bumped revision number for resource 28bcd223-17ef-423f-bf3c-ad0a15f15e9c (type: ports) to 2
2026-06-16 01:44:14.339 8 INFO neutron.db.ovn_revision_numbers_db [None req-13bd057b-0ad8-4444-a483-ee338f7c837a - - - - - -] Successfully bumped revision number for resource 00f7f412-3b37-43cf-bd08-e12649cc1cd7 (type: subnets) to 0 [pid: 8|app: 0|req: 736/1542] 10.0.0.3 () {34 vars in 667 bytes} [Tue Jun 16 01:44:13 2026] POST /v2.0/subnets => generated 626 bytes in 727 msecs (HTTP/1.1 201) 4 headers in 162 bytes (1 switches on core 0) [pid: 8|app: 0|req: 737/1543] 199.19.213.154 () {34 vars in 994 bytes} [Tue Jun 16 01:44:14 2026] GET /v2.0/ports?device_id=94508495-fb88-4566-b8d1-4a8678091760 => generated 971 bytes in 73 msecs (HTTP/1.1 200) 4 headers in 157 bytes (1 switches on core 0) [pid: 8|app: 0|req: 738/1544] 10.0.0.38 () {34 vars in 989 bytes} [Tue Jun 16 01:44:14 2026] GET /v2.0/ports?device_id=94508495-fb88-4566-b8d1-4a8678091760 => generated 971 bytes in 52 msecs (HTTP/1.1 200) 4 headers in 157 bytes (1 switches on core 0)
2026-06-16 01:44:14.624 8 INFO neutron.db.ovn_revision_numbers_db [None req-ce612b17-2992-4299-9c78-54ad5d8d5348 a74ff7bc362c4f06a3cd4f8607dc04c4 5a57eec1a4c045c48ab55d5f058d5e18 - - default default] Successfully bumped revision number for resource 039ee534-1a70-4503-ba01-1f6af79fe41b (type: routers) to 1 [pid: 8|app: 0|req: 739/1545] 10.0.0.3 () {34 vars in 667 bytes} [Tue Jun 16 01:44:14 2026] POST /v2.0/routers => generated 602 bytes in 152 msecs (HTTP/1.1 201) 4 headers in 162 bytes (1 switches on core 0) [pid: 7|app: 0|req: 807/1546] 10.0.0.3 () {34 vars in 787 bytes} [Tue Jun 16 01:44:13 2026] PUT /v2.0/routers/e72c20b3-d6d3-4171-842b-87950b9b5a5d/remove_router_interface => generated 309 bytes in 1001 msecs (HTTP/1.1 200) 4 headers in 157 bytes (1 switches on core 0) /var/lib/openstack/lib/python3.12/site-packages/pycadf/identifier.py:70: UserWarning: Invalid uuid: neutron. To ensure interoperability, identifiers should be a valid uuid. warnings.warn(('Invalid uuid: %s. To ensure interoperability, ' [pid: 7|app: 0|req: 808/1547] 10.0.0.38 () {34 vars in 1039 bytes} [Tue Jun 16 01:44:14 2026] GET /v2.0/security-groups?id=6bc60342-fc7d-4a2d-b0cd-5810d5a4285a&fields=id&fields=name => generated 88 bytes in 27 msecs (HTTP/1.1 200) 4 headers in 156 bytes (1 switches on core 0)
2026-06-16 01:44:14.802 8 INFO neutron_taas.services.taas.taas_plugin [req-f7d68ba7-df0c-4097-83f7-cab86035b554 req-55b72c53-06f5-4c9f-95be-6dd72d703b1e d205ca67bb864473815ce49ecaa59818 9ecfccf3740c4b51ae55722d5a526925 - - default default] TaaS: Handle Delete Port: 22436be6-c429-4c9d-98d3-4f3beb49e08c
2026-06-16 01:44:14.807 8 INFO neutron_taas.services.taas.tap_mirror_plugin [req-f7d68ba7-df0c-4097-83f7-cab86035b554 req-55b72c53-06f5-4c9f-95be-6dd72d703b1e d205ca67bb864473815ce49ecaa59818 9ecfccf3740c4b51ae55722d5a526925 - - default default] Tap Mirror: Handle Delete Port: 22436be6-c429-4c9d-98d3-4f3beb49e08c [pid: 8|app: 0|req: 740/1548] 199.19.213.154 () {36 vars in 997 bytes} [Tue Jun 16 01:44:14 2026] DELETE /v2.0/ports/22436be6-c429-4c9d-98d3-4f3beb49e08c => generated 0 bytes in 346 msecs (HTTP/1.1 204) 3 headers in 131 bytes (1 switches on core 0)
2026-06-16 01:44:15.031 8 INFO neutron.notifiers.nova [-] Nova event matching ['req-4d9cbf43-b0a6-499f-8066-32e1911878b6'] response: {'server_uuid': '94508495-fb88-4566-b8d1-4a8678091760', 'name': 'network-vif-deleted', 'tag': '22436be6-c429-4c9d-98d3-4f3beb49e08c', 'status': 'completed', 'code': 200}
2026-06-16 01:44:15.131 7 WARNING neutron.scheduler.dhcp_agent_scheduler [None req-8710a34d-8f95-4b46-ae03-134fe67ea3da a74ff7bc362c4f06a3cd4f8607dc04c4 5a57eec1a4c045c48ab55d5f058d5e18 - - default default] No more DHCP agents
2026-06-16 01:44:15.132 7 WARNING neutron.api.rpc.agentnotifiers.dhcp_rpc_agent_api [None req-8710a34d-8f95-4b46-ae03-134fe67ea3da a74ff7bc362c4f06a3cd4f8607dc04c4 5a57eec1a4c045c48ab55d5f058d5e18 - - default default] Unable to schedule network 91ae13a5-e2d9-4dd1-b54c-89893bf8c19d: no agents available; will retry on subsequent port and subnet creation events.
2026-06-16 01:44:15.273 7 INFO neutron.db.ovn_revision_numbers_db [None req-8710a34d-8f95-4b46-ae03-134fe67ea3da a74ff7bc362c4f06a3cd4f8607dc04c4 5a57eec1a4c045c48ab55d5f058d5e18 - - default default] Successfully bumped revision number for resource 99797f07-ea6b-4e04-84d3-50007ed208ac (type: ports) to 1
2026-06-16 01:44:15.407 8 INFO neutron_taas.services.taas.taas_plugin [None req-0cb80ba4-7bd7-47a1-a181-da18c1511306 60dc7a16699946b1b4bad2ae20c75ff3 329f98b4566e47b9bd6fa94f128b6d53 - - default default] TaaS: Handle Delete Port: 0c21ef39-8bd3-4ef0-a5cc-6f8a1901ebe4
2026-06-16 01:44:15.411 8 INFO neutron_taas.services.taas.tap_mirror_plugin [None req-0cb80ba4-7bd7-47a1-a181-da18c1511306 60dc7a16699946b1b4bad2ae20c75ff3 329f98b4566e47b9bd6fa94f128b6d53 - - default default] Tap Mirror: Handle Delete Port: 0c21ef39-8bd3-4ef0-a5cc-6f8a1901ebe4 [pid: 8|app: 0|req: 741/1549] 10.0.0.3 () {32 vars in 722 bytes} [Tue Jun 16 01:44:14 2026] DELETE /v2.0/routers/e72c20b3-d6d3-4171-842b-87950b9b5a5d => generated 0 bytes in 971 msecs (HTTP/1.1 204) 2 headers in 112 bytes (1 switches on core 0) [pid: 8|app: 0|req: 742/1550] 10.0.0.38 () {34 vars in 989 bytes} [Tue Jun 16 01:44:15 2026] GET /v2.0/ports?device_id=94508495-fb88-4566-b8d1-4a8678091760 => generated 12 bytes in 21 msecs (HTTP/1.1 200) 4 headers in 156 bytes (1 switches on core 0)
2026-06-16 01:44:16.051 7 WARNING neutron.scheduler.dhcp_agent_scheduler [None req-8710a34d-8f95-4b46-ae03-134fe67ea3da a74ff7bc362c4f06a3cd4f8607dc04c4 5a57eec1a4c045c48ab55d5f058d5e18 - - default default] No more DHCP agents
2026-06-16 01:44:16.053 7 WARNING neutron.api.rpc.agentnotifiers.dhcp_rpc_agent_api [None req-8710a34d-8f95-4b46-ae03-134fe67ea3da a74ff7bc362c4f06a3cd4f8607dc04c4 5a57eec1a4c045c48ab55d5f058d5e18 - - default default] Unable to schedule network 91ae13a5-e2d9-4dd1-b54c-89893bf8c19d: no agents available; will retry on subsequent port and subnet creation events. [pid: 8|app: 0|req: 743/1551] 10.0.0.3 () {32 vars in 722 bytes} [Tue Jun 16 01:44:15 2026] DELETE /v2.0/subnets/f4cf5494-789c-498f-b93f-ef0b73ecd7af => generated 0 bytes in 201 msecs (HTTP/1.1 204) 3 headers in 131 bytes (1 switches on core 0)
2026-06-16 01:44:16.291 7 INFO neutron.db.ovn_revision_numbers_db [None req-8710a34d-8f95-4b46-ae03-134fe67ea3da a74ff7bc362c4f06a3cd4f8607dc04c4 5a57eec1a4c045c48ab55d5f058d5e18 - - default default] Successfully bumped revision number for resource 99797f07-ea6b-4e04-84d3-50007ed208ac (type: router_ports) to 1 [pid: 7|app: 0|req: 809/1552] 10.0.0.3 () {34 vars in 781 bytes} [Tue Jun 16 01:44:14 2026] PUT /v2.0/routers/039ee534-1a70-4503-ba01-1f6af79fe41b/add_router_interface => generated 309 bytes in 1547 msecs (HTTP/1.1 200) 4 headers in 157 bytes (1 switches on core 0)
