2026-04-14 06:53:47.646 8 INFO placement.requestlog [None req-17343fe8-ae85-4e3f-9810-98b539d9e38a 7e74e7c1b2504b7a9a431c1515894304 1f590266ac6d4f83939bc292089900cb - - 4e4ba55ccdbd4761b804ddf84a308b89 4e4ba55ccdbd4761b804ddf84a308b89] 10.0.0.232 "GET /resource_providers/743ef041-3194-4216-bc05-8c3f301b8a1f/aggregates" status: 404 len: 235 microversion: 1.1 [pid: 8|app: 0|req: 541/1085] 10.0.0.232 () {32 vars in 815 bytes} [Tue Apr 14 06:53:47 2026] GET /resource_providers/743ef041-3194-4216-bc05-8c3f301b8a1f/aggregates => generated 235 bytes in 17 msecs (HTTP/1.1 404) 5 headers in 202 bytes (1 switches on core 0)
2026-04-14 06:53:47.668 7 INFO placement.requestlog [None req-eff2dc31-fb1e-40bb-ab50-ab1c9d71d45d 7e74e7c1b2504b7a9a431c1515894304 1f590266ac6d4f83939bc292089900cb - - 4e4ba55ccdbd4761b804ddf84a308b89 4e4ba55ccdbd4761b804ddf84a308b89] 10.0.0.232 "DELETE /resource_providers/743ef041-3194-4216-bc05-8c3f301b8a1f" status: 404 len: 246 microversion: 1.1 [pid: 7|app: 0|req: 545/1086] 10.0.0.232 () {34 vars in 815 bytes} [Tue Apr 14 06:53:47 2026] DELETE /resource_providers/743ef041-3194-4216-bc05-8c3f301b8a1f => generated 246 bytes in 10 msecs (HTTP/1.1 404) 6 headers in 231 bytes (1 switches on core 0)
2026-04-14 06:53:47.684 8 INFO placement.requestlog [None req-ccfa3fb5-ab16-435c-8a95-fe4a19381b3c 7e74e7c1b2504b7a9a431c1515894304 1f590266ac6d4f83939bc292089900cb - - 4e4ba55ccdbd4761b804ddf84a308b89 4e4ba55ccdbd4761b804ddf84a308b89] 10.0.0.232 "DELETE /resource_providers/743ef041-3194-4216-bc05-8c3f301b8a1f" status: 404 len: 246 microversion: 1.1 [pid: 8|app: 0|req: 542/1087] 10.0.0.232 () {34 vars in 815 bytes} [Tue Apr 14 06:53:47 2026] DELETE /resource_providers/743ef041-3194-4216-bc05-8c3f301b8a1f => generated 246 bytes in 22 msecs (HTTP/1.1 404) 6 headers in 231 bytes (1 switches on core 0)
2026-04-14 06:53:48.075 7 INFO placement.requestlog [None req-4f64a9ad-5171-45e9-ac50-d28ac29b0fee 7e74e7c1b2504b7a9a431c1515894304 1f590266ac6d4f83939bc292089900cb - - 4e4ba55ccdbd4761b804ddf84a308b89 4e4ba55ccdbd4761b804ddf84a308b89] 10.0.0.232 "GET /resource_providers/5c6ee4f7-7524-476e-93b7-740fbf79889c/aggregates" status: 404 len: 235 microversion: 1.1 [pid: 7|app: 0|req: 546/1088] 10.0.0.232 () {32 vars in 815 bytes} [Tue Apr 14 06:53:48 2026] GET /resource_providers/5c6ee4f7-7524-476e-93b7-740fbf79889c/aggregates => generated 235 bytes in 11 msecs (HTTP/1.1 404) 5 headers in 202 bytes (1 switches on core 0)
2026-04-14 06:53:48.080 8 INFO placement.requestlog [None req-07be929f-77f1-4b45-ad76-5098be5a12b2 7e74e7c1b2504b7a9a431c1515894304 1f590266ac6d4f83939bc292089900cb - - 4e4ba55ccdbd4761b804ddf84a308b89 4e4ba55ccdbd4761b804ddf84a308b89] 10.0.0.232 "GET /resource_providers/5c6ee4f7-7524-476e-93b7-740fbf79889c/aggregates" status: 404 len: 235 microversion: 1.1 [pid: 8|app: 0|req: 543/1089] 10.0.0.232 () {32 vars in 815 bytes} [Tue Apr 14 06:53:48 2026] GET /resource_providers/5c6ee4f7-7524-476e-93b7-740fbf79889c/aggregates => generated 235 bytes in 12 msecs (HTTP/1.1 404) 5 headers in 202 bytes (1 switches on core 0)
2026-04-14 06:53:48.088 7 INFO placement.requestlog [None req-19bbf3a4-ae85-4f63-a074-6933e4191840 7e74e7c1b2504b7a9a431c1515894304 1f590266ac6d4f83939bc292089900cb - - 4e4ba55ccdbd4761b804ddf84a308b89 4e4ba55ccdbd4761b804ddf84a308b89] 10.0.0.232 "DELETE /resource_providers/5c6ee4f7-7524-476e-93b7-740fbf79889c" status: 404 len: 246 microversion: 1.1 [pid: 7|app: 0|req: 547/1090] 10.0.0.232 () {34 vars in 815 bytes} [Tue Apr 14 06:53:48 2026] DELETE /resource_providers/5c6ee4f7-7524-476e-93b7-740fbf79889c => generated 246 bytes in 7 msecs (HTTP/1.1 404) 6 headers in 231 bytes (1 switches on core 0)
2026-04-14 06:53:48.104 8 INFO placement.requestlog [None req-9cdbfda6-b980-4188-a550-6915ed564d09 7e74e7c1b2504b7a9a431c1515894304 1f590266ac6d4f83939bc292089900cb - - 4e4ba55ccdbd4761b804ddf84a308b89 4e4ba55ccdbd4761b804ddf84a308b89] 10.0.0.232 "DELETE /resource_providers/5c6ee4f7-7524-476e-93b7-740fbf79889c" status: 404 len: 246 microversion: 1.1 [pid: 8|app: 0|req: 544/1091] 10.0.0.232 () {34 vars in 815 bytes} [Tue Apr 14 06:53:48 2026] DELETE /resource_providers/5c6ee4f7-7524-476e-93b7-740fbf79889c => generated 246 bytes in 10 msecs (HTTP/1.1 404) 6 headers in 231 bytes (1 switches on core 0)
2026-04-14 06:53:48.203 7 INFO placement.requestlog [req-93a02a14-bf1f-4531-990e-bd9575d6f930 req-ce152013-af5f-4a62-a6ef-d0153735cdb3 cb0bfc8b91f3485183c86d376ea0d136 1f590266ac6d4f83939bc292089900cb - - 4e4ba55ccdbd4761b804ddf84a308b89 4e4ba55ccdbd4761b804ddf84a308b89] 10.0.0.235 "GET /allocation_candidates?limit=1000&resources=MEMORY_MB%3A2048%2CVCPU%3A2&root_required=%21COMPUTE_STATUS_DISABLED" status: 200 len: 2432 microversion: 1.36 [pid: 7|app: 0|req: 548/1092] 10.0.0.235 () {34 vars in 985 bytes} [Tue Apr 14 06:53:48 2026] GET /allocation_candidates?limit=1000&resources=MEMORY_MB%3A2048%2CVCPU%3A2&root_required=%21COMPUTE_STATUS_DISABLED => generated 2432 bytes in 46 msecs (HTTP/1.1 200) 8 headers in 297 bytes (1 switches on core 0)
2026-04-14 06:53:48.225 8 INFO placement.requestlog [req-93a02a14-bf1f-4531-990e-bd9575d6f930 req-656c8e1b-ee9f-495d-9d9d-0aedeaf3be9e cb0bfc8b91f3485183c86d376ea0d136 1f590266ac6d4f83939bc292089900cb - - 4e4ba55ccdbd4761b804ddf84a308b89 4e4ba55ccdbd4761b804ddf84a308b89] 10.0.0.235 "GET /allocations/0f795242-0c34-478c-a503-025127d0e63c" status: 200 len: 19 microversion: 1.28 [pid: 8|app: 0|req: 545/1093] 10.0.0.235 () {34 vars in 860 bytes} [Tue Apr 14 06:53:48 2026] GET /allocations/0f795242-0c34-478c-a503-025127d0e63c => generated 19 bytes in 11 msecs (HTTP/1.1 200) 8 headers in 295 bytes (1 switches on core 0)
2026-04-14 06:53:48.291 7 INFO placement.requestlog [req-93a02a14-bf1f-4531-990e-bd9575d6f930 req-02aa3887-6aad-4d67-ba96-8bc4c3ba4f80 cb0bfc8b91f3485183c86d376ea0d136 1f590266ac6d4f83939bc292089900cb - - 4e4ba55ccdbd4761b804ddf84a308b89 4e4ba55ccdbd4761b804ddf84a308b89] 10.0.0.235 "PUT /allocations/0f795242-0c34-478c-a503-025127d0e63c" status: 204 len: 0 microversion: 1.36 [pid: 7|app: 0|req: 549/1094] 10.0.0.235 () {38 vars in 913 bytes} [Tue Apr 14 06:53:48 2026] PUT /allocations/0f795242-0c34-478c-a503-025127d0e63c => generated 0 bytes in 60 msecs (HTTP/1.1 204) 5 headers in 199 bytes (1 switches on core 0)
2026-04-14 06:53:49.691 8 INFO placement.requestlog [None req-e452c488-740f-4be7-8318-a589d5110851 7e74e7c1b2504b7a9a431c1515894304 1f590266ac6d4f83939bc292089900cb - - 4e4ba55ccdbd4761b804ddf84a308b89 4e4ba55ccdbd4761b804ddf84a308b89] 10.0.0.232 "GET /resource_providers/a832bbbb-d381-4307-b4e9-20f0d7ca5ae8/aggregates" status: 404 len: 235 microversion: 1.1 [pid: 8|app: 0|req: 546/1095] 10.0.0.232 () {32 vars in 815 bytes} [Tue Apr 14 06:53:49 2026] GET /resource_providers/a832bbbb-d381-4307-b4e9-20f0d7ca5ae8/aggregates => generated 235 bytes in 11 msecs (HTTP/1.1 404) 5 headers in 202 bytes (1 switches on core 0)
2026-04-14 06:53:49.719 7 INFO placement.requestlog [None req-ddf07470-fcb6-45e8-94a0-cfce34e07b41 7e74e7c1b2504b7a9a431c1515894304 1f590266ac6d4f83939bc292089900cb - - 4e4ba55ccdbd4761b804ddf84a308b89 4e4ba55ccdbd4761b804ddf84a308b89] 10.0.0.232 "GET /resource_providers/a832bbbb-d381-4307-b4e9-20f0d7ca5ae8/aggregates" status: 404 len: 235 microversion: 1.1 [pid: 7|app: 0|req: 550/1096] 10.0.0.232 () {32 vars in 815 bytes} [Tue Apr 14 06:53:49 2026] GET /resource_providers/a832bbbb-d381-4307-b4e9-20f0d7ca5ae8/aggregates => generated 235 bytes in 15 msecs (HTTP/1.1 404) 5 headers in 202 bytes (1 switches on core 0)
2026-04-14 06:53:49.723 8 INFO placement.requestlog [None req-13eab790-f919-4c5d-a794-d69b5840b864 7e74e7c1b2504b7a9a431c1515894304 1f590266ac6d4f83939bc292089900cb - - 4e4ba55ccdbd4761b804ddf84a308b89 4e4ba55ccdbd4761b804ddf84a308b89] 10.0.0.232 "DELETE /resource_providers/a832bbbb-d381-4307-b4e9-20f0d7ca5ae8" status: 404 len: 246 microversion: 1.1 [pid: 8|app: 0|req: 547/1097] 10.0.0.232 () {34 vars in 815 bytes} [Tue Apr 14 06:53:49 2026] DELETE /resource_providers/a832bbbb-d381-4307-b4e9-20f0d7ca5ae8 => generated 246 bytes in 12 msecs (HTTP/1.1 404) 6 headers in 231 bytes (1 switches on core 0)
2026-04-14 06:53:49.739 7 INFO placement.requestlog [None req-26baac10-1c0a-40b7-bd27-de48984bacf8 7e74e7c1b2504b7a9a431c1515894304 1f590266ac6d4f83939bc292089900cb - - 4e4ba55ccdbd4761b804ddf84a308b89 4e4ba55ccdbd4761b804ddf84a308b89] 10.0.0.232 "DELETE /resource_providers/a832bbbb-d381-4307-b4e9-20f0d7ca5ae8" status: 404 len: 246 microversion: 1.1 [pid: 7|app: 0|req: 551/1098] 10.0.0.232 () {34 vars in 815 bytes} [Tue Apr 14 06:53:49 2026] DELETE /resource_providers/a832bbbb-d381-4307-b4e9-20f0d7ca5ae8 => generated 246 bytes in 10 msecs (HTTP/1.1 404) 6 headers in 231 bytes (1 switches on core 0)
2026-04-14 06:53:49.747 8 INFO placement.requestlog [None req-2ef981c1-000f-4456-a80e-30e844280ae0 7e74e7c1b2504b7a9a431c1515894304 1f590266ac6d4f83939bc292089900cb - - 4e4ba55ccdbd4761b804ddf84a308b89 4e4ba55ccdbd4761b804ddf84a308b89] 10.0.0.232 "GET /resource_providers/e8524b86-2f27-45fb-99be-67216fd7e57c/aggregates" status: 404 len: 235 microversion: 1.1 [pid: 8|app: 0|req: 548/1099] 10.0.0.232 () {32 vars in 815 bytes} [Tue Apr 14 06:53:49 2026] GET /resource_providers/e8524b86-2f27-45fb-99be-67216fd7e57c/aggregates => generated 235 bytes in 16 msecs (HTTP/1.1 404) 5 headers in 202 bytes (1 switches on core 0)
2026-04-14 06:53:49.759 7 INFO placement.requestlog [None req-60f1bfe9-7b36-4e20-b741-e0c7bf6e77a4 7e74e7c1b2504b7a9a431c1515894304 1f590266ac6d4f83939bc292089900cb - - 4e4ba55ccdbd4761b804ddf84a308b89 4e4ba55ccdbd4761b804ddf84a308b89] 10.0.0.232 "GET /resource_providers/e8524b86-2f27-45fb-99be-67216fd7e57c/aggregates" status: 404 len: 235 microversion: 1.1 [pid: 7|app: 0|req: 552/1100] 10.0.0.232 () {32 vars in 815 bytes} [Tue Apr 14 06:53:49 2026] GET /resource_providers/e8524b86-2f27-45fb-99be-67216fd7e57c/aggregates => generated 235 bytes in 8 msecs (HTTP/1.1 404) 5 headers in 202 bytes (1 switches on core 0)
2026-04-14 06:53:49.762 8 INFO placement.requestlog [None req-fba9ca24-cdce-4a82-bb13-36e5a8f77c5e 7e74e7c1b2504b7a9a431c1515894304 1f590266ac6d4f83939bc292089900cb - - 4e4ba55ccdbd4761b804ddf84a308b89 4e4ba55ccdbd4761b804ddf84a308b89] 10.0.0.232 "DELETE /resource_providers/e8524b86-2f27-45fb-99be-67216fd7e57c" status: 404 len: 246 microversion: 1.1 [pid: 8|app: 0|req: 549/1101] 10.0.0.232 () {34 vars in 815 bytes} [Tue Apr 14 06:53:49 2026] DELETE /resource_providers/e8524b86-2f27-45fb-99be-67216fd7e57c => generated 246 bytes in 10 msecs (HTTP/1.1 404) 6 headers in 231 bytes (1 switches on core 0)
2026-04-14 06:53:49.783 7 INFO placement.requestlog [None req-611e5142-a925-4726-a847-67e795bcbd03 7e74e7c1b2504b7a9a431c1515894304 1f590266ac6d4f83939bc292089900cb - - 4e4ba55ccdbd4761b804ddf84a308b89 4e4ba55ccdbd4761b804ddf84a308b89] 10.0.0.232 "DELETE /resource_providers/e8524b86-2f27-45fb-99be-67216fd7e57c" status: 404 len: 246 microversion: 1.1 [pid: 7|app: 0|req: 553/1102] 10.0.0.232 () {34 vars in 815 bytes} [Tue Apr 14 06:53:49 2026] DELETE /resource_providers/e8524b86-2f27-45fb-99be-67216fd7e57c => generated 246 bytes in 8 msecs (HTTP/1.1 404) 6 headers in 231 bytes (1 switches on core 0)
2026-04-14 06:53:49.797 8 INFO placement.requestlog [req-93a02a14-bf1f-4531-990e-bd9575d6f930 req-37d0a6a7-0621-4c03-925b-850293809eef cb0bfc8b91f3485183c86d376ea0d136 1f590266ac6d4f83939bc292089900cb - - 4e4ba55ccdbd4761b804ddf84a308b89 4e4ba55ccdbd4761b804ddf84a308b89] 199.204.45.53 "GET /allocations/0f795242-0c34-478c-a503-025127d0e63c" status: 200 len: 245 microversion: 1.28 [pid: 8|app: 0|req: 550/1103] 199.204.45.53 () {34 vars in 861 bytes} [Tue Apr 14 06:53:49 2026] GET /allocations/0f795242-0c34-478c-a503-025127d0e63c => generated 245 bytes in 13 msecs (HTTP/1.1 200) 8 headers in 296 bytes (1 switches on core 0)
2026-04-14 06:53:50.115 7 INFO placement.requestlog [None req-8d717efb-edb7-4831-b847-8d53600fdb64 7e74e7c1b2504b7a9a431c1515894304 1f590266ac6d4f83939bc292089900cb - - 4e4ba55ccdbd4761b804ddf84a308b89 4e4ba55ccdbd4761b804ddf84a308b89] 10.0.0.232 "GET /resource_providers/75bb8519-ae02-4d37-8565-2ca205918ac2/aggregates" status: 404 len: 235 microversion: 1.1 [pid: 7|app: 0|req: 554/1104] 10.0.0.232 () {32 vars in 815 bytes} [Tue Apr 14 06:53:50 2026] GET /resource_providers/75bb8519-ae02-4d37-8565-2ca205918ac2/aggregates => generated 235 bytes in 9 msecs (HTTP/1.1 404) 5 headers in 202 bytes (1 switches on core 0)
2026-04-14 06:53:50.124 8 INFO placement.requestlog [None req-ad6c180b-2a7b-4943-90b7-220db1094fc6 7e74e7c1b2504b7a9a431c1515894304 1f590266ac6d4f83939bc292089900cb - - 4e4ba55ccdbd4761b804ddf84a308b89 4e4ba55ccdbd4761b804ddf84a308b89] 10.0.0.232 "GET /resource_providers/75bb8519-ae02-4d37-8565-2ca205918ac2/aggregates" status: 404 len: 235 microversion: 1.1 [pid: 8|app: 0|req: 551/1105] 10.0.0.232 () {32 vars in 815 bytes} [Tue Apr 14 06:53:50 2026] GET /resource_providers/75bb8519-ae02-4d37-8565-2ca205918ac2/aggregates => generated 235 bytes in 12 msecs (HTTP/1.1 404) 5 headers in 202 bytes (1 switches on core 0)
2026-04-14 06:53:50.131 7 INFO placement.requestlog [None req-34c49869-aee6-4add-8863-1f3b755ef39a 7e74e7c1b2504b7a9a431c1515894304 1f590266ac6d4f83939bc292089900cb - - 4e4ba55ccdbd4761b804ddf84a308b89 4e4ba55ccdbd4761b804ddf84a308b89] 10.0.0.232 "DELETE /resource_providers/75bb8519-ae02-4d37-8565-2ca205918ac2" status: 404 len: 246 microversion: 1.1 [pid: 7|app: 0|req: 555/1106] 10.0.0.232 () {34 vars in 815 bytes} [Tue Apr 14 06:53:50 2026] DELETE /resource_providers/75bb8519-ae02-4d37-8565-2ca205918ac2 => generated 246 bytes in 7 msecs (HTTP/1.1 404) 6 headers in 231 bytes (1 switches on core 0)
2026-04-14 06:53:50.150 8 INFO placement.requestlog [None req-57094c2c-9afd-43bb-9187-06e5c2c85c40 7e74e7c1b2504b7a9a431c1515894304 1f590266ac6d4f83939bc292089900cb - - 4e4ba55ccdbd4761b804ddf84a308b89 4e4ba55ccdbd4761b804ddf84a308b89] 10.0.0.232 "DELETE /resource_providers/75bb8519-ae02-4d37-8565-2ca205918ac2" status: 404 len: 246 microversion: 1.1 [pid: 8|app: 0|req: 552/1107] 10.0.0.232 () {34 vars in 815 bytes} [Tue Apr 14 06:53:50 2026] DELETE /resource_providers/75bb8519-ae02-4d37-8565-2ca205918ac2 => generated 246 bytes in 10 msecs (HTTP/1.1 404) 6 headers in 231 bytes (1 switches on core 0)
2026-04-14 06:53:50.154 7 INFO placement.requestlog [None req-bff30c35-ca79-4dde-8301-cd77ec2e1ca8 7e74e7c1b2504b7a9a431c1515894304 1f590266ac6d4f83939bc292089900cb - - 4e4ba55ccdbd4761b804ddf84a308b89 4e4ba55ccdbd4761b804ddf84a308b89] 10.0.0.232 "GET /resource_providers/f5929f78-6948-41f2-acf3-d602718f214b/aggregates" status: 404 len: 235 microversion: 1.1 [pid: 7|app: 0|req: 556/1108] 10.0.0.232 () {32 vars in 815 bytes} [Tue Apr 14 06:53:50 2026] GET /resource_providers/f5929f78-6948-41f2-acf3-d602718f214b/aggregates => generated 235 bytes in 6 msecs (HTTP/1.1 404) 5 headers in 202 bytes (1 switches on core 0)
2026-04-14 06:53:50.168 7 INFO placement.requestlog [None req-dcf7ce02-893d-4553-b740-ac21f9f243e4 7e74e7c1b2504b7a9a431c1515894304 1f590266ac6d4f83939bc292089900cb - - 4e4ba55ccdbd4761b804ddf84a308b89 4e4ba55ccdbd4761b804ddf84a308b89] 10.0.0.232 "DELETE /resource_providers/f5929f78-6948-41f2-acf3-d602718f214b" status: 404 len: 246 microversion: 1.1 [pid: 7|app: 0|req: 557/1109] 10.0.0.232 () {34 vars in 815 bytes} [Tue Apr 14 06:53:50 2026] DELETE /resource_providers/f5929f78-6948-41f2-acf3-d602718f214b => generated 246 bytes in 6 msecs (HTTP/1.1 404) 6 headers in 231 bytes (1 switches on core 0)
2026-04-14 06:53:50.172 8 INFO placement.requestlog [None req-2bb68630-1b34-494b-99a4-9e57d539e987 7e74e7c1b2504b7a9a431c1515894304 1f590266ac6d4f83939bc292089900cb - - 4e4ba55ccdbd4761b804ddf84a308b89 4e4ba55ccdbd4761b804ddf84a308b89] 10.0.0.232 "GET /resource_providers/f5929f78-6948-41f2-acf3-d602718f214b/aggregates" status: 404 len: 235 microversion: 1.1 [pid: 8|app: 0|req: 553/1110] 10.0.0.232 () {32 vars in 815 bytes} [Tue Apr 14 06:53:50 2026] GET /resource_providers/f5929f78-6948-41f2-acf3-d602718f214b/aggregates => generated 235 bytes in 11 msecs (HTTP/1.1 404) 5 headers in 202 bytes (1 switches on core 0)
2026-04-14 06:53:50.186 7 INFO placement.requestlog [None req-44731bf0-1665-451f-8d8f-82dca414f46b 7e74e7c1b2504b7a9a431c1515894304 1f590266ac6d4f83939bc292089900cb - - 4e4ba55ccdbd4761b804ddf84a308b89 4e4ba55ccdbd4761b804ddf84a308b89] 10.0.0.232 "GET /resource_providers/8d7291c6-b785-45d2-86e0-8dd29eae7f87/aggregates" status: 404 len: 235 microversion: 1.1 [pid: 7|app: 0|req: 558/1111] 10.0.0.232 () {32 vars in 815 bytes} [Tue Apr 14 06:53:50 2026] GET /resource_providers/8d7291c6-b785-45d2-86e0-8dd29eae7f87/aggregates => generated 235 bytes in 8 msecs (HTTP/1.1 404) 5 headers in 202 bytes (1 switches on core 0)
2026-04-14 06:53:50.188 8 INFO placement.requestlog [None req-6ae19a44-3ad9-42c5-8b05-85b6b4794268 7e74e7c1b2504b7a9a431c1515894304 1f590266ac6d4f83939bc292089900cb - - 4e4ba55ccdbd4761b804ddf84a308b89 4e4ba55ccdbd4761b804ddf84a308b89] 10.0.0.232 "DELETE /resource_providers/f5929f78-6948-41f2-acf3-d602718f214b" status: 404 len: 246 microversion: 1.1 [pid: 8|app: 0|req: 554/1112] 10.0.0.232 () {34 vars in 815 bytes} [Tue Apr 14 06:53:50 2026] DELETE /resource_providers/f5929f78-6948-41f2-acf3-d602718f214b => generated 246 bytes in 8 msecs (HTTP/1.1 404) 6 headers in 231 bytes (1 switches on core 0)
2026-04-14 06:53:50.210 7 INFO placement.requestlog [None req-dfc5bd4b-6e97-4fc4-85d6-83b1c4818696 7e74e7c1b2504b7a9a431c1515894304 1f590266ac6d4f83939bc292089900cb - - 4e4ba55ccdbd4761b804ddf84a308b89 4e4ba55ccdbd4761b804ddf84a308b89] 10.0.0.232 "GET /resource_providers/8d7291c6-b785-45d2-86e0-8dd29eae7f87/aggregates" status: 404 len: 235 microversion: 1.1 [pid: 7|app: 0|req: 559/1113] 10.0.0.232 () {32 vars in 815 bytes} [Tue Apr 14 06:53:50 2026] GET /resource_providers/8d7291c6-b785-45d2-86e0-8dd29eae7f87/aggregates => generated 235 bytes in 7 msecs (HTTP/1.1 404) 5 headers in 202 bytes (1 switches on core 0)
2026-04-14 06:53:50.216 8 INFO placement.requestlog [None req-3e6c8546-aac8-4952-a913-39af96699785 7e74e7c1b2504b7a9a431c1515894304 1f590266ac6d4f83939bc292089900cb - - 4e4ba55ccdbd4761b804ddf84a308b89 4e4ba55ccdbd4761b804ddf84a308b89] 10.0.0.232 "DELETE /resource_providers/8d7291c6-b785-45d2-86e0-8dd29eae7f87" status: 404 len: 246 microversion: 1.1 [pid: 8|app: 0|req: 555/1114] 10.0.0.232 () {34 vars in 815 bytes} [Tue Apr 14 06:53:50 2026] DELETE /resource_providers/8d7291c6-b785-45d2-86e0-8dd29eae7f87 => generated 246 bytes in 13 msecs (HTTP/1.1 404) 6 headers in 231 bytes (1 switches on core 0)
2026-04-14 06:53:50.237 7 INFO placement.requestlog [None req-c2a175a8-e5f0-40b4-80b9-408143b3b5e5 7e74e7c1b2504b7a9a431c1515894304 1f590266ac6d4f83939bc292089900cb - - 4e4ba55ccdbd4761b804ddf84a308b89 4e4ba55ccdbd4761b804ddf84a308b89] 10.0.0.232 "DELETE /resource_providers/8d7291c6-b785-45d2-86e0-8dd29eae7f87" status: 404 len: 246 microversion: 1.1 [pid: 7|app: 0|req: 560/1115] 10.0.0.232 () {34 vars in 815 bytes} [Tue Apr 14 06:53:50 2026] DELETE /resource_providers/8d7291c6-b785-45d2-86e0-8dd29eae7f87 => generated 246 bytes in 10 msecs (HTTP/1.1 404) 6 headers in 231 bytes (1 switches on core 0)
2026-04-14 06:53:50.838 8 INFO placement.requestlog [req-93a02a14-bf1f-4531-990e-bd9575d6f930 req-f18de9f2-37e7-4b4a-bb6d-34bad7887853 cb0bfc8b91f3485183c86d376ea0d136 1f590266ac6d4f83939bc292089900cb - - 4e4ba55ccdbd4761b804ddf84a308b89 4e4ba55ccdbd4761b804ddf84a308b89] 199.204.45.53 "GET /resource_providers/204ac805-c808-41d6-9440-636b091bcf32/allocations" status: 200 len: 340 microversion: 1.0 [pid: 8|app: 0|req: 556/1116] 199.204.45.53 () {32 vars in 855 bytes} [Tue Apr 14 06:53:50 2026] GET /resource_providers/204ac805-c808-41d6-9440-636b091bcf32/allocations => generated 340 bytes in 12 msecs (HTTP/1.1 200) 6 headers in 224 bytes (1 switches on core 0)
2026-04-14 06:53:50.868 7 INFO placement.requestlog [req-93a02a14-bf1f-4531-990e-bd9575d6f930 req-80de8a23-2147-4145-acce-59a7893759b2 cb0bfc8b91f3485183c86d376ea0d136 1f590266ac6d4f83939bc292089900cb - - 4e4ba55ccdbd4761b804ddf84a308b89 4e4ba55ccdbd4761b804ddf84a308b89] 199.204.45.53 "GET /allocations/ee652daa-1f08-4a9a-a543-c02dc7a8afce" status: 200 len: 258 microversion: 1.28 [pid: 7|app: 0|req: 561/1117] 199.204.45.53 () {34 vars in 861 bytes} [Tue Apr 14 06:53:50 2026] GET /allocations/ee652daa-1f08-4a9a-a543-c02dc7a8afce => generated 258 bytes in 26 msecs (HTTP/1.1 200) 8 headers in 296 bytes (1 switches on core 0)
2026-04-14 06:53:50.886 8 INFO placement.requestlog [req-93a02a14-bf1f-4531-990e-bd9575d6f930 req-6c0702e7-018f-4331-a37a-b126187749f9 cb0bfc8b91f3485183c86d376ea0d136 1f590266ac6d4f83939bc292089900cb - - 4e4ba55ccdbd4761b804ddf84a308b89 4e4ba55ccdbd4761b804ddf84a308b89] 199.204.45.53 "GET /allocations/0f795242-0c34-478c-a503-025127d0e63c" status: 200 len: 245 microversion: 1.28 [pid: 8|app: 0|req: 557/1118] 199.204.45.53 () {34 vars in 861 bytes} [Tue Apr 14 06:53:50 2026] GET /allocations/0f795242-0c34-478c-a503-025127d0e63c => generated 245 bytes in 10 msecs (HTTP/1.1 200) 8 headers in 296 bytes (1 switches on core 0)
2026-04-14 06:53:50.904 7 INFO placement.requestlog [req-93a02a14-bf1f-4531-990e-bd9575d6f930 req-b71cdde7-48f6-44b9-928a-84072082c50f cb0bfc8b91f3485183c86d376ea0d136 1f590266ac6d4f83939bc292089900cb - - 4e4ba55ccdbd4761b804ddf84a308b89 4e4ba55ccdbd4761b804ddf84a308b89] 199.204.45.53 "GET /allocations/66be69d6-7304-4c90-80b1-89d2d3bcc8c1" status: 200 len: 258 microversion: 1.28 [pid: 7|app: 0|req: 562/1119] 199.204.45.53 () {34 vars in 861 bytes} [Tue Apr 14 06:53:50 2026] GET /allocations/66be69d6-7304-4c90-80b1-89d2d3bcc8c1 => generated 258 bytes in 15 msecs (HTTP/1.1 200) 8 headers in 296 bytes (1 switches on core 0)
2026-04-14 06:53:52.968 8 INFO placement.requestlog [req-253f444b-8c54-4d7d-b289-aea4a8904909 req-ba181089-3e61-4b25-9980-4426250cf886 cb0bfc8b91f3485183c86d376ea0d136 1f590266ac6d4f83939bc292089900cb - - 4e4ba55ccdbd4761b804ddf84a308b89 4e4ba55ccdbd4761b804ddf84a308b89] 199.204.45.53 "GET /resource_providers/204ac805-c808-41d6-9440-636b091bcf32/allocations" status: 200 len: 340 microversion: 1.0 [pid: 8|app: 0|req: 558/1120] 199.204.45.53 () {32 vars in 855 bytes} [Tue Apr 14 06:53:52 2026] GET /resource_providers/204ac805-c808-41d6-9440-636b091bcf32/allocations => generated 340 bytes in 14 msecs (HTTP/1.1 200) 6 headers in 224 bytes (1 switches on core 0)
2026-04-14 06:53:53.008 7 INFO placement.requestlog [req-253f444b-8c54-4d7d-b289-aea4a8904909 req-a5d9e1c1-ecfb-460e-8037-63ef2d7ea636 cb0bfc8b91f3485183c86d376ea0d136 1f590266ac6d4f83939bc292089900cb - - 4e4ba55ccdbd4761b804ddf84a308b89 4e4ba55ccdbd4761b804ddf84a308b89] 199.204.45.53 "GET /resource_providers/204ac805-c808-41d6-9440-636b091bcf32/allocations" status: 200 len: 340 microversion: 1.0 [pid: 7|app: 0|req: 563/1121] 199.204.45.53 () {32 vars in 855 bytes} [Tue Apr 14 06:53:52 2026] GET /resource_providers/204ac805-c808-41d6-9440-636b091bcf32/allocations => generated 340 bytes in 32 msecs (HTTP/1.1 200) 6 headers in 224 bytes (1 switches on core 0)
2026-04-14 06:53:53.027 8 INFO placement.requestlog [req-253f444b-8c54-4d7d-b289-aea4a8904909 req-7d36d7c4-549c-43b6-a15e-904b5fbd36f0 cb0bfc8b91f3485183c86d376ea0d136 1f590266ac6d4f83939bc292089900cb - - 4e4ba55ccdbd4761b804ddf84a308b89 4e4ba55ccdbd4761b804ddf84a308b89] 199.204.45.53 "GET /allocations/ee652daa-1f08-4a9a-a543-c02dc7a8afce" status: 200 len: 258 microversion: 1.28 [pid: 8|app: 0|req: 559/1122] 199.204.45.53 () {34 vars in 861 bytes} [Tue Apr 14 06:53:53 2026] GET /allocations/ee652daa-1f08-4a9a-a543-c02dc7a8afce => generated 258 bytes in 11 msecs (HTTP/1.1 200) 8 headers in 296 bytes (1 switches on core 0)
2026-04-14 06:53:53.050 7 INFO placement.requestlog [req-253f444b-8c54-4d7d-b289-aea4a8904909 req-dcf7da69-2161-4940-8b53-6800fa5554e2 cb0bfc8b91f3485183c86d376ea0d136 1f590266ac6d4f83939bc292089900cb - - 4e4ba55ccdbd4761b804ddf84a308b89 4e4ba55ccdbd4761b804ddf84a308b89] 199.204.45.53 "GET /allocations/0f795242-0c34-478c-a503-025127d0e63c" status: 200 len: 245 microversion: 1.28 [pid: 7|app: 0|req: 564/1123] 199.204.45.53 () {34 vars in 861 bytes} [Tue Apr 14 06:53:53 2026] GET /allocations/0f795242-0c34-478c-a503-025127d0e63c => generated 245 bytes in 19 msecs (HTTP/1.1 200) 8 headers in 296 bytes (1 switches on core 0)
2026-04-14 06:53:53.070 8 INFO placement.requestlog [req-253f444b-8c54-4d7d-b289-aea4a8904909 req-28ab5aec-bea8-4f49-aedd-3bd9b99505a4 cb0bfc8b91f3485183c86d376ea0d136 1f590266ac6d4f83939bc292089900cb - - 4e4ba55ccdbd4761b804ddf84a308b89 4e4ba55ccdbd4761b804ddf84a308b89] 199.204.45.53 "GET /allocations/66be69d6-7304-4c90-80b1-89d2d3bcc8c1" status: 200 len: 258 microversion: 1.28 [pid: 8|app: 0|req: 560/1124] 199.204.45.53 () {34 vars in 861 bytes} [Tue Apr 14 06:53:53 2026] GET /allocations/66be69d6-7304-4c90-80b1-89d2d3bcc8c1 => generated 258 bytes in 16 msecs (HTTP/1.1 200) 8 headers in 296 bytes (1 switches on core 0)
2026-04-14 06:53:53.176 7 INFO placement.requestlog [None req-d2d55c25-fcd9-409b-9d1e-81a7f91b02ac 7e74e7c1b2504b7a9a431c1515894304 1f590266ac6d4f83939bc292089900cb - - 4e4ba55ccdbd4761b804ddf84a308b89 4e4ba55ccdbd4761b804ddf84a308b89] 10.0.0.232 "GET /resource_providers/cca2802b-6f29-4959-8786-5d262d33e367/aggregates" status: 404 len: 235 microversion: 1.1 [pid: 7|app: 0|req: 565/1125] 10.0.0.232 () {32 vars in 815 bytes} [Tue Apr 14 06:53:53 2026] GET /resource_providers/cca2802b-6f29-4959-8786-5d262d33e367/aggregates => generated 235 bytes in 8 msecs (HTTP/1.1 404) 5 headers in 202 bytes (1 switches on core 0)
2026-04-14 06:53:53.187 8 INFO placement.requestlog [None req-81d4086b-e0a0-4e99-b724-f0c61c018829 7e74e7c1b2504b7a9a431c1515894304 1f590266ac6d4f83939bc292089900cb - - 4e4ba55ccdbd4761b804ddf84a308b89 4e4ba55ccdbd4761b804ddf84a308b89] 10.0.0.232 "GET /resource_providers/cca2802b-6f29-4959-8786-5d262d33e367/aggregates" status: 404 len: 235 microversion: 1.1 [pid: 8|app: 0|req: 561/1126] 10.0.0.232 () {32 vars in 815 bytes} [Tue Apr 14 06:53:53 2026] GET /resource_providers/cca2802b-6f29-4959-8786-5d262d33e367/aggregates => generated 235 bytes in 13 msecs (HTTP/1.1 404) 5 headers in 202 bytes (1 switches on core 0)
2026-04-14 06:53:53.201 7 INFO placement.requestlog [None req-2f708ef9-fbae-4b04-8b1d-994b25e30e43 7e74e7c1b2504b7a9a431c1515894304 1f590266ac6d4f83939bc292089900cb - - 4e4ba55ccdbd4761b804ddf84a308b89 4e4ba55ccdbd4761b804ddf84a308b89] 10.0.0.232 "DELETE /resource_providers/cca2802b-6f29-4959-8786-5d262d33e367" status: 404 len: 246 microversion: 1.1 [pid: 7|app: 0|req: 566/1127] 10.0.0.232 () {34 vars in 815 bytes} [Tue Apr 14 06:53:53 2026] DELETE /resource_providers/cca2802b-6f29-4959-8786-5d262d33e367 => generated 246 bytes in 8 msecs (HTTP/1.1 404) 6 headers in 231 bytes (1 switches on core 0)
2026-04-14 06:53:53.208 8 INFO placement.requestlog [None req-f2c2d722-7f4c-4ed5-819f-9b1b127d68f6 7e74e7c1b2504b7a9a431c1515894304 1f590266ac6d4f83939bc292089900cb - - 4e4ba55ccdbd4761b804ddf84a308b89 4e4ba55ccdbd4761b804ddf84a308b89] 10.0.0.232 "DELETE /resource_providers/cca2802b-6f29-4959-8786-5d262d33e367" status: 404 len: 246 microversion: 1.1 [pid: 8|app: 0|req: 562/1128] 10.0.0.232 () {34 vars in 815 bytes} [Tue Apr 14 06:53:53 2026] DELETE /resource_providers/cca2802b-6f29-4959-8786-5d262d33e367 => generated 246 bytes in 11 msecs (HTTP/1.1 404) 6 headers in 231 bytes (1 switches on core 0)
2026-04-14 06:53:53.571 7 INFO placement.requestlog [None req-51a3b3cc-89ce-495b-8f01-7912dfe13cb6 7e74e7c1b2504b7a9a431c1515894304 1f590266ac6d4f83939bc292089900cb - - 4e4ba55ccdbd4761b804ddf84a308b89 4e4ba55ccdbd4761b804ddf84a308b89] 10.0.0.232 "GET /resource_providers/e94ce71d-fb11-4a80-a825-07e15275fcbe/aggregates" status: 404 len: 235 microversion: 1.1 [pid: 7|app: 0|req: 567/1129] 10.0.0.232 () {32 vars in 815 bytes} [Tue Apr 14 06:53:53 2026] GET /resource_providers/e94ce71d-fb11-4a80-a825-07e15275fcbe/aggregates => generated 235 bytes in 10 msecs (HTTP/1.1 404) 5 headers in 202 bytes (1 switches on core 0)
2026-04-14 06:53:53.572 8 INFO placement.requestlog [None req-e7225072-0660-4075-b793-2417cf045534 7e74e7c1b2504b7a9a431c1515894304 1f590266ac6d4f83939bc292089900cb - - 4e4ba55ccdbd4761b804ddf84a308b89 4e4ba55ccdbd4761b804ddf84a308b89] 10.0.0.232 "GET /resource_providers/e94ce71d-fb11-4a80-a825-07e15275fcbe/aggregates" status: 404 len: 235 microversion: 1.1 [pid: 8|app: 0|req: 563/1130] 10.0.0.232 () {32 vars in 815 bytes} [Tue Apr 14 06:53:53 2026] GET /resource_providers/e94ce71d-fb11-4a80-a825-07e15275fcbe/aggregates => generated 235 bytes in 11 msecs (HTTP/1.1 404) 5 headers in 202 bytes (1 switches on core 0)
2026-04-14 06:53:53.593 7 INFO placement.requestlog [None req-81177e74-08c0-4b2d-8eff-ec38f1b9f2f2 7e74e7c1b2504b7a9a431c1515894304 1f590266ac6d4f83939bc292089900cb - - 4e4ba55ccdbd4761b804ddf84a308b89 4e4ba55ccdbd4761b804ddf84a308b89] 10.0.0.232 "DELETE /resource_providers/e94ce71d-fb11-4a80-a825-07e15275fcbe" status: 404 len: 246 microversion: 1.1 [pid: 7|app: 0|req: 568/1131] 10.0.0.232 () {34 vars in 815 bytes} [Tue Apr 14 06:53:53 2026] DELETE /resource_providers/e94ce71d-fb11-4a80-a825-07e15275fcbe => generated 246 bytes in 10 msecs (HTTP/1.1 404) 6 headers in 231 bytes (1 switches on core 0)
2026-04-14 06:53:53.595 8 INFO placement.requestlog [None req-b8835115-2c94-4f38-839d-58143baf75a3 7e74e7c1b2504b7a9a431c1515894304 1f590266ac6d4f83939bc292089900cb - - 4e4ba55ccdbd4761b804ddf84a308b89 4e4ba55ccdbd4761b804ddf84a308b89] 10.0.0.232 "DELETE /resource_providers/e94ce71d-fb11-4a80-a825-07e15275fcbe" status: 404 len: 246 microversion: 1.1 [pid: 8|app: 0|req: 564/1132] 10.0.0.232 () {34 vars in 815 bytes} [Tue Apr 14 06:53:53 2026] DELETE /resource_providers/e94ce71d-fb11-4a80-a825-07e15275fcbe => generated 246 bytes in 9 msecs (HTTP/1.1 404) 6 headers in 231 bytes (1 switches on core 0)
2026-04-14 06:53:54.833 8 INFO placement.requestlog [None req-88d5292b-4e53-4393-8ddb-30b0eb519eb2 - - - - - -] 10.0.0.251 "GET /" status: 200 len: 136 microversion: 1.0
2026-04-14 06:53:54.834 7 INFO placement.requestlog [None req-98c0831e-e9ef-4ab8-925b-e28100474e21 - - - - - -] 10.0.0.251 "GET /" status: 200 len: 136 microversion: 1.0
2026-04-14 06:53:57.018 8 INFO placement.requestlog [None req-6e03dbbb-6c2a-48ad-89e0-0c5cfb425973 7e74e7c1b2504b7a9a431c1515894304 1f590266ac6d4f83939bc292089900cb - - 4e4ba55ccdbd4761b804ddf84a308b89 4e4ba55ccdbd4761b804ddf84a308b89] 10.0.0.232 "GET /resource_providers/cdbdb5b3-dc76-4e29-9512-15df9df6c1b6/aggregates" status: 404 len: 235 microversion: 1.1 [pid: 8|app: 0|req: 566/1135] 10.0.0.232 () {32 vars in 815 bytes} [Tue Apr 14 06:53:57 2026] GET /resource_providers/cdbdb5b3-dc76-4e29-9512-15df9df6c1b6/aggregates => generated 235 bytes in 10 msecs (HTTP/1.1 404) 5 headers in 202 bytes (1 switches on core 0)
2026-04-14 06:53:57.026 7 INFO placement.requestlog [None req-c5119247-b235-4cb7-b921-f82e0787502f 7e74e7c1b2504b7a9a431c1515894304 1f590266ac6d4f83939bc292089900cb - - 4e4ba55ccdbd4761b804ddf84a308b89 4e4ba55ccdbd4761b804ddf84a308b89] 10.0.0.232 "GET /resource_providers/cdbdb5b3-dc76-4e29-9512-15df9df6c1b6/aggregates" status: 404 len: 235 microversion: 1.1 [pid: 7|app: 0|req: 570/1136] 10.0.0.232 () {32 vars in 815 bytes} [Tue Apr 14 06:53:57 2026] GET /resource_providers/cdbdb5b3-dc76-4e29-9512-15df9df6c1b6/aggregates => generated 235 bytes in 11 msecs (HTTP/1.1 404) 5 headers in 202 bytes (1 switches on core 0)
2026-04-14 06:53:57.046 8 INFO placement.requestlog [None req-9c11796a-9351-4f38-a92f-90f77ac231b1 7e74e7c1b2504b7a9a431c1515894304 1f590266ac6d4f83939bc292089900cb - - 4e4ba55ccdbd4761b804ddf84a308b89 4e4ba55ccdbd4761b804ddf84a308b89] 10.0.0.232 "DELETE /resource_providers/cdbdb5b3-dc76-4e29-9512-15df9df6c1b6" status: 404 len: 246 microversion: 1.1 [pid: 8|app: 0|req: 567/1137] 10.0.0.232 () {34 vars in 815 bytes} [Tue Apr 14 06:53:57 2026] DELETE /resource_providers/cdbdb5b3-dc76-4e29-9512-15df9df6c1b6 => generated 246 bytes in 13 msecs (HTTP/1.1 404) 6 headers in 231 bytes (1 switches on core 0)
2026-04-14 06:53:57.047 7 INFO placement.requestlog [None req-b4d29e62-9d4e-4bf6-9518-4df69a597047 7e74e7c1b2504b7a9a431c1515894304 1f590266ac6d4f83939bc292089900cb - - 4e4ba55ccdbd4761b804ddf84a308b89 4e4ba55ccdbd4761b804ddf84a308b89] 10.0.0.232 "DELETE /resource_providers/cdbdb5b3-dc76-4e29-9512-15df9df6c1b6" status: 404 len: 246 microversion: 1.1 [pid: 7|app: 0|req: 571/1138] 10.0.0.232 () {34 vars in 815 bytes} [Tue Apr 14 06:53:57 2026] DELETE /resource_providers/cdbdb5b3-dc76-4e29-9512-15df9df6c1b6 => generated 246 bytes in 8 msecs (HTTP/1.1 404) 6 headers in 231 bytes (1 switches on core 0)
2026-04-14 06:53:57.400 8 INFO placement.requestlog [None req-1040c986-cf86-4a81-9f79-b54abbb1b663 7e74e7c1b2504b7a9a431c1515894304 1f590266ac6d4f83939bc292089900cb - - 4e4ba55ccdbd4761b804ddf84a308b89 4e4ba55ccdbd4761b804ddf84a308b89] 10.0.0.232 "GET /resource_providers/acec311b-3d13-45a6-8ac1-6798f5b431c7/aggregates" status: 404 len: 235 microversion: 1.1 [pid: 8|app: 0|req: 568/1139] 10.0.0.232 () {32 vars in 815 bytes} [Tue Apr 14 06:53:57 2026] GET /resource_providers/acec311b-3d13-45a6-8ac1-6798f5b431c7/aggregates => generated 235 bytes in 8 msecs (HTTP/1.1 404) 5 headers in 202 bytes (1 switches on core 0)
2026-04-14 06:53:57.405 7 INFO placement.requestlog [None req-61a840f2-0462-4ede-b5f5-38d857238495 7e74e7c1b2504b7a9a431c1515894304 1f590266ac6d4f83939bc292089900cb - - 4e4ba55ccdbd4761b804ddf84a308b89 4e4ba55ccdbd4761b804ddf84a308b89] 10.0.0.232 "GET /resource_providers/acec311b-3d13-45a6-8ac1-6798f5b431c7/aggregates" status: 404 len: 235 microversion: 1.1 [pid: 7|app: 0|req: 572/1140] 10.0.0.232 () {32 vars in 815 bytes} [Tue Apr 14 06:53:57 2026] GET /resource_providers/acec311b-3d13-45a6-8ac1-6798f5b431c7/aggregates => generated 235 bytes in 13 msecs (HTTP/1.1 404) 5 headers in 202 bytes (1 switches on core 0)
2026-04-14 06:53:57.427 7 INFO placement.requestlog [None req-00939d55-8a6a-4963-b995-644eeb6f3954 7e74e7c1b2504b7a9a431c1515894304 1f590266ac6d4f83939bc292089900cb - - 4e4ba55ccdbd4761b804ddf84a308b89 4e4ba55ccdbd4761b804ddf84a308b89] 10.0.0.232 "DELETE /resource_providers/acec311b-3d13-45a6-8ac1-6798f5b431c7" status: 404 len: 246 microversion: 1.1 [pid: 7|app: 0|req: 573/1141] 10.0.0.232 () {34 vars in 815 bytes} [Tue Apr 14 06:53:57 2026] DELETE /resource_providers/acec311b-3d13-45a6-8ac1-6798f5b431c7 => generated 246 bytes in 8 msecs (HTTP/1.1 404) 6 headers in 231 bytes (1 switches on core 0)
2026-04-14 06:53:57.430 8 INFO placement.requestlog [None req-d185d3b1-e1a3-4289-9eae-00f4a1f401e2 7e74e7c1b2504b7a9a431c1515894304 1f590266ac6d4f83939bc292089900cb - - 4e4ba55ccdbd4761b804ddf84a308b89 4e4ba55ccdbd4761b804ddf84a308b89] 10.0.0.232 "DELETE /resource_providers/acec311b-3d13-45a6-8ac1-6798f5b431c7" status: 404 len: 246 microversion: 1.1 [pid: 8|app: 0|req: 569/1142] 10.0.0.232 () {34 vars in 815 bytes} [Tue Apr 14 06:53:57 2026] DELETE /resource_providers/acec311b-3d13-45a6-8ac1-6798f5b431c7 => generated 246 bytes in 12 msecs (HTTP/1.1 404) 6 headers in 231 bytes (1 switches on core 0)
2026-04-14 06:54:04.834 8 INFO placement.requestlog [None req-eb8d696d-8b34-48be-bbf0-b779975403c5 - - - - - -] 10.0.0.251 "GET /" status: 200 len: 136 microversion: 1.0
2026-04-14 06:54:04.834 7 INFO placement.requestlog [None req-b35d5a5d-bade-4830-bdcd-54ba168af25c - - - - - -] 10.0.0.251 "GET /" status: 200 len: 136 microversion: 1.0
2026-04-14 06:54:07.301 8 INFO placement.requestlog [None req-b4784da6-73ac-419f-b253-8e4a0b1028e9 7e74e7c1b2504b7a9a431c1515894304 1f590266ac6d4f83939bc292089900cb - - 4e4ba55ccdbd4761b804ddf84a308b89 4e4ba55ccdbd4761b804ddf84a308b89] 10.0.0.232 "GET /resource_providers/da0a0485-48dc-48c9-83e5-9ea98f5dcf60/aggregates" status: 404 len: 235 microversion: 1.1 [pid: 8|app: 0|req: 571/1145] 10.0.0.232 () {32 vars in 815 bytes} [Tue Apr 14 06:54:07 2026] GET /resource_providers/da0a0485-48dc-48c9-83e5-9ea98f5dcf60/aggregates => generated 235 bytes in 12 msecs (HTTP/1.1 404) 5 headers in 202 bytes (1 switches on core 0)
2026-04-14 06:54:07.306 7 INFO placement.requestlog [None req-fbfdbb4e-8ed0-41cf-bcea-a4aea958f90a 7e74e7c1b2504b7a9a431c1515894304 1f590266ac6d4f83939bc292089900cb - - 4e4ba55ccdbd4761b804ddf84a308b89 4e4ba55ccdbd4761b804ddf84a308b89] 10.0.0.232 "GET /resource_providers/da0a0485-48dc-48c9-83e5-9ea98f5dcf60/aggregates" status: 404 len: 235 microversion: 1.1 [pid: 7|app: 0|req: 575/1146] 10.0.0.232 () {32 vars in 815 bytes} [Tue Apr 14 06:54:07 2026] GET /resource_providers/da0a0485-48dc-48c9-83e5-9ea98f5dcf60/aggregates => generated 235 bytes in 14 msecs (HTTP/1.1 404) 5 headers in 202 bytes (1 switches on core 0)
2026-04-14 06:54:07.323 8 INFO placement.requestlog [None req-d381d7a9-eacb-4a19-8ae4-fe3ad78ec2d5 7e74e7c1b2504b7a9a431c1515894304 1f590266ac6d4f83939bc292089900cb - - 4e4ba55ccdbd4761b804ddf84a308b89 4e4ba55ccdbd4761b804ddf84a308b89] 10.0.0.232 "DELETE /resource_providers/da0a0485-48dc-48c9-83e5-9ea98f5dcf60" status: 404 len: 246 microversion: 1.1 [pid: 8|app: 0|req: 572/1147] 10.0.0.232 () {34 vars in 815 bytes} [Tue Apr 14 06:54:07 2026] DELETE /resource_providers/da0a0485-48dc-48c9-83e5-9ea98f5dcf60 => generated 246 bytes in 8 msecs (HTTP/1.1 404) 6 headers in 231 bytes (1 switches on core 0)
2026-04-14 06:54:07.333 7 INFO placement.requestlog [None req-d886d826-fe05-4402-9f27-057763167be5 7e74e7c1b2504b7a9a431c1515894304 1f590266ac6d4f83939bc292089900cb - - 4e4ba55ccdbd4761b804ddf84a308b89 4e4ba55ccdbd4761b804ddf84a308b89] 10.0.0.232 "DELETE /resource_providers/da0a0485-48dc-48c9-83e5-9ea98f5dcf60" status: 404 len: 246 microversion: 1.1 [pid: 7|app: 0|req: 576/1148] 10.0.0.232 () {34 vars in 815 bytes} [Tue Apr 14 06:54:07 2026] DELETE /resource_providers/da0a0485-48dc-48c9-83e5-9ea98f5dcf60 => generated 246 bytes in 9 msecs (HTTP/1.1 404) 6 headers in 231 bytes (1 switches on core 0)
2026-04-14 06:54:14.490 8 INFO placement.requestlog [None req-f67eaca1-b964-4a11-80f8-ebc97b41f672 7e74e7c1b2504b7a9a431c1515894304 1f590266ac6d4f83939bc292089900cb - - 4e4ba55ccdbd4761b804ddf84a308b89 4e4ba55ccdbd4761b804ddf84a308b89] 10.0.0.232 "GET /resource_providers/4f366b6f-461b-4b94-8076-43651b4a514f/aggregates" status: 404 len: 235 microversion: 1.1 [pid: 8|app: 0|req: 573/1149] 10.0.0.232 () {32 vars in 815 bytes} [Tue Apr 14 06:54:14 2026] GET /resource_providers/4f366b6f-461b-4b94-8076-43651b4a514f/aggregates => generated 235 bytes in 11 msecs (HTTP/1.1 404) 5 headers in 202 bytes (1 switches on core 0)
2026-04-14 06:54:14.491 7 INFO placement.requestlog [None req-cfa824bc-510c-4632-945c-366351163622 7e74e7c1b2504b7a9a431c1515894304 1f590266ac6d4f83939bc292089900cb - - 4e4ba55ccdbd4761b804ddf84a308b89 4e4ba55ccdbd4761b804ddf84a308b89] 10.0.0.232 "GET /resource_providers/4f366b6f-461b-4b94-8076-43651b4a514f/aggregates" status: 404 len: 235 microversion: 1.1 [pid: 7|app: 0|req: 577/1150] 10.0.0.232 () {32 vars in 815 bytes} [Tue Apr 14 06:54:14 2026] GET /resource_providers/4f366b6f-461b-4b94-8076-43651b4a514f/aggregates => generated 235 bytes in 10 msecs (HTTP/1.1 404) 5 headers in 202 bytes (1 switches on core 0)
2026-04-14 06:54:14.516 7 INFO placement.requestlog [None req-5de00c59-109d-4857-8d38-b7404fe46ab7 7e74e7c1b2504b7a9a431c1515894304 1f590266ac6d4f83939bc292089900cb - - 4e4ba55ccdbd4761b804ddf84a308b89 4e4ba55ccdbd4761b804ddf84a308b89] 10.0.0.232 "DELETE /resource_providers/4f366b6f-461b-4b94-8076-43651b4a514f" status: 404 len: 246 microversion: 1.1 [pid: 7|app: 0|req: 578/1151] 10.0.0.232 () {34 vars in 815 bytes} [Tue Apr 14 06:54:14 2026] DELETE /resource_providers/4f366b6f-461b-4b94-8076-43651b4a514f => generated 246 bytes in 7 msecs (HTTP/1.1 404) 6 headers in 231 bytes (1 switches on core 0)
2026-04-14 06:54:14.520 8 INFO placement.requestlog [None req-6f2f18ec-147a-4671-9015-1f8a08f1238b 7e74e7c1b2504b7a9a431c1515894304 1f590266ac6d4f83939bc292089900cb - - 4e4ba55ccdbd4761b804ddf84a308b89 4e4ba55ccdbd4761b804ddf84a308b89] 10.0.0.232 "DELETE /resource_providers/4f366b6f-461b-4b94-8076-43651b4a514f" status: 404 len: 246 microversion: 1.1 [pid: 8|app: 0|req: 574/1152] 10.0.0.232 () {34 vars in 815 bytes} [Tue Apr 14 06:54:14 2026] DELETE /resource_providers/4f366b6f-461b-4b94-8076-43651b4a514f => generated 246 bytes in 14 msecs (HTTP/1.1 404) 6 headers in 231 bytes (1 switches on core 0)
2026-04-14 06:54:14.833 7 INFO placement.requestlog [None req-f05b541d-1e47-4c95-8c2a-f098181c6fee - - - - - -] 10.0.0.251 "GET /" status: 200 len: 136 microversion: 1.0
2026-04-14 06:54:14.833 8 INFO placement.requestlog [None req-5f4d9d63-f53d-4eb2-bda8-b6cd9562b7a1 - - - - - -] 10.0.0.251 "GET /" status: 200 len: 136 microversion: 1.0
2026-04-14 06:54:21.710 8 INFO placement.requestlog [None req-c7055545-5d42-4a28-9193-8efa85207e52 7e74e7c1b2504b7a9a431c1515894304 1f590266ac6d4f83939bc292089900cb - - 4e4ba55ccdbd4761b804ddf84a308b89 4e4ba55ccdbd4761b804ddf84a308b89] 10.0.0.232 "GET /resource_providers/0afd2b9a-4104-4cf1-90cf-86323750ac3c/aggregates" status: 404 len: 235 microversion: 1.1 [pid: 8|app: 0|req: 576/1155] 10.0.0.232 () {32 vars in 815 bytes} [Tue Apr 14 06:54:21 2026] GET /resource_providers/0afd2b9a-4104-4cf1-90cf-86323750ac3c/aggregates => generated 235 bytes in 8 msecs (HTTP/1.1 404) 5 headers in 202 bytes (1 switches on core 0)
2026-04-14 06:54:21.713 7 INFO placement.requestlog [None req-c1c5e295-ff5b-4960-b838-f8ed9807861f 7e74e7c1b2504b7a9a431c1515894304 1f590266ac6d4f83939bc292089900cb - - 4e4ba55ccdbd4761b804ddf84a308b89 4e4ba55ccdbd4761b804ddf84a308b89] 10.0.0.232 "GET /resource_providers/0afd2b9a-4104-4cf1-90cf-86323750ac3c/aggregates" status: 404 len: 235 microversion: 1.1 [pid: 7|app: 0|req: 580/1156] 10.0.0.232 () {32 vars in 815 bytes} [Tue Apr 14 06:54:21 2026] GET /resource_providers/0afd2b9a-4104-4cf1-90cf-86323750ac3c/aggregates => generated 235 bytes in 10 msecs (HTTP/1.1 404) 5 headers in 202 bytes (1 switches on core 0)
2026-04-14 06:54:21.730 8 INFO placement.requestlog [None req-2c0d7782-7008-4f44-a378-0dbc34a511bb 7e74e7c1b2504b7a9a431c1515894304 1f590266ac6d4f83939bc292089900cb - - 4e4ba55ccdbd4761b804ddf84a308b89 4e4ba55ccdbd4761b804ddf84a308b89] 10.0.0.232 "DELETE /resource_providers/0afd2b9a-4104-4cf1-90cf-86323750ac3c" status: 404 len: 246 microversion: 1.1 [pid: 8|app: 0|req: 577/1157] 10.0.0.232 () {34 vars in 815 bytes} [Tue Apr 14 06:54:21 2026] DELETE /resource_providers/0afd2b9a-4104-4cf1-90cf-86323750ac3c => generated 246 bytes in 10 msecs (HTTP/1.1 404) 6 headers in 231 bytes (1 switches on core 0)
2026-04-14 06:54:21.737 7 INFO placement.requestlog [None req-4cb9905b-66ef-4192-857c-65f467a19054 7e74e7c1b2504b7a9a431c1515894304 1f590266ac6d4f83939bc292089900cb - - 4e4ba55ccdbd4761b804ddf84a308b89 4e4ba55ccdbd4761b804ddf84a308b89] 10.0.0.232 "DELETE /resource_providers/0afd2b9a-4104-4cf1-90cf-86323750ac3c" status: 404 len: 246 microversion: 1.1 [pid: 7|app: 0|req: 581/1158] 10.0.0.232 () {34 vars in 815 bytes} [Tue Apr 14 06:54:21 2026] DELETE /resource_providers/0afd2b9a-4104-4cf1-90cf-86323750ac3c => generated 246 bytes in 9 msecs (HTTP/1.1 404) 6 headers in 231 bytes (1 switches on core 0)
2026-04-14 06:54:24.343 8 INFO placement.requestlog [None req-585e2ca1-9790-431e-b306-f2018c73c55c 7e74e7c1b2504b7a9a431c1515894304 1f590266ac6d4f83939bc292089900cb - - 4e4ba55ccdbd4761b804ddf84a308b89 4e4ba55ccdbd4761b804ddf84a308b89] 10.0.0.232 "GET /resource_providers/02ae5085-5caa-42d1-88a4-e511ebb5ec4b/aggregates" status: 404 len: 235 microversion: 1.1 [pid: 8|app: 0|req: 578/1159] 10.0.0.232 () {32 vars in 815 bytes} [Tue Apr 14 06:54:24 2026] GET /resource_providers/02ae5085-5caa-42d1-88a4-e511ebb5ec4b/aggregates => generated 235 bytes in 10 msecs (HTTP/1.1 404) 5 headers in 202 bytes (1 switches on core 0)
2026-04-14 06:54:24.357 7 INFO placement.requestlog [None req-6deabd7f-35f6-4dc6-a5ae-0aea4ec019cf 7e74e7c1b2504b7a9a431c1515894304 1f590266ac6d4f83939bc292089900cb - - 4e4ba55ccdbd4761b804ddf84a308b89 4e4ba55ccdbd4761b804ddf84a308b89] 10.0.0.232 "GET /resource_providers/02ae5085-5caa-42d1-88a4-e511ebb5ec4b/aggregates" status: 404 len: 235 microversion: 1.1 [pid: 7|app: 0|req: 582/1160] 10.0.0.232 () {32 vars in 815 bytes} [Tue Apr 14 06:54:24 2026] GET /resource_providers/02ae5085-5caa-42d1-88a4-e511ebb5ec4b/aggregates => generated 235 bytes in 20 msecs (HTTP/1.1 404) 5 headers in 202 bytes (1 switches on core 0)
2026-04-14 06:54:24.364 8 INFO placement.requestlog [None req-9843532c-4a9d-431b-9bbf-ff88a42e79f7 7e74e7c1b2504b7a9a431c1515894304 1f590266ac6d4f83939bc292089900cb - - 4e4ba55ccdbd4761b804ddf84a308b89 4e4ba55ccdbd4761b804ddf84a308b89] 10.0.0.232 "DELETE /resource_providers/02ae5085-5caa-42d1-88a4-e511ebb5ec4b" status: 404 len: 246 microversion: 1.1 [pid: 8|app: 0|req: 579/1161] 10.0.0.232 () {34 vars in 815 bytes} [Tue Apr 14 06:54:24 2026] DELETE /resource_providers/02ae5085-5caa-42d1-88a4-e511ebb5ec4b => generated 246 bytes in 8 msecs (HTTP/1.1 404) 6 headers in 231 bytes (1 switches on core 0)
2026-04-14 06:54:24.378 7 INFO placement.requestlog [None req-95ca3ebd-4294-4414-b6b3-09f4f7f7be1d 7e74e7c1b2504b7a9a431c1515894304 1f590266ac6d4f83939bc292089900cb - - 4e4ba55ccdbd4761b804ddf84a308b89 4e4ba55ccdbd4761b804ddf84a308b89] 10.0.0.232 "DELETE /resource_providers/02ae5085-5caa-42d1-88a4-e511ebb5ec4b" status: 404 len: 246 microversion: 1.1 [pid: 7|app: 0|req: 583/1162] 10.0.0.232 () {34 vars in 815 bytes} [Tue Apr 14 06:54:24 2026] DELETE /resource_providers/02ae5085-5caa-42d1-88a4-e511ebb5ec4b => generated 246 bytes in 12 msecs (HTTP/1.1 404) 6 headers in 231 bytes (1 switches on core 0)
2026-04-14 06:54:24.518 8 INFO placement.requestlog [None req-06a62108-3420-4b7e-8b0a-60ab012ca5cd 7e74e7c1b2504b7a9a431c1515894304 1f590266ac6d4f83939bc292089900cb - - 4e4ba55ccdbd4761b804ddf84a308b89 4e4ba55ccdbd4761b804ddf84a308b89] 10.0.0.232 "GET /resource_providers/8ddbb93f-dfe1-478b-b755-930a4c32f611/aggregates" status: 404 len: 235 microversion: 1.1 [pid: 8|app: 0|req: 580/1163] 10.0.0.232 () {32 vars in 815 bytes} [Tue Apr 14 06:54:24 2026] GET /resource_providers/8ddbb93f-dfe1-478b-b755-930a4c32f611/aggregates => generated 235 bytes in 11 msecs (HTTP/1.1 404) 5 headers in 202 bytes (1 switches on core 0)
2026-04-14 06:54:24.520 7 INFO placement.requestlog [None req-c24c4311-bef3-4d13-ac87-bf53c5a02480 7e74e7c1b2504b7a9a431c1515894304 1f590266ac6d4f83939bc292089900cb - - 4e4ba55ccdbd4761b804ddf84a308b89 4e4ba55ccdbd4761b804ddf84a308b89] 10.0.0.232 "GET /resource_providers/8ddbb93f-dfe1-478b-b755-930a4c32f611/aggregates" status: 404 len: 235 microversion: 1.1 [pid: 7|app: 0|req: 584/1164] 10.0.0.232 () {32 vars in 815 bytes} [Tue Apr 14 06:54:24 2026] GET /resource_providers/8ddbb93f-dfe1-478b-b755-930a4c32f611/aggregates => generated 235 bytes in 9 msecs (HTTP/1.1 404) 5 headers in 202 bytes (1 switches on core 0)
2026-04-14 06:54:24.544 8 INFO placement.requestlog [None req-561f45ad-b990-4446-bdcd-e63335f712c7 7e74e7c1b2504b7a9a431c1515894304 1f590266ac6d4f83939bc292089900cb - - 4e4ba55ccdbd4761b804ddf84a308b89 4e4ba55ccdbd4761b804ddf84a308b89] 10.0.0.232 "DELETE /resource_providers/8ddbb93f-dfe1-478b-b755-930a4c32f611" status: 404 len: 246 microversion: 1.1 [pid: 8|app: 0|req: 581/1165] 10.0.0.232 () {34 vars in 815 bytes} [Tue Apr 14 06:54:24 2026] DELETE /resource_providers/8ddbb93f-dfe1-478b-b755-930a4c32f611 => generated 246 bytes in 9 msecs (HTTP/1.1 404) 6 headers in 231 bytes (1 switches on core 0)
2026-04-14 06:54:24.545 7 INFO placement.requestlog [None req-c6b8f9a0-eac7-4f73-a897-5e88fe1c756a 7e74e7c1b2504b7a9a431c1515894304 1f590266ac6d4f83939bc292089900cb - - 4e4ba55ccdbd4761b804ddf84a308b89 4e4ba55ccdbd4761b804ddf84a308b89] 10.0.0.232 "DELETE /resource_providers/8ddbb93f-dfe1-478b-b755-930a4c32f611" status: 404 len: 246 microversion: 1.1 [pid: 7|app: 0|req: 585/1166] 10.0.0.232 () {34 vars in 815 bytes} [Tue Apr 14 06:54:24 2026] DELETE /resource_providers/8ddbb93f-dfe1-478b-b755-930a4c32f611 => generated 246 bytes in 9 msecs (HTTP/1.1 404) 6 headers in 231 bytes (1 switches on core 0)
2026-04-14 06:54:24.834 8 INFO placement.requestlog [None req-f619d062-3f8d-4f05-a7e7-240c31c15eea - - - - - -] 10.0.0.251 "GET /" status: 200 len: 136 microversion: 1.0
2026-04-14 06:54:24.835 7 INFO placement.requestlog [None req-62cf2656-a0a5-4889-858b-d6421db4a02a - - - - - -] 10.0.0.251 "GET /" status: 200 len: 136 microversion: 1.0
2026-04-14 06:54:26.388 8 INFO placement.requestlog [None req-7c5dc0de-e036-4586-b27c-ae2c37c3680d 7e74e7c1b2504b7a9a431c1515894304 1f590266ac6d4f83939bc292089900cb - - 4e4ba55ccdbd4761b804ddf84a308b89 4e4ba55ccdbd4761b804ddf84a308b89] 10.0.0.232 "GET /resource_providers/88a8c1df-0221-4d36-9147-ff8667f0eab9/aggregates" status: 404 len: 235 microversion: 1.1 [pid: 8|app: 0|req: 583/1169] 10.0.0.232 () {32 vars in 815 bytes} [Tue Apr 14 06:54:26 2026] GET /resource_providers/88a8c1df-0221-4d36-9147-ff8667f0eab9/aggregates => generated 235 bytes in 13 msecs (HTTP/1.1 404) 5 headers in 202 bytes (1 switches on core 0)
2026-04-14 06:54:26.406 7 INFO placement.requestlog [None req-8e26b92a-5eab-49b1-8056-3ad1f0d70bcd 7e74e7c1b2504b7a9a431c1515894304 1f590266ac6d4f83939bc292089900cb - - 4e4ba55ccdbd4761b804ddf84a308b89 4e4ba55ccdbd4761b804ddf84a308b89] 10.0.0.232 "GET /resource_providers/88a8c1df-0221-4d36-9147-ff8667f0eab9/aggregates" status: 404 len: 235 microversion: 1.1 [pid: 7|app: 0|req: 587/1170] 10.0.0.232 () {32 vars in 815 bytes} [Tue Apr 14 06:54:26 2026] GET /resource_providers/88a8c1df-0221-4d36-9147-ff8667f0eab9/aggregates => generated 235 bytes in 11 msecs (HTTP/1.1 404) 5 headers in 202 bytes (1 switches on core 0)
