2026-04-14 06:50:42.666 11 INFO neutron.plugins.ml2.plugin [None req-a1162c0f-98b4-4dab-b4bc-2392dedfa5e9 - - - - - -] Attempt 1 to provision port f7a3aa1e-a469-4b67-8199-31c13b9144c0
2026-04-14 06:50:42.852 11 INFO neutron.plugins.ml2.plugin [None req-a1162c0f-98b4-4dab-b4bc-2392dedfa5e9 - - - - - -] Attempt 1 to provision port c083e3d3-fdff-4260-974f-aee3a8ea337b
2026-04-14 06:50:43.243 11 INFO neutron.plugins.ml2.plugin [None req-5e7e29a6-ea32-4f38-bb9a-906be4f13ec8 - - - - - -] Attempt 1 to provision port 083f6022-de80-481c-8af4-e59985987da0
2026-04-14 06:50:43.447 11 INFO neutron.plugins.ml2.plugin [None req-5e7e29a6-ea32-4f38-bb9a-906be4f13ec8 - - - - - -] Attempt 1 to provision port 58c7ac57-f7df-4a7c-bc36-ab11a3130e14
2026-04-14 06:50:44.241 12 INFO neutron.plugins.ml2.plugin [None req-f8d05522-9ae3-4394-9e5c-ca5422c35918 - - - - - -] Attempt 1 to provision port 08201523-f272-4788-8f37-7b5b1c559c4e
2026-04-14 06:50:44.372 12 INFO neutron.plugins.ml2.plugin [None req-f8d05522-9ae3-4394-9e5c-ca5422c35918 - - - - - -] Attempt 1 to provision port 083f6022-de80-481c-8af4-e59985987da0
2026-04-14 06:50:44.427 12 INFO neutron.plugins.ml2.plugin [None req-f8d05522-9ae3-4394-9e5c-ca5422c35918 - - - - - -] Attempt 1 to provision port e65b0061-f8fb-4010-ba16-269c1b6950ac
2026-04-14 06:50:44.614 11 INFO neutron.plugins.ml2.plugin [None req-a1162c0f-98b4-4dab-b4bc-2392dedfa5e9 - - - - - -] Attempt 1 to provision port c083e3d3-fdff-4260-974f-aee3a8ea337b
2026-04-14 06:50:46.682 12 INFO neutron.plugins.ml2.plugin [None req-31072bbd-87da-4a16-abd9-3dbde5782db5 - - - - - -] Attempt 1 to provision port 08201523-f272-4788-8f37-7b5b1c559c4e
2026-04-14 06:50:49.617 11 INFO neutron.plugins.ml2.plugin [None req-cfc6f973-a2f3-4750-83cb-e602539f9a2f - - - - - -] Attempt 1 to provision port 46d53d17-0e1c-43f9-a8d1-c739663e081f
2026-04-14 06:50:49.648 11 INFO neutron.plugins.ml2.plugin [None req-cfc6f973-a2f3-4750-83cb-e602539f9a2f - - - - - -] Attempt 1 to provision port 08201523-f272-4788-8f37-7b5b1c559c4e
2026-04-14 06:50:56.852 12 INFO neutron.plugins.ml2.plugin [None req-161fa547-2d8d-492d-8692-0f93c7e088a6 - - - - - -] Attempt 1 to provision port 937d9c05-4fdb-4073-be15-f1885a734ebf
2026-04-14 06:50:57.263 11 INFO neutron.plugins.ml2.plugin [None req-a1162c0f-98b4-4dab-b4bc-2392dedfa5e9 - - - - - -] Attempt 1 to provision port 6d100330-1872-4829-ba31-b62559875f5d
2026-04-14 06:50:57.367 11 INFO neutron.notifiers.nova [None req-a1162c0f-98b4-4dab-b4bc-2392dedfa5e9 - - - - - -] Nova event matching ['req-50b29cfb-ffec-4d70-a3b7-472e6475fb89'] response: {'server_uuid': 'd1e5a7de-c18f-457f-ba37-d4cd3b4f6af3', 'name': 'network-vif-plugged', 'status': 'completed', 'tag': '6d100330-1872-4829-ba31-b62559875f5d', 'code': 200}
2026-04-14 06:50:57.665 11 INFO neutron.plugins.ml2.plugin [None req-a1162c0f-98b4-4dab-b4bc-2392dedfa5e9 - - - - - -] Attempt 1 to provision port 937d9c05-4fdb-4073-be15-f1885a734ebf
2026-04-14 06:50:58.625 12 INFO neutron.plugins.ml2.plugin [None req-a1162c0f-98b4-4dab-b4bc-2392dedfa5e9 - - - - - -] Attempt 1 to provision port 6d100330-1872-4829-ba31-b62559875f5d
2026-04-14 06:50:59.667 12 INFO neutron.plugins.ml2.plugin [None req-b8514c19-b2c3-4e81-8e9d-92de49ded93f - - - - - -] Attempt 1 to provision port 937d9c05-4fdb-4073-be15-f1885a734ebf
2026-04-14 06:51:00.682 11 INFO neutron.plugins.ml2.plugin [None req-a1162c0f-98b4-4dab-b4bc-2392dedfa5e9 - - - - - -] Attempt 1 to provision port 08201523-f272-4788-8f37-7b5b1c559c4e
2026-04-14 06:51:01.027 11 INFO neutron.plugins.ml2.plugin [None req-007c199a-0430-43b0-a39a-b7b2e7b718ea - - - - - -] Attempt 1 to provision port 937d9c05-4fdb-4073-be15-f1885a734ebf
2026-04-14 06:51:01.257 11 INFO neutron.plugins.ml2.plugin [None req-88c3931c-33c2-4673-8ff8-b301d29d18c4 - - - - - -] Attempt 1 to provision port e65b0061-f8fb-4010-ba16-269c1b6950ac
2026-04-14 06:51:02.662 12 INFO neutron.plugins.ml2.plugin [None req-a1162c0f-98b4-4dab-b4bc-2392dedfa5e9 - - - - - -] Attempt 1 to provision port 08201523-f272-4788-8f37-7b5b1c559c4e
2026-04-14 06:51:02.824 12 INFO neutron.plugins.ml2.plugin [None req-a1162c0f-98b4-4dab-b4bc-2392dedfa5e9 - - - - - -] Attempt 1 to provision port e65b0061-f8fb-4010-ba16-269c1b6950ac
2026-04-14 06:51:03.445 12 INFO neutron.notifiers.nova [None req-a1162c0f-98b4-4dab-b4bc-2392dedfa5e9 - - - - - -] Nova event matching ['req-126ba7e9-0a44-463f-b9a5-32ccf46f4413'] response: {'server_uuid': '6b8bcf52-bf27-4e1b-86be-b88b9bfd1a5a', 'name': 'network-vif-unplugged', 'status': 'completed', 'tag': '937d9c05-4fdb-4073-be15-f1885a734ebf', 'code': 200}
2026-04-14 06:51:03.662 11 ERROR oslo_messaging.rpc.server [None req-b2c907e9-a122-4015-a23c-2600ded07a2e - - - - - -] Exception during message handling: neutron_lib.exceptions.SubnetInUse: Unable to complete operation on subnet 55e3b3fd-dcb0-4093-940d-eacebd38b3d3: This subnet is being modified by another concurrent operation.
2026-04-14 06:51:03.662 11 ERROR oslo_messaging.rpc.server
Traceback (most recent call last):
2026-04-14 06:51:03.662 11 ERROR oslo_messaging.rpc.server
File "/var/lib/openstack/lib/python3.12/site-packages/oslo_messaging/rpc/server.py", line 174, in _process_incoming
2026-04-14 06:51:03.662 11 ERROR oslo_messaging.rpc.server res = self.dispatcher.dispatch(message)
2026-04-14 06:51:03.662 11 ERROR oslo_messaging.rpc.server ^^^^^^^^^^^^^^^^^^^^^^^^^^^^^^^^^
2026-04-14 06:51:03.662 11 ERROR oslo_messaging.rpc.server
File "/var/lib/openstack/lib/python3.12/site-packages/oslo_messaging/rpc/dispatcher.py", line 309, in dispatch
2026-04-14 06:51:03.662 11 ERROR oslo_messaging.rpc.server return self._do_dispatch(endpoint, method, ctxt, args)
2026-04-14 06:51:03.662 11 ERROR oslo_messaging.rpc.server ^^^^^^^^^^^^^^^^^^^^^^^^^^^^^^^^^^^^^^^^^^^^^^^
2026-04-14 06:51:03.662 11 ERROR oslo_messaging.rpc.server
File "/var/lib/openstack/lib/python3.12/site-packages/oslo_messaging/rpc/dispatcher.py", line 229, in _do_dispatch
2026-04-14 06:51:03.662 11 ERROR oslo_messaging.rpc.server result = func(ctxt, **new_args)
2026-04-14 06:51:03.662 11 ERROR oslo_messaging.rpc.server ^^^^^^^^^^^^^^^^^^^^^^
2026-04-14 06:51:03.662 11 ERROR oslo_messaging.rpc.server
File "/var/lib/openstack/lib/python3.12/site-packages/oslo_messaging/rpc/server.py", line 269, in inner
2026-04-14 06:51:03.662 11 ERROR oslo_messaging.rpc.server return func(*args, **kwargs)
2026-04-14 06:51:03.662 11 ERROR oslo_messaging.rpc.server ^^^^^^^^^^^^^^^^^^^^^
2026-04-14 06:51:03.662 11 ERROR oslo_messaging.rpc.server
File "/var/lib/openstack/lib/python3.12/site-packages/neutron_lib/db/api.py", line 137, in wrapped
2026-04-14 06:51:03.662 11 ERROR oslo_messaging.rpc.server with excutils.save_and_reraise_exception():
2026-04-14 06:51:03.662 11 ERROR oslo_messaging.rpc.server
File "/var/lib/openstack/lib/python3.12/site-packages/oslo_utils/excutils.py", line 227, in __exit__
2026-04-14 06:51:03.662 11 ERROR oslo_messaging.rpc.server self.force_reraise()
2026-04-14 06:51:03.662 11 ERROR oslo_messaging.rpc.server
File "/var/lib/openstack/lib/python3.12/site-packages/oslo_utils/excutils.py", line 200, in force_reraise
2026-04-14 06:51:03.662 11 ERROR oslo_messaging.rpc.server raise self.value
2026-04-14 06:51:03.662 11 ERROR oslo_messaging.rpc.server
File "/var/lib/openstack/lib/python3.12/site-packages/neutron_lib/db/api.py", line 135, in wrapped
2026-04-14 06:51:03.662 11 ERROR oslo_messaging.rpc.server return f(*args, **kwargs)
2026-04-14 06:51:03.662 11 ERROR oslo_messaging.rpc.server ^^^^^^^^^^^^^^^^^^
2026-04-14 06:51:03.662 11 ERROR oslo_messaging.rpc.server
File "/var/lib/openstack/lib/python3.12/site-packages/oslo_db/api.py", line 144, in wrapper
2026-04-14 06:51:03.662 11 ERROR oslo_messaging.rpc.server with excutils.save_and_reraise_exception() as ectxt:
2026-04-14 06:51:03.662 11 ERROR oslo_messaging.rpc.server
File "/var/lib/openstack/lib/python3.12/site-packages/oslo_utils/excutils.py", line 227, in __exit__
2026-04-14 06:51:03.662 11 ERROR oslo_messaging.rpc.server self.force_reraise()
2026-04-14 06:51:03.662 11 ERROR oslo_messaging.rpc.server
File "/var/lib/openstack/lib/python3.12/site-packages/oslo_utils/excutils.py", line 200, in force_reraise
2026-04-14 06:51:03.662 11 ERROR oslo_messaging.rpc.server raise self.value
2026-04-14 06:51:03.662 11 ERROR oslo_messaging.rpc.server
File "/var/lib/openstack/lib/python3.12/site-packages/oslo_db/api.py", line 142, in wrapper
2026-04-14 06:51:03.662 11 ERROR oslo_messaging.rpc.server return f(*args, **kwargs)
2026-04-14 06:51:03.662 11 ERROR oslo_messaging.rpc.server ^^^^^^^^^^^^^^^^^^
2026-04-14 06:51:03.662 11 ERROR oslo_messaging.rpc.server
File "/var/lib/openstack/lib/python3.12/site-packages/neutron_lib/db/api.py", line 183, in wrapped
2026-04-14 06:51:03.662 11 ERROR oslo_messaging.rpc.server with excutils.save_and_reraise_exception():
2026-04-14 06:51:03.662 11 ERROR oslo_messaging.rpc.server
File "/var/lib/openstack/lib/python3.12/site-packages/oslo_utils/excutils.py", line 227, in __exit__
2026-04-14 06:51:03.662 11 ERROR oslo_messaging.rpc.server self.force_reraise()
2026-04-14 06:51:03.662 11 ERROR oslo_messaging.rpc.server
File "/var/lib/openstack/lib/python3.12/site-packages/oslo_utils/excutils.py", line 200, in force_reraise
2026-04-14 06:51:03.662 11 ERROR oslo_messaging.rpc.server raise self.value
2026-04-14 06:51:03.662 11 ERROR oslo_messaging.rpc.server
File "/var/lib/openstack/lib/python3.12/site-packages/neutron_lib/db/api.py", line 181, in wrapped
2026-04-14 06:51:03.662 11 ERROR oslo_messaging.rpc.server return f(*dup_args, **dup_kwargs)
2026-04-14 06:51:03.662 11 ERROR oslo_messaging.rpc.server ^^^^^^^^^^^^^^^^^^^^^^^^^^
2026-04-14 06:51:03.662 11 ERROR oslo_messaging.rpc.server
File "/var/lib/openstack/lib/python3.12/site-packages/neutron/quota/resource_registry.py", line 95, in wrapper
2026-04-14 06:51:03.662 11 ERROR oslo_messaging.rpc.server ret_val = f(_self, context, *args, **kwargs)
2026-04-14 06:51:03.662 11 ERROR oslo_messaging.rpc.server ^^^^^^^^^^^^^^^^^^^^^^^^^^^^^^^^^^
2026-04-14 06:51:03.662 11 ERROR oslo_messaging.rpc.server
File "/var/lib/openstack/lib/python3.12/site-packages/neutron/api/rpc/handlers/dhcp_rpc.py", line 292, in create_dhcp_port
2026-04-14 06:51:03.662 11 ERROR oslo_messaging.rpc.server return self._port_action(plugin, context, port, 'create_port')
2026-04-14 06:51:03.662 11 ERROR oslo_messaging.rpc.server ^^^^^^^^^^^^^^^^^^^^^^^^^^^^^^^^^^^^^^^^^^^^^^^^^^^^^^^
2026-04-14 06:51:03.662 11 ERROR oslo_messaging.rpc.server
File "/var/lib/openstack/lib/python3.12/site-packages/neutron/api/rpc/handlers/dhcp_rpc.py", line 118, in _port_action
2026-04-14 06:51:03.662 11 ERROR oslo_messaging.rpc.server return p_utils.create_port(plugin, context, port)
2026-04-14 06:51:03.662 11 ERROR oslo_messaging.rpc.server ^^^^^^^^^^^^^^^^^^^^^^^^^^^^^^^^^^^^^^^^^^
2026-04-14 06:51:03.662 11 ERROR oslo_messaging.rpc.server
File "/var/lib/openstack/lib/python3.12/site-packages/neutron_lib/plugins/utils.py", line 338, in create_port
2026-04-14 06:51:03.662 11 ERROR oslo_messaging.rpc.server return core_plugin.create_port(
2026-04-14 06:51:03.662 11 ERROR oslo_messaging.rpc.server ^^^^^^^^^^^^^^^^^^^^^^^^
2026-04-14 06:51:03.662 11 ERROR oslo_messaging.rpc.server
File "/var/lib/openstack/lib/python3.12/site-packages/neutron/common/utils.py", line 716, in inner
2026-04-14 06:51:03.662 11 ERROR oslo_messaging.rpc.server return f(*args, **kwargs)
2026-04-14 06:51:03.662 11 ERROR oslo_messaging.rpc.server ^^^^^^^^^^^^^^^^^^
2026-04-14 06:51:03.662 11 ERROR oslo_messaging.rpc.server
File "/var/lib/openstack/lib/python3.12/site-packages/neutron_lib/db/api.py", line 223, in wrapped
2026-04-14 06:51:03.662 11 ERROR oslo_messaging.rpc.server return f_with_retry(*args, **kwargs,
2026-04-14 06:51:03.662 11 ERROR oslo_messaging.rpc.server ^^^^^^^^^^^^^^^^^^^^^^^^^^^^^
2026-04-14 06:51:03.662 11 ERROR oslo_messaging.rpc.server
File "/var/lib/openstack/lib/python3.12/site-packages/neutron_lib/db/api.py", line 137, in wrapped
2026-04-14 06:51:03.662 11 ERROR oslo_messaging.rpc.server with excutils.save_and_reraise_exception():
2026-04-14 06:51:03.662 11 ERROR oslo_messaging.rpc.server
File "/var/lib/openstack/lib/python3.12/site-packages/oslo_utils/excutils.py", line 227, in __exit__
2026-04-14 06:51:03.662 11 ERROR oslo_messaging.rpc.server self.force_reraise()
2026-04-14 06:51:03.662 11 ERROR oslo_messaging.rpc.server
File "/var/lib/openstack/lib/python3.12/site-packages/oslo_utils/excutils.py", line 200, in force_reraise
2026-04-14 06:51:03.662 11 ERROR oslo_messaging.rpc.server raise self.value
2026-04-14 06:51:03.662 11 ERROR oslo_messaging.rpc.server
File "/var/lib/openstack/lib/python3.12/site-packages/neutron_lib/db/api.py", line 135, in wrapped
2026-04-14 06:51:03.662 11 ERROR oslo_messaging.rpc.server return f(*args, **kwargs)
2026-04-14 06:51:03.662 11 ERROR oslo_messaging.rpc.server ^^^^^^^^^^^^^^^^^^
2026-04-14 06:51:03.662 11 ERROR oslo_messaging.rpc.server
File "/var/lib/openstack/lib/python3.12/site-packages/oslo_db/api.py", line 144, in wrapper
2026-04-14 06:51:03.662 11 ERROR oslo_messaging.rpc.server with excutils.save_and_reraise_exception() as ectxt:
2026-04-14 06:51:03.662 11 ERROR oslo_messaging.rpc.server
File "/var/lib/openstack/lib/python3.12/site-packages/oslo_utils/excutils.py", line 227, in __exit__
2026-04-14 06:51:03.662 11 ERROR oslo_messaging.rpc.server self.force_reraise()
2026-04-14 06:51:03.662 11 ERROR oslo_messaging.rpc.server
File "/var/lib/openstack/lib/python3.12/site-packages/oslo_utils/excutils.py", line 200, in force_reraise
2026-04-14 06:51:03.662 11 ERROR oslo_messaging.rpc.server raise self.value
2026-04-14 06:51:03.662 11 ERROR oslo_messaging.rpc.server
File "/var/lib/openstack/lib/python3.12/site-packages/oslo_db/api.py", line 142, in wrapper
2026-04-14 06:51:03.662 11 ERROR oslo_messaging.rpc.server return f(*args, **kwargs)
2026-04-14 06:51:03.662 11 ERROR oslo_messaging.rpc.server ^^^^^^^^^^^^^^^^^^
2026-04-14 06:51:03.662 11 ERROR oslo_messaging.rpc.server
File "/var/lib/openstack/lib/python3.12/site-packages/neutron_lib/db/api.py", line 183, in wrapped
2026-04-14 06:51:03.662 11 ERROR oslo_messaging.rpc.server with excutils.save_and_reraise_exception():
2026-04-14 06:51:03.662 11 ERROR oslo_messaging.rpc.server
File "/var/lib/openstack/lib/python3.12/site-packages/oslo_utils/excutils.py", line 227, in __exit__
2026-04-14 06:51:03.662 11 ERROR oslo_messaging.rpc.server self.force_reraise()
2026-04-14 06:51:03.662 11 ERROR oslo_messaging.rpc.server
File "/var/lib/openstack/lib/python3.12/site-packages/oslo_utils/excutils.py", line 200, in force_reraise
2026-04-14 06:51:03.662 11 ERROR oslo_messaging.rpc.server raise self.value
2026-04-14 06:51:03.662 11 ERROR oslo_messaging.rpc.server
File "/var/lib/openstack/lib/python3.12/site-packages/neutron_lib/db/api.py", line 181, in wrapped
2026-04-14 06:51:03.662 11 ERROR oslo_messaging.rpc.server return f(*dup_args, **dup_kwargs)
2026-04-14 06:51:03.662 11 ERROR oslo_messaging.rpc.server ^^^^^^^^^^^^^^^^^^^^^^^^^^
2026-04-14 06:51:03.662 11 ERROR oslo_messaging.rpc.server
File "/var/lib/openstack/lib/python3.12/site-packages/neutron/plugins/ml2/plugin.py", line 1660, in create_port
2026-04-14 06:51:03.662 11 ERROR oslo_messaging.rpc.server result, mech_context = self._create_port_db(context, port)
2026-04-14 06:51:03.662 11 ERROR oslo_messaging.rpc.server ^^^^^^^^^^^^^^^^^^^^^^^^^^^^^^^^^^^
2026-04-14 06:51:03.662 11 ERROR oslo_messaging.rpc.server
File "/var/lib/openstack/lib/python3.12/site-packages/neutron/plugins/ml2/plugin.py", line 1625, in _create_port_db
2026-04-14 06:51:03.662 11 ERROR oslo_messaging.rpc.server port_db = self.create_port_db(context, port)
2026-04-14 06:51:03.662 11 ERROR oslo_messaging.rpc.server ^^^^^^^^^^^^^^^^^^^^^^^^^^^^^^^^^^
2026-04-14 06:51:03.662 11 ERROR oslo_messaging.rpc.server
File "/var/lib/openstack/lib/python3.12/site-packages/neutron/db/db_base_plugin_v2.py", line 1574, in create_port_db
2026-04-14 06:51:03.662 11 ERROR oslo_messaging.rpc.server self.ipam.allocate_ips_for_port_and_store(
2026-04-14 06:51:03.662 11 ERROR oslo_messaging.rpc.server
File "/var/lib/openstack/lib/python3.12/site-packages/neutron/db/ipam_pluggable_backend.py", line 219, in allocate_ips_for_port_and_store
2026-04-14 06:51:03.662 11 ERROR oslo_messaging.rpc.server ips = self.allocate_ips_for_port(context, port_copy)
2026-04-14 06:51:03.662 11 ERROR oslo_messaging.rpc.server ^^^^^^^^^^^^^^^^^^^^^^^^^^^^^^^^^^^^^^^^^^^^^^
2026-04-14 06:51:03.662 11 ERROR oslo_messaging.rpc.server
File "/var/lib/openstack/lib/python3.12/site-packages/neutron_lib/db/api.py", line 221, in wrapped
2026-04-14 06:51:03.662 11 ERROR oslo_messaging.rpc.server return f(*args, **kwargs)
2026-04-14 06:51:03.662 11 ERROR oslo_messaging.rpc.server ^^^^^^^^^^^^^^^^^^
2026-04-14 06:51:03.662 11 ERROR oslo_messaging.rpc.server
File "/var/lib/openstack/lib/python3.12/site-packages/oslo_db/sqlalchemy/enginefacade.py", line 1183, in wrapper
2026-04-14 06:51:03.662 11 ERROR oslo_messaging.rpc.server return fn(*args, **kwargs)
2026-04-14 06:51:03.662 11 ERROR oslo_messaging.rpc.server ^^^^^^^^^^^^^^^^^^^
2026-04-14 06:51:03.662 11 ERROR oslo_messaging.rpc.server
File "/var/lib/openstack/lib/python3.12/site-packages/neutron/db/ipam_pluggable_backend.py", line 226, in allocate_ips_for_port
2026-04-14 06:51:03.662 11 ERROR oslo_messaging.rpc.server return self._allocate_ips_for_port(context, port)
2026-04-14 06:51:03.662 11 ERROR oslo_messaging.rpc.server ^^^^^^^^^^^^^^^^^^^^^^^^^^^^^^^^^^^^^^^^^^
2026-04-14 06:51:03.662 11 ERROR oslo_messaging.rpc.server
File "/var/lib/openstack/lib/python3.12/site-packages/neutron/db/ipam_pluggable_backend.py", line 258, in _allocate_ips_for_port
2026-04-14 06:51:03.662 11 ERROR oslo_messaging.rpc.server subnets = self._ipam_get_subnets(
2026-04-14 06:51:03.662 11 ERROR oslo_messaging.rpc.server ^^^^^^^^^^^^^^^^^^^^^^^
2026-04-14 06:51:03.662 11 ERROR oslo_messaging.rpc.server
File "/var/lib/openstack/lib/python3.12/site-packages/neutron/db/ipam_backend_mixin.py", line 686, in _ipam_get_subnets
2026-04-14 06:51:03.662 11 ERROR oslo_messaging.rpc.server subnet.read_lock_register(
2026-04-14 06:51:03.662 11 ERROR oslo_messaging.rpc.server
File "/var/lib/openstack/lib/python3.12/site-packages/neutron/db/models_v2.py", line 77, in read_lock_register
2026-04-14 06:51:03.662 11 ERROR oslo_messaging.rpc.server raise exception
2026-04-14 06:51:03.662 11 ERROR oslo_messaging.rpc.server neutron_lib.exceptions.SubnetInUse: Unable to complete operation on subnet 55e3b3fd-dcb0-4093-940d-eacebd38b3d3: This subnet is being modified by another concurrent operation.
2026-04-14 06:51:03.662 11 ERROR oslo_messaging.rpc.server
2026-04-14 06:51:11.002 11 INFO neutron.plugins.ml2.plugin [None req-a1162c0f-98b4-4dab-b4bc-2392dedfa5e9 - - - - - -] Attempt 1 to provision port 569f7baf-1c5f-4fab-a2a5-48327ee461cd
2026-04-14 06:51:18.683 11 INFO neutron.plugins.ml2.plugin [None req-a1162c0f-98b4-4dab-b4bc-2392dedfa5e9 - - - - - -] Attempt 1 to provision port a92d8a59-57e8-4527-9a4f-667897c8e889
2026-04-14 06:51:20.690 11 INFO neutron.plugins.ml2.plugin [None req-a1162c0f-98b4-4dab-b4bc-2392dedfa5e9 - - - - - -] Attempt 1 to provision port b3eb1e9b-1fcb-4e78-8e59-1dddb84ded83
2026-04-14 06:51:21.109 11 INFO neutron.plugins.ml2.plugin [None req-a1162c0f-98b4-4dab-b4bc-2392dedfa5e9 - - - - - -] Attempt 1 to provision port a92d8a59-57e8-4527-9a4f-667897c8e889
2026-04-14 06:51:21.350 11 INFO neutron.plugins.ml2.plugin [None req-cf6c5175-129b-445b-9e3c-f923380e2af7 - - - - - -] Attempt 1 to provision port 4659bf54-4aa7-4ec3-bf0a-19475c1836b7
2026-04-14 06:51:21.374 11 INFO neutron.plugins.ml2.plugin [None req-cf6c5175-129b-445b-9e3c-f923380e2af7 - - - - - -] Attempt 1 to provision port b3eb1e9b-1fcb-4e78-8e59-1dddb84ded83
2026-04-14 06:51:22.662 12 INFO neutron.plugins.ml2.plugin [None req-a1162c0f-98b4-4dab-b4bc-2392dedfa5e9 - - - - - -] Attempt 1 to provision port b3eb1e9b-1fcb-4e78-8e59-1dddb84ded83
2026-04-14 06:51:24.793 12 INFO neutron.plugins.ml2.plugin [None req-971cd178-8c3f-4ff8-b6c9-94587eec71f4 - - - - - -] Attempt 1 to provision port c6aee143-98a5-48fa-9c3a-47713cc9f59b
2026-04-14 06:51:24.815 12 INFO neutron.plugins.ml2.plugin [None req-971cd178-8c3f-4ff8-b6c9-94587eec71f4 - - - - - -] Attempt 1 to provision port 4659bf54-4aa7-4ec3-bf0a-19475c1836b7
2026-04-14 06:51:24.841 12 INFO neutron.plugins.ml2.plugin [None req-971cd178-8c3f-4ff8-b6c9-94587eec71f4 - - - - - -] Attempt 1 to provision port b3eb1e9b-1fcb-4e78-8e59-1dddb84ded83
2026-04-14 06:51:28.715 12 INFO neutron.plugins.ml2.plugin [None req-fb0d6d71-3440-4b87-b827-285897a2f4c7 - - - - - -] Attempt 1 to provision port 4659bf54-4aa7-4ec3-bf0a-19475c1836b7
2026-04-14 06:51:29.160 11 INFO neutron.plugins.ml2.plugin [None req-a1162c0f-98b4-4dab-b4bc-2392dedfa5e9 - - - - - -] Attempt 1 to provision port cfb7a64f-1fc4-4659-8d0b-596ff265996a
2026-04-14 06:51:29.269 11 INFO neutron.notifiers.nova [None req-a1162c0f-98b4-4dab-b4bc-2392dedfa5e9 - - - - - -] Nova event matching ['req-d5bfc4a6-9580-4fa4-b16b-60abdc3a94f1'] response: {'server_uuid': 'cd84512e-42ae-4de7-97f2-b45647e20bc8', 'name': 'network-vif-plugged', 'status': 'completed', 'tag': 'cfb7a64f-1fc4-4659-8d0b-596ff265996a', 'code': 200}
2026-04-14 06:51:30.627 11 INFO neutron.plugins.ml2.plugin [None req-a1162c0f-98b4-4dab-b4bc-2392dedfa5e9 - - - - - -] Attempt 1 to provision port cfb7a64f-1fc4-4659-8d0b-596ff265996a
2026-04-14 06:51:32.954 12 INFO neutron.plugins.ml2.plugin [None req-e9bc74b0-a690-4702-b079-20f4a04922c8 - - - - - -] Attempt 1 to provision port 4659bf54-4aa7-4ec3-bf0a-19475c1836b7
2026-04-14 06:51:34.657 12 INFO neutron.plugins.ml2.plugin [None req-a1162c0f-98b4-4dab-b4bc-2392dedfa5e9 - - - - - -] Attempt 1 to provision port c6aee143-98a5-48fa-9c3a-47713cc9f59b
2026-04-14 06:51:35.019 12 INFO neutron.plugins.ml2.plugin [None req-31072d5e-23fc-422e-8538-6e71b6373bf6 - - - - - -] Attempt 1 to provision port 4659bf54-4aa7-4ec3-bf0a-19475c1836b7
2026-04-14 06:51:35.192 11 INFO neutron.plugins.ml2.plugin [None req-2dae1e04-580d-427b-9d6a-3ce4fd876483 - - - - - -] Attempt 1 to provision port cfb7a64f-1fc4-4659-8d0b-596ff265996a
2026-04-14 06:51:36.653 12 INFO neutron.plugins.ml2.plugin [None req-a1162c0f-98b4-4dab-b4bc-2392dedfa5e9 - - - - - -] Attempt 1 to provision port c6aee143-98a5-48fa-9c3a-47713cc9f59b
2026-04-14 06:51:36.844 12 INFO neutron.plugins.ml2.plugin [None req-a1162c0f-98b4-4dab-b4bc-2392dedfa5e9 - - - - - -] Attempt 1 to provision port 4659bf54-4aa7-4ec3-bf0a-19475c1836b7
2026-04-14 06:51:37.481 11 INFO neutron.notifiers.nova [None req-a1162c0f-98b4-4dab-b4bc-2392dedfa5e9 - - - - - -] Nova event matching ['req-0c0d24fb-c7fc-4089-a920-17659161cc06'] response: {'server_uuid': 'cd84512e-42ae-4de7-97f2-b45647e20bc8', 'name': 'network-vif-unplugged', 'status': 'completed', 'tag': 'cfb7a64f-1fc4-4659-8d0b-596ff265996a', 'code': 200}
2026-04-14 06:51:38.674 11 INFO neutron.plugins.ml2.plugin [None req-a1162c0f-98b4-4dab-b4bc-2392dedfa5e9 - - - - - -] Attempt 1 to provision port c449af03-b871-4006-87ee-5cb38fd62e99
2026-04-14 06:51:40.793 12 INFO neutron.plugins.ml2.plugin [None req-a1162c0f-98b4-4dab-b4bc-2392dedfa5e9 - - - - - -] Attempt 1 to provision port 5e214c25-6f62-4650-8bde-b4f0d2276b92
2026-04-14 06:51:41.142 12 INFO neutron.plugins.ml2.plugin [None req-a1162c0f-98b4-4dab-b4bc-2392dedfa5e9 - - - - - -] Attempt 1 to provision port c449af03-b871-4006-87ee-5cb38fd62e99
2026-04-14 06:51:42.819 12 INFO neutron.plugins.ml2.plugin [None req-a1162c0f-98b4-4dab-b4bc-2392dedfa5e9 - - - - - -] Attempt 1 to provision port 5e214c25-6f62-4650-8bde-b4f0d2276b92
2026-04-14 06:51:48.691 12 INFO neutron.plugins.ml2.plugin [None req-a1162c0f-98b4-4dab-b4bc-2392dedfa5e9 - - - - - -] Attempt 1 to provision port 5fc416b2-ecc5-4476-8ba3-3b2d4481d29d
2026-04-14 06:51:48.883 11 INFO neutron.plugins.ml2.plugin [None req-a0b2ceeb-c82f-473b-a2e7-caf4734e057e - - - - - -] Attempt 1 to provision port 5fc416b2-ecc5-4476-8ba3-3b2d4481d29d
2026-04-14 06:51:48.921 11 INFO neutron.plugins.ml2.plugin [None req-a0b2ceeb-c82f-473b-a2e7-caf4734e057e - - - - - -] Attempt 1 to provision port 42b0426a-a151-4d91-b6de-55b86857fa68
2026-04-14 06:51:50.701 11 INFO neutron.plugins.ml2.plugin [None req-a1162c0f-98b4-4dab-b4bc-2392dedfa5e9 - - - - - -] Attempt 1 to provision port 5fc416b2-ecc5-4476-8ba3-3b2d4481d29d
2026-04-14 06:51:52.673 11 INFO neutron.plugins.ml2.plugin [None req-a1162c0f-98b4-4dab-b4bc-2392dedfa5e9 - - - - - -] Attempt 1 to provision port 2472e946-719e-4527-8f54-0b230f4e8587
2026-04-14 06:51:54.711 11 INFO neutron.plugins.ml2.plugin [None req-a1162c0f-98b4-4dab-b4bc-2392dedfa5e9 - - - - - -] Attempt 1 to provision port 2472e946-719e-4527-8f54-0b230f4e8587
2026-04-14 06:51:57.273 11 INFO neutron.plugins.ml2.plugin [None req-a1162c0f-98b4-4dab-b4bc-2392dedfa5e9 - - - - - -] Attempt 1 to provision port 3393a0d0-30fb-4ab4-90e0-1ff39fda7b98
2026-04-14 06:51:57.449 11 INFO neutron.notifiers.nova [None req-6740f5bb-b63c-41c4-b65f-62928d32d6bb - - - - - -] Nova event matching ['req-828ecfb1-d9a7-4861-a97e-784cee61cef9'] response: {'server_uuid': '6c93d84d-edf4-45dd-9f83-4d6ba58e72ea', 'name': 'network-vif-plugged', 'status': 'completed', 'tag': '3393a0d0-30fb-4ab4-90e0-1ff39fda7b98', 'code': 200}
2026-04-14 06:51:57.860 11 INFO neutron.plugins.ml2.plugin [None req-a1162c0f-98b4-4dab-b4bc-2392dedfa5e9 - - - - - -] Attempt 1 to provision port e13bdd33-90cb-43fd-b179-d910a176567e
2026-04-14 06:51:58.793 12 INFO neutron.plugins.ml2.plugin [None req-3d041282-b91a-4fc4-85d5-7dcf2a083923 - - - - - -] Attempt 1 to provision port 1e75f786-ebea-4028-a7e2-e73dfb161f6a
2026-04-14 06:51:58.827 12 INFO neutron.plugins.ml2.plugin [None req-3d041282-b91a-4fc4-85d5-7dcf2a083923 - - - - - -] Attempt 1 to provision port e13bdd33-90cb-43fd-b179-d910a176567e
2026-04-14 06:51:59.508 11 INFO neutron.plugins.ml2.plugin [None req-a1162c0f-98b4-4dab-b4bc-2392dedfa5e9 - - - - - -] Attempt 1 to provision port 3393a0d0-30fb-4ab4-90e0-1ff39fda7b98
2026-04-14 06:51:59.754 11 INFO neutron.plugins.ml2.plugin [None req-f1635881-ce0b-4a0f-ba89-e1b43d6fe5da - - - - - -] Attempt 1 to provision port e13bdd33-90cb-43fd-b179-d910a176567e
2026-04-14 06:52:01.482 12 INFO neutron.plugins.ml2.plugin [None req-a1162c0f-98b4-4dab-b4bc-2392dedfa5e9 - - - - - -] Attempt 1 to provision port 42b0426a-a151-4d91-b6de-55b86857fa68
2026-04-14 06:52:01.796 12 INFO neutron.plugins.ml2.plugin [None req-a1162c0f-98b4-4dab-b4bc-2392dedfa5e9 - - - - - -] Attempt 1 to provision port 6871910b-cc1c-41ae-949c-8272b9cd97c0
2026-04-14 06:52:03.434 11 INFO neutron.plugins.ml2.plugin [None req-a1162c0f-98b4-4dab-b4bc-2392dedfa5e9 - - - - - -] Attempt 1 to provision port 6871910b-cc1c-41ae-949c-8272b9cd97c0
2026-04-14 06:52:03.636 11 INFO neutron.plugins.ml2.plugin [None req-c98239fa-ea8f-4492-8e17-86273b5b7c5b - - - - - -] Attempt 1 to provision port 42b0426a-a151-4d91-b6de-55b86857fa68
2026-04-14 06:52:04.727 12 INFO neutron.plugins.ml2.plugin [None req-b3fff7ad-f4ab-461c-a446-30274e4ef367 - - - - - -] Attempt 1 to provision port 1e75f786-ebea-4028-a7e2-e73dfb161f6a
2026-04-14 06:52:04.752 12 INFO neutron.plugins.ml2.plugin [None req-b3fff7ad-f4ab-461c-a446-30274e4ef367 - - - - - -] Attempt 1 to provision port 5fc416b2-ecc5-4476-8ba3-3b2d4481d29d
2026-04-14 06:52:04.821 12 INFO neutron.plugins.ml2.plugin [None req-b3fff7ad-f4ab-461c-a446-30274e4ef367 - - - - - -] Attempt 1 to provision port 3393a0d0-30fb-4ab4-90e0-1ff39fda7b98
2026-04-14 06:52:04.878 12 INFO neutron.plugins.ml2.plugin [None req-b3fff7ad-f4ab-461c-a446-30274e4ef367 - - - - - -] Attempt 1 to provision port 42b0426a-a151-4d91-b6de-55b86857fa68
2026-04-14 06:52:04.941 12 INFO neutron.plugins.ml2.plugin [None req-b3fff7ad-f4ab-461c-a446-30274e4ef367 - - - - - -] Attempt 1 to provision port e13bdd33-90cb-43fd-b179-d910a176567e
2026-04-14 06:52:05.972 12 INFO neutron.plugins.ml2.plugin [None req-a1162c0f-98b4-4dab-b4bc-2392dedfa5e9 - - - - - -] Attempt 1 to provision port 299713dd-bc36-4341-8aa0-2e8becb067a9
2026-04-14 06:52:06.090 12 INFO neutron.notifiers.nova [None req-a1162c0f-98b4-4dab-b4bc-2392dedfa5e9 - - - - - -] Nova event matching ['req-0858614e-6e5a-418e-aa4b-2d3e9a4fa9c8'] response: {'server_uuid': 'e9ac0489-210c-4e8d-a42e-9b54bd8e3fd3', 'name': 'network-vif-plugged', 'status': 'completed', 'tag': '299713dd-bc36-4341-8aa0-2e8becb067a9', 'code': 200}
2026-04-14 06:52:07.210 12 INFO neutron.plugins.ml2.plugin [None req-ed92c55e-1d59-46ef-9bb3-337f990e4536 - - - - - -] Attempt 1 to provision port 6871910b-cc1c-41ae-949c-8272b9cd97c0
2026-04-14 06:52:07.287 12 INFO neutron.plugins.ml2.plugin [None req-ed92c55e-1d59-46ef-9bb3-337f990e4536 - - - - - -] Attempt 1 to provision port 42b0426a-a151-4d91-b6de-55b86857fa68
2026-04-14 06:52:07.434 11 INFO neutron.plugins.ml2.plugin [None req-a1162c0f-98b4-4dab-b4bc-2392dedfa5e9 - - - - - -] Attempt 1 to provision port 299713dd-bc36-4341-8aa0-2e8becb067a9
2026-04-14 06:52:09.846 11 INFO neutron.plugins.ml2.plugin [None req-7fdbdcb9-0dcc-4669-8067-68163467a8ea - - - - - -] Attempt 1 to provision port 42b0426a-a151-4d91-b6de-55b86857fa68
2026-04-14 06:52:09.897 11 INFO neutron.plugins.ml2.plugin [None req-7fdbdcb9-0dcc-4669-8067-68163467a8ea - - - - - -] Attempt 1 to provision port 1e75f786-ebea-4028-a7e2-e73dfb161f6a
2026-04-14 06:52:10.047 11 INFO neutron.plugins.ml2.plugin [None req-7fdbdcb9-0dcc-4669-8067-68163467a8ea - - - - - -] Attempt 1 to provision port 36ec5d4a-7d16-4f27-87b2-405707ba591c
2026-04-14 06:52:11.452 11 INFO neutron.plugins.ml2.plugin [None req-a1162c0f-98b4-4dab-b4bc-2392dedfa5e9 - - - - - -] Attempt 1 to provision port 1e75f786-ebea-4028-a7e2-e73dfb161f6a
2026-04-14 06:52:11.668 11 INFO neutron.plugins.ml2.plugin [None req-a1162c0f-98b4-4dab-b4bc-2392dedfa5e9 - - - - - -] Attempt 1 to provision port 36ec5d4a-7d16-4f27-87b2-405707ba591c
2026-04-14 06:52:12.545 12 INFO neutron.plugins.ml2.plugin [None req-dea89363-6bdf-4547-9ece-47363331a6f9 - - - - - -] Attempt 1 to provision port 3393a0d0-30fb-4ab4-90e0-1ff39fda7b98
2026-04-14 06:52:12.588 12 INFO neutron.plugins.ml2.plugin [None req-dea89363-6bdf-4547-9ece-47363331a6f9 - - - - - -] Attempt 1 to provision port 1e75f786-ebea-4028-a7e2-e73dfb161f6a
2026-04-14 06:52:13.793 11 INFO neutron.plugins.ml2.plugin [None req-8e432f9a-f214-4444-a335-ae88d92c9a30 - - - - - -] Attempt 1 to provision port 299713dd-bc36-4341-8aa0-2e8becb067a9
2026-04-14 06:52:21.371 12 INFO neutron.plugins.ml2.plugin [None req-5f53492d-eba6-4784-a3d5-482135c424b9 - - - - - -] Attempt 1 to provision port 47c44473-9801-49b2-ab89-98f8329e80d4
2026-04-14 06:52:21.459 11 INFO neutron.plugins.ml2.plugin [None req-a1162c0f-98b4-4dab-b4bc-2392dedfa5e9 - - - - - -] Attempt 1 to provision port 47c44473-9801-49b2-ab89-98f8329e80d4
2026-04-14 06:52:23.524 11 INFO neutron.plugins.ml2.plugin [None req-a1162c0f-98b4-4dab-b4bc-2392dedfa5e9 - - - - - -] Attempt 1 to provision port 26dbbd0a-edb2-4167-a961-f3943c4bda15
2026-04-14 06:52:23.915 11 INFO neutron.plugins.ml2.plugin [None req-a1162c0f-98b4-4dab-b4bc-2392dedfa5e9 - - - - - -] Attempt 1 to provision port 47c44473-9801-49b2-ab89-98f8329e80d4
2026-04-14 06:52:25.525 12 INFO neutron.plugins.ml2.plugin [None req-a1162c0f-98b4-4dab-b4bc-2392dedfa5e9 - - - - - -] Attempt 1 to provision port 26dbbd0a-edb2-4167-a961-f3943c4bda15
2026-04-14 06:52:25.726 12 INFO neutron.plugins.ml2.plugin [None req-a1162c0f-98b4-4dab-b4bc-2392dedfa5e9 - - - - - -] Attempt 1 to provision port 0994734c-e131-4ed8-9add-5877d0775c3f
2026-04-14 06:52:27.646 12 INFO neutron.plugins.ml2.plugin [None req-a1162c0f-98b4-4dab-b4bc-2392dedfa5e9 - - - - - -] Attempt 1 to provision port bfbe1e24-ad13-48cb-b39f-e40d853ffabe
2026-04-14 06:52:28.037 12 INFO neutron.plugins.ml2.plugin [None req-a1162c0f-98b4-4dab-b4bc-2392dedfa5e9 - - - - - -] Attempt 1 to provision port 0994734c-e131-4ed8-9add-5877d0775c3f
2026-04-14 06:52:28.279 12 INFO neutron.plugins.ml2.plugin [None req-ea7ac136-7090-4655-9e02-189dcad87793 - - - - - -] Attempt 1 to provision port 626cb569-521d-422d-bbb9-48a3b21d8730
2026-04-14 06:52:29.566 12 INFO neutron.plugins.ml2.plugin [None req-a1162c0f-98b4-4dab-b4bc-2392dedfa5e9 - - - - - -] Attempt 1 to provision port bfbe1e24-ad13-48cb-b39f-e40d853ffabe
2026-04-14 06:52:29.765 12 INFO neutron.plugins.ml2.plugin [None req-a1162c0f-98b4-4dab-b4bc-2392dedfa5e9 - - - - - -] Attempt 1 to provision port a7db899d-14d3-4824-8b8d-1f3684eb11c0
2026-04-14 06:52:30.061 12 INFO neutron.plugins.ml2.plugin [None req-a1162c0f-98b4-4dab-b4bc-2392dedfa5e9 - - - - - -] Attempt 1 to provision port 626cb569-521d-422d-bbb9-48a3b21d8730
2026-04-14 06:52:31.558 12 INFO neutron.plugins.ml2.plugin [None req-a1162c0f-98b4-4dab-b4bc-2392dedfa5e9 - - - - - -] Attempt 1 to provision port a7db899d-14d3-4824-8b8d-1f3684eb11c0
2026-04-14 06:52:31.592 11 INFO neutron.plugins.ml2.plugin [None req-0bc2b9b6-8003-4459-b028-f51c656af4d8 - - - - - -] Attempt 1 to provision port 47c44473-9801-49b2-ab89-98f8329e80d4
2026-04-14 06:52:31.657 11 INFO neutron.plugins.ml2.plugin [None req-0bc2b9b6-8003-4459-b028-f51c656af4d8 - - - - - -] Attempt 1 to provision port c3744fac-b1ea-4168-ae77-a743dc2a6464
2026-04-14 06:52:31.677 11 INFO neutron.plugins.ml2.plugin [None req-0bc2b9b6-8003-4459-b028-f51c656af4d8 - - - - - -] Attempt 1 to provision port 0994734c-e131-4ed8-9add-5877d0775c3f
2026-04-14 06:52:31.737 11 INFO neutron.plugins.ml2.plugin [None req-0bc2b9b6-8003-4459-b028-f51c656af4d8 - - - - - -] Attempt 1 to provision port a7db899d-14d3-4824-8b8d-1f3684eb11c0
2026-04-14 06:52:31.810 11 INFO neutron.plugins.ml2.plugin [None req-0bc2b9b6-8003-4459-b028-f51c656af4d8 - - - - - -] Attempt 1 to provision port 7a2760bb-e819-4b0f-81dd-fc07352ded2e
2026-04-14 06:52:31.837 11 INFO neutron.plugins.ml2.plugin [None req-0bc2b9b6-8003-4459-b028-f51c656af4d8 - - - - - -] Attempt 1 to provision port 4566d144-fccd-4766-92ed-06fe5864018d
2026-04-14 06:52:35.530 11 INFO neutron.plugins.ml2.plugin [None req-a1162c0f-98b4-4dab-b4bc-2392dedfa5e9 - - - - - -] Attempt 1 to provision port ab15ebef-11cc-4b52-b505-e5b88f5b2576
2026-04-14 06:52:37.509 12 INFO neutron.plugins.ml2.plugin [None req-a1162c0f-98b4-4dab-b4bc-2392dedfa5e9 - - - - - -] Attempt 1 to provision port ab15ebef-11cc-4b52-b505-e5b88f5b2576
2026-04-14 06:52:38.305 12 INFO neutron.notifiers.nova [None req-a1162c0f-98b4-4dab-b4bc-2392dedfa5e9 - - - - - -] Nova event matching ['req-7244e03d-deaa-406e-a541-047e3fc119d4'] response: {'server_uuid': 'e9ac0489-210c-4e8d-a42e-9b54bd8e3fd3', 'name': 'network-vif-unplugged', 'status': 'completed', 'tag': '299713dd-bc36-4341-8aa0-2e8becb067a9', 'code': 200}
2026-04-14 06:52:40.007 12 INFO neutron.plugins.ml2.plugin [None req-a1162c0f-98b4-4dab-b4bc-2392dedfa5e9 - - - - - -] Attempt 1 to provision port 299713dd-bc36-4341-8aa0-2e8becb067a9
2026-04-14 06:52:40.338 12 INFO neutron.plugins.ml2.plugin [None req-a1162c0f-98b4-4dab-b4bc-2392dedfa5e9 - - - - - -] Attempt 1 to provision port e026420a-fb11-4db8-9c5a-9cef4d11021a
2026-04-14 06:52:40.349 12 INFO neutron.notifiers.nova [None req-a1162c0f-98b4-4dab-b4bc-2392dedfa5e9 - - - - - -] Nova event matching ['req-15162061-c90c-4ff5-8622-d0f0a6e61a4d'] response: {'server_uuid': 'e9ac0489-210c-4e8d-a42e-9b54bd8e3fd3', 'name': 'network-vif-plugged', 'status': 'completed', 'tag': '299713dd-bc36-4341-8aa0-2e8becb067a9', 'code': 200}
2026-04-14 06:52:42.580 11 INFO neutron.plugins.ml2.plugin [None req-a1162c0f-98b4-4dab-b4bc-2392dedfa5e9 - - - - - -] Attempt 1 to provision port 299713dd-bc36-4341-8aa0-2e8becb067a9
2026-04-14 06:52:42.839 11 INFO neutron.plugins.ml2.plugin [None req-a1162c0f-98b4-4dab-b4bc-2392dedfa5e9 - - - - - -] Attempt 1 to provision port e026420a-fb11-4db8-9c5a-9cef4d11021a
2026-04-14 06:52:43.096 11 INFO neutron.plugins.ml2.plugin [None req-a1162c0f-98b4-4dab-b4bc-2392dedfa5e9 - - - - - -] Attempt 1 to provision port 2ea6d50d-e412-4780-b349-192e001ef8a1
2026-04-14 06:52:43.169 12 INFO neutron.plugins.ml2.plugin [None req-072ae572-371d-4734-a092-e359344b7da7 - - - - - -] Attempt 1 to provision port 080e9369-94ae-4971-bf43-6528ecfc7a8f
2026-04-14 06:52:43.196 12 INFO neutron.plugins.ml2.plugin [None req-072ae572-371d-4734-a092-e359344b7da7 - - - - - -] Attempt 1 to provision port 312a3aa3-f495-4995-9ee0-f2374b0ea633
2026-04-14 06:52:43.219 11 INFO neutron.notifiers.nova [None req-a1162c0f-98b4-4dab-b4bc-2392dedfa5e9 - - - - - -] Nova event matching ['req-95c268dd-9e0e-4c50-b5b9-18f910b73009'] response: {'server_uuid': '8c8fe145-d0fb-4380-9cbb-0fff294ed839', 'name': 'network-vif-plugged', 'status': 'completed', 'tag': '2ea6d50d-e412-4780-b349-192e001ef8a1', 'code': 200}
2026-04-14 06:52:43.223 12 INFO neutron.plugins.ml2.plugin [None req-072ae572-371d-4734-a092-e359344b7da7 - - - - - -] Attempt 1 to provision port ab15ebef-11cc-4b52-b505-e5b88f5b2576
2026-04-14 06:52:43.279 12 INFO neutron.plugins.ml2.plugin [None req-072ae572-371d-4734-a092-e359344b7da7 - - - - - -] Attempt 1 to provision port e17f4095-9260-4be9-af30-9c3210f0f8b1
2026-04-14 06:52:43.299 12 INFO neutron.plugins.ml2.plugin [None req-072ae572-371d-4734-a092-e359344b7da7 - - - - - -] Attempt 1 to provision port 16e33abd-c201-4413-b85b-a4142c78beb8
2026-04-14 06:52:43.330 12 INFO neutron.plugins.ml2.plugin [None req-072ae572-371d-4734-a092-e359344b7da7 - - - - - -] Attempt 1 to provision port e026420a-fb11-4db8-9c5a-9cef4d11021a
2026-04-14 06:52:43.392 12 INFO neutron.plugins.ml2.plugin [None req-072ae572-371d-4734-a092-e359344b7da7 - - - - - -] Attempt 1 to provision port c3744fac-b1ea-4168-ae77-a743dc2a6464
2026-04-14 06:52:43.428 12 INFO neutron.plugins.ml2.plugin [None req-072ae572-371d-4734-a092-e359344b7da7 - - - - - -] Attempt 1 to provision port 0994734c-e131-4ed8-9add-5877d0775c3f
2026-04-14 06:52:43.475 12 INFO neutron.plugins.ml2.plugin [None req-072ae572-371d-4734-a092-e359344b7da7 - - - - - -] Attempt 1 to provision port a7db899d-14d3-4824-8b8d-1f3684eb11c0
2026-04-14 06:52:43.525 12 INFO neutron.plugins.ml2.plugin [None req-072ae572-371d-4734-a092-e359344b7da7 - - - - - -] Attempt 1 to provision port 4566d144-fccd-4766-92ed-06fe5864018d
2026-04-14 06:52:44.320 12 INFO neutron.plugins.ml2.plugin [None req-a1162c0f-98b4-4dab-b4bc-2392dedfa5e9 - - - - - -] Attempt 1 to provision port 8fe2eb6a-02c8-4029-b7f7-7ec039b14ba5
2026-04-14 06:52:44.411 12 INFO neutron.notifiers.nova [None req-a1162c0f-98b4-4dab-b4bc-2392dedfa5e9 - - - - - -] Nova event matching ['req-d3d1ad3b-418b-42d0-99d1-a32ed05349de'] response: {'server_uuid': '66be69d6-7304-4c90-80b1-89d2d3bcc8c1', 'name': 'network-vif-plugged', 'status': 'completed', 'tag': '8fe2eb6a-02c8-4029-b7f7-7ec039b14ba5', 'code': 200}
2026-04-14 06:52:44.661 12 INFO neutron.plugins.ml2.plugin [None req-a1162c0f-98b4-4dab-b4bc-2392dedfa5e9 - - - - - -] Attempt 1 to provision port 2ea6d50d-e412-4780-b349-192e001ef8a1
2026-04-14 06:52:46.336 11 INFO neutron.plugins.ml2.plugin [None req-a1162c0f-98b4-4dab-b4bc-2392dedfa5e9 - - - - - -] Attempt 1 to provision port a7c0add8-c1cb-46b6-a05c-13023403b5fc
2026-04-14 06:52:46.450 11 INFO neutron.notifiers.nova [None req-a1162c0f-98b4-4dab-b4bc-2392dedfa5e9 - - - - - -] Nova event matching ['req-97c05468-bde6-4cda-9033-6e950ec9f6e8'] response: {'server_uuid': '857dd679-353b-4468-84a8-bcd64496dbba', 'name': 'network-vif-plugged', 'status': 'completed', 'tag': 'a7c0add8-c1cb-46b6-a05c-13023403b5fc', 'code': 200}
2026-04-14 06:52:46.743 11 INFO neutron.plugins.ml2.plugin [None req-a1162c0f-98b4-4dab-b4bc-2392dedfa5e9 - - - - - -] Attempt 1 to provision port 7a2760bb-e819-4b0f-81dd-fc07352ded2e
2026-04-14 06:52:47.041 11 INFO neutron.plugins.ml2.plugin [None req-a1162c0f-98b4-4dab-b4bc-2392dedfa5e9 - - - - - -] Attempt 1 to provision port 8fe2eb6a-02c8-4029-b7f7-7ec039b14ba5
2026-04-14 06:52:47.741 12 INFO neutron.plugins.ml2.plugin [None req-a1162c0f-98b4-4dab-b4bc-2392dedfa5e9 - - - - - -] Attempt 1 to provision port c3744fac-b1ea-4168-ae77-a743dc2a6464
2026-04-14 06:52:48.112 12 INFO neutron.plugins.ml2.plugin [None req-abec9c45-5e6d-4f00-8bea-899a3b680267 - - - - - -] Attempt 1 to provision port a7c0add8-c1cb-46b6-a05c-13023403b5fc
2026-04-14 06:52:48.339 12 INFO neutron.plugins.ml2.plugin [None req-abec9c45-5e6d-4f00-8bea-899a3b680267 - - - - - -] Attempt 1 to provision port 7a2760bb-e819-4b0f-81dd-fc07352ded2e
2026-04-14 06:52:48.501 12 INFO neutron.plugins.ml2.plugin [None req-9408deed-7bc2-43be-a322-ea35ee91a9d9 - - - - - -] Attempt 1 to provision port 080e9369-94ae-4971-bf43-6528ecfc7a8f
2026-04-14 06:52:49.768 11 INFO neutron.plugins.ml2.plugin [None req-a1162c0f-98b4-4dab-b4bc-2392dedfa5e9 - - - - - -] Attempt 1 to provision port 312a3aa3-f495-4995-9ee0-f2374b0ea633
2026-04-14 06:52:50.066 11 INFO neutron.plugins.ml2.plugin [None req-a1162c0f-98b4-4dab-b4bc-2392dedfa5e9 - - - - - -] Attempt 1 to provision port e17f4095-9260-4be9-af30-9c3210f0f8b1
2026-04-14 06:52:50.313 11 INFO neutron.plugins.ml2.plugin [None req-a1162c0f-98b4-4dab-b4bc-2392dedfa5e9 - - - - - -] Attempt 1 to provision port 4566d144-fccd-4766-92ed-06fe5864018d
2026-04-14 06:52:50.531 11 INFO neutron.plugins.ml2.plugin [None req-a1162c0f-98b4-4dab-b4bc-2392dedfa5e9 - - - - - -] Attempt 1 to provision port c3744fac-b1ea-4168-ae77-a743dc2a6464
2026-04-14 06:52:50.741 11 INFO neutron.plugins.ml2.plugin [None req-f358be60-3887-4d4e-a69e-6d5a9382a918 - - - - - -] Attempt 1 to provision port 16e33abd-c201-4413-b85b-a4142c78beb8
2026-04-14 06:52:50.999 11 INFO neutron.plugins.ml2.plugin [None req-a1162c0f-98b4-4dab-b4bc-2392dedfa5e9 - - - - - -] Attempt 1 to provision port 080e9369-94ae-4971-bf43-6528ecfc7a8f
2026-04-14 06:52:51.444 11 INFO neutron.plugins.ml2.plugin [None req-93b8a417-a54d-4ec6-bc62-10dd3d4e0e3c - - - - - -] Attempt 1 to provision port 312a3aa3-f495-4995-9ee0-f2374b0ea633
2026-04-14 06:52:51.503 11 INFO neutron.plugins.ml2.plugin [None req-93b8a417-a54d-4ec6-bc62-10dd3d4e0e3c - - - - - -] Attempt 1 to provision port ab15ebef-11cc-4b52-b505-e5b88f5b2576
2026-04-14 06:52:51.551 11 INFO neutron.plugins.ml2.plugin [None req-93b8a417-a54d-4ec6-bc62-10dd3d4e0e3c - - - - - -] Attempt 1 to provision port a0a4548f-9d7f-4da0-857b-419ee02b42df
2026-04-14 06:52:51.689 11 INFO neutron.plugins.ml2.plugin [None req-93b8a417-a54d-4ec6-bc62-10dd3d4e0e3c - - - - - -] Attempt 1 to provision port e17f4095-9260-4be9-af30-9c3210f0f8b1
2026-04-14 06:52:51.725 12 INFO neutron.plugins.ml2.plugin [None req-a1162c0f-98b4-4dab-b4bc-2392dedfa5e9 - - - - - -] Attempt 1 to provision port 312a3aa3-f495-4995-9ee0-f2374b0ea633
2026-04-14 06:52:51.746 11 INFO neutron.plugins.ml2.plugin [None req-0e153136-cdd3-4403-b02d-576b894a8a6c - - - - - -] Attempt 1 to provision port 16e33abd-c201-4413-b85b-a4142c78beb8
2026-04-14 06:52:51.803 11 INFO neutron.plugins.ml2.plugin [None req-0e153136-cdd3-4403-b02d-576b894a8a6c - - - - - -] Attempt 1 to provision port e026420a-fb11-4db8-9c5a-9cef4d11021a
2026-04-14 06:52:51.852 11 INFO neutron.plugins.ml2.plugin [None req-0e153136-cdd3-4403-b02d-576b894a8a6c - - - - - -] Attempt 1 to provision port 8fe2eb6a-02c8-4029-b7f7-7ec039b14ba5
2026-04-14 06:52:51.910 11 INFO neutron.plugins.ml2.plugin [None req-0e153136-cdd3-4403-b02d-576b894a8a6c - - - - - -] Attempt 1 to provision port c3744fac-b1ea-4168-ae77-a743dc2a6464
2026-04-14 06:52:51.928 12 INFO neutron.plugins.ml2.plugin [None req-a1162c0f-98b4-4dab-b4bc-2392dedfa5e9 - - - - - -] Attempt 1 to provision port e17f4095-9260-4be9-af30-9c3210f0f8b1
2026-04-14 06:52:51.970 11 INFO neutron.plugins.ml2.plugin [None req-0e153136-cdd3-4403-b02d-576b894a8a6c - - - - - -] Attempt 1 to provision port 0994734c-e131-4ed8-9add-5877d0775c3f
2026-04-14 06:52:52.025 11 INFO neutron.plugins.ml2.plugin [None req-0e153136-cdd3-4403-b02d-576b894a8a6c - - - - - -] Attempt 1 to provision port a7db899d-14d3-4824-8b8d-1f3684eb11c0
2026-04-14 06:52:52.083 11 INFO neutron.plugins.ml2.plugin [None req-0e153136-cdd3-4403-b02d-576b894a8a6c - - - - - -] Attempt 1 to provision port 4566d144-fccd-4766-92ed-06fe5864018d
2026-04-14 06:52:52.128 12 INFO neutron.plugins.ml2.plugin [None req-a1162c0f-98b4-4dab-b4bc-2392dedfa5e9 - - - - - -] Attempt 1 to provision port 4566d144-fccd-4766-92ed-06fe5864018d
2026-04-14 06:52:52.324 12 INFO neutron.plugins.ml2.plugin [None req-55444202-09e7-4ae3-9dfb-60a83d611376 - - - - - -] Attempt 1 to provision port 16e33abd-c201-4413-b85b-a4142c78beb8
2026-04-14 06:52:52.522 12 INFO neutron.plugins.ml2.plugin [None req-55444202-09e7-4ae3-9dfb-60a83d611376 - - - - - -] Attempt 1 to provision port a0a4548f-9d7f-4da0-857b-419ee02b42df
2026-04-14 06:52:53.675 11 INFO neutron.plugins.ml2.plugin [None req-a1162c0f-98b4-4dab-b4bc-2392dedfa5e9 - - - - - -] Attempt 1 to provision port a0a4548f-9d7f-4da0-857b-419ee02b42df
2026-04-14 06:52:58.126 11 INFO neutron.plugins.ml2.plugin [None req-f75492cf-801c-4466-87ac-418c446641f4 - - - - - -] Attempt 1 to provision port 312a3aa3-f495-4995-9ee0-f2374b0ea633
2026-04-14 06:52:58.173 11 INFO neutron.plugins.ml2.plugin [None req-f75492cf-801c-4466-87ac-418c446641f4 - - - - - -] Attempt 1 to provision port a7c0add8-c1cb-46b6-a05c-13023403b5fc
2026-04-14 06:52:58.224 11 INFO neutron.plugins.ml2.plugin [None req-f75492cf-801c-4466-87ac-418c446641f4 - - - - - -] Attempt 1 to provision port e17f4095-9260-4be9-af30-9c3210f0f8b1
2026-04-14 06:52:58.269 11 INFO neutron.plugins.ml2.plugin [None req-f75492cf-801c-4466-87ac-418c446641f4 - - - - - -] Attempt 1 to provision port ab15ebef-11cc-4b52-b505-e5b88f5b2576
2026-04-14 06:52:58.346 11 INFO neutron.plugins.ml2.plugin [None req-f75492cf-801c-4466-87ac-418c446641f4 - - - - - -] Attempt 1 to provision port 2ea6d50d-e412-4780-b349-192e001ef8a1
2026-04-14 06:52:58.412 11 INFO neutron.plugins.ml2.plugin [None req-f75492cf-801c-4466-87ac-418c446641f4 - - - - - -] Attempt 1 to provision port 16e33abd-c201-4413-b85b-a4142c78beb8
2026-04-14 06:52:58.480 11 INFO neutron.plugins.ml2.plugin [None req-f75492cf-801c-4466-87ac-418c446641f4 - - - - - -] Attempt 1 to provision port 4566d144-fccd-4766-92ed-06fe5864018d
2026-04-14 06:52:59.725 11 INFO neutron.plugins.ml2.plugin [None req-a1162c0f-98b4-4dab-b4bc-2392dedfa5e9 - - - - - -] Attempt 1 to provision port 2fadf3ef-b242-4aca-ad7f-9c8d27ebe7d2
2026-04-14 06:52:59.825 11 INFO neutron.notifiers.nova [None req-a1162c0f-98b4-4dab-b4bc-2392dedfa5e9 - - - - - -] Nova event matching ['req-781e5f9b-8a2c-4db4-9aae-dfbef45623d3'] response: {'server_uuid': 'ee652daa-1f08-4a9a-a543-c02dc7a8afce', 'name': 'network-vif-plugged', 'status': 'completed', 'tag': '2fadf3ef-b242-4aca-ad7f-9c8d27ebe7d2', 'code': 200}
2026-04-14 06:53:01.711 11 INFO neutron.plugins.ml2.plugin [None req-a1162c0f-98b4-4dab-b4bc-2392dedfa5e9 - - - - - -] Attempt 1 to provision port 2fadf3ef-b242-4aca-ad7f-9c8d27ebe7d2
2026-04-14 06:53:01.820 11 INFO neutron.plugins.ml2.plugin [None req-d81a76f9-dd63-42b3-b5fc-d3d51c4d5d02 - - - - - -] Attempt 1 to provision port 312a3aa3-f495-4995-9ee0-f2374b0ea633
2026-04-14 06:53:01.877 11 INFO neutron.plugins.ml2.plugin [None req-d81a76f9-dd63-42b3-b5fc-d3d51c4d5d02 - - - - - -] Attempt 1 to provision port 16e33abd-c201-4413-b85b-a4142c78beb8
2026-04-14 06:53:01.953 11 INFO neutron.plugins.ml2.plugin [None req-d81a76f9-dd63-42b3-b5fc-d3d51c4d5d02 - - - - - -] Attempt 1 to provision port e17f4095-9260-4be9-af30-9c3210f0f8b1
2026-04-14 06:53:02.008 11 INFO neutron.plugins.ml2.plugin [None req-d81a76f9-dd63-42b3-b5fc-d3d51c4d5d02 - - - - - -] Attempt 1 to provision port 4566d144-fccd-4766-92ed-06fe5864018d
2026-04-14 06:53:03.952 11 INFO neutron.plugins.ml2.plugin [None req-bd179620-d7f9-470a-95e7-f6d691c37633 - - - - - -] Attempt 1 to provision port e17f4095-9260-4be9-af30-9c3210f0f8b1
2026-04-14 06:53:04.062 11 INFO neutron.plugins.ml2.plugin [None req-bd179620-d7f9-470a-95e7-f6d691c37633 - - - - - -] Attempt 1 to provision port 8fe2eb6a-02c8-4029-b7f7-7ec039b14ba5
2026-04-14 06:53:06.304 11 INFO neutron.plugins.ml2.plugin [None req-53b0d5d2-d948-420e-9f39-3122b295e035 - - - - - -] Attempt 1 to provision port 2fadf3ef-b242-4aca-ad7f-9c8d27ebe7d2
2026-04-14 06:53:13.936 11 INFO neutron.notifiers.nova [None req-a1162c0f-98b4-4dab-b4bc-2392dedfa5e9 - - - - - -] Nova event matching ['req-257cdb64-6720-466f-aae7-a9e738c9ec82'] response: {'server_uuid': '8c8fe145-d0fb-4380-9cbb-0fff294ed839', 'name': 'network-vif-unplugged', 'status': 'completed', 'tag': '2ea6d50d-e412-4780-b349-192e001ef8a1', 'code': 200}
2026-04-14 06:53:34.512 11 INFO neutron.plugins.ml2.plugin [None req-ab711be5-0de6-497c-b30e-53dd365d6181 - - - - - -] Attempt 1 to provision port d91fa5c0-b3bd-48fd-b050-127b2dcdcab9
2026-04-14 06:53:39.715 12 INFO neutron.plugins.ml2.plugin [None req-a1162c0f-98b4-4dab-b4bc-2392dedfa5e9 - - - - - -] Attempt 1 to provision port 260a6774-9797-4256-830d-7a1a74a7a704
2026-04-14 06:53:41.738 12 INFO neutron.plugins.ml2.plugin [None req-a1162c0f-98b4-4dab-b4bc-2392dedfa5e9 - - - - - -] Attempt 1 to provision port 260a6774-9797-4256-830d-7a1a74a7a704
2026-04-14 06:54:00.312 12 INFO neutron.plugins.ml2.plugin [None req-a1162c0f-98b4-4dab-b4bc-2392dedfa5e9 - - - - - -] Attempt 1 to provision port a2ad3537-b6a1-481a-ac51-f6c0c08f81fe
2026-04-14 06:54:00.420 12 INFO neutron.notifiers.nova [None req-a1162c0f-98b4-4dab-b4bc-2392dedfa5e9 - - - - - -] Nova event matching ['req-69f48595-0e70-4c6c-aca6-9b3e5c2db9ac'] response: {'server_uuid': '0f795242-0c34-478c-a503-025127d0e63c', 'name': 'network-vif-plugged', 'status': 'completed', 'tag': 'a2ad3537-b6a1-481a-ac51-f6c0c08f81fe', 'code': 200}
2026-04-14 06:54:01.701 11 INFO neutron.plugins.ml2.plugin [None req-a1162c0f-98b4-4dab-b4bc-2392dedfa5e9 - - - - - -] Attempt 1 to provision port a2ad3537-b6a1-481a-ac51-f6c0c08f81fe
2026-04-14 06:54:03.292 11 INFO neutron.plugins.ml2.plugin [None req-2770c664-4409-4a4b-9ec6-a66b0987086d - - - - - -] Attempt 1 to provision port a2ad3537-b6a1-481a-ac51-f6c0c08f81fe
