Jun 29 04:42:01.779220 np0000183397 nova-scheduler[108524]: DEBUG cotyledon.oslo_config_glue [-] workarounds.disable_deep_image_inspection = False {{(pid=108524) log_opt_values /opt/stack/data/venv/lib/python3.12/site-packages/oslo_config/cfg.py:3253}}
Jun 29 04:42:01.779279 np0000183397 nova-scheduler[108524]: DEBUG cotyledon.oslo_config_glue [-] workarounds.disable_fallback_pcpu_query = False {{(pid=108524) log_opt_values /opt/stack/data/venv/lib/python3.12/site-packages/oslo_config/cfg.py:3253}}
Jun 29 04:42:01.779317 np0000183397 nova-scheduler[108524]: DEBUG cotyledon.oslo_config_glue [-] workarounds.disable_group_policy_check_upcall = False {{(pid=108524) log_opt_values /opt/stack/data/venv/lib/python3.12/site-packages/oslo_config/cfg.py:3253}}
Jun 29 04:42:01.779357 np0000183397 nova-scheduler[108524]: DEBUG cotyledon.oslo_config_glue [-] workarounds.disable_libvirt_livesnapshot = False {{(pid=108524) log_opt_values /opt/stack/data/venv/lib/python3.12/site-packages/oslo_config/cfg.py:3253}}
Jun 29 04:42:01.779404 np0000183397 nova-scheduler[108524]: DEBUG cotyledon.oslo_config_glue [-] workarounds.disable_rootwrap = False {{(pid=108524) log_opt_values /opt/stack/data/venv/lib/python3.12/site-packages/oslo_config/cfg.py:3253}}
Jun 29 04:42:01.779442 np0000183397 nova-scheduler[108524]: DEBUG cotyledon.oslo_config_glue [-] workarounds.enable_numa_live_migration = False {{(pid=108524) log_opt_values /opt/stack/data/venv/lib/python3.12/site-packages/oslo_config/cfg.py:3253}}
Jun 29 04:42:01.779478 np0000183397 nova-scheduler[108524]: DEBUG cotyledon.oslo_config_glue [-] workarounds.enable_qemu_monitor_announce_self = False {{(pid=108524) log_opt_values /opt/stack/data/venv/lib/python3.12/site-packages/oslo_config/cfg.py:3253}}
Jun 29 04:42:01.779515 np0000183397 nova-scheduler[108524]: DEBUG cotyledon.oslo_config_glue [-] workarounds.ensure_libvirt_rbd_instance_dir_cleanup = False {{(pid=108524) log_opt_values /opt/stack/data/venv/lib/python3.12/site-packages/oslo_config/cfg.py:3253}}
Jun 29 04:42:01.779550 np0000183397 nova-scheduler[108524]: DEBUG cotyledon.oslo_config_glue [-] workarounds.handle_virt_lifecycle_events = True {{(pid=108524) log_opt_values /opt/stack/data/venv/lib/python3.12/site-packages/oslo_config/cfg.py:3253}}
Jun 29 04:42:01.779587 np0000183397 nova-scheduler[108524]: DEBUG cotyledon.oslo_config_glue [-] workarounds.libvirt_disable_apic = False {{(pid=108524) log_opt_values /opt/stack/data/venv/lib/python3.12/site-packages/oslo_config/cfg.py:3253}}
Jun 29 04:42:01.779629 np0000183397 nova-scheduler[108524]: DEBUG cotyledon.oslo_config_glue [-] workarounds.never_download_image_if_on_rbd = False {{(pid=108524) log_opt_values /opt/stack/data/venv/lib/python3.12/site-packages/oslo_config/cfg.py:3253}}
Jun 29 04:42:01.779671 np0000183397 nova-scheduler[108524]: DEBUG cotyledon.oslo_config_glue [-] workarounds.qemu_monitor_announce_self_count = 3 {{(pid=108524) log_opt_values /opt/stack/data/venv/lib/python3.12/site-packages/oslo_config/cfg.py:3253}}
Jun 29 04:42:01.779714 np0000183397 nova-scheduler[108524]: DEBUG cotyledon.oslo_config_glue [-] workarounds.qemu_monitor_announce_self_interval = 1 {{(pid=108524) log_opt_values /opt/stack/data/venv/lib/python3.12/site-packages/oslo_config/cfg.py:3253}}
Jun 29 04:42:01.779755 np0000183397 nova-scheduler[108524]: DEBUG cotyledon.oslo_config_glue [-] workarounds.reserve_disk_resource_for_image_cache = False {{(pid=108524) log_opt_values /opt/stack/data/venv/lib/python3.12/site-packages/oslo_config/cfg.py:3253}}
Jun 29 04:42:01.779792 np0000183397 nova-scheduler[108524]: DEBUG cotyledon.oslo_config_glue [-] workarounds.skip_cpu_compare_at_startup = False {{(pid=108524) log_opt_values /opt/stack/data/venv/lib/python3.12/site-packages/oslo_config/cfg.py:3253}}
Jun 29 04:42:01.779829 np0000183397 nova-scheduler[108524]: DEBUG cotyledon.oslo_config_glue [-] workarounds.skip_cpu_compare_on_dest = False {{(pid=108524) log_opt_values /opt/stack/data/venv/lib/python3.12/site-packages/oslo_config/cfg.py:3253}}
Jun 29 04:42:01.779870 np0000183397 nova-scheduler[108524]: DEBUG cotyledon.oslo_config_glue [-] workarounds.skip_hypervisor_version_check_on_lm = False {{(pid=108524) log_opt_values /opt/stack/data/venv/lib/python3.12/site-packages/oslo_config/cfg.py:3253}}
Jun 29 04:42:01.779907 np0000183397 nova-scheduler[108524]: DEBUG cotyledon.oslo_config_glue [-] workarounds.skip_reserve_in_use_ironic_nodes = False {{(pid=108524) log_opt_values /opt/stack/data/venv/lib/python3.12/site-packages/oslo_config/cfg.py:3253}}
Jun 29 04:42:01.779943 np0000183397 nova-scheduler[108524]: DEBUG cotyledon.oslo_config_glue [-] workarounds.unified_limits_count_pcpu_as_vcpu = False {{(pid=108524) log_opt_values /opt/stack/data/venv/lib/python3.12/site-packages/oslo_config/cfg.py:3253}}
Jun 29 04:42:01.779984 np0000183397 nova-scheduler[108524]: DEBUG cotyledon.oslo_config_glue [-] workarounds.wait_for_vif_plugged_event_during_hard_reboot = [] {{(pid=108524) log_opt_values /opt/stack/data/venv/lib/python3.12/site-packages/oslo_config/cfg.py:3253}}
Jun 29 04:42:01.780022 np0000183397 nova-scheduler[108524]: DEBUG cotyledon.oslo_config_glue [-] wsgi.api_paste_config = /etc/nova/api-paste.ini {{(pid=108524) log_opt_values /opt/stack/data/venv/lib/python3.12/site-packages/oslo_config/cfg.py:3253}}
Jun 29 04:42:01.780064 np0000183397 nova-scheduler[108524]: DEBUG cotyledon.oslo_config_glue [-] wsgi.secure_proxy_ssl_header = None {{(pid=108524) log_opt_values /opt/stack/data/venv/lib/python3.12/site-packages/oslo_config/cfg.py:3253}}
Jun 29 04:42:01.780107 np0000183397 nova-scheduler[108524]: DEBUG cotyledon.oslo_config_glue [-] zvm.ca_file = None {{(pid=108524) log_opt_values /opt/stack/data/venv/lib/python3.12/site-packages/oslo_config/cfg.py:3253}}
Jun 29 04:42:01.780143 np0000183397 nova-scheduler[108524]: DEBUG cotyledon.oslo_config_glue [-] zvm.cloud_connector_url = None {{(pid=108524) log_opt_values /opt/stack/data/venv/lib/python3.12/site-packages/oslo_config/cfg.py:3253}}
Jun 29 04:42:01.780179 np0000183397 nova-scheduler[108524]: DEBUG cotyledon.oslo_config_glue [-] zvm.image_tmp_path = /opt/stack/data/nova/images {{(pid=108524) log_opt_values /opt/stack/data/venv/lib/python3.12/site-packages/oslo_config/cfg.py:3253}}
Jun 29 04:42:01.780237 np0000183397 nova-scheduler[108524]: DEBUG cotyledon.oslo_config_glue [-] zvm.reachable_timeout = 300 {{(pid=108524) log_opt_values /opt/stack/data/venv/lib/python3.12/site-packages/oslo_config/cfg.py:3253}}
Jun 29 04:42:01.780317 np0000183397 nova-scheduler[108524]: DEBUG cotyledon.oslo_config_glue [-] oslo_versionedobjects.fatal_exception_format_errors = False {{(pid=108524) log_opt_values /opt/stack/data/venv/lib/python3.12/site-packages/oslo_config/cfg.py:3253}}
Jun 29 04:42:01.780381 np0000183397 nova-scheduler[108524]: DEBUG cotyledon.oslo_config_glue [-] oslo_middleware.http_basic_auth_user_file = /etc/htpasswd {{(pid=108524) log_opt_values /opt/stack/data/venv/lib/python3.12/site-packages/oslo_config/cfg.py:3253}}
Jun 29 04:42:01.780446 np0000183397 nova-scheduler[108524]: DEBUG cotyledon.oslo_config_glue [-] oslo_messaging_metrics.metrics_buffer_size = 1000 {{(pid=108524) log_opt_values /opt/stack/data/venv/lib/python3.12/site-packages/oslo_config/cfg.py:3253}}
Jun 29 04:42:01.780492 np0000183397 nova-scheduler[108524]: DEBUG cotyledon.oslo_config_glue [-] oslo_messaging_metrics.metrics_enabled = False {{(pid=108524) log_opt_values /opt/stack/data/venv/lib/python3.12/site-packages/oslo_config/cfg.py:3253}}
Jun 29 04:42:01.780528 np0000183397 nova-scheduler[108524]: DEBUG cotyledon.oslo_config_glue [-] oslo_messaging_metrics.metrics_process_name = {{(pid=108524) log_opt_values /opt/stack/data/venv/lib/python3.12/site-packages/oslo_config/cfg.py:3253}}
Jun 29 04:42:01.780569 np0000183397 nova-scheduler[108524]: DEBUG cotyledon.oslo_config_glue [-] oslo_messaging_metrics.metrics_socket_file = /var/tmp/metrics_collector.sock {{(pid=108524) log_opt_values /opt/stack/data/venv/lib/python3.12/site-packages/oslo_config/cfg.py:3253}}
Jun 29 04:42:01.780605 np0000183397 nova-scheduler[108524]: DEBUG cotyledon.oslo_config_glue [-] oslo_messaging_metrics.metrics_thread_stop_timeout = 10 {{(pid=108524) log_opt_values /opt/stack/data/venv/lib/python3.12/site-packages/oslo_config/cfg.py:3253}}
Jun 29 04:42:01.780682 np0000183397 nova-scheduler[108524]: DEBUG cotyledon.oslo_config_glue [-] profiler.connection_string = messaging:// {{(pid=108524) log_opt_values /opt/stack/data/venv/lib/python3.12/site-packages/oslo_config/cfg.py:3253}}
Jun 29 04:42:01.780721 np0000183397 nova-scheduler[108524]: DEBUG cotyledon.oslo_config_glue [-] profiler.enabled = False {{(pid=108524) log_opt_values /opt/stack/data/venv/lib/python3.12/site-packages/oslo_config/cfg.py:3253}}
Jun 29 04:42:01.780757 np0000183397 nova-scheduler[108524]: DEBUG cotyledon.oslo_config_glue [-] profiler.es_doc_type = notification {{(pid=108524) log_opt_values /opt/stack/data/venv/lib/python3.12/site-packages/oslo_config/cfg.py:3253}}
Jun 29 04:42:01.780792 np0000183397 nova-scheduler[108524]: DEBUG cotyledon.oslo_config_glue [-] profiler.es_scroll_size = 10000 {{(pid=108524) log_opt_values /opt/stack/data/venv/lib/python3.12/site-packages/oslo_config/cfg.py:3253}}
Jun 29 04:42:01.780840 np0000183397 nova-scheduler[108524]: DEBUG cotyledon.oslo_config_glue [-] profiler.es_scroll_time = 2m {{(pid=108524) log_opt_values /opt/stack/data/venv/lib/python3.12/site-packages/oslo_config/cfg.py:3253}}
Jun 29 04:42:01.780885 np0000183397 nova-scheduler[108524]: DEBUG cotyledon.oslo_config_glue [-] profiler.filter_error_trace = False {{(pid=108524) log_opt_values /opt/stack/data/venv/lib/python3.12/site-packages/oslo_config/cfg.py:3253}}
Jun 29 04:42:01.780919 np0000183397 nova-scheduler[108524]: DEBUG cotyledon.oslo_config_glue [-] profiler.hmac_keys = **** {{(pid=108524) log_opt_values /opt/stack/data/venv/lib/python3.12/site-packages/oslo_config/cfg.py:3253}}
Jun 29 04:42:01.780963 np0000183397 nova-scheduler[108524]: DEBUG cotyledon.oslo_config_glue [-] profiler.sentinel_service_name = mymaster {{(pid=108524) log_opt_values /opt/stack/data/venv/lib/python3.12/site-packages/oslo_config/cfg.py:3253}}
Jun 29 04:42:01.780998 np0000183397 nova-scheduler[108524]: DEBUG cotyledon.oslo_config_glue [-] profiler.socket_timeout = 0.1 {{(pid=108524) log_opt_values /opt/stack/data/venv/lib/python3.12/site-packages/oslo_config/cfg.py:3253}}
Jun 29 04:42:01.781032 np0000183397 nova-scheduler[108524]: DEBUG cotyledon.oslo_config_glue [-] profiler.trace_requests = False {{(pid=108524) log_opt_values /opt/stack/data/venv/lib/python3.12/site-packages/oslo_config/cfg.py:3253}}
Jun 29 04:42:01.781067 np0000183397 nova-scheduler[108524]: DEBUG cotyledon.oslo_config_glue [-] profiler.trace_sqlalchemy = False {{(pid=108524) log_opt_values /opt/stack/data/venv/lib/python3.12/site-packages/oslo_config/cfg.py:3253}}
Jun 29 04:42:01.781133 np0000183397 nova-scheduler[108524]: DEBUG cotyledon.oslo_config_glue [-] profiler_jaeger.process_tags = {} {{(pid=108524) log_opt_values /opt/stack/data/venv/lib/python3.12/site-packages/oslo_config/cfg.py:3253}}
Jun 29 04:42:01.781171 np0000183397 nova-scheduler[108524]: DEBUG cotyledon.oslo_config_glue [-] profiler_jaeger.service_name_prefix = None {{(pid=108524) log_opt_values /opt/stack/data/venv/lib/python3.12/site-packages/oslo_config/cfg.py:3253}}
Jun 29 04:42:01.781245 np0000183397 nova-scheduler[108524]: DEBUG cotyledon.oslo_config_glue [-] profiler_otlp.service_name_prefix = None {{(pid=108524) log_opt_values /opt/stack/data/venv/lib/python3.12/site-packages/oslo_config/cfg.py:3253}}
Jun 29 04:42:01.781349 np0000183397 nova-scheduler[108524]: DEBUG cotyledon.oslo_config_glue [-] oslo_messaging_rabbit.amqp_auto_delete = False {{(pid=108524) log_opt_values /opt/stack/data/venv/lib/python3.12/site-packages/oslo_config/cfg.py:3253}}
Jun 29 04:42:01.781386 np0000183397 nova-scheduler[108524]: DEBUG cotyledon.oslo_config_glue [-] oslo_messaging_rabbit.amqp_durable_queues = False {{(pid=108524) log_opt_values /opt/stack/data/venv/lib/python3.12/site-packages/oslo_config/cfg.py:3253}}
Jun 29 04:42:01.781430 np0000183397 nova-scheduler[108524]: DEBUG cotyledon.oslo_config_glue [-] oslo_messaging_rabbit.conn_pool_min_size = 2 {{(pid=108524) log_opt_values /opt/stack/data/venv/lib/python3.12/site-packages/oslo_config/cfg.py:3253}}
Jun 29 04:42:01.781496 np0000183397 nova-scheduler[108524]: DEBUG cotyledon.oslo_config_glue [-] oslo_messaging_rabbit.conn_pool_ttl = 1200 {{(pid=108524) log_opt_values /opt/stack/data/venv/lib/python3.12/site-packages/oslo_config/cfg.py:3253}}
Jun 29 04:42:01.781537 np0000183397 nova-scheduler[108524]: DEBUG cotyledon.oslo_config_glue [-] oslo_messaging_rabbit.direct_mandatory_flag = True {{(pid=108524) log_opt_values /opt/stack/data/venv/lib/python3.12/site-packages/oslo_config/cfg.py:3253}}
Jun 29 04:42:01.781573 np0000183397 nova-scheduler[108524]: DEBUG cotyledon.oslo_config_glue [-] oslo_messaging_rabbit.enable_cancel_on_failover = False {{(pid=108524) log_opt_values /opt/stack/data/venv/lib/python3.12/site-packages/oslo_config/cfg.py:3253}}
Jun 29 04:42:01.781632 np0000183397 nova-scheduler[108524]: DEBUG cotyledon.oslo_config_glue [-] oslo_messaging_rabbit.heartbeat_rate = 3 {{(pid=108524) log_opt_values /opt/stack/data/venv/lib/python3.12/site-packages/oslo_config/cfg.py:3253}}
Jun 29 04:42:01.781668 np0000183397 nova-scheduler[108524]: DEBUG cotyledon.oslo_config_glue [-] oslo_messaging_rabbit.heartbeat_timeout_threshold = 60 {{(pid=108524) log_opt_values /opt/stack/data/venv/lib/python3.12/site-packages/oslo_config/cfg.py:3253}}
Jun 29 04:42:01.781723 np0000183397 nova-scheduler[108524]: DEBUG cotyledon.oslo_config_glue [-] oslo_messaging_rabbit.hostname = np0000183397 {{(pid=108524) log_opt_values /opt/stack/data/venv/lib/python3.12/site-packages/oslo_config/cfg.py:3253}}
Jun 29 04:42:01.781766 np0000183397 nova-scheduler[108524]: DEBUG cotyledon.oslo_config_glue [-] oslo_messaging_rabbit.kombu_compression = None {{(pid=108524) log_opt_values /opt/stack/data/venv/lib/python3.12/site-packages/oslo_config/cfg.py:3253}}
Jun 29 04:42:01.781803 np0000183397 nova-scheduler[108524]: DEBUG cotyledon.oslo_config_glue [-] oslo_messaging_rabbit.kombu_failover_strategy = round-robin {{(pid=108524) log_opt_values /opt/stack/data/venv/lib/python3.12/site-packages/oslo_config/cfg.py:3253}}
Jun 29 04:42:01.781844 np0000183397 nova-scheduler[108524]: DEBUG cotyledon.oslo_config_glue [-] oslo_messaging_rabbit.kombu_missing_consumer_retry_timeout = 60 {{(pid=108524) log_opt_values /opt/stack/data/venv/lib/python3.12/site-packages/oslo_config/cfg.py:3253}}
Jun 29 04:42:01.781896 np0000183397 nova-scheduler[108524]: DEBUG cotyledon.oslo_config_glue [-] oslo_messaging_rabbit.kombu_reconnect_delay = 1.0 {{(pid=108524) log_opt_values /opt/stack/data/venv/lib/python3.12/site-packages/oslo_config/cfg.py:3253}}
Jun 29 04:42:01.781940 np0000183397 nova-scheduler[108524]: DEBUG cotyledon.oslo_config_glue [-] oslo_messaging_rabbit.kombu_reconnect_splay = 0.0 {{(pid=108524) log_opt_values /opt/stack/data/venv/lib/python3.12/site-packages/oslo_config/cfg.py:3253}}
Jun 29 04:42:01.781975 np0000183397 nova-scheduler[108524]: DEBUG cotyledon.oslo_config_glue [-] oslo_messaging_rabbit.processname = nova-scheduler {{(pid=108524) log_opt_values /opt/stack/data/venv/lib/python3.12/site-packages/oslo_config/cfg.py:3253}}
Jun 29 04:42:01.782009 np0000183397 nova-scheduler[108524]: DEBUG cotyledon.oslo_config_glue [-] oslo_messaging_rabbit.rabbit_ha_queues = False {{(pid=108524) log_opt_values /opt/stack/data/venv/lib/python3.12/site-packages/oslo_config/cfg.py:3253}}
Jun 29 04:42:01.782046 np0000183397 nova-scheduler[108524]: DEBUG cotyledon.oslo_config_glue [-] oslo_messaging_rabbit.rabbit_interval_max = 30 {{(pid=108524) log_opt_values /opt/stack/data/venv/lib/python3.12/site-packages/oslo_config/cfg.py:3253}}
Jun 29 04:42:01.782087 np0000183397 nova-scheduler[108524]: DEBUG cotyledon.oslo_config_glue [-] oslo_messaging_rabbit.rabbit_login_method = AMQPLAIN {{(pid=108524) log_opt_values /opt/stack/data/venv/lib/python3.12/site-packages/oslo_config/cfg.py:3253}}
Jun 29 04:42:01.782126 np0000183397 nova-scheduler[108524]: DEBUG cotyledon.oslo_config_glue [-] oslo_messaging_rabbit.rabbit_qos_prefetch_count = 0 {{(pid=108524) log_opt_values /opt/stack/data/venv/lib/python3.12/site-packages/oslo_config/cfg.py:3253}}
Jun 29 04:42:01.782161 np0000183397 nova-scheduler[108524]: DEBUG cotyledon.oslo_config_glue [-] oslo_messaging_rabbit.rabbit_quorum_delivery_limit = 0 {{(pid=108524) log_opt_values /opt/stack/data/venv/lib/python3.12/site-packages/oslo_config/cfg.py:3253}}
Jun 29 04:42:01.782200 np0000183397 nova-scheduler[108524]: DEBUG cotyledon.oslo_config_glue [-] oslo_messaging_rabbit.rabbit_quorum_max_memory_bytes = 0 {{(pid=108524) log_opt_values /opt/stack/data/venv/lib/python3.12/site-packages/oslo_config/cfg.py:3253}}
Jun 29 04:42:01.782240 np0000183397 nova-scheduler[108524]: DEBUG cotyledon.oslo_config_glue [-] oslo_messaging_rabbit.rabbit_quorum_max_memory_length = 0 {{(pid=108524) log_opt_values /opt/stack/data/venv/lib/python3.12/site-packages/oslo_config/cfg.py:3253}}
Jun 29 04:42:01.782300 np0000183397 nova-scheduler[108524]: DEBUG cotyledon.oslo_config_glue [-] oslo_messaging_rabbit.rabbit_quorum_queue = False {{(pid=108524) log_opt_values /opt/stack/data/venv/lib/python3.12/site-packages/oslo_config/cfg.py:3253}}
Jun 29 04:42:01.782336 np0000183397 nova-scheduler[108524]: DEBUG cotyledon.oslo_config_glue [-] oslo_messaging_rabbit.rabbit_retry_backoff = 2 {{(pid=108524) log_opt_values /opt/stack/data/venv/lib/python3.12/site-packages/oslo_config/cfg.py:3253}}
Jun 29 04:42:01.782377 np0000183397 nova-scheduler[108524]: DEBUG cotyledon.oslo_config_glue [-] oslo_messaging_rabbit.rabbit_retry_interval = 1 {{(pid=108524) log_opt_values /opt/stack/data/venv/lib/python3.12/site-packages/oslo_config/cfg.py:3253}}
Jun 29 04:42:01.782413 np0000183397 nova-scheduler[108524]: DEBUG cotyledon.oslo_config_glue [-] oslo_messaging_rabbit.rabbit_stream_fanout = False {{(pid=108524) log_opt_values /opt/stack/data/venv/lib/python3.12/site-packages/oslo_config/cfg.py:3253}}
Jun 29 04:42:01.782464 np0000183397 nova-scheduler[108524]: DEBUG cotyledon.oslo_config_glue [-] oslo_messaging_rabbit.rabbit_transient_queues_ttl = 1800 {{(pid=108524) log_opt_values /opt/stack/data/venv/lib/python3.12/site-packages/oslo_config/cfg.py:3253}}
Jun 29 04:42:01.782500 np0000183397 nova-scheduler[108524]: DEBUG cotyledon.oslo_config_glue [-] oslo_messaging_rabbit.rabbit_transient_quorum_queue = False {{(pid=108524) log_opt_values /opt/stack/data/venv/lib/python3.12/site-packages/oslo_config/cfg.py:3253}}
Jun 29 04:42:01.782553 np0000183397 nova-scheduler[108524]: DEBUG cotyledon.oslo_config_glue [-] oslo_messaging_rabbit.rpc_conn_pool_size = 30 {{(pid=108524) log_opt_values /opt/stack/data/venv/lib/python3.12/site-packages/oslo_config/cfg.py:3253}}
Jun 29 04:42:01.782594 np0000183397 nova-scheduler[108524]: DEBUG cotyledon.oslo_config_glue [-] oslo_messaging_rabbit.ssl = False {{(pid=108524) log_opt_values /opt/stack/data/venv/lib/python3.12/site-packages/oslo_config/cfg.py:3253}}
Jun 29 04:42:01.782654 np0000183397 nova-scheduler[108524]: DEBUG cotyledon.oslo_config_glue [-] oslo_messaging_rabbit.ssl_ca_file = {{(pid=108524) log_opt_values /opt/stack/data/venv/lib/python3.12/site-packages/oslo_config/cfg.py:3253}}
Jun 29 04:42:01.782692 np0000183397 nova-scheduler[108524]: DEBUG cotyledon.oslo_config_glue [-] oslo_messaging_rabbit.ssl_cert_file = {{(pid=108524) log_opt_values /opt/stack/data/venv/lib/python3.12/site-packages/oslo_config/cfg.py:3253}}
Jun 29 04:42:01.782723 np0000183397 nova-scheduler[108524]: DEBUG cotyledon.oslo_config_glue [-] oslo_messaging_rabbit.ssl_enforce_fips_mode = False {{(pid=108524) log_opt_values /opt/stack/data/venv/lib/python3.12/site-packages/oslo_config/cfg.py:3253}}
Jun 29 04:42:01.782775 np0000183397 nova-scheduler[108524]: DEBUG cotyledon.oslo_config_glue [-] oslo_messaging_rabbit.ssl_enforce_hostname_verification = True {{(pid=108524) log_opt_values /opt/stack/data/venv/lib/python3.12/site-packages/oslo_config/cfg.py:3253}}
Jun 29 04:42:01.782807 np0000183397 nova-scheduler[108524]: DEBUG cotyledon.oslo_config_glue [-] oslo_messaging_rabbit.ssl_key_file = {{(pid=108524) log_opt_values /opt/stack/data/venv/lib/python3.12/site-packages/oslo_config/cfg.py:3253}}
Jun 29 04:42:01.782862 np0000183397 nova-scheduler[108524]: DEBUG cotyledon.oslo_config_glue [-] oslo_messaging_rabbit.ssl_version = {{(pid=108524) log_opt_values /opt/stack/data/venv/lib/python3.12/site-packages/oslo_config/cfg.py:3253}}
Jun 29 04:42:01.782896 np0000183397 nova-scheduler[108524]: DEBUG cotyledon.oslo_config_glue [-] oslo_messaging_rabbit.use_queue_manager = False {{(pid=108524) log_opt_values /opt/stack/data/venv/lib/python3.12/site-packages/oslo_config/cfg.py:3253}}
Jun 29 04:42:01.782960 np0000183397 nova-scheduler[108524]: DEBUG cotyledon.oslo_config_glue [-] oslo_messaging_notifications.driver = ['messagingv2'] {{(pid=108524) log_opt_values /opt/stack/data/venv/lib/python3.12/site-packages/oslo_config/cfg.py:3253}}
Jun 29 04:42:01.783003 np0000183397 nova-scheduler[108524]: DEBUG cotyledon.oslo_config_glue [-] oslo_messaging_notifications.retry = -1 {{(pid=108524) log_opt_values /opt/stack/data/venv/lib/python3.12/site-packages/oslo_config/cfg.py:3253}}
Jun 29 04:42:01.783038 np0000183397 nova-scheduler[108524]: DEBUG cotyledon.oslo_config_glue [-] oslo_messaging_notifications.topics = ['notifications'] {{(pid=108524) log_opt_values /opt/stack/data/venv/lib/python3.12/site-packages/oslo_config/cfg.py:3253}}
Jun 29 04:42:01.783104 np0000183397 nova-scheduler[108524]: DEBUG cotyledon.oslo_config_glue [-] oslo_messaging_notifications.transport_url = **** {{(pid=108524) log_opt_values /opt/stack/data/venv/lib/python3.12/site-packages/oslo_config/cfg.py:3253}}
Jun 29 04:42:01.783171 np0000183397 nova-scheduler[108524]: DEBUG cotyledon.oslo_config_glue [-] oslo_limit.auth_section = None {{(pid=108524) log_opt_values /opt/stack/data/venv/lib/python3.12/site-packages/oslo_config/cfg.py:3253}}
Jun 29 04:42:01.783270 np0000183397 nova-scheduler[108524]: DEBUG cotyledon.oslo_config_glue [-] oslo_limit.auth_type = None {{(pid=108524) log_opt_values /opt/stack/data/venv/lib/python3.12/site-packages/oslo_config/cfg.py:3253}}
Jun 29 04:42:01.783358 np0000183397 nova-scheduler[108524]: DEBUG cotyledon.oslo_config_glue [-] oslo_limit.cafile = None {{(pid=108524) log_opt_values /opt/stack/data/venv/lib/python3.12/site-packages/oslo_config/cfg.py:3253}}
Jun 29 04:42:01.783397 np0000183397 nova-scheduler[108524]: DEBUG cotyledon.oslo_config_glue [-] oslo_limit.certfile = None {{(pid=108524) log_opt_values /opt/stack/data/venv/lib/python3.12/site-packages/oslo_config/cfg.py:3253}}
Jun 29 04:42:01.783442 np0000183397 nova-scheduler[108524]: DEBUG cotyledon.oslo_config_glue [-] oslo_limit.collect_timing = False {{(pid=108524) log_opt_values /opt/stack/data/venv/lib/python3.12/site-packages/oslo_config/cfg.py:3253}}
Jun 29 04:42:01.783477 np0000183397 nova-scheduler[108524]: DEBUG cotyledon.oslo_config_glue [-] oslo_limit.connect_retries = None {{(pid=108524) log_opt_values /opt/stack/data/venv/lib/python3.12/site-packages/oslo_config/cfg.py:3253}}
Jun 29 04:42:01.783524 np0000183397 nova-scheduler[108524]: DEBUG cotyledon.oslo_config_glue [-] oslo_limit.connect_retry_delay = None {{(pid=108524) log_opt_values /opt/stack/data/venv/lib/python3.12/site-packages/oslo_config/cfg.py:3253}}
Jun 29 04:42:01.783563 np0000183397 nova-scheduler[108524]: DEBUG cotyledon.oslo_config_glue [-] oslo_limit.endpoint_id = None {{(pid=108524) log_opt_values /opt/stack/data/venv/lib/python3.12/site-packages/oslo_config/cfg.py:3253}}
Jun 29 04:42:01.783599 np0000183397 nova-scheduler[108524]: DEBUG cotyledon.oslo_config_glue [-] oslo_limit.endpoint_interface = public {{(pid=108524) log_opt_values /opt/stack/data/venv/lib/python3.12/site-packages/oslo_config/cfg.py:3253}}
Jun 29 04:42:01.783633 np0000183397 nova-scheduler[108524]: DEBUG cotyledon.oslo_config_glue [-] oslo_limit.endpoint_override = None {{(pid=108524) log_opt_values /opt/stack/data/venv/lib/python3.12/site-packages/oslo_config/cfg.py:3253}}
Jun 29 04:42:01.783669 np0000183397 nova-scheduler[108524]: DEBUG cotyledon.oslo_config_glue [-] oslo_limit.endpoint_region_name = None {{(pid=108524) log_opt_values /opt/stack/data/venv/lib/python3.12/site-packages/oslo_config/cfg.py:3253}}
Jun 29 04:42:01.783733 np0000183397 nova-scheduler[108524]: DEBUG cotyledon.oslo_config_glue [-] oslo_limit.endpoint_service_name = None {{(pid=108524) log_opt_values /opt/stack/data/venv/lib/python3.12/site-packages/oslo_config/cfg.py:3253}}
Jun 29 04:42:01.783787 np0000183397 nova-scheduler[108524]: DEBUG cotyledon.oslo_config_glue [-] oslo_limit.endpoint_service_type = None {{(pid=108524) log_opt_values /opt/stack/data/venv/lib/python3.12/site-packages/oslo_config/cfg.py:3253}}
Jun 29 04:42:01.783825 np0000183397 nova-scheduler[108524]: DEBUG cotyledon.oslo_config_glue [-] oslo_limit.insecure = False {{(pid=108524) log_opt_values /opt/stack/data/venv/lib/python3.12/site-packages/oslo_config/cfg.py:3253}}
Jun 29 04:42:01.783862 np0000183397 nova-scheduler[108524]: DEBUG cotyledon.oslo_config_glue [-] oslo_limit.keyfile = None {{(pid=108524) log_opt_values /opt/stack/data/venv/lib/python3.12/site-packages/oslo_config/cfg.py:3253}}
Jun 29 04:42:01.783907 np0000183397 nova-scheduler[108524]: DEBUG cotyledon.oslo_config_glue [-] oslo_limit.max_version = None {{(pid=108524) log_opt_values /opt/stack/data/venv/lib/python3.12/site-packages/oslo_config/cfg.py:3253}}
Jun 29 04:42:01.783945 np0000183397 nova-scheduler[108524]: DEBUG cotyledon.oslo_config_glue [-] oslo_limit.min_version = None {{(pid=108524) log_opt_values /opt/stack/data/venv/lib/python3.12/site-packages/oslo_config/cfg.py:3253}}
Jun 29 04:42:01.783980 np0000183397 nova-scheduler[108524]: DEBUG cotyledon.oslo_config_glue [-] oslo_limit.region_name = None {{(pid=108524) log_opt_values /opt/stack/data/venv/lib/python3.12/site-packages/oslo_config/cfg.py:3253}}
Jun 29 04:42:01.784016 np0000183397 nova-scheduler[108524]: DEBUG cotyledon.oslo_config_glue [-] oslo_limit.retriable_status_codes = None {{(pid=108524) log_opt_values /opt/stack/data/venv/lib/python3.12/site-packages/oslo_config/cfg.py:3253}}
Jun 29 04:42:01.784052 np0000183397 nova-scheduler[108524]: DEBUG cotyledon.oslo_config_glue [-] oslo_limit.service_name = None {{(pid=108524) log_opt_values /opt/stack/data/venv/lib/python3.12/site-packages/oslo_config/cfg.py:3253}}
Jun 29 04:42:01.784172 np0000183397 nova-scheduler[108524]: DEBUG cotyledon.oslo_config_glue [-] oslo_limit.service_type = None {{(pid=108524) log_opt_values /opt/stack/data/venv/lib/python3.12/site-packages/oslo_config/cfg.py:3253}}
Jun 29 04:42:01.784172 np0000183397 nova-scheduler[108524]: DEBUG cotyledon.oslo_config_glue [-] oslo_limit.split_loggers = False {{(pid=108524) log_opt_values /opt/stack/data/venv/lib/python3.12/site-packages/oslo_config/cfg.py:3253}}
Jun 29 04:42:01.784172 np0000183397 nova-scheduler[108524]: DEBUG cotyledon.oslo_config_glue [-] oslo_limit.status_code_retries = None {{(pid=108524) log_opt_values /opt/stack/data/venv/lib/python3.12/site-packages/oslo_config/cfg.py:3253}}
Jun 29 04:42:01.784412 np0000183397 nova-scheduler[108524]: DEBUG cotyledon.oslo_config_glue [-] oslo_limit.status_code_retry_delay = None {{(pid=108524) log_opt_values /opt/stack/data/venv/lib/python3.12/site-packages/oslo_config/cfg.py:3253}}
Jun 29 04:42:01.784412 np0000183397 nova-scheduler[108524]: DEBUG cotyledon.oslo_config_glue [-] oslo_limit.timeout = None {{(pid=108524) log_opt_values /opt/stack/data/venv/lib/python3.12/site-packages/oslo_config/cfg.py:3253}}
Jun 29 04:42:01.784412 np0000183397 nova-scheduler[108524]: DEBUG cotyledon.oslo_config_glue [-] oslo_limit.valid_interfaces = None {{(pid=108524) log_opt_values /opt/stack/data/venv/lib/python3.12/site-packages/oslo_config/cfg.py:3253}}
Jun 29 04:42:01.784412 np0000183397 nova-scheduler[108524]: DEBUG cotyledon.oslo_config_glue [-] oslo_limit.version = None {{(pid=108524) log_opt_values /opt/stack/data/venv/lib/python3.12/site-packages/oslo_config/cfg.py:3253}}
Jun 29 04:42:01.784570 np0000183397 nova-scheduler[108524]: DEBUG cotyledon.oslo_config_glue [-] oslo_reports.file_event_handler = None {{(pid=108524) log_opt_values /opt/stack/data/venv/lib/python3.12/site-packages/oslo_config/cfg.py:3253}}
Jun 29 04:42:01.784570 np0000183397 nova-scheduler[108524]: DEBUG cotyledon.oslo_config_glue [-] oslo_reports.file_event_handler_interval = 1 {{(pid=108524) log_opt_values /opt/stack/data/venv/lib/python3.12/site-packages/oslo_config/cfg.py:3253}}
Jun 29 04:42:01.784570 np0000183397 nova-scheduler[108524]: DEBUG cotyledon.oslo_config_glue [-] oslo_reports.log_dir = None {{(pid=108524) log_opt_values /opt/stack/data/venv/lib/python3.12/site-packages/oslo_config/cfg.py:3253}}
Jun 29 04:42:01.784570 np0000183397 nova-scheduler[108524]: DEBUG cotyledon.oslo_config_glue [-] ******************************************************************************** {{(pid=108524) log_opt_values /opt/stack/data/venv/lib/python3.12/site-packages/oslo_config/cfg.py:3260}}
Jun 29 04:42:01.784693 np0000183397 nova-scheduler[108524]: DEBUG cotyledon._service_worker [-] Run service ServiceWrapper(1) [108524] {{(pid=108524) wait_forever /opt/stack/data/venv/lib/python3.12/site-packages/cotyledon/_service_worker.py:218}}
Jun 29 04:42:01.786437 np0000183397 nova-scheduler[108524]: INFO nova.service [-] Starting scheduler node (version 33.1.0)
Jun 29 04:42:01.794452 np0000183397 nova-scheduler[108524]: INFO dbcounter [None req-e6582240-300e-4b81-ad09-bf2b09aec745 None None] Registered counter for database nova_cell0
Jun 29 04:42:01.799583 np0000183397 nova-scheduler[108539]: DEBUG oslo_db.sqlalchemy.engines [None req-83f39304-5b1b-401d-a0f8-feaaeb2f3319 None None] MySQL server mode set to STRICT_TRANS_TABLES,STRICT_ALL_TABLES,NO_ZERO_IN_DATE,NO_ZERO_DATE,ERROR_FOR_DIVISION_BY_ZERO,TRADITIONAL,NO_ENGINE_SUBSTITUTION {{(pid=108539) _check_effective_sql_mode /opt/stack/data/venv/lib/python3.12/site-packages/oslo_db/sqlalchemy/engines.py:325}}
Jun 29 04:42:01.813646 np0000183397 nova-scheduler[108539]: DEBUG dbcounter [-] [108539] Writer thread running {{(pid=108539) stat_writer /opt/stack/data/venv/lib/python3.12/site-packages/dbcounter.py:102}}
Jun 29 04:42:01.825617 np0000183397 nova-scheduler[108531]: DEBUG oslo_db.sqlalchemy.engines [None req-d83606aa-a84f-4f61-987a-a10f8848462e None None] MySQL server mode set to STRICT_TRANS_TABLES,STRICT_ALL_TABLES,NO_ZERO_IN_DATE,NO_ZERO_DATE,ERROR_FOR_DIVISION_BY_ZERO,TRADITIONAL,NO_ENGINE_SUBSTITUTION {{(pid=108531) _check_effective_sql_mode /opt/stack/data/venv/lib/python3.12/site-packages/oslo_db/sqlalchemy/engines.py:325}}
Jun 29 04:42:01.831302 np0000183397 nova-scheduler[108516]: DEBUG nova.service [None req-51e00618-975e-4a27-8098-038eaa11359d None None] Creating RPC server for service: nova-scheduler on topic: scheduler {{(pid=108516) start /opt/stack/nova/nova/service.py:196}}
Jun 29 04:42:01.837419 np0000183397 nova-scheduler[108531]: DEBUG dbcounter [-] [108531] Writer thread running {{(pid=108531) stat_writer /opt/stack/data/venv/lib/python3.12/site-packages/dbcounter.py:102}}
Jun 29 04:42:01.840496 np0000183397 nova-scheduler[108531]: DEBUG nova.service [None req-d83606aa-a84f-4f61-987a-a10f8848462e None None] Creating RPC server for service: nova-scheduler on topic: scheduler {{(pid=108531) start /opt/stack/nova/nova/service.py:196}}
Jun 29 04:42:01.849526 np0000183397 nova-scheduler[108539]: DEBUG nova.service [None req-83f39304-5b1b-401d-a0f8-feaaeb2f3319 None None] Creating RPC server for service: nova-scheduler on topic: scheduler {{(pid=108539) start /opt/stack/nova/nova/service.py:196}}
Jun 29 04:42:01.851984 np0000183397 nova-scheduler[108524]: DEBUG oslo_db.sqlalchemy.engines [None req-e6582240-300e-4b81-ad09-bf2b09aec745 None None] MySQL server mode set to STRICT_TRANS_TABLES,STRICT_ALL_TABLES,NO_ZERO_IN_DATE,NO_ZERO_DATE,ERROR_FOR_DIVISION_BY_ZERO,TRADITIONAL,NO_ENGINE_SUBSTITUTION {{(pid=108524) _check_effective_sql_mode /opt/stack/data/venv/lib/python3.12/site-packages/oslo_db/sqlalchemy/engines.py:325}}
Jun 29 04:42:01.864239 np0000183397 nova-scheduler[108531]: DEBUG nova.service [None req-d83606aa-a84f-4f61-987a-a10f8848462e None None] Join ServiceGroup membership for this service scheduler {{(pid=108531) start /opt/stack/nova/nova/service.py:222}}
Jun 29 04:42:01.864488 np0000183397 nova-scheduler[108516]: DEBUG nova.service [None req-51e00618-975e-4a27-8098-038eaa11359d None None] Join ServiceGroup membership for this service scheduler {{(pid=108516) start /opt/stack/nova/nova/service.py:222}}
Jun 29 04:42:01.864544 np0000183397 nova-scheduler[108531]: DEBUG nova.servicegroup.drivers.db [None req-d83606aa-a84f-4f61-987a-a10f8848462e None None] DB_Driver: join new ServiceGroup member np0000183397 to the scheduler group, service = {{(pid=108531) join /opt/stack/nova/nova/servicegroup/drivers/db.py:44}}
Jun 29 04:42:01.864873 np0000183397 nova-scheduler[108516]: DEBUG nova.servicegroup.drivers.db [None req-51e00618-975e-4a27-8098-038eaa11359d None None] DB_Driver: join new ServiceGroup member np0000183397 to the scheduler group, service = {{(pid=108516) join /opt/stack/nova/nova/servicegroup/drivers/db.py:44}}
Jun 29 04:42:01.867805 np0000183397 nova-scheduler[108524]: DEBUG dbcounter [-] [108524] Writer thread running {{(pid=108524) stat_writer /opt/stack/data/venv/lib/python3.12/site-packages/dbcounter.py:102}}
Jun 29 04:42:01.872135 np0000183397 nova-scheduler[108524]: DEBUG nova.service [None req-e6582240-300e-4b81-ad09-bf2b09aec745 None None] Creating RPC server for service: nova-scheduler on topic: scheduler {{(pid=108524) start /opt/stack/nova/nova/service.py:196}}
Jun 29 04:42:01.881935 np0000183397 nova-scheduler[108539]: DEBUG nova.service [None req-83f39304-5b1b-401d-a0f8-feaaeb2f3319 None None] Join ServiceGroup membership for this service scheduler {{(pid=108539) start /opt/stack/nova/nova/service.py:222}}
Jun 29 04:42:01.882613 np0000183397 nova-scheduler[108539]: DEBUG nova.servicegroup.drivers.db [None req-83f39304-5b1b-401d-a0f8-feaaeb2f3319 None None] DB_Driver: join new ServiceGroup member np0000183397 to the scheduler group, service = {{(pid=108539) join /opt/stack/nova/nova/servicegroup/drivers/db.py:44}}
Jun 29 04:42:01.897185 np0000183397 nova-scheduler[108524]: DEBUG nova.service [None req-e6582240-300e-4b81-ad09-bf2b09aec745 None None] Join ServiceGroup membership for this service scheduler {{(pid=108524) start /opt/stack/nova/nova/service.py:222}}
Jun 29 04:42:01.897446 np0000183397 nova-scheduler[108524]: DEBUG nova.servicegroup.drivers.db [None req-e6582240-300e-4b81-ad09-bf2b09aec745 None None] DB_Driver: join new ServiceGroup member np0000183397 to the scheduler group, service = {{(pid=108524) join /opt/stack/nova/nova/servicegroup/drivers/db.py:44}}
Jun 29 04:42:06.921419 np0000183397 nova-scheduler[108531]: DEBUG oslo.service.backend._threading.loopingcall [-] Fixed interval looping call 'nova.servicegroup.drivers.db.DbDriver._report_state' sleeping for 119.95 seconds {{(pid=108531) _run_loop /opt/stack/data/venv/lib/python3.12/site-packages/oslo_service/backend/_threading/loopingcall.py:125}}
Jun 29 04:42:06.922678 np0000183397 nova-scheduler[108516]: DEBUG oslo.service.backend._threading.loopingcall [-] Fixed interval looping call 'nova.servicegroup.drivers.db.DbDriver._report_state' sleeping for 119.95 seconds {{(pid=108516) _run_loop /opt/stack/data/venv/lib/python3.12/site-packages/oslo_service/backend/_threading/loopingcall.py:125}}
Jun 29 04:42:06.924759 np0000183397 nova-scheduler[108539]: DEBUG oslo.service.backend._threading.loopingcall [-] Fixed interval looping call 'nova.servicegroup.drivers.db.DbDriver._report_state' sleeping for 119.96 seconds {{(pid=108539) _run_loop /opt/stack/data/venv/lib/python3.12/site-packages/oslo_service/backend/_threading/loopingcall.py:125}}
Jun 29 04:42:06.926246 np0000183397 nova-scheduler[108524]: DEBUG oslo.service.backend._threading.loopingcall [-] Fixed interval looping call 'nova.servicegroup.drivers.db.DbDriver._report_state' sleeping for 119.97 seconds {{(pid=108524) _run_loop /opt/stack/data/venv/lib/python3.12/site-packages/oslo_service/backend/_threading/loopingcall.py:125}}
Jun 29 04:42:10.299624 np0000183397 nova-scheduler[107803]: DEBUG dbcounter [-] [107803] Writing DB stats nova_api:SELECT=3 {{(pid=107803) stat_writer /opt/stack/data/venv/lib/python3.12/site-packages/dbcounter.py:115}}
Jun 29 04:42:10.462568 np0000183397 nova-scheduler[107803]: DEBUG dbcounter [-] [107803] Writing DB stats nova_cell0:SELECT=1 {{(pid=107803) stat_writer /opt/stack/data/venv/lib/python3.12/site-packages/dbcounter.py:115}}
Jun 29 04:42:10.470728 np0000183397 nova-scheduler[107803]: DEBUG dbcounter [-] [107803] Writing DB stats nova_cell1:SELECT=1 {{(pid=107803) stat_writer /opt/stack/data/venv/lib/python3.12/site-packages/dbcounter.py:115}}
Jun 29 04:42:11.867533 np0000183397 nova-scheduler[108531]: DEBUG oslo.service.backend._threading.loopingcall [None req-d7fc1505-6e84-4686-ac3f-69622402bf81 None None] Dynamic interval looping call 'nova.service.Service.periodic_tasks' sleeping for 60.00 seconds {{(pid=108531) _run_loop /opt/stack/data/venv/lib/python3.12/site-packages/oslo_service/backend/_threading/loopingcall.py:125}}
Jun 29 04:42:16.881017 np0000183397 nova-scheduler[108531]: DEBUG dbcounter [-] [108531] Writing DB stats nova_cell0:SELECT=3,nova_cell0:UPDATE=1 {{(pid=108531) stat_writer /opt/stack/data/venv/lib/python3.12/site-packages/dbcounter.py:115}}
Jun 29 04:42:16.885207 np0000183397 nova-scheduler[108516]: DEBUG dbcounter [-] [108516] Writing DB stats nova_cell0:SELECT=4,nova_cell0:INSERT=1,nova_cell0:UPDATE=1 {{(pid=108516) stat_writer /opt/stack/data/venv/lib/python3.12/site-packages/dbcounter.py:115}}
Jun 29 04:42:16.897673 np0000183397 nova-scheduler[108539]: DEBUG dbcounter [-] [108539] Writing DB stats nova_cell0:SELECT=5,nova_cell0:INSERT=1,nova_cell0:UPDATE=1 {{(pid=108539) stat_writer /opt/stack/data/venv/lib/python3.12/site-packages/dbcounter.py:115}}
Jun 29 04:42:16.914689 np0000183397 nova-scheduler[108524]: DEBUG dbcounter [-] [108524] Writing DB stats nova_cell0:SELECT=3,nova_cell0:UPDATE=1 {{(pid=108524) stat_writer /opt/stack/data/venv/lib/python3.12/site-packages/dbcounter.py:115}}
Jun 29 04:42:17.870328 np0000183397 nova-scheduler[108516]: DEBUG oslo.service.backend._threading.loopingcall [None req-52529f6f-3151-44ab-92fe-e10a2339ffb4 None None] Dynamic interval looping call 'nova.service.Service.periodic_tasks' sleeping for 60.00 seconds {{(pid=108516) _run_loop /opt/stack/data/venv/lib/python3.12/site-packages/oslo_service/backend/_threading/loopingcall.py:125}}
Jun 29 04:42:49.886048 np0000183397 nova-scheduler[108539]: DEBUG oslo.service.backend._threading.loopingcall [None req-460bcebd-e05c-45a1-8bd8-154cc6ce93f6 None None] Dynamic interval looping call 'nova.service.Service.periodic_tasks' sleeping for 60.00 seconds {{(pid=108539) _run_loop /opt/stack/data/venv/lib/python3.12/site-packages/oslo_service/backend/_threading/loopingcall.py:125}}
Jun 29 04:42:51.900393 np0000183397 nova-scheduler[108524]: DEBUG oslo.service.backend._threading.loopingcall [None req-c620653a-0ae8-423a-bde9-15853e919a6a None None] Dynamic interval looping call 'nova.service.Service.periodic_tasks' sleeping for 60.00 seconds {{(pid=108524) _run_loop /opt/stack/data/venv/lib/python3.12/site-packages/oslo_service/backend/_threading/loopingcall.py:125}}
Jun 29 04:43:11.868431 np0000183397 nova-scheduler[108531]: DEBUG oslo.service.backend._threading.loopingcall [None req-d7fc1505-6e84-4686-ac3f-69622402bf81 None None] Dynamic interval looping call 'nova.service.Service.periodic_tasks' sleeping for 60.00 seconds {{(pid=108531) _run_loop /opt/stack/data/venv/lib/python3.12/site-packages/oslo_service/backend/_threading/loopingcall.py:125}}
Jun 29 04:43:17.870381 np0000183397 nova-scheduler[108516]: DEBUG oslo.service.backend._threading.loopingcall [None req-52529f6f-3151-44ab-92fe-e10a2339ffb4 None None] Dynamic interval looping call 'nova.service.Service.periodic_tasks' sleeping for 60.00 seconds {{(pid=108516) _run_loop /opt/stack/data/venv/lib/python3.12/site-packages/oslo_service/backend/_threading/loopingcall.py:125}}
Jun 29 04:43:49.886878 np0000183397 nova-scheduler[108539]: DEBUG oslo.service.backend._threading.loopingcall [None req-460bcebd-e05c-45a1-8bd8-154cc6ce93f6 None None] Dynamic interval looping call 'nova.service.Service.periodic_tasks' sleeping for 60.00 seconds {{(pid=108539) _run_loop /opt/stack/data/venv/lib/python3.12/site-packages/oslo_service/backend/_threading/loopingcall.py:125}}
Jun 29 04:43:51.901188 np0000183397 nova-scheduler[108524]: DEBUG oslo.service.backend._threading.loopingcall [None req-c620653a-0ae8-423a-bde9-15853e919a6a None None] Dynamic interval looping call 'nova.service.Service.periodic_tasks' sleeping for 60.00 seconds {{(pid=108524) _run_loop /opt/stack/data/venv/lib/python3.12/site-packages/oslo_service/backend/_threading/loopingcall.py:125}}
Jun 29 04:44:06.966248 np0000183397 nova-scheduler[108531]: DEBUG oslo.service.backend._threading.loopingcall [-] Fixed interval looping call 'nova.servicegroup.drivers.db.DbDriver._report_state' sleeping for 119.91 seconds {{(pid=108531) _run_loop /opt/stack/data/venv/lib/python3.12/site-packages/oslo_service/backend/_threading/loopingcall.py:125}}
Jun 29 04:44:06.967289 np0000183397 nova-scheduler[108516]: DEBUG oslo.service.backend._threading.loopingcall [-] Fixed interval looping call 'nova.servicegroup.drivers.db.DbDriver._report_state' sleeping for 119.91 seconds {{(pid=108516) _run_loop /opt/stack/data/venv/lib/python3.12/site-packages/oslo_service/backend/_threading/loopingcall.py:125}}
Jun 29 04:44:06.968730 np0000183397 nova-scheduler[108539]: DEBUG oslo.service.backend._threading.loopingcall [-] Fixed interval looping call 'nova.servicegroup.drivers.db.DbDriver._report_state' sleeping for 119.92 seconds {{(pid=108539) _run_loop /opt/stack/data/venv/lib/python3.12/site-packages/oslo_service/backend/_threading/loopingcall.py:125}}
Jun 29 04:44:06.970743 np0000183397 nova-scheduler[108524]: DEBUG oslo.service.backend._threading.loopingcall [-] Fixed interval looping call 'nova.servicegroup.drivers.db.DbDriver._report_state' sleeping for 119.93 seconds {{(pid=108524) _run_loop /opt/stack/data/venv/lib/python3.12/site-packages/oslo_service/backend/_threading/loopingcall.py:125}}
Jun 29 04:44:11.869289 np0000183397 nova-scheduler[108531]: DEBUG oslo.service.backend._threading.loopingcall [None req-d7fc1505-6e84-4686-ac3f-69622402bf81 None None] Dynamic interval looping call 'nova.service.Service.periodic_tasks' sleeping for 60.00 seconds {{(pid=108531) _run_loop /opt/stack/data/venv/lib/python3.12/site-packages/oslo_service/backend/_threading/loopingcall.py:125}}
Jun 29 04:44:16.877453 np0000183397 nova-scheduler[108531]: DEBUG dbcounter [-] [108531] Writing DB stats nova_cell0:SELECT=1,nova_cell0:UPDATE=1 {{(pid=108531) stat_writer /opt/stack/data/venv/lib/python3.12/site-packages/dbcounter.py:115}}
Jun 29 04:44:16.878375 np0000183397 nova-scheduler[108516]: DEBUG dbcounter [-] [108516] Writing DB stats nova_cell0:SELECT=1,nova_cell0:UPDATE=1 {{(pid=108516) stat_writer /opt/stack/data/venv/lib/python3.12/site-packages/dbcounter.py:115}}
Jun 29 04:44:16.894293 np0000183397 nova-scheduler[108539]: DEBUG dbcounter [-] [108539] Writing DB stats nova_cell0:SELECT=1,nova_cell0:UPDATE=1 {{(pid=108539) stat_writer /opt/stack/data/venv/lib/python3.12/site-packages/dbcounter.py:115}}
Jun 29 04:44:16.900208 np0000183397 nova-scheduler[108524]: DEBUG dbcounter [-] [108524] Writing DB stats nova_cell0:SELECT=1,nova_cell0:UPDATE=1 {{(pid=108524) stat_writer /opt/stack/data/venv/lib/python3.12/site-packages/dbcounter.py:115}}
Jun 29 04:44:17.870875 np0000183397 nova-scheduler[108516]: DEBUG oslo.service.backend._threading.loopingcall [None req-52529f6f-3151-44ab-92fe-e10a2339ffb4 None None] Dynamic interval looping call 'nova.service.Service.periodic_tasks' sleeping for 60.00 seconds {{(pid=108516) _run_loop /opt/stack/data/venv/lib/python3.12/site-packages/oslo_service/backend/_threading/loopingcall.py:125}}
Jun 29 04:44:49.948416 np0000183397 nova-scheduler[108539]: DEBUG oslo.service.backend._threading.loopingcall [None req-460bcebd-e05c-45a1-8bd8-154cc6ce93f6 None None] Dynamic interval looping call 'nova.service.Service.periodic_tasks' sleeping for 60.00 seconds {{(pid=108539) _run_loop /opt/stack/data/venv/lib/python3.12/site-packages/oslo_service/backend/_threading/loopingcall.py:125}}
Jun 29 04:44:51.901973 np0000183397 nova-scheduler[108524]: DEBUG oslo.service.backend._threading.loopingcall [None req-c620653a-0ae8-423a-bde9-15853e919a6a None None] Dynamic interval looping call 'nova.service.Service.periodic_tasks' sleeping for 60.00 seconds {{(pid=108524) _run_loop /opt/stack/data/venv/lib/python3.12/site-packages/oslo_service/backend/_threading/loopingcall.py:125}}
Jun 29 04:45:11.870082 np0000183397 nova-scheduler[108531]: DEBUG oslo.service.backend._threading.loopingcall [None req-d7fc1505-6e84-4686-ac3f-69622402bf81 None None] Dynamic interval looping call 'nova.service.Service.periodic_tasks' sleeping for 60.00 seconds {{(pid=108531) _run_loop /opt/stack/data/venv/lib/python3.12/site-packages/oslo_service/backend/_threading/loopingcall.py:125}}
Jun 29 04:45:17.871818 np0000183397 nova-scheduler[108516]: DEBUG oslo.service.backend._threading.loopingcall [None req-52529f6f-3151-44ab-92fe-e10a2339ffb4 None None] Dynamic interval looping call 'nova.service.Service.periodic_tasks' sleeping for 60.00 seconds {{(pid=108516) _run_loop /opt/stack/data/venv/lib/python3.12/site-packages/oslo_service/backend/_threading/loopingcall.py:125}}
Jun 29 04:45:50.273753 np0000183397 nova-scheduler[108539]: DEBUG oslo.service.backend._threading.loopingcall [None req-460bcebd-e05c-45a1-8bd8-154cc6ce93f6 None None] Dynamic interval looping call 'nova.service.Service.periodic_tasks' sleeping for 60.00 seconds {{(pid=108539) _run_loop /opt/stack/data/venv/lib/python3.12/site-packages/oslo_service/backend/_threading/loopingcall.py:125}}
Jun 29 04:45:51.902788 np0000183397 nova-scheduler[108524]: DEBUG oslo.service.backend._threading.loopingcall [None req-c620653a-0ae8-423a-bde9-15853e919a6a None None] Dynamic interval looping call 'nova.service.Service.periodic_tasks' sleeping for 60.00 seconds {{(pid=108524) _run_loop /opt/stack/data/venv/lib/python3.12/site-packages/oslo_service/backend/_threading/loopingcall.py:125}}
Jun 29 04:46:06.886836 np0000183397 nova-scheduler[108516]: DEBUG oslo.service.backend._threading.loopingcall [-] Fixed interval looping call 'nova.servicegroup.drivers.db.DbDriver._report_state' sleeping for 119.99 seconds {{(pid=108516) _run_loop /opt/stack/data/venv/lib/python3.12/site-packages/oslo_service/backend/_threading/loopingcall.py:125}}
Jun 29 04:46:06.887914 np0000183397 nova-scheduler[108531]: DEBUG oslo.service.backend._threading.loopingcall [-] Fixed interval looping call 'nova.servicegroup.drivers.db.DbDriver._report_state' sleeping for 119.99 seconds {{(pid=108531) _run_loop /opt/stack/data/venv/lib/python3.12/site-packages/oslo_service/backend/_threading/loopingcall.py:125}}
Jun 29 04:46:06.893769 np0000183397 nova-scheduler[108539]: DEBUG oslo.service.backend._threading.loopingcall [-] Fixed interval looping call 'nova.servicegroup.drivers.db.DbDriver._report_state' sleeping for 120.00 seconds {{(pid=108539) _run_loop /opt/stack/data/venv/lib/python3.12/site-packages/oslo_service/backend/_threading/loopingcall.py:125}}
Jun 29 04:46:06.907722 np0000183397 nova-scheduler[108524]: DEBUG oslo.service.backend._threading.loopingcall [-] Fixed interval looping call 'nova.servicegroup.drivers.db.DbDriver._report_state' sleeping for 119.99 seconds {{(pid=108524) _run_loop /opt/stack/data/venv/lib/python3.12/site-packages/oslo_service/backend/_threading/loopingcall.py:125}}
Jun 29 04:46:11.870869 np0000183397 nova-scheduler[108531]: DEBUG oslo.service.backend._threading.loopingcall [None req-d7fc1505-6e84-4686-ac3f-69622402bf81 None None] Dynamic interval looping call 'nova.service.Service.periodic_tasks' sleeping for 60.00 seconds {{(pid=108531) _run_loop /opt/stack/data/venv/lib/python3.12/site-packages/oslo_service/backend/_threading/loopingcall.py:125}}
Jun 29 04:46:16.881696 np0000183397 nova-scheduler[108516]: DEBUG dbcounter [-] [108516] Writing DB stats nova_cell0:SELECT=1,nova_cell0:UPDATE=1 {{(pid=108516) stat_writer /opt/stack/data/venv/lib/python3.12/site-packages/dbcounter.py:115}}
Jun 29 04:46:16.885139 np0000183397 nova-scheduler[108531]: DEBUG dbcounter [-] [108531] Writing DB stats nova_cell0:SELECT=1,nova_cell0:UPDATE=1 {{(pid=108531) stat_writer /opt/stack/data/venv/lib/python3.12/site-packages/dbcounter.py:115}}
Jun 29 04:46:16.891575 np0000183397 nova-scheduler[108539]: DEBUG dbcounter [-] [108539] Writing DB stats nova_cell0:SELECT=1 {{(pid=108539) stat_writer /opt/stack/data/venv/lib/python3.12/site-packages/dbcounter.py:115}}
Jun 29 04:46:16.906050 np0000183397 nova-scheduler[108524]: DEBUG dbcounter [-] [108524] Writing DB stats nova_cell0:SELECT=1 {{(pid=108524) stat_writer /opt/stack/data/venv/lib/python3.12/site-packages/dbcounter.py:115}}
Jun 29 04:46:17.872650 np0000183397 nova-scheduler[108516]: DEBUG oslo.service.backend._threading.loopingcall [None req-52529f6f-3151-44ab-92fe-e10a2339ffb4 None None] Dynamic interval looping call 'nova.service.Service.periodic_tasks' sleeping for 60.00 seconds {{(pid=108516) _run_loop /opt/stack/data/venv/lib/python3.12/site-packages/oslo_service/backend/_threading/loopingcall.py:125}}
