Jun 23 16:10:59.805159 np0000182565 devstack@n-api.service[99963]: INFO nova.api.openstack.requestlog [None req-ea298723-c2ff-48b1-8384-db144c2f6af2 demo demo] 199.19.213.78 "GET /compute/v2.1/flavors/detail?is_public=None" status: 200 len: 5240 microversion: 2.61 time: 0.022444
Jun 23 16:10:59.805376 np0000182565 devstack@n-api.service[99963]: [pid: 99963|app: 0|req: 18/72] 199.19.213.78 () {68 vars in 1417 bytes} [Tue Jun 23 16:10:59 2026] GET /compute/v2.1/flavors/detail?is_public=None => generated 5240 bytes in 23 msecs (HTTP/1.1 200) 9 headers in 360 bytes (1 switches on core 0)
Jun 23 16:10:59.957751 np0000182565 devstack@n-api.service[99960]: DEBUG nova.api.openstack.wsgi [None req-bbf39437-185d-436c-bf35-e17f11eabd60 admin admin] Calling method '>' {{(pid=99960) _process_stack /opt/stack/nova/nova/api/openstack/wsgi.py:551}}
Jun 23 16:10:59.962573 np0000182565 devstack@n-api.service[99960]: INFO nova.api.openstack.requestlog [None req-bbf39437-185d-436c-bf35-e17f11eabd60 admin admin] 199.19.213.78 "GET /compute/v2.1" status: 200 len: 392 microversion: 2.1 time: 0.005285
Jun 23 16:10:59.962780 np0000182565 devstack@n-api.service[99960]: [pid: 99960|app: 0|req: 18/73] 199.19.213.78 () {62 vars in 1056 bytes} [Tue Jun 23 16:10:59 2026] GET /compute/v2.1 => generated 392 bytes in 6 msecs (HTTP/1.1 200) 9 headers in 357 bytes (1 switches on core 0)
Jun 23 16:11:00.005161 np0000182565 devstack@n-api.service[99961]: DEBUG nova.api.openstack.wsgi [None req-4b1b8a9e-dd5d-4d10-bd7b-9f4f84e35072 admin admin] Calling method '>' {{(pid=99961) _process_stack /opt/stack/nova/nova/api/openstack/wsgi.py:551}}
Jun 23 16:11:00.010626 np0000182565 devstack@n-api.service[99961]: INFO nova.api.openstack.requestlog [None req-4b1b8a9e-dd5d-4d10-bd7b-9f4f84e35072 admin admin] 199.19.213.78 "GET /compute/v2.1/" status: 200 len: 392 microversion: 2.1 time: 0.005972
Jun 23 16:11:00.010849 np0000182565 devstack@n-api.service[99961]: [pid: 99961|app: 0|req: 19/74] 199.19.213.78 () {62 vars in 1059 bytes} [Tue Jun 23 16:11:00 2026] GET /compute/v2.1/ => generated 392 bytes in 6 msecs (HTTP/1.1 200) 9 headers in 357 bytes (1 switches on core 0)
Jun 23 16:11:00.057065 np0000182565 devstack@n-api.service[99962]: DEBUG nova.api.openstack.wsgi [None req-6499f997-03a3-43e8-9f2d-98cc9dea626e demo demo] Calling method '>' {{(pid=99962) _process_stack /opt/stack/nova/nova/api/openstack/wsgi.py:551}}
Jun 23 16:11:00.076851 np0000182565 devstack@n-api.service[99962]: INFO nova.api.openstack.requestlog [None req-6499f997-03a3-43e8-9f2d-98cc9dea626e demo demo] 199.19.213.78 "GET /compute/v2.1/flavors/detail?is_public=None" status: 200 len: 5240 microversion: 2.61 time: 0.023087
Jun 23 16:11:00.077129 np0000182565 devstack@n-api.service[99962]: [pid: 99962|app: 0|req: 20/75] 199.19.213.78 () {68 vars in 1417 bytes} [Tue Jun 23 16:11:00 2026] GET /compute/v2.1/flavors/detail?is_public=None => generated 5240 bytes in 24 msecs (HTTP/1.1 200) 9 headers in 360 bytes (1 switches on core 0)
Jun 23 16:11:00.140133 np0000182565 devstack@n-api.service[99963]: DEBUG nova.api.openstack.wsgi [None req-9e7636e1-7c9e-405e-a55a-f6d9946a3706 demo demo] Calling method '>' {{(pid=99963) _process_stack /opt/stack/nova/nova/api/openstack/wsgi.py:551}}
Jun 23 16:11:00.166853 np0000182565 devstack@n-api.service[99963]: INFO nova.api.openstack.requestlog [None req-9e7636e1-7c9e-405e-a55a-f6d9946a3706 demo demo] 199.19.213.78 "GET /compute/v2.1/flavors/detail?is_public=None" status: 200 len: 5240 microversion: 2.61 time: 0.030393
Jun 23 16:11:00.167091 np0000182565 devstack@n-api.service[99963]: [pid: 99963|app: 0|req: 19/76] 199.19.213.78 () {68 vars in 1417 bytes} [Tue Jun 23 16:11:00 2026] GET /compute/v2.1/flavors/detail?is_public=None => generated 5240 bytes in 31 msecs (HTTP/1.1 200) 9 headers in 360 bytes (1 switches on core 0)
Jun 23 16:11:03.829250 np0000182565 devstack@n-api.service[99960]: DEBUG nova.api.openstack.wsgi [None req-bbf39437-185d-436c-bf35-e17f11eabd60 admin admin] Calling method '>' {{(pid=99960) _process_stack /opt/stack/nova/nova/api/openstack/wsgi.py:551}}
Jun 23 16:11:03.834520 np0000182565 devstack@n-api.service[99960]: INFO nova.api.openstack.requestlog [None req-bbf39437-185d-436c-bf35-e17f11eabd60 admin admin] 199.19.213.78 "GET /compute/v2.1" status: 200 len: 392 microversion: 2.1 time: 0.005721
Jun 23 16:11:03.835017 np0000182565 devstack@n-api.service[99960]: [pid: 99960|app: 0|req: 19/77] 199.19.213.78 () {62 vars in 1067 bytes} [Tue Jun 23 16:11:03 2026] GET /compute/v2.1 => generated 392 bytes in 7 msecs (HTTP/1.1 200) 9 headers in 357 bytes (1 switches on core 0)
Jun 23 16:11:03.871299 np0000182565 devstack@n-api.service[99961]: DEBUG nova.api.openstack.wsgi [None req-4b1b8a9e-dd5d-4d10-bd7b-9f4f84e35072 admin admin] Calling method '>' {{(pid=99961) _process_stack /opt/stack/nova/nova/api/openstack/wsgi.py:551}}
Jun 23 16:11:03.876619 np0000182565 devstack@n-api.service[99961]: INFO nova.api.openstack.requestlog [None req-4b1b8a9e-dd5d-4d10-bd7b-9f4f84e35072 admin admin] 199.19.213.78 "GET /compute/v2.1/" status: 200 len: 392 microversion: 2.1 time: 0.005825
Jun 23 16:11:03.876864 np0000182565 devstack@n-api.service[99961]: [pid: 99961|app: 0|req: 20/78] 199.19.213.78 () {62 vars in 1070 bytes} [Tue Jun 23 16:11:03 2026] GET /compute/v2.1/ => generated 392 bytes in 7 msecs (HTTP/1.1 200) 9 headers in 357 bytes (1 switches on core 0)
Jun 23 16:11:03.916234 np0000182565 devstack@n-api.service[99962]: DEBUG nova.api.openstack.wsgi [None req-1a74dc3e-2fc3-42b3-a25d-a1a492846db5 demo demo] Calling method '>' {{(pid=99962) _process_stack /opt/stack/nova/nova/api/openstack/wsgi.py:551}}
Jun 23 16:11:03.941459 np0000182565 devstack@n-api.service[99962]: INFO nova.api.openstack.requestlog [None req-1a74dc3e-2fc3-42b3-a25d-a1a492846db5 demo demo] 199.19.213.78 "GET /compute/v2.1/os-server-groups" status: 200 len: 21 microversion: 2.64 time: 0.027458
Jun 23 16:11:03.941955 np0000182565 devstack@n-api.service[99962]: [pid: 99962|app: 0|req: 21/79] 199.19.213.78 () {68 vars in 1405 bytes} [Tue Jun 23 16:11:03 2026] GET /compute/v2.1/os-server-groups => generated 21 bytes in 28 msecs (HTTP/1.1 200) 9 headers in 358 bytes (1 switches on core 0)
Jun 23 16:11:03.980926 np0000182565 devstack@n-api.service[99963]: DEBUG nova.api.openstack.wsgi [None req-9e7636e1-7c9e-405e-a55a-f6d9946a3706 demo demo] Calling method '>' {{(pid=99963) _process_stack /opt/stack/nova/nova/api/openstack/wsgi.py:551}}
Jun 23 16:11:03.983637 np0000182565 devstack@n-api.service[99963]: INFO nova.api.openstack.requestlog [None req-9e7636e1-7c9e-405e-a55a-f6d9946a3706 demo demo] 199.19.213.78 "GET /compute/v2.1" status: 200 len: 392 microversion: 2.1 time: 0.003004
Jun 23 16:11:03.983804 np0000182565 devstack@n-api.service[99963]: [pid: 99963|app: 0|req: 20/80] 199.19.213.78 () {62 vars in 1067 bytes} [Tue Jun 23 16:11:03 2026] GET /compute/v2.1 => generated 392 bytes in 3 msecs (HTTP/1.1 200) 9 headers in 357 bytes (1 switches on core 0)
Jun 23 16:11:04.020794 np0000182565 devstack@n-api.service[99960]: DEBUG nova.api.openstack.wsgi [None req-bbf39437-185d-436c-bf35-e17f11eabd60 admin admin] Calling method '>' {{(pid=99960) _process_stack /opt/stack/nova/nova/api/openstack/wsgi.py:551}}
Jun 23 16:11:04.027049 np0000182565 devstack@n-api.service[99960]: INFO nova.api.openstack.requestlog [None req-bbf39437-185d-436c-bf35-e17f11eabd60 admin admin] 199.19.213.78 "GET /compute/v2.1/" status: 200 len: 392 microversion: 2.1 time: 0.006662
Jun 23 16:11:04.027445 np0000182565 devstack@n-api.service[99960]: [pid: 99960|app: 0|req: 20/81] 199.19.213.78 () {62 vars in 1070 bytes} [Tue Jun 23 16:11:04 2026] GET /compute/v2.1/ => generated 392 bytes in 8 msecs (HTTP/1.1 200) 9 headers in 357 bytes (1 switches on core 0)
Jun 23 16:11:04.070766 np0000182565 devstack@n-api.service[99961]: DEBUG nova.api.openstack.wsgi [None req-03086fa9-36f2-47b4-b6c3-36ef21a8a8d4 demo demo] Action: 'create', calling method: >, body: {"server_group": {"name": "kube-te84c", "policy": "soft-anti-affinity"}} {{(pid=99961) _process_stack /opt/stack/nova/nova/api/openstack/wsgi.py:549}}
Jun 23 16:11:04.093114 np0000182565 devstack@n-api.service[99961]: DEBUG nova.quota [None req-03086fa9-36f2-47b4-b6c3-36ef21a8a8d4 demo demo] Getting quotas for project d76a4fefb0b24d5d9aedd3756149c756. Resources: {'server_groups'} {{(pid=99961) _get_quotas /opt/stack/nova/nova/quota.py:392}}
Jun 23 16:11:04.096090 np0000182565 devstack@n-api.service[99961]: DEBUG nova.quota [None req-03086fa9-36f2-47b4-b6c3-36ef21a8a8d4 demo demo] Getting quotas for user c3aef860e5ea489bab1c5450cd3d1803 and project d76a4fefb0b24d5d9aedd3756149c756. Resources: {'server_groups'} {{(pid=99961) _get_quotas /opt/stack/nova/nova/quota.py:382}}
Jun 23 16:11:04.143275 np0000182565 devstack@n-api.service[99961]: DEBUG nova.quota [None req-03086fa9-36f2-47b4-b6c3-36ef21a8a8d4 demo demo] Getting quotas for project d76a4fefb0b24d5d9aedd3756149c756. Resources: {'server_groups'} {{(pid=99961) _get_quotas /opt/stack/nova/nova/quota.py:392}}
Jun 23 16:11:04.145421 np0000182565 devstack@n-api.service[99961]: DEBUG nova.quota [None req-03086fa9-36f2-47b4-b6c3-36ef21a8a8d4 demo demo] Getting quotas for user c3aef860e5ea489bab1c5450cd3d1803 and project d76a4fefb0b24d5d9aedd3756149c756. Resources: {'server_groups'} {{(pid=99961) _get_quotas /opt/stack/nova/nova/quota.py:382}}
Jun 23 16:11:04.152704 np0000182565 devstack@n-api.service[99961]: INFO nova.api.openstack.requestlog [None req-03086fa9-36f2-47b4-b6c3-36ef21a8a8d4 demo demo] 199.19.213.78 "POST /compute/v2.1/os-server-groups" status: 200 len: 243 microversion: 2.64 time: 0.085953
Jun 23 16:11:04.153320 np0000182565 devstack@n-api.service[99961]: [pid: 99961|app: 0|req: 21/82] 199.19.213.78 () {72 vars in 1445 bytes} [Tue Jun 23 16:11:04 2026] POST /compute/v2.1/os-server-groups => generated 243 bytes in 88 msecs (HTTP/1.1 200) 9 headers in 359 bytes (1 switches on core 0)
Jun 23 16:11:04.199946 np0000182565 devstack@n-api.service[99962]: DEBUG nova.api.openstack.wsgi [None req-1a74dc3e-2fc3-42b3-a25d-a1a492846db5 demo demo] Calling method '>' {{(pid=99962) _process_stack /opt/stack/nova/nova/api/openstack/wsgi.py:551}}
Jun 23 16:11:04.205532 np0000182565 devstack@n-api.service[99962]: INFO nova.api.openstack.requestlog [None req-1a74dc3e-2fc3-42b3-a25d-a1a492846db5 demo demo] 199.19.213.78 "GET /compute/v2.1" status: 200 len: 392 microversion: 2.1 time: 0.005753
Jun 23 16:11:04.205889 np0000182565 devstack@n-api.service[99962]: [pid: 99962|app: 0|req: 22/83] 199.19.213.78 () {62 vars in 1067 bytes} [Tue Jun 23 16:11:04 2026] GET /compute/v2.1 => generated 392 bytes in 7 msecs (HTTP/1.1 200) 9 headers in 357 bytes (1 switches on core 0)
Jun 23 16:11:04.245666 np0000182565 devstack@n-api.service[99963]: DEBUG nova.api.openstack.wsgi [None req-9e7636e1-7c9e-405e-a55a-f6d9946a3706 demo demo] Calling method '>' {{(pid=99963) _process_stack /opt/stack/nova/nova/api/openstack/wsgi.py:551}}
Jun 23 16:11:04.251445 np0000182565 devstack@n-api.service[99963]: INFO nova.api.openstack.requestlog [None req-9e7636e1-7c9e-405e-a55a-f6d9946a3706 demo demo] 199.19.213.78 "GET /compute/v2.1/" status: 200 len: 392 microversion: 2.1 time: 0.006187
Jun 23 16:11:04.251891 np0000182565 devstack@n-api.service[99963]: [pid: 99963|app: 0|req: 21/84] 199.19.213.78 () {62 vars in 1070 bytes} [Tue Jun 23 16:11:04 2026] GET /compute/v2.1/ => generated 392 bytes in 7 msecs (HTTP/1.1 200) 9 headers in 357 bytes (1 switches on core 0)
Jun 23 16:11:04.293008 np0000182565 devstack@n-api.service[99960]: DEBUG nova.api.openstack.wsgi [None req-68e45ab8-63cf-47fd-b650-6e8afd0f00e9 demo demo] Calling method '>' {{(pid=99960) _process_stack /opt/stack/nova/nova/api/openstack/wsgi.py:551}}
Jun 23 16:11:04.312890 np0000182565 devstack@n-api.service[99960]: INFO nova.api.openstack.requestlog [None req-68e45ab8-63cf-47fd-b650-6e8afd0f00e9 demo demo] 199.19.213.78 "GET /compute/v2.1/os-server-groups" status: 200 len: 246 microversion: 2.64 time: 0.024217
Jun 23 16:11:04.313251 np0000182565 devstack@n-api.service[99960]: [pid: 99960|app: 0|req: 21/85] 199.19.213.78 () {68 vars in 1405 bytes} [Tue Jun 23 16:11:04 2026] GET /compute/v2.1/os-server-groups => generated 246 bytes in 25 msecs (HTTP/1.1 200) 9 headers in 359 bytes (1 switches on core 0)
Jun 23 16:11:04.350574 np0000182565 devstack@n-api.service[99961]: DEBUG nova.api.openstack.wsgi [None req-03086fa9-36f2-47b4-b6c3-36ef21a8a8d4 demo demo] Calling method '>' {{(pid=99961) _process_stack /opt/stack/nova/nova/api/openstack/wsgi.py:551}}
Jun 23 16:11:04.355725 np0000182565 devstack@n-api.service[99961]: INFO nova.api.openstack.requestlog [None req-03086fa9-36f2-47b4-b6c3-36ef21a8a8d4 demo demo] 199.19.213.78 "GET /compute/v2.1" status: 200 len: 392 microversion: 2.1 time: 0.005597
Jun 23 16:11:04.356106 np0000182565 devstack@n-api.service[99961]: [pid: 99961|app: 0|req: 22/86] 199.19.213.78 () {62 vars in 1067 bytes} [Tue Jun 23 16:11:04 2026] GET /compute/v2.1 => generated 392 bytes in 6 msecs (HTTP/1.1 200) 9 headers in 357 bytes (1 switches on core 0)
Jun 23 16:11:04.392989 np0000182565 devstack@n-api.service[99962]: DEBUG nova.api.openstack.wsgi [None req-1a74dc3e-2fc3-42b3-a25d-a1a492846db5 demo demo] Calling method '>' {{(pid=99962) _process_stack /opt/stack/nova/nova/api/openstack/wsgi.py:551}}
Jun 23 16:11:04.400988 np0000182565 devstack@n-api.service[99962]: INFO nova.api.openstack.requestlog [None req-1a74dc3e-2fc3-42b3-a25d-a1a492846db5 demo demo] 199.19.213.78 "GET /compute/v2.1/" status: 200 len: 392 microversion: 2.1 time: 0.008182
Jun 23 16:11:04.401591 np0000182565 devstack@n-api.service[99962]: [pid: 99962|app: 0|req: 23/87] 199.19.213.78 () {62 vars in 1070 bytes} [Tue Jun 23 16:11:04 2026] GET /compute/v2.1/ => generated 392 bytes in 9 msecs (HTTP/1.1 200) 9 headers in 357 bytes (1 switches on core 0)
Jun 23 16:11:04.443334 np0000182565 devstack@n-api.service[99963]: DEBUG nova.api.openstack.wsgi [None req-afb5a6ad-1202-440c-bb91-39acd2ea49ce demo demo] Action: 'create', calling method: >, body: {"server_group": {"name": "kube-te84c-default-worker", "policy": "soft-anti-affinity"}} {{(pid=99963) _process_stack /opt/stack/nova/nova/api/openstack/wsgi.py:549}}
Jun 23 16:11:04.470172 np0000182565 devstack@n-api.service[99963]: DEBUG nova.quota [None req-afb5a6ad-1202-440c-bb91-39acd2ea49ce demo demo] Getting quotas for project d76a4fefb0b24d5d9aedd3756149c756. Resources: {'server_groups'} {{(pid=99963) _get_quotas /opt/stack/nova/nova/quota.py:392}}
Jun 23 16:11:04.476848 np0000182565 devstack@n-api.service[99963]: DEBUG nova.quota [None req-afb5a6ad-1202-440c-bb91-39acd2ea49ce demo demo] Getting quotas for user c3aef860e5ea489bab1c5450cd3d1803 and project d76a4fefb0b24d5d9aedd3756149c756. Resources: {'server_groups'} {{(pid=99963) _get_quotas /opt/stack/nova/nova/quota.py:382}}
Jun 23 16:11:04.527800 np0000182565 devstack@n-api.service[99963]: DEBUG nova.quota [None req-afb5a6ad-1202-440c-bb91-39acd2ea49ce demo demo] Getting quotas for project d76a4fefb0b24d5d9aedd3756149c756. Resources: {'server_groups'} {{(pid=99963) _get_quotas /opt/stack/nova/nova/quota.py:392}}
Jun 23 16:11:04.529584 np0000182565 devstack@n-api.service[99963]: DEBUG nova.quota [None req-afb5a6ad-1202-440c-bb91-39acd2ea49ce demo demo] Getting quotas for user c3aef860e5ea489bab1c5450cd3d1803 and project d76a4fefb0b24d5d9aedd3756149c756. Resources: {'server_groups'} {{(pid=99963) _get_quotas /opt/stack/nova/nova/quota.py:382}}
Jun 23 16:11:04.536779 np0000182565 devstack@n-api.service[99963]: INFO nova.api.openstack.requestlog [None req-afb5a6ad-1202-440c-bb91-39acd2ea49ce demo demo] 199.19.213.78 "POST /compute/v2.1/os-server-groups" status: 200 len: 258 microversion: 2.64 time: 0.096915
Jun 23 16:11:04.537087 np0000182565 devstack@n-api.service[99963]: [pid: 99963|app: 0|req: 22/88] 199.19.213.78 () {72 vars in 1445 bytes} [Tue Jun 23 16:11:04 2026] POST /compute/v2.1/os-server-groups => generated 258 bytes in 97 msecs (HTTP/1.1 200) 9 headers in 359 bytes (1 switches on core 0)
Jun 23 16:11:07.675639 np0000182565 devstack@n-api.service[99960]: DEBUG nova.api.openstack.wsgi [None req-68e45ab8-63cf-47fd-b650-6e8afd0f00e9 demo demo] Calling method '>' {{(pid=99960) _process_stack /opt/stack/nova/nova/api/openstack/wsgi.py:551}}
Jun 23 16:11:07.683149 np0000182565 devstack@n-api.service[99960]: INFO nova.api.openstack.requestlog [None req-68e45ab8-63cf-47fd-b650-6e8afd0f00e9 demo demo] 199.19.213.78 "GET /compute/v2.1" status: 200 len: 392 microversion: 2.1 time: 0.007147
Jun 23 16:11:07.683149 np0000182565 devstack@n-api.service[99960]: [pid: 99960|app: 0|req: 22/89] 199.19.213.78 () {62 vars in 1067 bytes} [Tue Jun 23 16:11:07 2026] GET /compute/v2.1 => generated 392 bytes in 8 msecs (HTTP/1.1 200) 9 headers in 357 bytes (1 switches on core 0)
Jun 23 16:11:07.729863 np0000182565 devstack@n-api.service[99961]: DEBUG nova.api.openstack.wsgi [None req-03086fa9-36f2-47b4-b6c3-36ef21a8a8d4 demo demo] Calling method '>' {{(pid=99961) _process_stack /opt/stack/nova/nova/api/openstack/wsgi.py:551}}
Jun 23 16:11:07.736380 np0000182565 devstack@n-api.service[99961]: INFO nova.api.openstack.requestlog [None req-03086fa9-36f2-47b4-b6c3-36ef21a8a8d4 demo demo] 199.19.213.78 "GET /compute/v2.1/" status: 200 len: 392 microversion: 2.1 time: 0.006909
Jun 23 16:11:07.737148 np0000182565 devstack@n-api.service[99961]: [pid: 99961|app: 0|req: 23/90] 199.19.213.78 () {62 vars in 1070 bytes} [Tue Jun 23 16:11:07 2026] GET /compute/v2.1/ => generated 392 bytes in 8 msecs (HTTP/1.1 200) 9 headers in 357 bytes (1 switches on core 0)
Jun 23 16:11:07.777866 np0000182565 devstack@n-api.service[99962]: DEBUG nova.api.openstack.wsgi [None req-7148f4a7-55cb-4e4f-a731-988db0643df9 demo demo] Calling method '>' {{(pid=99962) _process_stack /opt/stack/nova/nova/api/openstack/wsgi.py:551}}
Jun 23 16:11:07.802892 np0000182565 devstack@n-api.service[99962]: INFO nova.api.openstack.requestlog [None req-7148f4a7-55cb-4e4f-a731-988db0643df9 demo demo] 199.19.213.78 "GET /compute/v2.1/flavors/detail?is_public=None" status: 200 len: 5240 microversion: 2.61 time: 0.029588
Jun 23 16:11:07.803200 np0000182565 devstack@n-api.service[99962]: [pid: 99962|app: 0|req: 24/91] 199.19.213.78 () {68 vars in 1428 bytes} [Tue Jun 23 16:11:07 2026] GET /compute/v2.1/flavors/detail?is_public=None => generated 5240 bytes in 31 msecs (HTTP/1.1 200) 9 headers in 360 bytes (1 switches on core 0)
Jun 23 16:11:07.846530 np0000182565 devstack@n-api.service[99963]: DEBUG nova.api.openstack.wsgi [None req-705c4f09-1c5a-4674-8288-4832130ebfbe demo demo] Calling method '>' {{(pid=99963) _process_stack /opt/stack/nova/nova/api/openstack/wsgi.py:551}}
Jun 23 16:11:07.875144 np0000182565 devstack@n-api.service[99963]: INFO nova.api.openstack.requestlog [None req-705c4f09-1c5a-4674-8288-4832130ebfbe demo demo] 199.19.213.78 "GET /compute/v2.1/flavors/detail?is_public=None" status: 200 len: 5240 microversion: 2.61 time: 0.032218
Jun 23 16:11:07.875429 np0000182565 devstack@n-api.service[99963]: [pid: 99963|app: 0|req: 23/92] 199.19.213.78 () {68 vars in 1428 bytes} [Tue Jun 23 16:11:07 2026] GET /compute/v2.1/flavors/detail?is_public=None => generated 5240 bytes in 33 msecs (HTTP/1.1 200) 9 headers in 360 bytes (1 switches on core 0)
Jun 23 16:11:08.040917 np0000182565 devstack@n-api.service[99960]: DEBUG nova.api.openstack.wsgi [None req-68e45ab8-63cf-47fd-b650-6e8afd0f00e9 demo demo] Calling method '>' {{(pid=99960) _process_stack /opt/stack/nova/nova/api/openstack/wsgi.py:551}}
Jun 23 16:11:08.047396 np0000182565 devstack@n-api.service[99960]: INFO nova.api.openstack.requestlog [None req-68e45ab8-63cf-47fd-b650-6e8afd0f00e9 demo demo] 199.19.213.78 "GET /compute/v2.1" status: 200 len: 392 microversion: 2.1 time: 0.006951
Jun 23 16:11:08.047631 np0000182565 devstack@n-api.service[99960]: [pid: 99960|app: 0|req: 23/93] 199.19.213.78 () {62 vars in 1067 bytes} [Tue Jun 23 16:11:08 2026] GET /compute/v2.1 => generated 392 bytes in 8 msecs (HTTP/1.1 200) 9 headers in 357 bytes (1 switches on core 0)
Jun 23 16:11:08.078209 np0000182565 devstack@n-api.service[99961]: DEBUG nova.api.openstack.wsgi [None req-03086fa9-36f2-47b4-b6c3-36ef21a8a8d4 demo demo] Calling method '>' {{(pid=99961) _process_stack /opt/stack/nova/nova/api/openstack/wsgi.py:551}}
Jun 23 16:11:08.083390 np0000182565 devstack@n-api.service[99961]: INFO nova.api.openstack.requestlog [None req-03086fa9-36f2-47b4-b6c3-36ef21a8a8d4 demo demo] 199.19.213.78 "GET /compute/v2.1/" status: 200 len: 392 microversion: 2.1 time: 0.005902
Jun 23 16:11:08.083638 np0000182565 devstack@n-api.service[99961]: [pid: 99961|app: 0|req: 24/94] 199.19.213.78 () {62 vars in 1070 bytes} [Tue Jun 23 16:11:08 2026] GET /compute/v2.1/ => generated 392 bytes in 7 msecs (HTTP/1.1 200) 9 headers in 357 bytes (1 switches on core 0)
Jun 23 16:11:08.119808 np0000182565 devstack@n-api.service[99962]: DEBUG nova.api.openstack.wsgi [None req-4dbf35ae-1ab9-4612-bbc9-8995139fef8d demo demo] Calling method '>' {{(pid=99962) _process_stack /opt/stack/nova/nova/api/openstack/wsgi.py:551}}
Jun 23 16:11:08.146785 np0000182565 devstack@n-api.service[99962]: INFO nova.api.openstack.requestlog [None req-4dbf35ae-1ab9-4612-bbc9-8995139fef8d demo demo] 199.19.213.78 "GET /compute/v2.1/flavors/detail?is_public=None" status: 200 len: 5240 microversion: 2.61 time: 0.030542
Jun 23 16:11:08.147139 np0000182565 devstack@n-api.service[99962]: [pid: 99962|app: 0|req: 25/95] 199.19.213.78 () {68 vars in 1428 bytes} [Tue Jun 23 16:11:08 2026] GET /compute/v2.1/flavors/detail?is_public=None => generated 5240 bytes in 31 msecs (HTTP/1.1 200) 9 headers in 360 bytes (1 switches on core 0)
Jun 23 16:11:14.148678 np0000182565 devstack@n-api.service[99961]: DEBUG dbcounter [-] [99961] Writing DB stats nova_cell0:SELECT=4 {{(pid=99961) stat_writer /opt/stack/data/venv/lib/python3.12/site-packages/dbcounter.py:115}}
Jun 23 16:11:14.150217 np0000182565 devstack@n-api.service[99961]: DEBUG dbcounter [-] [99961] Writing DB stats nova_api:SELECT=14,nova_api:INSERT=2 {{(pid=99961) stat_writer /opt/stack/data/venv/lib/python3.12/site-packages/dbcounter.py:115}}
Jun 23 16:11:14.310152 np0000182565 devstack@n-api.service[99960]: DEBUG dbcounter [-] [99960] Writing DB stats nova_api:SELECT=2 {{(pid=99960) stat_writer /opt/stack/data/venv/lib/python3.12/site-packages/dbcounter.py:115}}
Jun 23 16:11:14.532735 np0000182565 devstack@n-api.service[99963]: DEBUG dbcounter [-] [99963] Writing DB stats nova_cell0:SELECT=4 {{(pid=99963) stat_writer /opt/stack/data/venv/lib/python3.12/site-packages/dbcounter.py:115}}
Jun 23 16:11:17.853053 np0000182565 devstack@n-api.service[99963]: DEBUG dbcounter [-] [99963] Writing DB stats nova_api:SELECT=19,nova_api:INSERT=2 {{(pid=99963) stat_writer /opt/stack/data/venv/lib/python3.12/site-packages/dbcounter.py:115}}
Jun 23 16:11:18.126774 np0000182565 devstack@n-api.service[99962]: DEBUG dbcounter [-] [99962] Writing DB stats nova_api:SELECT=8 {{(pid=99962) stat_writer /opt/stack/data/venv/lib/python3.12/site-packages/dbcounter.py:115}}
Jun 23 16:11:29.381392 np0000182565 devstack@n-api.service[99963]: DEBUG nova.api.openstack.wsgi [None req-705c4f09-1c5a-4674-8288-4832130ebfbe demo demo] Calling method '>' {{(pid=99963) _process_stack /opt/stack/nova/nova/api/openstack/wsgi.py:551}}
Jun 23 16:11:29.388045 np0000182565 devstack@n-api.service[99963]: INFO nova.api.openstack.requestlog [None req-705c4f09-1c5a-4674-8288-4832130ebfbe demo demo] 172.18.0.2 "GET /compute/v2.1/" status: 200 len: 392 microversion: 2.1 time: 0.007197
Jun 23 16:11:29.388476 np0000182565 devstack@n-api.service[99963]: [pid: 99963|app: 0|req: 24/96] 199.19.213.78 () {64 vars in 1266 bytes} [Tue Jun 23 16:11:29 2026] GET /compute/v2.1/ => generated 392 bytes in 8 msecs (HTTP/1.1 200) 9 headers in 357 bytes (1 switches on core 0)
Jun 23 16:11:29.399240 np0000182565 devstack@n-api.service[99960]: DEBUG nova.api.openstack.wsgi [None req-71331f18-6dee-437d-9e7f-3e50324e603f demo demo] Calling method '>' {{(pid=99960) _process_stack /opt/stack/nova/nova/api/openstack/wsgi.py:551}}
Jun 23 16:11:29.403377 np0000182565 devstack@n-api.service[99960]: DEBUG oslo_concurrency.lockutils [None req-71331f18-6dee-437d-9e7f-3e50324e603f demo demo] Acquiring lock "00000000-0000-0000-0000-000000000000" by "nova.context.set_target_cell..get_or_set_cached_cell_and_set_connections" {{(pid=99960) inner /opt/stack/data/venv/lib/python3.12/site-packages/oslo_concurrency/lockutils.py:511}}
Jun 23 16:11:29.403589 np0000182565 devstack@n-api.service[99960]: DEBUG oslo_concurrency.lockutils [None req-71331f18-6dee-437d-9e7f-3e50324e603f demo demo] Lock "00000000-0000-0000-0000-000000000000" acquired by "nova.context.set_target_cell..get_or_set_cached_cell_and_set_connections" :: waited 0.000s {{(pid=99960) inner /opt/stack/data/venv/lib/python3.12/site-packages/oslo_concurrency/lockutils.py:524}}
Jun 23 16:11:29.403726 np0000182565 devstack@n-api.service[99960]: DEBUG oslo_concurrency.lockutils [None req-71331f18-6dee-437d-9e7f-3e50324e603f demo demo] Lock "00000000-0000-0000-0000-000000000000" "released" by "nova.context.set_target_cell..get_or_set_cached_cell_and_set_connections" :: held 0.000s {{(pid=99960) inner /opt/stack/data/venv/lib/python3.12/site-packages/oslo_concurrency/lockutils.py:543}}
Jun 23 16:11:29.404890 np0000182565 devstack@n-api.service[99960]: DEBUG oslo_concurrency.lockutils [None req-71331f18-6dee-437d-9e7f-3e50324e603f demo demo] Acquiring lock "d54eda54-ddce-4473-986d-b3741a885c7d" by "nova.context.set_target_cell..get_or_set_cached_cell_and_set_connections" {{(pid=99960) inner /opt/stack/data/venv/lib/python3.12/site-packages/oslo_concurrency/lockutils.py:511}}
Jun 23 16:11:29.405046 np0000182565 devstack@n-api.service[99960]: DEBUG oslo_concurrency.lockutils [None req-71331f18-6dee-437d-9e7f-3e50324e603f demo demo] Lock "d54eda54-ddce-4473-986d-b3741a885c7d" acquired by "nova.context.set_target_cell..get_or_set_cached_cell_and_set_connections" :: waited 0.000s {{(pid=99960) inner /opt/stack/data/venv/lib/python3.12/site-packages/oslo_concurrency/lockutils.py:524}}
Jun 23 16:11:29.405248 np0000182565 devstack@n-api.service[99960]: DEBUG oslo_concurrency.lockutils [None req-71331f18-6dee-437d-9e7f-3e50324e603f demo demo] Lock "d54eda54-ddce-4473-986d-b3741a885c7d" "released" by "nova.context.set_target_cell..get_or_set_cached_cell_and_set_connections" :: held 0.000s {{(pid=99960) inner /opt/stack/data/venv/lib/python3.12/site-packages/oslo_concurrency/lockutils.py:543}}
Jun 23 16:11:29.482330 np0000182565 devstack@n-api.service[99960]: INFO nova.api.openstack.requestlog [None req-71331f18-6dee-437d-9e7f-3e50324e603f demo demo] 172.18.0.2 "GET /compute/v2.1/os-availability-zone" status: 200 len: 97 microversion: 2.38 time: 0.087354
Jun 23 16:11:29.483314 np0000182565 devstack@n-api.service[99960]: [pid: 99960|app: 0|req: 24/97] 199.19.213.78 () {68 vars in 1409 bytes} [Tue Jun 23 16:11:29 2026] GET /compute/v2.1/os-availability-zone => generated 97 bytes in 89 msecs (HTTP/1.1 200) 9 headers in 358 bytes (1 switches on core 0)
Jun 23 16:11:30.379321 np0000182565 devstack@n-api.service[99961]: DEBUG nova.api.openstack.wsgi [None req-03086fa9-36f2-47b4-b6c3-36ef21a8a8d4 demo demo] Calling method '>' {{(pid=99961) _process_stack /opt/stack/nova/nova/api/openstack/wsgi.py:551}}
Jun 23 16:11:30.381910 np0000182565 devstack@n-api.service[99961]: INFO nova.api.openstack.requestlog [None req-03086fa9-36f2-47b4-b6c3-36ef21a8a8d4 demo demo] 172.18.0.2 "GET /compute/v2.1/" status: 200 len: 392 microversion: 2.1 time: 0.002864
Jun 23 16:11:30.389756 np0000182565 devstack@n-api.service[99961]: [pid: 99961|app: 0|req: 25/98] 199.19.213.78 () {64 vars in 1266 bytes} [Tue Jun 23 16:11:30 2026] GET /compute/v2.1/ => generated 392 bytes in 11 msecs (HTTP/1.1 200) 9 headers in 357 bytes (1 switches on core 0)
Jun 23 16:11:30.399374 np0000182565 devstack@n-api.service[99962]: DEBUG nova.api.openstack.wsgi [None req-ab425425-c605-4898-9cf6-9406671be798 demo demo] Calling method '>' {{(pid=99962) _process_stack /opt/stack/nova/nova/api/openstack/wsgi.py:551}}
Jun 23 16:11:30.402602 np0000182565 devstack@n-api.service[99962]: DEBUG oslo_concurrency.lockutils [None req-ab425425-c605-4898-9cf6-9406671be798 demo demo] Acquiring lock "00000000-0000-0000-0000-000000000000" by "nova.context.set_target_cell..get_or_set_cached_cell_and_set_connections" {{(pid=99962) inner /opt/stack/data/venv/lib/python3.12/site-packages/oslo_concurrency/lockutils.py:511}}
Jun 23 16:11:30.402922 np0000182565 devstack@n-api.service[99962]: DEBUG oslo_concurrency.lockutils [None req-ab425425-c605-4898-9cf6-9406671be798 demo demo] Lock "00000000-0000-0000-0000-000000000000" acquired by "nova.context.set_target_cell..get_or_set_cached_cell_and_set_connections" :: waited 0.000s {{(pid=99962) inner /opt/stack/data/venv/lib/python3.12/site-packages/oslo_concurrency/lockutils.py:524}}
Jun 23 16:11:30.403188 np0000182565 devstack@n-api.service[99962]: DEBUG oslo_concurrency.lockutils [None req-ab425425-c605-4898-9cf6-9406671be798 demo demo] Lock "00000000-0000-0000-0000-000000000000" "released" by "nova.context.set_target_cell..get_or_set_cached_cell_and_set_connections" :: held 0.000s {{(pid=99962) inner /opt/stack/data/venv/lib/python3.12/site-packages/oslo_concurrency/lockutils.py:543}}
Jun 23 16:11:30.404653 np0000182565 devstack@n-api.service[99962]: DEBUG oslo_concurrency.lockutils [None req-ab425425-c605-4898-9cf6-9406671be798 demo demo] Acquiring lock "d54eda54-ddce-4473-986d-b3741a885c7d" by "nova.context.set_target_cell..get_or_set_cached_cell_and_set_connections" {{(pid=99962) inner /opt/stack/data/venv/lib/python3.12/site-packages/oslo_concurrency/lockutils.py:511}}
Jun 23 16:11:30.404842 np0000182565 devstack@n-api.service[99962]: DEBUG oslo_concurrency.lockutils [None req-ab425425-c605-4898-9cf6-9406671be798 demo demo] Lock "d54eda54-ddce-4473-986d-b3741a885c7d" acquired by "nova.context.set_target_cell..get_or_set_cached_cell_and_set_connections" :: waited 0.000s {{(pid=99962) inner /opt/stack/data/venv/lib/python3.12/site-packages/oslo_concurrency/lockutils.py:524}}
Jun 23 16:11:30.405073 np0000182565 devstack@n-api.service[99962]: DEBUG oslo_concurrency.lockutils [None req-ab425425-c605-4898-9cf6-9406671be798 demo demo] Lock "d54eda54-ddce-4473-986d-b3741a885c7d" "released" by "nova.context.set_target_cell..get_or_set_cached_cell_and_set_connections" :: held 0.000s {{(pid=99962) inner /opt/stack/data/venv/lib/python3.12/site-packages/oslo_concurrency/lockutils.py:543}}
Jun 23 16:11:30.468467 np0000182565 devstack@n-api.service[99962]: INFO nova.api.openstack.requestlog [None req-ab425425-c605-4898-9cf6-9406671be798 demo demo] 172.18.0.2 "GET /compute/v2.1/os-availability-zone" status: 200 len: 97 microversion: 2.38 time: 0.072128
Jun 23 16:11:30.468859 np0000182565 devstack@n-api.service[99962]: [pid: 99962|app: 0|req: 26/99] 199.19.213.78 () {68 vars in 1409 bytes} [Tue Jun 23 16:11:30 2026] GET /compute/v2.1/os-availability-zone => generated 97 bytes in 73 msecs (HTTP/1.1 200) 9 headers in 358 bytes (1 switches on core 0)
Jun 23 16:11:31.127037 np0000182565 devstack@n-api.service[99963]: DEBUG nova.api.openstack.wsgi [None req-705c4f09-1c5a-4674-8288-4832130ebfbe demo demo] Calling method '>' {{(pid=99963) _process_stack /opt/stack/nova/nova/api/openstack/wsgi.py:551}}
Jun 23 16:11:31.129017 np0000182565 devstack@n-api.service[99963]: INFO nova.api.openstack.requestlog [None req-705c4f09-1c5a-4674-8288-4832130ebfbe demo demo] 172.18.0.2 "GET /compute/v2.1/" status: 200 len: 392 microversion: 2.1 time: 0.004497
Jun 23 16:11:31.129583 np0000182565 devstack@n-api.service[99963]: [pid: 99963|app: 0|req: 25/100] 199.19.213.78 () {64 vars in 1266 bytes} [Tue Jun 23 16:11:31 2026] GET /compute/v2.1/ => generated 392 bytes in 5 msecs (HTTP/1.1 200) 9 headers in 357 bytes (1 switches on core 0)
Jun 23 16:11:31.141422 np0000182565 devstack@n-api.service[99960]: DEBUG nova.api.openstack.wsgi [None req-31cca61c-9ac0-4b01-9704-890f3ef70c34 demo demo] Calling method '>' {{(pid=99960) _process_stack /opt/stack/nova/nova/api/openstack/wsgi.py:551}}
Jun 23 16:11:31.144513 np0000182565 devstack@n-api.service[99960]: DEBUG oslo_concurrency.lockutils [None req-31cca61c-9ac0-4b01-9704-890f3ef70c34 demo demo] Acquiring lock "00000000-0000-0000-0000-000000000000" by "nova.context.set_target_cell..get_or_set_cached_cell_and_set_connections" {{(pid=99960) inner /opt/stack/data/venv/lib/python3.12/site-packages/oslo_concurrency/lockutils.py:511}}
Jun 23 16:11:31.144769 np0000182565 devstack@n-api.service[99960]: DEBUG oslo_concurrency.lockutils [None req-31cca61c-9ac0-4b01-9704-890f3ef70c34 demo demo] Lock "00000000-0000-0000-0000-000000000000" acquired by "nova.context.set_target_cell..get_or_set_cached_cell_and_set_connections" :: waited 0.000s {{(pid=99960) inner /opt/stack/data/venv/lib/python3.12/site-packages/oslo_concurrency/lockutils.py:524}}
Jun 23 16:11:31.145067 np0000182565 devstack@n-api.service[99960]: DEBUG oslo_concurrency.lockutils [None req-31cca61c-9ac0-4b01-9704-890f3ef70c34 demo demo] Lock "00000000-0000-0000-0000-000000000000" "released" by "nova.context.set_target_cell..get_or_set_cached_cell_and_set_connections" :: held 0.000s {{(pid=99960) inner /opt/stack/data/venv/lib/python3.12/site-packages/oslo_concurrency/lockutils.py:543}}
Jun 23 16:11:31.146436 np0000182565 devstack@n-api.service[99960]: DEBUG oslo_concurrency.lockutils [None req-31cca61c-9ac0-4b01-9704-890f3ef70c34 demo demo] Acquiring lock "d54eda54-ddce-4473-986d-b3741a885c7d" by "nova.context.set_target_cell..get_or_set_cached_cell_and_set_connections" {{(pid=99960) inner /opt/stack/data/venv/lib/python3.12/site-packages/oslo_concurrency/lockutils.py:511}}
Jun 23 16:11:31.146655 np0000182565 devstack@n-api.service[99960]: DEBUG oslo_concurrency.lockutils [None req-31cca61c-9ac0-4b01-9704-890f3ef70c34 demo demo] Lock "d54eda54-ddce-4473-986d-b3741a885c7d" acquired by "nova.context.set_target_cell..get_or_set_cached_cell_and_set_connections" :: waited 0.000s {{(pid=99960) inner /opt/stack/data/venv/lib/python3.12/site-packages/oslo_concurrency/lockutils.py:524}}
Jun 23 16:11:31.146845 np0000182565 devstack@n-api.service[99960]: DEBUG oslo_concurrency.lockutils [None req-31cca61c-9ac0-4b01-9704-890f3ef70c34 demo demo] Lock "d54eda54-ddce-4473-986d-b3741a885c7d" "released" by "nova.context.set_target_cell..get_or_set_cached_cell_and_set_connections" :: held 0.000s {{(pid=99960) inner /opt/stack/data/venv/lib/python3.12/site-packages/oslo_concurrency/lockutils.py:543}}
Jun 23 16:11:31.170411 np0000182565 devstack@n-api.service[99960]: INFO nova.api.openstack.requestlog [None req-31cca61c-9ac0-4b01-9704-890f3ef70c34 demo demo] 172.18.0.2 "GET /compute/v2.1/os-availability-zone" status: 200 len: 97 microversion: 2.38 time: 0.031493
Jun 23 16:11:31.171225 np0000182565 devstack@n-api.service[99960]: [pid: 99960|app: 0|req: 25/101] 199.19.213.78 () {68 vars in 1409 bytes} [Tue Jun 23 16:11:31 2026] GET /compute/v2.1/os-availability-zone => generated 97 bytes in 33 msecs (HTTP/1.1 200) 9 headers in 358 bytes (1 switches on core 0)
Jun 23 16:11:31.743791 np0000182565 devstack@n-api.service[99961]: DEBUG nova.api.openstack.wsgi [None req-03086fa9-36f2-47b4-b6c3-36ef21a8a8d4 demo demo] Calling method '>' {{(pid=99961) _process_stack /opt/stack/nova/nova/api/openstack/wsgi.py:551}}
Jun 23 16:11:31.748972 np0000182565 devstack@n-api.service[99961]: INFO nova.api.openstack.requestlog [None req-03086fa9-36f2-47b4-b6c3-36ef21a8a8d4 demo demo] 172.18.0.2 "GET /compute/v2.1/" status: 200 len: 392 microversion: 2.1 time: 0.005808
Jun 23 16:11:31.749274 np0000182565 devstack@n-api.service[99961]: [pid: 99961|app: 0|req: 26/102] 199.19.213.78 () {64 vars in 1266 bytes} [Tue Jun 23 16:11:31 2026] GET /compute/v2.1/ => generated 392 bytes in 7 msecs (HTTP/1.1 200) 9 headers in 357 bytes (1 switches on core 0)
Jun 23 16:11:31.756420 np0000182565 devstack@n-api.service[99962]: DEBUG nova.api.openstack.wsgi [None req-acb0a6aa-ecad-48c0-940f-b68b9cc45f4b demo demo] Calling method '>' {{(pid=99962) _process_stack /opt/stack/nova/nova/api/openstack/wsgi.py:551}}
Jun 23 16:11:31.759998 np0000182565 devstack@n-api.service[99962]: DEBUG oslo_concurrency.lockutils [None req-acb0a6aa-ecad-48c0-940f-b68b9cc45f4b demo demo] Acquiring lock "00000000-0000-0000-0000-000000000000" by "nova.context.set_target_cell..get_or_set_cached_cell_and_set_connections" {{(pid=99962) inner /opt/stack/data/venv/lib/python3.12/site-packages/oslo_concurrency/lockutils.py:511}}
Jun 23 16:11:31.759998 np0000182565 devstack@n-api.service[99962]: DEBUG oslo_concurrency.lockutils [None req-acb0a6aa-ecad-48c0-940f-b68b9cc45f4b demo demo] Lock "00000000-0000-0000-0000-000000000000" acquired by "nova.context.set_target_cell..get_or_set_cached_cell_and_set_connections" :: waited 0.000s {{(pid=99962) inner /opt/stack/data/venv/lib/python3.12/site-packages/oslo_concurrency/lockutils.py:524}}
Jun 23 16:11:31.759998 np0000182565 devstack@n-api.service[99962]: DEBUG oslo_concurrency.lockutils [None req-acb0a6aa-ecad-48c0-940f-b68b9cc45f4b demo demo] Lock "00000000-0000-0000-0000-000000000000" "released" by "nova.context.set_target_cell..get_or_set_cached_cell_and_set_connections" :: held 0.000s {{(pid=99962) inner /opt/stack/data/venv/lib/python3.12/site-packages/oslo_concurrency/lockutils.py:543}}
Jun 23 16:11:31.760606 np0000182565 devstack@n-api.service[99962]: DEBUG oslo_concurrency.lockutils [None req-acb0a6aa-ecad-48c0-940f-b68b9cc45f4b demo demo] Acquiring lock "d54eda54-ddce-4473-986d-b3741a885c7d" by "nova.context.set_target_cell..get_or_set_cached_cell_and_set_connections" {{(pid=99962) inner /opt/stack/data/venv/lib/python3.12/site-packages/oslo_concurrency/lockutils.py:511}}
Jun 23 16:11:31.760802 np0000182565 devstack@n-api.service[99962]: DEBUG oslo_concurrency.lockutils [None req-acb0a6aa-ecad-48c0-940f-b68b9cc45f4b demo demo] Lock "d54eda54-ddce-4473-986d-b3741a885c7d" acquired by "nova.context.set_target_cell..get_or_set_cached_cell_and_set_connections" :: waited 0.000s {{(pid=99962) inner /opt/stack/data/venv/lib/python3.12/site-packages/oslo_concurrency/lockutils.py:524}}
Jun 23 16:11:31.762174 np0000182565 devstack@n-api.service[99962]: DEBUG oslo_concurrency.lockutils [None req-acb0a6aa-ecad-48c0-940f-b68b9cc45f4b demo demo] Lock "d54eda54-ddce-4473-986d-b3741a885c7d" "released" by "nova.context.set_target_cell..get_or_set_cached_cell_and_set_connections" :: held 0.000s {{(pid=99962) inner /opt/stack/data/venv/lib/python3.12/site-packages/oslo_concurrency/lockutils.py:543}}
Jun 23 16:11:31.781661 np0000182565 devstack@n-api.service[99962]: INFO nova.api.openstack.requestlog [None req-acb0a6aa-ecad-48c0-940f-b68b9cc45f4b demo demo] 172.18.0.2 "GET /compute/v2.1/os-availability-zone" status: 200 len: 97 microversion: 2.38 time: 0.026923
Jun 23 16:11:31.781661 np0000182565 devstack@n-api.service[99962]: [pid: 99962|app: 0|req: 27/103] 199.19.213.78 () {68 vars in 1409 bytes} [Tue Jun 23 16:11:31 2026] GET /compute/v2.1/os-availability-zone => generated 97 bytes in 28 msecs (HTTP/1.1 200) 9 headers in 358 bytes (1 switches on core 0)
Jun 23 16:11:36.168345 np0000182565 devstack@n-api.service[99963]: DEBUG nova.api.openstack.wsgi [None req-705c4f09-1c5a-4674-8288-4832130ebfbe demo demo] Calling method '>' {{(pid=99963) _process_stack /opt/stack/nova/nova/api/openstack/wsgi.py:551}}
Jun 23 16:11:36.174720 np0000182565 devstack@n-api.service[99963]: INFO nova.api.openstack.requestlog [None req-705c4f09-1c5a-4674-8288-4832130ebfbe demo demo] 172.18.0.2 "GET /compute/v2.1/" status: 200 len: 392 microversion: 2.1 time: 0.006951
Jun 23 16:11:36.174984 np0000182565 devstack@n-api.service[99963]: [pid: 99963|app: 0|req: 26/104] 199.19.213.78 () {64 vars in 1266 bytes} [Tue Jun 23 16:11:36 2026] GET /compute/v2.1/ => generated 392 bytes in 8 msecs (HTTP/1.1 200) 9 headers in 357 bytes (1 switches on core 0)
Jun 23 16:11:36.185094 np0000182565 devstack@n-api.service[99960]: DEBUG nova.api.openstack.wsgi [None req-756041b6-2b7e-4662-9ebe-e38be66dcf04 demo demo] Calling method '>' {{(pid=99960) _process_stack /opt/stack/nova/nova/api/openstack/wsgi.py:551}}
Jun 23 16:11:36.213337 np0000182565 devstack@n-api.service[99960]: INFO nova.api.openstack.requestlog [None req-756041b6-2b7e-4662-9ebe-e38be66dcf04 demo demo] 172.18.0.2 "GET /compute/v2.1/flavors/detail" status: 200 len: 4000 microversion: 2.38 time: 0.031780
Jun 23 16:11:36.213619 np0000182565 devstack@n-api.service[99960]: [pid: 99960|app: 0|req: 26/105] 199.19.213.78 () {68 vars in 1391 bytes} [Tue Jun 23 16:11:36 2026] GET /compute/v2.1/flavors/detail => generated 4000 bytes in 32 msecs (HTTP/1.1 200) 9 headers in 360 bytes (1 switches on core 0)
Jun 23 16:11:36.883589 np0000182565 devstack@n-api.service[99961]: DEBUG nova.api.openstack.wsgi [None req-03086fa9-36f2-47b4-b6c3-36ef21a8a8d4 demo demo] Calling method '>' {{(pid=99961) _process_stack /opt/stack/nova/nova/api/openstack/wsgi.py:551}}
Jun 23 16:11:36.890644 np0000182565 devstack@n-api.service[99961]: INFO nova.api.openstack.requestlog [None req-03086fa9-36f2-47b4-b6c3-36ef21a8a8d4 demo demo] 172.18.0.2 "GET /compute/v2.1/" status: 200 len: 392 microversion: 2.1 time: 0.007535
Jun 23 16:11:36.892795 np0000182565 devstack@n-api.service[99961]: [pid: 99961|app: 0|req: 27/106] 199.19.213.78 () {64 vars in 1266 bytes} [Tue Jun 23 16:11:36 2026] GET /compute/v2.1/ => generated 392 bytes in 10 msecs (HTTP/1.1 200) 9 headers in 357 bytes (1 switches on core 0)
Jun 23 16:11:36.905837 np0000182565 devstack@n-api.service[99962]: DEBUG nova.api.openstack.wsgi [None req-62eacacf-733b-42ca-9c8d-106b441cfe9e demo demo] Calling method '>' {{(pid=99962) _process_stack /opt/stack/nova/nova/api/openstack/wsgi.py:551}}
Jun 23 16:11:36.910730 np0000182565 devstack@n-api.service[99962]: DEBUG nova.policy [None req-62eacacf-733b-42ca-9c8d-106b441cfe9e demo demo] Policy check for os_compute_api:servers:allow_all_filters failed with credentials {'is_admin': False, 'user_id': 'c3aef860e5ea489bab1c5450cd3d1803', 'user_domain_id': 'default', 'system_scope': None, 'domain_id': None, 'project_id': 'd76a4fefb0b24d5d9aedd3756149c756', 'project_domain_id': 'default', 'roles': ['load-balancer_member', 'anotherrole', 'reader', 'member'], 'is_admin_project': True, 'service_user_id': None, 'service_user_domain_id': None, 'service_project_id': None, 'service_project_domain_id': None, 'service_roles': []} {{(pid=99962) authorize /opt/stack/nova/nova/policy.py:192}}
Jun 23 16:11:36.912224 np0000182565 devstack@n-api.service[99962]: DEBUG nova.compute.api [None req-62eacacf-733b-42ca-9c8d-106b441cfe9e demo demo] Searching by: {'name': '^kube-te84c-8sg7v-b7rwn$', 'deleted': False, 'project_id': 'd76a4fefb0b24d5d9aedd3756149c756'} {{(pid=99962) get_all /opt/stack/nova/nova/compute/api.py:3111}}
Jun 23 16:11:36.918237 np0000182565 devstack@n-api.service[99962]: DEBUG oslo_concurrency.lockutils [None req-62eacacf-733b-42ca-9c8d-106b441cfe9e demo demo] Acquiring lock "00000000-0000-0000-0000-000000000000" by "nova.context.set_target_cell..get_or_set_cached_cell_and_set_connections" {{(pid=99962) inner /opt/stack/data/venv/lib/python3.12/site-packages/oslo_concurrency/lockutils.py:511}}
Jun 23 16:11:36.918437 np0000182565 devstack@n-api.service[99962]: DEBUG oslo_concurrency.lockutils [None req-62eacacf-733b-42ca-9c8d-106b441cfe9e demo demo] Lock "00000000-0000-0000-0000-000000000000" acquired by "nova.context.set_target_cell..get_or_set_cached_cell_and_set_connections" :: waited 0.000s {{(pid=99962) inner /opt/stack/data/venv/lib/python3.12/site-packages/oslo_concurrency/lockutils.py:524}}
Jun 23 16:11:36.918627 np0000182565 devstack@n-api.service[99962]: DEBUG oslo_concurrency.lockutils [None req-62eacacf-733b-42ca-9c8d-106b441cfe9e demo demo] Lock "00000000-0000-0000-0000-000000000000" "released" by "nova.context.set_target_cell..get_or_set_cached_cell_and_set_connections" :: held 0.000s {{(pid=99962) inner /opt/stack/data/venv/lib/python3.12/site-packages/oslo_concurrency/lockutils.py:543}}
Jun 23 16:11:36.919007 np0000182565 devstack@n-api.service[99962]: DEBUG oslo_concurrency.lockutils [None req-62eacacf-733b-42ca-9c8d-106b441cfe9e demo demo] Acquiring lock "d54eda54-ddce-4473-986d-b3741a885c7d" by "nova.context.set_target_cell..get_or_set_cached_cell_and_set_connections" {{(pid=99962) inner /opt/stack/data/venv/lib/python3.12/site-packages/oslo_concurrency/lockutils.py:511}}
Jun 23 16:11:36.919211 np0000182565 devstack@n-api.service[99962]: DEBUG oslo_concurrency.lockutils [None req-62eacacf-733b-42ca-9c8d-106b441cfe9e demo demo] Lock "d54eda54-ddce-4473-986d-b3741a885c7d" acquired by "nova.context.set_target_cell..get_or_set_cached_cell_and_set_connections" :: waited 0.000s {{(pid=99962) inner /opt/stack/data/venv/lib/python3.12/site-packages/oslo_concurrency/lockutils.py:524}}
Jun 23 16:11:36.919398 np0000182565 devstack@n-api.service[99962]: DEBUG oslo_concurrency.lockutils [None req-62eacacf-733b-42ca-9c8d-106b441cfe9e demo demo] Lock "d54eda54-ddce-4473-986d-b3741a885c7d" "released" by "nova.context.set_target_cell..get_or_set_cached_cell_and_set_connections" :: held 0.000s {{(pid=99962) inner /opt/stack/data/venv/lib/python3.12/site-packages/oslo_concurrency/lockutils.py:543}}
Jun 23 16:11:36.991155 np0000182565 devstack@n-api.service[99962]: DEBUG oslo_concurrency.lockutils [None req-62eacacf-733b-42ca-9c8d-106b441cfe9e demo demo] Acquiring lock "00000000-0000-0000-0000-000000000000" by "nova.context.set_target_cell..get_or_set_cached_cell_and_set_connections" {{(pid=99962) inner /opt/stack/data/venv/lib/python3.12/site-packages/oslo_concurrency/lockutils.py:511}}
Jun 23 16:11:36.991449 np0000182565 devstack@n-api.service[99962]: DEBUG oslo_concurrency.lockutils [None req-62eacacf-733b-42ca-9c8d-106b441cfe9e demo demo] Lock "00000000-0000-0000-0000-000000000000" acquired by "nova.context.set_target_cell..get_or_set_cached_cell_and_set_connections" :: waited 0.000s {{(pid=99962) inner /opt/stack/data/venv/lib/python3.12/site-packages/oslo_concurrency/lockutils.py:524}}
Jun 23 16:11:36.991832 np0000182565 devstack@n-api.service[99962]: DEBUG oslo_concurrency.lockutils [None req-62eacacf-733b-42ca-9c8d-106b441cfe9e demo demo] Lock "00000000-0000-0000-0000-000000000000" "released" by "nova.context.set_target_cell..get_or_set_cached_cell_and_set_connections" :: held 0.000s {{(pid=99962) inner /opt/stack/data/venv/lib/python3.12/site-packages/oslo_concurrency/lockutils.py:543}}
Jun 23 16:11:36.992450 np0000182565 devstack@n-api.service[99962]: DEBUG oslo_concurrency.lockutils [None req-62eacacf-733b-42ca-9c8d-106b441cfe9e demo demo] Acquiring lock "d54eda54-ddce-4473-986d-b3741a885c7d" by "nova.context.set_target_cell..get_or_set_cached_cell_and_set_connections" {{(pid=99962) inner /opt/stack/data/venv/lib/python3.12/site-packages/oslo_concurrency/lockutils.py:511}}
Jun 23 16:11:36.992827 np0000182565 devstack@n-api.service[99962]: DEBUG oslo_concurrency.lockutils [None req-62eacacf-733b-42ca-9c8d-106b441cfe9e demo demo] Lock "d54eda54-ddce-4473-986d-b3741a885c7d" acquired by "nova.context.set_target_cell..get_or_set_cached_cell_and_set_connections" :: waited 0.000s {{(pid=99962) inner /opt/stack/data/venv/lib/python3.12/site-packages/oslo_concurrency/lockutils.py:524}}
Jun 23 16:11:36.993239 np0000182565 devstack@n-api.service[99962]: DEBUG oslo_concurrency.lockutils [None req-62eacacf-733b-42ca-9c8d-106b441cfe9e demo demo] Lock "d54eda54-ddce-4473-986d-b3741a885c7d" "released" by "nova.context.set_target_cell..get_or_set_cached_cell_and_set_connections" :: held 0.000s {{(pid=99962) inner /opt/stack/data/venv/lib/python3.12/site-packages/oslo_concurrency/lockutils.py:543}}
Jun 23 16:11:36.995754 np0000182565 devstack@n-api.service[99962]: DEBUG nova.policy [None req-62eacacf-733b-42ca-9c8d-106b441cfe9e demo demo] Policy check for os_compute_api:os-extended-server-attributes failed with credentials {'is_admin': False, 'user_id': 'c3aef860e5ea489bab1c5450cd3d1803', 'user_domain_id': 'default', 'system_scope': None, 'domain_id': None, 'project_id': 'd76a4fefb0b24d5d9aedd3756149c756', 'project_domain_id': 'default', 'roles': ['load-balancer_member', 'anotherrole', 'reader', 'member'], 'is_admin_project': True, 'service_user_id': None, 'service_user_domain_id': None, 'service_project_id': None, 'service_project_domain_id': None, 'service_roles': []} {{(pid=99962) authorize /opt/stack/nova/nova/policy.py:192}}
Jun 23 16:11:37.000036 np0000182565 devstack@n-api.service[99962]: DEBUG nova.policy [None req-62eacacf-733b-42ca-9c8d-106b441cfe9e demo demo] Policy check for os_compute_api:servers:show:host_status failed with credentials {'is_admin': False, 'user_id': 'c3aef860e5ea489bab1c5450cd3d1803', 'user_domain_id': 'default', 'system_scope': None, 'domain_id': None, 'project_id': 'd76a4fefb0b24d5d9aedd3756149c756', 'project_domain_id': 'default', 'roles': ['load-balancer_member', 'anotherrole', 'reader', 'member'], 'is_admin_project': True, 'service_user_id': None, 'service_user_domain_id': None, 'service_project_id': None, 'service_project_domain_id': None, 'service_roles': []} {{(pid=99962) authorize /opt/stack/nova/nova/policy.py:192}}
