Apr 16 11:34:58.033611 np0000166669 devstack@neutron-api.service[105550]: DEBUG ovsdbapp.backend.ovs_idl [None req-02effba3-dd3c-43b9-9cc7-76032c8b22e8 None None] Created schema index Copp.name {{(pid=105550) autocreate_indices /opt/stack/data/venv/lib/python3.12/site-packages/ovsdbapp/backend/ovs_idl/__init__.py:106}}
Apr 16 11:34:58.033773 np0000166669 devstack@neutron-api.service[105550]: DEBUG ovsdbapp.backend.ovs_idl [None req-02effba3-dd3c-43b9-9cc7-76032c8b22e8 None None] Created schema index Meter.name {{(pid=105550) autocreate_indices /opt/stack/data/venv/lib/python3.12/site-packages/ovsdbapp/backend/ovs_idl/__init__.py:106}}
Apr 16 11:34:58.033835 np0000166669 devstack@neutron-api.service[105550]: DEBUG ovsdbapp.backend.ovs_idl [None req-02effba3-dd3c-43b9-9cc7-76032c8b22e8 None None] Created schema index Load_Balancer_Group.name {{(pid=105550) autocreate_indices /opt/stack/data/venv/lib/python3.12/site-packages/ovsdbapp/backend/ovs_idl/__init__.py:106}}
Apr 16 11:34:58.034008 np0000166669 devstack@neutron-api.service[105550]: DEBUG ovsdbapp.backend.ovs_idl [None req-02effba3-dd3c-43b9-9cc7-76032c8b22e8 None None] Created schema index HA_Chassis_Group.name {{(pid=105550) autocreate_indices /opt/stack/data/venv/lib/python3.12/site-packages/ovsdbapp/backend/ovs_idl/__init__.py:106}}
Apr 16 11:34:58.034168 np0000166669 devstack@neutron-api.service[105550]: DEBUG ovsdbapp.backend.ovs_idl [None req-02effba3-dd3c-43b9-9cc7-76032c8b22e8 None None] Created schema index Address_Set.name {{(pid=105550) autocreate_indices /opt/stack/data/venv/lib/python3.12/site-packages/ovsdbapp/backend/ovs_idl/__init__.py:106}}
Apr 16 11:34:58.034300 np0000166669 devstack@neutron-api.service[105550]: DEBUG ovsdbapp.backend.ovs_idl [None req-02effba3-dd3c-43b9-9cc7-76032c8b22e8 None None] Created schema index Connection.target {{(pid=105550) autocreate_indices /opt/stack/data/venv/lib/python3.12/site-packages/ovsdbapp/backend/ovs_idl/__init__.py:106}}
Apr 16 11:34:58.034424 np0000166669 devstack@neutron-api.service[105550]: DEBUG ovsdbapp.backend.ovs_idl [None req-02effba3-dd3c-43b9-9cc7-76032c8b22e8 None None] Created schema index Gateway_Chassis.name {{(pid=105550) autocreate_indices /opt/stack/data/venv/lib/python3.12/site-packages/ovsdbapp/backend/ovs_idl/__init__.py:106}}
Apr 16 11:34:58.034551 np0000166669 devstack@neutron-api.service[105550]: DEBUG ovsdbapp.backend.ovs_idl [None req-02effba3-dd3c-43b9-9cc7-76032c8b22e8 None None] Created schema index Mirror.name {{(pid=105550) autocreate_indices /opt/stack/data/venv/lib/python3.12/site-packages/ovsdbapp/backend/ovs_idl/__init__.py:106}}
Apr 16 11:34:58.034669 np0000166669 devstack@neutron-api.service[105550]: DEBUG ovsdbapp.backend.ovs_idl [None req-02effba3-dd3c-43b9-9cc7-76032c8b22e8 None None] Created schema index Chassis_Template_Var.chassis {{(pid=105550) autocreate_indices /opt/stack/data/venv/lib/python3.12/site-packages/ovsdbapp/backend/ovs_idl/__init__.py:106}}
Apr 16 11:34:58.034789 np0000166669 devstack@neutron-api.service[105550]: DEBUG ovsdbapp.backend.ovs_idl [None req-02effba3-dd3c-43b9-9cc7-76032c8b22e8 None None] Created schema index Logical_Router_Port.name {{(pid=105550) autocreate_indices /opt/stack/data/venv/lib/python3.12/site-packages/ovsdbapp/backend/ovs_idl/__init__.py:106}}
Apr 16 11:34:58.034917 np0000166669 devstack@neutron-api.service[105550]: DEBUG ovsdbapp.backend.ovs_idl [None req-02effba3-dd3c-43b9-9cc7-76032c8b22e8 None None] Created schema index Port_Group.name {{(pid=105550) autocreate_indices /opt/stack/data/venv/lib/python3.12/site-packages/ovsdbapp/backend/ovs_idl/__init__.py:106}}
Apr 16 11:34:58.035043 np0000166669 devstack@neutron-api.service[105550]: DEBUG ovsdbapp.backend.ovs_idl [None req-02effba3-dd3c-43b9-9cc7-76032c8b22e8 None None] Created schema index Logical_Switch_Port.name {{(pid=105550) autocreate_indices /opt/stack/data/venv/lib/python3.12/site-packages/ovsdbapp/backend/ovs_idl/__init__.py:106}}
Apr 16 11:34:58.037893 np0000166669 devstack@neutron-api.service[105550]: INFO ovsdbapp.backend.ovs_idl.vlog [None req-02effba3-dd3c-43b9-9cc7-76032c8b22e8 None None] ssl:199.19.213.163:6641: connecting...
Apr 16 11:34:58.043323 np0000166669 devstack@neutron-api.service[105550]: INFO ovsdbapp.backend.ovs_idl.vlog [None req-02effba3-dd3c-43b9-9cc7-76032c8b22e8 None None] ssl:199.19.213.163:6641: connected
Apr 16 11:34:58.074195 np0000166669 devstack@neutron-api.service[105550]: DEBUG neutron.common.ovn.hash_ring_manager [None req-02effba3-dd3c-43b9-9cc7-76032c8b22e8 None None] Disallow caching, nodes 1<4 {{(pid=105550) _wait_startup_before_caching /opt/stack/neutron/neutron/common/ovn/hash_ring_manager.py:72}}
Apr 16 11:34:58.078158 np0000166669 devstack@neutron-api.service[105550]: DEBUG neutron.common.ovn.hash_ring_manager [None req-02effba3-dd3c-43b9-9cc7-76032c8b22e8 None None] Hash Ring loaded. 1 active nodes. 0 offline nodes {{(pid=105550) _load_hash_ring /opt/stack/neutron/neutron/common/ovn/hash_ring_manager.py:102}}
Apr 16 11:34:58.078280 np0000166669 devstack@neutron-api.service[105550]: DEBUG neutron.plugins.ml2.drivers.ovn.mech_driver.ovsdb.ovsdb_monitor [None req-02effba3-dd3c-43b9-9cc7-76032c8b22e8 None None] Hash Ring: Node e55e38fc2aa65d28b50c061d46ca3916 (host: np0000166669) handling event "create" for row 9ef309b3-6ce5-4aa3-8ce2-5df682515ea4 (table: ACL) {{(pid=105550) notify /opt/stack/neutron/neutron/plugins/ml2/drivers/ovn/mech_driver/ovsdb/ovsdb_monitor.py:914}}
Apr 16 11:34:58.082604 np0000166669 devstack@neutron-api.service[105550]: DEBUG neutron.common.ovn.hash_ring_manager [None req-02effba3-dd3c-43b9-9cc7-76032c8b22e8 None None] Hash Ring loaded. 1 active nodes. 0 offline nodes {{(pid=105550) _load_hash_ring /opt/stack/neutron/neutron/common/ovn/hash_ring_manager.py:102}}
Apr 16 11:34:58.082715 np0000166669 devstack@neutron-api.service[105550]: DEBUG neutron.plugins.ml2.drivers.ovn.mech_driver.ovsdb.ovsdb_monitor [None req-02effba3-dd3c-43b9-9cc7-76032c8b22e8 None None] Hash Ring: Node e55e38fc2aa65d28b50c061d46ca3916 (host: np0000166669) handling event "create" for row dcb66ad2-1dcd-458f-a85b-3daf2a7bb15b (table: ACL) {{(pid=105550) notify /opt/stack/neutron/neutron/plugins/ml2/drivers/ovn/mech_driver/ovsdb/ovsdb_monitor.py:914}}
Apr 16 11:34:58.086960 np0000166669 devstack@neutron-api.service[105550]: DEBUG neutron.common.ovn.hash_ring_manager [None req-02effba3-dd3c-43b9-9cc7-76032c8b22e8 None None] Hash Ring loaded. 1 active nodes. 0 offline nodes {{(pid=105550) _load_hash_ring /opt/stack/neutron/neutron/common/ovn/hash_ring_manager.py:102}}
Apr 16 11:34:58.087262 np0000166669 devstack@neutron-api.service[105550]: DEBUG neutron.plugins.ml2.drivers.ovn.mech_driver.ovsdb.ovsdb_monitor [None req-02effba3-dd3c-43b9-9cc7-76032c8b22e8 None None] Hash Ring: Node e55e38fc2aa65d28b50c061d46ca3916 (host: np0000166669) handling event "create" for row 6ef031b0-74ab-42f1-8a21-598ebbc82363 (table: Connection) {{(pid=105550) notify /opt/stack/neutron/neutron/plugins/ml2/drivers/ovn/mech_driver/ovsdb/ovsdb_monitor.py:914}}
Apr 16 11:34:58.091294 np0000166669 devstack@neutron-api.service[105550]: DEBUG neutron.common.ovn.hash_ring_manager [None req-02effba3-dd3c-43b9-9cc7-76032c8b22e8 None None] Hash Ring loaded. 1 active nodes. 0 offline nodes {{(pid=105550) _load_hash_ring /opt/stack/neutron/neutron/common/ovn/hash_ring_manager.py:102}}
Apr 16 11:34:58.091393 np0000166669 devstack@neutron-api.service[105550]: DEBUG neutron.plugins.ml2.drivers.ovn.mech_driver.ovsdb.ovsdb_monitor [None req-02effba3-dd3c-43b9-9cc7-76032c8b22e8 None None] Hash Ring: Node e55e38fc2aa65d28b50c061d46ca3916 (host: np0000166669) handling event "create" for row cf45474a-d319-46ac-a16c-7460e938be99 (table: NB_Global) {{(pid=105550) notify /opt/stack/neutron/neutron/plugins/ml2/drivers/ovn/mech_driver/ovsdb/ovsdb_monitor.py:914}}
Apr 16 11:34:58.095491 np0000166669 devstack@neutron-api.service[105550]: DEBUG neutron.common.ovn.hash_ring_manager [None req-02effba3-dd3c-43b9-9cc7-76032c8b22e8 None None] Hash Ring loaded. 1 active nodes. 0 offline nodes {{(pid=105550) _load_hash_ring /opt/stack/neutron/neutron/common/ovn/hash_ring_manager.py:102}}
Apr 16 11:34:58.095623 np0000166669 devstack@neutron-api.service[105550]: DEBUG neutron.plugins.ml2.drivers.ovn.mech_driver.ovsdb.ovsdb_monitor [None req-02effba3-dd3c-43b9-9cc7-76032c8b22e8 None None] Hash Ring: Node e55e38fc2aa65d28b50c061d46ca3916 (host: np0000166669) handling event "create" for row e2eb8670-429e-4aea-ada8-706d64499111 (table: Port_Group) {{(pid=105550) notify /opt/stack/neutron/neutron/plugins/ml2/drivers/ovn/mech_driver/ovsdb/ovsdb_monitor.py:914}}
Apr 16 11:34:58.099719 np0000166669 devstack@neutron-api.service[105550]: DEBUG neutron.common.ovn.hash_ring_manager [None req-02effba3-dd3c-43b9-9cc7-76032c8b22e8 None None] Hash Ring loaded. 1 active nodes. 0 offline nodes {{(pid=105550) _load_hash_ring /opt/stack/neutron/neutron/common/ovn/hash_ring_manager.py:102}}
Apr 16 11:34:58.099856 np0000166669 devstack@neutron-api.service[105550]: DEBUG neutron.plugins.ml2.drivers.ovn.mech_driver.ovsdb.ovsdb_monitor [None req-02effba3-dd3c-43b9-9cc7-76032c8b22e8 None None] Hash Ring: Node e55e38fc2aa65d28b50c061d46ca3916 (host: np0000166669) handling event "create" for row 83e56547-58a3-45fc-a962-064e1d1706df (table: SSL) {{(pid=105550) notify /opt/stack/neutron/neutron/plugins/ml2/drivers/ovn/mech_driver/ovsdb/ovsdb_monitor.py:914}}
Apr 16 11:34:58.100734 np0000166669 devstack@neutron-api.service[105550]: INFO neutron.plugins.ml2.drivers.ovn.mech_driver.ovsdb.impl_idl_ovn [None req-02effba3-dd3c-43b9-9cc7-76032c8b22e8 None None] Getting OvsdbSbOvnIdl for WorkerService with retry
Apr 16 11:34:58.138159 np0000166669 devstack@neutron-api.service[105550]: DEBUG ovsdbapp.backend.ovs_idl [None req-02effba3-dd3c-43b9-9cc7-76032c8b22e8 None None] Created lookup_table index Chassis.name {{(pid=105550) autocreate_indices /opt/stack/data/venv/lib/python3.12/site-packages/ovsdbapp/backend/ovs_idl/__init__.py:87}}
Apr 16 11:34:58.138275 np0000166669 devstack@neutron-api.service[105550]: DEBUG ovsdbapp.backend.ovs_idl [None req-02effba3-dd3c-43b9-9cc7-76032c8b22e8 None None] Created lookup_table index Port_Binding.logical_port {{(pid=105550) autocreate_indices /opt/stack/data/venv/lib/python3.12/site-packages/ovsdbapp/backend/ovs_idl/__init__.py:87}}
Apr 16 11:34:58.138338 np0000166669 devstack@neutron-api.service[105550]: DEBUG ovsdbapp.backend.ovs_idl [None req-02effba3-dd3c-43b9-9cc7-76032c8b22e8 None None] Created schema index Chassis_Private.name {{(pid=105550) autocreate_indices /opt/stack/data/venv/lib/python3.12/site-packages/ovsdbapp/backend/ovs_idl/__init__.py:106}}
Apr 16 11:34:58.138596 np0000166669 devstack@neutron-api.service[105550]: DEBUG ovsdbapp.backend.ovs_idl [None req-02effba3-dd3c-43b9-9cc7-76032c8b22e8 None None] Created schema index Datapath_Binding.tunnel_key {{(pid=105550) autocreate_indices /opt/stack/data/venv/lib/python3.12/site-packages/ovsdbapp/backend/ovs_idl/__init__.py:106}}
Apr 16 11:34:58.143429 np0000166669 devstack@neutron-api.service[105550]: INFO ovsdbapp.backend.ovs_idl.vlog [None req-02effba3-dd3c-43b9-9cc7-76032c8b22e8 None None] ssl:199.19.213.163:6642: connecting...
Apr 16 11:34:58.151349 np0000166669 devstack@neutron-api.service[105550]: INFO ovsdbapp.backend.ovs_idl.vlog [None req-02effba3-dd3c-43b9-9cc7-76032c8b22e8 None None] ssl:199.19.213.163:6642: connected
Apr 16 11:34:58.181367 np0000166669 devstack@neutron-api.service[105550]: DEBUG neutron.common.ovn.hash_ring_manager [None req-02effba3-dd3c-43b9-9cc7-76032c8b22e8 None None] Disallow caching, nodes 1<4 {{(pid=105550) _wait_startup_before_caching /opt/stack/neutron/neutron/common/ovn/hash_ring_manager.py:72}}
Apr 16 11:34:58.185183 np0000166669 devstack@neutron-api.service[105550]: DEBUG neutron.common.ovn.hash_ring_manager [None req-02effba3-dd3c-43b9-9cc7-76032c8b22e8 None None] Hash Ring loaded. 1 active nodes. 0 offline nodes {{(pid=105550) _load_hash_ring /opt/stack/neutron/neutron/common/ovn/hash_ring_manager.py:102}}
Apr 16 11:34:58.185299 np0000166669 devstack@neutron-api.service[105550]: DEBUG neutron.plugins.ml2.drivers.ovn.mech_driver.ovsdb.ovsdb_monitor [None req-02effba3-dd3c-43b9-9cc7-76032c8b22e8 None None] Hash Ring: Node e55e38fc2aa65d28b50c061d46ca3916 (host: np0000166669) handling event "create" for row 2c5ab9e3-8e4d-4c45-b09f-9ba13e6cff1d (table: Chassis) {{(pid=105550) notify /opt/stack/neutron/neutron/plugins/ml2/drivers/ovn/mech_driver/ovsdb/ovsdb_monitor.py:914}}
Apr 16 11:34:58.186025 np0000166669 devstack@neutron-api.service[105550]: DEBUG ovsdbapp.backend.ovs_idl.event [None req-02effba3-dd3c-43b9-9cc7-76032c8b22e8 None None] Matched CREATE: ChassisBandwidthConfigEvent(events=('create', 'update'), table='Chassis', conditions=None, old_conditions=None), priority=20 to row=Chassis(uuid=2c5ab9e3-8e4d-4c45-b09f-9ba13e6cff1d, encaps=[2f56a7e0-1f0c-4524-ae87-78105639c5c9], external_ids={}, hostname='np0000166669', name='30d3de58-f103-41e7-81bf-b9212227b227', nb_cfg=0, other_config={'ct-commit-nat-v2': 'true', 'ct-commit-to-zone': 'true', 'ct-next-zone': 'true', 'ct-no-masked-label': 'true', 'ct-state-save': 'true', 'datapath-type': 'system', 'fdb-timestamp': 'true', 'iface-types': 'afxdp,afxdp-nonpmd,bareudp,erspan,geneve,gre,gtpu,internal,ip6erspan,ip6gre,lisp,patch,srv6,stt,system,tap,vxlan', 'is-interconn': 'false', 'ls-dpg-column': 'true', 'mac-binding-timestamp': 'true', 'ovn-bridge-mappings': 'public:br-ex', 'ovn-chassis-mac-mappings': '', 'ovn-cms-options': 'enable-chassis-as-gw', 'ovn-ct-lb-related': 'true', 'ovn-enable-lflow-cache': 'true', 'ovn-limit-lflow-cache': '', 'ovn-memlimit-lflow-cache-kb': '', 'ovn-monitor-all': 'false', 'ovn-trim-limit-lflow-cache': '', 'ovn-trim-timeout-ms': '', 'ovn-trim-wmark-perc-lflow-cache': '', 'port-up-notif': 'true'}, transport_zones=[], vtep_logical_switches=[]) old= {{(pid=105550) matches /opt/stack/data/venv/lib/python3.12/site-packages/ovsdbapp/backend/ovs_idl/event.py:55}}
Apr 16 11:34:58.186478 np0000166669 devstack@neutron-api.service[105550]: DEBUG neutron.plugins.ml2.drivers.ovn.mech_driver.ovsdb.ovsdb_monitor [None req-02effba3-dd3c-43b9-9cc7-76032c8b22e8 None None] ChassisAgentWriteEvent : Matched Chassis_Private, create, None None {{(pid=105550) matches /opt/stack/neutron/neutron/plugins/ml2/drivers/ovn/mech_driver/ovsdb/ovsdb_monitor.py:64}}
Apr 16 11:34:58.186598 np0000166669 devstack@neutron-api.service[105550]: DEBUG neutron.plugins.ml2.drivers.ovn.mech_driver.ovsdb.ovsdb_monitor [None req-02effba3-dd3c-43b9-9cc7-76032c8b22e8 None None] ChassisOVNAgentWriteEvent : Matched Chassis_Private, create, None None {{(pid=105550) matches /opt/stack/neutron/neutron/plugins/ml2/drivers/ovn/mech_driver/ovsdb/ovsdb_monitor.py:64}}
Apr 16 11:34:58.190920 np0000166669 devstack@neutron-api.service[105550]: DEBUG neutron.common.ovn.hash_ring_manager [None req-02effba3-dd3c-43b9-9cc7-76032c8b22e8 None None] Hash Ring loaded. 1 active nodes. 0 offline nodes {{(pid=105550) _load_hash_ring /opt/stack/neutron/neutron/common/ovn/hash_ring_manager.py:102}}
Apr 16 11:34:58.191041 np0000166669 devstack@neutron-api.service[105550]: DEBUG neutron.plugins.ml2.drivers.ovn.mech_driver.ovsdb.ovsdb_monitor [None req-02effba3-dd3c-43b9-9cc7-76032c8b22e8 None None] Hash Ring: Node e55e38fc2aa65d28b50c061d46ca3916 (host: np0000166669) handling event "create" for row c20c7490-ca7c-467e-8c40-21390a6ceb66 (table: Chassis_Private) {{(pid=105550) notify /opt/stack/neutron/neutron/plugins/ml2/drivers/ovn/mech_driver/ovsdb/ovsdb_monitor.py:914}}
Apr 16 11:34:58.195302 np0000166669 devstack@neutron-api.service[105550]: DEBUG neutron.common.ovn.hash_ring_manager [None req-02effba3-dd3c-43b9-9cc7-76032c8b22e8 None None] Hash Ring loaded. 1 active nodes. 0 offline nodes {{(pid=105550) _load_hash_ring /opt/stack/neutron/neutron/common/ovn/hash_ring_manager.py:102}}
Apr 16 11:34:58.195430 np0000166669 devstack@neutron-api.service[105550]: DEBUG neutron.plugins.ml2.drivers.ovn.mech_driver.ovsdb.ovsdb_monitor [None req-02effba3-dd3c-43b9-9cc7-76032c8b22e8 None None] Hash Ring: Node e55e38fc2aa65d28b50c061d46ca3916 (host: np0000166669) handling event "create" for row 2f56a7e0-1f0c-4524-ae87-78105639c5c9 (table: Encap) {{(pid=105550) notify /opt/stack/neutron/neutron/plugins/ml2/drivers/ovn/mech_driver/ovsdb/ovsdb_monitor.py:914}}
Apr 16 11:34:58.196601 np0000166669 devstack@neutron-api.service[105550]: INFO neutron.plugins.ml2.drivers.ovn.mech_driver.mech_driver [None req-02effba3-dd3c-43b9-9cc7-76032c8b22e8 None None] WorkerService process has finished the post initialization
Apr 16 11:34:58.197311 np0000166669 devstack@neutron-api.service[105550]: INFO neutron.plugins.ml2.drivers.ovn.mech_driver.ovsdb.extensions.qos [-] Starting OVNClientQosExtension
Apr 16 11:34:58.197879 np0000166669 devstack@neutron-api.service[105550]: INFO neutron.plugins.ml2.drivers.ovn.mech_driver.ovsdb.extensions.placement [-] Starting OVNClientPlacementExtension
Apr 16 11:34:58.199544 np0000166669 devstack@neutron-api.service[105550]: WSGI app 0 (mountpoint='') ready in 7 seconds on interpreter 0x763cceca3668 pid: 105550 (default app)
Apr 16 11:34:58.275013 np0000166669 devstack@neutron-api.service[105548]: INFO neutron.plugins.ml2.managers [None req-5333299d-b564-4d6b-84bf-0af930328df3 None None] Initializing driver for type 'local'
Apr 16 11:34:58.275153 np0000166669 devstack@neutron-api.service[105548]: INFO neutron.plugins.ml2.managers [None req-5333299d-b564-4d6b-84bf-0af930328df3 None None] Initializing driver for type 'vlan'
Apr 16 11:34:58.279472 np0000166669 devstack@neutron-api.service[105549]: INFO neutron.plugins.ml2.managers [None req-2f4beae9-6f0c-4a5e-85af-a20eea7e8796 None None] Initializing driver for type 'local'
Apr 16 11:34:58.279595 np0000166669 devstack@neutron-api.service[105549]: INFO neutron.plugins.ml2.managers [None req-2f4beae9-6f0c-4a5e-85af-a20eea7e8796 None None] Initializing driver for type 'vlan'
Apr 16 11:34:58.287040 np0000166669 devstack@neutron-api.service[105550]: DEBUG neutron.common.ovn.hash_ring_manager [-] Hash Ring loaded. 1 active nodes. 0 offline nodes {{(pid=105550) _load_hash_ring /opt/stack/neutron/neutron/common/ovn/hash_ring_manager.py:102}}
Apr 16 11:34:58.287040 np0000166669 devstack@neutron-api.service[105550]: DEBUG neutron.plugins.ml2.drivers.ovn.mech_driver.ovsdb.ovsdb_monitor [-] Hash Ring: Node e55e38fc2aa65d28b50c061d46ca3916 (host: np0000166669) handling event "update" for row 6ef031b0-74ab-42f1-8a21-598ebbc82363 (table: Connection) {{(pid=105550) notify /opt/stack/neutron/neutron/plugins/ml2/drivers/ovn/mech_driver/ovsdb/ovsdb_monitor.py:914}}
Apr 16 11:34:58.301924 np0000166669 devstack@neutron-api.service[105547]: INFO neutron.plugins.ml2.managers [None req-09ae472d-cca3-4d57-91a2-78df7076da71 None None] Initializing driver for type 'local'
Apr 16 11:34:58.302181 np0000166669 devstack@neutron-api.service[105547]: INFO neutron.plugins.ml2.managers [None req-09ae472d-cca3-4d57-91a2-78df7076da71 None None] Initializing driver for type 'vlan'
Apr 16 11:34:58.405126 np0000166669 devstack@neutron-api.service[105550]: [pid: 105550|app: 0|req: 1/1] 199.19.213.163 () {62 vars in 988 bytes} [Thu Apr 16 11:34:58 2026] GET /networking => generated 130 bytes in 2 msecs (HTTP/1.1 200) 3 headers in 91 bytes (1 switches on core 0)
Apr 16 11:34:58.437407 np0000166669 devstack@neutron-api.service[105549]: INFO neutron.plugins.ml2.drivers.type_vlan [None req-2f4beae9-6f0c-4a5e-85af-a20eea7e8796 None None] VlanTypeDriver initialization complete
Apr 16 11:34:58.437760 np0000166669 devstack@neutron-api.service[105549]: INFO neutron.plugins.ml2.managers [None req-2f4beae9-6f0c-4a5e-85af-a20eea7e8796 None None] Initializing extension driver 'port_security'
Apr 16 11:34:58.437864 np0000166669 devstack@neutron-api.service[105549]: INFO neutron.plugins.ml2.extensions.port_security [None req-2f4beae9-6f0c-4a5e-85af-a20eea7e8796 None None] PortSecurityExtensionDriver initialization complete
Apr 16 11:34:58.437950 np0000166669 devstack@neutron-api.service[105549]: INFO neutron.plugins.ml2.managers [None req-2f4beae9-6f0c-4a5e-85af-a20eea7e8796 None None] Initializing extension driver 'qos'
Apr 16 11:34:58.438141 np0000166669 devstack@neutron-api.service[105549]: DEBUG neutron.plugins.ml2.extensions.qos [None req-2f4beae9-6f0c-4a5e-85af-a20eea7e8796 None None] QosExtensionDriver initialization complete {{(pid=105549) initialize /opt/stack/neutron/neutron/plugins/ml2/extensions/qos.py:31}}
Apr 16 11:34:58.438210 np0000166669 devstack@neutron-api.service[105549]: INFO neutron.plugins.ml2.managers [None req-2f4beae9-6f0c-4a5e-85af-a20eea7e8796 None None] Initializing mechanism driver 'ovn'
Apr 16 11:34:58.438271 np0000166669 devstack@neutron-api.service[105549]: INFO neutron.plugins.ml2.drivers.ovn.mech_driver.mech_driver [None req-2f4beae9-6f0c-4a5e-85af-a20eea7e8796 None None] Starting OVNMechanismDriver
Apr 16 11:34:58.439797 np0000166669 devstack@neutron-api.service[105548]: INFO neutron.plugins.ml2.drivers.type_vlan [None req-5333299d-b564-4d6b-84bf-0af930328df3 None None] VlanTypeDriver initialization complete
Apr 16 11:34:58.439924 np0000166669 devstack@neutron-api.service[105548]: INFO neutron.plugins.ml2.managers [None req-5333299d-b564-4d6b-84bf-0af930328df3 None None] Initializing extension driver 'port_security'
Apr 16 11:34:58.439974 np0000166669 devstack@neutron-api.service[105549]: DEBUG neutron_lib.callbacks.manager [None req-2f4beae9-6f0c-4a5e-85af-a20eea7e8796 None None] Subscribe: > process before_spawn 55550000, False {{(pid=105549) subscribe /opt/stack/data/venv/lib/python3.12/site-packages/neutron_lib/callbacks/manager.py:52}}
Apr 16 11:34:58.440013 np0000166669 devstack@neutron-api.service[105548]: INFO neutron.plugins.ml2.extensions.port_security [None req-5333299d-b564-4d6b-84bf-0af930328df3 None None] PortSecurityExtensionDriver initialization complete
Apr 16 11:34:58.440053 np0000166669 devstack@neutron-api.service[105549]: DEBUG neutron_lib.callbacks.manager [None req-2f4beae9-6f0c-4a5e-85af-a20eea7e8796 None None] Subscribe: > process after_init 55550000, True {{(pid=105549) subscribe /opt/stack/data/venv/lib/python3.12/site-packages/neutron_lib/callbacks/manager.py:52}}
Apr 16 11:34:58.440158 np0000166669 devstack@neutron-api.service[105548]: INFO neutron.plugins.ml2.managers [None req-5333299d-b564-4d6b-84bf-0af930328df3 None None] Initializing extension driver 'qos'
Apr 16 11:34:58.440233 np0000166669 devstack@neutron-api.service[105549]: DEBUG neutron_lib.callbacks.manager [None req-2f4beae9-6f0c-4a5e-85af-a20eea7e8796 None None] Subscribe: > segment after_create 55550000, False {{(pid=105549) subscribe /opt/stack/data/venv/lib/python3.12/site-packages/neutron_lib/callbacks/manager.py:52}}
Apr 16 11:34:58.440294 np0000166669 devstack@neutron-api.service[105548]: DEBUG neutron.plugins.ml2.extensions.qos [None req-5333299d-b564-4d6b-84bf-0af930328df3 None None] QosExtensionDriver initialization complete {{(pid=105548) initialize /opt/stack/neutron/neutron/plugins/ml2/extensions/qos.py:31}}
Apr 16 11:34:58.440345 np0000166669 devstack@neutron-api.service[105549]: DEBUG neutron_lib.callbacks.manager [None req-2f4beae9-6f0c-4a5e-85af-a20eea7e8796 None None] Subscribe: > segment after_create 55550000, False {{(pid=105549) subscribe /opt/stack/data/venv/lib/python3.12/site-packages/neutron_lib/callbacks/manager.py:52}}
Apr 16 11:34:58.440386 np0000166669 devstack@neutron-api.service[105548]: INFO neutron.plugins.ml2.managers [None req-5333299d-b564-4d6b-84bf-0af930328df3 None None] Initializing mechanism driver 'ovn'
Apr 16 11:34:58.440423 np0000166669 devstack@neutron-api.service[105549]: DEBUG neutron_lib.callbacks.manager [None req-2f4beae9-6f0c-4a5e-85af-a20eea7e8796 None None] Subscribe: > segment after_delete 55550000, False {{(pid=105549) subscribe /opt/stack/data/venv/lib/python3.12/site-packages/neutron_lib/callbacks/manager.py:52}}
Apr 16 11:34:58.440460 np0000166669 devstack@neutron-api.service[105548]: INFO neutron.plugins.ml2.drivers.ovn.mech_driver.mech_driver [None req-5333299d-b564-4d6b-84bf-0af930328df3 None None] Starting OVNMechanismDriver
Apr 16 11:34:58.440497 np0000166669 devstack@neutron-api.service[105549]: DEBUG neutron_lib.callbacks.manager [None req-2f4beae9-6f0c-4a5e-85af-a20eea7e8796 None None] Subscribe: > allowed_address_pair before_create 55550000, False {{(pid=105549) subscribe /opt/stack/data/venv/lib/python3.12/site-packages/neutron_lib/callbacks/manager.py:52}}
Apr 16 11:34:58.440636 np0000166669 devstack@neutron-api.service[105549]: DEBUG neutron_lib.callbacks.manager [None req-2f4beae9-6f0c-4a5e-85af-a20eea7e8796 None None] Subscribe: > security_group precommit_create 55550000, False {{(pid=105549) subscribe /opt/stack/data/venv/lib/python3.12/site-packages/neutron_lib/callbacks/manager.py:52}}
Apr 16 11:34:58.441036 np0000166669 devstack@neutron-api.service[105549]: DEBUG neutron_lib.callbacks.manager [None req-2f4beae9-6f0c-4a5e-85af-a20eea7e8796 None None] Subscribe: > security_group after_update 55550000, False {{(pid=105549) subscribe /opt/stack/data/venv/lib/python3.12/site-packages/neutron_lib/callbacks/manager.py:52}}
Apr 16 11:34:58.441036 np0000166669 devstack@neutron-api.service[105549]: DEBUG neutron_lib.callbacks.manager [None req-2f4beae9-6f0c-4a5e-85af-a20eea7e8796 None None] Subscribe: > security_group after_create 55550000, False {{(pid=105549) subscribe /opt/stack/data/venv/lib/python3.12/site-packages/neutron_lib/callbacks/manager.py:52}}
Apr 16 11:34:58.441225 np0000166669 devstack@neutron-api.service[105549]: DEBUG neutron_lib.callbacks.manager [None req-2f4beae9-6f0c-4a5e-85af-a20eea7e8796 None None] Subscribe: > security_group precommit_delete 55550000, False {{(pid=105549) subscribe /opt/stack/data/venv/lib/python3.12/site-packages/neutron_lib/callbacks/manager.py:52}}
Apr 16 11:34:58.441358 np0000166669 devstack@neutron-api.service[105549]: DEBUG neutron_lib.callbacks.manager [None req-2f4beae9-6f0c-4a5e-85af-a20eea7e8796 None None] Subscribe: > security_group after_delete 55550000, False {{(pid=105549) subscribe /opt/stack/data/venv/lib/python3.12/site-packages/neutron_lib/callbacks/manager.py:52}}
Apr 16 11:34:58.441481 np0000166669 devstack@neutron-api.service[105549]: DEBUG neutron_lib.callbacks.manager [None req-2f4beae9-6f0c-4a5e-85af-a20eea7e8796 None None] Subscribe: > security_group_rule precommit_create 55550000, False {{(pid=105549) subscribe /opt/stack/data/venv/lib/python3.12/site-packages/neutron_lib/callbacks/manager.py:52}}
Apr 16 11:34:58.441601 np0000166669 devstack@neutron-api.service[105549]: DEBUG neutron_lib.callbacks.manager [None req-2f4beae9-6f0c-4a5e-85af-a20eea7e8796 None None] Subscribe: > security_group_rule after_create 55550000, False {{(pid=105549) subscribe /opt/stack/data/venv/lib/python3.12/site-packages/neutron_lib/callbacks/manager.py:52}}
Apr 16 11:34:58.441686 np0000166669 devstack@neutron-api.service[105549]: DEBUG neutron_lib.callbacks.manager [None req-2f4beae9-6f0c-4a5e-85af-a20eea7e8796 None None] Subscribe: > security_group_rule before_delete 55550000, False {{(pid=105549) subscribe /opt/stack/data/venv/lib/python3.12/site-packages/neutron_lib/callbacks/manager.py:52}}
Apr 16 11:34:58.441785 np0000166669 devstack@neutron-api.service[105549]: DEBUG neutron_lib.callbacks.manager [None req-2f4beae9-6f0c-4a5e-85af-a20eea7e8796 None None] Subscribe: > address_group after_create 55550000, False {{(pid=105549) subscribe /opt/stack/data/venv/lib/python3.12/site-packages/neutron_lib/callbacks/manager.py:52}}
Apr 16 11:34:58.441886 np0000166669 devstack@neutron-api.service[105549]: DEBUG neutron_lib.callbacks.manager [None req-2f4beae9-6f0c-4a5e-85af-a20eea7e8796 None None] Subscribe: > address_group after_update 55550000, False {{(pid=105549) subscribe /opt/stack/data/venv/lib/python3.12/site-packages/neutron_lib/callbacks/manager.py:52}}
Apr 16 11:34:58.442028 np0000166669 devstack@neutron-api.service[105549]: DEBUG neutron_lib.callbacks.manager [None req-2f4beae9-6f0c-4a5e-85af-a20eea7e8796 None None] Subscribe: > address_group after_delete 55550000, False {{(pid=105549) subscribe /opt/stack/data/venv/lib/python3.12/site-packages/neutron_lib/callbacks/manager.py:52}}
Apr 16 11:34:58.442213 np0000166669 devstack@neutron-api.service[105549]: DEBUG neutron_lib.callbacks.manager [None req-2f4beae9-6f0c-4a5e-85af-a20eea7e8796 None None] Subscribe: > qos_plugin after_init 55550000, False {{(pid=105549) subscribe /opt/stack/data/venv/lib/python3.12/site-packages/neutron_lib/callbacks/manager.py:52}}
Apr 16 11:34:58.442336 np0000166669 devstack@neutron-api.service[105548]: DEBUG neutron_lib.callbacks.manager [None req-5333299d-b564-4d6b-84bf-0af930328df3 None None] Subscribe: > process before_spawn 55550000, False {{(pid=105548) subscribe /opt/stack/data/venv/lib/python3.12/site-packages/neutron_lib/callbacks/manager.py:52}}
Apr 16 11:34:58.442446 np0000166669 devstack@neutron-api.service[105548]: DEBUG neutron_lib.callbacks.manager [None req-5333299d-b564-4d6b-84bf-0af930328df3 None None] Subscribe: > process after_init 55550000, True {{(pid=105548) subscribe /opt/stack/data/venv/lib/python3.12/site-packages/neutron_lib/callbacks/manager.py:52}}
Apr 16 11:34:58.442529 np0000166669 devstack@neutron-api.service[105549]: DEBUG neutron_lib.callbacks.manager [None req-2f4beae9-6f0c-4a5e-85af-a20eea7e8796 None None] Subscribe: > trunk_plugin after_init 55550000, False {{(pid=105549) subscribe /opt/stack/data/venv/lib/python3.12/site-packages/neutron_lib/callbacks/manager.py:52}}
Apr 16 11:34:58.442642 np0000166669 devstack@neutron-api.service[105548]: DEBUG neutron_lib.callbacks.manager [None req-5333299d-b564-4d6b-84bf-0af930328df3 None None] Subscribe: > segment after_create 55550000, False {{(pid=105548) subscribe /opt/stack/data/venv/lib/python3.12/site-packages/neutron_lib/callbacks/manager.py:52}}
Apr 16 11:34:58.442642 np0000166669 devstack@neutron-api.service[105548]: DEBUG neutron_lib.callbacks.manager [None req-5333299d-b564-4d6b-84bf-0af930328df3 None None] Subscribe: > segment after_create 55550000, False {{(pid=105548) subscribe /opt/stack/data/venv/lib/python3.12/site-packages/neutron_lib/callbacks/manager.py:52}}
Apr 16 11:34:58.442776 np0000166669 devstack@neutron-api.service[105549]: DEBUG neutron_lib.callbacks.manager [None req-2f4beae9-6f0c-4a5e-85af-a20eea7e8796 None None] Subscribe: > logging-plugin after_init 55550000, False {{(pid=105549) subscribe /opt/stack/data/venv/lib/python3.12/site-packages/neutron_lib/callbacks/manager.py:52}}
Apr 16 11:34:58.442934 np0000166669 devstack@neutron-api.service[105548]: DEBUG neutron_lib.callbacks.manager [None req-5333299d-b564-4d6b-84bf-0af930328df3 None None] Subscribe: > segment after_delete 55550000, False {{(pid=105548) subscribe /opt/stack/data/venv/lib/python3.12/site-packages/neutron_lib/callbacks/manager.py:52}}
Apr 16 11:34:58.442934 np0000166669 devstack@neutron-api.service[105548]: DEBUG neutron_lib.callbacks.manager [None req-5333299d-b564-4d6b-84bf-0af930328df3 None None] Subscribe: > allowed_address_pair before_create 55550000, False {{(pid=105548) subscribe /opt/stack/data/venv/lib/python3.12/site-packages/neutron_lib/callbacks/manager.py:52}}
Apr 16 11:34:58.442934 np0000166669 devstack@neutron-api.service[105548]: DEBUG neutron_lib.callbacks.manager [None req-5333299d-b564-4d6b-84bf-0af930328df3 None None] Subscribe: > security_group precommit_create 55550000, False {{(pid=105548) subscribe /opt/stack/data/venv/lib/python3.12/site-packages/neutron_lib/callbacks/manager.py:52}}
Apr 16 11:34:58.443192 np0000166669 devstack@neutron-api.service[105548]: DEBUG neutron_lib.callbacks.manager [None req-5333299d-b564-4d6b-84bf-0af930328df3 None None] Subscribe: > security_group after_update 55550000, False {{(pid=105548) subscribe /opt/stack/data/venv/lib/python3.12/site-packages/neutron_lib/callbacks/manager.py:52}}
Apr 16 11:34:58.443192 np0000166669 devstack@neutron-api.service[105548]: DEBUG neutron_lib.callbacks.manager [None req-5333299d-b564-4d6b-84bf-0af930328df3 None None] Subscribe: > security_group after_create 55550000, False {{(pid=105548) subscribe /opt/stack/data/venv/lib/python3.12/site-packages/neutron_lib/callbacks/manager.py:52}}
Apr 16 11:34:58.443869 np0000166669 devstack@neutron-api.service[105549]: INFO neutron.services.logapi.drivers.ovn.driver [None req-2f4beae9-6f0c-4a5e-85af-a20eea7e8796 None None] OVN logging driver registered
Apr 16 11:34:58.444012 np0000166669 devstack@neutron-api.service[105548]: DEBUG neutron_lib.callbacks.manager [None req-5333299d-b564-4d6b-84bf-0af930328df3 None None] Subscribe: > security_group precommit_delete 55550000, False {{(pid=105548) subscribe /opt/stack/data/venv/lib/python3.12/site-packages/neutron_lib/callbacks/manager.py:52}}
Apr 16 11:34:58.444012 np0000166669 devstack@neutron-api.service[105548]: DEBUG neutron_lib.callbacks.manager [None req-5333299d-b564-4d6b-84bf-0af930328df3 None None] Subscribe: > security_group after_delete 55550000, False {{(pid=105548) subscribe /opt/stack/data/venv/lib/python3.12/site-packages/neutron_lib/callbacks/manager.py:52}}
Apr 16 11:34:58.444012 np0000166669 devstack@neutron-api.service[105548]: DEBUG neutron_lib.callbacks.manager [None req-5333299d-b564-4d6b-84bf-0af930328df3 None None] Subscribe: > security_group_rule precommit_create 55550000, False {{(pid=105548) subscribe /opt/stack/data/venv/lib/python3.12/site-packages/neutron_lib/callbacks/manager.py:52}}
Apr 16 11:34:58.444012 np0000166669 devstack@neutron-api.service[105548]: DEBUG neutron_lib.callbacks.manager [None req-5333299d-b564-4d6b-84bf-0af930328df3 None None] Subscribe: > security_group_rule after_create 55550000, False {{(pid=105548) subscribe /opt/stack/data/venv/lib/python3.12/site-packages/neutron_lib/callbacks/manager.py:52}}
Apr 16 11:34:58.444254 np0000166669 devstack@neutron-api.service[105548]: DEBUG neutron_lib.callbacks.manager [None req-5333299d-b564-4d6b-84bf-0af930328df3 None None] Subscribe: > security_group_rule before_delete 55550000, False {{(pid=105548) subscribe /opt/stack/data/venv/lib/python3.12/site-packages/neutron_lib/callbacks/manager.py:52}}
Apr 16 11:34:58.444254 np0000166669 devstack@neutron-api.service[105548]: DEBUG neutron_lib.callbacks.manager [None req-5333299d-b564-4d6b-84bf-0af930328df3 None None] Subscribe: > address_group after_create 55550000, False {{(pid=105548) subscribe /opt/stack/data/venv/lib/python3.12/site-packages/neutron_lib/callbacks/manager.py:52}}
Apr 16 11:34:58.444254 np0000166669 devstack@neutron-api.service[105548]: DEBUG neutron_lib.callbacks.manager [None req-5333299d-b564-4d6b-84bf-0af930328df3 None None] Subscribe: > address_group after_update 55550000, False {{(pid=105548) subscribe /opt/stack/data/venv/lib/python3.12/site-packages/neutron_lib/callbacks/manager.py:52}}
Apr 16 11:34:58.444254 np0000166669 devstack@neutron-api.service[105548]: DEBUG neutron_lib.callbacks.manager [None req-5333299d-b564-4d6b-84bf-0af930328df3 None None] Subscribe: > address_group after_delete 55550000, False {{(pid=105548) subscribe /opt/stack/data/venv/lib/python3.12/site-packages/neutron_lib/callbacks/manager.py:52}}
Apr 16 11:34:58.444544 np0000166669 devstack@neutron-api.service[105548]: DEBUG neutron_lib.callbacks.manager [None req-5333299d-b564-4d6b-84bf-0af930328df3 None None] Subscribe: > qos_plugin after_init 55550000, False {{(pid=105548) subscribe /opt/stack/data/venv/lib/python3.12/site-packages/neutron_lib/callbacks/manager.py:52}}
Apr 16 11:34:58.444544 np0000166669 devstack@neutron-api.service[105548]: DEBUG neutron_lib.callbacks.manager [None req-5333299d-b564-4d6b-84bf-0af930328df3 None None] Subscribe: > trunk_plugin after_init 55550000, False {{(pid=105548) subscribe /opt/stack/data/venv/lib/python3.12/site-packages/neutron_lib/callbacks/manager.py:52}}
Apr 16 11:34:58.444544 np0000166669 devstack@neutron-api.service[105548]: DEBUG neutron_lib.callbacks.manager [None req-5333299d-b564-4d6b-84bf-0af930328df3 None None] Subscribe: > logging-plugin after_init 55550000, False {{(pid=105548) subscribe /opt/stack/data/venv/lib/python3.12/site-packages/neutron_lib/callbacks/manager.py:52}}
Apr 16 11:34:58.444750 np0000166669 devstack@neutron-api.service[105549]: DEBUG neutron.plugins.ml2.plugin [None req-2f4beae9-6f0c-4a5e-85af-a20eea7e8796 None None] neutron.plugins.ml2.plugin.Ml2Plugin method _start_rpc_notifiers called with arguments () {} {{(pid=105549) wrapper /opt/stack/data/venv/lib/python3.12/site-packages/oslo_log/helpers.py:77}}
Apr 16 11:34:58.444975 np0000166669 devstack@neutron-api.service[105549]: DEBUG neutron_lib.callbacks.manager [None req-2f4beae9-6f0c-4a5e-85af-a20eea7e8796 None None] Subscribe: > port after_create 55550000, False {{(pid=105549) subscribe /opt/stack/data/venv/lib/python3.12/site-packages/neutron_lib/callbacks/manager.py:52}}
Apr 16 11:34:58.445082 np0000166669 devstack@neutron-api.service[105548]: INFO neutron.services.logapi.drivers.ovn.driver [None req-5333299d-b564-4d6b-84bf-0af930328df3 None None] OVN logging driver registered
Apr 16 11:34:58.445170 np0000166669 devstack@neutron-api.service[105549]: DEBUG neutron_lib.callbacks.manager [None req-2f4beae9-6f0c-4a5e-85af-a20eea7e8796 None None] Subscribe: > port after_update 55550000, False {{(pid=105549) subscribe /opt/stack/data/venv/lib/python3.12/site-packages/neutron_lib/callbacks/manager.py:52}}
Apr 16 11:34:58.445247 np0000166669 devstack@neutron-api.service[105549]: DEBUG neutron_lib.callbacks.manager [None req-2f4beae9-6f0c-4a5e-85af-a20eea7e8796 None None] Subscribe: > port after_delete 55550000, False {{(pid=105549) subscribe /opt/stack/data/venv/lib/python3.12/site-packages/neutron_lib/callbacks/manager.py:52}}
Apr 16 11:34:58.445330 np0000166669 devstack@neutron-api.service[105549]: DEBUG neutron_lib.callbacks.manager [None req-2f4beae9-6f0c-4a5e-85af-a20eea7e8796 None None] Subscribe: > subnet after_create 55550000, False {{(pid=105549) subscribe /opt/stack/data/venv/lib/python3.12/site-packages/neutron_lib/callbacks/manager.py:52}}
Apr 16 11:34:58.445409 np0000166669 devstack@neutron-api.service[105549]: DEBUG neutron_lib.callbacks.manager [None req-2f4beae9-6f0c-4a5e-85af-a20eea7e8796 None None] Subscribe: > subnet after_update 55550000, False {{(pid=105549) subscribe /opt/stack/data/venv/lib/python3.12/site-packages/neutron_lib/callbacks/manager.py:52}}
Apr 16 11:34:58.445495 np0000166669 devstack@neutron-api.service[105549]: DEBUG neutron_lib.callbacks.manager [None req-2f4beae9-6f0c-4a5e-85af-a20eea7e8796 None None] Subscribe: > subnet after_delete 55550000, False {{(pid=105549) subscribe /opt/stack/data/venv/lib/python3.12/site-packages/neutron_lib/callbacks/manager.py:52}}
Apr 16 11:34:58.445596 np0000166669 devstack@neutron-api.service[105549]: DEBUG neutron_lib.callbacks.manager [None req-2f4beae9-6f0c-4a5e-85af-a20eea7e8796 None None] Subscribe: > network after_create 55550000, False {{(pid=105549) subscribe /opt/stack/data/venv/lib/python3.12/site-packages/neutron_lib/callbacks/manager.py:52}}
Apr 16 11:34:58.445692 np0000166669 devstack@neutron-api.service[105549]: DEBUG neutron_lib.callbacks.manager [None req-2f4beae9-6f0c-4a5e-85af-a20eea7e8796 None None] Subscribe: > network after_update 55550000, False {{(pid=105549) subscribe /opt/stack/data/venv/lib/python3.12/site-packages/neutron_lib/callbacks/manager.py:52}}
Apr 16 11:34:58.445788 np0000166669 devstack@neutron-api.service[105549]: DEBUG neutron_lib.callbacks.manager [None req-2f4beae9-6f0c-4a5e-85af-a20eea7e8796 None None] Subscribe: > network after_delete 55550000, False {{(pid=105549) subscribe /opt/stack/data/venv/lib/python3.12/site-packages/neutron_lib/callbacks/manager.py:52}}
Apr 16 11:34:58.445875 np0000166669 devstack@neutron-api.service[105549]: DEBUG neutron_lib.callbacks.manager [None req-2f4beae9-6f0c-4a5e-85af-a20eea7e8796 None None] Subscribe: > security_group after_create 55550000, False {{(pid=105549) subscribe /opt/stack/data/venv/lib/python3.12/site-packages/neutron_lib/callbacks/manager.py:52}}
Apr 16 11:34:58.445993 np0000166669 devstack@neutron-api.service[105549]: DEBUG neutron_lib.callbacks.manager [None req-2f4beae9-6f0c-4a5e-85af-a20eea7e8796 None None] Subscribe: > security_group after_update 55550000, False {{(pid=105549) subscribe /opt/stack/data/venv/lib/python3.12/site-packages/neutron_lib/callbacks/manager.py:52}}
Apr 16 11:34:58.446122 np0000166669 devstack@neutron-api.service[105549]: DEBUG neutron_lib.callbacks.manager [None req-2f4beae9-6f0c-4a5e-85af-a20eea7e8796 None None] Subscribe: > security_group after_delete 55550000, False {{(pid=105549) subscribe /opt/stack/data/venv/lib/python3.12/site-packages/neutron_lib/callbacks/manager.py:52}}
Apr 16 11:34:58.446180 np0000166669 devstack@neutron-api.service[105549]: DEBUG neutron_lib.callbacks.manager [None req-2f4beae9-6f0c-4a5e-85af-a20eea7e8796 None None] Subscribe: > security_group_rule after_create 55550000, False {{(pid=105549) subscribe /opt/stack/data/venv/lib/python3.12/site-packages/neutron_lib/callbacks/manager.py:52}}
Apr 16 11:34:58.446282 np0000166669 devstack@neutron-api.service[105549]: DEBUG neutron_lib.callbacks.manager [None req-2f4beae9-6f0c-4a5e-85af-a20eea7e8796 None None] Subscribe: > security_group_rule after_update 55550000, False {{(pid=105549) subscribe /opt/stack/data/venv/lib/python3.12/site-packages/neutron_lib/callbacks/manager.py:52}}
Apr 16 11:34:58.446376 np0000166669 devstack@neutron-api.service[105549]: DEBUG neutron_lib.callbacks.manager [None req-2f4beae9-6f0c-4a5e-85af-a20eea7e8796 None None] Subscribe: > security_group_rule after_delete 55550000, False {{(pid=105549) subscribe /opt/stack/data/venv/lib/python3.12/site-packages/neutron_lib/callbacks/manager.py:52}}
Apr 16 11:34:58.446455 np0000166669 devstack@neutron-api.service[105548]: DEBUG neutron.plugins.ml2.plugin [None req-5333299d-b564-4d6b-84bf-0af930328df3 None None] neutron.plugins.ml2.plugin.Ml2Plugin method _start_rpc_notifiers called with arguments () {} {{(pid=105548) wrapper /opt/stack/data/venv/lib/python3.12/site-packages/oslo_log/helpers.py:77}}
Apr 16 11:34:58.446566 np0000166669 devstack@neutron-api.service[105549]: DEBUG neutron_lib.callbacks.manager [None req-2f4beae9-6f0c-4a5e-85af-a20eea7e8796 None None] Subscribe: > address_group after_create 55550000, False {{(pid=105549) subscribe /opt/stack/data/venv/lib/python3.12/site-packages/neutron_lib/callbacks/manager.py:52}}
Apr 16 11:34:58.446566 np0000166669 devstack@neutron-api.service[105549]: DEBUG neutron_lib.callbacks.manager [None req-2f4beae9-6f0c-4a5e-85af-a20eea7e8796 None None] Subscribe: > address_group after_update 55550000, False {{(pid=105549) subscribe /opt/stack/data/venv/lib/python3.12/site-packages/neutron_lib/callbacks/manager.py:52}}
Apr 16 11:34:58.446644 np0000166669 devstack@neutron-api.service[105549]: DEBUG neutron_lib.callbacks.manager [None req-2f4beae9-6f0c-4a5e-85af-a20eea7e8796 None None] Subscribe: > address_group after_delete 55550000, False {{(pid=105549) subscribe /opt/stack/data/venv/lib/python3.12/site-packages/neutron_lib/callbacks/manager.py:52}}
Apr 16 11:34:58.446722 np0000166669 devstack@neutron-api.service[105548]: DEBUG neutron_lib.callbacks.manager [None req-5333299d-b564-4d6b-84bf-0af930328df3 None None] Subscribe: > port after_create 55550000, False {{(pid=105548) subscribe /opt/stack/data/venv/lib/python3.12/site-packages/neutron_lib/callbacks/manager.py:52}}
Apr 16 11:34:58.446800 np0000166669 devstack@neutron-api.service[105549]: DEBUG neutron.plugins.ml2.ovo_rpc [None req-2f4beae9-6f0c-4a5e-85af-a20eea7e8796 None None] ML2 OVO RPC backend initialized. {{(pid=105549) __init__ /opt/stack/neutron/neutron/plugins/ml2/ovo_rpc.py:117}}
Apr 16 11:34:58.446949 np0000166669 devstack@neutron-api.service[105548]: DEBUG neutron_lib.callbacks.manager [None req-5333299d-b564-4d6b-84bf-0af930328df3 None None] Subscribe: > port after_update 55550000, False {{(pid=105548) subscribe /opt/stack/data/venv/lib/python3.12/site-packages/neutron_lib/callbacks/manager.py:52}}
Apr 16 11:34:58.446949 np0000166669 devstack@neutron-api.service[105548]: DEBUG neutron_lib.callbacks.manager [None req-5333299d-b564-4d6b-84bf-0af930328df3 None None] Subscribe: > port after_delete 55550000, False {{(pid=105548) subscribe /opt/stack/data/venv/lib/python3.12/site-packages/neutron_lib/callbacks/manager.py:52}}
Apr 16 11:34:58.447110 np0000166669 devstack@neutron-api.service[105548]: DEBUG neutron_lib.callbacks.manager [None req-5333299d-b564-4d6b-84bf-0af930328df3 None None] Subscribe: > subnet after_create 55550000, False {{(pid=105548) subscribe /opt/stack/data/venv/lib/python3.12/site-packages/neutron_lib/callbacks/manager.py:52}}
Apr 16 11:34:58.447110 np0000166669 devstack@neutron-api.service[105548]: DEBUG neutron_lib.callbacks.manager [None req-5333299d-b564-4d6b-84bf-0af930328df3 None None] Subscribe: > subnet after_update 55550000, False {{(pid=105548) subscribe /opt/stack/data/venv/lib/python3.12/site-packages/neutron_lib/callbacks/manager.py:52}}
Apr 16 11:34:58.447271 np0000166669 devstack@neutron-api.service[105548]: DEBUG neutron_lib.callbacks.manager [None req-5333299d-b564-4d6b-84bf-0af930328df3 None None] Subscribe: > subnet after_delete 55550000, False {{(pid=105548) subscribe /opt/stack/data/venv/lib/python3.12/site-packages/neutron_lib/callbacks/manager.py:52}}
Apr 16 11:34:58.447271 np0000166669 devstack@neutron-api.service[105548]: DEBUG neutron_lib.callbacks.manager [None req-5333299d-b564-4d6b-84bf-0af930328df3 None None] Subscribe: > network after_create 55550000, False {{(pid=105548) subscribe /opt/stack/data/venv/lib/python3.12/site-packages/neutron_lib/callbacks/manager.py:52}}
Apr 16 11:34:58.447418 np0000166669 devstack@neutron-api.service[105548]: DEBUG neutron_lib.callbacks.manager [None req-5333299d-b564-4d6b-84bf-0af930328df3 None None] Subscribe: > network after_update 55550000, False {{(pid=105548) subscribe /opt/stack/data/venv/lib/python3.12/site-packages/neutron_lib/callbacks/manager.py:52}}
Apr 16 11:34:58.447458 np0000166669 devstack@neutron-api.service[105548]: DEBUG neutron_lib.callbacks.manager [None req-5333299d-b564-4d6b-84bf-0af930328df3 None None] Subscribe: > network after_delete 55550000, False {{(pid=105548) subscribe /opt/stack/data/venv/lib/python3.12/site-packages/neutron_lib/callbacks/manager.py:52}}
Apr 16 11:34:58.447550 np0000166669 devstack@neutron-api.service[105549]: INFO neutron.quota [None req-2f4beae9-6f0c-4a5e-85af-a20eea7e8796 None None] Loaded quota_driver: .
Apr 16 11:34:58.447683 np0000166669 devstack@neutron-api.service[105548]: DEBUG neutron_lib.callbacks.manager [None req-5333299d-b564-4d6b-84bf-0af930328df3 None None] Subscribe: > security_group after_create 55550000, False {{(pid=105548) subscribe /opt/stack/data/venv/lib/python3.12/site-packages/neutron_lib/callbacks/manager.py:52}}
Apr 16 11:34:58.447761 np0000166669 devstack@neutron-api.service[105549]: INFO neutron.plugins.ml2.plugin [None req-2f4beae9-6f0c-4a5e-85af-a20eea7e8796 None None] Modular L2 Plugin initialization complete
Apr 16 11:34:58.447802 np0000166669 devstack@neutron-api.service[105548]: DEBUG neutron_lib.callbacks.manager [None req-5333299d-b564-4d6b-84bf-0af930328df3 None None] Subscribe: > security_group after_update 55550000, False {{(pid=105548) subscribe /opt/stack/data/venv/lib/python3.12/site-packages/neutron_lib/callbacks/manager.py:52}}
Apr 16 11:34:58.447891 np0000166669 devstack@neutron-api.service[105549]: DEBUG neutron.manager [None req-2f4beae9-6f0c-4a5e-85af-a20eea7e8796 None None] Loading services supported by the core plugin {{(pid=105549) _load_services_from_core_plugin /opt/stack/neutron/neutron/manager.py:170}}
Apr 16 11:34:58.447934 np0000166669 devstack@neutron-api.service[105548]: DEBUG neutron_lib.callbacks.manager [None req-5333299d-b564-4d6b-84bf-0af930328df3 None None] Subscribe: > security_group after_delete 55550000, False {{(pid=105548) subscribe /opt/stack/data/venv/lib/python3.12/site-packages/neutron_lib/callbacks/manager.py:52}}
Apr 16 11:34:58.448019 np0000166669 devstack@neutron-api.service[105549]: INFO neutron.plugins.ml2.managers [None req-2f4beae9-6f0c-4a5e-85af-a20eea7e8796 None None] Got port-security extension from driver 'port_security'
Apr 16 11:34:58.448118 np0000166669 devstack@neutron-api.service[105548]: DEBUG neutron_lib.callbacks.manager [None req-5333299d-b564-4d6b-84bf-0af930328df3 None None] Subscribe: > security_group_rule after_create 55550000, False {{(pid=105548) subscribe /opt/stack/data/venv/lib/python3.12/site-packages/neutron_lib/callbacks/manager.py:52}}
Apr 16 11:34:58.448118 np0000166669 devstack@neutron-api.service[105548]: DEBUG neutron_lib.callbacks.manager [None req-5333299d-b564-4d6b-84bf-0af930328df3 None None] Subscribe: > security_group_rule after_update 55550000, False {{(pid=105548) subscribe /opt/stack/data/venv/lib/python3.12/site-packages/neutron_lib/callbacks/manager.py:52}}
Apr 16 11:34:58.448118 np0000166669 devstack@neutron-api.service[105548]: DEBUG neutron_lib.callbacks.manager [None req-5333299d-b564-4d6b-84bf-0af930328df3 None None] Subscribe: > security_group_rule after_delete 55550000, False {{(pid=105548) subscribe /opt/stack/data/venv/lib/python3.12/site-packages/neutron_lib/callbacks/manager.py:52}}
Apr 16 11:34:58.448242 np0000166669 devstack@neutron-api.service[105549]: DEBUG neutron.manager [None req-2f4beae9-6f0c-4a5e-85af-a20eea7e8796 None None] Loading service plugins: ['ovn-router', 'auto_allocate', 'tag', 'timestamp', 'network_ip_availability', 'flavors', 'revisions'] {{(pid=105549) _load_service_plugins /opt/stack/neutron/neutron/manager.py:195}}
